152.203.175.246 - - [06/May/2023:13:53:28 -0500] "GET /kwssiamovil/sm/acme/a?s=U2FsdGVkX18wXz2yWBATtcIJmfr4YNtoACj1muYn21h7MYO/zapKLwlXJdj4enNTYR6CP8rKBgxwYflNsfuoqr+Q4tySX2AELdGMrIAMxfYqY2IlVFJ/xr1o7MYO1L5d8eCQZuJtXBf/IV+3Xb64PvlCS4GmPvJbij0PyhgqIkAunalTHDBXTGWyuCO7vUX4JvWUWIYu4VsMr870h8UloQ==&u=U2FsdGVkX19nxvQTXkp55z0qC/2izg0xiehfFEYdWEDNxyaoMVdymNouLdS8fccu&y=U2FsdGVkX19NWjnIh5HgHo79er81ACzY80xbbH0ETqN8vY4DaXOLxhwoGjE9xMM9 HTTP/1.1" 200 26
152.203.175.246 - - [06/May/2023:13:53:28 -0500] "GET /kwssiamovil/sm/acme/a?s=U2FsdGVkX19OhV/QbAohemCYGfEUmLMjlVfccUjuPJd02TRhStJkykze8Xd9t8ynAQBGYx2rOEs3Rzlq2mrW6AE7ynGbLJk91utVc5q5iVAs9QfApCFDf9NqMn9fKbBDcG/KPVl/pA7CYC5Z22SLtulLWw3iuyLHJVm85KzdXXOISksF0gD9SJi3pALRX9mPXR/rUET9lWtoAXa0InOXvA==&u=U2FsdGVkX19nxvQTXkp55z0qC/2izg0xiehfFEYdWEDNxyaoMVdymNouLdS8fccu&y=U2FsdGVkX19NWjnIh5HgHo79er81ACzY80xbbH0ETqN8vY4DaXOLxhwoGjE9xMM9 HTTP/1.1" 200 26
152.203.175.246 - - [06/May/2023:13:53:28 -0500] "GET /kwssiamovil/sm/acme/a?s=U2FsdGVkX19oHL0GKBzwJGHSojzjrI161FX+ZKfiB1Zeo3b/GOQ2m6SHca5CwcoWLGeCleivCUhbbBJY4Yb1yfnQMe6kvEF9/6xvSpHr7AK8vOTgSlPiqNFsoz5vJPfvl+pUtcPkZIPueJb4Mu6ylEqWejLLQIzhbbo4OyKBYjBVXq5He0lQ5Yj8gIh6t57n&u=U2FsdGVkX19nxvQTXkp55z0qC/2izg0xiehfFEYdWEDNxyaoMVdymNouLdS8fccu&y=U2FsdGVkX19NWjnIh5HgHo79er81ACzY80xbbH0ETqN8vY4DaXOLxhwoGjE9xMM9 HTTP/1.1" 200 26
152.203.175.246 - - [06/May/2023:13:53:28 -0500] "GET /kwssiamovil/sm/acme/a?s=U2FsdGVkX18T6GdIipCWf2Bi1T3TGTdppuAQ0LIWlFr9CcfTOWZzAvMZkEc/ziM+UYJznPOIivGsTwp4Ki0JiCPira7psqIzP/0xI1Fn1bAHZyAJZdlOBRVSeYecGMYu/PKqvMWruxN9U2ylJzPIqvOuGr7hwYxE4U6TS/+q7kRUo8SRKxCks6d9GxK2jvKiOHG2G5OpfWyxGAKfsX8lew==&u=U2FsdGVkX19nxvQTXkp55z0qC/2izg0xiehfFEYdWEDNxyaoMVdymNouLdS8fccu&y=U2FsdGVkX19NWjnIh5HgHo79er81ACzY80xbbH0ETqN8vY4DaXOLxhwoGjE9xMM9 HTTP/1.1" 200 26
152.203.175.246 - - [06/May/2023:13:53:28 -0500] "GET /kwssiamovil/sm/acme/a?s=U2FsdGVkX19MjpHTnXTASUo4dT/89b7dl17iJf2PUaQgYxRvtmMnttrxQEQ78SoIByBXNTXEk8Rfe501wkayZp2X8QT/2HJmpX7a1m574FGWF0I+mksG7iNRsp4EmFXl7Fj6LnCCrJYdXPwBKc18Xn2csBdyKMvXc4Y8Uy9zIuE4nkBkPAZoIn5Ezg9kb+22&u=U2FsdGVkX19nxvQTXkp55z0qC/2izg0xiehfFEYdWEDNxyaoMVdymNouLdS8fccu&y=U2FsdGVkX19NWjnIh5HgHo79er81ACzY80xbbH0ETqN8vY4DaXOLxhwoGjE9xMM9 HTTP/1.1" 200 26
152.203.175.246 - - [06/May/2023:13:53:28 -0500] "GET /kwssiamovil/sm/acme/a?s=U2FsdGVkX1+03VN2rNgvQ+9sXI6xKltpoyxfM0+1UTytqtsd4NpciIH1oZpoNYdxPBnkr1faK95tUVjKgO2dqdDV+cuzADqdHNSKtMHf7bfrWi6wpcCspH8gHzGskECjp+o2yjHPuq4uH2D/STQhHZ/NsZWKtUUV6SfSSzF8ynxlzH71KYXpegPfNmbKvJ9Jo4p4FCq7SuvGHFH1NwDV8g==&u=U2FsdGVkX19nxvQTXkp55z0qC/2izg0xiehfFEYdWEDNxyaoMVdymNouLdS8fccu&y=U2FsdGVkX19NWjnIh5HgHo79er81ACzY80xbbH0ETqN8vY4DaXOLxhwoGjE9xMM9 HTTP/1.1" 200 26
152.203.175.246 - - [06/May/2023:13:53:28 -0500] "GET /kwssiamovil/sm/acme/a?s=U2FsdGVkX19iZzJyW2oChwzdtTH+w/fLrJvY4WA/FKc8DFjAQ+D3BiB8nJrt7YaHV960ufJfDwQTpy8fdgnXB5JA1e7r66G7/6aaJhZgATo+bGruGUHHggRilkUkiMzumy9L04xteehgrghkJ3sxJAO0NdoC42emON16tgYwdAD6exMMHzaMcY+pzy4dRCdO&u=U2FsdGVkX19nxvQTXkp55z0qC/2izg0xiehfFEYdWEDNxyaoMVdymNouLdS8fccu&y=U2FsdGVkX19NWjnIh5HgHo79er81ACzY80xbbH0ETqN8vY4DaXOLxhwoGjE9xMM9 HTTP/1.1" 200 26
152.203.175.246 - - [06/May/2023:13:53:44 -0500] "GET /kwssiamovil/sm/acme/u?s=U2FsdGVkX1/Q4MEUPb63Yy0csICWjgEIHGXbxRIckyZqnfKYMNgW/M6FOCakJoU9kPGDe4fhmE8TM+DtU6KuSwIyZEucTn5AN9EoTsRzt3poiIun//zb3igGdAE26GbGuyDhYEPdas8bVachVWqc49FyQJQfOW5RX/xInMVrzgM=&u=U2FsdGVkX19nxvQTXkp55z0qC/2izg0xiehfFEYdWEDNxyaoMVdymNouLdS8fccu&y=U2FsdGVkX19NWjnIh5HgHo79er81ACzY80xbbH0ETqN8vY4DaXOLxhwoGjE9xMM9 HTTP/1.1" 200 60
201.245.192.253 - - [06/May/2023:13:56:08 -0500] "POST /kwsrmcab/Wsrmcab  HTTP/1.1" 200 213
172.22.2.4 - - [06/May/2023:13:55:00 -0500] "GET /BLA/boletinlegal/ HTTP/1.1" 200 57291
172.22.2.4 - - [06/May/2023:13:56:19 -0500] "HEAD /BLA/boletinlegal/ HTTP/1.1" 200 -
216.245.221.92 - - [06/May/2023:13:58:18 -0500] "HEAD / HTTP/1.1" 200 -
172.22.2.4 - - [06/May/2023:13:57:10 -0500] "GET /BLA/boletinlegal/ HTTP/1.1" 200 55221
172.22.2.4 - - [06/May/2023:13:58:14 -0500] "GET /BLA/boletinlegal/ HTTP/1.1" 200 60094
201.245.192.253 - - [06/May/2023:14:01:07 -0500] "POST /kwsrmcab/Wsrmcab  HTTP/1.1" 200 213
66.249.70.210 - - [06/May/2023:14:01:27 -0500] "-" 408 -
172.22.2.4 - - [06/May/2023:14:00:08 -0500] "GET /BLA/boletinlegal/ HTTP/1.1" 200 61759
216.245.221.92 - - [06/May/2023:14:03:18 -0500] "HEAD / HTTP/1.1" 200 -
172.22.2.4 - - [06/May/2023:14:02:09 -0500] "HEAD /BLA/boletinlegal/ HTTP/1.1" 200 -
172.22.2.4 - - [06/May/2023:14:03:00 -0500] "GET /BLA/boletinlegal/ HTTP/1.1" 200 57561
201.245.192.253 - - [06/May/2023:14:06:06 -0500] "POST /kwsrmcab/Wsrmcab  HTTP/1.1" 200 213
216.245.221.92 - - [06/May/2023:14:08:18 -0500] "HEAD / HTTP/1.1" 200 -
172.22.2.4 - - [06/May/2023:14:07:59 -0500] "HEAD /BLA/boletinlegal/ HTTP/1.1" 200 -
172.22.2.4 - - [06/May/2023:14:08:50 -0500] "GET /BLA/boletinlegal/ HTTP/1.1" 200 59306
172.22.2.4 - - [06/May/2023:14:10:33 -0500] "GET /BLA/boletinlegal/robots.txt HTTP/1.1" 404 1038
201.245.192.253 - - [06/May/2023:14:11:05 -0500] "POST /kwsrmcab/Wsrmcab  HTTP/1.1" 200 213
216.245.221.92 - - [06/May/2023:14:13:18 -0500] "HEAD / HTTP/1.1" 200 -
69.171.249.8 - - [06/May/2023:14:14:00 -0500] "GET /los-pies-descalzos-que-recorrieron-chinavita-boyaca-y-que-hoy-siembran-esperanza-en-bogota.html HTTP/1.1" 206 802
172.22.2.4 - - [06/May/2023:14:13:49 -0500] "HEAD /BLA/boletinlegal/ HTTP/1.1" 200 -
201.245.192.253 - - [06/May/2023:14:16:05 -0500] "POST /kwsrmcab/Wsrmcab  HTTP/1.1" 200 213
172.22.2.4 - - [06/May/2023:14:14:40 -0500] "GET /BLA/boletinlegal/ HTTP/1.1" 200 56287
191.111.38.44 - - [06/May/2023:14:17:29 -0500] "GET /galeria/galeria/jquery.fancybox.css?v=2.1.5 HTTP/1.1" 200 4895
191.111.38.44 - - [06/May/2023:14:17:29 -0500] "GET /BLA/boletinlegal/js/jquery.scrollShow.js HTTP/1.1" 200 4586
191.111.38.44 - - [06/May/2023:14:17:29 -0500] "GET /galeria/galeria/jquery.fancybox.js?v=2.1.5 HTTP/1.1" 200 48706
216.245.221.92 - - [06/May/2023:14:18:18 -0500] "HEAD / HTTP/1.1" 200 -
191.108.14.175 - - [06/May/2023:14:19:16 -0500] "GET /BLA/resoluciones/RESOLUCIONES%202022/5667.pdf HTTP/1.1" 200 1018096
201.245.192.253 - - [06/May/2023:14:19:46 -0500] "POST /kwsrmcab/Wsrmcab HTTP/1.1" 200 42555
201.245.192.253 - - [06/May/2023:14:19:49 -0500] "POST /kwsrmcab/Wsrmcab HTTP/1.1" 200 43143
201.245.192.253 - - [06/May/2023:14:21:04 -0500] "POST /kwsrmcab/Wsrmcab  HTTP/1.1" 200 213
172.22.2.4 - - [06/May/2023:14:19:39 -0500] "HEAD /BLA/boletinlegal/ HTTP/1.1" 200 -
172.22.2.4 - - [06/May/2023:14:20:30 -0500] "GET /BLA/boletinlegal/ HTTP/1.1" 200 57561
216.245.221.92 - - [06/May/2023:14:23:18 -0500] "HEAD / HTTP/1.1" 200 -
190.108.76.115 - - [06/May/2023:14:24:00 -0500] "GET /BLA/boletinlegal/js/jquery.scrollShow.js HTTP/1.1" 200 4586
190.108.76.115 - - [06/May/2023:14:24:00 -0500] "GET /galeria/galeria/jquery.fancybox.css?v=2.1.5 HTTP/1.1" 200 4895
190.108.76.115 - - [06/May/2023:14:24:00 -0500] "GET /galeria/galeria/jquery.fancybox.js?v=2.1.5 HTTP/1.1" 200 48706
201.245.192.253 - - [06/May/2023:14:26:02 -0500] "POST /kwsrmcab/Wsrmcab  HTTP/1.1" 200 213
40.77.167.86 - - [06/May/2023:14:26:16 -0500] "GET /BLA/resoluciones/AUTOS%202021/4208.pdf HTTP/1.1" 200 416861
66.249.79.134 - - [06/May/2023:14:26:50 -0500] "-" 408 -
172.22.2.4 - - [06/May/2023:14:25:29 -0500] "HEAD /BLA/boletinlegal/ HTTP/1.1" 200 -
172.22.2.4 - - [06/May/2023:14:26:21 -0500] "GET /BLA/boletinlegal/ HTTP/1.1" 200 57561
216.245.221.92 - - [06/May/2023:14:28:18 -0500] "HEAD / HTTP/1.1" 200 -
201.245.192.253 - - [06/May/2023:14:29:46 -0500] "POST /kwsrmcab/Wsrmcab HTTP/1.1" 200 42555
201.245.192.253 - - [06/May/2023:14:29:49 -0500] "POST /kwsrmcab/Wsrmcab HTTP/1.1" 200 43143
201.245.192.253 - - [06/May/2023:14:31:01 -0500] "POST /kwsrmcab/Wsrmcab  HTTP/1.1" 200 213
198.235.24.247 - - [06/May/2023:14:32:04 -0500] "GET / HTTP/1.0" 200 319
172.22.2.4 - - [06/May/2023:14:31:19 -0500] "HEAD /BLA/boletinlegal/ HTTP/1.1" 200 -
216.245.221.92 - - [06/May/2023:14:33:18 -0500] "HEAD / HTTP/1.1" 200 -
172.22.2.4 - - [06/May/2023:14:33:30 -0500] "GET /BLA/boletinlegal/consulta_actos.php?tipo=autos&no=4120&usuario=&sector=&fecha=2018&resuelve= HTTP/1.1" 200 1070
172.22.2.4 - - [06/May/2023:14:33:31 -0500] "GET /BLA/boletinlegal/consulta_actos.php?tipo=autos&no=4120&usuario=&sector=&fecha=2018&resuelve= HTTP/1.1" 200 1070
172.22.2.4 - - [06/May/2023:14:33:32 -0500] "GET /BLA/boletinlegal/consulta_actos.php?tipo=autos&no=4120&usuario=&sector=&fecha=2018&resuelve= HTTP/1.1" 200 1070
191.156.57.148 - - [06/May/2023:14:33:37 -0500] "GET /BLA/resoluciones/AUTOS%202018/4120.pdf HTTP/1.1" 200 251383
172.22.2.4 - - [06/May/2023:14:32:10 -0500] "GET /BLA/boletinlegal/ HTTP/1.1" 200 53561
191.156.62.71 - - [06/May/2023:14:35:37 -0500] "GET /BLA/resoluciones/ HTTP/1.1" 200 13502
172.22.2.4 - - [06/May/2023:14:36:01 -0500] "GET /BLA/boletinlegal/favicon.ico HTTP/1.1" 404 1326
201.245.192.253 - - [06/May/2023:14:36:01 -0500] "POST /kwsrmcab/Wsrmcab  HTTP/1.1" 200 213
186.102.12.219 - - [06/May/2023:14:36:35 -0500] "GET /js/url.js HTTP/1.1" 404 1294
186.102.12.219 - - [06/May/2023:14:36:35 -0500] "GET /favicon.ico HTTP/1.1" 404 1294
186.102.12.219 - - [06/May/2023:14:36:41 -0500] "GET /mujeres-que-reverdec HTTP/1.1" 404 1136
172.22.2.4 - - [06/May/2023:14:37:17 -0500] "GET /BLA/boletinlegal/actos.php HTTP/1.1" 200 9682
172.22.2.4 - - [06/May/2023:14:36:45 -0500] "GET /BLA/boletinlegal/ HTTP/1.1" 200 40907
216.245.221.92 - - [06/May/2023:14:38:18 -0500] "HEAD / HTTP/1.1" 200 -
191.156.49.48 - - [06/May/2023:14:38:35 -0500] "GET /BLA/resoluciones/index.php?dir=AUTOS+2018%2F HTTP/1.1" 200 457306
172.22.2.4 - - [06/May/2023:14:38:48 -0500] "GET /BLA/boletinlegal/consulta_actos.php?tipo=autos&no=0638&usuario=&sector=&fecha=2023&resuelve= HTTP/1.1" 200 1072
172.22.2.4 - - [06/May/2023:14:37:09 -0500] "HEAD /BLA/boletinlegal/ HTTP/1.1" 200 -
172.22.2.4 - - [06/May/2023:14:38:00 -0500] "GET /BLA/boletinlegal/ HTTP/1.1" 200 56287
172.226.172.7 - - [06/May/2023:14:39:43 -0500] "GET /images/Foto%20Di%C3%8C%C2%81a%20Mundial%20del%20Agua%20(1)%20(1).jpeg HTTP/1.1" 200 41770
201.245.192.253 - - [06/May/2023:14:39:47 -0500] "POST /kwsrmcab/Wsrmcab HTTP/1.1" 200 42555
201.245.192.253 - - [06/May/2023:14:39:49 -0500] "POST /kwsrmcab/Wsrmcab HTTP/1.1" 200 43143
181.50.188.116 - - [06/May/2023:14:40:47 -0500] "GET /mujeres-que-reverdecen-secretaria-de-ambiente-anuncia-el-inicio-de-la-tercera-fase.html HTTP/1.1" 200 954
201.245.192.253 - - [06/May/2023:14:40:59 -0500] "POST /kwsrmcab/Wsrmcab  HTTP/1.1" 200 213
172.22.2.4 - - [06/May/2023:14:41:33 -0500] "GET /BLA/boletinlegal/consulta_actos.php?tipo=autos&no=0646&usuario=&sector=&fecha=2023&resuelve= HTTP/1.1" 200 1114
199.16.157.182 - - [06/May/2023:14:41:57 -0500] "GET /images/palma-silvestre_optimized.jpeg HTTP/1.1" 200 46816
172.22.2.4 - - [06/May/2023:14:42:52 -0500] "GET /BLA/boletinlegal/consulta_actos.php?tipo=autos&no=0663&usuario=&sector=&fecha=2023&resuelve= HTTP/1.1" 200 1097
216.245.221.92 - - [06/May/2023:14:43:18 -0500] "HEAD / HTTP/1.1" 200 -
40.77.167.86 - - [06/May/2023:14:43:48 -0500] "GET /BLA/resoluciones/AUTOS%202021/1494.pdf HTTP/1.1" 304 -
172.22.2.4 - - [06/May/2023:14:42:59 -0500] "HEAD /BLA/boletinlegal/ HTTP/1.1" 200 -
172.22.2.4 - - [06/May/2023:14:45:03 -0500] "GET /BLA/boletinlegal/consulta_actos.php?tipo=autos&no=0553&usuario=&sector=&fecha=2023&resuelve= HTTP/1.1" 200 1072
172.22.2.4 - - [06/May/2023:14:43:49 -0500] "GET /BLA/boletinlegal/ HTTP/1.1" 200 54808
201.245.192.253 - - [06/May/2023:14:45:59 -0500] "POST /kwsrmcab/Wsrmcab  HTTP/1.1" 200 213
172.22.2.4 - - [06/May/2023:14:46:49 -0500] "GET /BLA/boletinlegal/consulta_actos.php?tipo=autos&no=0676&usuario=&sector=&fecha=2023&resuelve= HTTP/1.1" 200 1079
216.245.221.92 - - [06/May/2023:14:48:18 -0500] "HEAD / HTTP/1.1" 200 -
172.22.2.4 - - [06/May/2023:14:48:40 -0500] "GET /BLA/boletinlegal/consulta_actos.php?tipo=autos&no=0697&usuario=&sector=&fecha=2023&resuelve= HTTP/1.1" 200 1118
172.22.2.4 - - [06/May/2023:14:50:08 -0500] "GET /BLA/boletinlegal/consulta_actos.php?tipo=autos&no=0625&usuario=&sector=&fecha=2023&resuelve= HTTP/1.1" 200 1082
94.102.61.10 - - [06/May/2023:14:50:19 -0500] "GET /portaldeninos/ HTTP/1.1" 200 110197
172.22.2.4 - - [06/May/2023:14:48:49 -0500] "HEAD /BLA/boletinlegal/ HTTP/1.1" 200 -
201.245.192.253 - - [06/May/2023:14:50:59 -0500] "POST /kwsrmcab/Wsrmcab  HTTP/1.1" 200 213
102.165.51.104 - - [06/May/2023:14:51:15 -0500] "HEAD /adminer.php HTTP/1.1" 404 -
102.165.51.104 - - [06/May/2023:14:51:16 -0500] "GET /adminer.php HTTP/1.1" 404 1035
172.22.2.4 - - [06/May/2023:14:49:39 -0500] "GET /BLA/boletinlegal/ HTTP/1.1" 200 59306
172.22.2.4 - - [06/May/2023:14:51:33 -0500] "GET /BLA/boletinlegal/consulta_actos.php?tipo=autos&no=0596&usuario=&sector=&fecha=2023&resuelve= HTTP/1.1" 200 1107
40.77.167.184 - - [06/May/2023:14:51:55 -0500] "-" 408 -
40.77.167.207 - - [06/May/2023:14:52:08 -0500] "GET /galeria/nivo-slider/demo/ HTTP/1.1" 200 529
172.22.2.4 - - [06/May/2023:14:52:49 -0500] "GET /BLA/boletinlegal/consulta_actos.php?tipo=autos&no=0546&usuario=&sector=&fecha=2023&resuelve= HTTP/1.1" 200 1097
172.22.2.4 - - [06/May/2023:14:52:50 -0500] "GET /BLA/boletinlegal/consulta_actos.php?tipo=autos&no=0546&usuario=&sector=&fecha=2023&resuelve= HTTP/1.1" 200 1097
216.245.221.92 - - [06/May/2023:14:53:18 -0500] "HEAD / HTTP/1.1" 200 -
40.77.167.207 - - [06/May/2023:14:53:52 -0500] "GET /BLA/resoluciones/AUTOS%202022/1126.pdf HTTP/1.1" 200 373228
172.22.2.4 - - [06/May/2023:14:52:53 -0500] "GET /BLA/boletinlegal/ HTTP/1.1" 200 45003
172.22.2.4 - - [06/May/2023:14:54:06 -0500] "GET /BLA/boletinlegal/consulta_actos.php?tipo=autos&no=8588&usuario=&sector=&fecha=2023&resuelve= HTTP/1.1" 200 626
172.22.2.4 - - [06/May/2023:14:54:17 -0500] "GET /BLA/boletinlegal/consulta_actos.php?tipo=autos&no=8588&usuario=&sector=&fecha=2022&resuelve= HTTP/1.1" 200 1095
201.245.192.253 - - [06/May/2023:14:55:58 -0500] "POST /kwsrmcab/Wsrmcab  HTTP/1.1" 200 213
172.22.2.4 - - [06/May/2023:14:54:39 -0500] "HEAD /BLA/boletinlegal/ HTTP/1.1" 200 -
172.22.2.4 - - [06/May/2023:14:55:30 -0500] "GET /BLA/boletinlegal/ HTTP/1.1" 200 57151
216.245.221.92 - - [06/May/2023:14:58:18 -0500] "HEAD / HTTP/1.1" 200 -
201.245.192.253 - - [06/May/2023:15:00:55 -0500] "POST /kwsrmcab/Wsrmcab  HTTP/1.1" 200 213
172.22.2.4 - - [06/May/2023:15:00:30 -0500] "HEAD /BLA/boletinlegal/ HTTP/1.1" 200 -
172.22.2.4 - - [06/May/2023:15:01:21 -0500] "GET /BLA/boletinlegal/ HTTP/1.1" 200 57561
216.245.221.92 - - [06/May/2023:15:03:18 -0500] "HEAD / HTTP/1.1" 200 -
172.22.2.4 - - [06/May/2023:15:04:38 -0500] "GET /BLA/boletinlegal/robots.txt HTTP/1.1" 404 1018
172.22.2.4 - - [06/May/2023:15:05:22 -0500] "GET /BLA/boletinlegal/js/jquery.scrollShow.js HTTP/1.1" 200 4586
201.245.192.253 - - [06/May/2023:15:05:54 -0500] "POST /kwsrmcab/Wsrmcab  HTTP/1.1" 200 213
172.22.2.4 - - [06/May/2023:15:06:20 -0500] "HEAD /BLA/boletinlegal/ HTTP/1.1" 200 -
35.192.103.39 - - [06/May/2023:15:08:04 -0500] "GET /galeria/galeria/fotos/diaSC2Peq.jpg HTTP/1.1" 200 23761
216.245.221.92 - - [06/May/2023:15:08:18 -0500] "HEAD / HTTP/1.1" 200 -
172.22.2.4 - - [06/May/2023:15:07:10 -0500] "GET /BLA/boletinlegal/ HTTP/1.1" 200 57151
40.77.167.207 - - [06/May/2023:15:10:30 -0500] "GET /BLA/resoluciones/AUTOS%202021/4149.pdf HTTP/1.1" 200 353572
201.245.192.253 - - [06/May/2023:15:10:51 -0500] "POST /kwsrmcab/Wsrmcab  HTTP/1.1" 200 213
66.249.79.134 - - [06/May/2023:15:11:50 -0500] "-" 408 -
216.245.221.92 - - [06/May/2023:15:13:18 -0500] "HEAD / HTTP/1.1" 200 -
172.22.2.4 - - [06/May/2023:15:12:10 -0500] "HEAD /BLA/boletinlegal/ HTTP/1.1" 200 -
172.22.2.4 - - [06/May/2023:15:13:00 -0500] "GET /BLA/boletinlegal/ HTTP/1.1" 200 58663
201.245.192.253 - - [06/May/2023:15:15:51 -0500] "POST /kwsrmcab/Wsrmcab  HTTP/1.1" 200 213
216.245.221.92 - - [06/May/2023:15:18:18 -0500] "HEAD / HTTP/1.1" 200 -
172.22.2.4 - - [06/May/2023:15:18:00 -0500] "HEAD /BLA/boletinlegal/ HTTP/1.1" 200 -
201.245.192.253 - - [06/May/2023:15:19:46 -0500] "POST /kwsrmcab/Wsrmcab HTTP/1.1" 200 43299
201.245.192.253 - - [06/May/2023:15:19:49 -0500] "POST /kwsrmcab/Wsrmcab HTTP/1.1" 200 43305
172.22.2.4 - - [06/May/2023:15:18:50 -0500] "GET /BLA/boletinlegal/ HTTP/1.1" 200 57151
201.245.192.253 - - [06/May/2023:15:20:50 -0500] "POST /kwsrmcab/Wsrmcab  HTTP/1.1" 200 213
201.244.227.217 - - [06/May/2023:15:21:51 -0500] "GET /BLA/resoluciones/index.php?dir=AUTOS+2016%2F HTTP/1.1" 200 329666
172.22.2.4 - - [06/May/2023:15:22:02 -0500] "OPTIONS /BLA/boletinlegal/styles2.css HTTP/1.1" 200 -
172.22.2.4 - - [06/May/2023:15:22:02 -0500] "OPTIONS /BLA/boletinlegal/style.css HTTP/1.1" 200 -
172.22.2.4 - - [06/May/2023:15:22:02 -0500] "OPTIONS /BLA/boletinlegal/js/jquery.js HTTP/1.1" 200 -
172.22.2.4 - - [06/May/2023:15:22:02 -0500] "OPTIONS /BLA/boletinlegal/js/jquery.scrollShow.js HTTP/1.1" 200 -
172.22.2.4 - - [06/May/2023:15:22:02 -0500] "OPTIONS /BLA/boletinlegal/images/cabezote%20BLEGAL.jpg HTTP/1.1" 200 -
172.22.2.4 - - [06/May/2023:15:22:02 -0500] "OPTIONS /BLA/boletinlegal/images/subscribe-icon-big.png HTTP/1.1" 200 -
172.22.2.4 - - [06/May/2023:15:22:02 -0500] "OPTIONS /BLA/boletinlegal/images/historia.png HTTP/1.1" 200 -
172.22.2.4 - - [06/May/2023:15:22:02 -0500] "OPTIONS /BLA/boletinlegal/images/registro-usuarios.png HTTP/1.1" 200 -
172.22.2.4 - - [06/May/2023:15:22:02 -0500] "OPTIONS /BLA/boletinlegal/images/arr_l.jpg HTTP/1.1" 200 -
172.22.2.4 - - [06/May/2023:15:22:02 -0500] "OPTIONS /BLA/boletinlegal/images/screen_1.png HTTP/1.1" 200 -
172.22.2.4 - - [06/May/2023:15:22:03 -0500] "OPTIONS /BLA/boletinlegal/images/launch.jpg HTTP/1.1" 200 -
172.22.2.4 - - [06/May/2023:15:22:03 -0500] "OPTIONS /BLA/boletinlegal/images/body_bg.jpg HTTP/1.1" 200 -
172.22.2.4 - - [06/May/2023:15:22:03 -0500] "OPTIONS /BLA/boletinlegal/images/menu_lft.gif HTTP/1.1" 200 -
172.22.2.4 - - [06/May/2023:15:22:03 -0500] "OPTIONS /BLA/boletinlegal/images/menu_rght.gif HTTP/1.1" 200 -
172.22.2.4 - - [06/May/2023:15:22:03 -0500] "OPTIONS /BLA/boletinlegal/images/hover.jpg HTTP/1.1" 200 -
172.22.2.4 - - [06/May/2023:15:22:03 -0500] "OPTIONS /BLA/boletinlegal/images/bg_top.jpg HTTP/1.1" 200 -
172.22.2.4 - - [06/May/2023:15:22:03 -0500] "OPTIONS /BLA/boletinlegal/images/menu_bg.jpg HTTP/1.1" 200 -
172.22.2.4 - - [06/May/2023:15:22:03 -0500] "OPTIONS /BLA/boletinlegal/images/text.jpg HTTP/1.1" 200 -
172.22.2.4 - - [06/May/2023:15:22:03 -0500] "OPTIONS /BLA/boletinlegal/js/jquery.scrollTo-min.js HTTP/1.1" 200 -
172.22.2.4 - - [06/May/2023:15:22:04 -0500] "GET /BLA/boletinlegal/actos.php HTTP/1.1" 200 9682
172.22.2.4 - - [06/May/2023:15:22:04 -0500] "OPTIONS /BLA/boletinlegal/js/ajax_actos.js HTTP/1.1" 200 -
172.22.2.4 - - [06/May/2023:15:22:04 -0500] "OPTIONS /BLA/boletinlegal/niceforms.js HTTP/1.1" 200 -
172.22.2.4 - - [06/May/2023:15:22:04 -0500] "OPTIONS /BLA/boletinlegal/niceforms-default.css HTTP/1.1" 200 -
172.22.2.4 - - [06/May/2023:15:22:04 -0500] "OPTIONS /BLA/boletinlegal/js/lib.js HTTP/1.1" 200 -
172.22.2.4 - - [06/May/2023:15:22:04 -0500] "OPTIONS /BLA/boletinlegal/js/popup.js HTTP/1.1" 200 -
172.22.2.4 - - [06/May/2023:15:22:04 -0500] "OPTIONS /BLA/boletinlegal/js/jquery1.js HTTP/1.1" 200 -
172.22.2.4 - - [06/May/2023:15:22:04 -0500] "OPTIONS /BLA/boletinlegal/images/green-yellow-blue-pink-th.png HTTP/1.1" 200 -
172.22.2.4 - - [06/May/2023:15:22:04 -0500] "OPTIONS /BLA/boletinlegal/images/icono-email.png HTTP/1.1" 200 -
172.22.2.4 - - [06/May/2023:15:22:04 -0500] "OPTIONS /BLA/boletinlegal/images/tel.png HTTP/1.1" 200 -
172.22.2.4 - - [06/May/2023:15:22:04 -0500] "OPTIONS /BLA/boletinlegal/images/footer_bg_l.jpg HTTP/1.1" 200 -
172.22.2.4 - - [06/May/2023:15:22:04 -0500] "OPTIONS /BLA/boletinlegal/images/footer_bg.jpg HTTP/1.1" 200 -
172.22.2.4 - - [06/May/2023:15:22:05 -0500] "OPTIONS /BLA/boletinlegal/img/0.png HTTP/1.1" 200 -
172.22.2.4 - - [06/May/2023:15:22:05 -0500] "OPTIONS /BLA/boletinlegal/img/select-left.png HTTP/1.1" 200 -
172.22.2.4 - - [06/May/2023:15:22:05 -0500] "OPTIONS /BLA/boletinlegal/img/select-right.png HTTP/1.1" 200 -
172.22.2.4 - - [06/May/2023:15:22:05 -0500] "OPTIONS /BLA/boletinlegal/img/button-left.png HTTP/1.1" 200 -
172.22.2.4 - - [06/May/2023:15:22:05 -0500] "OPTIONS /BLA/boletinlegal/img/button.png HTTP/1.1" 200 -
172.22.2.4 - - [06/May/2023:15:22:05 -0500] "OPTIONS /BLA/boletinlegal/img/button-right.png HTTP/1.1" 200 -
172.22.2.4 - - [06/May/2023:15:22:05 -0500] "GET /BLA/boletinlegal/favicon.ico HTTP/1.1" 404 1326
172.22.2.4 - - [06/May/2023:15:22:24 -0500] "GET /BLA/boletinlegal/consulta_actos.php?tipo=autos&no=2279&usuario=&sector=&fecha=2019&resuelve= HTTP/1.1" 200 1067
172.22.2.4 - - [06/May/2023:15:22:02 -0500] "GET /BLA/boletinlegal/ HTTP/1.1" 200 24523
40.77.167.94 - - [06/May/2023:15:22:39 -0500] "GET /pdc/actos/307.pdf HTTP/1.1" 200 654382
40.77.167.94 - - [06/May/2023:15:22:42 -0500] "GET /BLA/boletinlegal/js/jquery.scrollShow.js HTTP/1.1" 200 4586
216.245.221.92 - - [06/May/2023:15:23:18 -0500] "HEAD / HTTP/1.1" 200 -
172.22.2.4 - - [06/May/2023:15:23:50 -0500] "HEAD /BLA/boletinlegal/ HTTP/1.1" 200 -
201.245.192.253 - - [06/May/2023:15:25:49 -0500] "POST /kwsrmcab/Wsrmcab  HTTP/1.1" 200 213
172.22.2.4 - - [06/May/2023:15:24:40 -0500] "GET /BLA/boletinlegal/ HTTP/1.1" 200 55571
40.77.167.94 - - [06/May/2023:15:26:28 -0500] "GET /BLA/resoluciones/AUTOS%202023/0984.pdf HTTP/1.1" 200 720449
66.249.70.210 - - [06/May/2023:15:26:46 -0500] "-" 408 -
216.245.221.92 - - [06/May/2023:15:28:18 -0500] "HEAD / HTTP/1.1" 200 -
201.245.192.253 - - [06/May/2023:15:29:46 -0500] "POST /kwsrmcab/Wsrmcab HTTP/1.1" 200 43299
201.245.192.253 - - [06/May/2023:15:29:49 -0500] "POST /kwsrmcab/Wsrmcab HTTP/1.1" 200 43305
201.245.192.253 - - [06/May/2023:15:30:47 -0500] "POST /kwsrmcab/Wsrmcab  HTTP/1.1" 200 213
172.22.2.4 - - [06/May/2023:15:29:40 -0500] "HEAD /BLA/boletinlegal/ HTTP/1.1" 200 -
172.22.2.4 - - [06/May/2023:15:30:30 -0500] "GET /BLA/boletinlegal/ HTTP/1.1" 200 57561
216.245.221.92 - - [06/May/2023:15:33:18 -0500] "HEAD / HTTP/1.1" 200 -
173.252.95.116 - - [06/May/2023:15:35:04 -0500] "GET /red-moda-circular-que-es-y-como-unirse.html HTTP/1.1" 206 762
173.252.95.23 - - [06/May/2023:15:35:05 -0500] "GET /red-moda-circular-que-es-y-como-unirse.html HTTP/1.1" 206 762
45.176.189.112 - - [06/May/2023:15:35:05 -0500] "GET /images/pieza-economia-circular-18.jpg HTTP/1.1" 200 41763
69.171.251.117 - - [06/May/2023:15:35:05 -0500] "GET /images/pieza-economia-circular-18.jpg HTTP/1.1" 200 41763
201.245.192.253 - - [06/May/2023:15:35:46 -0500] "POST /kwsrmcab/Wsrmcab  HTTP/1.1" 200 213
40.77.167.207 - - [06/May/2023:15:36:12 -0500] "GET / HTTP/1.1" 200 319
172.22.2.4 - - [06/May/2023:15:35:30 -0500] "HEAD /BLA/boletinlegal/ HTTP/1.1" 200 -
172.22.2.4 - - [06/May/2023:15:35:32 -0500] "GET /BLA/boletinlegal/ HTTP/1.1" 200 52730
172.22.2.4 - - [06/May/2023:15:36:20 -0500] "GET /BLA/boletinlegal/ HTTP/1.1" 200 55221
216.245.221.92 - - [06/May/2023:15:38:18 -0500] "HEAD / HTTP/1.1" 200 -
172.22.2.4 - - [06/May/2023:15:39:24 -0500] "GET /BLA/boletinlegal/Circulares/2019/.pdf HTTP/1.1" 404 1218
191.95.172.110 - - [06/May/2023:15:39:32 -0500] "GET /mujeres-que-reverdecen-secretaria-de-ambiente-anuncia-el-inicio-de-la-tercera-fase.html HTTP/1.1" 200 954
201.245.192.253 - - [06/May/2023:15:39:46 -0500] "POST /kwsrmcab/Wsrmcab HTTP/1.1" 200 43299
201.245.192.253 - - [06/May/2023:15:39:49 -0500] "POST /kwsrmcab/Wsrmcab HTTP/1.1" 200 43305
201.245.192.253 - - [06/May/2023:15:40:45 -0500] "POST /kwsrmcab/Wsrmcab  HTTP/1.1" 200 213
173.252.127.7 - - [06/May/2023:15:42:34 -0500] "GET /images/negocios-verdes-mayo-2022.jpg HTTP/1.1" 200 48000
172.22.2.4 - - [06/May/2023:15:41:20 -0500] "HEAD /BLA/boletinlegal/ HTTP/1.1" 200 -
216.245.221.92 - - [06/May/2023:15:43:18 -0500] "HEAD / HTTP/1.1" 200 -
172.22.2.4 - - [06/May/2023:15:42:10 -0500] "GET /BLA/boletinlegal/ HTTP/1.1" 200 52326
136.243.176.156 - - [06/May/2023:15:44:46 -0500] "GET / HTTP/1.1" 200 319
201.245.192.253 - - [06/May/2023:15:45:44 -0500] "POST /kwsrmcab/Wsrmcab  HTTP/1.1" 200 213
194.87.151.151 - - [06/May/2023:15:47:24 -0500] "GET /.env HTTP/1.1" 404 1018
194.87.151.151 - - [06/May/2023:15:47:25 -0500] "POST / HTTP/1.1" 200 319
172.22.2.4 - - [06/May/2023:15:47:29 -0500] "GET /BLA/boletinlegal/jurisprudencia/analisis/ANALISIST-046-99.docx HTTP/1.1" 304 -
67.161.55.58 - - [06/May/2023:15:48:11 -0500] "GET /laurel-de-cera-para-el-dia-de-la-santa-cruz-cruz-de-mayo-evita-usarlo-existen-otras-alternativas.html HTTP/1.1" 200 931
216.245.221.92 - - [06/May/2023:15:48:18 -0500] "HEAD / HTTP/1.1" 200 -
172.22.2.4 - - [06/May/2023:15:47:10 -0500] "HEAD /BLA/boletinlegal/ HTTP/1.1" 200 -
172.22.2.4 - - [06/May/2023:15:48:00 -0500] "GET /BLA/boletinlegal/ HTTP/1.1" 200 53561
94.102.61.80 - - [06/May/2023:15:49:44 -0500] "GET / HTTP/1.1" 200 319
201.245.192.253 - - [06/May/2023:15:50:43 -0500] "POST /kwsrmcab/Wsrmcab  HTTP/1.1" 200 213
103.136.221.238 - - [06/May/2023:15:51:09 -0500] "GET /portaldeninos/wp-content/uploads/2020/01/Tierra-escenario.jpg HTTP/1.1" 200 181491
200.69.82.57 - - [06/May/2023:15:53:01 -0500] "GET /el-proximo-13-de-mayo-participa-del-global-big-day.html HTTP/1.1" 200 736
200.69.82.57 - - [06/May/2023:15:53:01 -0500] "GET /images/El-13-de-mayo-es-Global-Big-Day.jpg HTTP/1.1" 200 78896
216.245.221.92 - - [06/May/2023:15:53:18 -0500] "HEAD / HTTP/1.1" 200 -
172.22.2.4 - - [06/May/2023:15:53:00 -0500] "HEAD /BLA/boletinlegal/ HTTP/1.1" 200 -
172.22.2.4 - - [06/May/2023:15:53:50 -0500] "GET /BLA/boletinlegal/ HTTP/1.1" 200 57561
201.245.192.253 - - [06/May/2023:15:55:41 -0500] "POST /kwsrmcab/Wsrmcab  HTTP/1.1" 200 213
66.249.79.103 - - [06/May/2023:15:56:50 -0500] "-" 408 -
52.167.144.55 - - [06/May/2023:15:56:56 -0500] "-" 408 -
190.60.254.213 - - [06/May/2023:15:56:59 -0500] "GET /el-proximo-13-de-mayo-participa-del-global-big-day.html HTTP/1.1" 200 736
216.245.221.92 - - [06/May/2023:15:58:18 -0500] "HEAD / HTTP/1.1" 200 -
186.86.32.230 - - [06/May/2023:15:59:33 -0500] "GET /el-proximo-13-de-mayo-participa-del-global-big-day.html HTTP/1.1" 200 736
172.22.2.4 - - [06/May/2023:15:58:50 -0500] "HEAD /BLA/boletinlegal/ HTTP/1.1" 200 -
201.245.192.253 - - [06/May/2023:16:00:40 -0500] "POST /kwsrmcab/Wsrmcab  HTTP/1.1" 200 213
172.22.2.4 - - [06/May/2023:15:59:41 -0500] "GET /BLA/boletinlegal/ HTTP/1.1" 200 59306
186.102.67.212 - - [06/May/2023:16:02:46 -0500] "GET /kwssiamovil/sm/ldap/au?x=U2FsdGVkX1/COWDVsZ3L3O2Yu5QDqle4VilnQqSEKY3TlHfmouFthTGQz5JGDfqJ&y=U2FsdGVkX19IylMHepE3tcOW0nqPK6YHXT7K9Fy2x7Gz/8LT2X8hVjtzIYRYCwB9 HTTP/1.1" 200 30
186.102.67.212 - - [06/May/2023:16:02:47 -0500] "GET /kwssiamovil/sm/acme/s?s=U2FsdGVkX1/iHB3uZBgIc+Im5G1PjGOI5YRi88hRIC8K03Ie+klGMU+5/MQDklamL+05etfpTNt3WqNTrIH2XjouolnBGph6I1LRSSwu7P8=&u=U2FsdGVkX18pBtZSaoPzyxc7dFCgAcnhqX01Svr6VCg=&y=U2FsdGVkX19IylMHepE3tcOW0nqPK6YHXT7K9Fy2x7Gz/8LT2X8hVjtzIYRYCwB9 HTTP/1.1" 200 97
186.102.67.212 - - [06/May/2023:16:02:47 -0500] "GET /kwssiamovil/sm/acme/s?s=U2FsdGVkX19D/KGhy5SG/CO2KSJLcg/rTP1H/J87AXDlnhBeG9590L+RsCuMuhdtG05mpJriL/cfP0aNOKZBCMnyisuUHud6akyCXlWuSA80LqsHrkiB86o9rG78a/rBLKjhDF/T+EoL9+rpwl7A2KiR0fB8eJhfgIT3+bo72V42Iir8gEDvmQ7wOHTqDi3UM5p9hXN7cVWJBHRZr/Zlb6oQVgNtquqNM9bCcbpq0+CtMppn7TKHFpk/qPyR34mKbcNyvrPVa/afU8TVn3oAQ3Ug5Pbbrl47tOjmmDDQyk8VacEqbE0fKWqrxerPfPsfNsnIEt44ecOo4nCs9Bref4Zd/AYxHMHB79KZiTnv6Ha4tv8pXobwRw9LeyqcvY+D7wWTU9thHYCQE/RIqovRzC/tgEo+QsQ05mH6F4FjSReN61AH4z5+v0XDboaNnAMW/FirrLfu8EUjPrEPPYwQtuem9qoGPZk7NslHt06hBNk1W+qNSkKaQ/GlmOttG1fjm09kmAjYoMkfbbjN4DtQKztFDRTqmRdaWqRvHmapmA3LM+7rhr/4L1ZkglZtFE1WlWlvQwJrL7Rvs0YpZf3qnpGBXSw2ejZKXiB+o2J+RKbfqgfZMVMPlQmjrB1rFkf5pqbTAG+dnPV0/rIPNMLcujD6mwff6itov4fGF0dHuiIZcTxtLjRl+L+utgM523VfZgooenF+Qlnyb40XTc2RsnYC7Z6oQ0UL+JNelqRd0ykhRc3VnSJAZKDTlt1L9LahRNJVKy+w6COsHvxHdBCqJ6GLW+JtVUxhlbTEMgSf9AFQmKrjk0oTL3lspwwqhX642ztUPu7kg+cjgmYomQGNs+VaWwXrS/gvr7Cvp8gwoheMMi0i80ZDbTK+kE4YSD/hOHxXNYH+GuiccygXRGOsLvPTZzbiHLkAo4Jv19+zlYvgpJlxTt+5XqZ2yHTYJ1xsyznJkEz4YYAZRqxA5XIlIGDPXuI7vChN7pHW+EwQTdKyaKDMUGh41opZEv20eADBUR+eWrkENC5+Zsz5AMryAZYHPKIQut+gLDm4mkkP89ULQPqTC0gJTYjpSZ9nMTR3C8TqiZYo6Gv/7yeG6Zm18vikq4PEt/hWjXygRTHSNrkFel72ChSLwVH/dtDow7RyVGi7OH3Wd9f28KVfqBKc9fF8yfeoCu2WPOiVAM9iNYnwShf94iYpEOyLXdLipX8rbeP/xtwJoNGueRuoh2HWAK16g7XeXmUH+Ju1Y6kISpzLoAjwrORtnpCC0ZoJHa7t9K1iCXKqeNVzxFBXn4ZX+fglLUSu1MaduPrjg69rhU0p+/Q6ECagFH5RUzCyPojO4d8Em3B8706WMaH48dXzD3bJdPmL+j5HubxPHY1WxOdzZDxVtuDEI7khLxbqbDZfbVaMigW+ZXqkCCxbe9kx3XB0zLIdMtx1pUqF436kWc0=&u=U2FsdGVkX18pBtZSaoPzyxc7dFCgAcnhqX01Svr6VCg=&y=U2FsdGVkX19IylMHepE3tcOW0nqPK6YHXT7K9Fy2x7Gz/8LT2X8hVjtzIYRYCwB9 HTTP/1.1" 200 591
186.102.67.212 - - [06/May/2023:16:02:47 -0500] "GET /kwssiamovil/sm/acme/s?s=U2FsdGVkX18TK6aZwo432QiIQp8RBFvxzA/4N/nAIkqSwQ8H8iQ2vqp/ZPJywkPiHxLr7Z0qcvhJ7E5M4bmi/jWAVH4kvOT5LAZ2h/IlmGIevzToU23nFRHjrRTfJEpjUt9kqj4zoYpfudh04Ms7IoGrFmlgHaWKgjB/w0rOi0hlSfdibum580liSTcx1KrYo30cS9PCQw9RxTS4x8H4MhsZ0I/l0OzBH09QAOJ9cM+1IUa3nqpkdfUsGMWSFG1JoscOBqbMS8FAqC7Kt4xkdoNYfYL2EOVfBVW3beHqLPlxK8q46kEwSJTuXx2Y/5ZilJBJBm37H1PdPwAOhlvNAwBUkK1MW/BOgJ19nz8fyRw=&u=U2FsdGVkX18pBtZSaoPzyxc7dFCgAcnhqX01Svr6VCg=&y=U2FsdGVkX19IylMHepE3tcOW0nqPK6YHXT7K9Fy2x7Gz/8LT2X8hVjtzIYRYCwB9 HTTP/1.1" 200 196
186.102.67.212 - - [06/May/2023:16:02:47 -0500] "GET /kwssiamovil/sm/cjson/pre?f=1&x=U2FsdGVkX1/COWDVsZ3L3O2Yu5QDqle4VilnQqSEKY3TlHfmouFthTGQz5JGDfqJ HTTP/1.1" 200 31032
216.245.221.92 - - [06/May/2023:16:03:18 -0500] "HEAD / HTTP/1.1" 200 -
186.29.180.89 - - [06/May/2023:16:03:50 -0500] "GET /BLA/resoluciones/ HTTP/1.1" 200 13502
186.29.180.89 - - [06/May/2023:16:03:52 -0500] "GET /BLA/resoluciones/index.php?dir=AUTOS+2017%2F HTTP/1.1" 200 468483
130.211.54.158 - - [06/May/2023:16:04:08 -0500] "GET / HTTP/1.1" 200 319
201.245.192.253 - - [06/May/2023:16:05:39 -0500] "POST /kwsrmcab/Wsrmcab  HTTP/1.1" 200 213
172.22.2.4 - - [06/May/2023:16:04:40 -0500] "HEAD /BLA/boletinlegal/ HTTP/1.1" 200 -
172.22.2.4 - - [06/May/2023:16:05:30 -0500] "GET /BLA/boletinlegal/ HTTP/1.1" 200 57151
172.22.2.4 - - [06/May/2023:16:07:57 -0500] "GET /BLA/boletinlegal/actos.php HTTP/1.1" 200 9682
172.22.2.4 - - [06/May/2023:16:07:57 -0500] "GET /BLA/boletinlegal/styles2.css HTTP/1.1" 200 1838
172.22.2.4 - - [06/May/2023:16:07:57 -0500] "GET /BLA/boletinlegal/js/ajax_actos.js HTTP/1.1" 200 1322
172.22.2.4 - - [06/May/2023:16:07:57 -0500] "GET /BLA/boletinlegal/niceforms.js HTTP/1.1" 200 22876
172.22.2.4 - - [06/May/2023:16:07:57 -0500] "GET /BLA/boletinlegal/niceforms-default.css HTTP/1.1" 200 6694
172.22.2.4 - - [06/May/2023:16:07:57 -0500] "GET /BLA/boletinlegal/style.css HTTP/1.1" 200 9406
172.22.2.4 - - [06/May/2023:16:07:57 -0500] "GET /BLA/boletinlegal/js/lib.js HTTP/1.1" 200 6474
172.22.2.4 - - [06/May/2023:16:07:57 -0500] "GET /BLA/boletinlegal/js/popup.js HTTP/1.1" 200 1270
172.22.2.4 - - [06/May/2023:16:07:57 -0500] "GET /BLA/boletinlegal/js/jquery1.js HTTP/1.1" 200 29846
172.22.2.4 - - [06/May/2023:16:07:57 -0500] "GET /BLA/boletinlegal/images/cabezote%20BLEGAL.jpg HTTP/1.1" 200 118164
172.22.2.4 - - [06/May/2023:16:07:57 -0500] "GET /BLA/boletinlegal/images/subscribe-icon-big.png HTTP/1.1" 200 47702
172.22.2.4 - - [06/May/2023:16:07:57 -0500] "GET /BLA/boletinlegal/images/historia.png HTTP/1.1" 200 52775
172.22.2.4 - - [06/May/2023:16:07:57 -0500] "GET /BLA/boletinlegal/images/registro-usuarios.png HTTP/1.1" 200 8106
172.22.2.4 - - [06/May/2023:16:07:57 -0500] "GET /BLA/boletinlegal/images/body_bg.jpg HTTP/1.1" 200 1601
172.22.2.4 - - [06/May/2023:16:07:57 -0500] "GET /BLA/boletinlegal/images/footer_bg.jpg HTTP/1.1" 200 586
172.22.2.4 - - [06/May/2023:16:07:57 -0500] "GET /BLA/boletinlegal/images/menu_lft.gif HTTP/1.1" 200 1713
172.22.2.4 - - [06/May/2023:16:07:57 -0500] "GET /BLA/boletinlegal/images/bg_top.jpg HTTP/1.1" 200 522
172.22.2.4 - - [06/May/2023:16:07:57 -0500] "GET /BLA/boletinlegal/images/menu_bg.jpg HTTP/1.1" 200 620
172.22.2.4 - - [06/May/2023:16:07:57 -0500] "GET /BLA/boletinlegal/images/menu_rght.gif HTTP/1.1" 200 1627
172.22.2.4 - - [06/May/2023:16:07:58 -0500] "GET /BLA/boletinlegal/images/text.jpg HTTP/1.1" 200 568
172.22.2.4 - - [06/May/2023:16:07:58 -0500] "GET /BLA/boletinlegal/images/hover.jpg HTTP/1.1" 200 640
172.22.2.4 - - [06/May/2023:16:07:58 -0500] "GET /BLA/boletinlegal/images/green-yellow-blue-pink-th.png HTTP/1.1" 200 7394
172.22.2.4 - - [06/May/2023:16:07:58 -0500] "GET /BLA/boletinlegal/images/tel.png HTTP/1.1" 200 14477
172.22.2.4 - - [06/May/2023:16:07:58 -0500] "GET /BLA/boletinlegal/images/icono-email.png HTTP/1.1" 200 5544
172.22.2.4 - - [06/May/2023:16:07:58 -0500] "GET /BLA/boletinlegal/images/footer_bg_l.jpg HTTP/1.1" 200 776
172.22.2.4 - - [06/May/2023:16:07:58 -0500] "GET /BLA/boletinlegal/img/0.png HTTP/1.1" 200 110
172.22.2.4 - - [06/May/2023:16:07:58 -0500] "GET /BLA/boletinlegal/img/select-right.png HTTP/1.1" 200 44019
172.22.2.4 - - [06/May/2023:16:07:58 -0500] "GET /BLA/boletinlegal/img/select-left.png HTTP/1.1" 200 263
172.22.2.4 - - [06/May/2023:16:07:58 -0500] "GET /BLA/boletinlegal/img/button.png HTTP/1.1" 200 43241
172.22.2.4 - - [06/May/2023:16:07:58 -0500] "GET /BLA/boletinlegal/img/button-left.png HTTP/1.1" 200 57071
172.22.2.4 - - [06/May/2023:16:07:58 -0500] "GET /BLA/boletinlegal/img/button-right.png HTTP/1.1" 200 57878
172.22.2.4 - - [06/May/2023:16:07:58 -0500] "GET /BLA/boletinlegal/favicon.ico HTTP/1.1" 404 1326
216.245.221.92 - - [06/May/2023:16:08:18 -0500] "HEAD / HTTP/1.1" 200 -
173.252.95.118 - - [06/May/2023:16:09:13 -0500] "GET /calidad-del-aire-mejora-percepcion-en-bogota.html HTTP/1.1" 206 773
152.203.144.131 - - [06/May/2023:16:09:14 -0500] "OPTIONS /kwssiamovil/sm/setfile/f? HTTP/1.1" 200 13
152.203.144.131 - - [06/May/2023:16:09:14 -0500] "POST /kwssiamovil/sm/setfile/f? HTTP/1.1" 200 381
152.203.144.131 - - [06/May/2023:16:09:16 -0500] "OPTIONS /kwssiamovil/sm/setfile/f? HTTP/1.1" 200 13
152.203.144.131 - - [06/May/2023:16:09:17 -0500] "POST /kwssiamovil/sm/setfile/f? HTTP/1.1" 200 381
152.203.144.131 - - [06/May/2023:16:09:19 -0500] "OPTIONS /kwssiamovil/sm/setfile/f? HTTP/1.1" 200 13
152.203.144.131 - - [06/May/2023:16:09:19 -0500] "POST /kwssiamovil/sm/setfile/f? HTTP/1.1" 200 381
152.203.144.131 - - [06/May/2023:16:09:21 -0500] "OPTIONS /kwssiamovil/sm/setfile/f? HTTP/1.1" 200 13
152.203.144.131 - - [06/May/2023:16:09:21 -0500] "POST /kwssiamovil/sm/setfile/f? HTTP/1.1" 200 381
179.19.61.130 - - [06/May/2023:16:10:12 -0500] "GET /galeria/galeria/jquery.fancybox.css?v=2.1.5 HTTP/1.1" 200 4895
179.19.61.130 - - [06/May/2023:16:10:12 -0500] "GET /BLA/boletinlegal/js/jquery.scrollShow.js HTTP/1.1" 200 4586
179.19.61.130 - - [06/May/2023:16:10:12 -0500] "GET /galeria/galeria/jquery.fancybox.js?v=2.1.5 HTTP/1.1" 200 48706
201.245.192.253 - - [06/May/2023:16:10:37 -0500] "POST /kwsrmcab/Wsrmcab  HTTP/1.1" 200 213
186.102.30.225 - - [06/May/2023:16:10:39 -0500] "GET /galeria/galeria/jquery.fancybox.css?v=2.1.5 HTTP/1.1" 200 4895
186.102.30.225 - - [06/May/2023:16:10:39 -0500] "GET /BLA/boletinlegal/js/jquery.scrollShow.js HTTP/1.1" 200 4586
186.102.30.225 - - [06/May/2023:16:10:40 -0500] "GET /galeria/galeria/jquery.fancybox.js?v=2.1.5 HTTP/1.1" 200 48706
162.55.165.184 - - [06/May/2023:16:10:51 -0500] "GET / HTTP/1.1" 200 319
191.156.187.197 - - [06/May/2023:16:10:56 -0500] "GET /BLA/boletinlegal/js/jquery.scrollShow.js HTTP/1.1" 200 4586
191.156.190.87 - - [06/May/2023:16:10:56 -0500] "GET /galeria/galeria/jquery.fancybox.js?v=2.1.5 HTTP/1.1" 200 48706
191.156.187.197 - - [06/May/2023:16:10:56 -0500] "GET /galeria/galeria/jquery.fancybox.css?v=2.1.5 HTTP/1.1" 200 4895
152.203.144.131 - - [06/May/2023:16:10:58 -0500] "GET /kwssiamovil/sm/acme/a?s=U2FsdGVkX19K0/yc3dj2OfVejJqhOm8dQvpVs1F5raNkeGRU8w/SqTrM2U/nfHqs1I5hVIjSo3C3GOAkowun2KVhvCuztddSDSqPeJI83wzrD0FF1yOfBA4IkNjVXjq3Bs1jTu1O84IXgM7Vule5zERxwb8nOLKE8TgBueM6kBt5anSB39IbLPAl0Ail17kiX7oviYVW8XZdDKh7DWAxUpVGD61E7pvsa4avm6G01FzgX4w1RczPrDIQkOBrFHt7S9FJd1QLvMuLPFwvO5caQQ==&u=U2FsdGVkX19nxvQTXkp55z0qC/2izg0xiehfFEYdWEDNxyaoMVdymNouLdS8fccu&y=U2FsdGVkX19NWjnIh5HgHo79er81ACzY80xbbH0ETqN8vY4DaXOLxhwoGjE9xMM9 HTTP/1.1" 200 26
152.203.144.131 - - [06/May/2023:16:10:58 -0500] "GET /kwssiamovil/sm/acme/a?s=U2FsdGVkX1/d3JBC7+xPuvxuDTHO9+vzrKyIvezU+ZjrvLSRACUYrWsoOU7DP3AItmpGqrtu5niCvxTAzRotzvlMN0unLtVBf57v3HuHan88bfCxt8t3reTFmZbB4jskaXxUg5UcZ1sG+LlZh630JYMfCoCryQcTVuutVA4fxgJhLdtj/bSq4+7JxJIZUy+Aqosbhxcv4bw/TfKUoGCvOeHmE5PNlg3/N6NpfaN5xOa7xvRLJvZaXOnPHn4CSJxPA0C00ODBBxwplUpvjFjA7brny4HrVlUU06RFThvmWDK9i1HYptSme97FKb+eV2C6zhFgm+k/YqaWrDwZGNqqk+Gxit700sLKAmcLIDx3Q7qieZzpgD0nWa4fC1hVC3ByxlNct7FaPO59zXyp4zv5pivNOKsZPcRhLInaJzgXcl9CpJKbSOvs1z8it3cH/PW5VtvEAxFjGB7C5BWh55mNAkB3WCrP+FTsahnAlu4Ycc360lnDcITw19zljg2Me+Ubkbs0+3Nqgm0ucx/1lNycbdQYSv0ZnK1ecxvrzDnp0bwBQDouW/aMh2xUDoHruW3zzxRxqlmoLaJl64vi3vhnamPDEyOulXFnB5QA25w6+0U7PPGIwlztTtgUVwEqup8i2dIx/wlgjeiES0vsYOkk5HwK/k3QU08UHrT25yTUZ4LPl8mkIl9Ft9oiF7S3PAFHyoCORGeFU0yBfibnUbWvXLtowkOYSqQn0eKtLjXVXUONrA3w1vEvFUdYrvHDYWN0iIf74ECCKFCFl+tN3Jjn2Z55WspLU+MN0qoTQI/7GPM7q6e4agD3AjqMjQOKQ9EXEgpogo03BiZCUuk2G0Okf+gXRNsu+uRPQunrXAIGcDw5k0AfRjgfDkN+9+6gNLB1wWQ1MNLaU3CpUk2v6J8/zYH/EvWCNZExAOoEnMPgP2/8/MQkxH6ltbrURdws1lPhMTESK+Hg1LasdSFtT1ZUZ1Vaa6T8CiP/p2vu8M0OIcplYfDT0UFf4f3Mf64lroSPBUzN+xj1Tt9SeRB1f0Lix8+41BND6MsgQrZkf8WiUqIsDBb11wakbiInrNhKoS0rLs7YRazzy7KwPh6/DTPxtDsOJL4X/F/81harEFCumX6g8sgZuCgJxKYpN4eMZaTn4A0S75lJIkL3hcZ+XM5C4ou8sDiGtxHCV3AMJw2zUh8XHNN80rnfs2y9lL/18XUVX0vnld2yTPPwJn6Ol/0aXNNo+/ZR5Z2jvTivbD7XELCUp6WClctvyAcXWQVNC7bVJJ+6316QzVf/h1GJedVNACay6lWzbU1YDGmsQvMMVnM0DddLkHX3IMqz1A9BK8ZN5ElPTBZf1Hfmep5xiMGgfNVhxR1WmWBPD4MWAa6IjorFfW+/fBeHafp+kUxcY7fC&u=U2FsdGVkX19nxvQTXkp55z0qC/2izg0xiehfFEYdWEDNxyaoMVdymNouLdS8fccu&y=U2FsdGVkX19NWjnIh5HgHo79er81ACzY80xbbH0ETqN8vY4DaXOLxhwoGjE9xMM9 HTTP/1.1" 200 26
152.203.144.131 - - [06/May/2023:16:10:59 -0500] "GET /kwssiamovil/sm/acme/a?s=U2FsdGVkX188MBw6N2Al06zfrxHGM4sb+g1IWndAS1gD9sRz9ttLcwZ7jdWIGSG8eOfPZ+OA4KYYn/lsoKDlQZ9IExBeDMuYQZhSYu0RMxQmlgPCHhEnPFfQziE2XEaznkFtC5wjDOqQQFKLSjx1hizgchLwKxweH/E7SLhRvos=&u=U2FsdGVkX19nxvQTXkp55z0qC/2izg0xiehfFEYdWEDNxyaoMVdymNouLdS8fccu&y=U2FsdGVkX19NWjnIh5HgHo79er81ACzY80xbbH0ETqN8vY4DaXOLxhwoGjE9xMM9 HTTP/1.1" 200 26
152.203.144.131 - - [06/May/2023:16:10:59 -0500] "GET /kwssiamovil/sm/acme/a?s=U2FsdGVkX1+kUaVNEM2EL9Ju7qFFoyIiUi96c5dJhXD0kv7QvbrgcSaIq0220JJng0ZUmi6HGyVddFnPvOdFNhrtSlDTEdA/9BIltOYBRIT+LQOZIYbGa0/w/DM65hT6oI7AWAFgwawLytmCGSWBTZjfxyP18lcbAtjmGbXGsxo=&u=U2FsdGVkX19nxvQTXkp55z0qC/2izg0xiehfFEYdWEDNxyaoMVdymNouLdS8fccu&y=U2FsdGVkX19NWjnIh5HgHo79er81ACzY80xbbH0ETqN8vY4DaXOLxhwoGjE9xMM9 HTTP/1.1" 200 26
152.203.144.131 - - [06/May/2023:16:10:59 -0500] "GET /kwssiamovil/sm/acme/a?s=U2FsdGVkX198WW6F7K2InUz6g1BtyN/NNHTw94PwtsW9p7FCywJbNhrYw8C4ziWK3pDvtDIuIAxAyiDM7F3Gpsq2k9ZIFP15oz6Rv9D7nMUeeUK0B1QXpt2bgxcvZTATYyGeItsf1focwV6f1EFKUv3MejuaN/hJ0P+fvBSIowk=&u=U2FsdGVkX19nxvQTXkp55z0qC/2izg0xiehfFEYdWEDNxyaoMVdymNouLdS8fccu&y=U2FsdGVkX19NWjnIh5HgHo79er81ACzY80xbbH0ETqN8vY4DaXOLxhwoGjE9xMM9 HTTP/1.1" 200 26
152.203.144.131 - - [06/May/2023:16:11:00 -0500] "GET /kwssiamovil/sm/acme/a?s=U2FsdGVkX19YCoGkXG4Jx6V+0RyA5TY/yEYkM6t2D3XEMXLLDTBYfnjP3pmQ5ciGvZX6Ndr6L0aRXOq9k0j6efJu1krUbtZEfXfqMwE21KYQJkyVqKCYY9R0vQNYims4z6Rt8zptO10tqTCQu7ZmtLHTLvW9zlOUpQ5xJ+bdvpM4ui4ChWKV2XkVco4OruKNn7f7OY6HuqvMtFfYapyf+w==&u=U2FsdGVkX19nxvQTXkp55z0qC/2izg0xiehfFEYdWEDNxyaoMVdymNouLdS8fccu&y=U2FsdGVkX19NWjnIh5HgHo79er81ACzY80xbbH0ETqN8vY4DaXOLxhwoGjE9xMM9 HTTP/1.1" 200 26
152.203.144.131 - - [06/May/2023:16:11:00 -0500] "GET /kwssiamovil/sm/acme/a?s=U2FsdGVkX1+CM9BLk1hDgNcIogjOY3Zo6L9YZlRWZn4slvm17PE6M5z2OgX2luvIuOJqxNsI5g9KRG1clmVaE94sJC743wdwrGfkmM+VHriLKVlzq3b2+Q9FS7D0iEFYv90BcLqXd3yzU6YXsQPa/o2lRS6X0yhyvM1mcx8YqQDaAVMlRkGvRA08AHWYk+l3QqUVjrMq9APi0A0vwPegaw==&u=U2FsdGVkX19nxvQTXkp55z0qC/2izg0xiehfFEYdWEDNxyaoMVdymNouLdS8fccu&y=U2FsdGVkX19NWjnIh5HgHo79er81ACzY80xbbH0ETqN8vY4DaXOLxhwoGjE9xMM9 HTTP/1.1" 200 26
152.203.144.131 - - [06/May/2023:16:11:00 -0500] "GET /kwssiamovil/sm/acme/a?s=U2FsdGVkX18O2oXCzpjt/RLRZEXMXkUs9ooe+JZ7657W+HDHWBHHkZZSlmOSSNtkwUP/ZJZsHOzfPOTjdPaoAWmwdcr1WnKrcFQwoA6kAkwmVdL/Ry7VtFFrrzySSD6oX03gG0NwJtvowN0NQn4o7l3x+PNoCJVecFfezAMOUUzIzwQtNTs/T+T5Tcqbsmpf&u=U2FsdGVkX19nxvQTXkp55z0qC/2izg0xiehfFEYdWEDNxyaoMVdymNouLdS8fccu&y=U2FsdGVkX19NWjnIh5HgHo79er81ACzY80xbbH0ETqN8vY4DaXOLxhwoGjE9xMM9 HTTP/1.1" 200 26
152.203.144.131 - - [06/May/2023:16:11:00 -0500] "GET /kwssiamovil/sm/acme/a?s=U2FsdGVkX1+/5cZEMukU/BVyJfKISEjw8mE2i9WC5NChJgXs6ynbl372qB1HI6zw7HdrO0tgBAX6sMN1aRn9KSYsO4D7iFcyJ7ki794rmhcAIrM5jnAzP+Q+pik82NAMayyJUCXJYXt3G6QDdBcbpNEYmn4Al26lvV3TlLYJ2CDIAJwoMlmidGhZyc1QMUB7MQbuTVje2ATTqSZ3VZzSiA==&u=U2FsdGVkX19nxvQTXkp55z0qC/2izg0xiehfFEYdWEDNxyaoMVdymNouLdS8fccu&y=U2FsdGVkX19NWjnIh5HgHo79er81ACzY80xbbH0ETqN8vY4DaXOLxhwoGjE9xMM9 HTTP/1.1" 200 26
152.203.144.131 - - [06/May/2023:16:11:00 -0500] "GET /kwssiamovil/sm/acme/a?s=U2FsdGVkX1/SqCOEeI84CNGuPRZq/2B+48K8V6Mn6+v4eR5WWRZGda51KlNLgfcYT1ZW42B2HIld6NzrmROQexFzOSkU+HHoxDwIyFVFmZn8ZDzMtSEpOKutqPioOV37HZwLI19bENi3aqc8B1ZYqJWdi/1u7hoW1Qw2rv/ZsHzUsrd/AC+2tjjbN9Iq7VS6&u=U2FsdGVkX19nxvQTXkp55z0qC/2izg0xiehfFEYdWEDNxyaoMVdymNouLdS8fccu&y=U2FsdGVkX19NWjnIh5HgHo79er81ACzY80xbbH0ETqN8vY4DaXOLxhwoGjE9xMM9 HTTP/1.1" 200 26
152.203.144.131 - - [06/May/2023:16:11:00 -0500] "GET /kwssiamovil/sm/acme/a?s=U2FsdGVkX18D4Uld9Kk8aTuAp4r/1lMy+1wGfUGu5lEZs1KAFOc4X3Cmz46+uF6lLnn5I2GWpQYMUt3rgKQqq1tJ+qLJF/iN6VN2/6cXzqDRUXYLf7hU80Q8+kRH1lBtWJ1cirqL19w1gDEiam8H7xAtOod/yxSRbLxKpKUOrvIQVo/oAtJ00JOY9bGdJj/s9AnOZgkZbGSJjSAUV76wYQ==&u=U2FsdGVkX19nxvQTXkp55z0qC/2izg0xiehfFEYdWEDNxyaoMVdymNouLdS8fccu&y=U2FsdGVkX19NWjnIh5HgHo79er81ACzY80xbbH0ETqN8vY4DaXOLxhwoGjE9xMM9 HTTP/1.1" 200 26
201.244.227.217 - - [06/May/2023:16:11:00 -0500] "GET /BLA/resoluciones/index.php?dir=AUTOS+2017%2F HTTP/1.1" 200 468483
152.203.144.131 - - [06/May/2023:16:11:01 -0500] "GET /kwssiamovil/sm/acme/a?s=U2FsdGVkX181/5fxyGFymEi6yXiNjf5ZTSR24Qus/yrE0SnpKhXbp1WJILT3YPt3H4oynkCPicNhkAWpVdMqNXriq9DWtdA8ueiQPRZGXvmmulKQqo8qlCnkfZoVc4eNplvsAqrBiiCaclWVaX5G7HsSE8SeSFPphCRrqAJRVvflq7Igyl70d/vwQY4rlvyT&u=U2FsdGVkX19nxvQTXkp55z0qC/2izg0xiehfFEYdWEDNxyaoMVdymNouLdS8fccu&y=U2FsdGVkX19NWjnIh5HgHo79er81ACzY80xbbH0ETqN8vY4DaXOLxhwoGjE9xMM9 HTTP/1.1" 200 26
152.203.144.131 - - [06/May/2023:16:11:01 -0500] "GET /kwssiamovil/sm/acme/a?s=U2FsdGVkX18HGvL01XVrhJl5OTcwTHOwgjXjo4LuGU4z0tLXrJ0lEX7z7pzYjz+zS08btjj0X/dY0Al5rm5Ek9ZSSyo/8v525AIV6c03IcFrnZXkZXV04fBGrjnp2iTB6kIachxyuuasMrNM32LTXV+pSZ5/ygZ+k0SWP1rKa175ZiHgJ1JR/GPJavIpX9Gi9liowolRn6LvaG3bn0cS9g==&u=U2FsdGVkX19nxvQTXkp55z0qC/2izg0xiehfFEYdWEDNxyaoMVdymNouLdS8fccu&y=U2FsdGVkX19NWjnIh5HgHo79er81ACzY80xbbH0ETqN8vY4DaXOLxhwoGjE9xMM9 HTTP/1.1" 200 26
152.203.144.131 - - [06/May/2023:16:11:01 -0500] "GET /kwssiamovil/sm/acme/a?s=U2FsdGVkX1/pW/mrSCB0Hps3SDB6aXiWKl/XqKNGW4h0NtkOCdgiq8BVUsP5XoE2xa+b4wM9U+0kGGJn4NyNeEl1OnlEOOMycrbT6vGT5g4GDXDw7SwrfG6zeByPkGRr0NHWziCeXvho6UAmHf5uuSypJlT4eGBTTn3f+W60hGCQVOsbqFDSgzTnKcBAKpNU&u=U2FsdGVkX19nxvQTXkp55z0qC/2izg0xiehfFEYdWEDNxyaoMVdymNouLdS8fccu&y=U2FsdGVkX19NWjnIh5HgHo79er81ACzY80xbbH0ETqN8vY4DaXOLxhwoGjE9xMM9 HTTP/1.1" 200 26
186.29.180.89 - - [06/May/2023:16:11:48 -0500] "GET /BLA/resoluciones/index.php?dir=AUTOS+2017%2F HTTP/1.1" 200 468483
172.22.2.4 - - [06/May/2023:16:10:30 -0500] "HEAD /BLA/boletinlegal/ HTTP/1.1" 200 -
172.22.2.4 - - [06/May/2023:16:11:20 -0500] "GET /BLA/boletinlegal/ HTTP/1.1" 200 54808
216.245.221.92 - - [06/May/2023:16:13:18 -0500] "HEAD / HTTP/1.1" 200 -
191.156.144.18 - - [06/May/2023:16:15:32 -0500] "GET /galeria/galeria/jquery.fancybox.css?v=2.1.5 HTTP/1.1" 200 4895
191.156.148.194 - - [06/May/2023:16:15:32 -0500] "GET /BLA/boletinlegal/js/jquery.scrollShow.js HTTP/1.1" 200 4586
191.156.144.18 - - [06/May/2023:16:15:32 -0500] "GET /galeria/galeria/jquery.fancybox.js?v=2.1.5 HTTP/1.1" 200 48706
201.245.192.253 - - [06/May/2023:16:15:35 -0500] "POST /kwsrmcab/Wsrmcab  HTTP/1.1" 200 213
192.168.171.93 - - [06/May/2023:16:16:05 -0500] "GET / HTTP/1.1" 200 4720
192.168.171.93 - - [06/May/2023:16:16:05 -0500] "GET /js/url.js HTTP/1.1" 404 1294
192.168.171.93 - - [06/May/2023:16:16:05 -0500] "GET /css/bootstrap.min.css HTTP/1.1" 200 178212
192.168.171.93 - - [06/May/2023:16:16:05 -0500] "GET /css/style.css HTTP/1.1" 200 3473
192.168.171.93 - - [06/May/2023:16:16:05 -0500] "GET /fonts/icomoon/style.css HTTP/1.1" 200 79820
192.168.171.93 - - [06/May/2023:16:16:05 -0500] "GET /favicon.ico HTTP/1.1" 404 1294
191.102.224.199 - - [06/May/2023:16:16:12 -0500] "GET / HTTP/1.1" 200 4720
191.102.224.199 - - [06/May/2023:16:16:12 -0500] "GET /css/bootstrap.min.css HTTP/1.1" 200 178212
191.102.224.199 - - [06/May/2023:16:16:12 -0500] "GET /css/style.css HTTP/1.1" 200 3473
191.102.224.199 - - [06/May/2023:16:16:12 -0500] "GET /fonts/icomoon/style.css HTTP/1.1" 200 79820
191.102.224.199 - - [06/May/2023:16:16:12 -0500] "GET /js/url.js HTTP/1.1" 404 1294
192.168.171.93 - - [06/May/2023:16:17:06 -0500] "POST /procesar.php HTTP/1.1" 200 1027
172.22.2.4 - - [06/May/2023:16:16:20 -0500] "HEAD /BLA/boletinlegal/ HTTP/1.1" 200 -
179.125.164.227 - - [06/May/2023:16:18:01 -0500] "GET / HTTP/1.1" 200 319
216.245.221.92 - - [06/May/2023:16:18:18 -0500] "HEAD / HTTP/1.1" 200 -
191.156.182.226 - - [06/May/2023:16:18:44 -0500] "GET /galeria/galeria/jquery.fancybox.css?v=2.1.5 HTTP/1.1" 200 4895
191.156.182.226 - - [06/May/2023:16:18:45 -0500] "GET /BLA/boletinlegal/js/jquery.scrollShow.js HTTP/1.1" 200 4586
191.156.182.226 - - [06/May/2023:16:18:45 -0500] "GET /galeria/galeria/jquery.fancybox.js?v=2.1.5 HTTP/1.1" 200 48706
66.249.79.130 - - [06/May/2023:16:18:50 -0500] "-" 408 -
172.22.2.4 - - [06/May/2023:16:17:11 -0500] "GET /BLA/boletinlegal/ HTTP/1.1" 200 53561
192.168.171.93 - - [06/May/2023:16:19:10 -0500] "GET /con-actividades-pedagogicas-y-recorrido-interpretativo-bogota-conmemora-el-dia-internacional-de-los-anfibios.html HTTP/1.1" 200 964
186.155.18.80 - - [06/May/2023:16:19:21 -0500] "GET /con-actividades-pedagogicas-y-recorrido-interpretativo-bogota-conmemora-el-dia-internacional-de-los-anfibios.html HTTP/1.1" 200 964
186.155.18.80 - - [06/May/2023:16:19:21 -0500] "GET /images/img_0841-(2)_optimized.jpg HTTP/1.1" 200 56332
201.245.192.253 - - [06/May/2023:16:19:46 -0500] "POST /kwsrmcab/Wsrmcab HTTP/1.1" 200 43460
201.245.192.253 - - [06/May/2023:16:19:49 -0500] "POST /kwsrmcab/Wsrmcab HTTP/1.1" 200 43309
40.77.167.94 - - [06/May/2023:16:20:05 -0500] "GET /BLA/resoluciones/AUTOS%202013/3001.pdf HTTP/1.1" 200 356095
201.245.192.253 - - [06/May/2023:16:20:35 -0500] "POST /kwsrmcab/Wsrmcab  HTTP/1.1" 200 213
186.155.42.239 - - [06/May/2023:16:21:17 -0500] "GET /galeria/galeria/jquery.fancybox.css?v=2.1.5 HTTP/1.1" 200 4895
186.155.42.239 - - [06/May/2023:16:21:17 -0500] "GET /galeria/galeria/jquery.fancybox.js?v=2.1.5 HTTP/1.1" 200 48706
186.155.42.239 - - [06/May/2023:16:21:17 -0500] "GET /BLA/boletinlegal/js/jquery.scrollShow.js HTTP/1.1" 200 4586
186.29.180.89 - - [06/May/2023:16:22:20 -0500] "GET /BLA/resoluciones/index.php?dir=AUTOS+2017%2F HTTP/1.1" 200 468483
52.167.144.132 - - [06/May/2023:16:22:21 -0500] "-" 408 -
216.245.221.92 - - [06/May/2023:16:23:18 -0500] "HEAD / HTTP/1.1" 200 -
172.22.2.4 - - [06/May/2023:16:22:10 -0500] "HEAD /BLA/boletinlegal/ HTTP/1.1" 200 -
172.22.2.4 - - [06/May/2023:16:23:00 -0500] "GET /BLA/boletinlegal/ HTTP/1.1" 200 57561
191.156.62.71 - - [06/May/2023:16:25:21 -0500] "-" 408 -
191.156.51.22 - - [06/May/2023:16:25:21 -0500] "-" 408 -
201.245.192.253 - - [06/May/2023:16:25:34 -0500] "POST /kwsrmcab/Wsrmcab  HTTP/1.1" 200 213
66.249.79.130 - - [06/May/2023:16:25:50 -0500] "-" 408 -
66.249.70.213 - - [06/May/2023:16:26:11 -0500] "-" 408 -
191.156.149.174 - - [06/May/2023:16:26:30 -0500] "GET /con-actividades-pedagogicas-y-recorrido-interpretativo-bogota-conmemora-el-dia-internacional-de-los-anfibios.html HTTP/1.1" 206 964
191.156.149.174 - - [06/May/2023:16:26:30 -0500] "GET /images/img_0841-(2)_optimized.jpg HTTP/1.1" 206 56332
172.22.2.4 - - [06/May/2023:16:26:59 -0500] "GET /BLA/boletinlegal/favicon.ico HTTP/1.1" 404 1018
186.29.180.36 - - [06/May/2023:16:27:01 -0500] "GET /con-actividades-pedagogicas-y-recorrido-interpretativo-bogota-conmemora-el-dia-internacional-de-los-anfibios.html HTTP/1.1" 200 964
172.22.2.4 - - [06/May/2023:16:26:04 -0500] "GET /BLA/boletinlegal/ HTTP/1.1" 200 53114
172.22.2.4 - - [06/May/2023:16:26:29 -0500] "GET /BLA/boletinlegal/ HTTP/1.1" 200 48260
216.245.221.92 - - [06/May/2023:16:28:18 -0500] "HEAD / HTTP/1.1" 200 -
172.22.2.4 - - [06/May/2023:16:26:44 -0500] "GET /BLA/boletinlegal/ HTTP/1.1" 200 49754
172.22.2.4 - - [06/May/2023:16:28:00 -0500] "HEAD /BLA/boletinlegal/ HTTP/1.1" 200 -
201.245.192.253 - - [06/May/2023:16:29:46 -0500] "POST /kwsrmcab/Wsrmcab HTTP/1.1" 200 43460
186.29.180.89 - - [06/May/2023:16:29:48 -0500] "GET /BLA/resoluciones/index.php?dir=AUTOS+2018%2F HTTP/1.1" 200 457306
201.245.192.253 - - [06/May/2023:16:29:49 -0500] "POST /kwsrmcab/Wsrmcab HTTP/1.1" 200 43309
172.22.2.4 - - [06/May/2023:16:28:50 -0500] "GET /BLA/boletinlegal/ HTTP/1.1" 200 56287
201.245.192.253 - - [06/May/2023:16:30:34 -0500] "POST /kwsrmcab/Wsrmcab  HTTP/1.1" 200 213
66.249.70.207 - - [06/May/2023:16:31:47 -0500] "-" 408 -
216.245.221.92 - - [06/May/2023:16:33:18 -0500] "HEAD / HTTP/1.1" 200 -
172.22.2.4 - - [06/May/2023:16:33:36 -0500] "GET /BLA/boletinlegal/ HTTP/1.1" 200 51620
172.22.2.4 - - [06/May/2023:16:35:28 -0500] "GET /BLA/boletinlegal/Circulares/2022/CIRCULAR%20No.%2000009%20DEL%2010%20DE%20OCTUBRE%20DEL%202022.pdf HTTP/1.1" 200 292772
172.22.2.4 - - [06/May/2023:16:33:50 -0500] "HEAD /BLA/boletinlegal/ HTTP/1.1" 200 -
201.245.192.253 - - [06/May/2023:16:35:32 -0500] "POST /kwsrmcab/Wsrmcab  HTTP/1.1" 200 213
152.203.144.131 - - [06/May/2023:16:36:08 -0500] "OPTIONS /kwssiamovil/sm/setfile/f? HTTP/1.1" 200 13
152.203.144.131 - - [06/May/2023:16:36:08 -0500] "POST /kwssiamovil/sm/setfile/f? HTTP/1.1" 200 381
152.203.144.131 - - [06/May/2023:16:36:10 -0500] "OPTIONS /kwssiamovil/sm/setfile/f? HTTP/1.1" 200 13
152.203.144.131 - - [06/May/2023:16:36:10 -0500] "POST /kwssiamovil/sm/setfile/f? HTTP/1.1" 200 381
152.203.144.131 - - [06/May/2023:16:36:12 -0500] "OPTIONS /kwssiamovil/sm/setfile/f? HTTP/1.1" 200 13
152.203.144.131 - - [06/May/2023:16:36:12 -0500] "POST /kwssiamovil/sm/setfile/f? HTTP/1.1" 200 381
