45.238.181.242 - - [06/May/2023:12:22:50 -0500] "GET /kwssiamovil/sm/acme/a?s=U2FsdGVkX1+xOpg4/G6Eo6m91SvNUjMenNT34Q9NFO3wZmqzavywdfKmq08979ZMVXjrb1uxG7aGFetTLkL/wcf5r52tMaDwq8X3k0mKuC2oo2EXs93qzqRb5eOxkl6yfbmoObbzqM0m7ryeYdq1Pz06L1MzJCg93YdPWFTWsfx+EaY7ByIghR7fR813IdePjE6g464wkrpl6sSt8KnlmA==&u=U2FsdGVkX18n15HbGa6hm0w6qg+rYpHcfAaLbBpnXUc=&y=U2FsdGVkX19tz+zkhVYddXgKFeUjzM1MScw0eZfMIxk= HTTP/1.1" 200 26
45.238.181.242 - - [06/May/2023:12:22:50 -0500] "GET /kwssiamovil/sm/acme/a?s=U2FsdGVkX19HysyB/Q+EfL+gbGsivS21LTrBBoDJEgbwISvPUsfC5wdMDBNFsR1IiBlK2VZHJjifvuX83GGU4lxzu39iII+ey1W9Wl6NA88x7IGWt5kWot4AMjnfx7VnTy6mtHz5344VHJ1/5G6d+2EyTFwztnOWRyY5/QhrkwJc6TbAUig1hinBlgnZdeXKVmHlFe2JVXLQNstS0Wd/0A==&u=U2FsdGVkX18n15HbGa6hm0w6qg+rYpHcfAaLbBpnXUc=&y=U2FsdGVkX19tz+zkhVYddXgKFeUjzM1MScw0eZfMIxk= HTTP/1.1" 200 26
45.238.181.242 - - [06/May/2023:12:22:50 -0500] "GET /kwssiamovil/sm/acme/a?s=U2FsdGVkX1+uIWd23vvGR1Qh7z+p2jOHGnX4t40hcxtfkX1V7OMCxCrAyqICp3h1cj9a499qOlNClcjJqNCFxKx65Lfcxnlztnb8WmIR/wQ2Fzd1kMzq5JFol4po/tI412m1zUcdMJshT/a1RhXP99YK0UEBc+FYL0dxS13Gg+Q+RZMVqCWYoTPcrUHiWfPwGcC1WbDZVLjgmIcgN3zaQA==&u=U2FsdGVkX18n15HbGa6hm0w6qg+rYpHcfAaLbBpnXUc=&y=U2FsdGVkX19tz+zkhVYddXgKFeUjzM1MScw0eZfMIxk= HTTP/1.1" 200 26
45.238.181.242 - - [06/May/2023:12:22:51 -0500] "GET /kwssiamovil/sm/acme/a?s=U2FsdGVkX18ccHE3dAu3iZtcSsReRCrg+PtHq0R+Zzqi32TavQJJqIrRjEQlRnEPkd9G7RjlPAeQAvHABqpvIwbmTlgfyZwtXRdWPqfiJiPR8lUrgK1hYMsqcYdesLZYB22p0dj1YzU/A+KknUT2pFesgnj6vzhC0UeWDKhz7JBgwHv5INZfQ0eRU4yB8xDY2G8j+elIwe/qtAp1Opo3nA==&u=U2FsdGVkX18n15HbGa6hm0w6qg+rYpHcfAaLbBpnXUc=&y=U2FsdGVkX19tz+zkhVYddXgKFeUjzM1MScw0eZfMIxk= HTTP/1.1" 200 26
45.238.181.242 - - [06/May/2023:12:22:51 -0500] "GET /kwssiamovil/sm/acme/a?s=U2FsdGVkX18B+ls9JHn5T5FrCArgnvE9gyqh/WJpKw2DxvEqxzVrICXHt2Emz0x7QzUNdD9kBc/qfLNA2ynYeFxpnMjSL+hXSkf3GC8fMhiJxTL4a984Fu/ZmFCOWw5WCe+HaEdLjNypOzauKGf/NPE9oCabWdAkn0eWk2y8qDp3f5H7qlqCipSfWY3ZxIpM1/QQOSvONt53CnHTznR8CA==&u=U2FsdGVkX18n15HbGa6hm0w6qg+rYpHcfAaLbBpnXUc=&y=U2FsdGVkX19tz+zkhVYddXgKFeUjzM1MScw0eZfMIxk= HTTP/1.1" 200 26
45.238.181.242 - - [06/May/2023:12:22:51 -0500] "GET /kwssiamovil/sm/acme/a?s=U2FsdGVkX18hSiWLUjHvoesAVHTtLx4WJD2a5YbLmNMCAPS94CHQOG6nJ2z1hb6kSh+JCTFpCgalF4KSfAJiUdwL9CNeVQqEDV41fGG+CeDhHCBOCG/eLBSVG+a7UruJddlS98pRZfzEXCC2YwEEi5MOY7ovE0yycfTDxIf3bmb1HuVB2r1+kUu8XPfw+y2Sj6yHXgJh1k7KYJzqagfuFuQO/e8DNquJShn5dBKvPCo=&u=U2FsdGVkX18n15HbGa6hm0w6qg+rYpHcfAaLbBpnXUc=&y=U2FsdGVkX19tz+zkhVYddXgKFeUjzM1MScw0eZfMIxk= HTTP/1.1" 200 26
45.238.181.242 - - [06/May/2023:12:22:52 -0500] "GET /kwssiamovil/sm/acme/a?s=U2FsdGVkX18G7gSgDfMF5V7Jj6aweIcxnsAaV27bjlUJVAboaqSVIpNqqrD16PNz1xB18k45U8xWICUdCd0CplSLqujwYnUVzcIWDXpwY3fKEIsPvmfK6bCPUo64ErDWRrMwg/kiptPmXXe23HBaNUr51/kIDQvTr8EczpC9FSrh1zo+J5EC9kWJoCvC7QnnPIyUoUo6H9NH+XAKbMIoqw==&u=U2FsdGVkX18n15HbGa6hm0w6qg+rYpHcfAaLbBpnXUc=&y=U2FsdGVkX19tz+zkhVYddXgKFeUjzM1MScw0eZfMIxk= HTTP/1.1" 200 26
172.104.11.46 - - [06/May/2023:12:23:01 -0500] "GET / HTTP/1.1" 200 319
172.22.2.4 - - [06/May/2023:12:23:04 -0500] "GET /BLA/boletinlegal/actuator/health HTTP/1.1" 404 1018
216.245.221.92 - - [06/May/2023:12:23:18 -0500] "HEAD / HTTP/1.1" 200 -
172.22.2.4 - - [06/May/2023:12:22:58 -0500] "HEAD /BLA/boletinlegal/ HTTP/1.1" 200 -
172.22.2.4 - - [06/May/2023:12:23:49 -0500] "GET /BLA/boletinlegal/ HTTP/1.1" 200 57561
40.77.167.207 - - [06/May/2023:12:25:55 -0500] "GET /BLA/resoluciones/AUTOS%202023/0221.pdf HTTP/1.1" 200 472815
201.245.192.253 - - [06/May/2023:12:26:26 -0500] "POST /kwsrmcab/Wsrmcab  HTTP/1.1" 200 213
40.77.167.86 - - [06/May/2023:12:26:43 -0500] "GET /BLA/resoluciones/AUTOS%202021/1903.pdf HTTP/1.1" 200 350150
216.245.221.92 - - [06/May/2023:12:28:18 -0500] "HEAD / HTTP/1.1" 200 -
40.77.167.86 - - [06/May/2023:12:29:17 -0500] "GET /BLA/resoluciones/AUTOS%202019/3839.pdf HTTP/1.1" 200 271874
201.245.192.253 - - [06/May/2023:12:29:47 -0500] "POST /kwsrmcab/Wsrmcab HTTP/1.1" 200 40831
201.245.192.253 - - [06/May/2023:12:29:50 -0500] "POST /kwsrmcab/Wsrmcab HTTP/1.1" 200 43306
172.22.2.4 - - [06/May/2023:12:28:48 -0500] "HEAD /BLA/boletinlegal/ HTTP/1.1" 200 -
172.22.2.4 - - [06/May/2023:12:29:39 -0500] "GET /BLA/boletinlegal/ HTTP/1.1" 200 55934
201.245.192.253 - - [06/May/2023:12:31:25 -0500] "POST /kwsrmcab/Wsrmcab  HTTP/1.1" 200 213
186.102.86.180 - - [06/May/2023:12:31:59 -0500] "GET /kwssiamovil/sm/acme/a?s=U2FsdGVkX1+5uACe4TkmF3q10Xh5omoWBPNzSm7R8yzda0/1gMF6XjrDD+QJyayK3Z09Vk6JWcqY1lSSTmcfPGZxxxf9d0xWLfi4KfsW/v5I8tb58xk8EjGwIWRCdtXqcIyuJgo/yMoAOqUAhLHakATO88z+5w7ql7iBmXVqjudsVeQW6J3LGE9bpjQyNOZgSVRYuw6m8x6BpTLgPV62MkkBuF70Bzg0oYQAj6lHwEx0eiNx3WVqbh5yZ3UGykhuI5arcX9E6JGgrev8vLhoag==&u=U2FsdGVkX1/5h6Is6jXCZpuf+QGPpSnf+BFM4t3pX6E=&y=U2FsdGVkX1+k/JpiU8XoPcvujyZw0HUyBv4QT4hdnHaI0crdnU6bX5sVMtOnshnQ HTTP/1.1" 200 26
186.102.86.180 - - [06/May/2023:12:32:02 -0500] "GET /kwssiamovil/sm/acme/a?s=U2FsdGVkX1/YlDaw+ctIZChQiBw594iPhcyU1SlLPR1Qdj3s5jVkL1pFYKw/zmF+jd34AD/pBKT3IDYhtHMlBUw7faQrMLgSQOPaVYYOhkF+6SC3AwFcZT/Ziep3iVX+b/ZHI42GGMYkEDwXMfopy4i3KvyYJM8t57HCdS07rwVGoqt12dyiZMM4SD6cMTrmqDVmCyvwq1lr1CB5+Ye4Bu4ibpCVDcUj/ef1GogkkAu5RYjQUYRbbPw551olG4g4FuT7gEyzs2gxi7MjxFVVXGYiEuygq9aes4nhnqocEsTdXuZyUzmkCrnNs7TgTQ0tNw6a9chpk1wIDN7mVaD8xSOuNlnznrQFA4WdhrFyMulY3D+hafRRJht+JsD96FDWktTnw1M9pLp2GJDKqYRc/ZIZsE5N1kSorz4KPNWFZZZHocW1gi0fpHRB44BE1QgVe6IRlR8KMEydt1G4cdGOlrezzioHKt3f+rfcQUWmUSJJtx0pS9RiO74BdjGQThMcwmmFfj75FnT2kleu8HtmBKN2+4g6Whp3JX/LFs0dNaCd5xxw+Aw8OhE75i7p1CGU8xg0mKzmV112rmoDh4nQ4qZLBJfZDVDUFqcRTmMQTauogP2FWQzirrJpvwFFHaLzgKlWIbcJyul/gfN74FTqZ8N/0a1Nn4rLee+M4VWvRS1st9TfSikfhmLZB35tH5e13JDwvvX2a8/njeP5K/iTWij+AV3usjZDrrCnTAPk6p3+s8PbNJP8hTkutBvRIOGLd9N93fEyho6DMFNu2FucV2goRTHYyF7k/aNf5fjgQXtPuMKFltR5scsYyZL8wcJrLVfnQo2PWX8u2r8Hl+/QLju7g9CTP+VHE2mOt+eNS1l7NL2+tDh1RYcPF3rVzCdUQ1SuBxFk9xQt8x9HJygTGKDmVkMJQO4n38vW92QXVYMKId3h1JumUmJNpkv4rewAK/Juxl+4YpLvSHInRtSK0WpsaETvfHrMQJw7saiXwrgz0KbBdW8sTajHZIwQtejSH6fR1GxXx0vkfZW4QETfCEMGrSBKkFY/CWcVU+HvpvUqiIjZzNWuOZ10pafskicpcbhx/Ve5z9mxUfI1myLRqiLFcTX9xOGJbLe5GSWjhLk6QTePrJcambyXtaVdWAYqYDWE9TTfaI8H6QWv6/EaXBdjonRuJicBv8nVaAjKsOkH9ZlfowwICMrTVHXhqV9QzbWIMjWvBUWOdCWo0D7fNXP6+Tm2ANosA76bdZTQxyVoR6DONB/dN9LJs2LB0RZou/t1Gl20MCKf8VMI3ZGjKWtb/qx/Vv2m6JoEcKUplJ1lcOVmf4sVRkC+Vlgp1VkOWhPnOTq4QMIiGNg6f46e15J42SX5bGrK18FxyNxz+cQ9EM0jA/kEdm8n+Gip3tdAG5FSPE8UxkPEn6p+v2Kr9rVexlJk/rgqpRPbJv0JnVBh/jUZR3hCR6eCuWE7tA8jFeWxrKG/rcvrQ6YJBPnMisUTUW5b24OBFDtVUizPMtzjEsCraPoJH9PiLVitxy4P+LPsTLMFFy4IU6oNWPW+KGAVT+PwJLTHtukdw+yUwgJy0aiOpHI7vNDMuNdqxcTRFSPseSeK4TRBaq1rDQblwN3GZFXxgvnvbGypA7yibf2pIK1XN85X6oygFQwWG7zfK/TtL2e6MAtehLeN9m4MNy2R8H566DOYw4W6+eHNZNHWsOpgYA9WUD7g0xU3V/eTNJxPiQnlM9iP4GlZEY17fa22Ks0+Q/fqM63Hs0rWoVdoU9y4oX8N17XN1bH2hfo2XY2hZlLtTt+T8CsQHSnDXgK5GNngkw+gbSB3eX/8Qq6RmFJlJi+Hqr9sJsv0mqjoFW4TK9HtJFyTL1Jhs7OVBbzan24RsmKcbUyc10rYHsNde3FxHbZ3C9eiXTA6Fe8NKodbYR7BEJz4PFsgpYSVgTAr1GBH2z2nLbONdT/Y5C8jjbMD27YynhDmkx0DgN1P20Ai9drFJn+1NmOfTnwt71/0QqZTNh+vWt8phsJ2IENwHXeNMzxcmvCM4XbdfGYt3fAXNKZrTmqGlyLT0z7MxVIPnx3ufGh1aZc/jPpKlNo=&u=U2FsdGVkX1/5h6Is6jXCZpuf+QGPpSnf+BFM4t3pX6E=&y=U2FsdGVkX1+k/JpiU8XoPcvujyZw0HUyBv4QT4hdnHaI0crdnU6bX5sVMtOnshnQ HTTP/1.1" 200 26
186.102.86.180 - - [06/May/2023:12:32:05 -0500] "GET /kwssiamovil/sm/acme/a?s=U2FsdGVkX1+4ogZ4iywLy06LrUcmg/HU+aXs55tBJXdlXRC++O6qhmx9ppCKk876WueZuk++68QUfKePp4f4H0MR+OW3+PUrpsPCWHzhH5UkFbyCa2e/IfQI26KVxLQ/glIZptoLj2AXVr7cdizEWJ2ljfBowIiLfU9bunIrk7Q=&u=U2FsdGVkX1/5h6Is6jXCZpuf+QGPpSnf+BFM4t3pX6E=&y=U2FsdGVkX1+k/JpiU8XoPcvujyZw0HUyBv4QT4hdnHaI0crdnU6bX5sVMtOnshnQ HTTP/1.1" 200 26
186.102.86.180 - - [06/May/2023:12:32:08 -0500] "GET /kwssiamovil/sm/acme/a?s=U2FsdGVkX19hzS0n+wf28tqkASkXgWNegiR72N94hEjEZ8uKzRUp2+GuMRfelC2juD7RdpSqTagfNdOVlcq7mrcFH/8iya+sMzDjDxhuh05HoNZWRSB5oRpc/IGdFr7zmLInJYw4z32vB5S1i+ZY2ng7RIbs5n5ScVkpYIQx8Ow=&u=U2FsdGVkX1/5h6Is6jXCZpuf+QGPpSnf+BFM4t3pX6E=&y=U2FsdGVkX1+k/JpiU8XoPcvujyZw0HUyBv4QT4hdnHaI0crdnU6bX5sVMtOnshnQ HTTP/1.1" 200 26
186.102.86.180 - - [06/May/2023:12:32:11 -0500] "GET /kwssiamovil/sm/acme/a?s=U2FsdGVkX1+YKDGW0ZApg76eEtWi4NUb7BcVds15WdiIFl4akzX+e87I6z3Hru4EvbiUeQ1OHZD+BVRnxSF3STMk3Be8MDojIuHKOpv4eXE7lOrJIoFlfF7XmNHeqet87ntL26hMk2+7pTtZl71e5dLzKckCKOBZ+9wWdmacgFA=&u=U2FsdGVkX1/5h6Is6jXCZpuf+QGPpSnf+BFM4t3pX6E=&y=U2FsdGVkX1+k/JpiU8XoPcvujyZw0HUyBv4QT4hdnHaI0crdnU6bX5sVMtOnshnQ HTTP/1.1" 200 26
186.102.86.180 - - [06/May/2023:12:32:15 -0500] "GET /kwssiamovil/sm/acme/a?s=U2FsdGVkX19l01yVE0ZDY8IJrKzgPwioCYQrb9kTj2PLSBOgCA8ezyQ0O8eBtiWDUs3u2F4e4FhMYP88RaJuj8UC2RbXG9GTZJ/oC+7YaOJRpPzF122nXTao1VdaU5xRIGJ9Xdc/ZBv+QXKlBRPQRiPvds9LFNzbVQopPog0fRi1OMemfAuJgCToPevcYtyv4ZwaU0KEI4eWi4CPoKF4Jg==&u=U2FsdGVkX1/5h6Is6jXCZpuf+QGPpSnf+BFM4t3pX6E=&y=U2FsdGVkX1+k/JpiU8XoPcvujyZw0HUyBv4QT4hdnHaI0crdnU6bX5sVMtOnshnQ HTTP/1.1" 200 26
40.77.167.207 - - [06/May/2023:12:33:07 -0500] "GET /sipse/faces/presentacion/sistema/anexos/cargarAnexoSolicitudProceso.xhtml HTTP/1.1" 302 -
40.77.167.207 - - [06/May/2023:12:33:08 -0500] "GET /sipse/faces/autenticacion.xhtml HTTP/1.1" 200 12177
216.245.221.92 - - [06/May/2023:12:33:18 -0500] "HEAD / HTTP/1.1" 200 -
34.171.177.143 - - [06/May/2023:12:34:47 -0500] "GET /galeria/galeria/fotos/Humedal-la-conejera2P.jpg HTTP/1.1" 200 31007
172.22.2.4 - - [06/May/2023:12:34:38 -0500] "HEAD /BLA/boletinlegal/ HTTP/1.1" 200 -
201.245.192.253 - - [06/May/2023:12:36:22 -0500] "POST /kwsrmcab/Wsrmcab  HTTP/1.1" 200 213
172.22.2.4 - - [06/May/2023:12:35:29 -0500] "GET /BLA/boletinlegal/ HTTP/1.1" 200 59306
216.245.221.92 - - [06/May/2023:12:38:18 -0500] "HEAD / HTTP/1.1" 200 -
201.245.192.253 - - [06/May/2023:12:39:47 -0500] "POST /kwsrmcab/Wsrmcab HTTP/1.1" 200 40831
201.245.192.253 - - [06/May/2023:12:39:49 -0500] "POST /kwsrmcab/Wsrmcab HTTP/1.1" 200 43306
66.249.70.213 - - [06/May/2023:12:41:14 -0500] "-" 408 -
201.245.192.253 - - [06/May/2023:12:41:21 -0500] "POST /kwsrmcab/Wsrmcab  HTTP/1.1" 200 213
54.215.207.73 - - [06/May/2023:12:42:01 -0500] "GET /galeria/galeria/fotos/Humedal-Vaca3P.jpg HTTP/1.1" 200 38460
172.22.2.4 - - [06/May/2023:12:40:28 -0500] "HEAD /BLA/boletinlegal/ HTTP/1.1" 200 -
199.16.157.180 - - [06/May/2023:12:42:45 -0500] "GET /images/Sello%201%20-2-2.jpg HTTP/1.1" 200 81559
172.22.2.4 - - [06/May/2023:12:41:19 -0500] "GET /BLA/boletinlegal/ HTTP/1.1" 200 59306
216.245.221.92 - - [06/May/2023:12:43:18 -0500] "HEAD / HTTP/1.1" 200 -
186.102.35.85 - - [06/May/2023:12:44:34 -0500] "OPTIONS /kwssiamovil/sm/setfile/f? HTTP/1.1" 200 13
173.252.111.7 - - [06/May/2023:12:44:36 -0500] "GET /images/Adopcion-gatos-y-perros-en-bogota-abril-23.jpeg HTTP/1.1" 200 68661
186.102.35.85 - - [06/May/2023:12:44:34 -0500] "POST /kwssiamovil/sm/setfile/f? HTTP/1.1" 200 381
186.102.35.85 - - [06/May/2023:12:44:38 -0500] "OPTIONS /kwssiamovil/sm/setfile/f? HTTP/1.1" 200 13
186.102.35.85 - - [06/May/2023:12:44:38 -0500] "POST /kwssiamovil/sm/setfile/f? HTTP/1.1" 200 381
173.252.111.20 - - [06/May/2023:12:44:43 -0500] "GET /images/WhatsApp%20Image%202023-04-05%20at%2013.54.41.jpeg HTTP/1.1" 200 210747
173.252.111.10 - - [06/May/2023:12:44:43 -0500] "GET /images/Fauna-silvestre-jornada-sensibilizacion-semana-santa.jpeg HTTP/1.1" 200 50019
186.102.35.85 - - [06/May/2023:12:44:49 -0500] "GET /kwssiamovil/sm/acme/a?s=U2FsdGVkX1/+pb5WIG/FXix4lDzefRBUnEG7eW3xZfUuSTUIu95lQnF+d0SE50ZG4/3uDNJqtGD518QtsSrLTE2Elm5eERDuP/kTXZIKihJmr+umfT0RNvbzZqL+tRgK45yG/bAggNUysNprkdyAslfBt3pE8DaUK6ytBjc53c8kJIp5jnpi4JGmv7JSAHkT4PBqMmTAKr9hVw1fqkxoTaLTH9eS67Ex2dr8TsZ9Ka9qKUq7PkvSY7ZUtjBtFmYh1OH+LrAzBM7+ML7ltVrPVA==&u=U2FsdGVkX1/GUE/+N7mcBIaXaRKE7zb4C9pAQro7bhhe+iJV/RVhyZeTbFgGHGvM&y=U2FsdGVkX1+Hks1W6BWf+4LS6OCovMIW7GWs1WjqLlBUrWUHHhw1V0aKZwvNIBrZ HTTP/1.1" 200 26
186.102.35.85 - - [06/May/2023:12:44:49 -0500] "GET /kwssiamovil/sm/acme/a?s=U2FsdGVkX1+1oQtnZKb/F86qVgwpNvEZ+3ZHHBHJvtb+tEHb7ddG1R8IC8wyLnu86ZANn8Jkb2HWlvBwuevho/ZDm3MJnNiq7JD5taEcgjxytiex0tcs4VLLG2WAu22M/g5iKZ5c++vnA+o2THRcV/+KYvEcRTcM48g0ZSrYxMdTIJ26vm4RCWH0+AeULFKdGfNgZ0/rA5QBsfPp2hSOSWq0fMUOKn8AoiSP5PIRa9GgVezhR/lh+qh2X0+oomfjrOspPqFe9bpEjyseNtrfgOKFDY/gK8IOz/EQsHwhN7I0lrAbdEnnjgMvw6Ovr3a2PVIpddZDvYImGWoMmJ85X/k0XqxbAvU9lIKA3AU6OlNAVSmngoRtHb1rjPlJz18CHjtuGhAKLZkAYIC1OFb+9sh8nxZKP8NZU9+py3y7HFoRR1OVC/9i0TziPnTkBfWlxy5qsr9JaOzSvxArY07F+f/XHGepydJVLGEXR+YJqNPFFn9uPhYngwwDARbw7TuKbKHcfQg5ocEAT6KFIi23i8QbwViJkR9yUhAd/kTZBy/DfcnO1O2C8fzPnVkrbMyjhSGa3lV7pgUVs8zvz8OXtPTBlS6ahH+jn6xyEYQb6ZP1t5fxXu1GZEhLnOre3nS9wGVAYwPgfLkvgjOeL8JR8HJLQ+Lxgs0Tl/rLaOGn5s7UWyqn9mg+1Z0RTnKqDn7fqeLcaWsHxBALqCvb2MqwOA6LbjZJqxbMsetTt7HsbEstVJP8lNMrjPo40L+vL4OICcIrKI8C51oWhrZDjEiIlYcomuKRu2zzIS3IwhHLCzGApzgGV1/8nz285jRsEjcvuf1fCDv8X5RmJHm6Fvnp1CAP0oMAuN0dqQKZuDRWyYb0NfyAb2BG2B2dMQFGum1JXERF76P+dfXYdXZ/FuU6MC+bf1jF0lVpxeJTOi3Rbbd4WV0GqtBmTSXLMigALK60gvr8DcR5/WZt7TtBe/hzN9/KCf32bqPjmcXQ4xuCg8l3en4/uQH0w5EuTlGvfqwKBVsXujkO7/Atn6O3EaKn+2cIb/nldGwcK0LJ9qBXd0Ml52eKzFgyFIiBe6/KnCE7yUa2sBVvudReyz0gcyx2vCzsqrkPR1+HXgNIxb8r0KYcl33NzMtXS/WEdDGIPJvUaryg5koJvSOJc1fJazDrpFYN17nEHCHKNQE22KRM+T/uu7694ydvHQTWGMOVp3GQ23X033pT1kmOjF5bRpxor8sLJ7M46Mc4U5Mii7FCmqcljd+EQiL+JdOpLrtzoFZsLllzjXyBHoxpAUlvw4eWzW/M7rJbtjVssxHacmQQa2v08RDgxya/yPN/agbkbyiBuuRALhVcNGOj2boauXlyIasECxO5iC0UcuOLY7U2zho=&u=U2FsdGVkX1/GUE/+N7mcBIaXaRKE7zb4C9pAQro7bhhe+iJV/RVhyZeTbFgGHGvM&y=U2FsdGVkX1+Hks1W6BWf+4LS6OCovMIW7GWs1WjqLlBUrWUHHhw1V0aKZwvNIBrZ HTTP/1.1" 200 26
186.102.35.85 - - [06/May/2023:12:44:49 -0500] "GET /kwssiamovil/sm/acme/a?s=U2FsdGVkX1+RIE+pubntJZujI/e3kEGmGm9dSlrFOZvFWgHqCIY33Sh036f7AqN+8U9FjofeMgx8uP9Rjtj3uZzdlys22RaWa5VDfEDYR/e6sQnlD5m5AFjbHe+oqrNlAozNWt8ddX4SxNfAKXHmxSkhEVuLZ7s5K0qrCXddOHU=&u=U2FsdGVkX1/GUE/+N7mcBIaXaRKE7zb4C9pAQro7bhhe+iJV/RVhyZeTbFgGHGvM&y=U2FsdGVkX1+Hks1W6BWf+4LS6OCovMIW7GWs1WjqLlBUrWUHHhw1V0aKZwvNIBrZ HTTP/1.1" 200 26
186.102.35.85 - - [06/May/2023:12:44:50 -0500] "GET /kwssiamovil/sm/acme/a?s=U2FsdGVkX19PTreBIp2zq1wOS5ATUN0bi3GcWDC8kwbX/HFF8nzPPUSOnyJpbCPnukY0FvmIqhndgEgxZm/VU96+rkU7HcOLXsuL6ymM1V52LeA6gZpRkios5y8KJMmD1nx+N5X7Jeday58ewajuTxF4ejP5lXmG1CWaDYyHf8E=&u=U2FsdGVkX1/GUE/+N7mcBIaXaRKE7zb4C9pAQro7bhhe+iJV/RVhyZeTbFgGHGvM&y=U2FsdGVkX1+Hks1W6BWf+4LS6OCovMIW7GWs1WjqLlBUrWUHHhw1V0aKZwvNIBrZ HTTP/1.1" 200 26
186.102.35.85 - - [06/May/2023:12:44:50 -0500] "GET /kwssiamovil/sm/acme/a?s=U2FsdGVkX18vck39aHkrkfLFZ6MHA8YKwjUU+eY6OmX+081H5QZ9IMJ5iD2iYz7U6cXweyjGh1xzlTj/k7IWRpEzRsm86qwLIKM9J0mtaw7q2kLhWB9vzld6Tm6bQjNOXZvfJ7BysaEvrgp4zA1jybhA7m3u8OjVh22unSSIxHo=&u=U2FsdGVkX1/GUE/+N7mcBIaXaRKE7zb4C9pAQro7bhhe+iJV/RVhyZeTbFgGHGvM&y=U2FsdGVkX1+Hks1W6BWf+4LS6OCovMIW7GWs1WjqLlBUrWUHHhw1V0aKZwvNIBrZ HTTP/1.1" 200 26
186.102.35.85 - - [06/May/2023:12:44:50 -0500] "GET /kwssiamovil/sm/acme/a?s=U2FsdGVkX1/NhNmFsIFpdj4RQCdvKfjdo42pMAgB1hpgJbaTR/+hdcXGFOgQEd+T45TGm4yfrQ0mLv2hN/CCSqHB0yeBsEal5xz521KnSiv00irDW9o71UUnNnm+ajc5BtxPn1IiyNT/Y0apt8IhH2M2kjDCOx9Zz910rc2UuzXjMvDS/uLFnMv8uajP2yRo1Hubpxa9g5wLBpgoPOdhdA==&u=U2FsdGVkX1/GUE/+N7mcBIaXaRKE7zb4C9pAQro7bhhe+iJV/RVhyZeTbFgGHGvM&y=U2FsdGVkX1+Hks1W6BWf+4LS6OCovMIW7GWs1WjqLlBUrWUHHhw1V0aKZwvNIBrZ HTTP/1.1" 200 26
186.102.35.85 - - [06/May/2023:12:44:50 -0500] "GET /kwssiamovil/sm/acme/a?s=U2FsdGVkX18IURTdcaNm9ebeWZY8JN4Gbyx/Rmi8D6CtbNQN4FJD5/v9RJiVuCA+V/7A89EDOYuAeau/L2RaTWtEoQW20nRiY5S9Il7OwlFSfaWq0aDO/xwcqPHVVUUcAGbyPYY5TilRhmM5ksGEwPvmJyFm4Oi1h1eO+UwemTGDH4BQ9UPL2y1LMnkUv3gyLUL/lwEaQpXlG8IwWIWc4g==&u=U2FsdGVkX1/GUE/+N7mcBIaXaRKE7zb4C9pAQro7bhhe+iJV/RVhyZeTbFgGHGvM&y=U2FsdGVkX1+Hks1W6BWf+4LS6OCovMIW7GWs1WjqLlBUrWUHHhw1V0aKZwvNIBrZ HTTP/1.1" 200 26
186.102.35.85 - - [06/May/2023:12:44:51 -0500] "GET /kwssiamovil/sm/acme/a?s=U2FsdGVkX19/ICdFT/XkJRMdk3wRiBN4z1Hu4oTiJV5PYlymts66bymAcTbBi3tXHKh+V7LO/88J23zpywfOuo81DDsclaKiBVsTLAVTd243X/HQYsjFmJY17TUNgY3OYLxWCmdUdH4s3oYI3ip0u34vwsDluu6TCOvJYYlKEWrjBqGLYh7UaC+JUIAneJuR&u=U2FsdGVkX1/GUE/+N7mcBIaXaRKE7zb4C9pAQro7bhhe+iJV/RVhyZeTbFgGHGvM&y=U2FsdGVkX1+Hks1W6BWf+4LS6OCovMIW7GWs1WjqLlBUrWUHHhw1V0aKZwvNIBrZ HTTP/1.1" 200 26
186.102.35.85 - - [06/May/2023:12:44:51 -0500] "GET /kwssiamovil/sm/acme/a?s=U2FsdGVkX1/Y16deYZGXRtuVckt6zI/rvoS0vjCevwYmfpiY2b3dZF3uWPCxtKQFNCt8/LJHh3RcrsHiEBWpIT5OSxEQkhsUqhA5+rQc9x+5YjU6BrBkJ58Ml9n/6Ccovi/IDluNlmfPHZjTumo5/sWzp3M3+/4OteE9m5xEziH7j4MNRxwpujwDy0D8P9XytwBN+fGtO23CaC9ioCnFgw==&u=U2FsdGVkX1/GUE/+N7mcBIaXaRKE7zb4C9pAQro7bhhe+iJV/RVhyZeTbFgGHGvM&y=U2FsdGVkX1+Hks1W6BWf+4LS6OCovMIW7GWs1WjqLlBUrWUHHhw1V0aKZwvNIBrZ HTTP/1.1" 200 26
186.102.35.85 - - [06/May/2023:12:44:51 -0500] "GET /kwssiamovil/sm/acme/a?s=U2FsdGVkX1/JfIDPU52z8uMUlgsuq82f9rmCEkMCISVbTlMt5F5naFO+2MPdAa2/zx/qPOgmPjO9Sj2Qynag8mhBaOZmsxv70Hd3gGdXk8HSg0Fopk+kZMxq73thF4z5jh7NmjCZD8Bhf9PP2+OLmVZPfzZT8bw/NSu1nKykG1miMJhMeX8isOYnqziqiJHJ&u=U2FsdGVkX1/GUE/+N7mcBIaXaRKE7zb4C9pAQro7bhhe+iJV/RVhyZeTbFgGHGvM&y=U2FsdGVkX1+Hks1W6BWf+4LS6OCovMIW7GWs1WjqLlBUrWUHHhw1V0aKZwvNIBrZ HTTP/1.1" 200 26
191.156.144.179 - - [06/May/2023:12:45:25 -0500] "GET /galeria/galeria/jquery.fancybox.css?v=2.1.5 HTTP/1.1" 200 4895
190.90.132.242 - - [06/May/2023:12:46:19 -0500] "GET /galeria/galeria/jquery.fancybox.css?v=2.1.5 HTTP/1.1" 200 4895
190.90.132.242 - - [06/May/2023:12:46:19 -0500] "GET /BLA/boletinlegal/js/jquery.scrollShow.js HTTP/1.1" 200 4586
190.90.132.242 - - [06/May/2023:12:46:19 -0500] "GET /galeria/galeria/jquery.fancybox.js?v=2.1.5 HTTP/1.1" 200 48706
201.245.192.253 - - [06/May/2023:12:46:20 -0500] "POST /kwsrmcab/Wsrmcab  HTTP/1.1" 200 213
17.246.15.156 - - [06/May/2023:12:47:31 -0500] "-" 408 -
172.22.2.4 - - [06/May/2023:12:46:18 -0500] "HEAD /BLA/boletinlegal/ HTTP/1.1" 200 -
216.245.221.92 - - [06/May/2023:12:48:18 -0500] "HEAD / HTTP/1.1" 200 -
172.22.2.4 - - [06/May/2023:12:47:09 -0500] "GET /BLA/boletinlegal/ HTTP/1.1" 200 57561
173.252.95.24 - - [06/May/2023:12:48:59 -0500] "GET /empresas-con-impacto-ambiental-positivo-unanse-a-la-edicion-2023-de-negocios-verdes-mas-cerca-de-ti.html HTTP/1.1" 206 878
201.245.192.253 - - [06/May/2023:12:51:19 -0500] "POST /kwsrmcab/Wsrmcab  HTTP/1.1" 200 213
216.245.221.92 - - [06/May/2023:12:53:18 -0500] "HEAD / HTTP/1.1" 200 -
172.22.2.4 - - [06/May/2023:12:52:08 -0500] "HEAD /BLA/boletinlegal/ HTTP/1.1" 200 -
172.22.2.4 - - [06/May/2023:12:52:59 -0500] "GET /BLA/boletinlegal/ HTTP/1.1" 200 53114
201.245.192.253 - - [06/May/2023:12:56:17 -0500] "POST /kwsrmcab/Wsrmcab  HTTP/1.1" 200 213
172.22.2.4 - - [06/May/2023:12:56:24 -0500] "GET /BLA/boletinlegal/actos.php HTTP/1.1" 200 9682
172.22.2.4 - - [06/May/2023:12:56:25 -0500] "GET /BLA/boletinlegal/favicon.ico HTTP/1.1" 404 1326
201.244.199.152 - - [06/May/2023:12:56:27 -0500] "GET /BLA/resoluciones/ HTTP/1.1" 200 13502
201.244.199.152 - - [06/May/2023:12:56:34 -0500] "GET /BLA/resoluciones/index.php?dir=AUTOS+2015%2F HTTP/1.1" 200 581886
201.244.199.152 - - [06/May/2023:12:56:47 -0500] "GET /BLA/resoluciones/AUTOS%202015/5355.pdf HTTP/1.1" 200 651938
186.82.254.223 - - [06/May/2023:12:57:00 -0500] "GET /BLA/resoluciones/RESOLUCIONES%202022/3872.pdf HTTP/1.1" 200 390530
186.82.254.223 - - [06/May/2023:12:57:01 -0500] "GET /favicon.ico HTTP/1.1" 200 7782
40.77.167.94 - - [06/May/2023:12:57:51 -0500] "GET /appsia/controlador HTTP/1.1" 200 4799
40.77.167.94 - - [06/May/2023:12:57:52 -0500] "GET /Publicaciones/2022EE185577.pdf HTTP/1.1" 404 228
40.77.167.94 - - [06/May/2023:12:57:52 -0500] "GET /Autoliquidacion/index.php?dir=Solicitudes+relacionadas+con+ocupaci%F3n+de+cauce%2F HTTP/1.1" 200 2870
40.77.167.207 - - [06/May/2023:12:58:11 -0500] "GET /Autoliquidacion/dlf/styles.css HTTP/1.1" 200 3045
216.245.221.92 - - [06/May/2023:12:58:18 -0500] "HEAD / HTTP/1.1" 200 -
186.84.90.37 - - [06/May/2023:12:58:47 -0500] "POST /sipse/faces/presentacion/financiero/solicitudProceso/consultarSolicitudProceso.xhtml HTTP/1.1" 302 -
186.84.90.37 - - [06/May/2023:12:58:47 -0500] "GET /sipse/faces/autenticacion.xhtml HTTP/1.1" 200 1099
186.84.90.37 - - [06/May/2023:12:58:47 -0500] "POST /sipse/faces/presentacion/financiero/solicitudProceso/consultarSolicitudProceso.xhtml HTTP/1.1" 302 -
186.84.90.37 - - [06/May/2023:12:58:47 -0500] "GET /sipse/faces/autenticacion.xhtml HTTP/1.1" 200 1099
186.84.90.37 - - [06/May/2023:12:58:47 -0500] "POST /sipse/faces/presentacion/financiero/solicitudProceso/consultarSolicitudProceso.xhtml HTTP/1.1" 302 -
186.84.90.37 - - [06/May/2023:12:58:47 -0500] "GET /sipse/faces/autenticacion.xhtml HTTP/1.1" 200 1099
186.84.90.37 - - [06/May/2023:12:59:17 -0500] "GET /sipse/faces/index.xhtml HTTP/1.1" 200 677
186.84.90.37 - - [06/May/2023:12:59:17 -0500] "GET /sipse/faces/javax.faces.resource/theme.css?ln=primefaces-sipse HTTP/1.1" 304 -
186.84.90.37 - - [06/May/2023:12:59:17 -0500] "GET /sipse/faces/faces/autenticacion.xhtml HTTP/1.1" 200 12177
186.84.90.37 - - [06/May/2023:12:59:18 -0500] "GET /sipse/faces/javax.faces.resource/theme.css?ln=primefaces-sipse HTTP/1.1" 304 -
186.84.90.37 - - [06/May/2023:12:59:18 -0500] "GET /sipse/faces/javax.faces.resource/layout/layout.css?ln=primefaces&v=4.0 HTTP/1.1" 304 -
186.84.90.37 - - [06/May/2023:12:59:18 -0500] "GET /sipse/faces/javax.faces.resource/primefaces.js?ln=primefaces&v=4.0 HTTP/1.1" 304 -
186.84.90.37 - - [06/May/2023:12:59:18 -0500] "GET /sipse/faces/javax.faces.resource/jquery/jquery-plugins.js?ln=primefaces&v=4.0 HTTP/1.1" 304 -
186.84.90.37 - - [06/May/2023:12:59:18 -0500] "GET /sipse/faces/javax.faces.resource/primefaces.css?ln=primefaces&v=4.0 HTTP/1.1" 304 -
186.84.90.37 - - [06/May/2023:12:59:18 -0500] "GET /sipse/css/custom_css_sg.css HTTP/1.1" 304 -
186.84.90.37 - - [06/May/2023:12:59:18 -0500] "GET /sipse/faces/javax.faces.resource/jquery/jquery.js?ln=primefaces&v=4.0 HTTP/1.1" 304 -
186.84.90.37 - - [06/May/2023:12:59:18 -0500] "GET /sipse/css/custom_css_sg_prime_login.css HTTP/1.1" 304 -
186.84.90.37 - - [06/May/2023:12:59:18 -0500] "GET /sipse/js/funciones.js HTTP/1.1" 304 -
186.84.90.37 - - [06/May/2023:12:59:18 -0500] "GET /sipse/faces/javax.faces.resource/layout/layout.js?ln=primefaces&v=4.0 HTTP/1.1" 304 -
186.84.90.37 - - [06/May/2023:12:59:18 -0500] "GET /sipse/js/disable_browser_buttons.js HTTP/1.1" 304 -
186.84.90.37 - - [06/May/2023:12:59:18 -0500] "GET /sipse/css/imagen/logoSDG.png HTTP/1.1" 304 -
186.84.90.37 - - [06/May/2023:12:59:18 -0500] "GET /sipse/css/imagen/loginimg.png HTTP/1.1" 304 -
186.84.90.37 - - [06/May/2023:12:59:18 -0500] "GET /sipse/faces/javax.faces.resource/images/ui-icons_898989_256x240.png?ln=primefaces-aristo HTTP/1.1" 304 -
181.142.163.118 - - [06/May/2023:12:59:21 -0500] "GET /Publicaciones/2023EE99691.pdf HTTP/1.1" 200 21575
181.142.163.118 - - [06/May/2023:12:59:22 -0500] "GET /Publicaciones/2023EE99691.pdf HTTP/1.1" 206 1025
186.84.90.37 - - [06/May/2023:12:59:22 -0500] "POST /sipse/faces/autenticacion.xhtml HTTP/1.1" 200 2223
186.84.90.37 - - [06/May/2023:12:59:22 -0500] "GET /sipse/faces/javax.faces.resource/messages/messages.png?ln=primefaces&v=4.0 HTTP/1.1" 304 -
181.142.163.118 - - [06/May/2023:12:59:22 -0500] "GET /Publicaciones/2023EE99691.pdf HTTP/1.1" 200 231784
186.84.90.37 - - [06/May/2023:12:59:23 -0500] "POST /sipse/faces/autenticacion.xhtml HTTP/1.1" 200 16360
186.84.90.37 - - [06/May/2023:12:59:23 -0500] "GET /sipse/faces/javax.faces.resource/theme.css?ln=primefaces-sipse HTTP/1.1" 304 -
186.84.90.37 - - [06/May/2023:12:59:23 -0500] "GET /sipse/faces/javax.faces.resource/layout/layout.css?ln=primefaces&v=4.0 HTTP/1.1" 304 -
186.84.90.37 - - [06/May/2023:12:59:23 -0500] "GET /sipse/faces/javax.faces.resource/primefaces.css?ln=primefaces&v=4.0 HTTP/1.1" 304 -
186.84.90.37 - - [06/May/2023:12:59:23 -0500] "GET /sipse/css/custom_css_sg_prime.css HTTP/1.1" 304 -
186.84.90.37 - - [06/May/2023:12:59:23 -0500] "GET /sipse/js/jquery.min.js HTTP/1.1" 304 -
186.84.90.37 - - [06/May/2023:12:59:24 -0500] "GET /sipse/faces/javax.faces.resource/jquery/jquery.js?ln=primefaces&v=4.0 HTTP/1.1" 304 -
186.84.90.37 - - [06/May/2023:12:59:24 -0500] "GET /sipse/faces/javax.faces.resource/jquery/jquery-plugins.js?ln=primefaces&v=4.0 HTTP/1.1" 304 -
186.84.90.37 - - [06/May/2023:12:59:24 -0500] "GET /sipse/faces/javax.faces.resource/primefaces.js?ln=primefaces&v=4.0 HTTP/1.1" 304 -
186.84.90.37 - - [06/May/2023:12:59:24 -0500] "GET /sipse/faces/javax.faces.resource/layout/layout.js?ln=primefaces&v=4.0 HTTP/1.1" 304 -
186.84.90.37 - - [06/May/2023:12:59:24 -0500] "GET /sipse/css/imagen/contrasena.png HTTP/1.1" 404 383
186.84.90.37 - - [06/May/2023:12:59:24 -0500] "GET /sipse/imagenes/cargando.gif HTTP/1.1" 304 -
186.84.90.37 - - [06/May/2023:12:59:24 -0500] "GET /sipse/imagenes/logoAplicacion.jpg HTTP/1.1" 304 -
186.84.90.37 - - [06/May/2023:12:59:26 -0500] "GET /sipse/faces/javax.faces.resource/images/ui-bg_flat_0_2d5972_40x100.png?ln=primefaces-aristo HTTP/1.1" 304 -
186.84.90.37 - - [06/May/2023:12:59:26 -0500] "POST /sipse/faces/bienvenido.xhtml HTTP/1.1" 200 9754
186.84.90.37 - - [06/May/2023:12:59:27 -0500] "POST /sipse/faces/bienvenido.xhtml HTTP/1.1" 200 2658
186.84.90.37 - - [06/May/2023:12:59:28 -0500] "POST /sipse/faces/bienvenido.xhtml HTTP/1.1" 200 64626
186.84.90.37 - - [06/May/2023:12:59:29 -0500] "GET /sipse/faces/javax.faces.resource/theme.css?ln=primefaces-sipse HTTP/1.1" 304 -
186.84.90.37 - - [06/May/2023:12:59:29 -0500] "GET /sipse/faces/javax.faces.resource/layout/layout.css?ln=primefaces&v=4.0 HTTP/1.1" 304 -
186.84.90.37 - - [06/May/2023:12:59:29 -0500] "GET /sipse/faces/javax.faces.resource/primefaces.css?ln=primefaces&v=4.0 HTTP/1.1" 304 -
186.84.90.37 - - [06/May/2023:12:59:29 -0500] "GET /sipse/faces/javax.faces.resource/jquery/jquery.js?ln=primefaces&v=4.0 HTTP/1.1" 304 -
186.84.90.37 - - [06/May/2023:12:59:29 -0500] "GET /sipse/faces/javax.faces.resource/jquery/jquery-plugins.js?ln=primefaces&v=4.0 HTTP/1.1" 304 -
186.84.90.37 - - [06/May/2023:12:59:29 -0500] "GET /sipse/faces/javax.faces.resource/primefaces.js?ln=primefaces&v=4.0 HTTP/1.1" 304 -
186.84.90.37 - - [06/May/2023:12:59:29 -0500] "GET /sipse/faces/javax.faces.resource/layout/layout.js?ln=primefaces&v=4.0 HTTP/1.1" 304 -
186.84.90.37 - - [06/May/2023:12:59:30 -0500] "POST /sipse/faces/presentacion/financiero/solicitudProceso/listarSolicitudProceso.xhtml HTTP/1.1" 200 1556
172.22.2.4 - - [06/May/2023:12:57:58 -0500] "HEAD /BLA/boletinlegal/ HTTP/1.1" 200 -
181.142.163.118 - - [06/May/2023:12:59:39 -0500] "GET /Publicaciones/2023EE88745.pdf HTTP/1.1" 200 14631
181.142.163.118 - - [06/May/2023:12:59:39 -0500] "GET /Publicaciones/2023EE88745.pdf HTTP/1.1" 206 1025
181.142.163.118 - - [06/May/2023:12:59:39 -0500] "GET /Publicaciones/2023EE88745.pdf HTTP/1.1" 200 455907
181.142.163.118 - - [06/May/2023:12:59:40 -0500] "GET /Publicaciones/2023EE88745.pdf HTTP/1.1" 206 64512
186.84.90.37 - - [06/May/2023:13:00:01 -0500] "POST /sipse/faces/presentacion/financiero/solicitudProceso/listarSolicitudProceso.xhtml HTTP/1.1" 200 7567
186.84.90.37 - - [06/May/2023:13:00:01 -0500] "POST /sipse/faces/presentacion/financiero/solicitudProceso/listarSolicitudProceso.xhtml HTTP/1.1" 200 7583
186.84.90.37 - - [06/May/2023:13:00:02 -0500] "POST /sipse/faces/presentacion/financiero/solicitudProceso/listarSolicitudProceso.xhtml HTTP/1.1" 200 7567
186.84.90.37 - - [06/May/2023:13:00:06 -0500] "POST /sipse/faces/presentacion/financiero/solicitudProceso/listarSolicitudProceso.xhtml HTTP/1.1" 200 159519
186.84.90.37 - - [06/May/2023:13:00:07 -0500] "GET /sipse/faces/javax.faces.resource/theme.css?ln=primefaces-sipse HTTP/1.1" 304 -
186.84.90.37 - - [06/May/2023:13:00:07 -0500] "GET /sipse/faces/javax.faces.resource/primefaces.css?ln=primefaces&v=4.0 HTTP/1.1" 304 -
186.84.90.37 - - [06/May/2023:13:00:07 -0500] "GET /sipse/faces/javax.faces.resource/layout/layout.css?ln=primefaces&v=4.0 HTTP/1.1" 304 -
186.84.90.37 - - [06/May/2023:13:00:07 -0500] "GET /sipse/faces/javax.faces.resource/jquery/jquery.js?ln=primefaces&v=4.0 HTTP/1.1" 304 -
186.84.90.37 - - [06/May/2023:13:00:07 -0500] "GET /sipse/faces/javax.faces.resource/jquery/jquery-plugins.js?ln=primefaces&v=4.0 HTTP/1.1" 304 -
186.84.90.37 - - [06/May/2023:13:00:07 -0500] "GET /sipse/faces/javax.faces.resource/primefaces.js?ln=primefaces&v=4.0 HTTP/1.1" 304 -
186.84.90.37 - - [06/May/2023:13:00:07 -0500] "GET /sipse/faces/javax.faces.resource/layout/layout.js?ln=primefaces&v=4.0 HTTP/1.1" 304 -
186.84.90.37 - - [06/May/2023:13:00:17 -0500] "POST /sipse/faces/presentacion/financiero/solicitudProceso/consultarSolicitudProceso.xhtml HTTP/1.1" 200 148665
186.84.90.37 - - [06/May/2023:13:00:23 -0500] "POST /sipse/faces/presentacion/financiero/solicitudProceso/consultarSolicitudProceso.xhtml HTTP/1.1" 200 148665
172.22.2.4 - - [06/May/2023:12:58:49 -0500] "GET /BLA/boletinlegal/ HTTP/1.1" 200 59306
201.245.192.253 - - [06/May/2023:13:01:16 -0500] "POST /kwsrmcab/Wsrmcab  HTTP/1.1" 200 213
216.245.221.92 - - [06/May/2023:13:03:18 -0500] "HEAD / HTTP/1.1" 200 -
181.142.163.118 - - [06/May/2023:13:04:30 -0500] "GET /Publicaciones/2023EE88791.pdf HTTP/1.1" 200 14631
181.142.163.118 - - [06/May/2023:13:04:31 -0500] "GET /Publicaciones/2023EE88791.pdf HTTP/1.1" 206 1025
181.142.163.118 - - [06/May/2023:13:04:31 -0500] "GET /Publicaciones/2023EE88791.pdf HTTP/1.1" 200 231620
172.22.2.4 - - [06/May/2023:13:03:48 -0500] "HEAD /BLA/boletinlegal/ HTTP/1.1" 200 -
201.245.192.253 - - [06/May/2023:13:06:15 -0500] "POST /kwsrmcab/Wsrmcab  HTTP/1.1" 200 213
172.22.2.4 - - [06/May/2023:13:04:39 -0500] "GET /BLA/boletinlegal/ HTTP/1.1" 200 57561
216.245.221.92 - - [06/May/2023:13:08:18 -0500] "HEAD / HTTP/1.1" 200 -
181.142.163.118 - - [06/May/2023:13:09:13 -0500] "GET /Publicaciones/2023EE88745.pdf HTTP/1.1" 200 14631
181.142.163.118 - - [06/May/2023:13:09:13 -0500] "GET /Publicaciones/2023EE88745.pdf HTTP/1.1" 200 455907
181.142.163.118 - - [06/May/2023:13:09:30 -0500] "GET /Publicaciones/2023EE88791.pdf HTTP/1.1" 200 14631
181.142.163.118 - - [06/May/2023:13:09:30 -0500] "GET /Publicaciones/2023EE88791.pdf HTTP/1.1" 206 1025
181.142.163.118 - - [06/May/2023:13:09:30 -0500] "GET /Publicaciones/2023EE88791.pdf HTTP/1.1" 200 231620
181.142.163.118 - - [06/May/2023:13:09:31 -0500] "GET /Publicaciones/2023EE88791.pdf HTTP/1.1" 206 64512
173.252.95.116 - - [06/May/2023:13:09:49 -0500] "GET /cuatro-animales-y-cerca-de-cinco-kilos-de-carne-de-especimenes-silvestres-fueron-incautados-en-los-ultimos-dias-en-bogota.html HTTP/1.1" 206 869
13.56.228.83 - - [06/May/2023:13:10:18 -0500] "GET /galeria/galeria/fotos/juan-amarillo2P.jpg HTTP/1.1" 200 32696
172.22.2.4 - - [06/May/2023:13:09:02 -0500] "GET /BLA/boletinlegal/ HTTP/1.1" 200 57151
201.245.192.253 - - [06/May/2023:13:11:14 -0500] "POST /kwsrmcab/Wsrmcab  HTTP/1.1" 200 213
172.22.2.4 - - [06/May/2023:13:09:38 -0500] "HEAD /BLA/boletinlegal/ HTTP/1.1" 200 -
172.22.2.4 - - [06/May/2023:13:10:29 -0500] "GET /BLA/boletinlegal/ HTTP/1.1" 200 55934
216.245.221.92 - - [06/May/2023:13:13:18 -0500] "HEAD / HTTP/1.1" 200 -
172.22.2.4 - - [06/May/2023:13:15:29 -0500] "GET /BLA/boletinlegal/.hg/hgrc HTTP/1.1" 404 1018
190.125.103.98 - - [06/May/2023:13:15:36 -0500] "GET /catalogoisis/ HTTP/1.1" 200 8575
190.125.103.98 - - [06/May/2023:13:15:36 -0500] "GET /catalogoisis/Css/Busqueda.css HTTP/1.1" 200 1995
190.125.103.98 - - [06/May/2023:13:15:36 -0500] "GET /catalogoisis/Js/AceptarLimpiar.js HTTP/1.1" 200 331
190.125.103.98 - - [06/May/2023:13:15:36 -0500] "GET /catalogoisis/Js/Cookies.js HTTP/1.1" 200 1369
190.125.103.98 - - [06/May/2023:13:15:36 -0500] "GET /catalogoisis/Js/CriterioCombinada.js HTTP/1.1" 200 1843
190.125.103.98 - - [06/May/2023:13:15:36 -0500] "GET /catalogoisis/Js/LimpiarCombinada.js HTTP/1.1" 200 207
190.125.103.98 - - [06/May/2023:13:15:36 -0500] "GET /catalogoisis/Js/Remote.js HTTP/1.1" 200 436
190.125.103.98 - - [06/May/2023:13:15:36 -0500] "GET /catalogoisis/Js/Numero.js HTTP/1.1" 200 398
190.125.103.98 - - [06/May/2023:13:15:36 -0500] "GET /catalogoisis/Js/Go.js HTTP/1.1" 200 364
190.125.103.98 - - [06/May/2023:13:15:36 -0500] "GET /catalogoisis/Js/Enter.js HTTP/1.1" 200 1208
190.125.103.98 - - [06/May/2023:13:15:37 -0500] "GET /catalogoisis/imagenes/br1c1.gif HTTP/1.1" 200 172
190.125.103.98 - - [06/May/2023:13:15:37 -0500] "GET /catalogoisis/imagenes/br1c3.gif HTTP/1.1" 200 302
190.125.103.98 - - [06/May/2023:13:15:37 -0500] "GET /catalogoisis/imagenes/Turnbo1.gif HTTP/1.1" 200 227
190.125.103.98 - - [06/May/2023:13:15:37 -0500] "GET /catalogoisis/imagenes/aceptar1.gif HTTP/1.1" 200 604
190.125.103.98 - - [06/May/2023:13:15:37 -0500] "GET /catalogoisis/imagenes/limpiar1.gif HTTP/1.1" 200 606
190.125.103.98 - - [06/May/2023:13:15:37 -0500] "GET /catalogoisis/imagenes/br3c1.gif HTTP/1.1" 200 177
190.125.103.98 - - [06/May/2023:13:15:37 -0500] "GET /catalogoisis/imagenes/br1c2.gif HTTP/1.1" 200 297
190.125.103.98 - - [06/May/2023:13:15:37 -0500] "GET /catalogoisis/imagenes/br2c2.gif HTTP/1.1" 200 302
190.125.103.98 - - [06/May/2023:13:15:37 -0500] "GET /catalogoisis/imagenes/br2c3.gif HTTP/1.1" 200 416
190.125.103.98 - - [06/May/2023:13:15:37 -0500] "GET /catalogoisis/imagenes/br3c3.gif HTTP/1.1" 200 186
190.125.103.98 - - [06/May/2023:13:15:37 -0500] "GET /catalogoisis/imagenes/br2c1.gif HTTP/1.1" 200 297
190.125.103.98 - - [06/May/2023:13:15:37 -0500] "GET /catalogoisis/imagenes/br3c2.gif HTTP/1.1" 200 285
190.125.103.98 - - [06/May/2023:13:15:37 -0500] "GET /catalogoisis/imagenes/Header.gif HTTP/1.1" 200 30313
190.125.103.98 - - [06/May/2023:13:15:38 -0500] "GET /favicon.ico HTTP/1.1" 200 7782
201.245.192.253 - - [06/May/2023:13:16:13 -0500] "POST /kwsrmcab/Wsrmcab  HTTP/1.1" 200 213
186.102.10.177 - - [06/May/2023:11:36:41 -0500] "POST /kwssiamovil/sm/setfile/f? HTTP/1.1" 400 1022
172.22.2.4 - - [06/May/2023:13:15:28 -0500] "HEAD /BLA/boletinlegal/ HTTP/1.1" 200 -
172.22.2.4 - - [06/May/2023:13:17:51 -0500] "GET /BLA/boletinlegal/jurisprudencia/analisis/CUADRO%20ANALISIS%20SENTENCIA%20T-411%20DE%201992.doc HTTP/1.1" 200 41984
172.22.2.4 - - [06/May/2023:13:16:19 -0500] "GET /BLA/boletinlegal/ HTTP/1.1" 200 44065
216.245.221.92 - - [06/May/2023:13:18:18 -0500] "HEAD / HTTP/1.1" 200 -
40.77.167.86 - - [06/May/2023:13:19:12 -0500] "GET /BLA/resoluciones/AUTOS%202019/1480.pdf HTTP/1.1" 200 266575
40.77.167.86 - - [06/May/2023:13:19:14 -0500] "GET /BLA/resoluciones/AUTOS%202019/4243.pdf HTTP/1.1" 200 390549
40.77.167.207 - - [06/May/2023:13:19:41 -0500] "GET / HTTP/1.1" 200 319
201.245.192.253 - - [06/May/2023:13:19:46 -0500] "POST /kwsrmcab/Wsrmcab HTTP/1.1" 200 42709
201.245.192.253 - - [06/May/2023:13:19:49 -0500] "POST /kwsrmcab/Wsrmcab HTTP/1.1" 200 43300
201.245.192.253 - - [06/May/2023:13:21:14 -0500] "POST /kwsrmcab/Wsrmcab  HTTP/1.1" 200 213
172.22.2.4 - - [06/May/2023:13:21:18 -0500] "HEAD /BLA/boletinlegal/ HTTP/1.1" 200 -
216.245.221.92 - - [06/May/2023:13:23:18 -0500] "HEAD / HTTP/1.1" 200 -
172.22.2.4 - - [06/May/2023:13:22:09 -0500] "GET /BLA/boletinlegal/ HTTP/1.1" 200 59306
201.245.192.253 - - [06/May/2023:13:26:11 -0500] "POST /kwsrmcab/Wsrmcab  HTTP/1.1" 200 213
69.171.231.111 - - [06/May/2023:13:28:12 -0500] "GET /images/calidad-aire-2-marzo-1_optimized.jpeg HTTP/1.1" 200 51562
216.245.221.92 - - [06/May/2023:13:28:18 -0500] "HEAD / HTTP/1.1" 200 -
172.22.2.4 - - [06/May/2023:13:27:08 -0500] "HEAD /BLA/boletinlegal/ HTTP/1.1" 200 -
201.244.227.217 - - [06/May/2023:13:29:00 -0500] "GET /BLA/resoluciones/index.php?dir=AUTOS+2017%2F HTTP/1.1" 200 468483
172.22.2.4 - - [06/May/2023:13:27:59 -0500] "GET /BLA/boletinlegal/ HTTP/1.1" 200 57945
201.245.192.253 - - [06/May/2023:13:29:47 -0500] "POST /kwsrmcab/Wsrmcab HTTP/1.1" 200 42709
201.245.192.253 - - [06/May/2023:13:29:49 -0500] "POST /kwsrmcab/Wsrmcab HTTP/1.1" 200 43300
201.245.192.253 - - [06/May/2023:13:31:10 -0500] "POST /kwsrmcab/Wsrmcab  HTTP/1.1" 200 213
172.22.2.4 - - [06/May/2023:13:32:25 -0500] "OPTIONS /BLA/boletinlegal/images/menu_bg.jpg HTTP/1.1" 200 -
172.22.2.4 - - [06/May/2023:13:32:25 -0500] "GET /BLA/boletinlegal/actos.php HTTP/1.1" 200 9682
172.22.2.4 - - [06/May/2023:13:32:26 -0500] "GET /BLA/boletinlegal/favicon.ico HTTP/1.1" 404 1326
172.22.2.4 - - [06/May/2023:13:32:24 -0500] "GET /BLA/boletinlegal/ HTTP/1.1" 200 24523
216.245.221.92 - - [06/May/2023:13:33:18 -0500] "HEAD / HTTP/1.1" 200 -
172.22.2.4 - - [06/May/2023:13:33:59 -0500] "GET /BLA/boletinlegal/consulta_actos.php?tipo=resoluciones&no=0046&usuario=&sector=&fecha=2021&resuelve= HTTP/1.1" 200 1247
162.55.37.179 - - [06/May/2023:13:34:03 -0500] "GET / HTTP/1.1" 200 319
69.63.184.2 - - [06/May/2023:13:34:04 -0500] "GET /mas-de-21-kilogramos-de-residuos-especiales-y-peligrosos-fueron-entregados-en-bosa.html HTTP/1.1" 206 979
172.22.2.4 - - [06/May/2023:13:34:13 -0500] "GET /BLA/boletinlegal/consulta_actos.php?tipo=resoluciones&no=0044&usuario=&sector=&fecha=2021&resuelve= HTTP/1.1" 200 1295
172.22.2.4 - - [06/May/2023:13:34:36 -0500] "GET /BLA/boletinlegal/consulta_actos.php?tipo=resoluciones&no=0046&usuario=&sector=&fecha=2022&resuelve= HTTP/1.1" 200 1300
172.22.2.4 - - [06/May/2023:13:32:58 -0500] "HEAD /BLA/boletinlegal/ HTTP/1.1" 200 -
172.22.2.4 - - [06/May/2023:13:34:58 -0500] "GET /BLA/boletinlegal/consulta_actos.php?tipo=resoluciones&no=0044&usuario=&sector=&fecha=2022&resuelve= HTTP/1.1" 200 1198
172.22.2.4 - - [06/May/2023:13:33:49 -0500] "GET /BLA/boletinlegal/ HTTP/1.1" 200 52326
201.245.192.253 - - [06/May/2023:13:36:10 -0500] "POST /kwsrmcab/Wsrmcab  HTTP/1.1" 200 213
66.249.70.213 - - [06/May/2023:13:36:13 -0500] "-" 408 -
199.16.157.180 - - [06/May/2023:13:37:00 -0500] "GET /images/palma-silvestre_optimized.jpeg HTTP/1.1" 200 46816
199.16.157.181 - - [06/May/2023:13:37:00 -0500] "GET /palmas-silvestres-secretaria-de-ambiente-inicia-campana-de-proteccion.html HTTP/1.1" 200 851
216.245.221.92 - - [06/May/2023:13:38:18 -0500] "HEAD / HTTP/1.1" 200 -
201.245.192.253 - - [06/May/2023:13:39:46 -0500] "POST /kwsrmcab/Wsrmcab HTTP/1.1" 200 42709
201.245.192.253 - - [06/May/2023:13:39:49 -0500] "POST /kwsrmcab/Wsrmcab HTTP/1.1" 200 43300
172.22.2.4 - - [06/May/2023:13:38:48 -0500] "HEAD /BLA/boletinlegal/ HTTP/1.1" 200 -
201.245.192.253 - - [06/May/2023:13:41:09 -0500] "POST /kwsrmcab/Wsrmcab  HTTP/1.1" 200 213
172.22.2.4 - - [06/May/2023:13:39:39 -0500] "GET /BLA/boletinlegal/ HTTP/1.1" 200 57561
216.245.221.92 - - [06/May/2023:13:43:18 -0500] "HEAD / HTTP/1.1" 200 -
172.22.2.4 - - [06/May/2023:13:43:29 -0500] "GET /BLA/boletinlegal/ HTTP/1.1" 200 28619
201.245.192.253 - - [06/May/2023:13:46:09 -0500] "POST /kwsrmcab/Wsrmcab  HTTP/1.1" 200 213
172.22.2.4 - - [06/May/2023:13:44:38 -0500] "HEAD /BLA/boletinlegal/ HTTP/1.1" 200 -
172.22.2.4 - - [06/May/2023:13:45:29 -0500] "GET /BLA/boletinlegal/ HTTP/1.1" 200 57151
173.252.95.118 - - [06/May/2023:13:48:06 -0500] "GET /images/WhatsApp%20Image%202023-04-05%20at%2013.54.41.jpeg HTTP/1.1" 200 210747
173.252.95.118 - - [06/May/2023:13:48:06 -0500] "GET /images/Adopcion-gatos-y-perros-en-bogota-abril-23.jpeg HTTP/1.1" 200 68661
216.245.221.92 - - [06/May/2023:13:48:18 -0500] "HEAD / HTTP/1.1" 200 -
191.156.190.88 - - [06/May/2023:13:48:21 -0500] "GET /favicon.ico HTTP/1.1" 404 1334
31.13.115.8 - - [06/May/2023:13:48:24 -0500] "GET /mujeres-que-reverdecen-secretaria-de-ambiente-anuncia-300-cupos-para-la-tercera-fase-del-programa.html?fbclid=IwAR00X1tFbBWAAc6mkM6itwWk5AzgzXVLvFEGqrctGoZ4g0XaEh29DSgVxqM HTTP/1.1" 200 823
172.22.2.4 - - [06/May/2023:13:50:46 -0500] "GET /BLA/boletinlegal/style.css HTTP/1.1" 200 9406
172.22.2.4 - - [06/May/2023:13:50:46 -0500] "GET /BLA/boletinlegal/styles2.css HTTP/1.1" 200 1838
172.22.2.4 - - [06/May/2023:13:50:46 -0500] "GET /BLA/boletinlegal/js/jquery.js HTTP/1.1" 200 57254
172.22.2.4 - - [06/May/2023:13:50:46 -0500] "GET /BLA/boletinlegal/js/jquery.scrollTo-min.js HTTP/1.1" 200 1150
172.22.2.4 - - [06/May/2023:13:50:46 -0500] "GET /BLA/boletinlegal/js/jquery.scrollShow.js HTTP/1.1" 200 4586
172.22.2.4 - - [06/May/2023:13:50:47 -0500] "GET /BLA/boletinlegal/images/cabezote%20BLEGAL.jpg HTTP/1.1" 200 118164
172.22.2.4 - - [06/May/2023:13:50:47 -0500] "GET /BLA/boletinlegal/images/subscribe-icon-big.png HTTP/1.1" 200 47702
172.22.2.4 - - [06/May/2023:13:50:47 -0500] "GET /BLA/boletinlegal/images/historia.png HTTP/1.1" 200 52775
172.22.2.4 - - [06/May/2023:13:50:47 -0500] "GET /BLA/boletinlegal/images/registro-usuarios.png HTTP/1.1" 200 8106
172.22.2.4 - - [06/May/2023:13:50:47 -0500] "GET /BLA/boletinlegal/images/arr_l.jpg HTTP/1.1" 200 1979
172.22.2.4 - - [06/May/2023:13:50:47 -0500] "GET /BLA/boletinlegal/images/screen_1.png HTTP/1.1" 200 202547
172.22.2.4 - - [06/May/2023:13:50:47 -0500] "GET /BLA/boletinlegal/images/launch.jpg HTTP/1.1" 200 14577
172.22.2.4 - - [06/May/2023:13:50:47 -0500] "GET /BLA/boletinlegal/images/screen_2.png HTTP/1.1" 200 362502
172.22.2.4 - - [06/May/2023:13:50:47 -0500] "GET /BLA/boletinlegal/images/screen_3.png HTTP/1.1" 200 210620
172.22.2.4 - - [06/May/2023:13:50:47 -0500] "GET /BLA/boletinlegal/images/screen_5.png HTTP/1.1" 200 368876
172.22.2.4 - - [06/May/2023:13:50:47 -0500] "GET /BLA/boletinlegal/images/arr_r.jpg HTTP/1.1" 200 1998
172.22.2.4 - - [06/May/2023:13:50:47 -0500] "GET /BLA/boletinlegal/images/body_bg.jpg HTTP/1.1" 200 1601
172.22.2.4 - - [06/May/2023:13:50:47 -0500] "GET /BLA/boletinlegal/images/menu_lft.gif HTTP/1.1" 200 1713
172.22.2.4 - - [06/May/2023:13:50:47 -0500] "GET /BLA/boletinlegal/images/menu_rght.gif HTTP/1.1" 200 1627
172.22.2.4 - - [06/May/2023:13:50:47 -0500] "GET /BLA/boletinlegal/images/bg_top.jpg HTTP/1.1" 200 522
172.22.2.4 - - [06/May/2023:13:50:47 -0500] "GET /BLA/boletinlegal/images/menu_bg.jpg HTTP/1.1" 200 620
172.22.2.4 - - [06/May/2023:13:50:47 -0500] "GET /BLA/boletinlegal/images/text.jpg HTTP/1.1" 200 568
172.22.2.4 - - [06/May/2023:13:50:47 -0500] "GET /BLA/boletinlegal/images/hover.jpg HTTP/1.1" 200 640
172.22.2.4 - - [06/May/2023:13:50:47 -0500] "GET /BLA/boletinlegal/images/footer_bg.jpg HTTP/1.1" 200 586
172.22.2.4 - - [06/May/2023:13:50:57 -0500] "GET /BLA/boletinlegal/images/pdf.gif HTTP/1.1" 200 567
40.77.167.84 - - [06/May/2023:13:50:58 -0500] "GET /dia-nacional-del-arbol-atributos-y-caracteristicas-de-las-especies-representativas-de-bogota.html HTTP/1.1" 200 809
201.245.192.253 - - [06/May/2023:13:51:08 -0500] "POST /kwsrmcab/Wsrmcab  HTTP/1.1" 200 213
172.22.2.4 - - [06/May/2023:13:51:31 -0500] "GET /BLA/boletinlegal/images/background.gif HTTP/1.1" 200 -
172.22.2.4 - - [06/May/2023:13:50:28 -0500] "HEAD /BLA/boletinlegal/ HTTP/1.1" 200 -
172.22.2.4 - - [06/May/2023:13:50:37 -0500] "GET /BLA/boletinlegal/ HTTP/1.1" 200 51032
172.22.2.4 - - [06/May/2023:13:52:17 -0500] "GET /BLA/boletinlegal/favicon.ico HTTP/1.1" 404 1308
152.203.175.246 - - [06/May/2023:13:52:45 -0500] "OPTIONS /kwssiamovil/sm/setfile/f? HTTP/1.1" 200 13
152.203.175.246 - - [06/May/2023:13:52:45 -0500] "POST /kwssiamovil/sm/setfile/f? HTTP/1.1" 200 381
152.203.175.246 - - [06/May/2023:13:52:47 -0500] "OPTIONS /kwssiamovil/sm/setfile/f? HTTP/1.1" 200 13
152.203.175.246 - - [06/May/2023:13:52:47 -0500] "POST /kwssiamovil/sm/setfile/f? HTTP/1.1" 200 381
152.203.175.246 - - [06/May/2023:13:52:49 -0500] "OPTIONS /kwssiamovil/sm/setfile/f? HTTP/1.1" 200 13
152.203.175.246 - - [06/May/2023:13:52:49 -0500] "POST /kwssiamovil/sm/setfile/f? HTTP/1.1" 200 381
152.203.175.246 - - [06/May/2023:13:52:52 -0500] "OPTIONS /kwssiamovil/sm/setfile/f? HTTP/1.1" 200 13
152.203.175.246 - - [06/May/2023:13:52:52 -0500] "POST /kwssiamovil/sm/setfile/f? HTTP/1.1" 200 381
152.203.175.246 - - [06/May/2023:13:52:56 -0500] "OPTIONS /kwssiamovil/sm/setfile/f? HTTP/1.1" 200 13
152.203.175.246 - - [06/May/2023:13:52:57 -0500] "POST /kwssiamovil/sm/setfile/f? HTTP/1.1" 200 381
152.203.175.246 - - [06/May/2023:13:52:58 -0500] "OPTIONS /kwssiamovil/sm/setfile/f? HTTP/1.1" 200 13
152.203.175.246 - - [06/May/2023:13:52:58 -0500] "POST /kwssiamovil/sm/setfile/f? HTTP/1.1" 200 381
172.22.2.4 - - [06/May/2023:13:51:19 -0500] "GET /BLA/boletinlegal/ HTTP/1.1" 200 55221
216.245.221.92 - - [06/May/2023:13:53:18 -0500] "HEAD / HTTP/1.1" 200 -
152.203.175.246 - - [06/May/2023:13:53:25 -0500] "GET /kwssiamovil/sm/acme/a?s=U2FsdGVkX18n7wjhspGdnxSZthXeKo9hW6SHe8E+dSzwfy9l6Zv6lxI45pcevyAKcO3gdqSLg88qL6oIRCvnZJ6Q5pPzwOFsu+uo8Da2tF1/4QtP+ISP33QA5aQZ1+ecBfD58yfEs3eipEPNFiHHci9J7Mj7q77a42BgLh7x+YggK0K8LT7hmIoxHWAeQxnmiTfZX1jmpJZ+25+rPFhMOtFD7dfzCQoSSQFg4fFoeM8KzrXQ5akN0CyW9YV5KJpnfJK4vDlgffxif+XvpGorxQ==&u=U2FsdGVkX19nxvQTXkp55z0qC/2izg0xiehfFEYdWEDNxyaoMVdymNouLdS8fccu&y=U2FsdGVkX19NWjnIh5HgHo79er81ACzY80xbbH0ETqN8vY4DaXOLxhwoGjE9xMM9 HTTP/1.1" 200 26
152.203.175.246 - - [06/May/2023:13:53:26 -0500] "GET /kwssiamovil/sm/acme/a?s=U2FsdGVkX18HX+PIUuoDUWeVAJyKU39vrVoSAM8AFzVAgWnctCjfSm/uRfiYzCUTvwxi2HdUR3Tcv/I54+QYK6e2wFnn95zSs7nzSMyYqLCOvuUGujK6AUVphsEGjKzpiS7ecSx5XCk8fNpT3BYfZPv3pMGLBviZ8BcEgypt8D3RIDyZRfs2zxK3VoII201+eec+VDZ8MXzU9Y4eVcPF8xyI1LjLIFnQLykOLj1Zdi5ThqYFTVe2wAxP5FlW4zKwlcjEyK7bGGqUuEdoHWbSrYvQXmhp4LQ4JrAkUwcRiqrYmCidxYIDB49YaiktFfkUi8amngvVBRzGFhzq+5KPLb2tpnkieoyTZDMNvydL30C3rnF0DvcJD//gaQYEOgJglefdZ9+inmBbRsqKobDwYxxhWRBvd/EZtvMHCmiozdd58AEv8t0GLqCLrLZekqCBFcowWTAOvqMiFbkPpM+UZAy1Or1hbvMw/GejFbcCBWhiC4lBfDXYm6bA4WodmlTWAExBR9Y0N8bMqz/z32+PfUTc59VnM8Ei2i9p6IvOI+f97qcIi29gIAdl0crbdJtA8U+va2T+SN1gzounN52eWetYAvCeYtMKHj2zhYWkm2H7DhwgU6xAJsDBUtuLQx5uRPlAuR58uFIPqABbFioYdTnhO12EX2BlcrKbxZhJEnfPsDSNstixMGm6unZ3+VMBxEBbD0N989KYgBMx5SZ0WqC1Kffifd89kfsl5Fn5WogcIGzwc+a5tUZqYdSdKQTwd6FMakt5eds+tAmO6nYBfSFDk0SyHolZBHuK6JUzLCkkuhlo5SYNnLC9ozaC/iuOz639KQXHJrn3fjJ2PP691cA8RxMhDncphLqO7vwES+lDNldK0YScbhs+fdKiMlw9gQdcS1S/4HVPv2+0IQi29m0ZSzU/hCSmaQlgRkOAYA9CLsv48WdGYCFDm5CYOvaVg0Y4AvDOGT71IOHT9z+3upA7bgollMnJmvoieuj21Qcf0S8YWVCuS9RpDZ7Jq96PkZ0kylQZt/pnYaM2/jYmpCK/+ATdMutzndgdii7QF4Cqhqk489g5iNFjzXHNwl3T6kc/8scr+nI/If62o5ILv3eBJFb4kSFnuL4Lq0MnwVjuGQCEtrv75Vc/pcafF3Bn5aMxlBIsKVRhwwrDdP+ux4MfzN5ULeru/JfdJG7PXKwd9nkHnKNyJPMzGy1qWMD7szPXZqvrHVfQgsUfedYJTdrShqdluS3+YGHUuY5pw3tVlwywtlKxYMBFXn4/d3K0ZDAIDynvX1le5ODLAhIzlA==&u=U2FsdGVkX19nxvQTXkp55z0qC/2izg0xiehfFEYdWEDNxyaoMVdymNouLdS8fccu&y=U2FsdGVkX19NWjnIh5HgHo79er81ACzY80xbbH0ETqN8vY4DaXOLxhwoGjE9xMM9 HTTP/1.1" 200 26
152.203.175.246 - - [06/May/2023:13:53:26 -0500] "GET /kwssiamovil/sm/acme/a?s=U2FsdGVkX19IB2kB1jrWSnYZGz3G0riWg3xa5EZr7wBaal7Nct2GwM0gOPZuiLRyizs54VF9leuKLKZ/t+cHsoybxXLwshMRq9GyKFvQwMAT3cACF7wbfPyxUWTly48V+DNPEqiei3LXS3IE3Db/xd0C8eyIi5pnoDAnmai21z8=&u=U2FsdGVkX19nxvQTXkp55z0qC/2izg0xiehfFEYdWEDNxyaoMVdymNouLdS8fccu&y=U2FsdGVkX19NWjnIh5HgHo79er81ACzY80xbbH0ETqN8vY4DaXOLxhwoGjE9xMM9 HTTP/1.1" 200 26
152.203.175.246 - - [06/May/2023:13:53:26 -0500] "GET /kwssiamovil/sm/acme/a?s=U2FsdGVkX19w84vVe8dCP/ptY5Mv5MOgC1aP2eOOrDIIEIjVFcOupAbld9nS0yrRYgfVWUKPh6ndamaNxJfiGyVNu7ZX+XX/Ed/GBKPvJwV4WV96W4nAkzcsZUONn7IOdkBSqZsZui7rdKRgmB08mLoH1I7gE4vmCnxB7iPVeE8=&u=U2FsdGVkX19nxvQTXkp55z0qC/2izg0xiehfFEYdWEDNxyaoMVdymNouLdS8fccu&y=U2FsdGVkX19NWjnIh5HgHo79er81ACzY80xbbH0ETqN8vY4DaXOLxhwoGjE9xMM9 HTTP/1.1" 200 26
152.203.175.246 - - [06/May/2023:13:53:26 -0500] "GET /kwssiamovil/sm/acme/a?s=U2FsdGVkX18YzeIRAAI6UssIE/f2ySO7pwfy1TU8jKKeF91gcWpPKNd1g5/UjRpTnGdlN2vHbR593kQ4L5PRqpwAnMtTAkiOOY+hs5it3nDoopOTTMzhB4yK+6T38L5LfkU00Jjyar35bfTJOYOFM3ivo/pDOQfLRTikDxOHlhw=&u=U2FsdGVkX19nxvQTXkp55z0qC/2izg0xiehfFEYdWEDNxyaoMVdymNouLdS8fccu&y=U2FsdGVkX19NWjnIh5HgHo79er81ACzY80xbbH0ETqN8vY4DaXOLxhwoGjE9xMM9 HTTP/1.1" 200 26
152.203.175.246 - - [06/May/2023:13:53:26 -0500] "GET /kwssiamovil/sm/acme/a?s=U2FsdGVkX1+wtndBvQFJNAq/sHG5kfwyj8C/0CyUsNNDtrXnCKxDnSwt4YDottqeICgHwFHdIsrlioD5iBTEk89IBNxpkd2nmtqgJMIT9dqwUhWmAQBVZ67Q/intVCE+4tQ7OUl5fRHDkmz3X9fgW7//Oimggq4yX+/2LlMYCF8y25IL/dlTIKrHq7F2ZiIRA8O9E2vqSEMalnqVnSDEQw==&u=U2FsdGVkX19nxvQTXkp55z0qC/2izg0xiehfFEYdWEDNxyaoMVdymNouLdS8fccu&y=U2FsdGVkX19NWjnIh5HgHo79er81ACzY80xbbH0ETqN8vY4DaXOLxhwoGjE9xMM9 HTTP/1.1" 200 26
152.203.175.246 - - [06/May/2023:13:53:27 -0500] "GET /kwssiamovil/sm/acme/a?s=U2FsdGVkX18SBOXmdRmggoJY2E6bTPdPwQ7WeDLfPdaJh0GIsLeskrb7l5zZocYjnQRhMBuCQH5nS7zMFtZMrHdyjlY48B2W0PD2XM8LLsgVISEAOfiS1YzRJYm/EqxjTUYD/cUmKwgnSS+Hiw0CJPH2N01e+Qs4OeK31fGy+pZhE5t8x6vvN53pigrBFmocmO7fX7kLHuPFSQ3NlI838w==&u=U2FsdGVkX19nxvQTXkp55z0qC/2izg0xiehfFEYdWEDNxyaoMVdymNouLdS8fccu&y=U2FsdGVkX19NWjnIh5HgHo79er81ACzY80xbbH0ETqN8vY4DaXOLxhwoGjE9xMM9 HTTP/1.1" 200 26
152.203.175.246 - - [06/May/2023:13:53:27 -0500] "GET /kwssiamovil/sm/acme/a?s=U2FsdGVkX19bxrI/qUrIeiJ5+ExLfP5t6y6ODrPh00jLS/99Kvu0eOGMljvOEcUiq+ovve9Z7ey1DfZ/hw5UElvxvld+el9pGbtbGvqAIRz1uVxza9qjGblt8jMw16gG3D14S6XtHK7uufoLg7gBlbzJAg1G6H6dE6z/f4blm1kvzB8F4oNQddedMUG1lGoNUrQMT+WmR/mtSOV4mEcH0mHiAlY1OP9/OXbU+soqXFMX2tQQXvV3vUlfhOHgnoU2gVfnGHFNqXTMUlijP2j5lzQj0iBEmm6gJipcUt5vYfqnibvGAXSLKVjx7Nl7DTWp6RTc4gajxsoWiNAUon8VcEfmHxs84TlKkhC++rQpIBGGHg6te9eLe1AmfMilXi9zZm1+mixN8u5tSal6S2gPSlWxIu+hxuLg++XaZw+W0mWHTfhVfP44i0vW5Nzmb5JV&u=U2FsdGVkX19nxvQTXkp55z0qC/2izg0xiehfFEYdWEDNxyaoMVdymNouLdS8fccu&y=U2FsdGVkX19NWjnIh5HgHo79er81ACzY80xbbH0ETqN8vY4DaXOLxhwoGjE9xMM9 HTTP/1.1" 200 25
152.203.175.246 - - [06/May/2023:13:53:27 -0500] "GET /kwssiamovil/sm/acme/a?s=U2FsdGVkX1/GK+HKjLY7meeif9/j3+MHo130TN/vXlNKnggPyx/jnc8VzT6ydAT60uJ7b6BLq67naPMiGPGgJeIKuLyV2kT3+7vnd7/VBdNc0wAE4XkiEp082JUg6nmMHh8UlhOzXEspdcg/lVRlgYOGSqkXviq424tde/Riy6b8CKvMjS/ORE7bCSq3fX98&u=U2FsdGVkX19nxvQTXkp55z0qC/2izg0xiehfFEYdWEDNxyaoMVdymNouLdS8fccu&y=U2FsdGVkX19NWjnIh5HgHo79er81ACzY80xbbH0ETqN8vY4DaXOLxhwoGjE9xMM9 HTTP/1.1" 200 26
152.203.175.246 - - [06/May/2023:13:53:27 -0500] "GET /kwssiamovil/sm/acme/a?s=U2FsdGVkX18yix0JtPw/xF9ZLqRvPNydWCgadVtl6M2mmVj2EpmxZ/GNC15wbVwrpNohwvvuKqg8PV+MGamIJL7MwYA+rHng58cCrrHrfB0hZpTvu1/7xj3hfYmsIu1ebTMdRAmArSFHdZvlV6TgT9wgRXRdnceMqd+bE/+2P7IYxQDcpu/rW+EU+t2c2KAv9qjN32iDP9i+XCjLf1zrBkwgGLgYIIYSdBE8fYLeRxuiiB/9F5JWuemuHEdvPpRErxeI7QPkSJbE1CLtb8rc8sGvDZZfRAbfiviJwQLthxAJsnX5XVOn9VyF2y/fmDpD6nbi23z5bgIDu/7gRpJTEGDXYx+/FHEGgNDGgwL76cS+Evcu19L9Pw6mpFdAAD+h1wExL5X7o+hzQdzQcgVqrg==&u=U2FsdGVkX19nxvQTXkp55z0qC/2izg0xiehfFEYdWEDNxyaoMVdymNouLdS8fccu&y=U2FsdGVkX19NWjnIh5HgHo79er81ACzY80xbbH0ETqN8vY4DaXOLxhwoGjE9xMM9 HTTP/1.1" 200 25
152.203.175.246 - - [06/May/2023:13:53:27 -0500] "GET /kwssiamovil/sm/acme/a?s=U2FsdGVkX18LeAGEeUBpp9yiuKcosN1nF/TB5+gXxjmZfQ1Ilh2WR4asr2aI38ecbFQQXYSvZZB6jLmJP7TsbSe8Eik52AsCCokQMkoNIMdvrsb7X8O47T3qbIwD4NKwGqu45Omqpo0stKtyJFxhDatYjvXXO1iu14ScZDEBY0Xp45X8QMrA2IYzc+OIgpEE7BAWAO0dzddMK/Il7abXQXz5864A0E7Cu410gIpu4OQ=&u=U2FsdGVkX19nxvQTXkp55z0qC/2izg0xiehfFEYdWEDNxyaoMVdymNouLdS8fccu&y=U2FsdGVkX19NWjnIh5HgHo79er81ACzY80xbbH0ETqN8vY4DaXOLxhwoGjE9xMM9 HTTP/1.1" 200 26
