186.86.33.180 - - [06/May/2023:09:46:40 -0500] "GET /sipse/faces/javax.faces.resource/images/ui-bg_flat_0_2d5972_40x100.png?ln=primefaces-aristo HTTP/1.1" 304 -
186.86.33.180 - - [06/May/2023:09:46:40 -0500] "POST /sipse/faces/bienvenido.xhtml HTTP/1.1" 200 2658
186.86.33.180 - - [06/May/2023:09:46:41 -0500] "POST /sipse/faces/bienvenido.xhtml HTTP/1.1" 200 65603
186.86.33.180 - - [06/May/2023:09:46:41 -0500] "GET /sipse/faces/javax.faces.resource/theme.css?ln=primefaces-sipse HTTP/1.1" 304 -
186.86.33.180 - - [06/May/2023:09:46:41 -0500] "GET /sipse/faces/javax.faces.resource/primefaces.css?ln=primefaces&v=4.0 HTTP/1.1" 304 -
186.86.33.180 - - [06/May/2023:09:46:41 -0500] "GET /sipse/faces/javax.faces.resource/layout/layout.css?ln=primefaces&v=4.0 HTTP/1.1" 304 -
186.86.33.180 - - [06/May/2023:09:46:41 -0500] "GET /sipse/faces/javax.faces.resource/jquery/jquery.js?ln=primefaces&v=4.0 HTTP/1.1" 304 -
186.86.33.180 - - [06/May/2023:09:46:41 -0500] "GET /sipse/faces/javax.faces.resource/jquery/jquery-plugins.js?ln=primefaces&v=4.0 HTTP/1.1" 304 -
186.86.33.180 - - [06/May/2023:09:46:41 -0500] "GET /sipse/faces/javax.faces.resource/primefaces.js?ln=primefaces&v=4.0 HTTP/1.1" 304 -
186.86.33.180 - - [06/May/2023:09:46:41 -0500] "GET /sipse/faces/javax.faces.resource/layout/layout.js?ln=primefaces&v=4.0 HTTP/1.1" 304 -
186.86.33.180 - - [06/May/2023:09:46:41 -0500] "POST /sipse/faces/presentacion/financiero/solicitudProceso/listarSolicitudProceso.xhtml HTTP/1.1" 200 1556
201.245.192.253 - - [06/May/2023:09:47:05 -0500] "POST /kwsrmcab/Wsrmcab  HTTP/1.1" 200 213
172.22.2.4 - - [06/May/2023:09:45:29 -0500] "HEAD /BLA/boletinlegal/ HTTP/1.1" 200 -
172.22.2.4 - - [06/May/2023:09:46:19 -0500] "GET /BLA/boletinlegal/ HTTP/1.1" 200 53114
216.245.221.92 - - [06/May/2023:09:48:19 -0500] "HEAD / HTTP/1.1" 200 -
40.77.167.184 - - [06/May/2023:09:50:09 -0500] "-" 408 -
201.245.192.253 - - [06/May/2023:09:52:03 -0500] "POST /kwsrmcab/Wsrmcab  HTTP/1.1" 200 213
172.22.2.4 - - [06/May/2023:09:51:19 -0500] "HEAD /BLA/boletinlegal/ HTTP/1.1" 200 -
216.245.221.92 - - [06/May/2023:09:53:19 -0500] "HEAD / HTTP/1.1" 200 -
172.22.2.4 - - [06/May/2023:09:52:09 -0500] "GET /BLA/boletinlegal/ HTTP/1.1" 200 58307
186.102.41.0 - - [06/May/2023:09:53:52 -0500] "OPTIONS /kwssiamovil/sm/setfile/f? HTTP/1.1" 200 13
186.102.41.0 - - [06/May/2023:09:53:52 -0500] "POST /kwssiamovil/sm/setfile/f? HTTP/1.1" 200 381
186.102.41.0 - - [06/May/2023:09:54:00 -0500] "OPTIONS /kwssiamovil/sm/setfile/f? HTTP/1.1" 200 13
186.102.41.0 - - [06/May/2023:09:54:00 -0500] "POST /kwssiamovil/sm/setfile/f? HTTP/1.1" 200 381
186.102.41.0 - - [06/May/2023:09:54:11 -0500] "OPTIONS /kwssiamovil/sm/setfile/f? HTTP/1.1" 200 13
186.102.41.0 - - [06/May/2023:09:54:12 -0500] "POST /kwssiamovil/sm/setfile/f? HTTP/1.1" 200 381
186.102.41.0 - - [06/May/2023:09:54:16 -0500] "OPTIONS /kwssiamovil/sm/setfile/f? HTTP/1.1" 200 13
186.102.41.0 - - [06/May/2023:09:54:16 -0500] "POST /kwssiamovil/sm/setfile/f? HTTP/1.1" 200 381
172.22.2.4 - - [06/May/2023:09:56:40 -0500] "GET /BLA/boletinlegal/actas/463597.pdf HTTP/1.1" 304 -
190.158.28.34 - - [06/May/2023:09:56:49 -0500] "GET /BLA/resoluciones/RESOLUCIONES%202016/0663.pdf HTTP/1.1" 200 867533
201.245.192.253 - - [06/May/2023:09:57:03 -0500] "POST /kwsrmcab/Wsrmcab  HTTP/1.1" 200 213
216.245.221.92 - - [06/May/2023:09:58:19 -0500] "HEAD / HTTP/1.1" 200 -
190.158.28.34 - - [06/May/2023:09:58:38 -0500] "GET /BLA/resoluciones/RESOLUCIONES%202016/0672.pdf HTTP/1.1" 200 619065
172.22.2.4 - - [06/May/2023:09:57:09 -0500] "HEAD /BLA/boletinlegal/ HTTP/1.1" 200 -
172.22.2.4 - - [06/May/2023:09:57:59 -0500] "GET /BLA/boletinlegal/ HTTP/1.1" 200 52326
190.158.28.34 - - [06/May/2023:10:00:08 -0500] "GET /BLA/resoluciones/RESOLUCIONES%202016/0671.pdf HTTP/1.1" 200 640579
190.158.28.34 - - [06/May/2023:10:00:08 -0500] "GET /BLA/resoluciones/RESOLUCIONES%202016/0671.pdf HTTP/1.1" 206 1
190.158.28.34 - - [06/May/2023:10:00:08 -0500] "GET /BLA/resoluciones/RESOLUCIONES%202016/0671.pdf HTTP/1.1" 206 637955
190.158.28.34 - - [06/May/2023:10:01:26 -0500] "GET /BLA/resoluciones/RESOLUCIONES%202016/0660.pdf HTTP/1.1" 200 1086357
201.245.192.253 - - [06/May/2023:10:02:02 -0500] "POST /kwsrmcab/Wsrmcab  HTTP/1.1" 200 213
190.158.28.34 - - [06/May/2023:10:02:54 -0500] "GET /BLA/resoluciones/RESOLUCIONES%202016/0666.pdf HTTP/1.1" 200 970441
190.158.28.34 - - [06/May/2023:10:02:54 -0500] "GET /BLA/resoluciones/RESOLUCIONES%202016/0666.pdf HTTP/1.1" 206 1
190.158.28.34 - - [06/May/2023:10:02:54 -0500] "GET /BLA/resoluciones/RESOLUCIONES%202016/0666.pdf HTTP/1.1" 206 967817
216.245.221.92 - - [06/May/2023:10:03:19 -0500] "HEAD / HTTP/1.1" 200 -
190.158.28.34 - - [06/May/2023:10:03:41 -0500] "GET /BLA/resoluciones/RESOLUCIONES%202016/0668.pdf HTTP/1.1" 200 860960
181.53.12.60 - - [06/May/2023:10:03:58 -0500] "GET /BLA/resoluciones/RESOLUCIONES%202021/4186.pdf HTTP/1.1" 200 2310005
172.22.2.4 - - [06/May/2023:10:02:59 -0500] "HEAD /BLA/boletinlegal/ HTTP/1.1" 200 -
172.22.2.4 - - [06/May/2023:10:03:49 -0500] "GET /BLA/boletinlegal/ HTTP/1.1" 200 59306
181.53.12.60 - - [06/May/2023:10:05:53 -0500] "GET /BLA/resoluciones/index.php?dir=RESOLUCIONES+2022%2F HTTP/1.1" 200 301071
181.53.12.60 - - [06/May/2023:10:06:01 -0500] "GET /BLA/resoluciones/RESOLUCIONES%202022/1412.pdf HTTP/1.1" 200 599674
201.245.192.253 - - [06/May/2023:10:07:02 -0500] "POST /kwsrmcab/Wsrmcab  HTTP/1.1" 200 213
216.245.221.92 - - [06/May/2023:10:08:19 -0500] "HEAD / HTTP/1.1" 200 -
172.22.2.4 - - [06/May/2023:10:08:49 -0500] "HEAD /BLA/boletinlegal/ HTTP/1.1" 200 -
172.22.2.4 - - [06/May/2023:10:09:39 -0500] "GET /BLA/boletinlegal/ HTTP/1.1" 200 59306
173.252.95.9 - - [06/May/2023:10:11:31 -0500] "GET /images/negocios-verdes-3-marzo.jpg HTTP/1.1" 200 33179
201.245.192.253 - - [06/May/2023:10:12:01 -0500] "POST /kwsrmcab/Wsrmcab  HTTP/1.1" 200 213
66.249.70.210 - - [06/May/2023:10:12:51 -0500] "-" 408 -
173.252.95.11 - - [06/May/2023:10:12:53 -0500] "GET /si-estas-buscando-productos-y-servicios-sostenibles-participa-en-la-feria-de-negocios-verdes-en-bogota.html HTTP/1.1" 206 996
216.245.221.92 - - [06/May/2023:10:13:19 -0500] "HEAD / HTTP/1.1" 200 -
172.22.2.4 - - [06/May/2023:10:14:39 -0500] "HEAD /BLA/boletinlegal/ HTTP/1.1" 200 -
201.245.192.253 - - [06/May/2023:10:16:59 -0500] "POST /kwsrmcab/Wsrmcab  HTTP/1.1" 200 213
172.22.2.4 - - [06/May/2023:10:15:29 -0500] "GET /BLA/boletinlegal/ HTTP/1.1" 200 57561
181.53.12.60 - - [06/May/2023:10:17:14 -0500] "GET /BLA/resoluciones/index.php?dir=RESOLUCIONES+2021%2F HTTP/1.1" 200 439476
181.53.12.60 - - [06/May/2023:10:17:23 -0500] "GET /BLA/resoluciones/RESOLUCIONES%202021/0592.pdf HTTP/1.1" 200 541532
168.235.206.82 - - [06/May/2023:10:17:34 -0500] "GET /mujeres-que-reverdec HTTP/1.1" 404 1034
191.156.226.202 - - [06/May/2023:10:17:35 -0500] "GET /favicon.ico HTTP/1.1" 404 1238
216.245.221.92 - - [06/May/2023:10:18:19 -0500] "HEAD / HTTP/1.1" 200 -
185.220.101.51 - - [06/May/2023:10:18:36 -0500] "GET /wp-login.php HTTP/1.1" 404 1035
201.245.192.253 - - [06/May/2023:10:19:47 -0500] "POST /kwsrmcab/Wsrmcab HTTP/1.1" 200 40930
201.245.192.253 - - [06/May/2023:10:19:50 -0500] "POST /kwsrmcab/Wsrmcab HTTP/1.1" 200 41281
66.249.70.207 - - [06/May/2023:10:21:37 -0500] "-" 408 -
181.53.12.60 - - [06/May/2023:10:21:40 -0500] "GET /BLA/resoluciones/RESOLUCIONES%202021/0787.pdf HTTP/1.1" 200 585293
201.245.192.253 - - [06/May/2023:10:21:58 -0500] "POST /kwsrmcab/Wsrmcab  HTTP/1.1" 200 213
172.22.2.4 - - [06/May/2023:10:20:29 -0500] "HEAD /BLA/boletinlegal/ HTTP/1.1" 200 -
172.22.2.4 - - [06/May/2023:10:21:19 -0500] "GET /BLA/boletinlegal/ HTTP/1.1" 200 52730
191.156.183.144 - - [06/May/2023:10:23:11 -0500] "GET /css/date_blue.css HTTP/1.1" 404 1254
191.156.190.87 - - [06/May/2023:10:23:11 -0500] "GET /css/textos.css HTTP/1.1" 404 1254
191.156.183.144 - - [06/May/2023:10:23:11 -0500] "GET /css/fondos.css HTTP/1.1" 404 1254
191.156.183.144 - - [06/May/2023:10:23:17 -0500] "GET /css/bordes.css HTTP/1.1" 404 1254
216.245.221.92 - - [06/May/2023:10:23:19 -0500] "HEAD / HTTP/1.1" 200 -
186.102.10.177 - - [06/May/2023:10:23:45 -0500] "OPTIONS /kwssiamovil/sm/setfile/f? HTTP/1.1" 200 13
186.102.10.177 - - [06/May/2023:10:23:45 -0500] "POST /kwssiamovil/sm/setfile/f? HTTP/1.1" 200 381
186.102.10.177 - - [06/May/2023:10:23:51 -0500] "OPTIONS /kwssiamovil/sm/setfile/f? HTTP/1.1" 200 13
186.102.10.177 - - [06/May/2023:10:23:51 -0500] "POST /kwssiamovil/sm/setfile/f? HTTP/1.1" 200 381
186.102.10.177 - - [06/May/2023:10:23:56 -0500] "OPTIONS /kwssiamovil/sm/setfile/f? HTTP/1.1" 200 13
186.102.10.177 - - [06/May/2023:10:23:56 -0500] "POST /kwssiamovil/sm/setfile/f? HTTP/1.1" 200 381
186.102.10.177 - - [06/May/2023:10:24:02 -0500] "OPTIONS /kwssiamovil/sm/setfile/f? HTTP/1.1" 200 13
186.102.10.177 - - [06/May/2023:10:24:02 -0500] "POST /kwssiamovil/sm/setfile/f? HTTP/1.1" 200 381
186.102.10.177 - - [06/May/2023:10:24:07 -0500] "OPTIONS /kwssiamovil/sm/setfile/f? HTTP/1.1" 200 13
186.102.10.177 - - [06/May/2023:10:24:07 -0500] "POST /kwssiamovil/sm/setfile/f? HTTP/1.1" 200 381
186.102.10.177 - - [06/May/2023:10:24:13 -0500] "OPTIONS /kwssiamovil/sm/setfile/f? HTTP/1.1" 200 13
186.102.10.177 - - [06/May/2023:10:24:14 -0500] "POST /kwssiamovil/sm/setfile/f? HTTP/1.1" 200 381
186.102.10.177 - - [06/May/2023:10:24:26 -0500] "OPTIONS /kwssiamovil/sm/setfile/f? HTTP/1.1" 200 13
186.102.10.177 - - [06/May/2023:10:24:27 -0500] "POST /kwssiamovil/sm/setfile/f? HTTP/1.1" 200 381
40.77.167.86 - - [06/May/2023:10:25:14 -0500] "GET /sipse/faces/autenticacion.xhtml HTTP/1.1" 200 12499
186.102.10.177 - - [06/May/2023:10:25:50 -0500] "GET /kwssiamovil/sm/acme/a?s=U2FsdGVkX1+qHl2OtNn1epboV6yhY6ATC+uxXLz8DYk54j62uHDFDG7IfWCxj6P0y0eZ9R81zpBNQa9k//pGrs6i+mvUaABcraupf3hXEOOQr7/ZzP5qc4LQc5eKmil81dHus0ItjuD9rK4BgawqSDNlWERmaX1qNMVSim4tgXNHtDVIrOpVuqS5wWre0/Rx6V6RXVZ0VOHbQYkav5sEzEJJ+fIlezVF9hoOnzHWQYAQ+rol1hD1kD2PHGygBweVUWzJnhnKAk8i/FFYSV78Vw==&u=U2FsdGVkX1+Bhy5Z4zj9cP4FsH7rIem3n+MhQwPvdso=&y=U2FsdGVkX1/gtAWBFmfU7si3CHFHR1zIDLgLebFU7/E= HTTP/1.1" 200 26
186.102.10.177 - - [06/May/2023:10:25:51 -0500] "GET /kwssiamovil/sm/acme/a?s=U2FsdGVkX1/2wOIfmsMtmzIwg77uHPI1816TMFGdhFNe3LJ1jTntIkckj7JBpHXOxw0jHOl5JzvQXjBs2kqHalfJ3rbRnkh4wvZQmrg0L6AAZvfDU6mZgTeRQb6wQGr3Wfe486hjXm3x64b2h2qk6aDDOn/Mo99GfEcIM5LyQYmqhVYg8uCezfss5GF03B/09jiMNFaYUKUJPfJZcw3BqhArUzU3IYg7PnpBz1uZrF3Utal5AsJ3HfteLMU6Os9CYZ4Rq/gMggUBYPwqAzeH5eBvn7DHAtIhMUg0X/MtC6nafmIdT85o3UBeKhvjB3mNdPmpFnVMWG0GPnTFy3nSPsngfxrkE3zP5kKFsZ3z1T9EN/XG/jIUbtwsqdHSEU4bK6g1+t51T6M+vakOnU37HHon7rlCN+svaTrSfOGZoIZPPrWJ0q/0cXyigWt7t/vAJ11UnvI9Jg01vOzEwa4+BLuJDf4ecWPXMzKjYbwW3FPqXyT+DSjG3sabMzsvT6t3VQ3VQya9PchBrXQm+0YPLt9pr55gekHO0WGGg+rbrW+u/lJJniyjohci6L8GLbIGQloYscsYMp2oZBIYsCyjyybIipq3qhpihqAKvifPcPIXz+VV08hn0zAI8DWUnp9GvtExk1YZSht1TPtr1YnY5zHZCwIh+lcO87nuYi6qENCfPKJK2g7Du1VqDQnEsYZoGilIkwCNnKHu18altxM8lsYOvogMahBiiSlrcQwSkYpB+gdbm8I3bQN6xNQ76RVl/0CqaE+2P+7Guw7a4pNg/hSbVDVj2l28f6XHNfHZOkLSnnvk2lh84GwRM4Kor/AJo1K1HDApwk/vimPuvdXArsdmSTEpkmE5Ca8Dn1nyA/XfXi+cSLqO7jUX8L1sd4/gfTzjxRdNqjpyXmWrui9md/Jwz4tODYW/WMx2HFDUA13F0kKAcSbWPGCRXa+O5AL2XLO5YNsLNYN5sAmkWoPHkC8dsBYBSV4Uvx0m5kTN5fYUanUoHMRcylGNMHJwEU75nn1jdrxnixTG5rfvTFXgroG3hQ/AAU5H87cZhfH5rO3JtdwGl5dq8EWt/7j1Fv8n01UIqs0mEJkXIJQMe7659qaVeq+L4eyzqV+NxDL6VFr/3/75W6rPt0AClMmYZfbRgakuUnWooIBUzcnhC2ojEQH7P33bgtDrOk3+p5lxL3JDKH9a+DN8hopxA4zQDr3N8sJuG7nqpYWRs8ROehjC/O3zJH7NUL9eneX6InVK5TbB61+NJ9nka9zyPOzLk6tuRxMWUhiETXcbr+9Zw6Ffr0cqJrEEDRkYzr7bx26vyAsYaHOMbCqH8RZ6LlalM7O1mVLU6mk8BFTL7UML1qv1FLBz/KDUtgkL7F6zvVc48tm/+DMcKElieFNj7t0XjuEeChuaBMLBx7SjbaGT62qyhjDvo2GQhCVt8CQsOf99UFY=&u=U2FsdGVkX1+Bhy5Z4zj9cP4FsH7rIem3n+MhQwPvdso=&y=U2FsdGVkX1/gtAWBFmfU7si3CHFHR1zIDLgLebFU7/E= HTTP/1.1" 200 26
186.102.10.177 - - [06/May/2023:10:25:52 -0500] "GET /kwssiamovil/sm/acme/a?s=U2FsdGVkX18sGRep/BBksApZYSYzN/CXtVPDdT8YA8mFtkPLP/32UIY2GOFEYIl2qxQjkGNEE5VAWjWxrZDq7/nxhZ1WppbSBX6qNi2ik1mUox6p7dfC94ZnejK4jMSu1UTmbxuJhScw3mBZebe5EymVe7nZvLxTEsmy/HiusKA=&u=U2FsdGVkX1+Bhy5Z4zj9cP4FsH7rIem3n+MhQwPvdso=&y=U2FsdGVkX1/gtAWBFmfU7si3CHFHR1zIDLgLebFU7/E= HTTP/1.1" 200 26
186.102.10.177 - - [06/May/2023:10:25:52 -0500] "GET /kwssiamovil/sm/acme/a?s=U2FsdGVkX1/uqySuv6jMaR6yZ/+vB6Cm1auaijOCfHu6cqUllURMNkgEvr7PTpMnWztUcw4Fho0E8ozKS8Z1WUxPvDQ+2d4YVZTm8AEiH7Ahiv5h07peyUCbFEL3ldcdO/BipljwWep7M+GH2QgDngA5Add9XLGKd+wYxUovjIo=&u=U2FsdGVkX1+Bhy5Z4zj9cP4FsH7rIem3n+MhQwPvdso=&y=U2FsdGVkX1/gtAWBFmfU7si3CHFHR1zIDLgLebFU7/E= HTTP/1.1" 200 26
186.102.10.177 - - [06/May/2023:10:25:52 -0500] "GET /kwssiamovil/sm/acme/a?s=U2FsdGVkX19wi5n+38zncMFbfyEsqy/kZymVaBg8EBmWEyT1hqZYLZDlyifnD4wSVdpSnN2OgyuXr2841iWIdzr7tlAbmdw0E0h9oAIEsnICNHZk38jghhfBhUH7yCjoiuo/o6IbvFE3EbLmx1Pb0jNzM1JoWH3xaKgYws4/C70=&u=U2FsdGVkX1+Bhy5Z4zj9cP4FsH7rIem3n+MhQwPvdso=&y=U2FsdGVkX1/gtAWBFmfU7si3CHFHR1zIDLgLebFU7/E= HTTP/1.1" 200 26
186.102.10.177 - - [06/May/2023:10:25:52 -0500] "GET /kwssiamovil/sm/acme/a?s=U2FsdGVkX1+oTFHnLLAjkcee0UGJYzgsXc0X32e6GUAyTnmzm4PA0kDNZzgw75vFH8ZzYzd0QcA1CM/dBLhnH/osU/bKwoO60hanlGahJpOLUdvUZKPuv2xLq0X2PpzWPV7JZvkPHhKcCKWZVlYVKnwAg2EFU8Flch33y3rKsYBThEq63rnYkQSqvMRMevFM&u=U2FsdGVkX1+Bhy5Z4zj9cP4FsH7rIem3n+MhQwPvdso=&y=U2FsdGVkX1/gtAWBFmfU7si3CHFHR1zIDLgLebFU7/E= HTTP/1.1" 200 26
186.102.10.177 - - [06/May/2023:10:25:53 -0500] "GET /kwssiamovil/sm/acme/a?s=U2FsdGVkX1/yQTMvfkEpUjrLbMLtkAz4bpcGVJa10pWCyXqWJr4KAMRWGdF+uGQf2aenTQFbmaZP3lPo3Qvb7rgdKeh1gg63nlXMWSa6Zg2WPlZOSCu2R19MDzne+DyT91ycNyPv4O9pdJYACCcKX6CpzRCWAt80W+aaUfdv1aINue4mKT9fjqNdPdgmY5ItgAE9O1G4jdhpNHnyn6g1Rw==&u=U2FsdGVkX1+Bhy5Z4zj9cP4FsH7rIem3n+MhQwPvdso=&y=U2FsdGVkX1/gtAWBFmfU7si3CHFHR1zIDLgLebFU7/E= HTTP/1.1" 200 26
186.102.10.177 - - [06/May/2023:10:25:53 -0500] "GET /kwssiamovil/sm/acme/a?s=U2FsdGVkX1+3mX+wEGgYRltRtR+Q0uduhwqvv3raxrfY4CvpJdKZJ1ayqC1jpdmVWV5nEiJFiSLkxdb1tk4UAsDSzMorvW0/WQpYa8oSXueY2Z8diexSlp51MMzLYDYEaoAcwe0iEOPWO+7v32PMF2WxmHBdEN8WDLi9sO+2XUg4W7Q9Oj6IuBy+Ijhv2k31&u=U2FsdGVkX1+Bhy5Z4zj9cP4FsH7rIem3n+MhQwPvdso=&y=U2FsdGVkX1/gtAWBFmfU7si3CHFHR1zIDLgLebFU7/E= HTTP/1.1" 200 26
186.102.10.177 - - [06/May/2023:10:25:53 -0500] "GET /kwssiamovil/sm/acme/a?s=U2FsdGVkX18LsnDHENbTeFvB28Wjh5fbPD6fOGFHfjbtBi5hyr5cw9KSCJmZTNOKmEJzOTYMRU/plMPZO6UPuupBvVh60xNlOczSQfUUbbP9dxvG5smv8FZD4YcRz5L6CBZq8iR02LnFRbG4aBZXwF2fzqicoqhgtoWOwhI7l1FYX8OPoEH15zt8ob8WucGVI+KbcDfnJJk5fzqu7YJpWf01UJaq9IpgnNLCIgg6H4w=&u=U2FsdGVkX1+Bhy5Z4zj9cP4FsH7rIem3n+MhQwPvdso=&y=U2FsdGVkX1/gtAWBFmfU7si3CHFHR1zIDLgLebFU7/E= HTTP/1.1" 200 26
186.102.10.177 - - [06/May/2023:10:25:53 -0500] "GET /kwssiamovil/sm/acme/a?s=U2FsdGVkX1/qCsFotPaHw13uSyqqMLkt/fZUmLH9o6eTew1IKu0lapeHc3ad4np+x3iZw/IUtvMf/nlhqpLwA8zjJxOirblwtLtiTnLgCs3PxEKkjhtueJcw1fcRsXXtt+JP+V48ttOKCi8kYOYDcdqmSc3f6J/0sTPgJcLqyVMg8FcIaG+wAiaiVdINrWwCg+3N+xI2FDVec/3bqcY1Kw==&u=U2FsdGVkX1+Bhy5Z4zj9cP4FsH7rIem3n+MhQwPvdso=&y=U2FsdGVkX1/gtAWBFmfU7si3CHFHR1zIDLgLebFU7/E= HTTP/1.1" 200 26
186.102.10.177 - - [06/May/2023:10:25:54 -0500] "GET /kwssiamovil/sm/acme/a?s=U2FsdGVkX19VcSWDFacAflXLidvP+gUhk1kydg1/Yy538ahh8O6pg489m5Vtx0ldkx+wJVpMFlwXdvwjtounbgPXf7r7djf+5hSbqhCIlxTfbZ80VLuxGCxO5KhAo1HWXp6nGab/dxNapNHBqcccgpgAHhyKzvA5xcKVyoPUer42/9CzoSAWwydq7vnw5pJ3mpMzDiP9z2btK1He4wLnvDULGw4/eufoYu5ZwcaV2Vg=&u=U2FsdGVkX1+Bhy5Z4zj9cP4FsH7rIem3n+MhQwPvdso=&y=U2FsdGVkX1/gtAWBFmfU7si3CHFHR1zIDLgLebFU7/E= HTTP/1.1" 200 26
186.102.10.177 - - [06/May/2023:10:25:54 -0500] "GET /kwssiamovil/sm/acme/a?s=U2FsdGVkX1/X7V1eqrxb0qK5aQ+mVYAaB3xSvzJKkxzwiiyzMPAI2rPEc5BGuUuSuDjFneDchto7ZeXUETX6x9TWAHdIbz+snc8QoPXaZ2DereIDgcLa5xPC7MQZVf9KDZ8MobJzjmntIHybs17kOSvv/WmRtcZ14OB8ogHy2zgKfVmdXCdqTabEWRkgrcfEeGDcWuR+YFKPsvYZ2d2/qg==&u=U2FsdGVkX1+Bhy5Z4zj9cP4FsH7rIem3n+MhQwPvdso=&y=U2FsdGVkX1/gtAWBFmfU7si3CHFHR1zIDLgLebFU7/E= HTTP/1.1" 200 26
186.102.10.177 - - [06/May/2023:10:25:54 -0500] "GET /kwssiamovil/sm/acme/a?s=U2FsdGVkX1+YozsgI7rH73mvGSkbvJtV2bw6SFc4vg7bBsEHFwZ8s43fmQBE/vFQy7ONf4d7pEBgPFgGEfUZcewaI5P+5Dr+fYbVAUTwiplLb66zB/g7SR9tf+uy25WhojFOqL392wrxZ8t+R45mg+fbbohzA+IJEGzL8qNHAnsuTeIyGGoe8hinv195Zw6Llw1o6npfCiCc5tGwl5vva8HzOGe25ZsCUCz/qjm5ajg=&u=U2FsdGVkX1+Bhy5Z4zj9cP4FsH7rIem3n+MhQwPvdso=&y=U2FsdGVkX1/gtAWBFmfU7si3CHFHR1zIDLgLebFU7/E= HTTP/1.1" 200 26
186.102.10.177 - - [06/May/2023:10:25:54 -0500] "GET /kwssiamovil/sm/acme/a?s=U2FsdGVkX184hLuoRXYutRHf+qOAuermtc2rgtyJYUJURRwiY91q5LmbLL7QCxV26NOGGO+/NJI7S6NzF2dB2ELCd+jriSvLLDtO/91dJpkA+TILKYcAI5ThM/Quevd9GqBdqntWXp+6MTLvzmIiDwGVYIpdaLM8790tGwGCuvJWYete3E3N+mQOtbN4xY36hW0E3XcF08TLuknIB1vJGA==&u=U2FsdGVkX1+Bhy5Z4zj9cP4FsH7rIem3n+MhQwPvdso=&y=U2FsdGVkX1/gtAWBFmfU7si3CHFHR1zIDLgLebFU7/E= HTTP/1.1" 200 26
186.102.10.177 - - [06/May/2023:10:25:54 -0500] "GET /kwssiamovil/sm/acme/a?s=U2FsdGVkX18Fv8ar+dMkfPA7t3CMfP4oesX0yrbZslqlmlsUn2o1oRZ2zbEofeV8RFltqm1uPjbnJkOxOp+BpxScxXoywqD4PFZ+/8qKT6CszIAJwpLMjjbWxCF/zArpm5tvuTvjPxk7uB9SWB1MLtOiEsCF0HzzL+GJf2dJb4o/s3d4flpYzXTS09jL+UTgcQTatTvogGTluzLZ5Je6MsIm44ubJHZjGxBpksoSTfo=&u=U2FsdGVkX1+Bhy5Z4zj9cP4FsH7rIem3n+MhQwPvdso=&y=U2FsdGVkX1/gtAWBFmfU7si3CHFHR1zIDLgLebFU7/E= HTTP/1.1" 200 26
186.102.10.177 - - [06/May/2023:10:25:55 -0500] "GET /kwssiamovil/sm/acme/a?s=U2FsdGVkX1+Q6YZ0nqoVZZLUSWFLw5HP8kJvCRI870QQYaaGAfbErJlqgfreIggUEjYSM+AC5Zj/pUcE0AEg38GKXys11pobC+PgPRzIC5eYxVza5u1Ct5+dWx+bzBu3ob2Y5MBKaz8zYXA2ZXNkWvtfAPrCoqlpgRCPSEKOeTQHsuI+8Et5YwfmMmx+gr4l1H2d+SSevDRmeXuwERmNvw==&u=U2FsdGVkX1+Bhy5Z4zj9cP4FsH7rIem3n+MhQwPvdso=&y=U2FsdGVkX1/gtAWBFmfU7si3CHFHR1zIDLgLebFU7/E= HTTP/1.1" 200 26
186.102.10.177 - - [06/May/2023:10:25:55 -0500] "GET /kwssiamovil/sm/acme/a?s=U2FsdGVkX19e9I2ttVrvRKJQBFPRO/0jeY1DvNU04BBuDmenJ5wlSR1K5sCNPWeJQ6ytSJt9N+j8Zuv1h2gOT7ahcowDQd5nOvRC6N76MAa3CBH1GMcXX0aO4FXHRAmiIlRFvuYfxCO/Ap/U90ML9imid9/y8/yZQfIAgABcc2j+DU+RysasF6yoWsctRW3ruSW989RC23pvixGoZxADI3aScJnOVnZE3conRV3JNmo=&u=U2FsdGVkX1+Bhy5Z4zj9cP4FsH7rIem3n+MhQwPvdso=&y=U2FsdGVkX1/gtAWBFmfU7si3CHFHR1zIDLgLebFU7/E= HTTP/1.1" 200 26
186.102.10.177 - - [06/May/2023:10:25:55 -0500] "GET /kwssiamovil/sm/acme/a?s=U2FsdGVkX18tr4SHpvD3xXXwyP1w1FhsNg63C3FW9HE8kaCGVKTK7jzbry4bi7wB0oyYBLtaOD/UlP/zDB37m6EZ+WCZtD+qaZZGUA8qf/16VaGPgHCzsiy8OhLjNRKjcIqzhUjZLnw5MZrPMBUxhwyzt2gEjPykKAN9TDC+m1YsjU/AXGEcq3b9Ft9/P0tzoT7IuGj3kBy7QZwi2sGClw==&u=U2FsdGVkX1+Bhy5Z4zj9cP4FsH7rIem3n+MhQwPvdso=&y=U2FsdGVkX1/gtAWBFmfU7si3CHFHR1zIDLgLebFU7/E= HTTP/1.1" 200 26
186.102.10.177 - - [06/May/2023:10:25:55 -0500] "GET /kwssiamovil/sm/acme/a?s=U2FsdGVkX1/tRntzqXAROdVVURoCKwMbWKIJ6ZhFUCE86++PF1sWzkAqc5/4ZYCSI9rNqEcMBaYIk5XUvU/X+GOhAYRH2gmpk6jLigiC/1cSLoVKewK2Vl6beLszJ1AuI/vNrp5LV4neyTMV1OMsOLLKiHcLQ/dYHodGBBX+dDIZHblAXZBJGz7XRcYX8RLOPc2sZKNyFpGJ/SY8hIj9SDNf5iAV3xN9oHYTPAZERmQ=&u=U2FsdGVkX1+Bhy5Z4zj9cP4FsH7rIem3n+MhQwPvdso=&y=U2FsdGVkX1/gtAWBFmfU7si3CHFHR1zIDLgLebFU7/E= HTTP/1.1" 200 26
186.102.10.177 - - [06/May/2023:10:25:56 -0500] "GET /kwssiamovil/sm/acme/a?s=U2FsdGVkX18v3KOBRQFUXRiWLbtAk+S0g62vmSx/q9DQYZWRiviVZz4EJBeiLxgfIzw31OlbMZ72w1FGvO7OZSLj65DPq7/kPD6OFCYhtfl3K9pL45dnBXjB8I1R7jwPXjwLo7SWNdeVQ4ZaGkou4j/IYtkM6/PcpZNZLoFzAHXZFBOiApxKcgxz1TNkwOxtV76BXmj+VVYwu3jmyyea8g==&u=U2FsdGVkX1+Bhy5Z4zj9cP4FsH7rIem3n+MhQwPvdso=&y=U2FsdGVkX1/gtAWBFmfU7si3CHFHR1zIDLgLebFU7/E= HTTP/1.1" 200 26
186.102.10.177 - - [06/May/2023:10:25:56 -0500] "GET /kwssiamovil/sm/acme/a?s=U2FsdGVkX19V+Jyn8pu1WiMGbJCx/0RRdF3vx8f7wT6PIteozGJrtXcTzV5eW3uLVNkGvLHg18OC630nGdvnuK9wsSH81hsF0ARoUaSYZv4YUHqbyujdYy/r7KTBX2PSoIRAk5xhNk/QFXKvfCirZzRfSyUF71OkfFHz/i0nCC9vJ2Ti4bn3cUxPxBwfYSmtHzZVc2FSu/e0xrgFIFXoG1CNhcsZMoU1srQZ9bXsCzs=&u=U2FsdGVkX1+Bhy5Z4zj9cP4FsH7rIem3n+MhQwPvdso=&y=U2FsdGVkX1/gtAWBFmfU7si3CHFHR1zIDLgLebFU7/E= HTTP/1.1" 200 26
186.102.10.177 - - [06/May/2023:10:25:56 -0500] "GET /kwssiamovil/sm/acme/a?s=U2FsdGVkX19lV8bc8KJWuSxSP1G0WGJt3yPgOFFEOroWn3w2dyeLCvNJBrUhMeOsddrMwHBhXgtjYyGuD19gInpP6MJpk4OXChIC2m551NKszOpBke4279vJkApl9ROfBhevvJW5mUwzgajtstP1oAVGpANjPb2brSJFcd0jyvhtZfv6LPkyLVxinaNfbQbLW0GO2HF6VgbknWRZftadYQ==&u=U2FsdGVkX1+Bhy5Z4zj9cP4FsH7rIem3n+MhQwPvdso=&y=U2FsdGVkX1/gtAWBFmfU7si3CHFHR1zIDLgLebFU7/E= HTTP/1.1" 200 26
186.102.10.177 - - [06/May/2023:10:25:56 -0500] "GET /kwssiamovil/sm/acme/a?s=U2FsdGVkX1/8ErJRjxxItPWYHmoDn+WJyQbEP5ovPV2U3sVST0Om3QgCwUBaUHl77uK0rB0HquzjFIIOX/rxDWG8JbFNQnuDyS/YzEe2ThqTK/VYU7189AFshkT1wCk6vT7gEOAaqyyY5YDwU84x11XD7RYcyiMuji2eObQeHpDRij3Gk8cz3UyIb9i7d/9bU0xcP0t9yj9576z3Sqtmwg==&u=U2FsdGVkX1+Bhy5Z4zj9cP4FsH7rIem3n+MhQwPvdso=&y=U2FsdGVkX1/gtAWBFmfU7si3CHFHR1zIDLgLebFU7/E= HTTP/1.1" 200 26
186.102.10.177 - - [06/May/2023:10:25:57 -0500] "GET /kwssiamovil/sm/acme/a?s=U2FsdGVkX1+LJlEKgQ0Eu05fvlmy6VlNP2QyEXX0WGFxyZ/9PpQmcP7Pkjq9TRDOqCqU0AMMydg0aPDUDkJ8bF4khTslrh1tWZLkmEO5jOkGQTqo+iVhsOGMetX6NuD/0kHwnZcRKyCMC0tD0db6AZK1SAns0QO6f4x4GyQN/gjEmoYfB8wI8G6CXMSP6Bku&u=U2FsdGVkX1+Bhy5Z4zj9cP4FsH7rIem3n+MhQwPvdso=&y=U2FsdGVkX1/gtAWBFmfU7si3CHFHR1zIDLgLebFU7/E= HTTP/1.1" 200 26
186.102.10.177 - - [06/May/2023:10:25:57 -0500] "GET /kwssiamovil/sm/acme/a?s=U2FsdGVkX18+Ke8I8jiSjjcfRMAHOvRTcxNVdXypCQdcI3gKe5mR628OQthC25ikkg158HdGmsQSVgCLkU+m3GTYX8oulcpyg1IJGHZTO5xN7b3KnW493z852l5SR+kJaH5dWXMPuolTUg3BGQycPSMVjMQYpUQxV+FWpJVWr5FZFqO4KcT37J049QfOGfnH98Fc8OCd/HvOmMBbPaH8eKsvO4DYCoRc1W4DtgzoLXg=&u=U2FsdGVkX1+Bhy5Z4zj9cP4FsH7rIem3n+MhQwPvdso=&y=U2FsdGVkX1/gtAWBFmfU7si3CHFHR1zIDLgLebFU7/E= HTTP/1.1" 200 26
186.102.10.177 - - [06/May/2023:10:25:57 -0500] "GET /kwssiamovil/sm/acme/a?s=U2FsdGVkX19H2ooBc9ZrzQYX+8MTDhZClTUNRGTibKC9dpOhg8Pk8wHsJkTqj2oJ0mPdmy2lPt4kG7WmKHWP+eHNTdDs7hAbIVtG0Y1ksq/lSs6dykTR7yoiXOIu73RaykiQVqTTV9PM1oMGxObSoRhT/ZstiU2MZ7plKjqmXRlsYDdclOvMPr+6UMsMNGBrz+ywB5JQGW/PH5eENoUPdA==&u=U2FsdGVkX1+Bhy5Z4zj9cP4FsH7rIem3n+MhQwPvdso=&y=U2FsdGVkX1/gtAWBFmfU7si3CHFHR1zIDLgLebFU7/E= HTTP/1.1" 200 26
201.245.192.253 - - [06/May/2023:10:26:57 -0500] "POST /kwsrmcab/Wsrmcab  HTTP/1.1" 200 213
172.22.2.4 - - [06/May/2023:10:26:19 -0500] "HEAD /BLA/boletinlegal/ HTTP/1.1" 200 -
198.199.76.233 - - [06/May/2023:10:28:16 -0500] "GET / HTTP/1.1" 200 319
216.245.221.92 - - [06/May/2023:10:28:19 -0500] "HEAD / HTTP/1.1" 200 -
172.22.2.4 - - [06/May/2023:10:28:41 -0500] "GET /BLA/boletinlegal/actos.php HTTP/1.1" 200 9682
186.102.10.177 - - [06/May/2023:10:28:45 -0500] "GET /kwssiamovil/sm/ldap/au?x=U2FsdGVkX1+oM2/nIp/gsstO2qCFy/mRdJ+g5JRr4Ln3y501xfY508kPbhWzu4T5&y=U2FsdGVkX18Q61SFMlMb/kTLDtdHRpdnwA/tdzeM6S0= HTTP/1.1" 200 30
186.102.10.177 - - [06/May/2023:10:28:45 -0500] "GET /kwssiamovil/sm/acme/s?s=U2FsdGVkX18aLQn+bbO33byDmTcqWZ4AIx9Y/wxXIV6qaurIGercJb5nxSNL0tIsP8N/HVD8T5TigmnH6JsEBTL/uMp/79C0GFwogsBDxG8=&u=U2FsdGVkX19XoK7bdsMYV/SujXGr8N/NjZl8DVrJz3o=&y=U2FsdGVkX18Q61SFMlMb/kTLDtdHRpdnwA/tdzeM6S0= HTTP/1.1" 200 97
186.102.10.177 - - [06/May/2023:10:28:45 -0500] "GET /kwssiamovil/sm/acme/s?s=U2FsdGVkX19c+junLnH+ILhQpcSkvoNAjS4+59F4Tgytr/pAOnxBRH52ba4vB0zE1M/dCwo1egmSEoiwb27PAynK2rYEjuMF5dQUPKaclxT/Rx53tGGnKD5tClr4sR4oI7NZbw7ckgjqB8SCQu0VMtq+S5fHnBtNSA2PTV475gRAbfjZFQD79CXRMRKZpOzJYQKlLXmhOoCH4K79nJPDBUn0i1EAFkRazrpT6cHLbCrJKOzARBVVJWasaZr0adcFOMj2TBNDwWcdtpEgJMXGjJVugPQxt94yWUI/1pEguHk29RsNQWZ1wxMwqFMjgGARr99OF3kAuOORJpEeKgXAF/SUPUyws210O+VPvFZohyuPsG9sBoGQxVuCEYyF8fUTRslMP48Uep5cwFTPL6IL1mTQETt8XHJFF4Amm4DuHe/GIhszhksSXW6HXMT8RQytXqgMYjbfOQKbYcs+3dwLmJgvZzGqTFGPqaDUix0I64OYKErfQ4DE0EVoqHY1jbIlY3zMSB130XNdzdjQyIAEIB5gQfeTpfc+9+3psyHc+Ssv1F3RM2xo+bjUycJe8xePtcPAAB7Dodfc6AD7QZkjIIfQcCdZOpr27eJj/UdQboQYw7DARUy08BBjEObHsIVAaLQlZEAL2O0yYw9FrwXD1BvMa8NEJHigYvQuadkjfNFO+Nk+ze0/RqT2O32tFyI9QmzeUh0oeqxAMVt6TzX/PNG9WTd/AOz1Mwdvh6sE9fA5VANNcjWCyyE0pDBt/tJNkZhLhZUMcGbhIrEQK7Uza/ooAF0V+2WGSEIAa9MLnEArmRAaOR3SDLOyrIPknk2B40DLXIJz9pMEx3e8qytOXN57uff+DGpD7fVFDDiPwEKntZOXWuv9O7XTW6PpAhlF9WDeDwEyQVFW+09Zy9ZrnBsExwbkj/bfGsE4SKVA3rIp2vErrM97FIU++Febg/qZf36i5q24cADJrQX9Vp9hFa+IUh9LyuJmerd7h5Jgl885Noha/MgHe/nI8Si8leIzHQzHB4++bPWiLh1l3SDdCOuPpHaUz1Ll1uJKLgYbE/lYcNci+H9sCghquyBsXUkb0AkMRAbJRvNM4pWPa1vM0BGBdfw1P9mUNTDjgw9YpvTvk69Be7OlqHGM8ABJ8UOf3Qz5SZrxRrAbuAtuf617qihDZfSqHmbQ5njiIOHcHhCoOCxdJYjJJZ20FwC+jiCE38FWuB867lxTzL/ttsHTJqRdN8wDHl+u/oCcWDmJwOmzQQe7W4sFy9FoL6vHRepXQ0stxAjBRlCaYaFdqxDvQV4fW9LI35qz4D7n6gtWJ3a0snffDP4wROG/LWTPzuhnTixRRaQP1Ksa3Zm3lcBhZPFdJ9dwtpTViM7xC8AGYYS+/Tai8DthYLMzSZp3y+4b8OtcaZY+lGjlzpWVgUnf1RhI177LOOqwssjoe3mlaFcDRMcCISVWeyl/GTs3dVwLN5f6jCmHcLqbKJ6btNMB8D/VgSZrxXWx2JOzpmgkMQJZJurVc8Iv3plATu5qy9jIB/WiSyH7WtPRpCV+y8ol8WB+CSioPhP5yAoNYTgyPz+lwHk6g1hwCRlm1CMmoj6qkD9rWL3zFNQ3RWbmORN/m1gnvRTvr/dhKOS/VnqzIKvUKSKZxCYAAn7zRRaJu9ebholIjCE65nkVhxyxX6heJrVAnYfDy4UNJRfgZF4pSDtzkau4hY/0/RMQOEseWdEG/qHW4mXUjb9T3wV5ZhDdN3GaeFo1RT9V71S5J8lvdyc=&u=U2FsdGVkX19XoK7bdsMYV/SujXGr8N/NjZl8DVrJz3o=&y=U2FsdGVkX18Q61SFMlMb/kTLDtdHRpdnwA/tdzeM6S0= HTTP/1.1" 200 1253
186.102.10.177 - - [06/May/2023:10:28:45 -0500] "GET /kwssiamovil/sm/acme/s?s=U2FsdGVkX18b30RiNh5stXYOT/r2sMMN/YqtL4xDkqY/XwxZTLxGKy2jWh95Qd+Dc925IT3+/B8hdI7AzgxDTk+4daRKwABKblGhpQ95IWkf9O7SzXaZcu0LvnnP0i7UEuYouD/4zGmZxhE3/yeRhZt1t9o43ugI0tzPEZ/wKP0g6Xc0pxINcrif9uEOQT52mUVx3r1nmlLd179RRiliupVBYP6OK5KL7crQfn99R/+oUmlRlF17u7rj51jG2laXAweryTR5IhtdUL6cpkQKRZJvIWABKW9vwkiFkLqB58u14gzRFS1b6I5TH51CZTBDgqbY8f1PBzhR69mcYVFbG9mNjLbS9Zujj32pZFleosyMb+GpPEqDV/PTBLtWL3l9jbOZYhu50X7cO+JP13tr6sElF7/ZQ/oBupOsfWZi5pX/hSvLJzNlhlbtEIc2yBDGmUhoclv64zzo3rTg9SNAUY76u6WxlIyG9JCxxst2tGVv9o0vgv7Ts6Or3KtjcD48yDONHo4lWm4iY4IdXvgO139IAbMWNejhlB6bievKY6nrse/+xIRptDEMWo8VGRHB896pb7mBlmasdvE4H1y8TLg4D2hSxB0/nRQF39NgF2KdV8NphlecShqzMPs2x43h92Yok8qlS3oMGQB86VeCsgzkHwcmQSy7YYjNIuel++pmkmZKDrg60ecEN8FZqja8gv1eDpslAa1UdvzSsd6vPlKohBtrG9rH+CZIT5LPHWmhmFf2K7dwNTOWsdlb7usN&u=U2FsdGVkX19XoK7bdsMYV/SujXGr8N/NjZl8DVrJz3o=&y=U2FsdGVkX18Q61SFMlMb/kTLDtdHRpdnwA/tdzeM6S0= HTTP/1.1" 200 208
186.102.10.177 - - [06/May/2023:10:28:45 -0500] "GET /kwssiamovil/sm/cjson/pre?f=1&x=U2FsdGVkX1+oM2/nIp/gsstO2qCFy/mRdJ+g5JRr4Ln3y501xfY508kPbhWzu4T5 HTTP/1.1" 200 31032
172.22.2.4 - - [06/May/2023:10:27:09 -0500] "GET /BLA/boletinlegal/ HTTP/1.1" 200 58307
172.22.2.4 - - [06/May/2023:10:28:59 -0500] "GET /BLA/boletinlegal/consulta_actos.php?tipo=autos&no=1418&usuario=&sector=&fecha=2017&resuelve= HTTP/1.1" 200 1081
172.22.2.4 - - [06/May/2023:10:28:39 -0500] "GET /BLA/boletinlegal/ HTTP/1.1" 200 24523
201.245.192.253 - - [06/May/2023:10:29:47 -0500] "POST /kwsrmcab/Wsrmcab HTTP/1.1" 200 40930
201.245.192.253 - - [06/May/2023:10:29:49 -0500] "POST /kwsrmcab/Wsrmcab HTTP/1.1" 200 41281
172.22.2.4 - - [06/May/2023:10:30:11 -0500] "GET /BLA/boletinlegal/explore HTTP/1.1" 404 1018
191.156.230.117 - - [06/May/2023:10:31:30 -0500] "GET /BLA/resoluciones/AUTOS%202017/1418.pdf HTTP/1.1" 200 286596
201.245.192.253 - - [06/May/2023:10:31:56 -0500] "POST /kwsrmcab/Wsrmcab  HTTP/1.1" 200 213
172.22.2.4 - - [06/May/2023:10:32:30 -0500] "GET /BLA/boletinlegal/consulta_actos.php?tipo=autos&no=1418&usuario=&sector=&fecha=2016&resuelve= HTTP/1.1" 200 1068
191.156.230.117 - - [06/May/2023:10:32:34 -0500] "GET /BLA/resoluciones/AUTOS%202016/1418.pdf HTTP/1.1" 200 374508
216.245.221.92 - - [06/May/2023:10:33:19 -0500] "HEAD / HTTP/1.1" 200 -
172.22.2.4 - - [06/May/2023:10:32:09 -0500] "HEAD /BLA/boletinlegal/ HTTP/1.1" 200 -
172.22.2.4 - - [06/May/2023:10:32:59 -0500] "GET /BLA/boletinlegal/ HTTP/1.1" 200 57151
201.245.192.253 - - [06/May/2023:10:36:55 -0500] "POST /kwsrmcab/Wsrmcab  HTTP/1.1" 200 213
172.22.2.4 - - [06/May/2023:10:37:32 -0500] "GET /BLA/boletinlegal/favicon.ico HTTP/1.1" 404 1018
189.216.204.163 - - [06/May/2023:10:37:37 -0500] "GET /galeria/galeria/jquery.fancybox.css?v=2.1.5 HTTP/1.1" 200 4895
189.216.204.163 - - [06/May/2023:10:37:37 -0500] "GET /galeria/galeria/jquery.fancybox.js?v=2.1.5 HTTP/1.1" 200 48706
189.216.204.163 - - [06/May/2023:10:37:37 -0500] "GET /BLA/boletinlegal/js/jquery.scrollShow.js HTTP/1.1" 200 4586
35.142.249.232 - - [06/May/2023:10:37:40 -0500] "GET /galeria/galeria/jquery.fancybox.css?v=2.1.5 HTTP/1.1" 200 4895
35.142.249.232 - - [06/May/2023:10:37:40 -0500] "GET /BLA/boletinlegal/js/jquery.scrollShow.js HTTP/1.1" 200 4586
35.142.249.232 - - [06/May/2023:10:37:40 -0500] "GET /galeria/galeria/jquery.fancybox.js?v=2.1.5 HTTP/1.1" 200 48706
66.249.70.207 - - [06/May/2023:10:37:40 -0500] "-" 408 -
172.22.2.4 - - [06/May/2023:10:36:06 -0500] "GET /BLA/boletinlegal/ HTTP/1.1" 200 57151
35.142.249.232 - - [06/May/2023:10:37:46 -0500] "GET /autoliquidacion2020 HTTP/1.1" 301 250
35.142.249.232 - - [06/May/2023:10:37:46 -0500] "GET /autoliquidacion2020/ HTTP/1.1" 200 6146
35.142.249.232 - - [06/May/2023:10:37:47 -0500] "GET /autoliquidacion2020/dlf/folder.png HTTP/1.1" 200 410
35.142.249.232 - - [06/May/2023:10:37:47 -0500] "GET /autoliquidacion2020/dlf/styles.css HTTP/1.1" 200 3045
35.142.249.232 - - [06/May/2023:10:37:50 -0500] "GET /autoliquidacion2020/dlf/bg.gif HTTP/1.1" 200 54
172.22.2.4 - - [06/May/2023:10:37:17 -0500] "GET /BLA/boletinlegal/ HTTP/1.1" 200 20427
35.142.249.232 - - [06/May/2023:10:38:11 -0500] "GET /autoliquidacion2020/index.php?dir=Grupo+Forestal+-+Silvicultura%2F HTTP/1.1" 200 2799
35.142.249.232 - - [06/May/2023:10:38:11 -0500] "GET /autoliquidacion2020/dlf/dirup.png HTTP/1.1" 200 644
35.142.249.232 - - [06/May/2023:10:38:11 -0500] "GET /autoliquidacion2020/dlf/html.gif HTTP/1.1" 200 632
35.142.249.232 - - [06/May/2023:10:38:14 -0500] "GET /autoliquidacion2020/index.php?dir=Grupo+Forestal+-+Silvicultura%2FPermiso+o+autorizaci%F3n+para+aprovechamiento+forestal+de+%E1rboles+aislados%2F HTTP/1.1" 200 3777
35.142.249.232 - - [06/May/2023:10:38:14 -0500] "GET /autoliquidacion2020/dlf/unknown.png HTTP/1.1" 200 266
172.22.2.4 - - [06/May/2023:10:37:17 -0500] "GET /BLA/boletinlegal/ HTTP/1.1" 200 28619
216.245.221.92 - - [06/May/2023:10:38:19 -0500] "HEAD / HTTP/1.1" 200 -
35.142.249.232 - - [06/May/2023:10:38:21 -0500] "GET /autoliquidacion2020/index.php?dir=Grupo+Forestal+-+Silvicultura%2FPermiso+o+autorizaci%F3n+para+aprovechamiento+forestal+de+%E1rboles+aislados%2F HTTP/1.1" 200 3777
35.142.249.232 - - [06/May/2023:10:38:21 -0500] "GET /autoliquidacion2020/dlf/xls.gif HTTP/1.1" 200 636
35.142.249.232 - - [06/May/2023:10:38:26 -0500] "GET /autoliquidacion2020/Grupo%20Forestal%20-%20Silvicultura/Permiso%20o%20autorizaci%C3%B3n%20para%20aprovechamiento%20forestal%20de%20%C3%A1rboles%20aislados/PM04-PR30-F1%20Formulario%20de%20solicitud%20de%20manejo%20o%20aprovechamiento%20forestal.xlsx HTTP/1.1" 200 69007
172.22.2.4 - - [06/May/2023:10:37:59 -0500] "HEAD /BLA/boletinlegal/ HTTP/1.1" 200 -
201.245.192.253 - - [06/May/2023:10:39:47 -0500] "POST /kwsrmcab/Wsrmcab HTTP/1.1" 200 40930
201.245.192.253 - - [06/May/2023:10:39:50 -0500] "POST /kwsrmcab/Wsrmcab HTTP/1.1" 200 41281
172.22.2.4 - - [06/May/2023:10:38:49 -0500] "GET /BLA/boletinlegal/ HTTP/1.1" 200 57561
190.158.28.34 - - [06/May/2023:10:41:13 -0500] "GET /BLA/resoluciones/RESOLUCIONES%202016/2277.pdf HTTP/1.1" 200 532894
40.77.167.84 - - [06/May/2023:10:41:14 -0500] "GET /images/pavimentaci%C3%B3n-1_optimized.jpeg HTTP/1.1" 404 1034
191.156.230.117 - - [06/May/2023:10:41:34 -0500] "GET /BLA/resoluciones/ HTTP/1.1" 200 13502
191.156.230.117 - - [06/May/2023:10:41:37 -0500] "GET /BLA/resoluciones/index.php?dir=AUTOS+2016%2F HTTP/1.1" 200 329666
201.245.192.253 - - [06/May/2023:10:41:54 -0500] "POST /kwsrmcab/Wsrmcab  HTTP/1.1" 200 213
191.156.230.117 - - [06/May/2023:10:42:31 -0500] "GET /BLA/resoluciones/AUTOS%202016/1420.pdf HTTP/1.1" 200 339598
216.245.221.92 - - [06/May/2023:10:43:19 -0500] "HEAD / HTTP/1.1" 200 -
190.158.28.34 - - [06/May/2023:10:43:29 -0500] "GET /BLA/resoluciones/RESOLUCIONES%202016/1560.pdf HTTP/1.1" 200 666724
172.22.2.4 - - [06/May/2023:10:43:49 -0500] "HEAD /BLA/boletinlegal/ HTTP/1.1" 200 -
172.22.2.4 - - [06/May/2023:10:45:56 -0500] "GET /BLA/boletinlegal/jurisprudencia/analisis/Analisis%20Sentencia%20T-1077,%202%20corregida.doc HTTP/1.1" 200 47616
172.22.2.4 - - [06/May/2023:10:44:39 -0500] "GET /BLA/boletinlegal/ HTTP/1.1" 200 57151
201.245.192.253 - - [06/May/2023:10:46:53 -0500] "POST /kwsrmcab/Wsrmcab  HTTP/1.1" 200 213
201.244.227.217 - - [06/May/2023:10:48:16 -0500] "GET /BLA/resoluciones/index.php?dir=AUTOS+2019%2F HTTP/1.1" 200 377059
216.245.221.92 - - [06/May/2023:10:48:18 -0500] "HEAD / HTTP/1.1" 200 -
191.95.63.40 - - [06/May/2023:10:49:03 -0500] "GET /galeria/galeria/jquery.fancybox.css?v=2.1.5 HTTP/1.1" 200 4895
191.95.63.40 - - [06/May/2023:10:49:03 -0500] "GET /BLA/boletinlegal/js/jquery.scrollShow.js HTTP/1.1" 200 4586
191.95.63.40 - - [06/May/2023:10:49:03 -0500] "GET /galeria/galeria/jquery.fancybox.js?v=2.1.5 HTTP/1.1" 200 48706
157.90.244.54 - - [06/May/2023:10:51:14 -0500] "GET / HTTP/1.1" 200 319
172.22.2.4 - - [06/May/2023:10:49:39 -0500] "HEAD /BLA/boletinlegal/ HTTP/1.1" 200 -
168.119.100.88 - - [06/May/2023:10:51:24 -0500] "GET / HTTP/1.1" 200 319
94.102.61.10 - - [06/May/2023:10:51:41 -0500] "GET / HTTP/1.1" 200 319
201.245.192.253 - - [06/May/2023:10:51:52 -0500] "POST /kwsrmcab/Wsrmcab  HTTP/1.1" 200 213
34.71.5.239 - - [06/May/2023:10:51:58 -0500] "GET /galeria/galeria/fotos/2CaminataP2.jpg HTTP/1.1" 200 25001
18.208.220.83 - - [06/May/2023:10:52:07 -0500] "GET /portaldeninos/ HTTP/1.1" 200 110197
172.22.2.4 - - [06/May/2023:10:50:29 -0500] "GET /BLA/boletinlegal/ HTTP/1.1" 200 57151
191.156.181.197 - - [06/May/2023:10:53:06 -0500] "GET /css/fondos.css HTTP/1.1" 404 1254
191.156.182.226 - - [06/May/2023:10:53:06 -0500] "GET /css/date_blue.css HTTP/1.1" 404 1254
191.156.182.226 - - [06/May/2023:10:53:06 -0500] "GET /css/textos.css HTTP/1.1" 404 1254
191.156.182.226 - - [06/May/2023:10:53:18 -0500] "GET /css/bordes.css HTTP/1.1" 404 1254
216.245.221.92 - - [06/May/2023:10:53:19 -0500] "HEAD / HTTP/1.1" 200 -
66.249.70.207 - - [06/May/2023:10:53:55 -0500] "-" 408 -
201.245.192.253 - - [06/May/2023:10:56:51 -0500] "POST /kwsrmcab/Wsrmcab  HTTP/1.1" 200 213
172.22.2.4 - - [06/May/2023:10:55:29 -0500] "HEAD /BLA/boletinlegal/ HTTP/1.1" 200 -
40.77.167.207 - - [06/May/2023:10:57:49 -0500] "GET /BLA/resoluciones/AUTOS%202013/0699.pdf HTTP/1.1" 200 1850585
172.22.2.4 - - [06/May/2023:10:56:19 -0500] "GET /BLA/boletinlegal/ HTTP/1.1" 200 55571
216.245.221.92 - - [06/May/2023:10:58:18 -0500] "HEAD / HTTP/1.1" 200 -
61.135.159.125 - - [06/May/2023:10:58:48 -0500] "GET / HTTP/1.1" 200 319
201.245.192.253 - - [06/May/2023:11:01:50 -0500] "POST /kwsrmcab/Wsrmcab  HTTP/1.1" 200 213
172.22.2.4 - - [06/May/2023:11:01:19 -0500] "HEAD /BLA/boletinlegal/ HTTP/1.1" 200 -
216.245.221.92 - - [06/May/2023:11:03:18 -0500] "HEAD / HTTP/1.1" 200 -
172.22.2.4 - - [06/May/2023:11:02:09 -0500] "GET /BLA/boletinlegal/ HTTP/1.1" 200 57561
186.80.52.223 - - [06/May/2023:11:04:05 -0500] "POST /sipse/faces/presentacion/financiero/solicitudProceso/consultarSolicitudProceso.xhtml HTTP/1.1" 200 201933
191.95.60.250 - - [06/May/2023:11:05:17 -0500] "GET /el-proximo-13-de-mayo-participa-del-global-big-day.html HTTP/1.1" 200 736
201.245.192.253 - - [06/May/2023:11:06:46 -0500] "POST /kwsrmcab/Wsrmcab  HTTP/1.1" 200 213
40.77.167.84 - - [06/May/2023:11:06:48 -0500] "GET /portaldeninos/humedal-la-conejera-2/ HTTP/1.1" 200 88020
52.167.144.139 - - [06/May/2023:11:07:14 -0500] "GET /portaldeninos/wp-content/themes/betheme/fonts/mfn-icons.ttf?93978679 HTTP/1.1" 200 124684
66.249.70.207 - - [06/May/2023:11:07:32 -0500] "-" 408 -
216.245.221.92 - - [06/May/2023:11:08:18 -0500] "HEAD / HTTP/1.1" 200 -
172.22.2.4 - - [06/May/2023:11:07:09 -0500] "HEAD /BLA/boletinlegal/ HTTP/1.1" 200 -
162.55.175.142 - - [06/May/2023:11:09:30 -0500] "GET / HTTP/1.1" 200 319
172.22.2.4 - - [06/May/2023:11:07:59 -0500] "GET /BLA/boletinlegal/ HTTP/1.1" 200 59306
172.22.2.4 - - [06/May/2023:11:11:09 -0500] "GET /BLA/boletinlegal/style.css HTTP/1.1" 200 9406
172.22.2.4 - - [06/May/2023:11:11:09 -0500] "GET /BLA/boletinlegal/styles2.css HTTP/1.1" 200 1838
172.22.2.4 - - [06/May/2023:11:11:09 -0500] "GET /BLA/boletinlegal/js/jquery.js HTTP/1.1" 200 57254
172.22.2.4 - - [06/May/2023:11:11:09 -0500] "GET /BLA/boletinlegal/js/jquery.scrollTo-min.js HTTP/1.1" 200 1150
172.22.2.4 - - [06/May/2023:11:11:09 -0500] "GET /BLA/boletinlegal/js/jquery.scrollShow.js HTTP/1.1" 200 4586
172.22.2.4 - - [06/May/2023:11:11:09 -0500] "GET /BLA/boletinlegal/images/cabezote%20BLEGAL.jpg HTTP/1.1" 200 118164
172.22.2.4 - - [06/May/2023:11:11:09 -0500] "GET /BLA/boletinlegal/images/subscribe-icon-big.png HTTP/1.1" 200 47702
172.22.2.4 - - [06/May/2023:11:11:09 -0500] "GET /BLA/boletinlegal/images/historia.png HTTP/1.1" 200 52775
172.22.2.4 - - [06/May/2023:11:11:09 -0500] "GET /BLA/boletinlegal/images/registro-usuarios.png HTTP/1.1" 200 8106
172.22.2.4 - - [06/May/2023:11:11:09 -0500] "GET /BLA/boletinlegal/images/arr_l.jpg HTTP/1.1" 200 1979
172.22.2.4 - - [06/May/2023:11:11:09 -0500] "GET /BLA/boletinlegal/images/screen_1.png HTTP/1.1" 200 202547
172.22.2.4 - - [06/May/2023:11:11:09 -0500] "GET /BLA/boletinlegal/images/launch.jpg HTTP/1.1" 200 14577
172.22.2.4 - - [06/May/2023:11:11:10 -0500] "GET /BLA/boletinlegal/images/body_bg.jpg HTTP/1.1" 200 1601
172.22.2.4 - - [06/May/2023:11:11:10 -0500] "GET /BLA/boletinlegal/images/menu_rght.gif HTTP/1.1" 200 1627
172.22.2.4 - - [06/May/2023:11:11:10 -0500] "GET /BLA/boletinlegal/images/menu_lft.gif HTTP/1.1" 200 1713
172.22.2.4 - - [06/May/2023:11:11:10 -0500] "GET /BLA/boletinlegal/images/bg_top.jpg HTTP/1.1" 200 522
172.22.2.4 - - [06/May/2023:11:11:10 -0500] "GET /BLA/boletinlegal/images/menu_bg.jpg HTTP/1.1" 200 620
172.22.2.4 - - [06/May/2023:11:11:10 -0500] "GET /BLA/boletinlegal/images/text.jpg HTTP/1.1" 200 568
172.22.2.4 - - [06/May/2023:11:11:10 -0500] "GET /BLA/boletinlegal/images/hover.jpg HTTP/1.1" 200 640
172.22.2.4 - - [06/May/2023:11:11:16 -0500] "GET /BLA/boletinlegal/images/screen_2.png HTTP/1.1" 200 362502
172.22.2.4 - - [06/May/2023:11:11:16 -0500] "GET /BLA/boletinlegal/images/screen_3.png HTTP/1.1" 200 210620
172.22.2.4 - - [06/May/2023:11:11:16 -0500] "GET /BLA/boletinlegal/images/arr_r.jpg HTTP/1.1" 200 1998
172.22.2.4 - - [06/May/2023:11:11:16 -0500] "GET /BLA/boletinlegal/images/screen_5.png HTTP/1.1" 200 368876
172.22.2.4 - - [06/May/2023:11:11:16 -0500] "GET /BLA/boletinlegal/images/footer_bg.jpg HTTP/1.1" 200 586
201.245.192.253 - - [06/May/2023:11:11:43 -0500] "POST /kwsrmcab/Wsrmcab  HTTP/1.1" 200 213
172.22.2.4 - - [06/May/2023:11:11:09 -0500] "GET /BLA/boletinlegal/ HTTP/1.1" 200 28619
216.245.221.92 - - [06/May/2023:11:13:18 -0500] "HEAD / HTTP/1.1" 200 -
186.80.52.223 - - [06/May/2023:11:14:03 -0500] "POST /sipse/faces/presentacion/financiero/solicitudProceso/consultarSolicitudProceso.xhtml HTTP/1.1" 200 911
172.22.2.4 - - [06/May/2023:11:12:59 -0500] "HEAD /BLA/boletinlegal/ HTTP/1.1" 200 -
172.22.2.4 - - [06/May/2023:11:13:49 -0500] "GET /BLA/boletinlegal/ HTTP/1.1" 200 56754
66.249.79.134 - - [06/May/2023:11:15:53 -0500] "-" 408 -
201.245.192.253 - - [06/May/2023:11:16:42 -0500] "POST /kwsrmcab/Wsrmcab  HTTP/1.1" 200 213
173.252.95.6 - - [06/May/2023:11:17:03 -0500] "GET /images/1%20de%20febrer%20Operativo%20hornos.jpg HTTP/1.1" 200 69569
216.245.221.92 - - [06/May/2023:11:18:18 -0500] "HEAD / HTTP/1.1" 200 -
173.252.107.16 - - [06/May/2023:11:18:39 -0500] "GET /secretaria-de-ambiente-suspende-tres-hornos-crematorios-de-bogota-por-contaminacion-del-aire.html HTTP/1.1" 206 927
186.102.8.68 - - [06/May/2023:11:19:32 -0500] "OPTIONS /kwssiamovil/sm/setfile/f? HTTP/1.1" 200 13
186.102.8.68 - - [06/May/2023:11:19:32 -0500] "POST /kwssiamovil/sm/setfile/f? HTTP/1.1" 200 381
186.102.8.68 - - [06/May/2023:11:19:47 -0500] "OPTIONS /kwssiamovil/sm/setfile/f? HTTP/1.1" 200 13
66.249.70.207 - - [06/May/2023:11:19:49 -0500] "-" 408 -
201.245.192.253 - - [06/May/2023:11:19:47 -0500] "POST /kwsrmcab/Wsrmcab HTTP/1.1" 200 40012
201.245.192.253 - - [06/May/2023:11:19:50 -0500] "POST /kwsrmcab/Wsrmcab HTTP/1.1" 200 41268
186.102.8.68 - - [06/May/2023:11:19:47 -0500] "POST /kwssiamovil/sm/setfile/f? HTTP/1.1" 200 381
186.102.8.68 - - [06/May/2023:11:20:19 -0500] "GET /kwssiamovil/sm/acme/a?s=U2FsdGVkX18+eGyNF8S1Q5xS4B4gC61RGxn0gpvo27BdTTWm2IB26TXXZD8u0MXkgW0Ym9CZhapzUFOcRswaMtGU+TL6PvK0qxj/tpyhLn34WBas6V2JrI8FS4WYmoTJIFdXNJgnTqF58NF/4a9BANEpMzlgbtfuIqnV/woNQklGv1GTJ07UdmorMUWEh1B5kvUpBl0cavE5/zO8SOfjqrjr6UKkH8nUpLiGVATiy/4bLMFt/fyVAfB2RPAwUBJVhlMq7XSMfyo2WjXa39Wfrg==&u=U2FsdGVkX1/GUE/+N7mcBIaXaRKE7zb4C9pAQro7bhhe+iJV/RVhyZeTbFgGHGvM&y=U2FsdGVkX1+Hks1W6BWf+4LS6OCovMIW7GWs1WjqLlBUrWUHHhw1V0aKZwvNIBrZ HTTP/1.1" 200 26
186.102.8.68 - - [06/May/2023:11:20:20 -0500] "GET /kwssiamovil/sm/acme/a?s=U2FsdGVkX18jcR6/udznV9eugQoN9hkN17Tt8quyqKopjE3nOS+lKi8AsA+Zwd4wUViTRU37f9Jon2DOR9XHBe+2ZUQUenBvjZ/EHWWNEy3UtgRkqwOZrYaIH/gTLPA7JY/yLvoF2KMJVU6DnxYX0fWxoUNlbt/prbNkGh55MRuS3fKVAZCQay+SVcfPvRRIGr8mG555SGW/CulPeKS6mOBdhAyaMIqSYgoEWNe0CtZfvJj5g4VQNg+ZydPlpSiVGwsnzfgqbS37ZK2nHnPCx8WN+xiO+UTehAUefZg762Qi9Z/us/cQ3q/WqkaNy+DVuwXtJsM4dKa6toh4HK4g0WQPIXr5OHlz9ieeVJdREC5HPxdtsFDKZDMLsowlJvpms8nT9+jzm7zu6OExtxAT2olVAzcwK7BXRfGlxaqOhv1fblpn6NTEpLk9G0RO9xcAmQuK3UaHDGCXAy2E1tGqrlp6HMFYaY0PHqlsuUBVHuTXSquL8Gu0TRLLxN6YsCOuJKugSyf2dD+zvm3sBq5aH3ss4vSdmgL7EdpRTj1LRgSKvdjYwbgIs/lqrkodx/+qxWscZN6PF3c0x+HMOY9mIMSPcuRaaizeFpmDGFFTtuWxIVP+ukuSk6AUnXYebF4nzWGMvPrpDdoxoQEJyZjaRxoSArQa25MCaiZpcDf1uo2uZhUjFUGKqrO9Hsdd9IvOYphfpHIPSLoeGn2/0nCx2Q/9RGXRwyMCtXlN3AFq5lSD24AINmhdp1PA053S8R0bu14bmHBElRZgQPrnnsYZOIhufXDXUMo28T0PLo9KZ7y550OPeTwObTvL4WMG6kUpZbxL46CWgtJ1JouwpyfTa4jc87DQ31zOpyNxOXMqnD1ia49jiiQBA/AYwKGUVeUOenHebbysBXKvM+WFYynFYqCoDhDYFv/17WwQY/UxlQzI7/sdzMnrhQHzkcOc5lJUtpKhGm9irlYrSjSDu2Wl4OndNaJZi5EMY2GlY1Rxk6Od66k26pgJkrtJIls++wmHMnWsHdWbunQLThCrO7lxfYhwgHnYOfquYQ7fT0cxlYR9TlM9b6AcYmp/cu/fdhG3bPFuJBPiS5LLVNwYXy+94z10UO2YYZKOPC5MKDbEZ4+ZOgXbLF56v8rypPl2Rncz&u=U2FsdGVkX1/GUE/+N7mcBIaXaRKE7zb4C9pAQro7bhhe+iJV/RVhyZeTbFgGHGvM&y=U2FsdGVkX1+Hks1W6BWf+4LS6OCovMIW7GWs1WjqLlBUrWUHHhw1V0aKZwvNIBrZ HTTP/1.1" 200 26
186.102.8.68 - - [06/May/2023:11:20:20 -0500] "GET /kwssiamovil/sm/acme/a?s=U2FsdGVkX19cPjlu8RmdYBqAO992OEM9YP7FS97OmnaL/LDENuxwLL11QmBDVkNNCG4amqgovUbMu8f6PUfOZLSpRnbzFNhTVelKfw0yvqgU475gkeSL56lAYnyUejM+WxEYE7I+rEmjTlvrL1qarxwxN1s2Rmjb45/Jnx0jUHk=&u=U2FsdGVkX1/GUE/+N7mcBIaXaRKE7zb4C9pAQro7bhhe+iJV/RVhyZeTbFgGHGvM&y=U2FsdGVkX1+Hks1W6BWf+4LS6OCovMIW7GWs1WjqLlBUrWUHHhw1V0aKZwvNIBrZ HTTP/1.1" 200 26
186.102.8.68 - - [06/May/2023:11:20:21 -0500] "GET /kwssiamovil/sm/acme/a?s=U2FsdGVkX18/XVAlEZ31rqJRT2R7ZobwCoUg4pz4BC9cLQ355KsHILLVT3CZSGP8yLUJf0bsXlhSmt4tfs41xX973pX3ncl7IsGWqCZKJ+2fsYD72rdGO5jRM1RCo4fwIU4WrkpLtBi1bI7FwYGdJn7tsr4DpjSZhcfnbisb1nE=&u=U2FsdGVkX1/GUE/+N7mcBIaXaRKE7zb4C9pAQro7bhhe+iJV/RVhyZeTbFgGHGvM&y=U2FsdGVkX1+Hks1W6BWf+4LS6OCovMIW7GWs1WjqLlBUrWUHHhw1V0aKZwvNIBrZ HTTP/1.1" 200 26
186.102.8.68 - - [06/May/2023:11:20:21 -0500] "GET /kwssiamovil/sm/acme/a?s=U2FsdGVkX19Jat2GsQjgxTtJaxcNF5ldxAXFQ57NwVdI4x4OYyE2PvWQzbn4+u8FBqo15RbUu6G5oHo86aEcdY4kvrMGpP1REXjAiJTTrzjdCJSooBCRAzEVFqtISMhMiq8GxNEhwLeQ8v8/N0Vkrd/anqIKooR5Fgt/GhFX5RQ=&u=U2FsdGVkX1/GUE/+N7mcBIaXaRKE7zb4C9pAQro7bhhe+iJV/RVhyZeTbFgGHGvM&y=U2FsdGVkX1+Hks1W6BWf+4LS6OCovMIW7GWs1WjqLlBUrWUHHhw1V0aKZwvNIBrZ HTTP/1.1" 200 26
186.102.8.68 - - [06/May/2023:11:20:21 -0500] "GET /kwssiamovil/sm/acme/a?s=U2FsdGVkX1/p8GxqdoMzBGGZDH46Et4OKHtwQDcANjTImaCbotfDZBZL2cvPCrsaGIUWR3OYK7C6Qfmqg72KWldmXuF27/534x+9xE7EG35S2/FIDFLez1LZUqlE/2ngFPowNHrngY+4IDf3Oy2N5HOT7bycSzbjYOTripeA8WyJqMiA/4HipFkTFy7j7xL7TG565U6839o/SM2+uK0sEA==&u=U2FsdGVkX1/GUE/+N7mcBIaXaRKE7zb4C9pAQro7bhhe+iJV/RVhyZeTbFgGHGvM&y=U2FsdGVkX1+Hks1W6BWf+4LS6OCovMIW7GWs1WjqLlBUrWUHHhw1V0aKZwvNIBrZ HTTP/1.1" 200 26
186.102.8.68 - - [06/May/2023:11:20:21 -0500] "GET /kwssiamovil/sm/acme/a?s=U2FsdGVkX18MGz8UHqfprpL5BG/QW6aHQjqOjVP/JEpuMhGIMEhTt+RIb9vnzWJba+JJMZAnmtlHQRB3XZ5ruui7C/Km6x7p23g9rjNPr2vKvujbwCtsdqc5cAVLeu1uQPlRMfakamNbLS4zJ5h4RYv1HPqxfXYPUabX5/emfLqXxxeQD9P7o4aOZm6uABEhlHm5ZwfEmZYLDVksgoWdzg==&u=U2FsdGVkX1/GUE/+N7mcBIaXaRKE7zb4C9pAQro7bhhe+iJV/RVhyZeTbFgGHGvM&y=U2FsdGVkX1+Hks1W6BWf+4LS6OCovMIW7GWs1WjqLlBUrWUHHhw1V0aKZwvNIBrZ HTTP/1.1" 200 26
186.102.8.68 - - [06/May/2023:11:20:22 -0500] "GET /kwssiamovil/sm/acme/a?s=U2FsdGVkX18V9iBBe024uIp5srSAHmlKZb/mfaBtL2a6FG5sYhZN9qsbPgTBgIoygYfwRwZ4N+EClyr3kL8DqQ1FV2MjAPCyfN7049Wu+A7jNvkr/a03AGW0DO19iBhNLvAT2Dmb0EOUZL5iVxXOCLiiBq+ukYmYnXW/K5QnoBVq036YBREXRiR/eMFoj+V8&u=U2FsdGVkX1/GUE/+N7mcBIaXaRKE7zb4C9pAQro7bhhe+iJV/RVhyZeTbFgGHGvM&y=U2FsdGVkX1+Hks1W6BWf+4LS6OCovMIW7GWs1WjqLlBUrWUHHhw1V0aKZwvNIBrZ HTTP/1.1" 200 26
186.102.8.68 - - [06/May/2023:11:20:22 -0500] "GET /kwssiamovil/sm/acme/a?s=U2FsdGVkX18jB/wv9tF05V79JYxib5eT1NuZfuv+k2huF/Iqk+mZu3+Q8nkSCQBSjTXPpa0paWZ/TzMsuTgbmO+5sb5zFt9SmcV7kdr0wzdhIMgzacVCs69QeTuWrvD9wrrKgp4b9lLgzN+N5ItKQ2SA45mN1fuyN9H1dOc7In8w/ClRVv4WPZ2jf+lukYGCbMXysyzA10TjULkjoEtE1g==&u=U2FsdGVkX1/GUE/+N7mcBIaXaRKE7zb4C9pAQro7bhhe+iJV/RVhyZeTbFgGHGvM&y=U2FsdGVkX1+Hks1W6BWf+4LS6OCovMIW7GWs1WjqLlBUrWUHHhw1V0aKZwvNIBrZ HTTP/1.1" 200 26
186.102.8.68 - - [06/May/2023:11:20:22 -0500] "GET /kwssiamovil/sm/acme/a?s=U2FsdGVkX1+l+yPH4H4GYDlVryFf8UyuaqYSNfWA39aF/UcSe6bhsKKCjEBPqV8jTXqctYYGIdzZTllOgPOYgYl50KTMAKnPM11UqCAHItFiTN3a9zBkImUTQwUIZq8RnB2vNdAmPV/DlgL8dVUbxNutcpA/j067dqIJJ0fxds7LLfzlOtFj8n4PGuGjF+qL&u=U2FsdGVkX1/GUE/+N7mcBIaXaRKE7zb4C9pAQro7bhhe+iJV/RVhyZeTbFgGHGvM&y=U2FsdGVkX1+Hks1W6BWf+4LS6OCovMIW7GWs1WjqLlBUrWUHHhw1V0aKZwvNIBrZ HTTP/1.1" 200 26
172.22.2.4 - - [06/May/2023:11:20:24 -0500] "OPTIONS /BLA/boletinlegal/style.css HTTP/1.1" 200 -
172.22.2.4 - - [06/May/2023:11:20:24 -0500] "OPTIONS /BLA/boletinlegal/styles2.css HTTP/1.1" 200 -
172.22.2.4 - - [06/May/2023:11:20:24 -0500] "OPTIONS /BLA/boletinlegal/js/jquery.js HTTP/1.1" 200 -
172.22.2.4 - - [06/May/2023:11:20:24 -0500] "OPTIONS /BLA/boletinlegal/js/jquery.scrollShow.js HTTP/1.1" 200 -
172.22.2.4 - - [06/May/2023:11:20:24 -0500] "OPTIONS /BLA/boletinlegal/js/jquery.scrollTo-min.js HTTP/1.1" 200 -
172.22.2.4 - - [06/May/2023:11:20:24 -0500] "OPTIONS /BLA/boletinlegal/images/subscribe-icon-big.png HTTP/1.1" 200 -
172.22.2.4 - - [06/May/2023:11:20:24 -0500] "OPTIONS /BLA/boletinlegal/images/cabezote%20BLEGAL.jpg HTTP/1.1" 200 -
172.22.2.4 - - [06/May/2023:11:20:24 -0500] "OPTIONS /BLA/boletinlegal/images/historia.png HTTP/1.1" 200 -
172.22.2.4 - - [06/May/2023:11:20:24 -0500] "OPTIONS /BLA/boletinlegal/images/registro-usuarios.png HTTP/1.1" 200 -
172.22.2.4 - - [06/May/2023:11:20:24 -0500] "OPTIONS /BLA/boletinlegal/images/arr_l.jpg HTTP/1.1" 200 -
172.22.2.4 - - [06/May/2023:11:20:24 -0500] "OPTIONS /BLA/boletinlegal/images/screen_1.png HTTP/1.1" 200 -
172.22.2.4 - - [06/May/2023:11:20:24 -0500] "OPTIONS /BLA/boletinlegal/images/launch.jpg HTTP/1.1" 200 -
172.22.2.4 - - [06/May/2023:11:20:24 -0500] "OPTIONS /BLA/boletinlegal/images/body_bg.jpg HTTP/1.1" 200 -
172.22.2.4 - - [06/May/2023:11:20:24 -0500] "OPTIONS /BLA/boletinlegal/images/menu_rght.gif HTTP/1.1" 200 -
172.22.2.4 - - [06/May/2023:11:20:24 -0500] "OPTIONS /BLA/boletinlegal/images/menu_lft.gif HTTP/1.1" 200 -
172.22.2.4 - - [06/May/2023:11:20:24 -0500] "OPTIONS /BLA/boletinlegal/images/bg_top.jpg HTTP/1.1" 200 -
172.22.2.4 - - [06/May/2023:11:20:24 -0500] "OPTIONS /BLA/boletinlegal/images/menu_bg.jpg HTTP/1.1" 200 -
172.22.2.4 - - [06/May/2023:11:20:24 -0500] "OPTIONS /BLA/boletinlegal/images/hover.jpg HTTP/1.1" 200 -
172.22.2.4 - - [06/May/2023:11:20:24 -0500] "OPTIONS /BLA/boletinlegal/images/text.jpg HTTP/1.1" 200 -
172.22.2.4 - - [06/May/2023:11:20:25 -0500] "GET /BLA/boletinlegal/actos.php HTTP/1.1" 200 9682
172.22.2.4 - - [06/May/2023:11:20:25 -0500] "OPTIONS /BLA/boletinlegal/js/ajax_actos.js HTTP/1.1" 200 -
172.22.2.4 - - [06/May/2023:11:20:25 -0500] "OPTIONS /BLA/boletinlegal/niceforms.js HTTP/1.1" 200 -
172.22.2.4 - - [06/May/2023:11:20:25 -0500] "OPTIONS /BLA/boletinlegal/niceforms-default.css HTTP/1.1" 200 -
172.22.2.4 - - [06/May/2023:11:20:25 -0500] "OPTIONS /BLA/boletinlegal/js/lib.js HTTP/1.1" 200 -
172.22.2.4 - - [06/May/2023:11:20:25 -0500] "OPTIONS /BLA/boletinlegal/js/popup.js HTTP/1.1" 200 -
172.22.2.4 - - [06/May/2023:11:20:25 -0500] "OPTIONS /BLA/boletinlegal/js/jquery1.js HTTP/1.1" 200 -
172.22.2.4 - - [06/May/2023:11:20:26 -0500] "OPTIONS /BLA/boletinlegal/images/green-yellow-blue-pink-th.png HTTP/1.1" 200 -
172.22.2.4 - - [06/May/2023:11:20:26 -0500] "OPTIONS /BLA/boletinlegal/images/tel.png HTTP/1.1" 200 -
172.22.2.4 - - [06/May/2023:11:20:26 -0500] "OPTIONS /BLA/boletinlegal/images/icono-email.png HTTP/1.1" 200 -
172.22.2.4 - - [06/May/2023:11:20:26 -0500] "OPTIONS /BLA/boletinlegal/images/footer_bg.jpg HTTP/1.1" 200 -
172.22.2.4 - - [06/May/2023:11:20:26 -0500] "OPTIONS /BLA/boletinlegal/images/footer_bg_l.jpg HTTP/1.1" 200 -
172.22.2.4 - - [06/May/2023:11:20:26 -0500] "OPTIONS /BLA/boletinlegal/img/button-left.png HTTP/1.1" 200 -
172.22.2.4 - - [06/May/2023:11:20:26 -0500] "OPTIONS /BLA/boletinlegal/img/select-left.png HTTP/1.1" 200 -
172.22.2.4 - - [06/May/2023:11:20:26 -0500] "OPTIONS /BLA/boletinlegal/img/select-right.png HTTP/1.1" 200 -
172.22.2.4 - - [06/May/2023:11:20:26 -0500] "OPTIONS /BLA/boletinlegal/img/0.png HTTP/1.1" 200 -
172.22.2.4 - - [06/May/2023:11:20:26 -0500] "OPTIONS /BLA/boletinlegal/img/button.png HTTP/1.1" 200 -
172.22.2.4 - - [06/May/2023:11:20:26 -0500] "OPTIONS /BLA/boletinlegal/img/button-right.png HTTP/1.1" 200 -
172.22.2.4 - - [06/May/2023:11:18:48 -0500] "HEAD /BLA/boletinlegal/ HTTP/1.1" 200 -
172.22.2.4 - - [06/May/2023:11:20:24 -0500] "GET /BLA/boletinlegal/ HTTP/1.1" 200 24523
172.22.2.4 - - [06/May/2023:11:19:39 -0500] "GET /BLA/boletinlegal/ HTTP/1.1" 200 52326
201.245.192.253 - - [06/May/2023:11:21:40 -0500] "POST /kwsrmcab/Wsrmcab  HTTP/1.1" 200 213
172.22.2.4 - - [06/May/2023:11:23:05 -0500] "GET /BLA/boletinlegal/consulta_actos.php?tipo=autos&no=2279&usuario=&sector=&fecha=2019&resuelve= HTTP/1.1" 200 1067
181.58.60.135 - - [06/May/2023:11:23:08 -0500] "GET /BLA/resoluciones/AUTOS%202019/2279.pdf HTTP/1.1" 200 332708
216.245.221.92 - - [06/May/2023:11:23:18 -0500] "HEAD / HTTP/1.1" 200 -
172.22.2.4 - - [06/May/2023:11:24:00 -0500] "GET /BLA/boletinlegal/normativa.php HTTP/1.1" 200 8343
172.22.2.4 - - [06/May/2023:11:24:04 -0500] "GET /BLA/boletinlegal/niceforms.js HTTP/1.1" 200 22876
172.22.2.4 - - [06/May/2023:11:24:04 -0500] "GET /BLA/boletinlegal/niceforms-default.css HTTP/1.1" 200 6694
172.22.2.4 - - [06/May/2023:11:24:05 -0500] "GET /BLA/boletinlegal/js/ajax_normativa.js HTTP/1.1" 200 1154
172.22.2.4 - - [06/May/2023:11:24:38 -0500] "HEAD /BLA/boletinlegal/ HTTP/1.1" 200 -
201.245.192.253 - - [06/May/2023:11:26:41 -0500] "POST /kwsrmcab/Wsrmcab  HTTP/1.1" 200 213
172.22.2.4 - - [06/May/2023:11:25:29 -0500] "GET /BLA/boletinlegal/ HTTP/1.1" 200 59306
