172.22.2.4 - - [06/May/2023:08:01:08 -0500] "OPTIONS /BLA/boletinlegal/images/launch.jpg HTTP/1.1" 200 -
172.22.2.4 - - [06/May/2023:08:01:08 -0500] "OPTIONS /BLA/boletinlegal/images/menu_lft.gif HTTP/1.1" 200 -
172.22.2.4 - - [06/May/2023:08:01:08 -0500] "OPTIONS /BLA/boletinlegal/images/bg_top.jpg HTTP/1.1" 200 -
172.22.2.4 - - [06/May/2023:08:01:08 -0500] "OPTIONS /BLA/boletinlegal/images/menu_rght.gif HTTP/1.1" 200 -
172.22.2.4 - - [06/May/2023:08:01:08 -0500] "OPTIONS /BLA/boletinlegal/images/menu_bg.jpg HTTP/1.1" 200 -
172.22.2.4 - - [06/May/2023:08:01:08 -0500] "OPTIONS /BLA/boletinlegal/images/hover.jpg HTTP/1.1" 200 -
172.22.2.4 - - [06/May/2023:08:01:08 -0500] "OPTIONS /BLA/boletinlegal/images/text.jpg HTTP/1.1" 200 -
172.22.2.4 - - [06/May/2023:08:01:09 -0500] "GET /BLA/boletinlegal/actos.php HTTP/1.1" 200 9682
172.22.2.4 - - [06/May/2023:08:01:09 -0500] "OPTIONS /BLA/boletinlegal/js/ajax_actos.js HTTP/1.1" 200 -
172.22.2.4 - - [06/May/2023:08:01:09 -0500] "OPTIONS /BLA/boletinlegal/niceforms.js HTTP/1.1" 200 -
172.22.2.4 - - [06/May/2023:08:01:09 -0500] "OPTIONS /BLA/boletinlegal/js/popup.js HTTP/1.1" 200 -
172.22.2.4 - - [06/May/2023:08:01:09 -0500] "OPTIONS /BLA/boletinlegal/niceforms-default.css HTTP/1.1" 200 -
172.22.2.4 - - [06/May/2023:08:01:09 -0500] "OPTIONS /BLA/boletinlegal/js/lib.js HTTP/1.1" 200 -
172.22.2.4 - - [06/May/2023:08:01:09 -0500] "OPTIONS /BLA/boletinlegal/js/jquery1.js HTTP/1.1" 200 -
172.22.2.4 - - [06/May/2023:08:01:10 -0500] "OPTIONS /BLA/boletinlegal/images/green-yellow-blue-pink-th.png HTTP/1.1" 200 -
172.22.2.4 - - [06/May/2023:08:01:10 -0500] "OPTIONS /BLA/boletinlegal/images/tel.png HTTP/1.1" 200 -
172.22.2.4 - - [06/May/2023:08:01:10 -0500] "OPTIONS /BLA/boletinlegal/images/icono-email.png HTTP/1.1" 200 -
172.22.2.4 - - [06/May/2023:08:01:10 -0500] "OPTIONS /BLA/boletinlegal/images/footer_bg.jpg HTTP/1.1" 200 -
172.22.2.4 - - [06/May/2023:08:01:10 -0500] "OPTIONS /BLA/boletinlegal/images/footer_bg_l.jpg HTTP/1.1" 200 -
172.22.2.4 - - [06/May/2023:08:01:10 -0500] "OPTIONS /BLA/boletinlegal/img/0.png HTTP/1.1" 200 -
172.22.2.4 - - [06/May/2023:08:01:10 -0500] "OPTIONS /BLA/boletinlegal/img/button-left.png HTTP/1.1" 200 -
172.22.2.4 - - [06/May/2023:08:01:10 -0500] "OPTIONS /BLA/boletinlegal/img/select-right.png HTTP/1.1" 200 -
172.22.2.4 - - [06/May/2023:08:01:10 -0500] "OPTIONS /BLA/boletinlegal/img/select-left.png HTTP/1.1" 200 -
172.22.2.4 - - [06/May/2023:08:01:10 -0500] "OPTIONS /BLA/boletinlegal/img/button.png HTTP/1.1" 200 -
172.22.2.4 - - [06/May/2023:08:01:10 -0500] "OPTIONS /BLA/boletinlegal/img/button-right.png HTTP/1.1" 200 -
172.22.2.4 - - [06/May/2023:08:01:08 -0500] "GET /BLA/boletinlegal/ HTTP/1.1" 200 24523
172.22.2.4 - - [06/May/2023:08:00:29 -0500] "HEAD /BLA/boletinlegal/ HTTP/1.1" 200 -
201.245.192.253 - - [06/May/2023:08:02:27 -0500] "POST /kwsrmcab/Wsrmcab  HTTP/1.1" 200 213
172.22.2.4 - - [06/May/2023:08:02:31 -0500] "GET /BLA/boletinlegal/consulta_actos.php?tipo=autos&no=3519&usuario=&sector=&fecha=2019&resuelve= HTTP/1.1" 200 1068
181.58.60.135 - - [06/May/2023:08:02:34 -0500] "GET /BLA/resoluciones/AUTOS%202019/3519.pdf HTTP/1.1" 200 322413
172.22.2.4 - - [06/May/2023:08:01:20 -0500] "GET /BLA/boletinlegal/ HTTP/1.1" 200 55571
216.245.221.92 - - [06/May/2023:08:03:19 -0500] "HEAD / HTTP/1.1" 200 -
199.16.157.183 - - [06/May/2023:08:03:48 -0500] "GET /images/1%20de%20febrer%20Operativo%20hornos.jpg HTTP/1.1" 200 69569
199.16.157.180 - - [06/May/2023:08:03:48 -0500] "GET /images/Secretarias%20Fondo%20carga%206%20de%20febrero.jpeg HTTP/1.1" 200 55460
201.245.192.253 - - [06/May/2023:08:07:26 -0500] "POST /kwsrmcab/Wsrmcab  HTTP/1.1" 200 213
172.22.2.4 - - [06/May/2023:08:06:19 -0500] "HEAD /BLA/boletinlegal/ HTTP/1.1" 200 -
216.245.221.92 - - [06/May/2023:08:08:19 -0500] "HEAD / HTTP/1.1" 200 -
186.29.180.89 - - [06/May/2023:08:08:40 -0500] "GET /BLA/resoluciones/ HTTP/1.1" 200 13502
186.29.180.89 - - [06/May/2023:08:08:42 -0500] "GET /BLA/resoluciones/index.php?dir=AUTOS+2017%2F HTTP/1.1" 200 468483
172.22.2.4 - - [06/May/2023:08:07:09 -0500] "GET /BLA/boletinlegal/ HTTP/1.1" 200 59306
40.77.167.108 - - [06/May/2023:08:10:59 -0500] "-" 408 -
201.245.192.253 - - [06/May/2023:08:12:25 -0500] "POST /kwsrmcab/Wsrmcab  HTTP/1.1" 200 213
216.245.221.92 - - [06/May/2023:08:13:19 -0500] "HEAD / HTTP/1.1" 200 -
172.22.2.4 - - [06/May/2023:08:12:09 -0500] "HEAD /BLA/boletinlegal/ HTTP/1.1" 200 -
172.22.2.4 - - [06/May/2023:08:13:00 -0500] "GET /BLA/boletinlegal/ HTTP/1.1" 200 59306
162.55.166.12 - - [06/May/2023:08:16:14 -0500] "GET / HTTP/1.1" 200 319
201.245.192.253 - - [06/May/2023:08:17:24 -0500] "POST /kwsrmcab/Wsrmcab  HTTP/1.1" 200 213
216.245.221.92 - - [06/May/2023:08:18:19 -0500] "HEAD / HTTP/1.1" 200 -
66.249.70.210 - - [06/May/2023:08:18:58 -0500] "-" 408 -
172.22.2.4 - - [06/May/2023:08:17:59 -0500] "HEAD /BLA/boletinlegal/ HTTP/1.1" 200 -
201.245.192.253 - - [06/May/2023:08:19:48 -0500] "POST /kwsrmcab/Wsrmcab HTTP/1.1" 200 42882
201.245.192.253 - - [06/May/2023:08:19:50 -0500] "POST /kwsrmcab/Wsrmcab HTTP/1.1" 200 41026
172.22.2.4 - - [06/May/2023:08:18:50 -0500] "GET /BLA/boletinlegal/ HTTP/1.1" 200 57945
181.49.4.157 - - [06/May/2023:08:21:20 -0500] "GET /galeria/galeria/jquery.fancybox.css?v=2.1.5 HTTP/1.1" 200 4895
181.49.4.157 - - [06/May/2023:08:21:20 -0500] "GET /BLA/boletinlegal/js/jquery.scrollShow.js HTTP/1.1" 200 4586
181.49.4.157 - - [06/May/2023:08:21:20 -0500] "GET /galeria/galeria/jquery.fancybox.js?v=2.1.5 HTTP/1.1" 200 48706
201.245.192.253 - - [06/May/2023:08:22:22 -0500] "POST /kwsrmcab/Wsrmcab  HTTP/1.1" 200 213
173.252.107.9 - - [06/May/2023:08:22:36 -0500] "GET /indicadores-de-fauna-silvestre-en-el-observatorio-ambiental-de-bogota.html HTTP/1.1" 206 949
173.252.107.118 - - [06/May/2023:08:22:36 -0500] "GET /cuco-americano-otra-ave-que-esta-en-epoca-de-migracion.html HTTP/1.1" 206 914
40.77.167.207 - - [06/May/2023:08:22:51 -0500] "GET /BLA/resoluciones/AUTOS%202013/0098.pdf HTTP/1.1" 200 1382095
216.245.221.92 - - [06/May/2023:08:23:19 -0500] "HEAD / HTTP/1.1" 200 -
172.22.2.4 - - [06/May/2023:08:23:49 -0500] "HEAD /BLA/boletinlegal/ HTTP/1.1" 200 -
172.22.2.4 - - [06/May/2023:08:24:39 -0500] "GET /BLA/boletinlegal/ HTTP/1.1" 200 57945
201.245.192.253 - - [06/May/2023:08:27:22 -0500] "POST /kwsrmcab/Wsrmcab  HTTP/1.1" 200 213
216.245.221.92 - - [06/May/2023:08:28:19 -0500] "HEAD / HTTP/1.1" 200 -
186.155.19.219 - - [06/May/2023:08:28:22 -0500] "GET /sipse/faces/presentacion/financiero/solicitudProceso/consultarSolicitudProceso.xhtml HTTP/1.1" 302 -
186.155.19.219 - - [06/May/2023:08:28:22 -0500] "GET /sipse/faces/autenticacion.xhtml HTTP/1.1" 200 12177
186.155.19.219 - - [06/May/2023:08:28:23 -0500] "GET /sipse/faces/javax.faces.resource/theme.css?ln=primefaces-sipse HTTP/1.1" 304 -
186.155.19.219 - - [06/May/2023:08:28:23 -0500] "GET /sipse/faces/javax.faces.resource/primefaces.css?ln=primefaces&v=4.0 HTTP/1.1" 304 -
186.155.19.219 - - [06/May/2023:08:28:23 -0500] "GET /sipse/faces/javax.faces.resource/jquery/jquery.js?ln=primefaces&v=4.0 HTTP/1.1" 304 -
186.155.19.219 - - [06/May/2023:08:28:23 -0500] "GET /sipse/faces/javax.faces.resource/layout/layout.js?ln=primefaces&v=4.0 HTTP/1.1" 304 -
186.155.19.219 - - [06/May/2023:08:28:23 -0500] "GET /sipse/faces/javax.faces.resource/jquery/jquery-plugins.js?ln=primefaces&v=4.0 HTTP/1.1" 304 -
186.155.19.219 - - [06/May/2023:08:28:23 -0500] "GET /sipse/faces/javax.faces.resource/primefaces.js?ln=primefaces&v=4.0 HTTP/1.1" 304 -
186.155.19.219 - - [06/May/2023:08:28:23 -0500] "GET /sipse/faces/javax.faces.resource/layout/layout.css?ln=primefaces&v=4.0 HTTP/1.1" 304 -
186.155.19.219 - - [06/May/2023:08:28:23 -0500] "GET /sipse/faces/javax.faces.resource/images/ui-icons_898989_256x240.png?ln=primefaces-aristo HTTP/1.1" 304 -
186.155.19.219 - - [06/May/2023:08:28:23 -0500] "GET /sipse/faces/index.xhtml HTTP/1.1" 200 677
186.155.19.219 - - [06/May/2023:08:28:23 -0500] "GET /sipse/faces/javax.faces.resource/theme.css?ln=primefaces-sipse HTTP/1.1" 304 -
186.155.19.219 - - [06/May/2023:08:28:23 -0500] "GET /sipse/faces/faces/autenticacion.xhtml HTTP/1.1" 200 12177
186.155.19.219 - - [06/May/2023:08:28:23 -0500] "GET /sipse/faces/javax.faces.resource/layout/layout.css?ln=primefaces&v=4.0 HTTP/1.1" 304 -
186.155.19.219 - - [06/May/2023:08:28:23 -0500] "GET /sipse/faces/javax.faces.resource/theme.css?ln=primefaces-sipse HTTP/1.1" 304 -
186.155.19.219 - - [06/May/2023:08:28:23 -0500] "GET /sipse/faces/javax.faces.resource/primefaces.css?ln=primefaces&v=4.0 HTTP/1.1" 304 -
186.155.19.219 - - [06/May/2023:08:28:23 -0500] "GET /sipse/faces/javax.faces.resource/primefaces.js?ln=primefaces&v=4.0 HTTP/1.1" 304 -
186.155.19.219 - - [06/May/2023:08:28:23 -0500] "GET /sipse/faces/javax.faces.resource/jquery/jquery-plugins.js?ln=primefaces&v=4.0 HTTP/1.1" 304 -
186.155.19.219 - - [06/May/2023:08:28:23 -0500] "GET /sipse/faces/javax.faces.resource/jquery/jquery.js?ln=primefaces&v=4.0 HTTP/1.1" 304 -
186.155.19.219 - - [06/May/2023:08:28:23 -0500] "GET /sipse/faces/javax.faces.resource/layout/layout.js?ln=primefaces&v=4.0 HTTP/1.1" 304 -
186.155.19.219 - - [06/May/2023:08:28:35 -0500] "POST /sipse/faces/autenticacion.xhtml HTTP/1.1" 200 2225
186.155.19.219 - - [06/May/2023:08:28:35 -0500] "GET /sipse/faces/javax.faces.resource/messages/messages.png?ln=primefaces&v=4.0 HTTP/1.1" 304 -
186.155.19.219 - - [06/May/2023:08:28:36 -0500] "GET /sipse/faces/javax.faces.resource/images/ui-icons_898989_256x240.png?ln=primefaces-aristo HTTP/1.1" 304 -
186.155.19.219 - - [06/May/2023:08:28:37 -0500] "POST /sipse/faces/autenticacion.xhtml HTTP/1.1" 200 16361
186.155.19.219 - - [06/May/2023:08:28:37 -0500] "GET /sipse/faces/javax.faces.resource/theme.css?ln=primefaces-sipse HTTP/1.1" 304 -
186.155.19.219 - - [06/May/2023:08:28:37 -0500] "GET /sipse/faces/javax.faces.resource/primefaces.css?ln=primefaces&v=4.0 HTTP/1.1" 304 -
186.155.19.219 - - [06/May/2023:08:28:37 -0500] "GET /sipse/faces/javax.faces.resource/layout/layout.css?ln=primefaces&v=4.0 HTTP/1.1" 304 -
186.155.19.219 - - [06/May/2023:08:28:37 -0500] "GET /sipse/faces/javax.faces.resource/jquery/jquery.js?ln=primefaces&v=4.0 HTTP/1.1" 304 -
186.155.19.219 - - [06/May/2023:08:28:37 -0500] "GET /sipse/faces/javax.faces.resource/jquery/jquery-plugins.js?ln=primefaces&v=4.0 HTTP/1.1" 304 -
186.155.19.219 - - [06/May/2023:08:28:37 -0500] "GET /sipse/faces/javax.faces.resource/primefaces.js?ln=primefaces&v=4.0 HTTP/1.1" 304 -
186.155.19.219 - - [06/May/2023:08:28:37 -0500] "GET /sipse/faces/javax.faces.resource/layout/layout.js?ln=primefaces&v=4.0 HTTP/1.1" 304 -
186.155.19.219 - - [06/May/2023:08:28:37 -0500] "GET /sipse/imagenes/cargando.gif HTTP/1.1" 304 -
186.155.19.219 - - [06/May/2023:08:28:37 -0500] "GET /sipse/imagenes/logoAplicacion.jpg HTTP/1.1" 304 -
186.155.19.219 - - [06/May/2023:08:28:37 -0500] "GET /sipse/css/imagen/contrasena.png HTTP/1.1" 404 383
186.155.19.219 - - [06/May/2023:08:28:41 -0500] "GET /sipse/faces/javax.faces.resource/images/ui-bg_flat_0_2d5972_40x100.png?ln=primefaces-aristo HTTP/1.1" 304 -
186.155.19.219 - - [06/May/2023:08:28:41 -0500] "POST /sipse/faces/bienvenido.xhtml HTTP/1.1" 200 2658
186.155.19.219 - - [06/May/2023:08:28:42 -0500] "POST /sipse/faces/bienvenido.xhtml HTTP/1.1" 200 184
186.155.19.219 - - [06/May/2023:08:28:44 -0500] "GET /sipse/faces/javax.faces.resource/theme.css?ln=primefaces-sipse HTTP/1.1" 304 -
186.155.19.219 - - [06/May/2023:08:28:42 -0500] "GET /sipse/faces/presentacion/financiero/solicitudAnulacion/solicitudAnulacion.xhtml HTTP/1.1" 200 77994
186.155.19.219 - - [06/May/2023:08:28:44 -0500] "GET /sipse/faces/javax.faces.resource/primefaces.css?ln=primefaces&v=4.0 HTTP/1.1" 304 -
186.155.19.219 - - [06/May/2023:08:28:44 -0500] "GET /sipse/faces/javax.faces.resource/jquery/jquery.js?ln=primefaces&v=4.0 HTTP/1.1" 304 -
186.155.19.219 - - [06/May/2023:08:28:44 -0500] "GET /sipse/faces/javax.faces.resource/layout/layout.css?ln=primefaces&v=4.0 HTTP/1.1" 304 -
186.155.19.219 - - [06/May/2023:08:28:44 -0500] "GET /sipse/faces/javax.faces.resource/jquery/jquery-plugins.js?ln=primefaces&v=4.0 HTTP/1.1" 304 -
186.155.19.219 - - [06/May/2023:08:28:44 -0500] "GET /sipse/faces/javax.faces.resource/primefaces.js?ln=primefaces&v=4.0 HTTP/1.1" 304 -
186.155.19.219 - - [06/May/2023:08:28:44 -0500] "GET /sipse/faces/javax.faces.resource/layout/layout.js?ln=primefaces&v=4.0 HTTP/1.1" 304 -
186.155.19.219 - - [06/May/2023:08:28:44 -0500] "POST /sipse/faces/presentacion/financiero/solicitudAnulacion/solicitudAnulacion.xhtml HTTP/1.1" 200 56042
194.165.16.37 - - [06/May/2023:08:29:00 -0500] "\x03" 400 226
186.155.19.219 - - [06/May/2023:08:29:03 -0500] "POST /sipse/faces/presentacion/financiero/solicitudAnulacion/solicitudAnulacion.xhtml HTTP/1.1" 200 3121
186.155.19.219 - - [06/May/2023:08:29:05 -0500] "POST /sipse/faces/presentacion/financiero/solicitudAnulacion/solicitudAnulacion.xhtml HTTP/1.1" 200 3092
186.155.19.219 - - [06/May/2023:08:29:07 -0500] "POST /sipse/faces/presentacion/financiero/solicitudAnulacion/solicitudAnulacion.xhtml HTTP/1.1" 200 29462
186.155.19.219 - - [06/May/2023:08:29:07 -0500] "GET /sipse/faces/javax.faces.resource/theme.css?ln=primefaces-sipse HTTP/1.1" 304 -
186.155.19.219 - - [06/May/2023:08:29:07 -0500] "GET /sipse/faces/javax.faces.resource/primefaces.css?ln=primefaces&v=4.0 HTTP/1.1" 304 -
186.155.19.219 - - [06/May/2023:08:29:07 -0500] "GET /sipse/faces/javax.faces.resource/layout/layout.css?ln=primefaces&v=4.0 HTTP/1.1" 304 -
186.155.19.219 - - [06/May/2023:08:29:07 -0500] "GET /sipse/faces/javax.faces.resource/jquery/jquery.js?ln=primefaces&v=4.0 HTTP/1.1" 304 -
186.155.19.219 - - [06/May/2023:08:29:07 -0500] "GET /sipse/faces/javax.faces.resource/jquery/jquery-plugins.js?ln=primefaces&v=4.0 HTTP/1.1" 304 -
186.155.19.219 - - [06/May/2023:08:29:07 -0500] "GET /sipse/faces/javax.faces.resource/primefaces.js?ln=primefaces&v=4.0 HTTP/1.1" 304 -
186.155.19.219 - - [06/May/2023:08:29:07 -0500] "GET /sipse/faces/javax.faces.resource/layout/layout.js?ln=primefaces&v=4.0 HTTP/1.1" 304 -
186.155.19.219 - - [06/May/2023:08:29:11 -0500] "POST /sipse/faces/presentacion/contratacion/contratista/listarContratista.xhtml HTTP/1.1" 200 2759
186.155.19.219 - - [06/May/2023:08:29:12 -0500] "POST /sipse/faces/presentacion/contratacion/contratista/listarContratista.xhtml HTTP/1.1" 200 70606
186.155.19.219 - - [06/May/2023:08:29:22 -0500] "GET /sipse/faces/javax.faces.resource/primefaces.css?ln=primefaces&v=4.0 HTTP/1.1" 304 -
186.155.19.219 - - [06/May/2023:08:29:22 -0500] "GET /sipse/faces/javax.faces.resource/theme.css?ln=primefaces-sipse HTTP/1.1" 304 -
186.155.19.219 - - [06/May/2023:08:29:22 -0500] "GET /sipse/faces/javax.faces.resource/layout/layout.css?ln=primefaces&v=4.0 HTTP/1.1" 304 -
186.155.19.219 - - [06/May/2023:08:29:22 -0500] "GET /sipse/faces/javax.faces.resource/jquery/jquery.js?ln=primefaces&v=4.0 HTTP/1.1" 304 -
186.155.19.219 - - [06/May/2023:08:29:22 -0500] "GET /sipse/faces/javax.faces.resource/jquery/jquery-plugins.js?ln=primefaces&v=4.0 HTTP/1.1" 304 -
186.155.19.219 - - [06/May/2023:08:29:22 -0500] "GET /sipse/faces/javax.faces.resource/primefaces.js?ln=primefaces&v=4.0 HTTP/1.1" 304 -
186.155.19.219 - - [06/May/2023:08:29:22 -0500] "GET /sipse/faces/javax.faces.resource/layout/layout.js?ln=primefaces&v=4.0 HTTP/1.1" 304 -
186.155.19.219 - - [06/May/2023:08:29:22 -0500] "POST /sipse/faces/presentacion/proyectos/proyecto/listarConsultarProyectos.xhtml HTTP/1.1" 200 63887
186.155.19.219 - - [06/May/2023:08:29:25 -0500] "POST /sipse/faces/presentacion/proyectos/proyecto/listarConsultarProyectos.xhtml HTTP/1.1" 200 44840
186.155.19.219 - - [06/May/2023:08:29:25 -0500] "POST /sipse/faces/presentacion/proyectos/proyecto/listarConsultarProyectos.xhtml HTTP/1.1" 200 44844
186.155.19.219 - - [06/May/2023:08:29:26 -0500] "POST /sipse/faces/presentacion/proyectos/proyecto/listarConsultarProyectos.xhtml HTTP/1.1" 200 44840
186.155.19.219 - - [06/May/2023:08:29:26 -0500] "POST /sipse/faces/presentacion/proyectos/proyecto/listarConsultarProyectos.xhtml HTTP/1.1" 200 44844
186.155.19.219 - - [06/May/2023:08:29:28 -0500] "POST /sipse/faces/presentacion/proyectos/proyecto/listarConsultarProyectos.xhtml HTTP/1.1" 200 10499
186.155.19.219 - - [06/May/2023:08:29:29 -0500] "POST /sipse/faces/presentacion/proyectos/proyecto/listarConsultarProyectos.xhtml HTTP/1.1" 200 10507
186.155.19.219 - - [06/May/2023:08:29:30 -0500] "POST /sipse/faces/presentacion/proyectos/proyecto/listarConsultarProyectos.xhtml HTTP/1.1" 200 4207
186.155.19.219 - - [06/May/2023:08:29:32 -0500] "POST /sipse/faces/presentacion/proyectos/proyecto/listarConsultarProyectos.xhtml HTTP/1.1" 200 75468
186.155.19.219 - - [06/May/2023:08:29:34 -0500] "GET /sipse/faces/javax.faces.resource/theme.css?ln=primefaces-sipse HTTP/1.1" 304 -
186.155.19.219 - - [06/May/2023:08:29:34 -0500] "GET /sipse/faces/javax.faces.resource/primefaces.css?ln=primefaces&v=4.0 HTTP/1.1" 304 -
186.155.19.219 - - [06/May/2023:08:29:34 -0500] "GET /sipse/faces/javax.faces.resource/layout/layout.css?ln=primefaces&v=4.0 HTTP/1.1" 304 -
186.155.19.219 - - [06/May/2023:08:29:34 -0500] "GET /sipse/faces/javax.faces.resource/jquery/jquery.js?ln=primefaces&v=4.0 HTTP/1.1" 304 -
186.155.19.219 - - [06/May/2023:08:29:34 -0500] "GET /sipse/faces/javax.faces.resource/jquery/jquery-plugins.js?ln=primefaces&v=4.0 HTTP/1.1" 304 -
186.155.19.219 - - [06/May/2023:08:29:34 -0500] "GET /sipse/faces/javax.faces.resource/primefaces.js?ln=primefaces&v=4.0 HTTP/1.1" 304 -
186.155.19.219 - - [06/May/2023:08:29:34 -0500] "GET /sipse/faces/javax.faces.resource/layout/layout.js?ln=primefaces&v=4.0 HTTP/1.1" 304 -
186.155.19.219 - - [06/May/2023:08:29:34 -0500] "POST /sipse/faces/presentacion/proyectos/proyecto/proyecto.xhtml HTTP/1.1" 200 3233
186.155.19.219 - - [06/May/2023:08:29:37 -0500] "POST /sipse/faces/presentacion/proyectos/proyecto/proyecto.xhtml HTTP/1.1" 200 35866
186.155.19.219 - - [06/May/2023:08:29:39 -0500] "GET /sipse/faces/javax.faces.resource/spacer/dot_clear.gif?ln=primefaces&v=4.0 HTTP/1.1" 304 -
186.155.19.219 - - [06/May/2023:08:29:39 -0500] "POST /sipse/faces/presentacion/proyectos/proyecto/proyecto.xhtml HTTP/1.1" 200 3944
201.245.192.253 - - [06/May/2023:08:29:48 -0500] "POST /kwsrmcab/Wsrmcab HTTP/1.1" 200 42882
201.245.192.253 - - [06/May/2023:08:29:51 -0500] "POST /kwsrmcab/Wsrmcab HTTP/1.1" 200 41026
172.22.2.4 - - [06/May/2023:08:29:39 -0500] "HEAD /BLA/boletinlegal/ HTTP/1.1" 200 -
172.22.2.4 - - [06/May/2023:08:30:29 -0500] "GET /BLA/boletinlegal/ HTTP/1.1" 200 59306
201.245.192.253 - - [06/May/2023:08:32:21 -0500] "POST /kwsrmcab/Wsrmcab  HTTP/1.1" 200 213
40.77.167.207 - - [06/May/2023:08:32:57 -0500] "GET /galeria/galeria/jquery.fancybox.js?v=2.1.5 HTTP/1.1" 200 48706
40.77.167.94 - - [06/May/2023:08:33:01 -0500] "GET /BLA/resoluciones/RESOLUCIONES%202021/1622.pdf HTTP/1.1" 200 564591
40.77.167.94 - - [06/May/2023:08:33:04 -0500] "GET /BLA/resoluciones/RESOLUCIONES%202022/5037.pdf HTTP/1.1" 200 488678
40.77.167.94 - - [06/May/2023:08:33:04 -0500] "GET /BLA/resoluciones/AUTOS%202020/2863.pdf HTTP/1.1" 200 338840
40.77.167.94 - - [06/May/2023:08:33:18 -0500] "GET /BLA/boletinlegal/js/jquery.scrollShow.js HTTP/1.1" 200 4586
40.77.167.94 - - [06/May/2023:08:33:18 -0500] "GET /galeria/galeria/jquery.fancybox.css?v=2.1.5 HTTP/1.1" 200 4895
40.77.167.94 - - [06/May/2023:08:33:18 -0500] "GET /BLA/resoluciones/RESOLUCIONES%202010/3794.pdf HTTP/1.1" 200 985280
40.77.167.94 - - [06/May/2023:08:33:18 -0500] "GET /forest/ HTTP/1.1" 200 12041
216.245.221.92 - - [06/May/2023:08:33:19 -0500] "HEAD / HTTP/1.1" 200 -
186.29.180.89 - - [06/May/2023:08:33:44 -0500] "GET /BLA/resoluciones/index.php?dir=AUTOS+2019%2F HTTP/1.1" 200 377059
172.22.2.4 - - [06/May/2023:08:34:31 -0500] "GET /BLA/boletinlegal/ HTTP/1.1" 200 36811
172.22.2.4 - - [06/May/2023:08:35:29 -0500] "HEAD /BLA/boletinlegal/ HTTP/1.1" 200 -
201.245.192.253 - - [06/May/2023:08:37:21 -0500] "POST /kwsrmcab/Wsrmcab  HTTP/1.1" 200 213
172.22.2.4 - - [06/May/2023:08:36:19 -0500] "GET /BLA/boletinlegal/ HTTP/1.1" 200 57561
186.29.180.89 - - [06/May/2023:08:38:03 -0500] "GET /BLA/resoluciones/AUTOS%202019/3137.pdf HTTP/1.1" 200 804622
186.29.180.89 - - [06/May/2023:08:38:04 -0500] "GET /BLA/resoluciones/AUTOS%202019/3137.pdf HTTP/1.1" 206 1
186.29.180.89 - - [06/May/2023:08:38:04 -0500] "GET /BLA/resoluciones/AUTOS%202019/3137.pdf HTTP/1.1" 206 685894
216.245.221.92 - - [06/May/2023:08:38:19 -0500] "HEAD / HTTP/1.1" 200 -
40.77.167.94 - - [06/May/2023:08:39:30 -0500] "GET /BLA/boletinlegal/notificaciones.php HTTP/1.1" 200 7592
201.245.192.253 - - [06/May/2023:08:39:47 -0500] "POST /kwsrmcab/Wsrmcab HTTP/1.1" 200 42882
201.245.192.253 - - [06/May/2023:08:39:50 -0500] "POST /kwsrmcab/Wsrmcab HTTP/1.1" 200 41026
201.245.192.253 - - [06/May/2023:08:42:20 -0500] "POST /kwsrmcab/Wsrmcab  HTTP/1.1" 200 213
172.22.2.4 - - [06/May/2023:08:41:19 -0500] "HEAD /BLA/boletinlegal/ HTTP/1.1" 200 -
216.245.221.92 - - [06/May/2023:08:43:19 -0500] "HEAD / HTTP/1.1" 200 -
172.22.2.4 - - [06/May/2023:08:42:09 -0500] "GET /BLA/boletinlegal/ HTTP/1.1" 200 52730
201.245.192.253 - - [06/May/2023:08:47:14 -0500] "POST /kwsrmcab/Wsrmcab  HTTP/1.1" 200 213
172.22.2.4 - - [06/May/2023:08:48:09 -0500] "GET /BLA/boletinlegal/actos.php HTTP/1.1" 200 9682
172.22.2.4 - - [06/May/2023:08:48:10 -0500] "GET /BLA/boletinlegal/favicon.ico HTTP/1.1" 404 1326
186.112.115.160 - - [06/May/2023:08:48:13 -0500] "GET /BLA/resoluciones/ HTTP/1.1" 200 13502
186.112.115.160 - - [06/May/2023:08:48:15 -0500] "GET /BLA/resoluciones/index.php?dir=AUTOS+2022%2F HTTP/1.1" 200 486280
216.245.221.92 - - [06/May/2023:08:48:19 -0500] "HEAD / HTTP/1.1" 200 -
172.22.2.4 - - [06/May/2023:08:47:09 -0500] "HEAD /BLA/boletinlegal/ HTTP/1.1" 200 -
172.22.2.4 - - [06/May/2023:08:48:05 -0500] "GET /BLA/boletinlegal/ HTTP/1.1" 200 24523
172.22.2.4 - - [06/May/2023:08:47:59 -0500] "GET /BLA/boletinlegal/ HTTP/1.1" 200 54808
172.22.2.4 - - [06/May/2023:08:49:08 -0500] "GET /BLA/boletinlegal/ HTTP/1.1" 200 36811
40.77.167.86 - - [06/May/2023:08:50:57 -0500] "GET /BLA/resoluciones/AUTOS%202013/2141.pdf HTTP/1.1" 200 851815
201.245.192.253 - - [06/May/2023:08:52:13 -0500] "POST /kwsrmcab/Wsrmcab  HTTP/1.1" 200 213
216.245.221.92 - - [06/May/2023:08:53:19 -0500] "HEAD / HTTP/1.1" 200 -
172.22.2.4 - - [06/May/2023:08:52:59 -0500] "HEAD /BLA/boletinlegal/ HTTP/1.1" 200 -
172.22.2.4 - - [06/May/2023:08:55:18 -0500] "GET /BLA/boletinlegal/actos.php HTTP/1.1" 200 9682
172.22.2.4 - - [06/May/2023:08:55:19 -0500] "GET /BLA/boletinlegal/favicon.ico HTTP/1.1" 404 1326
40.77.188.214 - - [06/May/2023:08:55:28 -0500] "GET /BLA/boletinlegal/styles2.css HTTP/1.1" 200 1838
40.77.189.86 - - [06/May/2023:08:55:28 -0500] "GET /BLA/boletinlegal/js/jquery.scrollTo-min.js HTTP/1.1" 200 1150
40.77.189.118 - - [06/May/2023:08:55:28 -0500] "GET /BLA/boletinlegal/js/jquery.js HTTP/1.1" 200 57254
172.22.2.4 - - [06/May/2023:08:53:49 -0500] "GET /BLA/boletinlegal/ HTTP/1.1" 200 56287
172.22.2.4 - - [06/May/2023:08:55:14 -0500] "GET /BLA/boletinlegal/ HTTP/1.1" 200 24523
172.22.2.4 - - [06/May/2023:08:56:48 -0500] "GET /BLA/boletinlegal/consulta_actos.php?tipo=autos&no=1144&usuario=&sector=&fecha=2017&resuelve= HTTP/1.1" 200 626
201.245.192.253 - - [06/May/2023:08:57:11 -0500] "POST /kwsrmcab/Wsrmcab  HTTP/1.1" 200 213
216.245.221.92 - - [06/May/2023:08:58:19 -0500] "HEAD / HTTP/1.1" 200 -
40.77.167.94 - - [06/May/2023:08:58:56 -0500] "GET /BLA/resoluciones/AUTOS%202023/0403.pdf HTTP/1.1" 200 443090
40.77.167.94 - - [06/May/2023:08:58:59 -0500] "GET /BLA/resoluciones/AUTOS%202014/7250.pdf HTTP/1.1" 200 567638
40.77.167.94 - - [06/May/2023:08:59:01 -0500] "GET /sipse/faces/faces/autenticacion.xhtml HTTP/1.1" 200 12499
201.245.244.138 - - [06/May/2023:08:59:22 -0500] "GET /empresas-con-impacto-ambiental-positivo-unanse-a-la-edicion-2023-de-negocios-verdes-mas-cerca-de-ti.html HTTP/1.1" 200 878
172.22.2.4 - - [06/May/2023:08:58:49 -0500] "HEAD /BLA/boletinlegal/ HTTP/1.1" 200 -
172.22.2.4 - - [06/May/2023:08:59:55 -0500] "GET /BLA/boletinlegal/ HTTP/1.1" 200 28619
172.22.2.4 - - [06/May/2023:08:59:39 -0500] "GET /BLA/boletinlegal/ HTTP/1.1" 200 52730
172.22.2.4 - - [06/May/2023:09:02:09 -0500] "GET /BLA/boletinlegal/favicon.ico HTTP/1.1" 404 1018
201.245.192.253 - - [06/May/2023:09:02:15 -0500] "POST /kwsrmcab/Wsrmcab  HTTP/1.1" 200 213
172.22.2.4 - - [06/May/2023:09:01:54 -0500] "GET /BLA/boletinlegal/ HTTP/1.1" 200 28619
216.245.221.92 - - [06/May/2023:09:03:19 -0500] "HEAD / HTTP/1.1" 200 -
40.77.167.207 - - [06/May/2023:09:03:27 -0500] "GET /sipse/faces/presentacion/sistema/anexos/cargarAnexoSolicitudProceso.xhtml HTTP/1.1" 302 -
40.77.167.207 - - [06/May/2023:09:03:28 -0500] "GET /sipse/faces/autenticacion.xhtml HTTP/1.1" 200 12177
40.77.167.207 - - [06/May/2023:09:03:28 -0500] "GET /siipev/Diseno%20de%20Elementos%20de%20Mobiliario%20Urbano/Diseno%20pertenecientes%20al%20mobiliario%20urbano%20M10-M160/PARTE%20A/Dise%C3%B1o%20de%20Elementos%20M-10.pdf HTTP/1.1" 304 -
40.77.167.94 - - [06/May/2023:09:04:31 -0500] "GET /sipse/faces/index.xhtml HTTP/1.1" 200 677
172.22.2.4 - - [06/May/2023:09:05:18 -0500] "GET /BLA/boletinlegal/ HTTP/1.1" 200 20427
172.22.2.4 - - [06/May/2023:09:04:39 -0500] "HEAD /BLA/boletinlegal/ HTTP/1.1" 200 -
172.22.2.4 - - [06/May/2023:09:05:29 -0500] "GET /BLA/boletinlegal/ HTTP/1.1" 200 52730
201.245.192.253 - - [06/May/2023:09:07:13 -0500] "POST /kwsrmcab/Wsrmcab  HTTP/1.1" 200 213
40.77.167.86 - - [06/May/2023:09:07:17 -0500] "GET /bla/resoluciones/RESOLUCIONES%202021/4330.pdf HTTP/1.1" 200 373859
216.245.221.92 - - [06/May/2023:09:08:19 -0500] "HEAD / HTTP/1.1" 200 -
172.22.2.4 - - [06/May/2023:09:08:53 -0500] "GET /BLA/boletinlegal/favicon.ico HTTP/1.1" 404 1334
191.95.48.182 - - [06/May/2023:09:10:50 -0500] "GET /galeria/galeria/jquery.fancybox.css?v=2.1.5 HTTP/1.1" 200 4895
186.80.52.223 - - [06/May/2023:09:11:08 -0500] "GET /sipse/faces/index.xhtml HTTP/1.1" 200 677
186.80.52.223 - - [06/May/2023:09:11:11 -0500] "GET /sipse/faces/javax.faces.resource/theme.css?ln=primefaces-sipse HTTP/1.1" 304 -
186.80.52.223 - - [06/May/2023:09:11:12 -0500] "GET /sipse/faces/faces/autenticacion.xhtml HTTP/1.1" 200 12177
186.80.52.223 - - [06/May/2023:09:11:12 -0500] "GET /sipse/faces/javax.faces.resource/theme.css?ln=primefaces-sipse HTTP/1.1" 304 -
186.80.52.223 - - [06/May/2023:09:11:12 -0500] "GET /sipse/faces/javax.faces.resource/primefaces.css?ln=primefaces&v=4.0 HTTP/1.1" 304 -
186.80.52.223 - - [06/May/2023:09:11:12 -0500] "GET /sipse/faces/javax.faces.resource/layout/layout.css?ln=primefaces&v=4.0 HTTP/1.1" 304 -
186.80.52.223 - - [06/May/2023:09:11:12 -0500] "GET /sipse/faces/javax.faces.resource/jquery/jquery-plugins.js?ln=primefaces&v=4.0 HTTP/1.1" 304 -
186.80.52.223 - - [06/May/2023:09:11:12 -0500] "GET /sipse/faces/javax.faces.resource/primefaces.js?ln=primefaces&v=4.0 HTTP/1.1" 304 -
186.80.52.223 - - [06/May/2023:09:11:12 -0500] "GET /sipse/faces/javax.faces.resource/jquery/jquery.js?ln=primefaces&v=4.0 HTTP/1.1" 304 -
186.80.52.223 - - [06/May/2023:09:11:12 -0500] "GET /sipse/faces/javax.faces.resource/layout/layout.js?ln=primefaces&v=4.0 HTTP/1.1" 304 -
186.80.52.223 - - [06/May/2023:09:11:13 -0500] "GET /sipse/faces/javax.faces.resource/images/ui-icons_898989_256x240.png?ln=primefaces-aristo HTTP/1.1" 304 -
186.80.52.223 - - [06/May/2023:09:11:32 -0500] "POST /sipse/faces/autenticacion.xhtml HTTP/1.1" 200 2224
186.80.52.223 - - [06/May/2023:09:11:33 -0500] "GET /sipse/faces/javax.faces.resource/messages/messages.png?ln=primefaces&v=4.0 HTTP/1.1" 304 -
186.80.52.223 - - [06/May/2023:09:11:36 -0500] "POST /sipse/faces/autenticacion.xhtml HTTP/1.1" 200 16347
186.80.52.223 - - [06/May/2023:09:11:37 -0500] "GET /sipse/faces/javax.faces.resource/theme.css?ln=primefaces-sipse HTTP/1.1" 304 -
186.80.52.223 - - [06/May/2023:09:11:37 -0500] "GET /sipse/faces/javax.faces.resource/primefaces.css?ln=primefaces&v=4.0 HTTP/1.1" 304 -
186.80.52.223 - - [06/May/2023:09:11:37 -0500] "GET /sipse/faces/javax.faces.resource/layout/layout.css?ln=primefaces&v=4.0 HTTP/1.1" 304 -
186.80.52.223 - - [06/May/2023:09:11:37 -0500] "GET /sipse/faces/javax.faces.resource/jquery/jquery.js?ln=primefaces&v=4.0 HTTP/1.1" 304 -
186.80.52.223 - - [06/May/2023:09:11:37 -0500] "GET /sipse/faces/javax.faces.resource/jquery/jquery-plugins.js?ln=primefaces&v=4.0 HTTP/1.1" 304 -
186.80.52.223 - - [06/May/2023:09:11:37 -0500] "GET /sipse/faces/javax.faces.resource/primefaces.js?ln=primefaces&v=4.0 HTTP/1.1" 304 -
186.80.52.223 - - [06/May/2023:09:11:37 -0500] "GET /sipse/faces/javax.faces.resource/layout/layout.js?ln=primefaces&v=4.0 HTTP/1.1" 304 -
186.80.52.223 - - [06/May/2023:09:11:37 -0500] "GET /sipse/css/imagen/contrasena.png HTTP/1.1" 404 383
186.80.52.223 - - [06/May/2023:09:11:42 -0500] "GET /sipse/faces/javax.faces.resource/images/ui-bg_flat_0_2d5972_40x100.png?ln=primefaces-aristo HTTP/1.1" 304 -
186.80.52.223 - - [06/May/2023:09:11:42 -0500] "POST /sipse/faces/bienvenido.xhtml HTTP/1.1" 200 2073
186.80.52.223 - - [06/May/2023:09:12:00 -0500] "POST /sipse/faces/bienvenido.xhtml HTTP/1.1" 200 39088
186.80.52.223 - - [06/May/2023:09:12:00 -0500] "GET /sipse/faces/javax.faces.resource/theme.css?ln=primefaces-sipse HTTP/1.1" 304 -
186.80.52.223 - - [06/May/2023:09:12:00 -0500] "GET /sipse/faces/javax.faces.resource/primefaces.css?ln=primefaces&v=4.0 HTTP/1.1" 304 -
186.80.52.223 - - [06/May/2023:09:12:00 -0500] "GET /sipse/faces/javax.faces.resource/layout/layout.css?ln=primefaces&v=4.0 HTTP/1.1" 304 -
186.80.52.223 - - [06/May/2023:09:12:01 -0500] "GET /sipse/faces/javax.faces.resource/jquery/jquery.js?ln=primefaces&v=4.0 HTTP/1.1" 304 -
186.80.52.223 - - [06/May/2023:09:12:01 -0500] "GET /sipse/faces/javax.faces.resource/jquery/jquery-plugins.js?ln=primefaces&v=4.0 HTTP/1.1" 304 -
186.80.52.223 - - [06/May/2023:09:12:01 -0500] "GET /sipse/faces/javax.faces.resource/primefaces.js?ln=primefaces&v=4.0 HTTP/1.1" 304 -
186.80.52.223 - - [06/May/2023:09:12:01 -0500] "GET /sipse/faces/javax.faces.resource/layout/layout.js?ln=primefaces&v=4.0 HTTP/1.1" 304 -
172.22.2.4 - - [06/May/2023:09:10:29 -0500] "HEAD /BLA/boletinlegal/ HTTP/1.1" 200 -
201.245.192.253 - - [06/May/2023:09:12:11 -0500] "POST /kwsrmcab/Wsrmcab  HTTP/1.1" 200 213
191.156.145.150 - - [06/May/2023:09:12:57 -0500] "GET /transparencia/General%20Asignado/? HTTP/1.1" 200 43649
172.22.2.4 - - [06/May/2023:09:11:19 -0500] "GET /BLA/boletinlegal/ HTTP/1.1" 200 56754
191.156.145.150 - - [06/May/2023:09:12:59 -0500] "GET /transparencia/General%20Asignado/? HTTP/1.1" 200 43649
191.156.146.73 - - [06/May/2023:09:13:05 -0500] "GET /transparencia/General%20Asignado/1%20Vigencia%20actual/Apropiacion%20inicial%202023.pdf HTTP/1.1" 200 251377
191.156.154.36 - - [06/May/2023:09:13:09 -0500] "GET /transparencia/General%20Asignado/1%20Vigencia%20actual/Apropiacion%20inicial%202023.pdf HTTP/1.1" 200 251377
191.156.146.6 - - [06/May/2023:09:13:16 -0500] "GET /transparencia/General%20Asignado/1%20Vigencia%20actual/Apropiacion%20inicial%202023.pdf HTTP/1.1" 200 251377
216.245.221.92 - - [06/May/2023:09:13:19 -0500] "HEAD / HTTP/1.1" 200 -
191.156.146.6 - - [06/May/2023:09:13:19 -0500] "GET /transparencia/General%20Asignado/1%20Vigencia%20actual/Apropiacion%20inicial%202023.pdf HTTP/1.1" 200 251377
191.156.149.240 - - [06/May/2023:09:13:26 -0500] "GET /transparencia/General%20Asignado/1%20Vigencia%20actual/Apropiacion%20inicial%202023.pdf HTTP/1.1" 200 251377
191.156.145.81 - - [06/May/2023:09:13:29 -0500] "GET /transparencia/General%20Asignado/1%20Vigencia%20actual/Apropiacion%20inicial%202023.pdf HTTP/1.1" 200 251377
191.156.148.194 - - [06/May/2023:09:13:31 -0500] "GET /transparencia/General%20Asignado/1%20Vigencia%20actual/Apropiacion%20inicial%202023.pdf HTTP/1.1" 200 251377
191.156.158.11 - - [06/May/2023:09:13:32 -0500] "GET /transparencia/General%20Asignado/1%20Vigencia%20actual/Apropiacion%20inicial%202023.pdf HTTP/1.1" 200 251377
191.156.145.150 - - [06/May/2023:09:13:37 -0500] "GET /transparencia/financiera/? HTTP/1.1" 200 65078
201.245.192.253 - - [06/May/2023:09:17:09 -0500] "POST /kwsrmcab/Wsrmcab  HTTP/1.1" 200 213
172.22.2.4 - - [06/May/2023:09:17:50 -0500] "GET /BLA/boletinlegal/actuator/gateway/routes HTTP/1.1" 404 1018
172.22.2.4 - - [06/May/2023:09:16:19 -0500] "HEAD /BLA/boletinlegal/ HTTP/1.1" 200 -
216.245.221.92 - - [06/May/2023:09:18:19 -0500] "HEAD / HTTP/1.1" 200 -
172.22.2.4 - - [06/May/2023:09:17:09 -0500] "GET /BLA/boletinlegal/ HTTP/1.1" 200 57561
199.16.157.181 - - [06/May/2023:09:19:18 -0500] "GET /images/Sello%201%20-2-2.jpg HTTP/1.1" 200 81559
201.245.192.253 - - [06/May/2023:09:19:47 -0500] "POST /kwsrmcab/Wsrmcab HTTP/1.1" 200 41593
173.252.95.4 - - [06/May/2023:09:19:49 -0500] "GET /images/rendicion-de-cuentas-post-01-02-(1)_optimized.jpg HTTP/1.1" 200 121430
201.245.192.253 - - [06/May/2023:09:19:50 -0500] "POST /kwsrmcab/Wsrmcab HTTP/1.1" 200 41024
186.80.52.223 - - [06/May/2023:09:22:01 -0500] "POST /sipse/faces/presentacion/financiero/solicitudProceso/consultar.xhtml HTTP/1.1" 200 12938
186.80.52.223 - - [06/May/2023:09:22:07 -0500] "POST /sipse/faces/presentacion/financiero/solicitudProceso/consultar.xhtml HTTP/1.1" 200 167131
186.80.52.223 - - [06/May/2023:09:22:08 -0500] "GET /sipse/faces/javax.faces.resource/theme.css?ln=primefaces-sipse HTTP/1.1" 304 -
186.80.52.223 - - [06/May/2023:09:22:08 -0500] "GET /sipse/faces/javax.faces.resource/primefaces.css?ln=primefaces&v=4.0 HTTP/1.1" 304 -
186.80.52.223 - - [06/May/2023:09:22:08 -0500] "GET /sipse/faces/javax.faces.resource/layout/layout.css?ln=primefaces&v=4.0 HTTP/1.1" 304 -
186.80.52.223 - - [06/May/2023:09:22:08 -0500] "GET /sipse/faces/javax.faces.resource/jquery/jquery.js?ln=primefaces&v=4.0 HTTP/1.1" 304 -
186.80.52.223 - - [06/May/2023:09:22:08 -0500] "GET /sipse/faces/javax.faces.resource/jquery/jquery-plugins.js?ln=primefaces&v=4.0 HTTP/1.1" 304 -
186.80.52.223 - - [06/May/2023:09:22:08 -0500] "GET /sipse/faces/javax.faces.resource/primefaces.js?ln=primefaces&v=4.0 HTTP/1.1" 304 -
186.80.52.223 - - [06/May/2023:09:22:08 -0500] "GET /sipse/faces/javax.faces.resource/layout/layout.js?ln=primefaces&v=4.0 HTTP/1.1" 304 -
201.245.192.253 - - [06/May/2023:09:22:07 -0500] "POST /kwsrmcab/Wsrmcab  HTTP/1.1" 200 213
216.245.221.92 - - [06/May/2023:09:23:19 -0500] "HEAD / HTTP/1.1" 200 -
172.22.2.4 - - [06/May/2023:09:22:09 -0500] "HEAD /BLA/boletinlegal/ HTTP/1.1" 200 -
186.80.52.223 - - [06/May/2023:09:23:55 -0500] "POST /sipse/faces/presentacion/financiero/solicitudProceso/consultarSolicitudProceso.xhtml HTTP/1.1" 200 94911
186.80.52.223 - - [06/May/2023:09:24:02 -0500] "POST /sipse/faces/presentacion/financiero/solicitudProceso/consultarSolicitudProceso.xhtml HTTP/1.1" 200 108243
186.80.52.223 - - [06/May/2023:09:24:28 -0500] "POST /sipse/faces/presentacion/financiero/solicitudProceso/consultarSolicitudProceso.xhtml HTTP/1.1" 200 73054
186.80.52.223 - - [06/May/2023:09:24:30 -0500] "GET /sipse/faces/javax.faces.resource/theme.css?ln=primefaces-sipse HTTP/1.1" 304 -
186.80.52.223 - - [06/May/2023:09:24:30 -0500] "GET /sipse/faces/javax.faces.resource/primefaces.css?ln=primefaces&v=4.0 HTTP/1.1" 304 -
186.80.52.223 - - [06/May/2023:09:24:30 -0500] "GET /sipse/faces/javax.faces.resource/layout/layout.css?ln=primefaces&v=4.0 HTTP/1.1" 304 -
186.80.52.223 - - [06/May/2023:09:24:30 -0500] "GET /sipse/faces/javax.faces.resource/primefaces.js?ln=primefaces&v=4.0 HTTP/1.1" 304 -
186.80.52.223 - - [06/May/2023:09:24:30 -0500] "GET /sipse/faces/javax.faces.resource/jquery/jquery-plugins.js?ln=primefaces&v=4.0 HTTP/1.1" 304 -
186.80.52.223 - - [06/May/2023:09:24:30 -0500] "GET /sipse/faces/javax.faces.resource/jquery/jquery.js?ln=primefaces&v=4.0 HTTP/1.1" 304 -
186.80.52.223 - - [06/May/2023:09:24:30 -0500] "GET /sipse/faces/javax.faces.resource/layout/layout.js?ln=primefaces&v=4.0 HTTP/1.1" 304 -
186.80.52.223 - - [06/May/2023:09:24:30 -0500] "GET /sipse/css/imagen/contrasena.png HTTP/1.1" 404 383
186.80.52.223 - - [06/May/2023:09:24:30 -0500] "GET /sipse/faces/javax.faces.resource/images/ui-icons_898989_256x240.png?ln=primefaces-aristo HTTP/1.1" 304 -
172.22.2.4 - - [06/May/2023:09:22:59 -0500] "GET /BLA/boletinlegal/ HTTP/1.1" 200 56287
186.80.52.223 - - [06/May/2023:09:24:48 -0500] "GET /sipse/faces/javax.faces.resource/theme.css?ln=primefaces-sipse HTTP/1.1" 304 -
186.80.52.223 - - [06/May/2023:09:24:48 -0500] "GET /sipse/faces/javax.faces.resource/primefaces.css?ln=primefaces&v=4.0 HTTP/1.1" 304 -
186.80.52.223 - - [06/May/2023:09:24:48 -0500] "GET /sipse/faces/javax.faces.resource/layout/layout.css?ln=primefaces&v=4.0 HTTP/1.1" 304 -
186.80.52.223 - - [06/May/2023:09:24:48 -0500] "GET /sipse/faces/javax.faces.resource/primefaces.js?ln=primefaces&v=4.0 HTTP/1.1" 304 -
186.80.52.223 - - [06/May/2023:09:24:48 -0500] "GET /sipse/faces/javax.faces.resource/jquery/jquery.js?ln=primefaces&v=4.0 HTTP/1.1" 304 -
186.80.52.223 - - [06/May/2023:09:24:48 -0500] "GET /sipse/faces/javax.faces.resource/jquery/jquery-plugins.js?ln=primefaces&v=4.0 HTTP/1.1" 304 -
186.80.52.223 - - [06/May/2023:09:24:48 -0500] "GET /sipse/faces/javax.faces.resource/layout/layout.js?ln=primefaces&v=4.0 HTTP/1.1" 304 -
186.80.52.223 - - [06/May/2023:09:24:47 -0500] "POST /sipse/faces/presentacion/financiero/solicitudProceso/consultarHistorialSolProceso.xhtml HTTP/1.1" 200 212973
186.80.52.223 - - [06/May/2023:09:24:48 -0500] "GET /sipse/css/imagen/contrasena.png HTTP/1.1" 404 383
186.80.52.223 - - [06/May/2023:09:24:48 -0500] "GET /sipse/faces/javax.faces.resource/images/ui-icons_898989_256x240.png?ln=primefaces-aristo HTTP/1.1" 304 -
172.22.2.4 - - [06/May/2023:09:25:46 -0500] "GET /BLA/boletinlegal/apple-touch-icon-precomposed.png HTTP/1.1" 404 1140
172.22.2.4 - - [06/May/2023:09:25:46 -0500] "GET /BLA/boletinlegal/apple-touch-icon.png HTTP/1.1" 404 1140
172.22.2.4 - - [06/May/2023:09:25:46 -0500] "GET /BLA/boletinlegal/favicon.ico HTTP/1.1" 404 1140
172.22.2.4 - - [06/May/2023:09:25:24 -0500] "GET /BLA/boletinlegal/ HTTP/1.1" 200 45003
201.245.192.253 - - [06/May/2023:09:27:07 -0500] "POST /kwsrmcab/Wsrmcab  HTTP/1.1" 200 213
186.29.180.89 - - [06/May/2023:09:27:28 -0500] "GET /BLA/resoluciones/index.php?dir=AUTOS+2016%2F HTTP/1.1" 200 329666
172.22.2.4 - - [06/May/2023:09:27:33 -0500] "GET /BLA/boletinlegal/favicon.ico HTTP/1.1" 404 1230
216.245.221.92 - - [06/May/2023:09:28:19 -0500] "HEAD / HTTP/1.1" 200 -
172.22.2.4 - - [06/May/2023:09:27:59 -0500] "HEAD /BLA/boletinlegal/ HTTP/1.1" 200 -
201.245.192.253 - - [06/May/2023:09:29:48 -0500] "POST /kwsrmcab/Wsrmcab HTTP/1.1" 200 41593
201.245.192.253 - - [06/May/2023:09:29:50 -0500] "POST /kwsrmcab/Wsrmcab HTTP/1.1" 200 41024
186.29.180.89 - - [06/May/2023:09:30:09 -0500] "GET /BLA/resoluciones/AUTOS%202016/2320.pdf HTTP/1.1" 200 539601
172.22.2.4 - - [06/May/2023:09:30:13 -0500] "GET /BLA/boletinlegal/robots.txt HTTP/1.1" 404 1038
172.22.2.4 - - [06/May/2023:09:30:13 -0500] "GET /BLA/boletinlegal/Directivas/2014/Directiva%20No.%205%20del%2026%20de%20Diciembre%20de%202014.pdf HTTP/1.1" 200 3424865
172.22.2.4 - - [06/May/2023:09:28:49 -0500] "GET /BLA/boletinlegal/ HTTP/1.1" 200 57561
186.84.89.20 - - [06/May/2023:09:31:29 -0500] "GET /BLA/resoluciones/AUTOS%202023/0096.pdf HTTP/1.1" 200 453399
186.84.89.20 - - [06/May/2023:09:31:46 -0500] "GET /BLA/resoluciones/AUTOS%202023/0097.pdf HTTP/1.1" 200 480979
186.84.89.20 - - [06/May/2023:09:31:57 -0500] "GET /BLA/resoluciones/AUTOS%202023/0098.pdf HTTP/1.1" 200 457970
40.77.167.207 - - [06/May/2023:09:31:58 -0500] "GET /Publicaciones/2022EE134392.pdf HTTP/1.1" 404 228
201.245.192.253 - - [06/May/2023:09:32:06 -0500] "POST /kwsrmcab/Wsrmcab  HTTP/1.1" 200 213
186.80.52.223 - - [06/May/2023:09:33:01 -0500] "GET /sipse/faces/javax.faces.resource/images/ui-bg_flat_0_2d5972_40x100.png?ln=primefaces-aristo HTTP/1.1" 304 -
186.80.52.223 - - [06/May/2023:09:33:01 -0500] "POST /sipse/faces/presentacion/financiero/solicitudProceso/consultarSolicitudProceso.xhtml HTTP/1.1" 200 5514
216.245.221.92 - - [06/May/2023:09:33:19 -0500] "HEAD / HTTP/1.1" 200 -
186.84.89.20 - - [06/May/2023:09:34:30 -0500] "GET /BLA/resoluciones/AUTOS%202023/0221.pdf HTTP/1.1" 200 472815
186.84.89.20 - - [06/May/2023:09:34:48 -0500] "GET /BLA/resoluciones/AUTOS%202023/0222.pdf HTTP/1.1" 200 471426
172.22.2.4 - - [06/May/2023:09:33:49 -0500] "HEAD /BLA/boletinlegal/ HTTP/1.1" 200 -
186.84.89.20 - - [06/May/2023:09:36:05 -0500] "GET /BLA/resoluciones/AUTOS%202023/0501.pdf HTTP/1.1" 200 402672
66.175.213.4 - - [06/May/2023:09:36:15 -0500] "\x16\x03\x01" 400 226
186.84.89.20 - - [06/May/2023:09:36:18 -0500] "GET /BLA/resoluciones/AUTOS%202023/0252.pdf HTTP/1.1" 200 446104
172.22.2.4 - - [06/May/2023:09:34:39 -0500] "GET /BLA/boletinlegal/ HTTP/1.1" 200 59306
172.22.2.4 - - [06/May/2023:09:36:55 -0500] "GET /BLA/boletinlegal/js/jquery.js HTTP/1.1" 200 57254
172.22.2.4 - - [06/May/2023:09:36:55 -0500] "GET /BLA/boletinlegal/images/cabezote%20BLEGAL.jpg HTTP/1.1" 200 118164
172.22.2.4 - - [06/May/2023:09:36:55 -0500] "GET /BLA/boletinlegal/images/subscribe-icon-big.png HTTP/1.1" 200 47702
172.22.2.4 - - [06/May/2023:09:36:56 -0500] "GET /BLA/boletinlegal/images/historia.png HTTP/1.1" 200 52775
172.22.2.4 - - [06/May/2023:09:36:56 -0500] "GET /BLA/boletinlegal/images/launch.jpg HTTP/1.1" 200 14577
172.22.2.4 - - [06/May/2023:09:36:56 -0500] "GET /BLA/boletinlegal/images/screen_1.png HTTP/1.1" 200 202547
172.22.2.4 - - [06/May/2023:09:36:57 -0500] "GET /BLA/boletinlegal/actos.php HTTP/1.1" 200 9682
172.22.2.4 - - [06/May/2023:09:36:57 -0500] "GET /BLA/boletinlegal/js/jquery1.js HTTP/1.1" 200 29846
172.22.2.4 - - [06/May/2023:09:36:57 -0500] "GET /BLA/boletinlegal/images/tel.png HTTP/1.1" 200 14477
172.22.2.4 - - [06/May/2023:09:36:57 -0500] "GET /BLA/boletinlegal/img/select-right.png HTTP/1.1" 200 44019
172.22.2.4 - - [06/May/2023:09:36:57 -0500] "GET /BLA/boletinlegal/img/button-left.png HTTP/1.1" 200 57071
172.22.2.4 - - [06/May/2023:09:36:57 -0500] "GET /BLA/boletinlegal/img/button.png HTTP/1.1" 200 43241
172.22.2.4 - - [06/May/2023:09:36:57 -0500] "GET /BLA/boletinlegal/img/button-right.png HTTP/1.1" 200 57878
172.22.2.4 - - [06/May/2023:09:36:57 -0500] "GET /BLA/boletinlegal/favicon.ico HTTP/1.1" 404 1326
186.84.89.20 - - [06/May/2023:09:36:59 -0500] "GET /BLA/resoluciones/AUTOS%202023/1403.pdf HTTP/1.1" 200 485084
190.158.28.34 - - [06/May/2023:09:37:00 -0500] "GET /BLA/resoluciones/ HTTP/1.1" 200 13502
201.245.192.253 - - [06/May/2023:09:37:06 -0500] "POST /kwsrmcab/Wsrmcab  HTTP/1.1" 200 213
190.158.28.34 - - [06/May/2023:09:37:09 -0500] "GET /BLA/resoluciones/dlf/unknown.png HTTP/1.1" 200 266
190.158.28.34 - - [06/May/2023:09:37:09 -0500] "GET /BLA/resoluciones/index.php?dir=RESOLUCIONES+2016%2F HTTP/1.1" 200 171306
172.22.2.4 - - [06/May/2023:09:36:54 -0500] "GET /BLA/boletinlegal/ HTTP/1.1" 200 24523
40.77.167.86 - - [06/May/2023:09:38:09 -0500] "GET /bla/resoluciones/resoluciones%202007/res%202007%204101%20al%204200/RESOLUCION%204102%20DE%202007.pdf HTTP/1.1" 304 -
216.245.221.92 - - [06/May/2023:09:38:19 -0500] "HEAD / HTTP/1.1" 200 -
186.84.89.20 - - [06/May/2023:09:38:25 -0500] "GET /BLA/resoluciones/AUTOS%202023/1402.pdf HTTP/1.1" 200 429355
186.84.89.20 - - [06/May/2023:09:39:23 -0500] "GET /BLA/resoluciones/AUTOS%202023/1397.pdf HTTP/1.1" 200 418123
186.84.89.20 - - [06/May/2023:09:39:39 -0500] "GET /BLA/resoluciones/AUTOS%202023/1389.pdf HTTP/1.1" 200 415194
201.245.192.253 - - [06/May/2023:09:39:47 -0500] "GET /kwsrmcab/Wsrmcab?wsdl HTTP/1.1" 200 6948
201.245.192.253 - - [06/May/2023:09:39:47 -0500] "POST /kwsrmcab/Wsrmcab HTTP/1.1" 200 41593
201.245.192.253 - - [06/May/2023:09:39:50 -0500] "POST /kwsrmcab/Wsrmcab HTTP/1.1" 200 41024
186.84.89.20 - - [06/May/2023:09:40:21 -0500] "GET /BLA/resoluciones/AUTOS%202023/1374.pdf HTTP/1.1" 200 437856
186.84.89.20 - - [06/May/2023:09:40:40 -0500] "GET /BLA/resoluciones/AUTOS%202023/1357.pdf HTTP/1.1" 200 430803
186.84.89.20 - - [06/May/2023:09:41:18 -0500] "GET /BLA/resoluciones/AUTOS%202023/1337.pdf HTTP/1.1" 200 427446
172.22.2.4 - - [06/May/2023:09:39:39 -0500] "HEAD /BLA/boletinlegal/ HTTP/1.1" 200 -
181.53.12.60 - - [06/May/2023:09:41:36 -0500] "GET /BLA/resoluciones/ HTTP/1.1" 200 13502
181.53.12.60 - - [06/May/2023:09:41:36 -0500] "GET /BLA/resoluciones/dlf/styles.css HTTP/1.1" 200 3049
181.53.12.60 - - [06/May/2023:09:41:36 -0500] "GET /BLA/resoluciones/dlf/folder.png HTTP/1.1" 200 410
181.53.12.60 - - [06/May/2023:09:41:36 -0500] "GET /BLA/resoluciones/dlf/bg.gif HTTP/1.1" 200 54
181.53.12.60 - - [06/May/2023:09:41:37 -0500] "GET /favicon.ico HTTP/1.1" 200 7782
181.53.12.60 - - [06/May/2023:09:41:41 -0500] "GET /BLA/resoluciones/dlf/dirup.png HTTP/1.1" 200 644
181.53.12.60 - - [06/May/2023:09:41:41 -0500] "GET /BLA/resoluciones/dlf/pdf.gif HTTP/1.1" 200 272
181.53.12.60 - - [06/May/2023:09:41:41 -0500] "GET /BLA/resoluciones/index.php?dir=RESOLUCIONES+2021%2F HTTP/1.1" 200 439476
186.84.89.20 - - [06/May/2023:09:41:54 -0500] "GET /BLA/resoluciones/AUTOS%202023/1331.pdf HTTP/1.1" 200 423808
181.53.12.60 - - [06/May/2023:09:41:54 -0500] "GET /BLA/resoluciones/RESOLUCIONES%202021/2968.pdf HTTP/1.1" 200 514051
186.84.89.20 - - [06/May/2023:09:42:04 -0500] "GET /BLA/resoluciones/AUTOS%202023/1317.pdf HTTP/1.1" 200 463974
201.245.192.253 - - [06/May/2023:09:42:06 -0500] "POST /kwsrmcab/Wsrmcab  HTTP/1.1" 200 213
172.22.2.4 - - [06/May/2023:09:40:29 -0500] "GET /BLA/boletinlegal/ HTTP/1.1" 200 57151
216.245.221.92 - - [06/May/2023:09:43:19 -0500] "HEAD / HTTP/1.1" 200 -
181.53.12.60 - - [06/May/2023:09:43:41 -0500] "GET /BLA/resoluciones/RESOLUCIONES%202021/0834.pdf HTTP/1.1" 200 489931
40.77.167.86 - - [06/May/2023:09:44:12 -0500] "GET /BLA/resoluciones/AUTOS%202019/3845.pdf HTTP/1.1" 200 263864
40.77.167.86 - - [06/May/2023:09:44:14 -0500] "GET /PORTAL_SIAC/Resoluci%c3%b3n%20242%20de%202014%20(Lineamientos%20PIGA).pdf HTTP/1.1" 304 -
186.86.33.180 - - [06/May/2023:09:46:34 -0500] "GET /sipse/faces/index.xhtml HTTP/1.1" 200 677
186.86.33.180 - - [06/May/2023:09:46:34 -0500] "GET /sipse/faces/javax.faces.resource/theme.css?ln=primefaces-sipse HTTP/1.1" 304 -
186.86.33.180 - - [06/May/2023:09:46:34 -0500] "GET /sipse/faces/javax.faces.resource/theme.css?ln=primefaces-sipse HTTP/1.1" 304 -
186.86.33.180 - - [06/May/2023:09:46:34 -0500] "GET /sipse/faces/faces/autenticacion.xhtml HTTP/1.1" 200 12177
186.86.33.180 - - [06/May/2023:09:46:34 -0500] "GET /sipse/css/custom_css_sg_prime_login.css HTTP/1.1" 304 -
186.86.33.180 - - [06/May/2023:09:46:34 -0500] "GET /sipse/faces/javax.faces.resource/layout/layout.css?ln=primefaces&v=4.0 HTTP/1.1" 304 -
186.86.33.180 - - [06/May/2023:09:46:34 -0500] "GET /sipse/faces/javax.faces.resource/primefaces.css?ln=primefaces&v=4.0 HTTP/1.1" 304 -
186.86.33.180 - - [06/May/2023:09:46:34 -0500] "GET /sipse/js/disable_browser_buttons.js HTTP/1.1" 304 -
186.86.33.180 - - [06/May/2023:09:46:34 -0500] "GET /sipse/js/funciones.js HTTP/1.1" 304 -
186.86.33.180 - - [06/May/2023:09:46:34 -0500] "GET /sipse/css/custom_css_sg.css HTTP/1.1" 304 -
186.86.33.180 - - [06/May/2023:09:46:34 -0500] "GET /sipse/faces/javax.faces.resource/theme.css?ln=primefaces-sipse HTTP/1.1" 304 -
186.86.33.180 - - [06/May/2023:09:46:34 -0500] "GET /sipse/faces/javax.faces.resource/jquery/jquery.js?ln=primefaces&v=4.0 HTTP/1.1" 304 -
186.86.33.180 - - [06/May/2023:09:46:34 -0500] "GET /sipse/faces/javax.faces.resource/layout/layout.js?ln=primefaces&v=4.0 HTTP/1.1" 304 -
186.86.33.180 - - [06/May/2023:09:46:34 -0500] "GET /sipse/faces/javax.faces.resource/primefaces.js?ln=primefaces&v=4.0 HTTP/1.1" 304 -
186.86.33.180 - - [06/May/2023:09:46:34 -0500] "GET /sipse/faces/javax.faces.resource/jquery/jquery-plugins.js?ln=primefaces&v=4.0 HTTP/1.1" 304 -
186.86.33.180 - - [06/May/2023:09:46:34 -0500] "GET /sipse/faces/javax.faces.resource/images/ui-icons_898989_256x240.png?ln=primefaces-aristo HTTP/1.1" 304 -
186.86.33.180 - - [06/May/2023:09:46:34 -0500] "GET /sipse/css/imagen/loginimg.png HTTP/1.1" 304 -
186.86.33.180 - - [06/May/2023:09:46:34 -0500] "GET /sipse/css/imagen/logoSDG.png HTTP/1.1" 304 -
186.86.33.180 - - [06/May/2023:09:46:36 -0500] "POST /sipse/faces/autenticacion.xhtml HTTP/1.1" 200 2224
186.86.33.180 - - [06/May/2023:09:46:36 -0500] "GET /sipse/faces/javax.faces.resource/messages/messages.png?ln=primefaces&v=4.0 HTTP/1.1" 304 -
186.86.33.180 - - [06/May/2023:09:46:38 -0500] "POST /sipse/faces/autenticacion.xhtml HTTP/1.1" 200 16367
186.86.33.180 - - [06/May/2023:09:46:38 -0500] "GET /sipse/css/custom_css_sg_prime.css HTTP/1.1" 304 -
186.86.33.180 - - [06/May/2023:09:46:38 -0500] "GET /sipse/faces/javax.faces.resource/theme.css?ln=primefaces-sipse HTTP/1.1" 304 -
186.86.33.180 - - [06/May/2023:09:46:38 -0500] "GET /sipse/faces/javax.faces.resource/primefaces.css?ln=primefaces&v=4.0 HTTP/1.1" 304 -
186.86.33.180 - - [06/May/2023:09:46:38 -0500] "GET /sipse/faces/javax.faces.resource/layout/layout.css?ln=primefaces&v=4.0 HTTP/1.1" 304 -
186.86.33.180 - - [06/May/2023:09:46:38 -0500] "GET /sipse/js/jquery.min.js HTTP/1.1" 304 -
186.86.33.180 - - [06/May/2023:09:46:38 -0500] "GET /sipse/faces/javax.faces.resource/jquery/jquery.js?ln=primefaces&v=4.0 HTTP/1.1" 304 -
186.86.33.180 - - [06/May/2023:09:46:38 -0500] "GET /sipse/faces/javax.faces.resource/jquery/jquery-plugins.js?ln=primefaces&v=4.0 HTTP/1.1" 304 -
186.86.33.180 - - [06/May/2023:09:46:38 -0500] "GET /sipse/faces/javax.faces.resource/primefaces.js?ln=primefaces&v=4.0 HTTP/1.1" 304 -
186.86.33.180 - - [06/May/2023:09:46:38 -0500] "GET /sipse/faces/javax.faces.resource/layout/layout.js?ln=primefaces&v=4.0 HTTP/1.1" 304 -
186.86.33.180 - - [06/May/2023:09:46:38 -0500] "GET /sipse/imagenes/cargando.gif HTTP/1.1" 304 -
186.86.33.180 - - [06/May/2023:09:46:38 -0500] "GET /sipse/imagenes/logoAplicacion.jpg HTTP/1.1" 304 -
186.86.33.180 - - [06/May/2023:09:46:38 -0500] "GET /sipse/css/imagen/contrasena.png HTTP/1.1" 304 -
