66.249.84.77 - - [09/May/2023:04:12:31 -0500] "GET /galeria/nivo-slider/demo/images/bannertortuga_optimized.jpg HTTP/1.1" 200 39066
66.249.84.75 - - [09/May/2023:04:12:31 -0500] "GET /galeria/nivo-slider/demo/images/Bannermujeresquereverdecen.jpg HTTP/1.1" 200 46558
66.249.84.77 - - [09/May/2023:04:12:31 -0500] "GET /galeria/nivo-slider/demo/images/bannertrafico_optimized.jpg HTTP/1.1" 200 42578
66.249.84.75 - - [09/May/2023:04:12:31 -0500] "GET /galeria/nivo-slider/demo/images/Bannersedeelectronica.jpg HTTP/1.1" 200 40383
66.249.84.75 - - [09/May/2023:04:12:32 -0500] "GET /galeria/nivo-slider/demo/images/bannerrutaesperanza.jpg HTTP/1.1" 200 55560
66.249.84.75 - - [09/May/2023:04:12:32 -0500] "GET /galeria/nivo-slider/demo/style.css HTTP/1.1" 200 2222
66.249.84.73 - - [09/May/2023:04:12:32 -0500] "GET /galeria/nivo-slider/demo/images/banneraire2021.jpg HTTP/1.1" 200 265101
66.249.84.73 - - [09/May/2023:04:12:32 -0500] "GET /galeria/nivo-slider/demo/images/Bannerplasticosseptiembre.jpg HTTP/1.1" 200 45633
66.249.84.77 - - [09/May/2023:04:12:32 -0500] "GET /galeria/nivo-slider/demo/images/bannerresiduoshospitalariosagosto.jpg HTTP/1.1" 200 36499
66.249.84.77 - - [09/May/2023:04:12:32 -0500] "GET /galeria/nivo-slider/demo/images/banneraccionpopularcrr68.jpg HTTP/1.1" 200 51887
66.249.84.73 - - [09/May/2023:04:12:32 -0500] "GET /galeria/nivo-slider/demo/images/4Simple_Slider.png HTTP/1.1" 200 11722
66.249.84.75 - - [09/May/2023:04:12:32 -0500] "GET /galeria/nivo-slider/demo/images/banneraccionpopular.jpeg HTTP/1.1" 200 41707
66.249.84.75 - - [09/May/2023:04:12:32 -0500] "GET /galeria/nivo-slider/demo/images/bannerclases2021.jpg HTTP/1.1" 200 68230
66.249.84.75 - - [09/May/2023:04:12:32 -0500] "GET /galeria/nivo-slider/demo/images/Bannerenvases.jpg HTTP/1.1" 200 37316
66.249.84.77 - - [09/May/2023:04:12:32 -0500] "GET /galeria/nivo-slider/demo/images/bannercapacitacionesbogota.jpg HTTP/1.1" 200 42416
66.249.84.75 - - [09/May/2023:04:12:32 -0500] "GET /galeria/nivo-slider/demo/images/Bannervirtualescanales.jpg HTTP/1.1" 200 174544
66.249.84.77 - - [09/May/2023:04:12:33 -0500] "GET /galeria/nivo-slider/themes/default/loading.gif HTTP/1.1" 200 1737
66.249.84.77 - - [09/May/2023:04:12:34 -0500] "GET /galeria/nivo-slider/themes/default/arrows.png HTTP/1.1" 200 824
66.249.84.73 - - [09/May/2023:04:12:34 -0500] "GET /galeria/nivo-slider/themes/default/bullets.png HTTP/1.1" 200 1281
172.22.2.4 - - [09/May/2023:04:12:24 -0500] "HEAD /BLA/boletinlegal/ HTTP/1.1" 200 -
172.22.2.4 - - [09/May/2023:04:14:11 -0500] "GET /BLA/boletinlegal/actos.php HTTP/1.1" 200 9682
172.22.2.4 - - [09/May/2023:04:13:35 -0500] "GET /BLA/boletinlegal/ HTTP/1.1" 200 28619
172.22.2.4 - - [09/May/2023:04:13:14 -0500] "GET /BLA/boletinlegal/ HTTP/1.1" 200 54808
216.245.221.92 - - [09/May/2023:04:15:55 -0500] "HEAD / HTTP/1.1" 200 -
66.249.70.213 - - [09/May/2023:04:16:03 -0500] "-" 408 -
201.245.192.253 - - [09/May/2023:04:16:44 -0500] "POST /kwsrmcab/Wsrmcab  HTTP/1.1" 200 43465
31.148.130.187 - - [09/May/2023:04:19:22 -0500] "GET /BLA/resoluciones/AUTOS%202022/5789.pdf HTTP/1.1" 200 645325
201.245.192.253 - - [09/May/2023:04:19:34 -0500] "POST /kwsrmcab/Wsrmcab HTTP/1.1" 200 42687
201.245.192.253 - - [09/May/2023:04:19:37 -0500] "POST /kwsrmcab/Wsrmcab HTTP/1.1" 200 43471
172.22.2.4 - - [09/May/2023:04:18:14 -0500] "HEAD /BLA/boletinlegal/ HTTP/1.1" 200 -
172.22.2.4 - - [09/May/2023:04:19:04 -0500] "GET /BLA/boletinlegal/ HTTP/1.1" 200 57561
216.245.221.92 - - [09/May/2023:04:20:55 -0500] "HEAD / HTTP/1.1" 200 -
201.245.192.253 - - [09/May/2023:04:21:43 -0500] "POST /kwsrmcab/Wsrmcab  HTTP/1.1" 200 43465
172.22.2.4 - - [09/May/2023:04:24:04 -0500] "HEAD /BLA/boletinlegal/ HTTP/1.1" 200 -
216.245.221.92 - - [09/May/2023:04:25:55 -0500] "HEAD / HTTP/1.1" 200 -
172.22.2.4 - - [09/May/2023:04:24:54 -0500] "GET /BLA/boletinlegal/ HTTP/1.1" 200 56754
201.245.192.253 - - [09/May/2023:04:26:42 -0500] "POST /kwsrmcab/Wsrmcab  HTTP/1.1" 200 43465
201.245.192.253 - - [09/May/2023:04:29:33 -0500] "POST /kwsrmcab/Wsrmcab HTTP/1.1" 200 42687
201.245.192.253 - - [09/May/2023:04:29:36 -0500] "POST /kwsrmcab/Wsrmcab HTTP/1.1" 200 43471
216.245.221.92 - - [09/May/2023:04:30:55 -0500] "HEAD / HTTP/1.1" 200 -
172.22.2.4 - - [09/May/2023:04:29:54 -0500] "HEAD /BLA/boletinlegal/ HTTP/1.1" 200 -
201.245.192.253 - - [09/May/2023:04:31:41 -0500] "POST /kwsrmcab/Wsrmcab  HTTP/1.1" 200 43465
172.22.2.4 - - [09/May/2023:04:31:56 -0500] "GET /BLA/boletinlegal/jurisprudencia.php HTTP/1.1" 200 17583
172.22.2.4 - - [09/May/2023:04:32:00 -0500] "GET /BLA/boletinlegal/Circulares/2022/CIRCULAR%20No.%2000009%20DEL%2010%20DE%20OCTUBRE%20DEL%202022.pdf HTTP/1.1" 200 292772
172.22.2.4 - - [09/May/2023:04:30:44 -0500] "GET /BLA/boletinlegal/ HTTP/1.1" 200 57561
216.245.221.92 - - [09/May/2023:04:35:55 -0500] "HEAD / HTTP/1.1" 200 -
66.249.70.170 - - [09/May/2023:04:35:58 -0500] "GET /mujeres-que-reverdecen-secretaria-de-ambiente-anuncia-el-inicio-de-la-tercera-fase.html HTTP/1.1" 304 -
201.245.192.253 - - [09/May/2023:04:36:40 -0500] "POST /kwsrmcab/Wsrmcab  HTTP/1.1" 200 43465
172.22.2.4 - - [09/May/2023:04:35:44 -0500] "HEAD /BLA/boletinlegal/ HTTP/1.1" 200 -
172.22.2.4 - - [09/May/2023:04:36:34 -0500] "GET /BLA/boletinlegal/ HTTP/1.1" 200 56754
201.245.192.253 - - [09/May/2023:04:39:34 -0500] "POST /kwsrmcab/Wsrmcab HTTP/1.1" 200 42687
201.245.192.253 - - [09/May/2023:04:39:37 -0500] "POST /kwsrmcab/Wsrmcab HTTP/1.1" 200 43471
216.245.221.92 - - [09/May/2023:04:40:55 -0500] "HEAD / HTTP/1.1" 200 -
201.245.192.253 - - [09/May/2023:04:41:39 -0500] "POST /kwsrmcab/Wsrmcab  HTTP/1.1" 200 43465
172.22.2.4 - - [09/May/2023:04:41:34 -0500] "HEAD /BLA/boletinlegal/ HTTP/1.1" 200 -
172.22.2.4 - - [09/May/2023:04:43:14 -0500] "GET /BLA/boletinlegal/ HTTP/1.1" 200 28619
172.22.2.4 - - [09/May/2023:04:42:24 -0500] "GET /BLA/boletinlegal/ HTTP/1.1" 200 54424
40.77.167.94 - - [09/May/2023:04:44:58 -0500] "GET /BLA/resoluciones/AUTOS%202022/5002.pdf HTTP/1.1" 200 505349
40.77.167.86 - - [09/May/2023:04:45:51 -0500] "GET /Publicaciones/2023EE69656.pdf HTTP/1.1" 404 227
216.245.221.92 - - [09/May/2023:04:45:55 -0500] "HEAD / HTTP/1.1" 200 -
201.245.192.253 - - [09/May/2023:04:46:38 -0500] "POST /kwsrmcab/Wsrmcab  HTTP/1.1" 200 43465
40.77.167.94 - - [09/May/2023:04:47:09 -0500] "GET /BLA/resoluciones/AUTOS%202014/5881.pdf HTTP/1.1" 200 132214
5.188.158.171 - - [09/May/2023:04:47:53 -0500] "\x16\x03\x02\x01o\x01" 400 226
172.22.2.4 - - [09/May/2023:04:47:24 -0500] "HEAD /BLA/boletinlegal/ HTTP/1.1" 200 -
172.22.2.4 - - [09/May/2023:04:48:14 -0500] "GET /BLA/boletinlegal/ HTTP/1.1" 200 57561
216.245.221.92 - - [09/May/2023:04:50:55 -0500] "HEAD / HTTP/1.1" 200 -
201.245.192.253 - - [09/May/2023:04:51:37 -0500] "POST /kwsrmcab/Wsrmcab  HTTP/1.1" 200 43465
66.249.70.172 - - [09/May/2023:04:51:58 -0500] "GET /cooperacion-internacional-postulate-para-la-coordinacion-ambiental-de-proyecto-con-la-union-europea-avantia.html HTTP/1.1" 200 1020
167.248.133.52 - - [09/May/2023:04:52:18 -0500] "GET / HTTP/1.1" 200 319
167.248.133.52 - - [09/May/2023:04:52:18 -0500] "GET / HTTP/1.1" 200 319
167.248.133.52 - - [09/May/2023:04:52:18 -0500] "PRI * HTTP/2.0" 400 946
167.248.133.52 - - [09/May/2023:04:52:19 -0500] "GET /favicon.ico HTTP/1.1" 200 7782
118.184.177.54 - - [09/May/2023:04:52:31 -0500] "GET / HTTP/1.1" 200 319
40.77.167.86 - - [09/May/2023:04:53:43 -0500] "GET /BLA/resoluciones/RESOLUCIONES%202021/2903.pdf HTTP/1.1" 304 -
172.22.2.4 - - [09/May/2023:04:53:14 -0500] "HEAD /BLA/boletinlegal/ HTTP/1.1" 200 -
172.22.2.4 - - [09/May/2023:04:54:04 -0500] "GET /BLA/boletinlegal/ HTTP/1.1" 200 53561
216.245.221.92 - - [09/May/2023:04:55:55 -0500] "HEAD / HTTP/1.1" 200 -
201.245.192.253 - - [09/May/2023:04:56:35 -0500] "POST /kwsrmcab/Wsrmcab  HTTP/1.1" 200 43465
172.22.2.4 - - [09/May/2023:04:59:04 -0500] "HEAD /BLA/boletinlegal/ HTTP/1.1" 200 -
216.245.221.92 - - [09/May/2023:05:00:55 -0500] "HEAD / HTTP/1.1" 200 -
172.22.2.4 - - [09/May/2023:04:59:54 -0500] "GET /BLA/boletinlegal/ HTTP/1.1" 200 57151
201.245.192.253 - - [09/May/2023:05:01:34 -0500] "POST /kwsrmcab/Wsrmcab  HTTP/1.1" 200 43465
217.182.175.162 - - [09/May/2023:05:03:01 -0500] "HEAD /colegios-de-bogota-unidos-por-la-proteccion-de-la-fauna-silvestre.html HTTP/1.1" 200 -
172.22.2.4 - - [09/May/2023:05:03:15 -0500] "GET /BLA/boletinlegal/actuator/gateway/routes HTTP/1.1" 404 1018
40.77.167.86 - - [09/May/2023:05:04:58 -0500] "GET /BLA/resoluciones/AUTOS%202021/2951.pdf HTTP/1.1" 304 -
216.245.221.92 - - [09/May/2023:05:05:55 -0500] "HEAD / HTTP/1.1" 200 -
172.22.2.4 - - [09/May/2023:05:04:54 -0500] "HEAD /BLA/boletinlegal/ HTTP/1.1" 200 -
201.245.192.253 - - [09/May/2023:05:06:33 -0500] "POST /kwsrmcab/Wsrmcab  HTTP/1.1" 200 43465
172.22.2.4 - - [09/May/2023:05:05:44 -0500] "GET /BLA/boletinlegal/ HTTP/1.1" 200 55571
69.171.249.21 - - [09/May/2023:05:08:25 -0500] "GET /images/reunion-planta-termovalorizacion-11-mayo.jpg HTTP/1.1" 200 34782
216.245.221.92 - - [09/May/2023:05:10:55 -0500] "HEAD / HTTP/1.1" 200 -
201.245.192.253 - - [09/May/2023:05:11:32 -0500] "POST /kwsrmcab/Wsrmcab  HTTP/1.1" 200 43465
172.22.2.4 - - [09/May/2023:05:10:44 -0500] "HEAD /BLA/boletinlegal/ HTTP/1.1" 200 -
172.22.2.4 - - [09/May/2023:05:11:34 -0500] "GET /BLA/boletinlegal/ HTTP/1.1" 200 58307
216.245.221.92 - - [09/May/2023:05:15:55 -0500] "HEAD / HTTP/1.1" 200 -
66.249.70.213 - - [09/May/2023:05:16:03 -0500] "-" 408 -
201.245.192.253 - - [09/May/2023:05:16:32 -0500] "POST /kwsrmcab/Wsrmcab  HTTP/1.1" 200 43465
172.22.2.4 - - [09/May/2023:05:16:34 -0500] "HEAD /BLA/boletinlegal/ HTTP/1.1" 200 -
172.22.2.4 - - [09/May/2023:05:17:24 -0500] "GET /BLA/boletinlegal/ HTTP/1.1" 200 52326
201.245.192.253 - - [09/May/2023:05:19:33 -0500] "POST /kwsrmcab/Wsrmcab HTTP/1.1" 200 42993
201.245.192.253 - - [09/May/2023:05:19:36 -0500] "POST /kwsrmcab/Wsrmcab HTTP/1.1" 200 43319
172.22.2.4 - - [09/May/2023:05:19:53 -0500] "GET /BLA/boletinlegal/robots.txt HTTP/1.1" 404 1037
172.22.2.4 - - [09/May/2023:05:19:53 -0500] "GET /BLA/boletinlegal/robots.txt HTTP/1.1" 404 1037
216.245.221.92 - - [09/May/2023:05:20:55 -0500] "HEAD / HTTP/1.1" 200 -
201.245.192.253 - - [09/May/2023:05:21:31 -0500] "POST /kwsrmcab/Wsrmcab  HTTP/1.1" 200 43465
66.249.70.207 - - [09/May/2023:05:23:59 -0500] "-" 408 -
172.22.2.4 - - [09/May/2023:05:22:24 -0500] "HEAD /BLA/boletinlegal/ HTTP/1.1" 200 -
172.22.2.4 - - [09/May/2023:05:23:14 -0500] "GET /BLA/boletinlegal/ HTTP/1.1" 200 57561
216.245.221.92 - - [09/May/2023:05:25:55 -0500] "HEAD / HTTP/1.1" 200 -
201.245.192.253 - - [09/May/2023:05:26:30 -0500] "POST /kwsrmcab/Wsrmcab  HTTP/1.1" 200 43465
52.167.144.55 - - [09/May/2023:05:26:51 -0500] "-" 408 -
201.245.192.253 - - [09/May/2023:05:29:34 -0500] "POST /kwsrmcab/Wsrmcab HTTP/1.1" 200 42993
201.245.192.253 - - [09/May/2023:05:29:37 -0500] "POST /kwsrmcab/Wsrmcab HTTP/1.1" 200 43319
172.22.2.4 - - [09/May/2023:05:28:14 -0500] "HEAD /BLA/boletinlegal/ HTTP/1.1" 200 -
172.22.2.4 - - [09/May/2023:05:29:04 -0500] "GET /BLA/boletinlegal/ HTTP/1.1" 200 52730
216.245.221.92 - - [09/May/2023:05:30:55 -0500] "HEAD / HTTP/1.1" 200 -
66.249.70.207 - - [09/May/2023:05:31:14 -0500] "-" 408 -
201.245.192.253 - - [09/May/2023:05:31:29 -0500] "POST /kwsrmcab/Wsrmcab  HTTP/1.1" 200 43465
172.22.2.4 - - [09/May/2023:05:34:04 -0500] "HEAD /BLA/boletinlegal/ HTTP/1.1" 200 -
216.245.221.92 - - [09/May/2023:05:35:55 -0500] "HEAD / HTTP/1.1" 200 -
201.245.192.253 - - [09/May/2023:05:36:27 -0500] "POST /kwsrmcab/Wsrmcab  HTTP/1.1" 200 43465
172.22.2.4 - - [09/May/2023:05:34:54 -0500] "GET /BLA/boletinlegal/ HTTP/1.1" 200 52326
66.249.70.207 - - [09/May/2023:05:37:21 -0500] "-" 408 -
177.21.235.222 - - [09/May/2023:05:37:38 -0500] "GET / HTTP/1.1" 200 319
201.245.192.253 - - [09/May/2023:05:39:33 -0500] "POST /kwsrmcab/Wsrmcab HTTP/1.1" 200 42993
201.245.192.253 - - [09/May/2023:05:39:36 -0500] "POST /kwsrmcab/Wsrmcab HTTP/1.1" 200 43319
40.77.167.86 - - [09/May/2023:05:40:21 -0500] "GET /BLA/resoluciones/AUTOS%202021/4210.pdf HTTP/1.1" 304 -
216.245.221.92 - - [09/May/2023:05:40:55 -0500] "HEAD / HTTP/1.1" 200 -
201.245.192.253 - - [09/May/2023:05:41:26 -0500] "POST /kwsrmcab/Wsrmcab  HTTP/1.1" 200 43465
172.22.2.4 - - [09/May/2023:05:39:54 -0500] "HEAD /BLA/boletinlegal/ HTTP/1.1" 200 -
172.22.2.4 - - [09/May/2023:05:40:44 -0500] "GET /BLA/boletinlegal/ HTTP/1.1" 200 57561
66.249.70.207 - - [09/May/2023:05:45:36 -0500] "-" 408 -
216.245.221.92 - - [09/May/2023:05:45:55 -0500] "HEAD / HTTP/1.1" 200 -
201.245.192.253 - - [09/May/2023:05:46:25 -0500] "POST /kwsrmcab/Wsrmcab  HTTP/1.1" 200 43465
172.22.2.4 - - [09/May/2023:05:45:44 -0500] "HEAD /BLA/boletinlegal/ HTTP/1.1" 200 -
179.51.111.105 - - [09/May/2023:05:47:59 -0500] "GET /galeria/galeria/jquery.fancybox.js?v=2.1.5 HTTP/1.1" 200 48706
179.51.111.105 - - [09/May/2023:05:47:59 -0500] "GET /galeria/galeria/jquery.fancybox.css?v=2.1.5 HTTP/1.1" 200 4895
172.22.2.4 - - [09/May/2023:05:46:34 -0500] "GET /BLA/boletinlegal/ HTTP/1.1" 200 54424
216.245.221.92 - - [09/May/2023:05:50:55 -0500] "HEAD / HTTP/1.1" 200 -
201.245.192.253 - - [09/May/2023:05:51:24 -0500] "POST /kwsrmcab/Wsrmcab  HTTP/1.1" 200 43465
162.55.167.166 - - [09/May/2023:05:51:51 -0500] "GET / HTTP/1.1" 200 319
66.249.70.207 - - [09/May/2023:05:52:02 -0500] "-" 408 -
172.22.2.4 - - [09/May/2023:05:51:34 -0500] "HEAD /BLA/boletinlegal/ HTTP/1.1" 200 -
172.22.2.4 - - [09/May/2023:05:52:24 -0500] "GET /BLA/boletinlegal/ HTTP/1.1" 200 57561
216.245.221.92 - - [09/May/2023:05:55:55 -0500] "HEAD / HTTP/1.1" 200 -
69.63.184.111 - - [09/May/2023:05:56:11 -0500] "GET /mujeres-que-reverdecen-bogota-intercambian-saberes-y-semillas.html HTTP/1.1" 206 880
201.245.192.253 - - [09/May/2023:05:56:23 -0500] "POST /kwsrmcab/Wsrmcab  HTTP/1.1" 200 43465
179.43.177.243 - - [09/May/2023:05:58:19 -0500] "POST /boaform/admin/formLogin HTTP/1.1" 404 1186
83.114.231.205 - - [09/May/2023:05:58:43 -0500] "GET / HTTP/1.0" 200 319
172.22.2.4 - - [09/May/2023:05:57:24 -0500] "HEAD /BLA/boletinlegal/ HTTP/1.1" 200 -
66.249.70.207 - - [09/May/2023:05:59:45 -0500] "-" 408 -
172.22.2.4 - - [09/May/2023:05:58:14 -0500] "GET /BLA/boletinlegal/ HTTP/1.1" 200 57561
216.245.221.92 - - [09/May/2023:06:00:55 -0500] "HEAD / HTTP/1.1" 200 -
201.245.192.253 - - [09/May/2023:06:01:22 -0500] "POST /kwsrmcab/Wsrmcab  HTTP/1.1" 200 43465
172.22.2.4 - - [09/May/2023:06:03:14 -0500] "HEAD /BLA/boletinlegal/ HTTP/1.1" 200 -
172.22.2.4 - - [09/May/2023:06:04:04 -0500] "GET /BLA/boletinlegal/ HTTP/1.1" 200 57561
216.245.221.92 - - [09/May/2023:06:05:55 -0500] "HEAD / HTTP/1.1" 200 -
201.245.192.253 - - [09/May/2023:06:06:21 -0500] "POST /kwsrmcab/Wsrmcab  HTTP/1.1" 200 43465
66.249.70.207 - - [09/May/2023:06:06:51 -0500] "-" 408 -
172.22.2.4 - - [09/May/2023:06:10:03 -0500] "GET /BLA/boletinlegal/ HTTP/1.1" 200 20427
172.22.2.4 - - [09/May/2023:06:09:04 -0500] "HEAD /BLA/boletinlegal/ HTTP/1.1" 200 -
216.245.221.92 - - [09/May/2023:06:10:55 -0500] "HEAD / HTTP/1.1" 200 -
201.245.192.253 - - [09/May/2023:06:11:19 -0500] "POST /kwsrmcab/Wsrmcab  HTTP/1.1" 200 43465
172.22.2.4 - - [09/May/2023:06:09:54 -0500] "GET /BLA/boletinlegal/ HTTP/1.1" 200 55934
66.249.70.207 - - [09/May/2023:06:12:36 -0500] "-" 408 -
34.32.203.96 - - [09/May/2023:06:15:47 -0500] "GET /inventario-de-emisiones-2020-transporte-publico-sitp-redujo-emisiones-de-pm-2-5-en-un-37.html HTTP/1.1" 200 925
216.245.221.92 - - [09/May/2023:06:15:55 -0500] "HEAD / HTTP/1.1" 200 -
201.245.192.253 - - [09/May/2023:06:16:18 -0500] "POST /kwsrmcab/Wsrmcab  HTTP/1.1" 200 43465
172.22.2.4 - - [09/May/2023:06:14:54 -0500] "HEAD /BLA/boletinlegal/ HTTP/1.1" 200 -
172.22.2.4 - - [09/May/2023:06:17:09 -0500] "GET /BLA/boletinlegal/actos.php HTTP/1.1" 200 9682
172.22.2.4 - - [09/May/2023:06:15:44 -0500] "GET /BLA/boletinlegal/ HTTP/1.1" 200 58307
172.22.2.4 - - [09/May/2023:06:17:28 -0500] "GET /BLA/boletinlegal/robots.txt HTTP/1.1" 404 1037
172.22.2.4 - - [09/May/2023:06:17:28 -0500] "GET /BLA/boletinlegal/jurisprudencia/analisis/AnalisisT-693-12.docx HTTP/1.1" 200 25737
152.203.57.179 - - [09/May/2023:06:18:07 -0500] "GET /sipse/faces/index.xhtml HTTP/1.1" 200 677
152.203.57.179 - - [09/May/2023:06:18:07 -0500] "GET /sipse/faces/javax.faces.resource/theme.css?ln=primefaces-sipse HTTP/1.1" 304 -
152.203.57.179 - - [09/May/2023:06:18:08 -0500] "GET /sipse/faces/faces/autenticacion.xhtml HTTP/1.1" 200 12176
152.203.57.179 - - [09/May/2023:06:18:08 -0500] "GET /sipse/faces/javax.faces.resource/theme.css?ln=primefaces-sipse HTTP/1.1" 304 -
152.203.57.179 - - [09/May/2023:06:18:08 -0500] "GET /sipse/faces/javax.faces.resource/primefaces.css?ln=primefaces&v=4.0 HTTP/1.1" 304 -
152.203.57.179 - - [09/May/2023:06:18:08 -0500] "GET /sipse/faces/javax.faces.resource/layout/layout.css?ln=primefaces&v=4.0 HTTP/1.1" 304 -
152.203.57.179 - - [09/May/2023:06:18:08 -0500] "GET /sipse/faces/javax.faces.resource/jquery/jquery.js?ln=primefaces&v=4.0 HTTP/1.1" 304 -
152.203.57.179 - - [09/May/2023:06:18:08 -0500] "GET /sipse/faces/javax.faces.resource/jquery/jquery-plugins.js?ln=primefaces&v=4.0 HTTP/1.1" 304 -
152.203.57.179 - - [09/May/2023:06:18:08 -0500] "GET /sipse/faces/javax.faces.resource/primefaces.js?ln=primefaces&v=4.0 HTTP/1.1" 304 -
152.203.57.179 - - [09/May/2023:06:18:08 -0500] "GET /sipse/faces/javax.faces.resource/layout/layout.js?ln=primefaces&v=4.0 HTTP/1.1" 304 -
152.203.57.179 - - [09/May/2023:06:18:08 -0500] "GET /sipse/faces/javax.faces.resource/images/ui-icons_898989_256x240.png?ln=primefaces-aristo HTTP/1.1" 304 -
152.203.57.179 - - [09/May/2023:06:18:11 -0500] "POST /sipse/faces/autenticacion.xhtml HTTP/1.1" 200 2221
152.203.57.179 - - [09/May/2023:06:18:11 -0500] "GET /sipse/faces/javax.faces.resource/messages/messages.png?ln=primefaces&v=4.0 HTTP/1.1" 304 -
152.203.57.179 - - [09/May/2023:06:18:12 -0500] "POST /sipse/faces/autenticacion.xhtml HTTP/1.1" 200 16359
152.203.57.179 - - [09/May/2023:06:18:12 -0500] "GET /sipse/faces/javax.faces.resource/theme.css?ln=primefaces-sipse HTTP/1.1" 304 -
152.203.57.179 - - [09/May/2023:06:18:12 -0500] "GET /sipse/faces/javax.faces.resource/primefaces.css?ln=primefaces&v=4.0 HTTP/1.1" 304 -
152.203.57.179 - - [09/May/2023:06:18:12 -0500] "GET /sipse/faces/javax.faces.resource/layout/layout.css?ln=primefaces&v=4.0 HTTP/1.1" 304 -
152.203.57.179 - - [09/May/2023:06:18:12 -0500] "GET /sipse/faces/javax.faces.resource/jquery/jquery.js?ln=primefaces&v=4.0 HTTP/1.1" 304 -
152.203.57.179 - - [09/May/2023:06:18:12 -0500] "GET /sipse/faces/javax.faces.resource/jquery/jquery-plugins.js?ln=primefaces&v=4.0 HTTP/1.1" 304 -
152.203.57.179 - - [09/May/2023:06:18:12 -0500] "GET /sipse/faces/javax.faces.resource/primefaces.js?ln=primefaces&v=4.0 HTTP/1.1" 304 -
152.203.57.179 - - [09/May/2023:06:18:12 -0500] "GET /sipse/faces/javax.faces.resource/layout/layout.js?ln=primefaces&v=4.0 HTTP/1.1" 304 -
152.203.57.179 - - [09/May/2023:06:18:12 -0500] "GET /sipse/css/imagen/contrasena.png HTTP/1.1" 404 383
152.203.57.179 - - [09/May/2023:06:18:13 -0500] "GET /sipse/faces/javax.faces.resource/images/ui-bg_flat_0_2d5972_40x100.png?ln=primefaces-aristo HTTP/1.1" 304 -
152.203.57.179 - - [09/May/2023:06:18:13 -0500] "POST /sipse/faces/bienvenido.xhtml HTTP/1.1" 200 2658
66.249.70.207 - - [09/May/2023:06:18:15 -0500] "-" 408 -
152.203.57.179 - - [09/May/2023:06:18:14 -0500] "POST /sipse/faces/bienvenido.xhtml HTTP/1.1" 200 63708
152.203.57.179 - - [09/May/2023:06:18:15 -0500] "GET /sipse/faces/javax.faces.resource/layout/layout.css?ln=primefaces&v=4.0 HTTP/1.1" 304 -
152.203.57.179 - - [09/May/2023:06:18:15 -0500] "GET /sipse/faces/javax.faces.resource/primefaces.css?ln=primefaces&v=4.0 HTTP/1.1" 304 -
152.203.57.179 - - [09/May/2023:06:18:15 -0500] "GET /sipse/faces/javax.faces.resource/theme.css?ln=primefaces-sipse HTTP/1.1" 304 -
152.203.57.179 - - [09/May/2023:06:18:15 -0500] "GET /sipse/faces/javax.faces.resource/jquery/jquery.js?ln=primefaces&v=4.0 HTTP/1.1" 304 -
152.203.57.179 - - [09/May/2023:06:18:15 -0500] "GET /sipse/faces/javax.faces.resource/jquery/jquery-plugins.js?ln=primefaces&v=4.0 HTTP/1.1" 304 -
152.203.57.179 - - [09/May/2023:06:18:15 -0500] "GET /sipse/faces/javax.faces.resource/primefaces.js?ln=primefaces&v=4.0 HTTP/1.1" 304 -
152.203.57.179 - - [09/May/2023:06:18:15 -0500] "GET /sipse/faces/javax.faces.resource/layout/layout.js?ln=primefaces&v=4.0 HTTP/1.1" 304 -
152.203.57.179 - - [09/May/2023:06:18:16 -0500] "POST /sipse/faces/presentacion/financiero/solicitudProceso/listarSolicitudProceso.xhtml HTTP/1.1" 200 1556
152.203.57.179 - - [09/May/2023:06:18:31 -0500] "POST /sipse/faces/presentacion/financiero/solicitudProceso/listarSolicitudProceso.xhtml HTTP/1.1" 200 6957
152.203.57.179 - - [09/May/2023:06:18:34 -0500] "POST /sipse/faces/presentacion/financiero/solicitudProceso/listarSolicitudProceso.xhtml HTTP/1.1" 200 35533
152.203.57.179 - - [09/May/2023:06:18:34 -0500] "GET /sipse/faces/javax.faces.resource/theme.css?ln=primefaces-sipse HTTP/1.1" 304 -
152.203.57.179 - - [09/May/2023:06:18:34 -0500] "GET /sipse/faces/javax.faces.resource/primefaces.css?ln=primefaces&v=4.0 HTTP/1.1" 304 -
152.203.57.179 - - [09/May/2023:06:18:34 -0500] "GET /sipse/faces/javax.faces.resource/layout/layout.css?ln=primefaces&v=4.0 HTTP/1.1" 304 -
152.203.57.179 - - [09/May/2023:06:18:34 -0500] "GET /sipse/faces/javax.faces.resource/jquery/jquery.js?ln=primefaces&v=4.0 HTTP/1.1" 304 -
152.203.57.179 - - [09/May/2023:06:18:34 -0500] "GET /sipse/faces/javax.faces.resource/jquery/jquery-plugins.js?ln=primefaces&v=4.0 HTTP/1.1" 304 -
152.203.57.179 - - [09/May/2023:06:18:34 -0500] "GET /sipse/faces/javax.faces.resource/primefaces.js?ln=primefaces&v=4.0 HTTP/1.1" 304 -
152.203.57.179 - - [09/May/2023:06:18:34 -0500] "GET /sipse/faces/javax.faces.resource/layout/layout.js?ln=primefaces&v=4.0 HTTP/1.1" 304 -
152.203.57.179 - - [09/May/2023:06:18:34 -0500] "POST /sipse/faces/presentacion/sistema/reporte/listarReportes.xhtml HTTP/1.1" 200 28842
152.203.57.179 - - [09/May/2023:06:18:36 -0500] "POST /sipse/faces/presentacion/sistema/reporte/listarReportes.xhtml HTTP/1.1" 200 24161
152.203.57.179 - - [09/May/2023:06:18:36 -0500] "GET /sipse/faces/javax.faces.resource/layout/layout.css?ln=primefaces&v=4.0 HTTP/1.1" 304 -
152.203.57.179 - - [09/May/2023:06:18:36 -0500] "GET /sipse/faces/javax.faces.resource/primefaces.css?ln=primefaces&v=4.0 HTTP/1.1" 304 -
152.203.57.179 - - [09/May/2023:06:18:36 -0500] "GET /sipse/faces/javax.faces.resource/theme.css?ln=primefaces-sipse HTTP/1.1" 304 -
152.203.57.179 - - [09/May/2023:06:18:36 -0500] "GET /sipse/faces/javax.faces.resource/jquery/jquery-plugins.js?ln=primefaces&v=4.0 HTTP/1.1" 304 -
152.203.57.179 - - [09/May/2023:06:18:36 -0500] "GET /sipse/faces/javax.faces.resource/jquery/jquery.js?ln=primefaces&v=4.0 HTTP/1.1" 304 -
152.203.57.179 - - [09/May/2023:06:18:36 -0500] "GET /sipse/faces/javax.faces.resource/primefaces.js?ln=primefaces&v=4.0 HTTP/1.1" 304 -
152.203.57.179 - - [09/May/2023:06:18:36 -0500] "GET /sipse/faces/javax.faces.resource/layout/layout.js?ln=primefaces&v=4.0 HTTP/1.1" 304 -
152.203.57.179 - - [09/May/2023:06:19:10 -0500] "POST /sipse/faces/presentacion/sistema/reporte/ventanaVerReporteParametros.xhtml HTTP/1.1" 200 68993
152.203.57.179 - - [09/May/2023:06:19:11 -0500] "GET /sipse/faces/javax.faces.resource/theme.css?ln=primefaces-sipse HTTP/1.1" 304 -
152.203.57.179 - - [09/May/2023:06:19:11 -0500] "GET /sipse/faces/javax.faces.resource/layout/layout.css?ln=primefaces&v=4.0 HTTP/1.1" 304 -
152.203.57.179 - - [09/May/2023:06:19:11 -0500] "GET /sipse/faces/javax.faces.resource/primefaces.css?ln=primefaces&v=4.0 HTTP/1.1" 304 -
152.203.57.179 - - [09/May/2023:06:19:11 -0500] "GET /sipse/faces/javax.faces.resource/jquery/jquery.js?ln=primefaces&v=4.0 HTTP/1.1" 304 -
152.203.57.179 - - [09/May/2023:06:19:11 -0500] "GET /sipse/faces/javax.faces.resource/jquery/jquery-plugins.js?ln=primefaces&v=4.0 HTTP/1.1" 304 -
152.203.57.179 - - [09/May/2023:06:19:11 -0500] "GET /sipse/faces/javax.faces.resource/primefaces.js?ln=primefaces&v=4.0 HTTP/1.1" 304 -
152.203.57.179 - - [09/May/2023:06:19:12 -0500] "GET /sipse/faces/javax.faces.resource/layout/layout.js?ln=primefaces&v=4.0 HTTP/1.1" 304 -
152.203.57.179 - - [09/May/2023:06:19:12 -0500] "POST /sipse/faces/presentacion/financiero/solicitudProceso/listarSolicitudProceso.xhtml HTTP/1.1" 200 1556
152.203.57.179 - - [09/May/2023:06:19:16 -0500] "POST /sipse/faces/presentacion/financiero/solicitudProceso/listarSolicitudProceso.xhtml HTTP/1.1" 200 911
201.245.192.253 - - [09/May/2023:06:19:33 -0500] "POST /kwsrmcab/Wsrmcab HTTP/1.1" 200 43016
201.245.192.253 - - [09/May/2023:06:19:36 -0500] "POST /kwsrmcab/Wsrmcab HTTP/1.1" 200 43336
34.90.4.24 - - [09/May/2023:06:20:28 -0500] "GET /inventario-de-emisiones-2020-transporte-publico-sitp-redujo-emisiones-de-pm-2-5-en-un-37.html HTTP/1.1" 200 925
216.245.221.92 - - [09/May/2023:06:20:54 -0500] "HEAD / HTTP/1.1" 200 -
201.245.192.253 - - [09/May/2023:06:21:17 -0500] "POST /kwsrmcab/Wsrmcab  HTTP/1.1" 200 43465
172.22.2.4 - - [09/May/2023:06:19:43 -0500] "GET /BLA/boletinlegal/ HTTP/1.1" 200 58307
172.22.2.4 - - [09/May/2023:06:20:44 -0500] "HEAD /BLA/boletinlegal/ HTTP/1.1" 200 -
172.22.2.4 - - [09/May/2023:06:21:34 -0500] "GET /BLA/boletinlegal/ HTTP/1.1" 200 57151
34.147.12.168 - - [09/May/2023:06:23:54 -0500] "GET /inventario-de-emisiones-2020-transporte-publico-sitp-redujo-emisiones-de-pm-2-5-en-un-37.html HTTP/1.1" 200 925
66.249.70.207 - - [09/May/2023:06:24:12 -0500] "-" 408 -
216.245.221.92 - - [09/May/2023:06:25:54 -0500] "HEAD / HTTP/1.1" 200 -
201.245.192.253 - - [09/May/2023:06:26:16 -0500] "POST /kwsrmcab/Wsrmcab  HTTP/1.1" 200 43465
172.22.2.4 - - [09/May/2023:06:27:21 -0500] "GET /BLA/boletinlegal/geoserver HTTP/1.1" 404 1018
35.204.132.240 - - [09/May/2023:06:28:10 -0500] "GET /inventario-de-emisiones-2020-transporte-publico-sitp-redujo-emisiones-de-pm-2-5-en-un-37.html HTTP/1.1" 200 925
172.22.2.4 - - [09/May/2023:06:26:34 -0500] "HEAD /BLA/boletinlegal/ HTTP/1.1" 200 -
172.22.2.4 - - [09/May/2023:06:27:24 -0500] "GET /BLA/boletinlegal/ HTTP/1.1" 200 52326
201.245.192.253 - - [09/May/2023:06:29:33 -0500] "POST /kwsrmcab/Wsrmcab HTTP/1.1" 200 43016
201.245.192.253 - - [09/May/2023:06:29:36 -0500] "POST /kwsrmcab/Wsrmcab HTTP/1.1" 200 43336
66.249.70.207 - - [09/May/2023:06:29:59 -0500] "-" 408 -
216.245.221.92 - - [09/May/2023:06:30:54 -0500] "HEAD / HTTP/1.1" 200 -
40.77.167.86 - - [09/May/2023:06:31:04 -0500] "GET /BLA/resoluciones/AUTOS%202014/5821.pdf HTTP/1.1" 200 523935
201.245.192.253 - - [09/May/2023:06:31:15 -0500] "POST /kwsrmcab/Wsrmcab  HTTP/1.1" 200 43465
172.22.2.4 - - [09/May/2023:06:32:24 -0500] "HEAD /BLA/boletinlegal/ HTTP/1.1" 200 -
172.22.2.4 - - [09/May/2023:06:33:14 -0500] "GET /BLA/boletinlegal/ HTTP/1.1" 200 57945
40.77.167.94 - - [09/May/2023:06:35:30 -0500] "GET /BLA/resoluciones/AUTOS%202021/5816.pdf HTTP/1.1" 200 340458
216.245.221.92 - - [09/May/2023:06:35:55 -0500] "HEAD / HTTP/1.1" 200 -
201.245.192.253 - - [09/May/2023:06:36:14 -0500] "POST /kwsrmcab/Wsrmcab  HTTP/1.1" 200 43465
66.249.70.207 - - [09/May/2023:06:36:19 -0500] "-" 408 -
190.24.38.105 - - [09/May/2023:06:38:09 -0500] "GET /BLA/resoluciones/RESOLUCIONES%202018/2418.pdf HTTP/1.1" 200 249141
40.77.167.94 - - [09/May/2023:06:39:09 -0500] "GET /Publicaciones/2023EE70603.pdf HTTP/1.1" 404 227
172.22.2.4 - - [09/May/2023:06:39:12 -0500] "GET /BLA/boletinlegal/actos.php HTTP/1.1" 200 9682
172.22.2.4 - - [09/May/2023:06:39:14 -0500] "GET /BLA/boletinlegal/favicon.ico HTTP/1.1" 404 1326
190.27.154.26 - - [09/May/2023:06:39:16 -0500] "GET /BLA/resoluciones/ HTTP/1.1" 200 13502
190.27.154.26 - - [09/May/2023:06:39:26 -0500] "GET /BLA/resoluciones/index.php?dir=AUTOS+2022%2F HTTP/1.1" 200 491659
201.245.192.253 - - [09/May/2023:06:39:34 -0500] "POST /kwsrmcab/Wsrmcab HTTP/1.1" 200 43016
201.245.192.253 - - [09/May/2023:06:39:36 -0500] "POST /kwsrmcab/Wsrmcab HTTP/1.1" 200 43336
172.22.2.4 - - [09/May/2023:06:38:53 -0500] "GET /BLA/boletinlegal/ HTTP/1.1" 200 28619
172.22.2.4 - - [09/May/2023:06:38:14 -0500] "HEAD /BLA/boletinlegal/ HTTP/1.1" 200 -
34.32.182.52 - - [09/May/2023:06:40:35 -0500] "GET /inventario-de-emisiones-2020-transporte-publico-sitp-redujo-emisiones-de-pm-2-5-en-un-37.html HTTP/1.1" 200 925
172.22.2.4 - - [09/May/2023:06:39:04 -0500] "GET /BLA/boletinlegal/ HTTP/1.1" 200 55934
216.245.221.92 - - [09/May/2023:06:40:54 -0500] "HEAD / HTTP/1.1" 200 -
201.245.192.253 - - [09/May/2023:06:41:13 -0500] "POST /kwsrmcab/Wsrmcab  HTTP/1.1" 200 43465
74.125.151.170 - - [09/May/2023:06:42:04 -0500] "GET / HTTP/1.1" 200 4720
66.249.70.207 - - [09/May/2023:06:42:57 -0500] "-" 408 -
186.102.100.180 - - [09/May/2023:06:44:15 -0500] "GET /kwssiamovil/sm/acme/a?s=U2FsdGVkX18N7E/Bjl4fzsNWMhgHiEfDeznr6FIebwGKb2YJeIesQ9uvua3yZeFtsARz1gX6J+5om4x6SC8dPUdw8uiuHr2kQJ8Mya5gwG6VEMBxJikkU/AUJkpu/sPget6ISdl468j/Eg+UnVjQpHnVH9mKxq4GfqCELmPDqbOvY25MtMnHMPWRAMwzu9G1AULE/LLwuKg+8lur4dYsaaU0kZklVKk54m/StiZ4JD3pA61i8hdK9Ff1ZG/zmg8kQCmRnzeBKDZezwJWkVlqDw==&u=U2FsdGVkX1/5h6Is6jXCZpuf+QGPpSnf+BFM4t3pX6E=&y=U2FsdGVkX1+k/JpiU8XoPcvujyZw0HUyBv4QT4hdnHaI0crdnU6bX5sVMtOnshnQ HTTP/1.1" 200 26
186.102.100.180 - - [09/May/2023:06:44:18 -0500] "GET /kwssiamovil/sm/acme/a?s=U2FsdGVkX199fTOd8l1epH7+PH+HW6RZCuFyfAcpqhoWFyTs/LXoHtB4/gSDPLwfl99iDCHptvw+8+I6vzMPsjxzLEsGVT8llY7OJzhldoS92VQp87eDT9t1/ikHLUCNk+4Iv6NMeDj2RhWL50MdsSjyTgHzcl2VWMen//7V+csU9qTvTlvyATttlPTIdFVDggUMP9xi2h/UGxU6/Cr74ids6AwF3aC5Oh0jsnrnh0VITSesaQGUa2ExqoxHdi2iSnAFrOOUfmvWQi5A6CCpAfY00/kTQmZBRMMfS76H4+5Kcd6btai/LR4OOgIp5EbpDk7OqdDAm8s35OEs/aPbMxe6czTQOeZc0QC8zc9aHkRV1H3Ho4Dv+OpnlqPniZNb98QKhVmd7WyGf8uWIu6s4a24g0SFwnpCGxPBlKc5b4zPFjPIGWPepjQuqOKD3xoVanYxnUxux2t2U4Srr/P9NNyfK3MRbHVsNFGootiSjJ8fIiYSQhp0zHDExz8aVq4fVDVWWOVy+PtdxGiMBsxNwuhzu3VRjFswOnW0HicYXYq1Oz/4GK+Aelz+i630cEHLYGs94w9fruyjXwsswNySlcSVc5fj6yjXALEQsaSHnkRRCgmvsB1GinoviuuaL6rMkss+NDzYnYLWH0eETMv2ugc8IG7T9CxE1Qq7C1B6AvTJKNqyAJj9+khlQQieLgM8uu8Fn0zTjIPSQX7wfZ446ITKynzBJQpTPgnJWgY8Wb31bFtfwgFVzr8Wvao4sHPh4OxUXCiwqVDQt98pyiNi1gQcGhjmA46jQvELL+PWnMll1tBEFENUSdSK1nW8SwOEgFilKSHX5ECVJIdjANlXnGAOxvKl/19CvJCq1bbqcHj7b1BwPk9QDAy8LmwEJ8hXE0hqa3ehkN7XmZe42blLuLT/hpRpqAg+D6H8mfgQtiJX6uPYnTEclMs+UG213r4IWccngaf81TOmLsaVAgtENMPraRjlaDfDTK0pAxWpJoswOHbgEUwyoNT4W2qt1p5Ij9/Wv+b1UpiuaCasRFF7pQgs/OBW+6gLwTiCxzhF6vDjfKAsEET5MEEyEdrRb+qg33WTEpApXdjYTFKCezA7ERcy30yTVXYKr/Vc5XN3eV6+ko6dNpIVOfwUL9DWykBoXcJlL1Jc5zJDEmf4yyAbHtLeR/pYXyObJyRU0ZqVrFNZkD+7fHxZ2kWrctQovHka1mS0kxoocvMqAu+X4Ol71aoA62odis4YNgy/k651dogeGw+uKoI6b5qToEkAKS0fuGLzw37qqRvmrVrmu6EuQnNYe3A7oVsuYsA1+kEoMiC00BipRfiNbeXGjL8qMVl1&u=U2FsdGVkX1/5h6Is6jXCZpuf+QGPpSnf+BFM4t3pX6E=&y=U2FsdGVkX1+k/JpiU8XoPcvujyZw0HUyBv4QT4hdnHaI0crdnU6bX5sVMtOnshnQ HTTP/1.1" 200 26
186.102.100.180 - - [09/May/2023:06:44:21 -0500] "GET /kwssiamovil/sm/acme/a?s=U2FsdGVkX1+ccsRwv0huMO1Gc0z3ZidvkWK9LrH+my/zsh8gIDaFqb/Y+QK/VY+EYr8F1tbEndF64GXY1Q3NHZ/moGH+KPkgzWFCMoghg5o9ttz/YpKa1wEucBkpDYWohBS9K84Uoblk53PyvZvkQfFS+TMwPdLIz5/oRrDQTwk=&u=U2FsdGVkX1/5h6Is6jXCZpuf+QGPpSnf+BFM4t3pX6E=&y=U2FsdGVkX1+k/JpiU8XoPcvujyZw0HUyBv4QT4hdnHaI0crdnU6bX5sVMtOnshnQ HTTP/1.1" 200 26
186.102.100.180 - - [09/May/2023:06:44:24 -0500] "GET /kwssiamovil/sm/acme/a?s=U2FsdGVkX19zuTSOi+hDck+G0GaddSAfkYezS4UeDXA4x9umzNW7DJjuopq5MRMafjpSBV0DmVM132oMB/uah0ot+zDg83BU3jO2Ee2OGFJEBpzRtK7TiBddJUgd3BShWNYh6DVSTkjEb9U1cBOPHz6coeiozWvGr2e52NQ4Eio=&u=U2FsdGVkX1/5h6Is6jXCZpuf+QGPpSnf+BFM4t3pX6E=&y=U2FsdGVkX1+k/JpiU8XoPcvujyZw0HUyBv4QT4hdnHaI0crdnU6bX5sVMtOnshnQ HTTP/1.1" 200 26
186.102.100.180 - - [09/May/2023:06:44:28 -0500] "GET /kwssiamovil/sm/acme/a?s=U2FsdGVkX19J3kCapLZU5ZQXMmWxMWMrCUw3NyLJWOFeG3VqmAlP3CpBf82nnJv8bJR31cJJsNaEVNOh2Fz2jIfKnGQACHDZvkvGHKBXwzki2YYgr+keZUUhC7MLCWaiT3xkb97IPC8A19jdo8NFK2ly20qN6dndkkbQUAdhh/M=&u=U2FsdGVkX1/5h6Is6jXCZpuf+QGPpSnf+BFM4t3pX6E=&y=U2FsdGVkX1+k/JpiU8XoPcvujyZw0HUyBv4QT4hdnHaI0crdnU6bX5sVMtOnshnQ HTTP/1.1" 200 26
186.102.100.180 - - [09/May/2023:06:44:31 -0500] "GET /kwssiamovil/sm/acme/a?s=U2FsdGVkX18FYsJ2NHkNuc7N3Eb+NKtJxy7/gY6MPXV7y3DZfEWIC+BGZUOhA7E8XjzS/Ena2UvesHtmKBfPUfpYdtERSQGAJIhGW3VksXcw7G11Btx+IfI4tw4TxMFbzB6ZHzBqjil5zQI8G54DY2jpSca//9Pu48LDdtshYbHaK/6wViXKcEXP0HezQJgQB99857P6YFejsWfSbZYaCg==&u=U2FsdGVkX1/5h6Is6jXCZpuf+QGPpSnf+BFM4t3pX6E=&y=U2FsdGVkX1+k/JpiU8XoPcvujyZw0HUyBv4QT4hdnHaI0crdnU6bX5sVMtOnshnQ HTTP/1.1" 200 26
162.55.166.12 - - [09/May/2023:06:45:32 -0500] "GET / HTTP/1.1" 200 319
172.22.2.4 - - [09/May/2023:06:44:04 -0500] "HEAD /BLA/boletinlegal/ HTTP/1.1" 200 -
34.32.205.44 - - [09/May/2023:06:45:45 -0500] "GET /inventario-de-emisiones-2020-transporte-publico-sitp-redujo-emisiones-de-pm-2-5-en-un-37.html HTTP/1.1" 200 925
216.245.221.92 - - [09/May/2023:06:45:55 -0500] "HEAD / HTTP/1.1" 200 -
64.227.146.243 - - [09/May/2023:06:46:10 -0500] "GET /aaa9 HTTP/1.1" 404 1018
201.245.192.253 - - [09/May/2023:06:46:11 -0500] "POST /kwsrmcab/Wsrmcab  HTTP/1.1" 200 43465
64.227.146.243 - - [09/May/2023:06:46:17 -0500] "GET /aab8 HTTP/1.1" 404 1018
64.227.146.243 - - [09/May/2023:06:46:27 -0500] "GET / HTTP/1.1" 200 319
172.22.2.4 - - [09/May/2023:06:44:54 -0500] "GET /BLA/boletinlegal/ HTTP/1.1" 200 56754
172.22.2.4 - - [09/May/2023:06:47:54 -0500] "GET /BLA/boletinlegal/actos.php HTTP/1.1" 200 9682
172.22.2.4 - - [09/May/2023:06:50:16 -0500] "GET /BLA/boletinlegal/actos.php HTTP/1.1" 200 9682
216.245.221.92 - - [09/May/2023:06:50:54 -0500] "HEAD / HTTP/1.1" 200 -
201.245.192.253 - - [09/May/2023:06:51:10 -0500] "POST /kwsrmcab/Wsrmcab  HTTP/1.1" 200 43465
172.22.2.4 - - [09/May/2023:06:49:54 -0500] "HEAD /BLA/boletinlegal/ HTTP/1.1" 200 -
172.22.2.4 - - [09/May/2023:06:50:44 -0500] "GET /BLA/boletinlegal/ HTTP/1.1" 200 52326
40.77.167.86 - - [09/May/2023:06:52:57 -0500] "GET /BLA/resoluciones/AUTOS%202013/3661.pdf HTTP/1.1" 200 923873
66.249.70.207 - - [09/May/2023:06:53:04 -0500] "-" 408 -
172.22.2.4 - - [09/May/2023:06:54:16 -0500] "GET /BLA/boletinlegal/actos.php HTTP/1.1" 200 9682
34.91.114.203 - - [09/May/2023:06:55:52 -0500] "GET /inventario-de-emisiones-2020-transporte-publico-sitp-redujo-emisiones-de-pm-2-5-en-un-37.html HTTP/1.1" 200 925
216.245.221.92 - - [09/May/2023:06:55:54 -0500] "HEAD / HTTP/1.1" 200 -
201.245.192.253 - - [09/May/2023:06:56:09 -0500] "POST /kwsrmcab/Wsrmcab  HTTP/1.1" 200 43465
172.22.2.4 - - [09/May/2023:06:55:44 -0500] "HEAD /BLA/boletinlegal/ HTTP/1.1" 200 -
172.22.2.4 - - [09/May/2023:06:56:34 -0500] "GET /BLA/boletinlegal/ HTTP/1.1" 200 57561
66.249.70.207 - - [09/May/2023:07:00:21 -0500] "-" 408 -
40.77.167.86 - - [09/May/2023:07:00:26 -0500] "GET /BLA/resoluciones/AUTOS%202013/0458.pdf HTTP/1.1" 200 3295760
216.245.221.92 - - [09/May/2023:07:00:54 -0500] "HEAD / HTTP/1.1" 200 -
201.245.192.253 - - [09/May/2023:07:01:07 -0500] "POST /kwsrmcab/Wsrmcab  HTTP/1.1" 200 43465
34.147.12.168 - - [09/May/2023:07:02:51 -0500] "GET /inventario-de-emisiones-2020-transporte-publico-sitp-redujo-emisiones-de-pm-2-5-en-un-37.html HTTP/1.1" 200 925
172.22.2.4 - - [09/May/2023:07:01:34 -0500] "HEAD /BLA/boletinlegal/ HTTP/1.1" 200 -
40.77.167.103 - - [09/May/2023:07:03:15 -0500] "GET /catalogoisis/ HTTP/1.1" 200 8575
40.77.167.103 - - [09/May/2023:07:03:16 -0500] "GET /Publicaciones/2023EE70602.pdf HTTP/1.1" 404 227
40.77.167.103 - - [09/May/2023:07:03:16 -0500] "GET /BLA/resoluciones/AUTOS%202014/0854.pdf HTTP/1.1" 304 -
38.32.70.140 - - [09/May/2023:07:03:34 -0500] "GET /galeria/galeria/fotos/Humedal-Tibanica2P.jpg HTTP/1.1" 200 29568
172.22.2.4 - - [09/May/2023:07:02:24 -0500] "GET /BLA/boletinlegal/ HTTP/1.1" 200 54424
34.32.182.52 - - [09/May/2023:07:04:50 -0500] "GET /inventario-de-emisiones-2020-transporte-publico-sitp-redujo-emisiones-de-pm-2-5-en-un-37.html HTTP/1.1" 200 925
216.245.221.92 - - [09/May/2023:07:05:54 -0500] "HEAD / HTTP/1.1" 200 -
201.245.192.253 - - [09/May/2023:07:06:07 -0500] "POST /kwsrmcab/Wsrmcab  HTTP/1.1" 200 43465
172.22.2.4 - - [09/May/2023:07:07:31 -0500] "GET /BLA/boletinlegal/actos.php HTTP/1.1" 200 9682
172.22.2.4 - - [09/May/2023:07:07:31 -0500] "GET /BLA/boletinlegal/favicon.ico HTTP/1.1" 404 1326
191.109.161.0 - - [09/May/2023:07:07:33 -0500] "GET /BLA/resoluciones/ HTTP/1.1" 200 13502
191.109.161.0 - - [09/May/2023:07:07:36 -0500] "GET /BLA/resoluciones/index.php?dir=AUTOS+2019%2F HTTP/1.1" 200 377222
191.109.161.0 - - [09/May/2023:07:07:54 -0500] "GET /BLA/resoluciones/AUTOS%202019/3454.pdf HTTP/1.1" 200 311524
199.16.157.180 - - [09/May/2023:07:07:55 -0500] "GET /red-moda-circular-que-es-y-como-unirse.html HTTP/1.1" 200 762
199.16.157.181 - - [09/May/2023:07:07:55 -0500] "GET /images/pieza-economia-circular-18.jpg HTTP/1.1" 200 41763
172.22.2.4 - - [09/May/2023:07:07:29 -0500] "GET /BLA/boletinlegal/ HTTP/1.1" 200 24523
172.22.2.4 - - [09/May/2023:07:07:23 -0500] "HEAD /BLA/boletinlegal/ HTTP/1.1" 200 -
172.22.2.4 - - [09/May/2023:07:08:14 -0500] "GET /BLA/boletinlegal/ HTTP/1.1" 200 57945
216.245.221.92 - - [09/May/2023:07:10:54 -0500] "HEAD / HTTP/1.1" 200 -
201.245.192.253 - - [09/May/2023:07:11:05 -0500] "POST /kwsrmcab/Wsrmcab  HTTP/1.1" 200 43465
34.32.205.44 - - [09/May/2023:07:13:39 -0500] "GET /inventario-de-emisiones-2020-transporte-publico-sitp-redujo-emisiones-de-pm-2-5-en-un-37.html HTTP/1.1" 200 925
34.147.12.168 - - [09/May/2023:07:13:54 -0500] "GET /inventario-de-emisiones-2020-transporte-publico-sitp-redujo-emisiones-de-pm-2-5-en-un-37.html HTTP/1.1" 200 925
173.252.83.117 - - [09/May/2023:07:14:30 -0500] "GET /images/Sello%201%20JA-2.jpeg HTTP/1.1" 200 42236
172.22.2.4 - - [09/May/2023:07:13:14 -0500] "HEAD /BLA/boletinlegal/ HTTP/1.1" 200 -
34.147.12.168 - - [09/May/2023:07:14:57 -0500] "GET /inventario-de-emisiones-2020-transporte-publico-sitp-redujo-emisiones-de-pm-2-5-en-un-37.html HTTP/1.1" 200 925
172.22.2.4 - - [09/May/2023:07:14:04 -0500] "GET /BLA/boletinlegal/ HTTP/1.1" 200 59306
216.245.221.92 - - [09/May/2023:07:15:54 -0500] "HEAD / HTTP/1.1" 200 -
201.245.192.253 - - [09/May/2023:07:16:03 -0500] "POST /kwsrmcab/Wsrmcab  HTTP/1.1" 200 43465
35.204.132.240 - - [09/May/2023:07:17:29 -0500] "GET /inventario-de-emisiones-2020-transporte-publico-sitp-redujo-emisiones-de-pm-2-5-en-un-37.html HTTP/1.1" 200 925
64.124.8.48 - - [09/May/2023:07:18:20 -0500] "GET /BLA/boletinlegal/images/historia.png HTTP/1.1" 304 -
34.91.114.203 - - [09/May/2023:07:19:21 -0500] "GET /inventario-de-emisiones-2020-transporte-publico-sitp-redujo-emisiones-de-pm-2-5-en-un-37.html HTTP/1.1" 200 925
173.252.107.119 - - [09/May/2023:07:19:25 -0500] "GET /raton-de-campo-o-arrocero-nuevo-registro-en-el-humedal-torca-guaymaral.html HTTP/1.1" 206 727
201.245.192.253 - - [09/May/2023:07:19:33 -0500] "POST /kwsrmcab/Wsrmcab HTTP/1.1" 200 43025
201.245.192.253 - - [09/May/2023:07:19:35 -0500] "POST /kwsrmcab/Wsrmcab HTTP/1.1" 200 43350
35.204.132.240 - - [09/May/2023:07:19:46 -0500] "GET /inventario-de-emisiones-2020-transporte-publico-sitp-redujo-emisiones-de-pm-2-5-en-un-37.html HTTP/1.1" 200 925
79.207.118.162 - - [09/May/2023:07:20:10 -0500] "GET /robots.txt HTTP/1.1" 404 1035
172.22.2.4 - - [09/May/2023:07:19:03 -0500] "HEAD /BLA/boletinlegal/ HTTP/1.1" 200 -
216.245.221.92 - - [09/May/2023:07:20:54 -0500] "HEAD / HTTP/1.1" 200 -
172.22.2.4 - - [09/May/2023:07:21:03 -0500] "GET /BLA/boletinlegal/actos.php HTTP/1.1" 200 9682
201.245.192.253 - - [09/May/2023:07:21:01 -0500] "POST /kwsrmcab/Wsrmcab  HTTP/1.1" 200 43465
172.22.2.4 - - [09/May/2023:07:19:54 -0500] "GET /BLA/boletinlegal/ HTTP/1.1" 200 59306
34.32.182.52 - - [09/May/2023:07:21:47 -0500] "GET /inventario-de-emisiones-2020-transporte-publico-sitp-redujo-emisiones-de-pm-2-5-en-un-37.html HTTP/1.1" 200 925
201.245.192.253 - - [09/May/2023:07:22:41 -0500] "GET /appsia/controlador HTTP/1.1" 200 4799
201.245.192.253 - - [09/May/2023:07:22:42 -0500] "GET /appsia/css/estilos.css HTTP/1.1" 200 4804
201.245.192.253 - - [09/May/2023:07:22:42 -0500] "GET /appsia/scripts/validarIngreso.js HTTP/1.1" 200 851
201.245.192.253 - - [09/May/2023:07:22:42 -0500] "GET /appsia/images/logo_bogota_p.png HTTP/1.1" 200 14951
201.245.192.253 - - [09/May/2023:07:22:42 -0500] "GET /appsia/images/cabezoteHojaVida.png HTTP/1.1" 200 32493
201.245.192.253 - - [09/May/2023:07:22:42 -0500] "GET /favicon.ico HTTP/1.1" 200 7782
201.245.192.253 - - [09/May/2023:07:22:42 -0500] "GET /appsia/controlador HTTP/1.1" 200 4799
201.245.192.253 - - [09/May/2023:07:22:48 -0500] "POST /appsia/controlador HTTP/1.1" 200 5437
201.245.192.253 - - [09/May/2023:07:22:49 -0500] "POST /appsia/controlador HTTP/1.1" 200 7791
191.102.224.196 - - [09/May/2023:07:22:52 -0500] "GET /appsia/controlador HTTP/1.1" 200 4799
191.102.224.196 - - [09/May/2023:07:22:52 -0500] "GET /appsia/scripts/validarIngreso.js HTTP/1.1" 200 851
191.102.224.196 - - [09/May/2023:07:22:52 -0500] "GET /appsia/css/estilos.css HTTP/1.1" 200 4804
191.102.224.196 - - [09/May/2023:07:22:52 -0500] "GET /appsia/images/logo_bogota_p.png HTTP/1.1" 200 14951
191.102.224.196 - - [09/May/2023:07:22:52 -0500] "GET /appsia/images/cabezoteHojaVida.png HTTP/1.1" 200 32493
201.245.192.253 - - [09/May/2023:07:22:53 -0500] "POST /appsia/controlador HTTP/1.1" 200 6656
201.245.192.253 - - [09/May/2023:07:22:55 -0500] "GET /appsia/controlador?comando=ingresarMenuPrincipal&id=80243688&funcionario=RODRIGO+ALBERTO+MANRIQUE+FORERO&desde=80243688&hasta=80243688&version=80243688&accion=Regresar HTTP/1.1" 200 5437
201.245.192.253 - - [09/May/2023:07:22:56 -0500] "POST /appsia/controlador HTTP/1.1" 200 7791
201.245.192.253 - - [09/May/2023:07:23:04 -0500] "POST /appsia/controlador HTTP/1.1" 200 6656
201.245.192.253 - - [09/May/2023:07:23:05 -0500] "POST /appsia/controlador HTTP/1.1" 200 10991
201.245.192.253 - - [09/May/2023:07:23:10 -0500] "POST /appsia/controlador HTTP/1.1" 200 5437
201.245.192.253 - - [09/May/2023:07:23:12 -0500] "POST /appsia/controlador HTTP/1.1" 200 7791
201.245.192.253 - - [09/May/2023:07:23:19 -0500] "POST /appsia/controlador HTTP/1.1" 200 6656
201.245.192.253 - - [09/May/2023:07:23:20 -0500] "POST /appsia/controlador HTTP/1.1" 200 10991
172.22.2.4 - - [09/May/2023:07:23:39 -0500] "GET /BLA/boletinlegal/actos.php HTTP/1.1" 200 9682
40.77.167.86 - - [09/May/2023:07:24:00 -0500] "GET /BLA/resoluciones/AUTOS%202021/2327.pdf HTTP/1.1" 304 -
190.85.134.218 - - [09/May/2023:07:24:16 -0500] "GET /calculadora/? HTTP/1.1" 200 5879
190.85.134.218 - - [09/May/2023:07:24:16 -0500] "GET /calculadora/vendor/bootstrap/css/bootstrap.min.css HTTP/1.1" 200 124962
190.85.134.218 - - [09/May/2023:07:24:16 -0500] "GET /calculadora/fonts/font-awesome-4.7.0/css/font-awesome.min.css HTTP/1.1" 200 31000
190.85.134.218 - - [09/May/2023:07:24:16 -0500] "GET /calculadora/fonts/Linearicons-Free-v1.0.0/icon-font.min.css HTTP/1.1" 200 7354
190.85.134.218 - - [09/May/2023:07:24:16 -0500] "GET /calculadora/vendor/css-hamburgers/hamburgers.min.css HTTP/1.1" 200 19686
190.85.134.218 - - [09/May/2023:07:24:16 -0500] "GET /calculadora/vendor/animsition/css/animsition.min.css HTTP/1.1" 200 27478
190.85.134.218 - - [09/May/2023:07:24:16 -0500] "GET /calculadora/vendor/animate/animate.css HTTP/1.1" 200 23848
190.85.134.218 - - [09/May/2023:07:24:16 -0500] "GET /calculadora/vendor/select2/select2.min.css HTTP/1.1" 200 15196
190.85.134.218 - - [09/May/2023:07:24:16 -0500] "GET /calculadora/vendor/daterangepicker/daterangepicker.css HTTP/1.1" 200 8163
172.22.2.4 - - [09/May/2023:07:24:16 -0500] "GET /BLA/boletinlegal/ab2g HTTP/1.1" 404 1018
190.85.134.218 - - [09/May/2023:07:24:16 -0500] "GET /calculadora/css/util.css HTTP/1.1" 200 86814
190.85.134.218 - - [09/May/2023:07:24:16 -0500] "GET /calculadora/css/main.css HTTP/1.1" 200 9984
190.85.134.218 - - [09/May/2023:07:24:16 -0500] "GET /calculadora/ajax_calculadora.js HTTP/1.1" 200 1470
190.85.134.218 - - [09/May/2023:07:24:16 -0500] "GET /calculadora/js/main.js HTTP/1.1" 200 1424
172.22.2.4 - - [09/May/2023:07:24:17 -0500] "GET /BLA/boletinlegal/ab2h HTTP/1.1" 404 1018
190.85.134.218 - - [09/May/2023:07:24:17 -0500] "GET /calculadora/images/calculadora-solar1.jpg HTTP/1.1" 200 5293505
190.85.134.218 - - [09/May/2023:07:24:17 -0500] "GET /calculadora/fonts/montserrat/Montserrat-Bold.ttf HTTP/1.1" 200 261588
190.85.134.218 - - [09/May/2023:07:24:17 -0500] "GET /calculadora/fonts/poppins/Poppins-Regular.ttf HTTP/1.1" 200 145312
172.22.2.4 - - [09/May/2023:07:24:32 -0500] "GET /BLA/boletinlegal/t4 HTTP/1.1" 404 1018
172.22.2.4 - - [09/May/2023:07:24:34 -0500] "GET /BLA/boletinlegal/favicon.ico HTTP/1.1" 404 1018
172.22.2.4 - - [09/May/2023:07:24:20 -0500] "GET /BLA/boletinlegal/ HTTP/1.1" 200 28619
34.32.203.96 - - [09/May/2023:07:25:19 -0500] "GET /inventario-de-emisiones-2020-transporte-publico-sitp-redujo-emisiones-de-pm-2-5-en-un-37.html HTTP/1.1" 200 925
216.245.221.92 - - [09/May/2023:07:25:54 -0500] "HEAD / HTTP/1.1" 200 -
201.245.192.253 - - [09/May/2023:07:26:00 -0500] "POST /kwsrmcab/Wsrmcab  HTTP/1.1" 200 43465
172.22.2.4 - - [09/May/2023:07:26:09 -0500] "GET /BLA/boletinlegal/actos.php HTTP/1.1" 200 9682
34.90.4.24 - - [09/May/2023:07:26:10 -0500] "GET /inventario-de-emisiones-2020-transporte-publico-sitp-redujo-emisiones-de-pm-2-5-en-un-37.html HTTP/1.1" 200 925
190.27.182.224 - - [09/May/2023:07:26:13 -0500] "GET /BLA/resoluciones/AUTOS%202019/3480.pdf HTTP/1.1" 200 429116
172.22.2.4 - - [09/May/2023:07:24:53 -0500] "HEAD /BLA/boletinlegal/ HTTP/1.1" 200 -
40.77.167.94 - - [09/May/2023:07:27:15 -0500] "GET /BLA/resoluciones/AUTOS%202019/5455.pdf HTTP/1.1" 200 294431
172.22.2.4 - - [09/May/2023:07:25:44 -0500] "GET /BLA/boletinlegal/ HTTP/1.1" 200 57561
173.252.107.3 - - [09/May/2023:07:27:34 -0500] "GET /secretaria-de-ambiente-rescata-perezoso-y-lo-traslada-al-departamento-de-antioquia-para-su-rehabilitacion.html HTTP/1.1" 206 1059
172.22.2.4 - - [09/May/2023:07:27:51 -0500] "GET /BLA/boletinlegal/actos.php HTTP/1.1" 200 9682
34.32.203.96 - - [09/May/2023:07:28:10 -0500] "GET /inventario-de-emisiones-2020-transporte-publico-sitp-redujo-emisiones-de-pm-2-5-en-un-37.html HTTP/1.1" 200 925
172.22.2.4 - - [09/May/2023:07:28:16 -0500] "GET /BLA/boletinlegal/actos.php HTTP/1.1" 200 9682
201.245.192.253 - - [09/May/2023:07:29:33 -0500] "POST /kwsrmcab/Wsrmcab HTTP/1.1" 200 43025
201.245.192.253 - - [09/May/2023:07:29:36 -0500] "POST /kwsrmcab/Wsrmcab HTTP/1.1" 200 43350
173.252.107.7 - - [09/May/2023:07:29:40 -0500] "GET /si-eres-mujer-y-te-gusta-el-cuidado-de-los-humedales-este-proceso-de-formacion-es-para-ti.html HTTP/1.1" 206 1025
172.22.2.4 - - [09/May/2023:07:30:54 -0500] "GET /BLA/boletinlegal/actos.php HTTP/1.1" 200 9682
216.245.221.92 - - [09/May/2023:07:30:54 -0500] "HEAD / HTTP/1.1" 200 -
201.245.192.253 - - [09/May/2023:07:30:58 -0500] "POST /kwsrmcab/Wsrmcab  HTTP/1.1" 200 43465
40.77.167.103 - - [09/May/2023:07:31:10 -0500] "GET /BLA/resoluciones/RESOLUCIONES%202023/0382.pdf HTTP/1.1" 200 364946
79.207.116.91 - - [09/May/2023:07:31:21 -0500] "GET /portaldeninos/ HTTP/1.1" 200 110197
172.22.2.4 - - [09/May/2023:07:31:57 -0500] "GET /BLA/boletinlegal/consulta_actos.php?tipo=resoluciones&no=&usuario=&sector=&fecha=2023&resuelve= HTTP/1.1" 200 62871
172.22.2.4 - - [09/May/2023:07:30:43 -0500] "HEAD /BLA/boletinlegal/ HTTP/1.1" 200 -
190.158.141.68 - - [09/May/2023:07:32:55 -0500] "GET /catalogoisis/ HTTP/1.1" 200 8575
190.158.141.68 - - [09/May/2023:07:32:56 -0500] "GET /favicon.ico HTTP/1.1" 200 7782
64.124.8.25 - - [09/May/2023:07:32:58 -0500] "GET /portaldeninos/wp-content/uploads/2021/07/Banners-pa%CC%81gina-de-nin%CC%83os-humedales-de-Bogota%CC%81-1024x50.jpg HTTP/1.1" 200 9699
64.124.8.25 - - [09/May/2023:07:32:58 -0500] "GET /portaldeninos/wp-content/uploads/2021/07/Banners-pa%CC%81gina-de-nin%CC%83os-contactanos.jpg HTTP/1.1" 200 17211
64.124.8.25 - - [09/May/2023:07:32:59 -0500] "GET /portaldeninos/wp-content/uploads/2019/09/Categorias-%C3%A1rboles.jpg HTTP/1.1" 200 275407
172.22.2.4 - - [09/May/2023:07:31:34 -0500] "GET /BLA/boletinlegal/ HTTP/1.1" 200 52730
35.234.169.74 - - [09/May/2023:07:34:16 -0500] "GET /inventario-de-emisiones-2020-transporte-publico-sitp-redujo-emisiones-de-pm-2-5-en-un-37.html HTTP/1.1" 200 925
172.22.2.4 - - [09/May/2023:07:34:25 -0500] "GET /BLA/boletinlegal/consulta_actos.php?tipo=resoluciones&no=&usuario=&sector=RESIDUOS&fecha=2023&resuelve= HTTP/1.1" 200 2781
216.245.221.92 - - [09/May/2023:07:35:54 -0500] "HEAD / HTTP/1.1" 200 -
201.245.192.253 - - [09/May/2023:07:35:57 -0500] "POST /kwsrmcab/Wsrmcab  HTTP/1.1" 200 43465
191.102.196.251 - - [09/May/2023:07:37:21 -0500] "OPTIONS /kwssiamovil/sm/setfile/f? HTTP/1.1" 200 13
191.102.196.251 - - [09/May/2023:07:37:21 -0500] "POST /kwssiamovil/sm/setfile/f? HTTP/1.1" 200 381
172.22.2.1 - - [09/May/2023:07:37:35 -0500] "GET /reportes_sipse/sdg/ServletFirma?solicitud=21301 HTTP/1.1" 200 -
191.102.196.251 - - [09/May/2023:07:37:42 -0500] "GET /kwssiamovil/sm/acme/a?s=U2FsdGVkX1/LjkD2A/BqiKXeFO7ethvxLjXFyo4EFHAB3X/nugQQdjsntoB7DQiIHofwtoNWB2J52h7hCiLKQyfNmr2MKU09OEyGeAfA+EExV1uGafJPRhMtMhzm75dyJW1/IogQv8N3u+pnhjtobZRN4EaUnz54/+0YXEvXPhDtz7uUXEglU0knRRp6B0v1fpOi3OSgiPH9NbUPvmj8w8e8asbH8Ui5G54E+lcePBfzb0ulRDNfxt/KzXHJ0r1dN6xwvaVdpe+k9/CqyHTiuA==&u=U2FsdGVkX18MH/YIyz0X1fbZ3VteeiaKpBf+0hFC3Vw=&y=U2FsdGVkX19PJVf9ONc1c/6BdggszHkNzT4fs/m2I98= HTTP/1.1" 200 26
