!C99Shell v. 1.0 pre-release build #13!

Software: Apache. PHP/5.5.15 

uname -a: Windows NT SVR-DMZ 6.1 build 7600 (Windows Server 2008 R2 Enterprise Edition) i586 

SYSTEM 

Safe-mode: OFF (not secure)

E:\nuevo\apache\logs\   drwxrwxrwx
Free 8.02 GB of 239.26 GB (3.35%)
Detected drives: [ a ] [ c ] [ d ] [ e ] [ f ]
Home    Back    Forward    UPDIR    Refresh    Search    Buffer    Encoder    Tools    Proc.    FTP brute    Sec.    SQL    PHP-code    Update    Feedback    Self remove    Logout    


Viewing file:     access.2023.05.09.log (3.73 MB)      -rw-rw-rw-
Select action/file-type:
(+) | (+) | (+) | Code (+) | Session (+) | (+) | SDB (+) | (+) | (+) | (+) | (+) | (+) |
69.171.249.16 - - [09/May/2023:00:02:10 -0500] "GET /lluvias-y-vientos-aumentan-la-probabilidad-de-caida-de-arboles-en-bogota.html HTTP/1.1" 200 730
69.171.249.1 - - [09/May/2023:00:02:10 -0500] "GET /lluvias-y-vientos-aumentan-la-probabilidad-de-caida-de-arboles-en-bogota.html HTTP/1.1" 200 730
172.22.2.4 - - [09/May/2023:00:02:40 -0500] "GET /BLA/boletinlegal/jurisprudencia.php HTTP/1.1" 200 17583
201.245.192.253 - - [09/May/2023:00:02:47 -0500] "POST /kwsrmcab/Wsrmcab  HTTP/1.1" 200 43465
172.22.2.4 - - [09/May/2023:00:01:25 -0500] "HEAD /BLA/boletinlegal/ HTTP/1.1" 200 -
216.245.221.92 - - [09/May/2023:00:03:09 -0500] "HEAD / HTTP/1.1" 200 -
172.22.2.4 - - [09/May/2023:00:02:15 -0500] "GET /BLA/boletinlegal/ HTTP/1.1" 200 52326
199.16.157.183 - - [09/May/2023:00:05:20 -0500] "GET /images/evento-wef-1_optimized.jpeg HTTP/1.1" 200 138129
66.249.70.170 - - [09/May/2023:00:05:59 -0500] "GET /el-ejemplo-comienza-por-casa-alcaldia-de-bogota-expide-decreto-para-reducir-plasticos-de-un-solo-uso-en-las-entidades-del-distrito.html HTTP/1.1" 200 1117
201.245.192.253 - - [09/May/2023:00:07:45 -0500] "POST /kwsrmcab/Wsrmcab  HTTP/1.1" 200 43465
216.245.221.92 - - [09/May/2023:00:08:09 -0500] "HEAD / HTTP/1.1" 200 -
172.22.2.4 - - [09/May/2023:00:07:15 -0500] "HEAD /BLA/boletinlegal/ HTTP/1.1" 200 -
172.22.2.4 - - [09/May/2023:00:08:57 -0500] "GET /BLA/boletinlegal/actos.php HTTP/1.1" 200 9682
172.22.2.4 - - [09/May/2023:00:08:57 -0500] "GET /BLA/boletinlegal/styles2.css HTTP/1.1" 200 1838
172.22.2.4 - - [09/May/2023:00:08:57 -0500] "GET /BLA/boletinlegal/niceforms.js HTTP/1.1" 200 22876
172.22.2.4 - - [09/May/2023:00:08:57 -0500] "GET /BLA/boletinlegal/js/ajax_actos.js HTTP/1.1" 200 1322
172.22.2.4 - - [09/May/2023:00:08:57 -0500] "GET /BLA/boletinlegal/niceforms-default.css HTTP/1.1" 200 6694
172.22.2.4 - - [09/May/2023:00:08:57 -0500] "GET /BLA/boletinlegal/style.css HTTP/1.1" 200 9406
172.22.2.4 - - [09/May/2023:00:08:57 -0500] "GET /BLA/boletinlegal/js/lib.js HTTP/1.1" 200 6474
172.22.2.4 - - [09/May/2023:00:08:57 -0500] "GET /BLA/boletinlegal/js/popup.js HTTP/1.1" 200 1270
172.22.2.4 - - [09/May/2023:00:08:57 -0500] "GET /BLA/boletinlegal/js/jquery1.js HTTP/1.1" 200 29846
172.22.2.4 - - [09/May/2023:00:08:57 -0500] "GET /BLA/boletinlegal/images/cabezote%20BLEGAL.jpg HTTP/1.1" 200 118164
172.22.2.4 - - [09/May/2023:00:08:57 -0500] "GET /BLA/boletinlegal/images/subscribe-icon-big.png HTTP/1.1" 200 47702
172.22.2.4 - - [09/May/2023:00:08:57 -0500] "GET /BLA/boletinlegal/images/registro-usuarios.png HTTP/1.1" 200 8106
172.22.2.4 - - [09/May/2023:00:08:57 -0500] "GET /BLA/boletinlegal/images/green-yellow-blue-pink-th.png HTTP/1.1" 200 7394
172.22.2.4 - - [09/May/2023:00:08:57 -0500] "GET /BLA/boletinlegal/images/tel.png HTTP/1.1" 200 14477
172.22.2.4 - - [09/May/2023:00:08:57 -0500] "GET /BLA/boletinlegal/images/historia.png HTTP/1.1" 200 52775
172.22.2.4 - - [09/May/2023:00:08:57 -0500] "GET /BLA/boletinlegal/images/icono-email.png HTTP/1.1" 200 5544
172.22.2.4 - - [09/May/2023:00:08:57 -0500] "GET /BLA/boletinlegal/images/body_bg.jpg HTTP/1.1" 200 1601
172.22.2.4 - - [09/May/2023:00:08:57 -0500] "GET /BLA/boletinlegal/images/menu_lft.gif HTTP/1.1" 200 1713
172.22.2.4 - - [09/May/2023:00:08:57 -0500] "GET /BLA/boletinlegal/images/menu_rght.gif HTTP/1.1" 200 1627
172.22.2.4 - - [09/May/2023:00:08:57 -0500] "GET /BLA/boletinlegal/images/bg_top.jpg HTTP/1.1" 200 522
172.22.2.4 - - [09/May/2023:00:08:57 -0500] "GET /BLA/boletinlegal/images/menu_bg.jpg HTTP/1.1" 200 620
172.22.2.4 - - [09/May/2023:00:08:57 -0500] "GET /BLA/boletinlegal/images/hover.jpg HTTP/1.1" 200 640
172.22.2.4 - - [09/May/2023:00:08:59 -0500] "GET /BLA/boletinlegal/images/footer_bg.jpg HTTP/1.1" 200 586
172.22.2.4 - - [09/May/2023:00:08:59 -0500] "GET /BLA/boletinlegal/images/footer_bg_l.jpg HTTP/1.1" 200 776
172.22.2.4 - - [09/May/2023:00:08:59 -0500] "GET /BLA/boletinlegal/images/text.jpg HTTP/1.1" 200 568
172.22.2.4 - - [09/May/2023:00:08:59 -0500] "GET /BLA/boletinlegal/img/select-left.png HTTP/1.1" 200 263
172.22.2.4 - - [09/May/2023:00:08:59 -0500] "GET /BLA/boletinlegal/img/0.png HTTP/1.1" 200 110
172.22.2.4 - - [09/May/2023:00:08:59 -0500] "GET /BLA/boletinlegal/img/button-left.png HTTP/1.1" 200 57071
172.22.2.4 - - [09/May/2023:00:08:59 -0500] "GET /BLA/boletinlegal/img/select-right.png HTTP/1.1" 200 44019
172.22.2.4 - - [09/May/2023:00:08:59 -0500] "GET /BLA/boletinlegal/img/button.png HTTP/1.1" 200 43241
172.22.2.4 - - [09/May/2023:00:08:59 -0500] "GET /BLA/boletinlegal/img/button-right.png HTTP/1.1" 200 57878
172.22.2.4 - - [09/May/2023:00:08:59 -0500] "GET /BLA/boletinlegal/favicon.ico HTTP/1.1" 404 1326
172.22.2.4 - - [09/May/2023:00:09:27 -0500] "GET /BLA/boletinlegal/consulta_actos.php?tipo=autos&no=1379&usuario=&sector=&fecha=2018&resuelve= HTTP/1.1" 200 626
172.22.2.4 - - [09/May/2023:00:08:05 -0500] "GET /BLA/boletinlegal/ HTTP/1.1" 200 57151
172.22.2.4 - - [09/May/2023:00:11:39 -0500] "GET /BLA/boletinlegal/consulta_actos.php?tipo=autos&no=1367&usuario=&sector=&fecha=2018&resuelve= HTTP/1.1" 200 626
172.22.2.4 - - [09/May/2023:00:11:47 -0500] "GET /BLA/boletinlegal/actos.php HTTP/1.1" 200 9682
200.118.80.20 - - [09/May/2023:00:11:48 -0500] "GET /BLA/resoluciones/index.php?dir= HTTP/1.1" 200 13502
172.22.2.4 - - [09/May/2023:00:11:54 -0500] "GET /BLA/boletinlegal/consulta_actos.php?tipo=autos&no=1367&usuario=&sector=&fecha=2018&resuelve= HTTP/1.1" 200 626
200.118.80.20 - - [09/May/2023:00:11:55 -0500] "GET /BLA/resoluciones/dlf/folder.png HTTP/1.1" 200 410
200.118.80.20 - - [09/May/2023:00:11:55 -0500] "GET /BLA/resoluciones/dlf/styles.css HTTP/1.1" 200 3049
200.118.80.20 - - [09/May/2023:00:11:58 -0500] "GET /BLA/resoluciones/dlf/bg.gif HTTP/1.1" 200 54
200.118.80.20 - - [09/May/2023:00:11:58 -0500] "GET /favicon.ico HTTP/1.1" 200 7782
201.245.192.253 - - [09/May/2023:00:12:44 -0500] "POST /kwsrmcab/Wsrmcab  HTTP/1.1" 200 43465
200.118.80.20 - - [09/May/2023:00:13:03 -0500] "GET /BLA/resoluciones/dlf/dirup.png HTTP/1.1" 200 644
200.118.80.20 - - [09/May/2023:00:13:03 -0500] "GET /BLA/resoluciones/dlf/pdf.gif HTTP/1.1" 200 272
200.118.80.20 - - [09/May/2023:00:13:03 -0500] "GET /BLA/resoluciones/index.php?dir=AUTOS+2018%2F HTTP/1.1" 200 457633
216.245.221.92 - - [09/May/2023:00:13:09 -0500] "HEAD / HTTP/1.1" 200 -
181.136.135.197 - - [09/May/2023:00:13:41 -0500] "GET /galeria/galeria/jquery.fancybox.css?v=2.1.5 HTTP/1.1" 200 4895
181.136.135.197 - - [09/May/2023:00:13:41 -0500] "GET /BLA/boletinlegal/js/jquery.scrollShow.js HTTP/1.1" 200 4586
181.136.135.197 - - [09/May/2023:00:13:41 -0500] "GET /galeria/galeria/jquery.fancybox.js?v=2.1.5 HTTP/1.1" 200 48706
172.22.2.4 - - [09/May/2023:00:13:05 -0500] "HEAD /BLA/boletinlegal/ HTTP/1.1" 200 -
52.167.144.33 - - [09/May/2023:00:15:10 -0500] "GET / HTTP/1.1" 200 4720
172.22.2.4 - - [09/May/2023:00:15:33 -0500] "GET /BLA/boletinlegal/favicon.ico HTTP/1.1" 404 1326
172.22.2.4 - - [09/May/2023:00:13:55 -0500] "GET /BLA/boletinlegal/ HTTP/1.1" 200 57151
66.249.70.213 - - [09/May/2023:00:16:03 -0500] "-" 408 -
40.77.167.94 - - [09/May/2023:00:16:35 -0500] "GET /Publicaciones/2023EE57139.pdf HTTP/1.1" 404 227
125.209.235.182 - - [09/May/2023:00:16:51 -0500] "-" 408 -
147.92.153.18 - - [09/May/2023:00:16:52 -0500] "-" 408 -
201.245.192.253 - - [09/May/2023:00:17:43 -0500] "POST /kwsrmcab/Wsrmcab  HTTP/1.1" 200 43465
216.245.221.92 - - [09/May/2023:00:18:09 -0500] "HEAD / HTTP/1.1" 200 -
172.22.2.4 - - [09/May/2023:00:18:50 -0500] "GET /BLA/boletinlegal/favicon.ico HTTP/1.1" 404 1326
172.22.2.4 - - [09/May/2023:00:19:03 -0500] "GET /BLA/boletinlegal/consulta_actos.php?tipo=autos&no=5555&usuario=&sector=&fecha=2023&resuelve= HTTP/1.1" 200 626
172.22.2.4 - - [09/May/2023:00:19:07 -0500] "GET /BLA/boletinlegal/consulta_actos.php?tipo=autos&no=5555&usuario=&sector=&fecha=2023&resuelve= HTTP/1.1" 200 626
172.22.2.4 - - [09/May/2023:00:19:08 -0500] "GET /BLA/boletinlegal/consulta_actos.php?tipo=autos&no=5555&usuario=&sector=&fecha=2023&resuelve= HTTP/1.1" 200 626
172.22.2.4 - - [09/May/2023:00:19:11 -0500] "GET /BLA/boletinlegal/consulta_actos.php?tipo=autos&no=5555&usuario=&sector=&fecha=2023&resuelve= HTTP/1.1" 200 626
201.245.192.253 - - [09/May/2023:00:19:35 -0500] "POST /kwsrmcab/Wsrmcab HTTP/1.1" 200 42820
201.245.192.253 - - [09/May/2023:00:19:37 -0500] "POST /kwsrmcab/Wsrmcab HTTP/1.1" 200 43467
35.204.62.178 - - [09/May/2023:00:20:07 -0500] "GET /inventario-de-emisiones-2020-transporte-publico-sitp-redujo-emisiones-de-pm-2-5-en-un-37.html HTTP/1.1" 200 925
172.22.2.4 - - [09/May/2023:00:18:55 -0500] "HEAD /BLA/boletinlegal/ HTTP/1.1" 200 -
172.22.2.4 - - [09/May/2023:00:19:45 -0500] "GET /BLA/boletinlegal/ HTTP/1.1" 200 59306
201.245.192.253 - - [09/May/2023:00:22:42 -0500] "POST /kwsrmcab/Wsrmcab  HTTP/1.1" 200 43465
216.245.221.92 - - [09/May/2023:00:23:09 -0500] "HEAD / HTTP/1.1" 200 -
66.249.70.207 - - [09/May/2023:00:23:26 -0500] "-" 408 -
181.49.182.135 - - [09/May/2023:00:23:27 -0500] "GET /BLA/resoluciones/AUTOS%202017/1144.pdf HTTP/1.1" 200 348656
172.22.2.4 - - [09/May/2023:00:24:56 -0500] "GET /BLA/boletinlegal/actos.php HTTP/1.1" 200 9682
172.22.2.4 - - [09/May/2023:00:25:08 -0500] "GET /BLA/boletinlegal/jurisprudencia/analisis/AnalisisT-606-15.docx HTTP/1.1" 304 -
186.84.90.173 - - [09/May/2023:00:25:21 -0500] "GET /sipse/faces/index.xhtml HTTP/1.1" 200 677
186.84.90.173 - - [09/May/2023:00:25:21 -0500] "GET /sipse/faces/javax.faces.resource/theme.css?ln=primefaces-sipse HTTP/1.1" 200 50058
186.84.90.173 - - [09/May/2023:00:25:21 -0500] "GET /favicon.ico HTTP/1.1" 200 7782
186.84.90.173 - - [09/May/2023:00:25:40 -0500] "GET /sipse/faces/index.xhtml HTTP/1.1" 200 677
186.84.90.173 - - [09/May/2023:00:25:40 -0500] "GET /sipse/faces/javax.faces.resource/theme.css?ln=primefaces-sipse HTTP/1.1" 304 -
186.84.90.173 - - [09/May/2023:00:25:40 -0500] "GET /sipse/faces/faces/autenticacion.xhtml HTTP/1.1" 200 12176
186.84.90.173 - - [09/May/2023:00:25:41 -0500] "GET /sipse/js/disable_browser_buttons.js HTTP/1.1" 200 3230
186.84.90.173 - - [09/May/2023:00:25:41 -0500] "GET /sipse/css/custom_css_sg.css HTTP/1.1" 200 9694
186.84.90.173 - - [09/May/2023:00:25:41 -0500] "GET /sipse/css/custom_css_sg_prime_login.css HTTP/1.1" 200 443
186.84.90.173 - - [09/May/2023:00:25:41 -0500] "GET /sipse/faces/javax.faces.resource/theme.css?ln=primefaces-sipse HTTP/1.1" 304 -
186.84.90.173 - - [09/May/2023:00:25:41 -0500] "GET /sipse/faces/javax.faces.resource/layout/layout.css?ln=primefaces&v=4.0 HTTP/1.1" 200 542
186.84.90.173 - - [09/May/2023:00:25:41 -0500] "GET /sipse/js/funciones.js HTTP/1.1" 200 12592
186.84.90.173 - - [09/May/2023:00:25:41 -0500] "GET /sipse/faces/javax.faces.resource/primefaces.css?ln=primefaces&v=4.0 HTTP/1.1" 200 53295
186.84.90.173 - - [09/May/2023:00:25:41 -0500] "GET /sipse/faces/javax.faces.resource/layout/layout.js?ln=primefaces&v=4.0 HTTP/1.1" 200 87560
186.84.90.173 - - [09/May/2023:00:25:41 -0500] "GET /sipse/faces/javax.faces.resource/jquery/jquery.js?ln=primefaces&v=4.0 HTTP/1.1" 200 105384
186.84.90.173 - - [09/May/2023:00:25:41 -0500] "GET /sipse/faces/javax.faces.resource/primefaces.js?ln=primefaces&v=4.0 HTTP/1.1" 200 276924
186.84.90.173 - - [09/May/2023:00:25:41 -0500] "GET /sipse/faces/javax.faces.resource/jquery/jquery-plugins.js?ln=primefaces&v=4.0 HTTP/1.1" 200 220526
186.84.90.173 - - [09/May/2023:00:25:42 -0500] "GET /sipse/faces/javax.faces.resource/images/ui-icons_898989_256x240.png?ln=primefaces-aristo HTTP/1.1" 200 5355
186.84.90.173 - - [09/May/2023:00:25:42 -0500] "GET /sipse/css/imagen/loginimg.png HTTP/1.1" 200 71635
186.84.90.173 - - [09/May/2023:00:25:42 -0500] "GET /sipse/css/imagen/logoSDG.png HTTP/1.1" 200 53064
186.84.90.173 - - [09/May/2023:00:25:52 -0500] "POST /sipse/faces/autenticacion.xhtml HTTP/1.1" 200 2223
186.84.90.173 - - [09/May/2023:00:25:53 -0500] "GET /sipse/faces/javax.faces.resource/messages/messages.png?ln=primefaces&v=4.0 HTTP/1.1" 200 27209
186.84.90.173 - - [09/May/2023:00:25:54 -0500] "POST /sipse/faces/autenticacion.xhtml HTTP/1.1" 200 16357
186.84.90.173 - - [09/May/2023:00:25:55 -0500] "GET /sipse/css/custom_css_sg_prime.css HTTP/1.1" 200 5201
186.84.90.173 - - [09/May/2023:00:25:55 -0500] "GET /sipse/faces/javax.faces.resource/primefaces.css?ln=primefaces&v=4.0 HTTP/1.1" 304 -
186.84.90.173 - - [09/May/2023:00:25:55 -0500] "GET /sipse/faces/javax.faces.resource/theme.css?ln=primefaces-sipse HTTP/1.1" 304 -
186.84.90.173 - - [09/May/2023:00:25:55 -0500] "GET /sipse/faces/javax.faces.resource/layout/layout.css?ln=primefaces&v=4.0 HTTP/1.1" 304 -
186.84.90.173 - - [09/May/2023:00:25:55 -0500] "GET /sipse/js/jquery.min.js HTTP/1.1" 200 85582
186.84.90.173 - - [09/May/2023:00:25:55 -0500] "GET /sipse/faces/javax.faces.resource/jquery/jquery.js?ln=primefaces&v=4.0 HTTP/1.1" 304 -
186.84.90.173 - - [09/May/2023:00:25:55 -0500] "GET /sipse/faces/javax.faces.resource/jquery/jquery-plugins.js?ln=primefaces&v=4.0 HTTP/1.1" 304 -
186.84.90.173 - - [09/May/2023:00:25:55 -0500] "GET /sipse/faces/javax.faces.resource/primefaces.js?ln=primefaces&v=4.0 HTTP/1.1" 304 -
186.84.90.173 - - [09/May/2023:00:25:55 -0500] "GET /sipse/faces/javax.faces.resource/layout/layout.js?ln=primefaces&v=4.0 HTTP/1.1" 304 -
186.84.90.173 - - [09/May/2023:00:25:55 -0500] "GET /sipse/css/imagen/contrasena.png HTTP/1.1" 404 383
186.84.90.173 - - [09/May/2023:00:25:55 -0500] "GET /sipse/imagenes/cargando.gif HTTP/1.1" 200 36959
186.84.90.173 - - [09/May/2023:00:25:55 -0500] "GET /sipse/imagenes/logoAplicacion.jpg HTTP/1.1" 200 155084
186.84.90.173 - - [09/May/2023:00:26:00 -0500] "GET /sipse/faces/javax.faces.resource/images/ui-bg_flat_0_2d5972_40x100.png?ln=primefaces-aristo HTTP/1.1" 200 183
186.84.90.173 - - [09/May/2023:00:26:00 -0500] "POST /sipse/faces/bienvenido.xhtml HTTP/1.1" 200 2658
186.84.90.173 - - [09/May/2023:00:26:03 -0500] "POST /sipse/faces/bienvenido.xhtml HTTP/1.1" 200 63898
186.84.90.173 - - [09/May/2023:00:26:03 -0500] "GET /sipse/faces/javax.faces.resource/theme.css?ln=primefaces-sipse HTTP/1.1" 304 -
186.84.90.173 - - [09/May/2023:00:26:03 -0500] "GET /sipse/faces/javax.faces.resource/primefaces.css?ln=primefaces&v=4.0 HTTP/1.1" 304 -
186.84.90.173 - - [09/May/2023:00:26:03 -0500] "GET /sipse/faces/javax.faces.resource/layout/layout.css?ln=primefaces&v=4.0 HTTP/1.1" 304 -
186.84.90.173 - - [09/May/2023:00:26:03 -0500] "GET /sipse/faces/javax.faces.resource/jquery/jquery.js?ln=primefaces&v=4.0 HTTP/1.1" 304 -
186.84.90.173 - - [09/May/2023:00:26:03 -0500] "GET /sipse/faces/javax.faces.resource/jquery/jquery-plugins.js?ln=primefaces&v=4.0 HTTP/1.1" 304 -
186.84.90.173 - - [09/May/2023:00:26:04 -0500] "GET /sipse/faces/javax.faces.resource/primefaces.js?ln=primefaces&v=4.0 HTTP/1.1" 304 -
186.84.90.173 - - [09/May/2023:00:26:04 -0500] "GET /sipse/faces/javax.faces.resource/layout/layout.js?ln=primefaces&v=4.0 HTTP/1.1" 304 -
186.84.90.173 - - [09/May/2023:00:26:04 -0500] "POST /sipse/faces/presentacion/financiero/solicitudProceso/listarSolicitudProceso.xhtml HTTP/1.1" 200 1556
199.16.157.182 - - [09/May/2023:00:26:23 -0500] "GET /images/palma-silvestre_optimized.jpeg HTTP/1.1" 200 46816
172.22.2.4 - - [09/May/2023:00:24:45 -0500] "HEAD /BLA/boletinlegal/ HTTP/1.1" 200 -
186.84.90.173 - - [09/May/2023:00:26:40 -0500] "POST /sipse/faces/presentacion/financiero/solicitudProceso/listarSolicitudProceso.xhtml HTTP/1.1" 200 30842
172.22.2.4 - - [09/May/2023:00:25:35 -0500] "GET /BLA/boletinlegal/ HTTP/1.1" 200 57151
201.245.192.253 - - [09/May/2023:00:27:41 -0500] "POST /kwsrmcab/Wsrmcab  HTTP/1.1" 200 43465
216.245.221.92 - - [09/May/2023:00:28:09 -0500] "HEAD / HTTP/1.1" 200 -
201.245.192.253 - - [09/May/2023:00:29:35 -0500] "POST /kwsrmcab/Wsrmcab HTTP/1.1" 200 42820
201.245.192.253 - - [09/May/2023:00:29:38 -0500] "POST /kwsrmcab/Wsrmcab HTTP/1.1" 200 43467
35.204.132.240 - - [09/May/2023:00:29:53 -0500] "GET /inventario-de-emisiones-2020-transporte-publico-sitp-redujo-emisiones-de-pm-2-5-en-un-37.html HTTP/1.1" 200 925
66.249.70.207 - - [09/May/2023:00:29:58 -0500] "-" 408 -
103.136.220.239 - - [09/May/2023:00:30:11 -0500] "GET /galeria/galeria/fotos/Humedal-la-conejera4P.jpg HTTP/1.1" 200 33365
172.22.2.4 - - [09/May/2023:00:30:34 -0500] "HEAD /BLA/boletinlegal/ HTTP/1.1" 200 -
201.245.192.253 - - [09/May/2023:00:32:40 -0500] "POST /kwsrmcab/Wsrmcab  HTTP/1.1" 200 43465
172.22.2.4 - - [09/May/2023:00:31:25 -0500] "GET /BLA/boletinlegal/ HTTP/1.1" 200 57561
216.245.221.92 - - [09/May/2023:00:33:09 -0500] "HEAD / HTTP/1.1" 200 -
172.22.2.4 - - [09/May/2023:00:34:23 -0500] "GET /BLA/boletinlegal/consulta_actos.php?tipo=autos&no=0933&usuario=&sector=&fecha=2018&resuelve= HTTP/1.1" 200 626
172.22.2.4 - - [09/May/2023:00:34:24 -0500] "GET /BLA/boletinlegal/consulta_actos.php?tipo=autos&no=0933&usuario=&sector=&fecha=2018&resuelve= HTTP/1.1" 200 626
172.22.2.4 - - [09/May/2023:00:34:26 -0500] "GET /BLA/boletinlegal/actos.php HTTP/1.1" 200 9682
172.22.2.4 - - [09/May/2023:00:34:35 -0500] "GET /BLA/boletinlegal/consulta_actos.php?tipo=autos&no=0933&usuario=&sector=&fecha=2018&resuelve= HTTP/1.1" 200 626
152.61.192.232 - - [09/May/2023:00:35:53 -0500] "GET / HTTP/1.1" 200 319
66.249.70.207 - - [09/May/2023:00:36:10 -0500] "-" 408 -
201.245.192.253 - - [09/May/2023:00:37:40 -0500] "POST /kwsrmcab/Wsrmcab  HTTP/1.1" 200 43465
172.22.2.4 - - [09/May/2023:00:36:24 -0500] "HEAD /BLA/boletinlegal/ HTTP/1.1" 200 -
216.245.221.92 - - [09/May/2023:00:38:09 -0500] "HEAD / HTTP/1.1" 200 -
172.22.2.4 - - [09/May/2023:00:37:15 -0500] "GET /BLA/boletinlegal/ HTTP/1.1" 200 57945
201.245.192.253 - - [09/May/2023:00:39:35 -0500] "POST /kwsrmcab/Wsrmcab HTTP/1.1" 200 42820
201.245.192.253 - - [09/May/2023:00:39:37 -0500] "POST /kwsrmcab/Wsrmcab HTTP/1.1" 200 43467
66.249.70.207 - - [09/May/2023:00:41:49 -0500] "-" 408 -
161.18.94.188 - - [09/May/2023:00:42:38 -0500] "GET /galeria/galeria/jquery.fancybox.css?v=2.1.5 HTTP/1.1" 200 4895
161.18.94.188 - - [09/May/2023:00:42:38 -0500] "GET /BLA/boletinlegal/js/jquery.scrollShow.js HTTP/1.1" 200 4586
161.18.94.188 - - [09/May/2023:00:42:38 -0500] "GET /galeria/galeria/jquery.fancybox.js?v=2.1.5 HTTP/1.1" 200 48706
201.245.192.253 - - [09/May/2023:00:42:38 -0500] "POST /kwsrmcab/Wsrmcab  HTTP/1.1" 200 43465
216.245.221.92 - - [09/May/2023:00:43:09 -0500] "HEAD / HTTP/1.1" 200 -
172.22.2.4 - - [09/May/2023:00:42:14 -0500] "HEAD /BLA/boletinlegal/ HTTP/1.1" 200 -
172.22.2.4 - - [09/May/2023:00:43:05 -0500] "GET /BLA/boletinlegal/ HTTP/1.1" 200 52326
172.22.2.4 - - [09/May/2023:00:46:45 -0500] "GET /BLA/boletinlegal/jurisprudencia/analisis/CUADRO%20ANALISIS%20SENTENCIA%20C-554%20DE%202007.doc HTTP/1.1" 304 -
152.61.128.50 - - [09/May/2023:00:46:57 -0500] "GET / HTTP/1.1" 200 319
66.249.70.207 - - [09/May/2023:00:47:33 -0500] "-" 408 -
172.22.2.4 - - [09/May/2023:00:47:38 -0500] "GET /BLA/boletinlegal/jurisprudencia/analisis/ANALISIST-046-99.docx HTTP/1.1" 304 -
201.245.192.253 - - [09/May/2023:00:47:37 -0500] "POST /kwsrmcab/Wsrmcab  HTTP/1.1" 200 43465
172.22.2.4 - - [09/May/2023:00:47:53 -0500] "GET /BLA/boletinlegal/robots.txt HTTP/1.1" 404 1038
172.22.2.4 - - [09/May/2023:00:47:54 -0500] "GET /BLA/boletinlegal/jurisprudencia/analisis/CUADRO%20ANALISIS%20SENTENCIA%20T-411%20DE%201992.doc HTTP/1.1" 200 41984
216.245.221.92 - - [09/May/2023:00:48:09 -0500] "HEAD / HTTP/1.1" 200 -
40.77.167.86 - - [09/May/2023:00:49:14 -0500] "GET /Publicaciones/2023EE65599.pdf HTTP/1.1" 404 227
172.22.2.4 - - [09/May/2023:00:48:04 -0500] "HEAD /BLA/boletinlegal/ HTTP/1.1" 200 -
172.22.2.4 - - [09/May/2023:00:48:55 -0500] "GET /BLA/boletinlegal/ HTTP/1.1" 200 57151
34.32.205.44 - - [09/May/2023:00:50:56 -0500] "GET /inventario-de-emisiones-2020-transporte-publico-sitp-redujo-emisiones-de-pm-2-5-en-un-37.html HTTP/1.1" 200 925
201.245.192.253 - - [09/May/2023:00:52:36 -0500] "POST /kwsrmcab/Wsrmcab  HTTP/1.1" 200 43465
34.91.114.203 - - [09/May/2023:00:52:39 -0500] "GET /inventario-de-emisiones-2020-transporte-publico-sitp-redujo-emisiones-de-pm-2-5-en-un-37.html HTTP/1.1" 200 925
216.245.221.92 - - [09/May/2023:00:53:09 -0500] "HEAD / HTTP/1.1" 200 -
172.22.2.4 - - [09/May/2023:00:53:54 -0500] "HEAD /BLA/boletinlegal/ HTTP/1.1" 200 -
172.22.2.4 - - [09/May/2023:00:54:45 -0500] "GET /BLA/boletinlegal/ HTTP/1.1" 200 54424
201.245.192.253 - - [09/May/2023:00:57:34 -0500] "POST /kwsrmcab/Wsrmcab  HTTP/1.1" 200 43465
216.245.221.92 - - [09/May/2023:00:58:09 -0500] "HEAD / HTTP/1.1" 200 -
66.249.70.207 - - [09/May/2023:00:58:11 -0500] "-" 408 -
64.124.8.29 - - [09/May/2023:00:59:24 -0500] "GET /galeria/galeria/fotos/juan-amarillo4G.jpg HTTP/1.1" 200 202445
172.22.2.4 - - [09/May/2023:00:59:44 -0500] "HEAD /BLA/boletinlegal/ HTTP/1.1" 200 -
172.22.2.4 - - [09/May/2023:01:00:35 -0500] "GET /BLA/boletinlegal/ HTTP/1.1" 200 57561
201.245.192.253 - - [09/May/2023:01:02:33 -0500] "POST /kwsrmcab/Wsrmcab  HTTP/1.1" 200 43465
61.135.159.214 - - [09/May/2023:01:02:58 -0500] "GET / HTTP/1.1" 200 319
216.245.221.92 - - [09/May/2023:01:03:09 -0500] "HEAD / HTTP/1.1" 200 -
66.249.70.207 - - [09/May/2023:01:04:13 -0500] "-" 408 -
172.22.2.4 - - [09/May/2023:01:05:34 -0500] "HEAD /BLA/boletinlegal/ HTTP/1.1" 200 -
201.245.192.253 - - [09/May/2023:01:07:33 -0500] "POST /kwsrmcab/Wsrmcab  HTTP/1.1" 200 43465
172.22.2.4 - - [09/May/2023:01:06:25 -0500] "GET /BLA/boletinlegal/ HTTP/1.1" 200 56754
216.245.221.92 - - [09/May/2023:01:08:09 -0500] "HEAD / HTTP/1.1" 200 -
152.61.192.232 - - [09/May/2023:01:09:24 -0500] "GET /arcgis/services/Calidad_del_Agua_WQI/MapServer/WMSServer?request=GetCapabilities&service=WMS HTTP/1.1" 503 1020
152.61.192.232 - - [09/May/2023:01:09:25 -0500] "GET /arcgis/services/Calidad_del_Agua_WQI/MapServer/WMSServer?SERVICE=WMS&REQUEST=GetCapabilities HTTP/1.1" 503 1020
152.61.192.232 - - [09/May/2023:01:09:26 -0500] "GET /arcgis/services/Calidad_del_Agua_WQI/MapServer/WMSServer?WMTVER=1.0.0&REQUEST=capabilities HTTP/1.1" 503 1020
66.249.70.207 - - [09/May/2023:01:09:56 -0500] "-" 408 -
172.22.2.4 - - [09/May/2023:01:11:23 -0500] "GET /BLA/boletinlegal/actos.php HTTP/1.1" 200 9682
201.245.192.253 - - [09/May/2023:01:12:31 -0500] "POST /kwsrmcab/Wsrmcab  HTTP/1.1" 200 43465
172.22.2.4 - - [09/May/2023:01:11:24 -0500] "HEAD /BLA/boletinlegal/ HTTP/1.1" 200 -
216.245.221.92 - - [09/May/2023:01:13:09 -0500] "HEAD / HTTP/1.1" 200 -
172.22.2.4 - - [09/May/2023:01:12:15 -0500] "GET /BLA/boletinlegal/ HTTP/1.1" 200 58307
66.249.70.207 - - [09/May/2023:01:16:26 -0500] "-" 408 -
40.77.167.86 - - [09/May/2023:01:17:10 -0500] "GET /BLA/resoluciones/AUTOS%202022/7928.pdf HTTP/1.1" 200 444426
201.245.192.253 - - [09/May/2023:01:17:30 -0500] "POST /kwsrmcab/Wsrmcab  HTTP/1.1" 200 43465
168.119.101.10 - - [09/May/2023:01:18:03 -0500] "GET / HTTP/1.1" 200 319
216.245.221.92 - - [09/May/2023:01:18:09 -0500] "HEAD / HTTP/1.1" 200 -
172.22.2.4 - - [09/May/2023:01:17:14 -0500] "HEAD /BLA/boletinlegal/ HTTP/1.1" 200 -
201.245.192.253 - - [09/May/2023:01:19:35 -0500] "POST /kwsrmcab/Wsrmcab HTTP/1.1" 200 42838
168.119.49.52 - - [09/May/2023:01:19:41 -0500] "GET / HTTP/1.1" 200 319
201.245.192.253 - - [09/May/2023:01:19:37 -0500] "POST /kwsrmcab/Wsrmcab HTTP/1.1" 200 43145
172.22.2.4 - - [09/May/2023:01:18:05 -0500] "GET /BLA/boletinlegal/ HTTP/1.1" 200 53561
66.249.70.207 - - [09/May/2023:01:22:08 -0500] "-" 408 -
201.245.192.253 - - [09/May/2023:01:22:28 -0500] "POST /kwsrmcab/Wsrmcab  HTTP/1.1" 200 43465
216.245.221.92 - - [09/May/2023:01:23:09 -0500] "HEAD / HTTP/1.1" 200 -
172.22.2.4 - - [09/May/2023:01:23:04 -0500] "HEAD /BLA/boletinlegal/ HTTP/1.1" 200 -
172.22.2.4 - - [09/May/2023:01:23:55 -0500] "GET /BLA/boletinlegal/ HTTP/1.1" 200 52730
40.77.167.86 - - [09/May/2023:01:25:43 -0500] "GET /BLA/resoluciones/AUTOS%202014/0850.pdf HTTP/1.1" 200 1382763
201.245.192.253 - - [09/May/2023:01:27:27 -0500] "POST /kwsrmcab/Wsrmcab  HTTP/1.1" 200 43465
216.245.221.92 - - [09/May/2023:01:28:09 -0500] "HEAD / HTTP/1.1" 200 -
66.249.70.207 - - [09/May/2023:01:28:52 -0500] "-" 408 -
152.61.128.50 - - [09/May/2023:01:29:17 -0500] "GET /arcgis/services/Calidad_del_Agua_WQI/MapServer/WMSServer?request=GetCapabilities&service=WMS HTTP/1.1" 503 1020
152.61.128.50 - - [09/May/2023:01:29:19 -0500] "GET /arcgis/services/Calidad_del_Agua_WQI/MapServer/WMSServer?SERVICE=WMS&REQUEST=GetCapabilities HTTP/1.1" 503 1020
152.61.128.50 - - [09/May/2023:01:29:19 -0500] "GET /arcgis/services/Calidad_del_Agua_WQI/MapServer/WMSServer?WMTVER=1.0.0&REQUEST=capabilities HTTP/1.1" 503 1020
201.245.192.253 - - [09/May/2023:01:29:34 -0500] "POST /kwsrmcab/Wsrmcab HTTP/1.1" 200 42838
201.245.192.253 - - [09/May/2023:01:29:37 -0500] "POST /kwsrmcab/Wsrmcab HTTP/1.1" 200 43145
40.77.167.86 - - [09/May/2023:01:29:46 -0500] "GET /BLA/resoluciones/AUTOS%202014/0076.pdf HTTP/1.1" 304 -
172.22.2.4 - - [09/May/2023:01:28:54 -0500] "HEAD /BLA/boletinlegal/ HTTP/1.1" 200 -
52.16.60.102 - - [09/May/2023:01:30:44 -0500] "-" 408 -
172.22.2.4 - - [09/May/2023:01:30:53 -0500] "GET /BLA/boletinlegal/jurisprudencia/analisis/G__Jurisp.%20Junio%202014_Sent%20Tutela%20Drumond.docx HTTP/1.1" 304 -
172.22.2.4 - - [09/May/2023:01:29:45 -0500] "GET /BLA/boletinlegal/ HTTP/1.1" 200 57151
201.245.192.253 - - [09/May/2023:01:32:25 -0500] "POST /kwsrmcab/Wsrmcab  HTTP/1.1" 200 43465
216.245.221.92 - - [09/May/2023:01:33:09 -0500] "HEAD / HTTP/1.1" 200 -
66.249.70.207 - - [09/May/2023:01:35:03 -0500] "-" 408 -
172.22.2.4 - - [09/May/2023:01:34:44 -0500] "HEAD /BLA/boletinlegal/ HTTP/1.1" 200 -
172.22.2.4 - - [09/May/2023:01:35:37 -0500] "GET /BLA/boletinlegal/ HTTP/1.1" 200 55221
201.245.192.253 - - [09/May/2023:01:37:24 -0500] "POST /kwsrmcab/Wsrmcab  HTTP/1.1" 200 43465
216.245.221.92 - - [09/May/2023:01:38:09 -0500] "HEAD / HTTP/1.1" 200 -
201.245.192.253 - - [09/May/2023:01:39:35 -0500] "POST /kwsrmcab/Wsrmcab HTTP/1.1" 200 42838
201.245.192.253 - - [09/May/2023:01:39:38 -0500] "POST /kwsrmcab/Wsrmcab HTTP/1.1" 200 43145
172.22.2.4 - - [09/May/2023:01:40:36 -0500] "HEAD /BLA/boletinlegal/ HTTP/1.1" 200 -
201.245.192.253 - - [09/May/2023:01:42:24 -0500] "POST /kwsrmcab/Wsrmcab  HTTP/1.1" 200 43465
172.22.2.4 - - [09/May/2023:01:41:27 -0500] "GET /BLA/boletinlegal/ HTTP/1.1" 200 57151
216.245.221.92 - - [09/May/2023:01:43:09 -0500] "HEAD / HTTP/1.1" 200 -
66.249.70.207 - - [09/May/2023:01:46:03 -0500] "-" 408 -
45.95.169.240 - - [09/May/2023:01:46:12 -0500] "GET /config/getuser?index=0 HTTP/1.1" 404 1018
201.245.192.253 - - [09/May/2023:01:47:23 -0500] "POST /kwsrmcab/Wsrmcab  HTTP/1.1" 200 43465
213.186.1.154 - - [09/May/2023:01:47:37 -0500] "GET /images/capacitacion-en-colegios-sobre-fauna.jpg HTTP/1.1" 200 48502
172.22.2.4 - - [09/May/2023:01:46:26 -0500] "HEAD /BLA/boletinlegal/ HTTP/1.1" 200 -
216.245.221.92 - - [09/May/2023:01:48:09 -0500] "HEAD / HTTP/1.1" 200 -
34.91.239.8 - - [09/May/2023:01:48:23 -0500] "GET /inventario-de-emisiones-2020-transporte-publico-sitp-redujo-emisiones-de-pm-2-5-en-un-37.html HTTP/1.1" 200 925
172.22.2.4 - - [09/May/2023:01:47:17 -0500] "GET /BLA/boletinlegal/ HTTP/1.1" 200 58307
213.186.1.154 - - [09/May/2023:01:49:43 -0500] "GET /images/Secretar%C3%ADa-de-Ambiente-liber%C3%B3-19-animales-silvestres-Bogot%C3%A1.jpg HTTP/1.1" 406 -
201.245.192.253 - - [09/May/2023:01:52:21 -0500] "POST /kwsrmcab/Wsrmcab  HTTP/1.1" 200 43465
216.245.221.92 - - [09/May/2023:01:53:09 -0500] "HEAD / HTTP/1.1" 200 -
172.22.2.4 - - [09/May/2023:01:52:16 -0500] "HEAD /BLA/boletinlegal/ HTTP/1.1" 200 -
172.22.2.4 - - [09/May/2023:01:53:07 -0500] "GET /BLA/boletinlegal/ HTTP/1.1" 200 53114
201.245.192.253 - - [09/May/2023:01:57:20 -0500] "POST /kwsrmcab/Wsrmcab  HTTP/1.1" 200 43465
216.245.221.92 - - [09/May/2023:01:58:09 -0500] "HEAD / HTTP/1.1" 200 -
186.102.26.90 - - [09/May/2023:01:58:11 -0500] "GET /kwssiamovil/sm/ldap/au?x=U2FsdGVkX1+TPJSsGJDnKARLJn6ItTrp/DaHjS4dPnZvB4mSJqmXTYTFzYUw9u6D&y=U2FsdGVkX190XAjBPi9Wt58Ip/de7nVPfWbqJxLDStM/xbwZnUfoypgxsKl4hYcu HTTP/1.1" 200 31
186.102.26.90 - - [09/May/2023:01:58:24 -0500] "GET /kwssiamovil/sm/ldap/au?x=U2FsdGVkX19RA17xoEw46qudIc8xnSr8M56TrWqmJvRUSGQVNMuwOgrKYxW2Dzth&y=U2FsdGVkX19N9RzJllvTMSvC2webtu/PbYNcyLTgzBeIOO+JISZJHBBcUrFK5BLo HTTP/1.1" 200 31
40.77.167.86 - - [09/May/2023:01:58:53 -0500] "GET /BLA/resoluciones/AUTOS%202013/2441.pdf HTTP/1.1" 200 590442
172.22.2.4 - - [09/May/2023:01:58:06 -0500] "HEAD /BLA/boletinlegal/ HTTP/1.1" 200 -
172.22.2.4 - - [09/May/2023:02:00:06 -0500] "GET /BLA/boletinlegal/actos.php HTTP/1.1" 200 9682
172.22.2.4 - - [09/May/2023:01:58:57 -0500] "GET /BLA/boletinlegal/ HTTP/1.1" 200 54808
172.22.2.4 - - [09/May/2023:02:01:06 -0500] "GET /BLA/boletinlegal/actos.php HTTP/1.1" 200 9682
201.245.192.253 - - [09/May/2023:02:02:18 -0500] "POST /kwsrmcab/Wsrmcab  HTTP/1.1" 200 43465
216.245.221.92 - - [09/May/2023:02:03:09 -0500] "HEAD / HTTP/1.1" 200 -
172.22.2.4 - - [09/May/2023:02:04:01 -0500] "GET /BLA/boletinlegal/?XDEBUG_SESSION_START=phpstorm HTTP/1.1" 200 28619
172.22.2.4 - - [09/May/2023:02:03:56 -0500] "HEAD /BLA/boletinlegal/ HTTP/1.1" 200 -
172.22.2.4 - - [09/May/2023:02:04:47 -0500] "GET /BLA/boletinlegal/ HTTP/1.1" 200 57151
186.102.26.90 - - [09/May/2023:02:06:46 -0500] "GET /kwssiamovil/sm/ldap/au?x=U2FsdGVkX1+5VrD58Jqcy/9hCQrKmrDOa2JeLF8erISUExhAMOCw1u4laUQOoGaA&y=U2FsdGVkX19bbbn+TUmRKEaTncO6Uc4mufGBuTNBIxOd+IidOm0bpGfWhLEjNGOd HTTP/1.1" 200 31
186.102.26.90 - - [09/May/2023:02:06:49 -0500] "GET /kwssiamovil/sm/ldap/au?x=U2FsdGVkX186AGjRKqdNVk/RiX280nBcSe7JO7mSzDrWDCfJCBcnIa54QXdXdDpg&y=U2FsdGVkX1/HOO/IefXkXAeG16PRQPZgpFY3xH0M/F82xM4/VQJsvPmk/ftUCbfK HTTP/1.1" 200 31
201.245.192.253 - - [09/May/2023:02:07:17 -0500] "POST /kwsrmcab/Wsrmcab  HTTP/1.1" 200 43465
40.77.167.84 - - [09/May/2023:02:07:31 -0500] "GET /dia-nacional-del-arbol-atributos-y-caracteristicas-de-las-especies-representativas-de-bogota.html HTTP/1.1" 200 809
216.245.221.92 - - [09/May/2023:02:08:09 -0500] "HEAD / HTTP/1.1" 200 -
200.118.60.119 - - [09/May/2023:02:08:11 -0500] "GET /BLA/resoluciones/index.php?dir=AUTOS+2017%2F HTTP/1.1" 200 468646
31.13.127.117 - - [09/May/2023:02:09:17 -0500] "GET /images/incautan-animales-semana-santa-2023.jpeg HTTP/1.1" 200 36611
172.22.2.4 - - [09/May/2023:02:09:46 -0500] "HEAD /BLA/boletinlegal/ HTTP/1.1" 200 -
172.22.2.4 - - [09/May/2023:02:10:37 -0500] "GET /BLA/boletinlegal/ HTTP/1.1" 200 57561
201.245.192.253 - - [09/May/2023:02:12:15 -0500] "POST /kwsrmcab/Wsrmcab  HTTP/1.1" 200 43465
216.245.221.92 - - [09/May/2023:02:13:09 -0500] "HEAD / HTTP/1.1" 200 -
66.249.70.210 - - [09/May/2023:02:16:03 -0500] "-" 408 -
201.245.192.253 - - [09/May/2023:02:17:12 -0500] "POST /kwsrmcab/Wsrmcab  HTTP/1.1" 200 43465
172.22.2.4 - - [09/May/2023:02:15:36 -0500] "HEAD /BLA/boletinlegal/ HTTP/1.1" 200 -
172.22.2.4 - - [09/May/2023:02:16:27 -0500] "GET /BLA/boletinlegal/ HTTP/1.1" 200 57151
216.245.221.92 - - [09/May/2023:02:18:09 -0500] "HEAD / HTTP/1.1" 200 -
201.245.192.253 - - [09/May/2023:02:19:35 -0500] "POST /kwsrmcab/Wsrmcab HTTP/1.1" 200 42986
201.245.192.253 - - [09/May/2023:02:19:37 -0500] "POST /kwsrmcab/Wsrmcab HTTP/1.1" 200 43476
201.245.192.253 - - [09/May/2023:02:22:11 -0500] "POST /kwsrmcab/Wsrmcab  HTTP/1.1" 200 43465
172.22.2.4 - - [09/May/2023:02:21:26 -0500] "HEAD /BLA/boletinlegal/ HTTP/1.1" 200 -
216.245.221.92 - - [09/May/2023:02:23:09 -0500] "HEAD / HTTP/1.1" 200 -
172.22.2.4 - - [09/May/2023:02:22:17 -0500] "GET /BLA/boletinlegal/ HTTP/1.1" 200 55221
201.245.192.253 - - [09/May/2023:02:27:11 -0500] "POST /kwsrmcab/Wsrmcab  HTTP/1.1" 200 43465
66.249.70.172 - - [09/May/2023:02:28:07 -0500] "GET /colegios-de-bogota-unidos-por-la-proteccion-de-la-fauna-silvestre.html HTTP/1.1" 200 765
216.245.221.92 - - [09/May/2023:02:28:09 -0500] "HEAD / HTTP/1.1" 200 -
172.22.2.4 - - [09/May/2023:02:27:16 -0500] "HEAD /BLA/boletinlegal/ HTTP/1.1" 200 -
201.245.192.253 - - [09/May/2023:02:29:34 -0500] "POST /kwsrmcab/Wsrmcab HTTP/1.1" 200 42986
201.245.192.253 - - [09/May/2023:02:29:37 -0500] "POST /kwsrmcab/Wsrmcab HTTP/1.1" 200 43476
172.22.2.4 - - [09/May/2023:02:28:07 -0500] "GET /BLA/boletinlegal/ HTTP/1.1" 200 57561
201.245.192.253 - - [09/May/2023:02:32:10 -0500] "POST /kwsrmcab/Wsrmcab  HTTP/1.1" 200 43465
216.245.221.92 - - [09/May/2023:02:33:09 -0500] "HEAD / HTTP/1.1" 200 -
34.32.182.52 - - [09/May/2023:02:33:20 -0500] "GET /inventario-de-emisiones-2020-transporte-publico-sitp-redujo-emisiones-de-pm-2-5-en-un-37.html HTTP/1.1" 200 925
198.235.24.10 - - [09/May/2023:02:33:56 -0500] "GET / HTTP/1.0" 200 319
172.22.2.4 - - [09/May/2023:02:33:06 -0500] "HEAD /BLA/boletinlegal/ HTTP/1.1" 200 -
34.147.12.168 - - [09/May/2023:02:35:07 -0500] "GET /inventario-de-emisiones-2020-transporte-publico-sitp-redujo-emisiones-de-pm-2-5-en-un-37.html HTTP/1.1" 200 925
172.22.2.4 - - [09/May/2023:02:33:57 -0500] "GET /BLA/boletinlegal/ HTTP/1.1" 200 53924
172.22.2.4 - - [09/May/2023:02:36:24 -0500] "GET /BLA/boletinlegal/actos.php HTTP/1.1" 200 9682
201.245.192.253 - - [09/May/2023:02:37:08 -0500] "POST /kwsrmcab/Wsrmcab  HTTP/1.1" 200 43465
40.77.167.84 - - [09/May/2023:02:38:08 -0500] "GET /en-semana-santa-realice-sus-tramites-ante-la-secretaria-de-ambiente-de-forma-virtual.html HTTP/1.1" 200 835
216.245.221.92 - - [09/May/2023:02:38:09 -0500] "HEAD / HTTP/1.1" 200 -
35.204.132.240 - - [09/May/2023:02:38:41 -0500] "GET /inventario-de-emisiones-2020-transporte-publico-sitp-redujo-emisiones-de-pm-2-5-en-un-37.html HTTP/1.1" 200 925
201.245.192.253 - - [09/May/2023:02:39:34 -0500] "POST /kwsrmcab/Wsrmcab HTTP/1.1" 200 42986
201.245.192.253 - - [09/May/2023:02:39:36 -0500] "POST /kwsrmcab/Wsrmcab HTTP/1.1" 200 43476
69.171.249.17 - - [09/May/2023:02:39:55 -0500] "GET /images/Adopcion-gatos-y-perros-en-bogota-abril-23.jpeg HTTP/1.1" 200 68661
69.171.249.119 - - [09/May/2023:02:39:55 -0500] "GET /images/WhatsApp%20Image%202023-04-05%20at%2013.54.41.jpeg HTTP/1.1" 200 210747
172.22.2.4 - - [09/May/2023:02:38:56 -0500] "HEAD /BLA/boletinlegal/ HTTP/1.1" 200 -
172.22.2.4 - - [09/May/2023:02:39:47 -0500] "GET /BLA/boletinlegal/ HTTP/1.1" 200 59306
34.32.182.52 - - [09/May/2023:02:41:51 -0500] "GET /inventario-de-emisiones-2020-transporte-publico-sitp-redujo-emisiones-de-pm-2-5-en-un-37.html HTTP/1.1" 200 925
201.245.192.253 - - [09/May/2023:02:42:07 -0500] "POST /kwsrmcab/Wsrmcab  HTTP/1.1" 200 43465
216.245.221.92 - - [09/May/2023:02:43:09 -0500] "HEAD / HTTP/1.1" 200 -
66.249.70.213 - - [09/May/2023:02:46:03 -0500] "-" 408 -
172.22.2.4 - - [09/May/2023:02:44:46 -0500] "HEAD /BLA/boletinlegal/ HTTP/1.1" 200 -
201.245.192.253 - - [09/May/2023:02:47:06 -0500] "POST /kwsrmcab/Wsrmcab  HTTP/1.1" 200 43465
172.22.2.4 - - [09/May/2023:02:45:37 -0500] "GET /BLA/boletinlegal/ HTTP/1.1" 200 57561
216.245.221.92 - - [09/May/2023:02:48:09 -0500] "HEAD / HTTP/1.1" 200 -
64.124.8.49 - - [09/May/2023:02:50:18 -0500] "GET /portaldeninos/wp-content/uploads/2020/11/Santa-Mar%C3%ADa-B-1024x576.jpg HTTP/1.1" 200 146269
64.124.8.49 - - [09/May/2023:02:50:39 -0500] "GET /portaldeninos/wp-content/uploads/2021/11/plantacion-ni%C3%B1os-humedal-la-conejera-ni%C3%B1os-20-junio-960x750.jpg HTTP/1.1" 304 -
64.124.8.49 - - [09/May/2023:02:50:39 -0500] "GET /portaldeninos/wp-content/uploads/2018/11/tigrillo.jpg HTTP/1.1" 200 402961
179.43.177.243 - - [09/May/2023:02:50:56 -0500] "GET / HTTP/1.1" 200 319
201.245.192.253 - - [09/May/2023:02:52:05 -0500] "POST /kwsrmcab/Wsrmcab  HTTP/1.1" 200 43465
172.22.2.4 - - [09/May/2023:02:50:36 -0500] "HEAD /BLA/boletinlegal/ HTTP/1.1" 200 -
172.22.2.4 - - [09/May/2023:02:51:27 -0500] "GET /BLA/boletinlegal/ HTTP/1.1" 200 57561
216.245.221.92 - - [09/May/2023:02:53:09 -0500] "HEAD / HTTP/1.1" 200 -
201.245.192.253 - - [09/May/2023:02:57:04 -0500] "POST /kwsrmcab/Wsrmcab  HTTP/1.1" 200 43465
172.22.2.4 - - [09/May/2023:02:56:26 -0500] "HEAD /BLA/boletinlegal/ HTTP/1.1" 200 -
216.245.221.92 - - [09/May/2023:02:58:09 -0500] "HEAD / HTTP/1.1" 200 -
172.22.2.4 - - [09/May/2023:02:57:17 -0500] "GET /BLA/boletinlegal/ HTTP/1.1" 200 57151
172.22.2.4 - - [09/May/2023:02:59:06 -0500] "GET /BLA/boletinlegal/sugerencias.php HTTP/1.1" 200 8615
45.95.169.240 - - [09/May/2023:03:01:24 -0500] "GET /config/getuser?index=0 HTTP/1.1" 404 1018
201.245.192.253 - - [09/May/2023:03:02:02 -0500] "POST /kwsrmcab/Wsrmcab  HTTP/1.1" 200 43465
216.245.221.92 - - [09/May/2023:03:03:09 -0500] "HEAD / HTTP/1.1" 200 -
172.22.2.4 - - [09/May/2023:03:02:16 -0500] "HEAD /BLA/boletinlegal/ HTTP/1.1" 200 -
172.22.2.4 - - [09/May/2023:03:04:35 -0500] "OPTIONS /BLA/boletinlegal/style.css HTTP/1.1" 200 -
172.22.2.4 - - [09/May/2023:03:04:35 -0500] "OPTIONS /BLA/boletinlegal/styles2.css HTTP/1.1" 200 -
172.22.2.4 - - [09/May/2023:03:04:35 -0500] "OPTIONS /BLA/boletinlegal/js/jquery.scrollTo-min.js HTTP/1.1" 200 -
172.22.2.4 - - [09/May/2023:03:04:35 -0500] "OPTIONS /BLA/boletinlegal/js/jquery.scrollShow.js HTTP/1.1" 200 -
172.22.2.4 - - [09/May/2023:03:04:35 -0500] "OPTIONS /BLA/boletinlegal/js/jquery.js HTTP/1.1" 200 -
172.22.2.4 - - [09/May/2023:03:04:35 -0500] "OPTIONS /BLA/boletinlegal/images/subscribe-icon-big.png HTTP/1.1" 200 -
172.22.2.4 - - [09/May/2023:03:04:35 -0500] "OPTIONS /BLA/boletinlegal/images/cabezote%20BLEGAL.jpg HTTP/1.1" 200 -
172.22.2.4 - - [09/May/2023:03:04:35 -0500] "OPTIONS /BLA/boletinlegal/images/registro-usuarios.png HTTP/1.1" 200 -
172.22.2.4 - - [09/May/2023:03:04:35 -0500] "OPTIONS /BLA/boletinlegal/images/arr_l.jpg HTTP/1.1" 200 -
172.22.2.4 - - [09/May/2023:03:04:35 -0500] "OPTIONS /BLA/boletinlegal/images/screen_1.png HTTP/1.1" 200 -
172.22.2.4 - - [09/May/2023:03:04:35 -0500] "OPTIONS /BLA/boletinlegal/images/historia.png HTTP/1.1" 200 -
172.22.2.4 - - [09/May/2023:03:04:35 -0500] "OPTIONS /BLA/boletinlegal/images/launch.jpg HTTP/1.1" 200 -
172.22.2.4 - - [09/May/2023:03:04:35 -0500] "OPTIONS /BLA/boletinlegal/images/body_bg.jpg HTTP/1.1" 200 -
172.22.2.4 - - [09/May/2023:03:04:35 -0500] "OPTIONS /BLA/boletinlegal/images/bg_top.jpg HTTP/1.1" 200 -
172.22.2.4 - - [09/May/2023:03:04:35 -0500] "OPTIONS /BLA/boletinlegal/images/menu_lft.gif HTTP/1.1" 200 -
172.22.2.4 - - [09/May/2023:03:04:35 -0500] "OPTIONS /BLA/boletinlegal/images/menu_rght.gif HTTP/1.1" 200 -
172.22.2.4 - - [09/May/2023:03:04:35 -0500] "OPTIONS /BLA/boletinlegal/images/menu_bg.jpg HTTP/1.1" 200 -
172.22.2.4 - - [09/May/2023:03:04:35 -0500] "OPTIONS /BLA/boletinlegal/images/hover.jpg HTTP/1.1" 200 -
172.22.2.4 - - [09/May/2023:03:04:35 -0500] "OPTIONS /BLA/boletinlegal/images/text.jpg HTTP/1.1" 200 -
172.22.2.4 - - [09/May/2023:03:04:36 -0500] "GET /BLA/boletinlegal/actos.php HTTP/1.1" 200 9682
172.22.2.4 - - [09/May/2023:03:04:36 -0500] "OPTIONS /BLA/boletinlegal/niceforms.js HTTP/1.1" 200 -
172.22.2.4 - - [09/May/2023:03:04:36 -0500] "OPTIONS /BLA/boletinlegal/js/jquery1.js HTTP/1.1" 200 -
172.22.2.4 - - [09/May/2023:03:04:36 -0500] "OPTIONS /BLA/boletinlegal/niceforms-default.css HTTP/1.1" 200 -
172.22.2.4 - - [09/May/2023:03:04:36 -0500] "OPTIONS /BLA/boletinlegal/js/lib.js HTTP/1.1" 200 -
172.22.2.4 - - [09/May/2023:03:04:36 -0500] "OPTIONS /BLA/boletinlegal/js/ajax_actos.js HTTP/1.1" 200 -
172.22.2.4 - - [09/May/2023:03:04:36 -0500] "OPTIONS /BLA/boletinlegal/js/popup.js HTTP/1.1" 200 -
172.22.2.4 - - [09/May/2023:03:04:37 -0500] "OPTIONS /BLA/boletinlegal/images/green-yellow-blue-pink-th.png HTTP/1.1" 200 -
172.22.2.4 - - [09/May/2023:03:04:37 -0500] "OPTIONS /BLA/boletinlegal/images/tel.png HTTP/1.1" 200 -
172.22.2.4 - - [09/May/2023:03:04:37 -0500] "OPTIONS /BLA/boletinlegal/images/footer_bg_l.jpg HTTP/1.1" 200 -
172.22.2.4 - - [09/May/2023:03:04:37 -0500] "OPTIONS /BLA/boletinlegal/images/icono-email.png HTTP/1.1" 200 -
172.22.2.4 - - [09/May/2023:03:04:37 -0500] "OPTIONS /BLA/boletinlegal/images/footer_bg.jpg HTTP/1.1" 200 -
172.22.2.4 - - [09/May/2023:03:04:37 -0500] "OPTIONS /BLA/boletinlegal/img/button.png HTTP/1.1" 200 -
172.22.2.4 - - [09/May/2023:03:04:37 -0500] "OPTIONS /BLA/boletinlegal/img/select-left.png HTTP/1.1" 200 -
172.22.2.4 - - [09/May/2023:03:04:37 -0500] "OPTIONS /BLA/boletinlegal/img/0.png HTTP/1.1" 200 -
172.22.2.4 - - [09/May/2023:03:04:37 -0500] "OPTIONS /BLA/boletinlegal/img/select-right.png HTTP/1.1" 200 -
172.22.2.4 - - [09/May/2023:03:04:37 -0500] "OPTIONS /BLA/boletinlegal/img/button-left.png HTTP/1.1" 200 -
172.22.2.4 - - [09/May/2023:03:04:37 -0500] "OPTIONS /BLA/boletinlegal/img/button-right.png HTTP/1.1" 200 -
172.22.2.4 - - [09/May/2023:03:03:07 -0500] "GET /BLA/boletinlegal/ HTTP/1.1" 200 51977
172.22.2.4 - - [09/May/2023:03:04:52 -0500] "GET /BLA/boletinlegal/consulta_actos.php?tipo=autos&no=2434&usuario=&sector=&fecha=2019&resuelve= HTTP/1.1" 200 1348
181.58.60.135 - - [09/May/2023:03:04:55 -0500] "GET /BLA/resoluciones/AUTOS%202019/2434.pdf HTTP/1.1" 200 334300
172.22.2.4 - - [09/May/2023:03:04:57 -0500] "GET /BLA/boletinlegal/favicon.ico HTTP/1.1" 404 1326
172.22.2.4 - - [09/May/2023:03:04:35 -0500] "GET /BLA/boletinlegal/ HTTP/1.1" 200 24523
66.249.70.168 - - [09/May/2023:03:05:58 -0500] "GET /secretaria-de-ambiente-recuerda-a-comerciantes-implementar-o-actualizar-el-programa-de-uso-racional-de-bolsas-plasticas.html HTTP/1.1" 200 1160
157.90.254.89 - - [09/May/2023:03:06:47 -0500] "GET / HTTP/1.1" 200 319
168.119.253.13 - - [09/May/2023:03:06:57 -0500] "GET / HTTP/1.1" 200 319
201.245.192.253 - - [09/May/2023:03:07:01 -0500] "POST /kwsrmcab/Wsrmcab  HTTP/1.1" 200 43465
172.22.2.4 - - [09/May/2023:03:07:38 -0500] "GET /BLA/boletinlegal/jurisprudencia/analisis/Analisis%20Jurisprudencia%20Sent%202000-00005-01.doc HTTP/1.1" 304 -
216.245.221.92 - - [09/May/2023:03:08:09 -0500] "HEAD / HTTP/1.1" 200 -
172.22.2.4 - - [09/May/2023:03:08:59 -0500] "GET /BLA/boletinlegal/actos.php HTTP/1.1" 200 9682
172.22.2.4 - - [09/May/2023:03:08:06 -0500] "HEAD /BLA/boletinlegal/ HTTP/1.1" 200 -
34.32.205.44 - - [09/May/2023:03:10:06 -0500] "GET /inventario-de-emisiones-2020-transporte-publico-sitp-redujo-emisiones-de-pm-2-5-en-un-37.html HTTP/1.1" 200 925
172.22.2.4 - - [09/May/2023:03:08:57 -0500] "GET /BLA/boletinlegal/ HTTP/1.1" 200 57945
201.245.192.253 - - [09/May/2023:03:12:00 -0500] "POST /kwsrmcab/Wsrmcab  HTTP/1.1" 200 43465
172.22.2.4 - - [09/May/2023:03:10:40 -0500] "GET /BLA/boletinlegal/ HTTP/1.1" 200 61759
216.245.221.92 - - [09/May/2023:03:13:09 -0500] "HEAD / HTTP/1.1" 200 -
172.22.2.4 - - [09/May/2023:03:13:56 -0500] "HEAD /BLA/boletinlegal/ HTTP/1.1" 200 -
172.22.2.4 - - [09/May/2023:03:14:47 -0500] "GET /BLA/boletinlegal/ HTTP/1.1" 200 58663
201.245.192.253 - - [09/May/2023:03:17:00 -0500] "POST /kwsrmcab/Wsrmcab  HTTP/1.1" 200 43465
172.22.2.4 - - [09/May/2023:03:17:29 -0500] "GET /BLA/boletinlegal/jurisprudencia/analisis/ANALISIST-672-14.docx HTTP/1.1" 304 -
216.245.221.92 - - [09/May/2023:03:18:09 -0500] "HEAD / HTTP/1.1" 200 -
173.252.79.116 - - [09/May/2023:03:18:49 -0500] "GET /con-actividades-pedagogicas-y-recorrido-interpretativo-bogota-conmemora-el-dia-internacional-de-los-anfibios.html HTTP/1.1" 206 964
40.77.167.86 - - [09/May/2023:03:19:09 -0500] "GET /Publicaciones/2023EE73603.pdf HTTP/1.1" 404 227
34.32.203.96 - - [09/May/2023:03:19:13 -0500] "GET /inventario-de-emisiones-2020-transporte-publico-sitp-redujo-emisiones-de-pm-2-5-en-un-37.html HTTP/1.1" 200 925
201.245.192.253 - - [09/May/2023:03:19:34 -0500] "POST /kwsrmcab/Wsrmcab HTTP/1.1" 200 42992
201.245.192.253 - - [09/May/2023:03:19:37 -0500] "POST /kwsrmcab/Wsrmcab HTTP/1.1" 200 43468
172.22.2.4 - - [09/May/2023:03:19:46 -0500] "HEAD /BLA/boletinlegal/ HTTP/1.1" 200 -
201.245.192.253 - - [09/May/2023:03:21:59 -0500] "POST /kwsrmcab/Wsrmcab  HTTP/1.1" 200 43465
157.90.254.89 - - [09/May/2023:03:24:23 -0500] "GET / HTTP/1.1" 200 319
168.119.253.85 - - [09/May/2023:03:24:33 -0500] "GET / HTTP/1.1" 200 319
216.245.221.92 - - [09/May/2023:03:25:55 -0500] "HEAD / HTTP/1.1" 200 -
201.245.192.253 - - [09/May/2023:03:26:58 -0500] "POST /kwsrmcab/Wsrmcab  HTTP/1.1" 200 43465
172.22.2.4 - - [09/May/2023:03:25:44 -0500] "HEAD /BLA/boletinlegal/ HTTP/1.1" 200 -
172.22.2.4 - - [09/May/2023:03:26:35 -0500] "GET /BLA/boletinlegal/ HTTP/1.1" 200 59306
201.245.192.253 - - [09/May/2023:03:29:34 -0500] "POST /kwsrmcab/Wsrmcab HTTP/1.1" 200 42992
201.245.192.253 - - [09/May/2023:03:29:37 -0500] "POST /kwsrmcab/Wsrmcab HTTP/1.1" 200 43468
66.249.70.173 - - [09/May/2023:03:29:57 -0500] "-" 408 -
216.245.221.92 - - [09/May/2023:03:30:55 -0500] "HEAD / HTTP/1.1" 200 -
201.245.192.253 - - [09/May/2023:03:31:56 -0500] "POST /kwsrmcab/Wsrmcab  HTTP/1.1" 200 43465
172.22.2.4 - - [09/May/2023:03:31:34 -0500] "HEAD /BLA/boletinlegal/ HTTP/1.1" 200 -
172.22.2.4 - - [09/May/2023:03:32:24 -0500] "GET /BLA/boletinlegal/ HTTP/1.1" 200 55221
216.245.221.92 - - [09/May/2023:03:35:55 -0500] "HEAD / HTTP/1.1" 200 -
201.245.192.253 - - [09/May/2023:03:36:54 -0500] "POST /kwsrmcab/Wsrmcab  HTTP/1.1" 200 43465
172.22.2.4 - - [09/May/2023:03:37:24 -0500] "HEAD /BLA/boletinlegal/ HTTP/1.1" 200 -
40.77.167.94 - - [09/May/2023:03:39:33 -0500] "GET /bla/resoluciones/resoluciones%202007/res%202007%202401%20al%202500/RESOLUCION%202488%20DE%202007.pdf HTTP/1.1" 304 -
201.245.192.253 - - [09/May/2023:03:39:34 -0500] "POST /kwsrmcab/Wsrmcab HTTP/1.1" 200 42992
201.245.192.253 - - [09/May/2023:03:39:36 -0500] "POST /kwsrmcab/Wsrmcab HTTP/1.1" 200 43468
172.22.2.4 - - [09/May/2023:03:38:14 -0500] "GET /BLA/boletinlegal/ HTTP/1.1" 200 55221
66.249.70.213 - - [09/May/2023:03:40:04 -0500] "-" 408 -
216.245.221.92 - - [09/May/2023:03:40:55 -0500] "HEAD / HTTP/1.1" 200 -
199.16.157.180 - - [09/May/2023:03:40:58 -0500] "GET /images/pot-humedales-2-octubre.jpg HTTP/1.1" 200 53089
52.167.144.33 - - [09/May/2023:03:41:42 -0500] "GET /secretaria-de-ambiente-suspende-tres-hornos-crematorios-de-bogota-por-contaminacion-del-aire.html HTTP/1.1" 200 927
201.245.192.253 - - [09/May/2023:03:41:53 -0500] "POST /kwsrmcab/Wsrmcab  HTTP/1.1" 200 43465
172.22.2.4 - - [09/May/2023:03:43:14 -0500] "HEAD /BLA/boletinlegal/ HTTP/1.1" 200 -
172.22.2.4 - - [09/May/2023:03:44:05 -0500] "GET /BLA/boletinlegal/ HTTP/1.1" 200 59306
216.245.221.92 - - [09/May/2023:03:45:55 -0500] "HEAD / HTTP/1.1" 200 -
201.245.192.253 - - [09/May/2023:03:46:52 -0500] "POST /kwsrmcab/Wsrmcab  HTTP/1.1" 200 43465
172.22.2.4 - - [09/May/2023:03:49:04 -0500] "HEAD /BLA/boletinlegal/ HTTP/1.1" 200 -
216.245.221.92 - - [09/May/2023:03:50:55 -0500] "HEAD / HTTP/1.1" 200 -
172.22.2.4 - - [09/May/2023:03:49:54 -0500] "GET /BLA/boletinlegal/ HTTP/1.1" 200 57945
201.245.192.253 - - [09/May/2023:03:51:51 -0500] "POST /kwsrmcab/Wsrmcab  HTTP/1.1" 200 43465
172.22.2.4 - - [09/May/2023:03:54:07 -0500] "GET /BLA/boletinlegal/ HTTP/1.1" 200 36811
216.245.221.92 - - [09/May/2023:03:55:55 -0500] "HEAD / HTTP/1.1" 200 -
172.22.2.4 - - [09/May/2023:03:54:54 -0500] "HEAD /BLA/boletinlegal/ HTTP/1.1" 200 -
201.245.192.253 - - [09/May/2023:03:56:49 -0500] "POST /kwsrmcab/Wsrmcab  HTTP/1.1" 200 43465
172.22.2.4 - - [09/May/2023:03:55:44 -0500] "GET /BLA/boletinlegal/ HTTP/1.1" 200 59306
216.245.221.92 - - [09/May/2023:04:00:55 -0500] "HEAD / HTTP/1.1" 200 -
201.245.192.253 - - [09/May/2023:04:01:47 -0500] "POST /kwsrmcab/Wsrmcab  HTTP/1.1" 200 43465
172.22.2.4 - - [09/May/2023:04:00:44 -0500] "HEAD /BLA/boletinlegal/ HTTP/1.1" 200 -
172.22.2.4 - - [09/May/2023:04:01:34 -0500] "GET /BLA/boletinlegal/ HTTP/1.1" 200 57561
216.245.221.92 - - [09/May/2023:04:05:55 -0500] "HEAD / HTTP/1.1" 200 -
201.245.192.253 - - [09/May/2023:04:06:47 -0500] "POST /kwsrmcab/Wsrmcab  HTTP/1.1" 200 43465
172.22.2.4 - - [09/May/2023:04:06:34 -0500] "HEAD /BLA/boletinlegal/ HTTP/1.1" 200 -
172.22.2.4 - - [09/May/2023:04:07:24 -0500] "GET /BLA/boletinlegal/ HTTP/1.1" 200 52326
216.245.221.92 - - [09/May/2023:04:10:55 -0500] "HEAD / HTTP/1.1" 200 -
201.245.192.253 - - [09/May/2023:04:11:46 -0500] "POST /kwsrmcab/Wsrmcab  HTTP/1.1" 200 43465
66.249.84.77 - - [09/May/2023:04:12:25 -0500] "GET /BLA/boletinlegal/js/jquery.scrollShow.js HTTP/1.1" 200 4586
66.249.84.77 - - [09/May/2023:04:12:25 -0500] "GET /galeria/galeria/jquery.fancybox.js?v=2.1.5 HTTP/1.1" 200 48706
66.249.84.77 - - [09/May/2023:04:12:25 -0500] "GET /galeria/galeria/jquery.fancybox.css?v=2.1.5 HTTP/1.1" 200 4895
66.249.84.77 - - [09/May/2023:04:12:30 -0500] "GET /galeria/carrusel/Carrusel/jquery.thumbnailScroller.css HTTP/1.1" 200 2066
66.249.84.75 - - [09/May/2023:04:12:30 -0500] "GET /galeria/carrusel/Carrusel/jquery-ui-1.8.13.custom.min.js HTTP/1.1" 200 10800
66.249.84.75 - - [09/May/2023:04:12:30 -0500] "GET /galeria/carrusel/Carrusel/jquery.thumbnailScroller.js HTTP/1.1" 200 8157
66.249.84.73 - - [09/May/2023:04:12:30 -0500] "GET /galeria/nivo-slider/demo/banner.html HTTP/1.1" 200 5446
66.249.84.75 - - [09/May/2023:04:12:31 -0500] "GET /galeria/nivo-slider/themes/default/default.css HTTP/1.1" 200 1569
66.249.84.77 - - [09/May/2023:04:12:31 -0500] "GET /galeria/nivo-slider/themes/pascal/pascal.css HTTP/1.1" 200 2258
66.249.84.77 - - [09/May/2023:04:12:31 -0500] "GET /galeria/nivo-slider/themes/orman/orman.css HTTP/1.1" 200 2152
66.249.84.75 - - [09/May/2023:04:12:31 -0500] "GET /galeria/nivo-slider/nivo-slider.css HTTP/1.1" 200 1507
66.249.84.75 - - [09/May/2023:04:12:31 -0500] "GET /galeria/nivo-slider/jquery.nivo.slider.pack.js HTTP/1.1" 200 11561
66.249.84.73 - - [09/May/2023:04:12:31 -0500] "GET /galeria/nivo-slider/demo/scripts/jquery-1.7.1.min.js HTTP/1.1" 200 93868
