172.22.2.4 - - [15/May/2023:04:49:50 -0500] "GET /BLA/boletinlegal/jurisprudencia/analisis/CUADRO%20ANALISIS%20SENTENCIA%20T-411%20DE%201992.doc HTTP/1.1" 200 41984
118.184.177.63 - - [15/May/2023:04:49:57 -0500] "GET / HTTP/1.1" 200 319
172.22.2.4 - - [15/May/2023:04:48:55 -0500] "HEAD /BLA/boletinlegal/ HTTP/1.1" 200 -
201.245.192.253 - - [15/May/2023:04:51:09 -0500] "POST /kwsrmcab/Wsrmcab  HTTP/1.1" 200 43465
172.22.2.4 - - [15/May/2023:04:49:45 -0500] "GET /BLA/boletinlegal/ HTTP/1.1" 200 57151
216.245.221.92 - - [15/May/2023:04:52:48 -0500] "HEAD / HTTP/1.1" 200 -
168.119.253.32 - - [15/May/2023:04:52:54 -0500] "GET / HTTP/1.1" 200 319
172.22.2.4 - - [15/May/2023:04:52:40 -0500] "GET /BLA/boletinlegal/ HTTP/1.1" 200 20427
207.46.13.211 - - [15/May/2023:04:55:00 -0500] "GET /BLA/resoluciones/RESOLUCIONES%202022/2372.pdf HTTP/1.1" 304 -
201.245.192.253 - - [15/May/2023:04:56:08 -0500] "POST /kwsrmcab/Wsrmcab  HTTP/1.1" 200 43465
172.22.2.4 - - [15/May/2023:04:54:45 -0500] "HEAD /BLA/boletinlegal/ HTTP/1.1" 200 -
66.249.66.71 - - [15/May/2023:04:57:09 -0500] "-" 408 -
172.22.2.4 - - [15/May/2023:04:55:35 -0500] "GET /BLA/boletinlegal/ HTTP/1.1" 200 56754
216.245.221.92 - - [15/May/2023:04:57:48 -0500] "HEAD / HTTP/1.1" 200 -
40.77.167.146 - - [15/May/2023:05:01:08 -0500] "GET /BLA/resoluciones/RESOLUCIONES%202021/5262.pdf HTTP/1.1" 304 -
201.245.192.253 - - [15/May/2023:05:01:07 -0500] "POST /kwsrmcab/Wsrmcab  HTTP/1.1" 200 43465
172.22.2.4 - - [15/May/2023:05:00:35 -0500] "HEAD /BLA/boletinlegal/ HTTP/1.1" 200 -
216.245.221.92 - - [15/May/2023:05:02:48 -0500] "HEAD / HTTP/1.1" 200 -
172.22.2.4 - - [15/May/2023:05:01:25 -0500] "GET /BLA/boletinlegal/ HTTP/1.1" 200 57945
38.32.70.140 - - [15/May/2023:05:04:04 -0500] "GET /galeria/galeria/fotos/Jaboque4P.jpg HTTP/1.1" 200 27446
40.77.167.97 - - [15/May/2023:05:05:10 -0500] "GET /BLA/resoluciones/AUTOS%202021/2938.pdf HTTP/1.1" 304 -
40.77.167.97 - - [15/May/2023:05:05:27 -0500] "GET /BLA/resoluciones/AUTOS%202021/6347.pdf HTTP/1.1" 304 -
201.245.192.253 - - [15/May/2023:05:06:05 -0500] "POST /kwsrmcab/Wsrmcab  HTTP/1.1" 200 43465
216.245.221.92 - - [15/May/2023:05:07:48 -0500] "HEAD / HTTP/1.1" 200 -
172.22.2.4 - - [15/May/2023:05:06:25 -0500] "HEAD /BLA/boletinlegal/ HTTP/1.1" 200 -
172.22.2.4 - - [15/May/2023:05:07:15 -0500] "GET /BLA/boletinlegal/ HTTP/1.1" 200 57945
201.245.192.253 - - [15/May/2023:05:11:04 -0500] "POST /kwsrmcab/Wsrmcab  HTTP/1.1" 200 43465
216.245.221.92 - - [15/May/2023:05:12:48 -0500] "HEAD / HTTP/1.1" 200 -
172.22.2.4 - - [15/May/2023:05:12:15 -0500] "HEAD /BLA/boletinlegal/ HTTP/1.1" 200 -
40.77.167.146 - - [15/May/2023:05:14:10 -0500] "GET /sipse/faces/index.xhtml HTTP/1.1" 200 677
172.22.2.4 - - [15/May/2023:05:13:05 -0500] "GET /BLA/boletinlegal/ HTTP/1.1" 200 58663
201.245.192.253 - - [15/May/2023:05:16:03 -0500] "POST /kwsrmcab/Wsrmcab  HTTP/1.1" 200 43465
1.192.192.4 - - [15/May/2023:05:16:10 -0500] "-" 408 -
66.249.77.23 - - [15/May/2023:05:16:18 -0500] "-" 408 -
27.115.124.66 - - [15/May/2023:05:17:25 -0500] "-" 408 -
216.245.221.92 - - [15/May/2023:05:17:48 -0500] "HEAD / HTTP/1.1" 200 -
172.22.2.4 - - [15/May/2023:05:17:36 -0500] "GET /BLA/boletinlegal/index.php?s=/Index/\\think\\app/invokefunction&function=call_user_func_array&vars[0]=md5&vars[1][]=HelloThinkPHP21 HTTP/1.1" 200 36811
201.245.192.253 - - [15/May/2023:05:19:04 -0500] "POST /kwsrmcab/Wsrmcab HTTP/1.1" 200 39816
201.245.192.253 - - [15/May/2023:05:19:07 -0500] "POST /kwsrmcab/Wsrmcab HTTP/1.1" 200 43821
172.22.2.4 - - [15/May/2023:05:18:05 -0500] "HEAD /BLA/boletinlegal/ HTTP/1.1" 200 -
172.22.2.4 - - [15/May/2023:05:18:55 -0500] "GET /BLA/boletinlegal/ HTTP/1.1" 200 54808
172.22.2.4 - - [15/May/2023:05:20:52 -0500] "GET /BLA/boletinlegal/ecp/Current/exporttool/microsoft.exchange.ediscovery.exporttool.application HTTP/1.1" 404 1018
201.245.192.253 - - [15/May/2023:05:21:01 -0500] "POST /kwsrmcab/Wsrmcab  HTTP/1.1" 200 43465
172.22.2.4 - - [15/May/2023:05:21:26 -0500] "GET /BLA/boletinlegal/Circulares/2022/CIRCULAR%20No.%2000003%20DEL%2007%20DE%20MARZO%20DEL%202022.pdf HTTP/1.1" 304 -
172.22.2.4 - - [15/May/2023:05:21:28 -0500] "GET /BLA/boletinlegal/owa/auth/logon.aspx HTTP/1.1" 404 1018
216.245.221.92 - - [15/May/2023:05:22:48 -0500] "HEAD / HTTP/1.1" 200 -
172.22.2.4 - - [15/May/2023:05:23:55 -0500] "HEAD /BLA/boletinlegal/ HTTP/1.1" 200 -
201.245.192.253 - - [15/May/2023:05:26:00 -0500] "POST /kwsrmcab/Wsrmcab  HTTP/1.1" 200 43465
172.22.2.4 - - [15/May/2023:05:24:45 -0500] "GET /BLA/boletinlegal/ HTTP/1.1" 200 57151
40.77.167.97 - - [15/May/2023:05:27:39 -0500] "GET /galeria/carrusel/Carrusel/jquery.thumbnailScroller.css HTTP/1.1" 200 2066
40.77.167.97 - - [15/May/2023:05:27:39 -0500] "GET /galeria/nivo-slider/themes/default/default.css HTTP/1.1" 200 1569
40.77.167.146 - - [15/May/2023:05:27:43 -0500] "GET /galeria/nivo-slider/themes/pascal/pascal.css HTTP/1.1" 200 2258
216.245.221.92 - - [15/May/2023:05:27:48 -0500] "HEAD / HTTP/1.1" 200 -
207.46.13.211 - - [15/May/2023:05:27:49 -0500] "GET /galeria/nivo-slider/jquery.nivo.slider.pack.js HTTP/1.1" 200 11561
172.22.2.4 - - [15/May/2023:05:27:49 -0500] "GET /BLA/boletinlegal/owa/auth/x.js HTTP/1.1" 404 1018
201.245.192.253 - - [15/May/2023:05:29:04 -0500] "POST /kwsrmcab/Wsrmcab HTTP/1.1" 200 39816
201.245.192.253 - - [15/May/2023:05:29:07 -0500] "POST /kwsrmcab/Wsrmcab HTTP/1.1" 200 43821
201.245.192.253 - - [15/May/2023:05:30:58 -0500] "POST /kwsrmcab/Wsrmcab  HTTP/1.1" 200 43465
172.22.2.4 - - [15/May/2023:05:29:45 -0500] "HEAD /BLA/boletinlegal/ HTTP/1.1" 200 -
172.22.2.4 - - [15/May/2023:05:30:35 -0500] "GET /BLA/boletinlegal/ HTTP/1.1" 200 59306
216.245.221.92 - - [15/May/2023:05:32:48 -0500] "HEAD / HTTP/1.1" 200 -
201.245.192.253 - - [15/May/2023:05:35:56 -0500] "POST /kwsrmcab/Wsrmcab  HTTP/1.1" 200 43465
172.22.2.4 - - [15/May/2023:05:36:57 -0500] "GET /BLA/boletinlegal/robots.txt HTTP/1.1" 404 1037
172.22.2.4 - - [15/May/2023:05:36:57 -0500] "GET /BLA/boletinlegal/robots.txt HTTP/1.1" 404 1037
172.22.2.4 - - [15/May/2023:05:35:35 -0500] "HEAD /BLA/boletinlegal/ HTTP/1.1" 200 -
216.245.221.92 - - [15/May/2023:05:37:47 -0500] "HEAD / HTTP/1.1" 200 -
172.22.2.4 - - [15/May/2023:05:36:14 -0500] "GET /BLA/boletinlegal/index.php HTTP/1.1" 200 51620
172.22.2.4 - - [15/May/2023:05:36:25 -0500] "GET /BLA/boletinlegal/ HTTP/1.1" 200 51977
66.249.77.21 - - [15/May/2023:05:38:35 -0500] "-" 408 -
201.245.192.253 - - [15/May/2023:05:39:05 -0500] "POST /kwsrmcab/Wsrmcab HTTP/1.1" 200 39816
201.245.192.253 - - [15/May/2023:05:39:07 -0500] "POST /kwsrmcab/Wsrmcab HTTP/1.1" 200 43821
40.77.167.97 - - [15/May/2023:05:40:22 -0500] "GET /BLA/resoluciones/AUTOS%202021/2139.pdf HTTP/1.1" 304 -
172.22.2.4 - - [15/May/2023:05:39:43 -0500] "GET /BLA/boletinlegal/?XDEBUG_SESSION_START=phpstorm HTTP/1.1" 200 28619
201.245.192.253 - - [15/May/2023:05:40:55 -0500] "POST /kwsrmcab/Wsrmcab  HTTP/1.1" 200 43465
180.163.220.61 - - [15/May/2023:05:41:34 -0500] "-" 408 -
216.245.221.92 - - [15/May/2023:05:42:47 -0500] "HEAD / HTTP/1.1" 200 -
172.22.2.4 - - [15/May/2023:05:41:25 -0500] "HEAD /BLA/boletinlegal/ HTTP/1.1" 200 -
172.22.2.4 - - [15/May/2023:05:42:15 -0500] "GET /BLA/boletinlegal/ HTTP/1.1" 200 57945
27.115.124.112 - - [15/May/2023:05:44:48 -0500] "-" 408 -
172.22.2.4 - - [15/May/2023:05:45:33 -0500] "GET /BLA/boletinlegal/niceforms.js HTTP/1.1" 200 22876
172.22.2.4 - - [15/May/2023:05:45:35 -0500] "GET /BLA/boletinlegal/js/ajax_normativa.js HTTP/1.1" 200 1154
40.77.167.146 - - [15/May/2023:05:45:54 -0500] "GET /sipse/faces/index.xhtml HTTP/1.1" 200 677
201.245.192.253 - - [15/May/2023:05:45:55 -0500] "POST /kwsrmcab/Wsrmcab  HTTP/1.1" 200 43465
216.245.221.92 - - [15/May/2023:05:47:47 -0500] "HEAD / HTTP/1.1" 200 -
172.22.2.4 - - [15/May/2023:05:48:07 -0500] "GET /BLA/boletinlegal/style.css HTTP/1.1" 200 9406
172.22.2.4 - - [15/May/2023:05:48:07 -0500] "GET /BLA/boletinlegal/styles2.css HTTP/1.1" 200 1838
172.22.2.4 - - [15/May/2023:05:48:07 -0500] "GET /BLA/boletinlegal/js/jquery.scrollShow.js HTTP/1.1" 200 4586
172.22.2.4 - - [15/May/2023:05:48:07 -0500] "GET /BLA/boletinlegal/js/jquery.js HTTP/1.1" 200 57254
172.22.2.4 - - [15/May/2023:05:48:07 -0500] "GET /BLA/boletinlegal/js/jquery.scrollTo-min.js HTTP/1.1" 200 1150
172.22.2.4 - - [15/May/2023:05:48:07 -0500] "GET /BLA/boletinlegal/images/cabezote%20BLEGAL.jpg HTTP/1.1" 200 118164
172.22.2.4 - - [15/May/2023:05:48:08 -0500] "GET /BLA/boletinlegal/images/subscribe-icon-big.png HTTP/1.1" 200 47702
172.22.2.4 - - [15/May/2023:05:48:08 -0500] "GET /BLA/boletinlegal/images/historia.png HTTP/1.1" 200 52775
172.22.2.4 - - [15/May/2023:05:48:08 -0500] "GET /BLA/boletinlegal/images/screen_1.png HTTP/1.1" 200 202547
172.22.2.4 - - [15/May/2023:05:48:08 -0500] "GET /BLA/boletinlegal/images/registro-usuarios.png HTTP/1.1" 200 8106
172.22.2.4 - - [15/May/2023:05:48:08 -0500] "GET /BLA/boletinlegal/images/launch.jpg HTTP/1.1" 200 14577
172.22.2.4 - - [15/May/2023:05:48:08 -0500] "GET /BLA/boletinlegal/images/arr_l.jpg HTTP/1.1" 200 1979
172.22.2.4 - - [15/May/2023:05:48:08 -0500] "GET /BLA/boletinlegal/images/body_bg.jpg HTTP/1.1" 200 1601
172.22.2.4 - - [15/May/2023:05:48:08 -0500] "GET /BLA/boletinlegal/images/menu_lft.gif HTTP/1.1" 200 1713
172.22.2.4 - - [15/May/2023:05:48:08 -0500] "GET /BLA/boletinlegal/images/menu_rght.gif HTTP/1.1" 200 1627
172.22.2.4 - - [15/May/2023:05:48:08 -0500] "GET /BLA/boletinlegal/images/bg_top.jpg HTTP/1.1" 200 522
172.22.2.4 - - [15/May/2023:05:48:08 -0500] "GET /BLA/boletinlegal/images/text.jpg HTTP/1.1" 200 568
172.22.2.4 - - [15/May/2023:05:48:08 -0500] "GET /BLA/boletinlegal/images/menu_bg.jpg HTTP/1.1" 200 620
172.22.2.4 - - [15/May/2023:05:48:08 -0500] "GET /BLA/boletinlegal/images/hover.jpg HTTP/1.1" 200 640
172.22.2.4 - - [15/May/2023:05:48:12 -0500] "GET /BLA/boletinlegal/style.css HTTP/1.1" 200 9406
172.22.2.4 - - [15/May/2023:05:48:12 -0500] "GET /BLA/boletinlegal/styles2.css HTTP/1.1" 200 1838
172.22.2.4 - - [15/May/2023:05:48:12 -0500] "GET /BLA/boletinlegal/js/jquery.scrollTo-min.js HTTP/1.1" 200 1150
172.22.2.4 - - [15/May/2023:05:48:12 -0500] "GET /BLA/boletinlegal/js/jquery.js HTTP/1.1" 200 57254
172.22.2.4 - - [15/May/2023:05:48:12 -0500] "GET /BLA/boletinlegal/js/jquery.scrollShow.js HTTP/1.1" 200 4586
172.22.2.4 - - [15/May/2023:05:48:12 -0500] "GET /BLA/boletinlegal/images/cabezote%20BLEGAL.jpg HTTP/1.1" 200 118164
172.22.2.4 - - [15/May/2023:05:48:12 -0500] "GET /BLA/boletinlegal/images/subscribe-icon-big.png HTTP/1.1" 200 47702
172.22.2.4 - - [15/May/2023:05:48:12 -0500] "GET /BLA/boletinlegal/images/historia.png HTTP/1.1" 200 52775
172.22.2.4 - - [15/May/2023:05:48:12 -0500] "GET /BLA/boletinlegal/images/registro-usuarios.png HTTP/1.1" 200 8106
172.22.2.4 - - [15/May/2023:05:48:12 -0500] "GET /BLA/boletinlegal/images/arr_l.jpg HTTP/1.1" 200 1979
172.22.2.4 - - [15/May/2023:05:48:12 -0500] "GET /BLA/boletinlegal/images/screen_1.png HTTP/1.1" 200 202547
172.22.2.4 - - [15/May/2023:05:48:12 -0500] "GET /BLA/boletinlegal/images/launch.jpg HTTP/1.1" 200 14577
172.22.2.4 - - [15/May/2023:05:48:12 -0500] "GET /BLA/boletinlegal/images/body_bg.jpg HTTP/1.1" 200 1601
172.22.2.4 - - [15/May/2023:05:48:12 -0500] "GET /BLA/boletinlegal/images/menu_lft.gif HTTP/1.1" 200 1713
172.22.2.4 - - [15/May/2023:05:48:12 -0500] "GET /BLA/boletinlegal/images/menu_rght.gif HTTP/1.1" 200 1627
172.22.2.4 - - [15/May/2023:05:48:12 -0500] "GET /BLA/boletinlegal/images/bg_top.jpg HTTP/1.1" 200 522
172.22.2.4 - - [15/May/2023:05:48:12 -0500] "GET /BLA/boletinlegal/images/menu_bg.jpg HTTP/1.1" 200 620
172.22.2.4 - - [15/May/2023:05:48:12 -0500] "GET /BLA/boletinlegal/images/hover.jpg HTTP/1.1" 200 640
172.22.2.4 - - [15/May/2023:05:48:12 -0500] "GET /BLA/boletinlegal/images/text.jpg HTTP/1.1" 200 568
172.22.2.4 - - [15/May/2023:05:48:18 -0500] "GET /BLA/boletinlegal/images/screen_2.png HTTP/1.1" 200 362502
172.22.2.4 - - [15/May/2023:05:48:18 -0500] "GET /BLA/boletinlegal/images/screen_3.png HTTP/1.1" 200 210620
172.22.2.4 - - [15/May/2023:05:48:18 -0500] "GET /BLA/boletinlegal/images/arr_r.jpg HTTP/1.1" 200 1998
172.22.2.4 - - [15/May/2023:05:48:18 -0500] "GET /BLA/boletinlegal/images/screen_5.png HTTP/1.1" 200 368876
172.22.2.4 - - [15/May/2023:05:48:18 -0500] "GET /BLA/boletinlegal/images/footer_bg.jpg HTTP/1.1" 200 586
172.22.2.4 - - [15/May/2023:05:48:24 -0500] "GET /BLA/boletinlegal/images/footer_bg.jpg HTTP/1.1" 200 586
172.22.2.4 - - [15/May/2023:05:48:24 -0500] "GET /BLA/boletinlegal/images/arr_r.jpg HTTP/1.1" 200 1998
172.22.2.4 - - [15/May/2023:05:48:24 -0500] "GET /BLA/boletinlegal/images/screen_3.png HTTP/1.1" 200 210620
172.22.2.4 - - [15/May/2023:05:48:24 -0500] "GET /BLA/boletinlegal/images/screen_5.png HTTP/1.1" 200 368876
172.22.2.4 - - [15/May/2023:05:48:24 -0500] "GET /BLA/boletinlegal/images/screen_2.png HTTP/1.1" 200 362502
172.22.2.4 - - [15/May/2023:05:48:34 -0500] "GET /BLA/boletinlegal/images/pdf.gif HTTP/1.1" 200 567
172.22.2.4 - - [15/May/2023:05:47:15 -0500] "HEAD /BLA/boletinlegal/ HTTP/1.1" 200 -
172.22.2.4 - - [15/May/2023:05:48:30 -0500] "GET /BLA/boletinlegal/ HTTP/1.1" 200 20427
172.22.2.4 - - [15/May/2023:05:48:10 -0500] "GET /BLA/boletinlegal/ HTTP/1.1" 200 28619
172.22.2.4 - - [15/May/2023:05:48:05 -0500] "GET /BLA/boletinlegal/ HTTP/1.1" 200 43266
172.22.2.4 - - [15/May/2023:05:48:06 -0500] "GET /BLA/boletinlegal/ HTTP/1.1" 200 42868
201.245.192.253 - - [15/May/2023:05:50:53 -0500] "POST /kwsrmcab/Wsrmcab  HTTP/1.1" 200 43465
207.46.13.211 - - [15/May/2023:05:50:56 -0500] "GET /BLA/resoluciones/ HTTP/1.1" 200 13502
173.252.79.24 - - [15/May/2023:05:50:57 -0500] "GET /images/caminatas-ecol\xc3\xb3gicas-marzo---1920x1080_optimized.jpg HTTP/1.1" 404 1034
40.77.167.97 - - [15/May/2023:05:52:22 -0500] "GET / HTTP/1.1" 200 319
216.245.221.92 - - [15/May/2023:05:52:47 -0500] "HEAD / HTTP/1.1" 200 -
172.22.2.4 - - [15/May/2023:05:53:05 -0500] "HEAD /BLA/boletinlegal/ HTTP/1.1" 200 -
172.22.2.4 - - [15/May/2023:05:53:55 -0500] "GET /BLA/boletinlegal/ HTTP/1.1" 200 56754
201.245.192.253 - - [15/May/2023:05:55:52 -0500] "POST /kwsrmcab/Wsrmcab  HTTP/1.1" 200 43465
66.249.77.23 - - [15/May/2023:05:57:16 -0500] "-" 408 -
1.192.195.5 - - [15/May/2023:05:57:25 -0500] "\x16\x03\x01\x01,\x01" 400 226
216.245.221.92 - - [15/May/2023:05:57:47 -0500] "HEAD / HTTP/1.1" 200 -
40.77.167.97 - - [15/May/2023:05:59:33 -0500] "GET /BLA/resoluciones/AUTOS%202022/2126.pdf HTTP/1.1" 304 -
172.22.2.4 - - [15/May/2023:05:59:53 -0500] "GET /BLA/boletinlegal/ HTTP/1.1" 200 20427
172.22.2.4 - - [15/May/2023:05:58:55 -0500] "HEAD /BLA/boletinlegal/ HTTP/1.1" 200 -
172.22.2.4 - - [15/May/2023:06:00:43 -0500] "POST /BLA/boletinlegal/mifs/.;/services/LogService HTTP/1.1" 404 1158
201.245.192.253 - - [15/May/2023:06:00:51 -0500] "POST /kwsrmcab/Wsrmcab  HTTP/1.1" 200 43465
172.22.2.4 - - [15/May/2023:05:59:45 -0500] "GET /BLA/boletinlegal/ HTTP/1.1" 200 56754
216.245.221.92 - - [15/May/2023:06:02:48 -0500] "HEAD / HTTP/1.1" 200 -
172.22.2.4 - - [15/May/2023:06:05:42 -0500] "GET /BLA/boletinlegal/robots.txt HTTP/1.1" 404 1038
172.22.2.4 - - [15/May/2023:06:05:44 -0500] "GET /BLA/boletinlegal/actos.php HTTP/1.1" 200 9682
172.22.2.4 - - [15/May/2023:06:05:47 -0500] "GET /BLA/boletinlegal/niceforms-default.css HTTP/1.1" 200 6694
172.22.2.4 - - [15/May/2023:06:05:48 -0500] "GET /BLA/boletinlegal/images/cabezote%20BLEGAL.jpg HTTP/1.1" 200 118164
172.22.2.4 - - [15/May/2023:06:05:49 -0500] "GET /BLA/boletinlegal/js/ajax_actos.js HTTP/1.1" 200 1322
172.22.2.4 - - [15/May/2023:06:05:50 -0500] "GET /BLA/boletinlegal/js/jquery1.js HTTP/1.1" 200 29846
172.22.2.4 - - [15/May/2023:06:05:51 -0500] "GET /BLA/boletinlegal/images/historia.png HTTP/1.1" 200 52775
201.245.192.253 - - [15/May/2023:06:05:49 -0500] "POST /kwsrmcab/Wsrmcab  HTTP/1.1" 200 43465
172.22.2.4 - - [15/May/2023:06:05:52 -0500] "GET /BLA/boletinlegal/images/subscribe-icon-big.png HTTP/1.1" 200 47702
172.22.2.4 - - [15/May/2023:06:05:53 -0500] "GET /BLA/boletinlegal/images/icono-email.png HTTP/1.1" 200 5544
172.22.2.4 - - [15/May/2023:06:05:54 -0500] "GET /BLA/boletinlegal/style.css HTTP/1.1" 200 9406
172.22.2.4 - - [15/May/2023:06:05:54 -0500] "GET /BLA/boletinlegal/images/registro-usuarios.png HTTP/1.1" 200 8106
172.22.2.4 - - [15/May/2023:06:05:55 -0500] "GET /BLA/boletinlegal/js/popup.js HTTP/1.1" 200 1270
172.22.2.4 - - [15/May/2023:06:05:55 -0500] "GET /BLA/boletinlegal/styles2.css HTTP/1.1" 200 1838
172.22.2.4 - - [15/May/2023:06:05:56 -0500] "GET /BLA/boletinlegal/niceforms.js HTTP/1.1" 200 22876
172.22.2.4 - - [15/May/2023:06:05:56 -0500] "GET /BLA/boletinlegal/images/tel.png HTTP/1.1" 200 14477
172.22.2.4 - - [15/May/2023:06:05:57 -0500] "GET /BLA/boletinlegal/js/lib.js HTTP/1.1" 200 6474
172.22.2.4 - - [15/May/2023:06:04:45 -0500] "HEAD /BLA/boletinlegal/ HTTP/1.1" 200 -
40.77.167.97 - - [15/May/2023:06:06:43 -0500] "GET /BLA/resoluciones/AUTOS%202021/4213.pdf HTTP/1.1" 304 -
172.22.2.4 - - [15/May/2023:06:05:35 -0500] "GET /BLA/boletinlegal/ HTTP/1.1" 200 57561
216.245.221.92 - - [15/May/2023:06:07:47 -0500] "HEAD / HTTP/1.1" 200 -
201.245.192.253 - - [15/May/2023:06:10:47 -0500] "POST /kwsrmcab/Wsrmcab  HTTP/1.1" 200 43465
172.22.2.4 - - [15/May/2023:06:10:34 -0500] "HEAD /BLA/boletinlegal/ HTTP/1.1" 200 -
216.245.221.92 - - [15/May/2023:06:12:47 -0500] "HEAD / HTTP/1.1" 200 -
172.22.2.4 - - [15/May/2023:06:11:25 -0500] "GET /BLA/boletinlegal/ HTTP/1.1" 200 57151
172.22.2.4 - - [15/May/2023:06:14:35 -0500] "GET /BLA/boletinlegal/jurisprudencia/analisis/Analisis%20Sentencia%20T-1077,%202%20corregida.doc HTTP/1.1" 304 -
172.22.2.4 - - [15/May/2023:06:14:44 -0500] "GET /BLA/boletinlegal/ HTTP/1.1" 200 20427
201.245.192.253 - - [15/May/2023:06:15:46 -0500] "POST /kwsrmcab/Wsrmcab  HTTP/1.1" 200 43465
40.77.167.146 - - [15/May/2023:06:16:07 -0500] "GET /sipse/faces/index.xhtml HTTP/1.1" 200 677
216.245.221.92 - - [15/May/2023:06:17:47 -0500] "HEAD / HTTP/1.1" 200 -
172.22.2.4 - - [15/May/2023:06:16:25 -0500] "HEAD /BLA/boletinlegal/ HTTP/1.1" 200 -
172.22.2.4 - - [15/May/2023:06:18:12 -0500] "GET /BLA/boletinlegal/actos.php HTTP/1.1" 200 9682
172.22.2.4 - - [15/May/2023:06:17:15 -0500] "GET /BLA/boletinlegal/ HTTP/1.1" 200 57945
201.245.192.253 - - [15/May/2023:06:19:04 -0500] "POST /kwsrmcab/Wsrmcab HTTP/1.1" 200 39838
201.245.192.253 - - [15/May/2023:06:19:06 -0500] "POST /kwsrmcab/Wsrmcab HTTP/1.1" 200 43830
157.55.39.210 - - [15/May/2023:06:19:11 -0500] "GET /BLA/resoluciones/RESOLUCIONES%202022/0876.pdf HTTP/1.1" 304 -
173.252.127.8 - - [15/May/2023:06:20:00 -0500] "GET /images/caminatas-ecol\xc3\xb3gicas-marzo---1920x1080_optimized.jpg HTTP/1.1" 404 1034
157.55.39.210 - - [15/May/2023:06:20:31 -0500] "GET /BLA/resoluciones/AUTOS%202021/2758.pdf HTTP/1.1" 304 -
201.245.192.253 - - [15/May/2023:06:20:45 -0500] "POST /kwsrmcab/Wsrmcab  HTTP/1.1" 200 43465
216.245.221.92 - - [15/May/2023:06:22:47 -0500] "HEAD / HTTP/1.1" 200 -
172.22.2.4 - - [15/May/2023:06:22:15 -0500] "HEAD /BLA/boletinlegal/ HTTP/1.1" 200 -
172.22.2.4 - - [15/May/2023:06:24:40 -0500] "GET /BLA/boletinlegal/favicon.ico HTTP/1.1" 404 1018
172.22.2.4 - - [15/May/2023:06:23:05 -0500] "GET /BLA/boletinlegal/ HTTP/1.1" 200 50664
75.97.206.53 - - [15/May/2023:06:24:54 -0500] "GET / HTTP/1.1" 200 319
172.22.2.4 - - [15/May/2023:06:24:24 -0500] "GET /BLA/boletinlegal/ HTTP/1.1" 200 20427
172.22.2.4 - - [15/May/2023:06:24:25 -0500] "GET /BLA/boletinlegal/ HTTP/1.1" 200 28619
201.245.192.253 - - [15/May/2023:06:25:43 -0500] "POST /kwsrmcab/Wsrmcab  HTTP/1.1" 200 43465
173.252.79.5 - - [15/May/2023:06:27:00 -0500] "GET /images/Acuerdos%2001%20(1)%20(1).jpeg HTTP/1.1" 200 32884
173.252.107.6 - - [15/May/2023:06:27:12 -0500] "GET /secretaria-de-ambiente-y-sena-abren-curso-de-jardines-verticales.html HTTP/1.1" 206 734
69.171.249.19 - - [15/May/2023:06:27:13 -0500] "GET /images/jardines-verticales-plantas-24-mayo.jpg HTTP/1.1" 200 148288
66.220.149.24 - - [15/May/2023:06:27:38 -0500] "GET /images/eficiencia-energetica-11-marzo.jpg HTTP/1.1" 200 46478
216.245.221.92 - - [15/May/2023:06:27:47 -0500] "HEAD / HTTP/1.1" 200 -
191.95.49.243 - - [15/May/2023:06:28:50 -0500] "GET /secretaria-de-ambiente-adelanta-rehabilitacion-de-un-tayra-mamifero-entregado-en-bogota.html HTTP/1.1" 200 786
201.245.192.253 - - [15/May/2023:06:29:05 -0500] "POST /kwsrmcab/Wsrmcab HTTP/1.1" 200 39838
201.245.192.253 - - [15/May/2023:06:29:07 -0500] "POST /kwsrmcab/Wsrmcab HTTP/1.1" 200 43830
172.22.2.4 - - [15/May/2023:06:28:04 -0500] "HEAD /BLA/boletinlegal/ HTTP/1.1" 200 -
172.22.2.4 - - [15/May/2023:06:28:55 -0500] "GET /BLA/boletinlegal/ HTTP/1.1" 200 58307
201.245.192.253 - - [15/May/2023:06:30:42 -0500] "POST /kwsrmcab/Wsrmcab  HTTP/1.1" 200 43465
216.245.221.92 - - [15/May/2023:06:32:47 -0500] "HEAD / HTTP/1.1" 200 -
172.22.2.4 - - [15/May/2023:06:33:17 -0500] "GET /BLA/boletinlegal/favicon.ico HTTP/1.1" 404 1038
172.22.2.4 - - [15/May/2023:06:33:54 -0500] "HEAD /BLA/boletinlegal/ HTTP/1.1" 200 -
201.245.192.253 - - [15/May/2023:06:35:41 -0500] "POST /kwsrmcab/Wsrmcab  HTTP/1.1" 200 43465
172.22.2.4 - - [15/May/2023:06:34:45 -0500] "GET /BLA/boletinlegal/ HTTP/1.1" 200 57561
165.225.222.101 - - [15/May/2023:06:37:42 -0500] "GET /galeria/galeria/jquery.fancybox.css?v=2.1.5 HTTP/1.1" 200 4895
165.225.222.101 - - [15/May/2023:06:37:42 -0500] "GET /galeria/galeria/jquery.fancybox.js?v=2.1.5 HTTP/1.1" 200 48706
165.225.222.101 - - [15/May/2023:06:37:42 -0500] "GET /BLA/boletinlegal/js/jquery.scrollShow.js HTTP/1.1" 200 4586
216.245.221.92 - - [15/May/2023:06:37:47 -0500] "HEAD / HTTP/1.1" 200 -
201.245.192.253 - - [15/May/2023:06:39:04 -0500] "POST /kwsrmcab/Wsrmcab HTTP/1.1" 200 39838
201.245.192.253 - - [15/May/2023:06:39:07 -0500] "POST /kwsrmcab/Wsrmcab HTTP/1.1" 200 43830
190.60.254.241 - - [15/May/2023:06:39:57 -0500] "GET /galeria/galeria/jquery.fancybox.css?v=2.1.5 HTTP/1.1" 200 4895
190.60.254.241 - - [15/May/2023:06:39:57 -0500] "GET /galeria/galeria/jquery.fancybox.js?v=2.1.5 HTTP/1.1" 200 48706
190.60.254.241 - - [15/May/2023:06:39:57 -0500] "GET /BLA/boletinlegal/js/jquery.scrollShow.js HTTP/1.1" 200 4586
201.245.192.253 - - [15/May/2023:06:40:39 -0500] "POST /kwsrmcab/Wsrmcab  HTTP/1.1" 200 43465
172.22.2.4 - - [15/May/2023:06:39:44 -0500] "HEAD /BLA/boletinlegal/ HTTP/1.1" 200 -
172.22.2.4 - - [15/May/2023:06:40:35 -0500] "GET /BLA/boletinlegal/ HTTP/1.1" 200 59306
216.245.221.92 - - [15/May/2023:06:42:47 -0500] "HEAD / HTTP/1.1" 200 -
52.167.144.46 - - [15/May/2023:06:43:43 -0500] "GET /portaldeninos/2021/07/01/en-fotos-conoce-algunos-de-los-lugares-mas-biodiversos-de-bogota/ HTTP/1.1" 200 100987
52.167.144.46 - - [15/May/2023:06:44:03 -0500] "GET /portaldeninos/wp-content/plugins/gallery-videos/CSS/Total-Soft-Gallery-Video-Widget.css?ver=4.9.8 HTTP/1.1" 200 51554
52.167.144.46 - - [15/May/2023:06:44:03 -0500] "GET /portaldeninos/wp-content/plugins/gallery-videos/CSS/totalsoft.css?ver=4.9.8 HTTP/1.1" 200 40622
52.167.144.46 - - [15/May/2023:06:44:03 -0500] "GET /portaldeninos/wp-content/plugins/gallery-videos/JS/modernizr.custom.js?ver=4.9.8 HTTP/1.1" 200 9019
52.167.144.46 - - [15/May/2023:06:44:03 -0500] "GET /portaldeninos/wp-content/themes/betheme/assets/jplayer/css/jplayer.blue.monday.css?ver=20.9.6 HTTP/1.1" 200 9834
52.167.144.46 - - [15/May/2023:06:44:03 -0500] "GET /portaldeninos/wp-content/themes/betheme/assets/ui/jquery.ui.all.css?ver=20.9.6 HTTP/1.1" 200 18765
52.167.144.46 - - [15/May/2023:06:44:03 -0500] "GET /portaldeninos/wp-content/themes/betheme/css/base.css?ver=20.9.6 HTTP/1.1" 200 57283
52.167.144.46 - - [15/May/2023:06:44:04 -0500] "GET /portaldeninos/wp-content/themes/betheme/css/layout.css?ver=20.9.6 HTTP/1.1" 200 116639
52.167.144.46 - - [15/May/2023:06:44:04 -0500] "GET /portaldeninos/wp-content/themes/betheme/css/responsive.css?ver=20.9.6 HTTP/1.1" 200 55740
52.167.144.46 - - [15/May/2023:06:44:04 -0500] "GET /portaldeninos/wp-content/themes/betheme/js/scripts.js?ver=20.9.6 HTTP/1.1" 200 77162
52.167.144.46 - - [15/May/2023:06:44:04 -0500] "GET /portaldeninos/wp-content/uploads/useanyfont/uaf.css?ver=1589905315 HTTP/1.1" 200 408
52.167.144.46 - - [15/May/2023:06:44:05 -0500] "GET /portaldeninos/wp-includes/js/comment-reply.min.js?ver=4.9.8 HTTP/1.1" 200 1078
52.167.144.46 - - [15/May/2023:06:44:05 -0500] "GET /portaldeninos/wp-includes/js/jquery/jquery-migrate.min.js?ver=1.4.1 HTTP/1.1" 200 10056
52.167.144.46 - - [15/May/2023:06:44:05 -0500] "GET /portaldeninos/wp-includes/js/jquery/jquery.js?ver=1.12.4 HTTP/1.1" 200 97184
52.167.144.71 - - [15/May/2023:06:44:15 -0500] "GET /portaldeninos/wp-content/themes/betheme/assets/animations/animations.min.js?ver=20.9.6 HTTP/1.1" 200 1896
52.167.144.71 - - [15/May/2023:06:44:15 -0500] "GET /portaldeninos/wp-content/themes/betheme/assets/jplayer/jplayer.min.js?ver=20.9.6 HTTP/1.1" 200 52702
52.167.144.71 - - [15/May/2023:06:44:15 -0500] "GET /portaldeninos/wp-content/themes/betheme/css/shortcodes.css?ver=20.9.6 HTTP/1.1" 200 138889
52.167.144.71 - - [15/May/2023:06:44:16 -0500] "GET /portaldeninos/wp-content/themes/betheme/js/plugins.js?ver=20.9.6 HTTP/1.1" 200 197151
52.167.144.71 - - [15/May/2023:06:44:16 -0500] "GET /portaldeninos/wp-content/themes/betheme/style.css?ver=20.9.6 HTTP/1.1" 200 287
52.167.144.71 - - [15/May/2023:06:44:16 -0500] "GET /portaldeninos/wp-includes/js/jquery/ui/core.min.js?ver=1.11.4 HTTP/1.1" 200 4000
52.167.144.71 - - [15/May/2023:06:44:16 -0500] "GET /portaldeninos/wp-includes/js/jquery/ui/sortable.min.js?ver=1.11.4 HTTP/1.1" 200 24899
52.167.144.71 - - [15/May/2023:06:44:16 -0500] "GET /portaldeninos/wp-includes/js/wp-emoji-release.min.js?ver=4.9.8 HTTP/1.1" 200 12026
123.160.221.23 - - [15/May/2023:06:44:20 -0500] "GET / HTTP/1.1" 200 319
52.167.144.32 - - [15/May/2023:06:44:23 -0500] "GET /portaldeninos/wp-content/plugins/gallery-videos/JS/Total-Soft-Gallery-Video-Widget.js?ver=4.9.8 HTTP/1.1" 200 80264
52.167.144.32 - - [15/May/2023:06:44:23 -0500] "GET /portaldeninos/wp-content/themes/betheme/assets/animations/animations.min.css?ver=20.9.6 HTTP/1.1" 200 58508
52.167.144.32 - - [15/May/2023:06:44:24 -0500] "GET /portaldeninos/wp-content/themes/betheme/js/menu.js?ver=20.9.6 HTTP/1.1" 200 2449
52.167.144.32 - - [15/May/2023:06:44:24 -0500] "GET /portaldeninos/wp-includes/js/jquery/ui/accordion.min.js?ver=1.11.4 HTTP/1.1" 200 8584
52.167.144.32 - - [15/May/2023:06:44:24 -0500] "GET /portaldeninos/wp-includes/js/jquery/ui/mouse.min.js?ver=1.11.4 HTTP/1.1" 200 3148
52.167.144.32 - - [15/May/2023:06:44:24 -0500] "GET /portaldeninos/wp-includes/js/jquery/ui/tabs.min.js?ver=1.11.4 HTTP/1.1" 200 12110
52.167.144.32 - - [15/May/2023:06:44:24 -0500] "GET /portaldeninos/wp-includes/js/jquery/ui/widget.min.js?ver=1.11.4 HTTP/1.1" 200 6908
52.167.144.32 - - [15/May/2023:06:44:24 -0500] "GET /portaldeninos/wp-includes/js/wp-embed.min.js?ver=4.9.8 HTTP/1.1" 200 1398
201.245.192.253 - - [15/May/2023:06:45:38 -0500] "POST /kwsrmcab/Wsrmcab  HTTP/1.1" 200 43465
40.77.167.97 - - [15/May/2023:06:45:58 -0500] "GET /BLA/resoluciones/AUTOS%202021/5416.pdf HTTP/1.1" 304 -
52.167.144.46 - - [15/May/2023:06:46:34 -0500] "GET /bogota-fashion-week-una-ventana-para-la-sostenibilidad-en-bogota.html HTTP/1.1" 200 754
172.22.2.4 - - [15/May/2023:06:46:41 -0500] "GET /BLA/boletinlegal/console/ HTTP/1.1" 404 1018
40.77.167.97 - - [15/May/2023:06:47:07 -0500] "GET /galeria/galeria/jquery.fancybox.js?v=2.1.5 HTTP/1.1" 200 48706
40.77.167.146 - - [15/May/2023:06:47:11 -0500] "GET /BLA/boletinlegal/js/jquery.scrollShow.js HTTP/1.1" 200 4586
40.77.167.146 - - [15/May/2023:06:47:11 -0500] "GET /galeria/galeria/jquery.fancybox.css?v=2.1.5 HTTP/1.1" 200 4895
172.22.2.4 - - [15/May/2023:06:45:34 -0500] "HEAD /BLA/boletinlegal/ HTTP/1.1" 200 -
216.245.221.92 - - [15/May/2023:06:47:47 -0500] "HEAD / HTTP/1.1" 200 -
172.22.2.4 - - [15/May/2023:06:46:25 -0500] "GET /BLA/boletinlegal/ HTTP/1.1" 200 54424
40.77.167.146 - - [15/May/2023:06:48:49 -0500] "GET /sipse/faces/index.xhtml HTTP/1.1" 200 677
157.55.39.210 - - [15/May/2023:06:48:55 -0500] "GET /BLA/resoluciones/AUTOS%202014/1048.pdf HTTP/1.1" 304 -
157.55.39.210 - - [15/May/2023:06:48:56 -0500] "GET /BLA/resoluciones/AUTOS%202021/0575.pdf HTTP/1.1" 304 -
201.245.192.253 - - [15/May/2023:06:50:37 -0500] "POST /kwsrmcab/Wsrmcab  HTTP/1.1" 200 43465
172.22.2.4 - - [15/May/2023:06:50:39 -0500] "GET /BLA/boletinlegal/actos.php HTTP/1.1" 200 9682
172.22.2.4 - - [15/May/2023:06:50:40 -0500] "GET /BLA/boletinlegal/favicon.ico HTTP/1.1" 404 1326
181.61.204.215 - - [15/May/2023:06:50:43 -0500] "GET /BLA/resoluciones/ HTTP/1.1" 200 13502
181.61.204.215 - - [15/May/2023:06:50:45 -0500] "GET /BLA/resoluciones/index.php?dir=AUTOS+2016%2F HTTP/1.1" 200 329829
191.156.35.66 - - [15/May/2023:06:52:28 -0500] "GET /secretaria-de-ambiente-adelanta-rehabilitacion-de-un-tayra-mamifero-entregado-en-bogota.html HTTP/1.1" 200 786
216.245.221.92 - - [15/May/2023:06:52:47 -0500] "HEAD / HTTP/1.1" 200 -
172.22.2.4 - - [15/May/2023:06:51:24 -0500] "HEAD /BLA/boletinlegal/ HTTP/1.1" 200 -
172.22.2.4 - - [15/May/2023:06:52:15 -0500] "GET /BLA/boletinlegal/ HTTP/1.1" 200 57561
201.245.192.253 - - [15/May/2023:06:55:35 -0500] "POST /kwsrmcab/Wsrmcab  HTTP/1.1" 200 43465
186.102.76.231 - - [15/May/2023:06:55:53 -0500] "GET /kwssiamovil/sm/ldap/au?x=U2FsdGVkX18MgauyBhwviFKLvqrHpRkV+a4G+QIRyXWK++UJL9D+oa5ABv6m6Gml&y=U2FsdGVkX1+q99+nGciPr1hjTI625l/YEb5LgVEwrjzMsnh/wad7GC5WdYBPdYFc HTTP/1.1" 200 30
186.102.76.231 - - [15/May/2023:06:55:53 -0500] "GET /kwssiamovil/sm/acme/s?s=U2FsdGVkX1+HrwBx5pMLRY5sHJJDpP2ah5PKtne8UnOU4zJ7Kyev5kucBdp/6ouISY68xedluvgHq2cgyX2moL8+MU1j8WjveqLA1btx8wU=&u=U2FsdGVkX1+FyuHvnnXz8k1Lui3ygx5xS6lgUXSNVYk=&y=U2FsdGVkX1+q99+nGciPr1hjTI625l/YEb5LgVEwrjzMsnh/wad7GC5WdYBPdYFc HTTP/1.1" 200 97
186.102.76.231 - - [15/May/2023:06:55:54 -0500] "GET /kwssiamovil/sm/acme/s?s=U2FsdGVkX1+jV03FUHU/ZImTS2UdCAxAY2QiAftnCMfs484DmN3EBi6fBkK+iN3NEeCr6Tbqgk42Fj+cmRpoNFK00I9vBsZLF2jJMdO2Dgz6noFi6Iv4L2rCXJXYxVr7Q8fM7WXARFwQNXuSp4RaDP2E2Q1DJ57VaPnJuevqEZ3O9vWPjmDKOVmgXmMXzYjZDieoAGwR2Ap7auxV2Y6ya8LrBaqGw3DU4meLzviDOvFU+kNxrc5cRzb51vHHs7+b725OVvs/5yLbYKDDe1o2noUA87Ko57BSOk894Bld8mDpqXlRkJVLJznicXdSRnF12Sx/iK3phBT1KSsMedPjBqdCc3dP5H4ET9Kui76H9Z2wWxnJ3U66YpiWi9zJIH8v9EHbaTKnQtyNQJiBEUAervwXZdbu0/yBUrhVLfYeu7PK10l/CCWXgIcENietiUNpMsT4SlWcp2oHaYmcXxNoYQYwM7PZxNw+Xwz6bUaay7gX5ATB/yaN9FlHQsj5wFPPTNakGARyNgPUGQQ6dwiw/OMpJvNE1y49TD0h9DMrl/fPJPyc1vnnpsc3jrdc6VElUkB5wUYt1YYaPyI/jEU+DJOHmO+8dZOPt1tFpUrkn7yN9xqPkW3zhMK/MxY/njbt791l81JWECJVPQ92ztIXDPC7dYIp6IZhGljmUQLFRmNxnnVmZtFLj9f1thEPfMl+lxNykM1+2QQvHBozwI5YMGmyzTjDWIU7BpUmNSg5aBcwm95YOY7vYOMn8hdyc+CRqlAaGOq88KrZcNbA86Y+YomSpvwZUFTzQiGxB+PAx/461KLsaVk8WiTxeeW52usNaz+CL4ZSvq7FHSH+AMCPE9dyYqmc+i8Vmh6db4vC3VWSo4nLJNsdu4adbjpnJYSkbM9anFvx0wRZovQzpe6yHzkLP3YcXjBcAyvD9UnA8JQuEFLU39p3NExcrBEaxbFE1YFB0JWBgOJjbvtlb8F1jXpw7+vk8FamQFGE4jxLSrazwaEeKHbD3M7hZvU8fdd7hIVYOM9oCo8gVLaGPaC/AGtjMTYPsku8RBTgP1KF9X48vrKkpZLjnvlhUuFNjsc/fylzSoOJe61+f1D2CcFBjcIJvZd9ELL/hQXpCJmDxFANXWB32Rc1bbnNMAtEQdqqzW4+2wxVryV5kuIK7L/Eo54xA79BFmqXT4ymPj4olX2bg9kcQLj7L7Nj/o7MneEQAvsYTc3Dh87fjIIyZ9bjbeqhxy2sEC4bU+k7Z4xLoynKZBS3qgUzbJ3hTiq7R8IrDF/Y/2Ojz7YOI/roX9exQQmXuPskJSRv+/FxabCJVtaIJsJvUoLPWN9HEHJ7DtXc9y2lclibt5WuLA6AomEkC2u4Pt0XuwYdnKEa37ghba/IF+fRY+zA2KtjzASFV0pQpSNsmOl5WWGVoutm+YDJpR/EXSHxGcdrSliOVoI+yFoyC7a2nm1XD7T7Nfv8Fml1mf+HcZbezd26XfWdx1Y/Uln4mYMpXmOabLPPJJknFiHSZJL7lkm2gRM+7cft62zXMxwzzNx3oLevBfNWGe9SU9LsLlDlSXVF1Ftoyb7s8eVJ6Nfg5BBapHyITcaVkHfIWiCGQJgBJDvI94poiawZDKJohHzHY+SOaHE5s8QGN441oEDBD+gp9XRy8i/EysK2v7aXLvEk0fTaiApPJe4kQOuLS0JxWxtlWirYHMM7FUSqlvcN9zUcKwLzK8XBDhWPvzfh2M8rolYSHu2H7otlMdZU5WM2iUBBGrRNeQ7lwJw=&u=U2FsdGVkX1+FyuHvnnXz8k1Lui3ygx5xS6lgUXSNVYk=&y=U2FsdGVkX1+q99+nGciPr1hjTI625l/YEb5LgVEwrjzMsnh/wad7GC5WdYBPdYFc HTTP/1.1" 200 72
186.102.76.231 - - [15/May/2023:06:55:54 -0500] "GET /kwssiamovil/sm/acme/s?s=U2FsdGVkX18cwzM0NXM6Au+JomgNQaF9+PB+dYWcgp3ka1vgG3JzvObcf8F83HcGWbzOPfQJDdt/+T14YW/gT6lzITuuhpywHIAAp3FP+4hKV+rHdhfq8B4V9T4YhCxHExWarGkkKN9YNW9uLhkd8KK/r8PYC1WGMsxspVSqjk6Y4rMX2o6kHsbdDHvZBrIZKNV75UvGDjZvJZGAOd0FNLsMGs39qzQHIvPfDcbuSMFaIMnWpTPZ0xHXee0V0Ibhbxne/Sim761HTb4LY9NPhFsKEjkX69Vqw3NXI8B0JZ+qpiNCgXdS30IK3wVvBl9k05ZH5jg+m5sHV3RN91wlHwjeLJ9JHNuFZe7OT2A5lL5dwXiiBMibJF0rpT0LoHVdbTAjjtikJ3stQlZQU3Jkp4ti3ysL5Caxgbvc5WbeJ0bYw0iyc7x6MTbFzZc66Hz7CtB3UKsE3GJ0/8cNVL1dDRfOmGmU25I1X+3JbuvEVpXHBxvDlwNCWl2f7clmBMu9xyS8Pa2BPvWyhtKtMqSVWF+Yktfo/R6GRYvDyAyppDn2FtBk36E1cCIHrtM5vjhiJdTEdwHAon+Nb6zUUrHnlSd1mQhc+uz8/Lg2ULKU51IdCl/jVcg3RmgC6UW5IEwic84BlQLYnjXwaQp4Mxg8uJuCNXQDvCl2sSu8qe7nQ4o3adjocog66M3Q2vA3QsD6y+l/XHGHqAWXDajwbPZFReS0UQstdZCppo+9oWXRSZU4V0lV9yrfXA77Gwi/Su1v&u=U2FsdGVkX1+FyuHvnnXz8k1Lui3ygx5xS6lgUXSNVYk=&y=U2FsdGVkX1+q99+nGciPr1hjTI625l/YEb5LgVEwrjzMsnh/wad7GC5WdYBPdYFc HTTP/1.1" 200 352
186.102.76.231 - - [15/May/2023:06:55:54 -0500] "GET /kwssiamovil/sm/cjson/pre?f=9&x=U2FsdGVkX18MgauyBhwviFKLvqrHpRkV+a4G+QIRyXWK++UJL9D+oa5ABv6m6Gml HTTP/1.1" 200 25142
186.102.76.231 - - [15/May/2023:06:55:54 -0500] "GET /kwssiamovil/sm/cjson/pre?f=18&x=U2FsdGVkX18MgauyBhwviFKLvqrHpRkV+a4G+QIRyXWK++UJL9D+oa5ABv6m6Gml HTTP/1.1" 200 32849
216.245.221.92 - - [15/May/2023:06:57:47 -0500] "HEAD / HTTP/1.1" 200 -
172.22.2.4 - - [15/May/2023:06:57:14 -0500] "HEAD /BLA/boletinlegal/ HTTP/1.1" 200 -
172.22.2.4 - - [15/May/2023:06:59:34 -0500] "GET /BLA/boletinlegal/jurisprudencia/analisis/AnalisisT-095-16.docx HTTP/1.1" 304 -
172.22.2.4 - - [15/May/2023:06:58:05 -0500] "GET /BLA/boletinlegal/ HTTP/1.1" 200 57561
40.77.189.28 - - [15/May/2023:06:59:58 -0500] "GET /portaldeninos/wp-content/themes/betheme/fonts/mfn-icons.woff?93978679 HTTP/1.1" 200 80932
201.245.192.253 - - [15/May/2023:07:00:34 -0500] "POST /kwsrmcab/Wsrmcab  HTTP/1.1" 200 43465
216.245.221.92 - - [15/May/2023:07:02:47 -0500] "HEAD / HTTP/1.1" 200 -
186.102.76.231 - - [15/May/2023:07:03:53 -0500] "GET /kwssiamovil/sm/ldap/au?x=U2FsdGVkX1+iOC+h/v31603vNzsiw0P6vxODUQc+hNFfALAkyi62KB78gBT9LpfQ&y=U2FsdGVkX1+Ff0Mc6dqZc+HDN6n81uS1+PcicTnXzzQEv9Luh5GWNhrAV9kWi9DR HTTP/1.1" 200 30
186.102.76.231 - - [15/May/2023:07:03:53 -0500] "GET /kwssiamovil/sm/acme/s?s=U2FsdGVkX1++6PkFofjDC4ft5zB0dXnp3efQcmxemd6j7LINlEcqn9KgkCZ5CW4r/a9WubX91uqdqui1wwFl67HoXPs8fIWQKUzpgLnejAU=&u=U2FsdGVkX1/Ft0DL6uwcrBGtAD9jnbyhoOBGgs7JACI=&y=U2FsdGVkX1+Ff0Mc6dqZc+HDN6n81uS1+PcicTnXzzQEv9Luh5GWNhrAV9kWi9DR HTTP/1.1" 200 97
186.102.76.231 - - [15/May/2023:07:03:53 -0500] "GET /kwssiamovil/sm/acme/s?s=U2FsdGVkX185pSQUZmRTvDgPFA8CryR1t/AyhEy2QTWza8GavA/ntRH68A9vSotXgVUrxPkLsLZc0PbJPmTwq/BB4Mqy8FMgotIQ8AFAT34LGvFSHjaKvajHiqyt8VzMJu/VHyqfv1Qry4eRUSmkEcH0INdQoTjQnfIUTQ88kLXULp0kc1f53SVdxom6EfSWs59Cb00gclaLGNkNAnKNHSMMa6gN3zjDiQ6d32AWlTFcogq47B2A8zP0vyiZOGw0lC9TTHq6NLqniNXySD+xiGs/y5lBdeJCT3D/SPYD46oWU0CjHWi9cvrmawXBWbvZ3CFZhkMu8kshR6UnV+4URME7zBY585Xu0I6+lD6WXvVDev6Y+bb9Rz4HTkiWFrD5epLaqMN3ajQNnb95oEPTpjOfE7shIq9ZeWsjKV713mRhAFo79KvxtFRN9Wap7+WqVaJn1TSL8p7NlU1povvIenU3rVdUBtgFtyosAe8QHfQwY2Z5/8a+k504WmoRmHlfGC7qL75OTxa4YqRraFnpto4M42TNGhgqdwf6SaXn8N20joWs1GlagTMzrCPoXgstAqSV54hwb+4cyxZLwM+UmKt2UfJmyiqLnz1ADCeLPISR28KjVlmwuJNyuNXNJzQFRUIyf1HiqDIsCrTj5vaKTmece6h0QpNsepLHMm+ezvE0sUKzESsTkgGb/hfAsQwbkxIJAXzZmDsiblZzCIFAtWx4nYivhJ+S2vaefmaV3sG6nOUOAPEQJf952gjhHJQXikkS+p1xExCy3eovZS3sRxbOWdSlACXaSMa8oATRp2bLVgEgW14NFe4tq192HL3EIzCXKCnEWptDRm0LpJpD0hkvCGLVLInLrjKvjcePP8OdIuepcC5Sb7aRCdl8Hy6UF5QhoRFiBwM3O8WObI4R0EArXY7Et1QLMFdBohFCXCGDAM37uZf9QRKY1cXMGP7yOIgb8ME1E80JlOWSzNI+oTtRnwflIuDam0Eb+OLZ/4jXrx6i7viaRlCzmc6zWbMYDsj0fO7deWkkFALr9GBvZbRj1tg25ickkgwcq7wjnU+BqZOZfAKyOrqYuCuTznflnRHN8s3AGbJptxK1Jqndc5UJdqfrTJIPBI5nSLc7hg8ExP0MUtLTUocBXRonV5IsBBaGNoZasRMWECRiYcrOLVOc4IPqDNIPXvzsiPTYKqRyAC254xTn5e69J1Z2YdGF0Q1dUcmaatGKkpGV9oYjSdD3Q39mkzO3cVv2Q9FfQNOi6pqrqjHfJxspNqYXnY7jktbsfmc61VEP/5YOR4eB+gGcPGxEs7FACAw9QW7Yi2RQLCmvRyM4FDKUZZpAX4jJf/Wvd/YsWEraNrODSNRQkbH+imYnFHX9eAyK1fMaW/mLWKJixgdl1uAJZ0ulr+tBCXux+aZzFV2NWGxO6A7yYeV+Fie/qDWDdU9jkA9j7Y92q+DDOog4q1gXPgvGsjeglJHIswRqDBg32aKGwtPPJq6h7itvAfT8J1PWHx7HSgRFO8KRmPDB4vE4Po+VTc+5w9tbkiKuei9CatS1dL5o4uczkzAyWJpItAD8t5QdpKCdR1cs2X7HSu/66CsKGai2DzdR4YH+Nu23yEmwHzO493CdfIeVGMrTGHALtaUkIhfOvP3HOJqapUb2y4k1RxhICkqsz+xhJlAGEENXFUZHiJj/mrpFR+lDy+LmsmPY1UJTAJv6CScKHckin+qJ1oWoBURsX4dAQaR3/r3Ol70dHGQYVnGMQ1b4AajJalPjn7Q=&u=U2FsdGVkX1/Ft0DL6uwcrBGtAD9jnbyhoOBGgs7JACI=&y=U2FsdGVkX1+Ff0Mc6dqZc+HDN6n81uS1+PcicTnXzzQEv9Luh5GWNhrAV9kWi9DR HTTP/1.1" 200 945
186.102.76.231 - - [15/May/2023:07:03:53 -0500] "GET /kwssiamovil/sm/acme/s?s=U2FsdGVkX19DevMV/EkS8k/N4pR+gqpkeN19LWQyrXi5TVkl884D3fyPN51cpovUEJsu3Hb7McrtLqFTCiQW09tloPgb7t6scao1DzJ0rqM5UiNi+J/n0E3SKMOXUpKYWvSmKmFqbbiQjQTYJP/y0e0MlJIR9+MMeL3MHWHTPfD1oRfFGXJkYs+hXkeZFk4VKF5v/iJ1HU2FKJkFz9ndG5810Am9n3mrcyrhZzeIreBiyAKay5EY63WcAvxiFFs3Bo0UEbzeALcSshYhvEaTIza5kIpdxz0qopgez4/3wenyEHGsKkYlOq3b/62ZFyXJXnuLz7CuFnQEcj5sM3dUrQWBDg33iX4eA7+X/j82SE/QBWXk6NPSJ8qefYSbVv5UgawJ2SmTLW7Y++yEhubRILJULPwW2g6a+pyTh4gqbnrDgjUjOZc2ZyLSIpYAuRKZlwekCKgQTtshCBEEI5meIOy32Sr0Nl+Ofcsyif1XxB3Wl55EDnXuXLRQS34odCLukZtowKN5FcuoQpSZBK0Ynk3ok9wWacVpc0WkhBjLRweNv8oDlcYyYRPnYuBfFsWIK8nmLhyuIh5Yrt8AmAD2GHc52RqdDrsB2fl1FyBkq94tMhrUbGY5heVqTsrN6R/mnSd2WZnSAeEC2Qg+fO8qTBet0bdtF3zVqghVP6nPnKi2jdrV9DX/YMLlMQIQt+AGjoqQcAJ95zcIwuLMA/OJanJEmNVQoJfgtZBrlUfqjnFmn33iTA2Mnmk6jEhmqrUB&u=U2FsdGVkX1/Ft0DL6uwcrBGtAD9jnbyhoOBGgs7JACI=&y=U2FsdGVkX1+Ff0Mc6dqZc+HDN6n81uS1+PcicTnXzzQEv9Luh5GWNhrAV9kWi9DR HTTP/1.1" 200 352
186.102.76.231 - - [15/May/2023:07:03:54 -0500] "GET /kwssiamovil/sm/cjson/pre?f=9&x=U2FsdGVkX1+iOC+h/v31603vNzsiw0P6vxODUQc+hNFfALAkyi62KB78gBT9LpfQ HTTP/1.1" 200 25142
186.102.76.231 - - [15/May/2023:07:03:54 -0500] "GET /kwssiamovil/sm/cjson/pre?f=18&x=U2FsdGVkX1+iOC+h/v31603vNzsiw0P6vxODUQc+hNFfALAkyi62KB78gBT9LpfQ HTTP/1.1" 200 32849
186.102.76.231 - - [15/May/2023:07:04:36 -0500] "GET /kwssiamovil/sm/acme/u?s=U2FsdGVkX19hBLCbrppRZrgg+wQx4BJaYmO6CYC1oEUv9kyrzjM+lVSRNu7ClG3SOL7L95Gd/WURrVRrtBeZWL+TgH59nG/71xM0WTRDmKJL2uZ9yjAWteuH1wz/7w5dk0IuZoT2vHLXw7OzsRXMw+wOC+uRnifniQo9Y2AAZYqVJF9gM/ZWGtPmMGTs4+AKvoIvquaTXPGIX5Bw810eS8/fJD0krYvtUuFXkHmoqYT7ilBhW2S2YTowzvpexmG/&u=U2FsdGVkX1/Ft0DL6uwcrBGtAD9jnbyhoOBGgs7JACI=&y=U2FsdGVkX1+Ff0Mc6dqZc+HDN6n81uS1+PcicTnXzzQEv9Luh5GWNhrAV9kWi9DR HTTP/1.1" 200 60
172.22.2.4 - - [15/May/2023:07:03:04 -0500] "HEAD /BLA/boletinlegal/ HTTP/1.1" 200 -
173.252.127.6 - - [15/May/2023:07:04:50 -0500] "GET /images/reunion-planta-termovalorizacion-11-mayo.jpg HTTP/1.1" 200 34782
172.22.2.4 - - [15/May/2023:07:03:55 -0500] "GET /BLA/boletinlegal/ HTTP/1.1" 200 55571
201.245.192.253 - - [15/May/2023:07:05:33 -0500] "POST /kwsrmcab/Wsrmcab  HTTP/1.1" 200 43465
186.84.21.166 - - [15/May/2023:07:06:59 -0500] "GET /sipse/faces/index.xhtml HTTP/1.1" 200 677
186.84.21.166 - - [15/May/2023:07:06:59 -0500] "GET /sipse/faces/javax.faces.resource/theme.css?ln=primefaces-sipse HTTP/1.1" 304 -
186.84.21.166 - - [15/May/2023:07:07:00 -0500] "GET /sipse/faces/faces/autenticacion.xhtml HTTP/1.1" 200 12176
186.84.21.166 - - [15/May/2023:07:07:00 -0500] "GET /sipse/js/funciones.js HTTP/1.1" 304 -
186.84.21.166 - - [15/May/2023:07:07:00 -0500] "GET /sipse/js/disable_browser_buttons.js HTTP/1.1" 304 -
186.84.21.166 - - [15/May/2023:07:07:00 -0500] "GET /sipse/faces/javax.faces.resource/theme.css?ln=primefaces-sipse HTTP/1.1" 304 -
186.84.21.166 - - [15/May/2023:07:07:00 -0500] "GET /sipse/css/custom_css_sg.css HTTP/1.1" 304 -
186.84.21.166 - - [15/May/2023:07:07:00 -0500] "GET /sipse/faces/javax.faces.resource/jquery/jquery.js?ln=primefaces&v=4.0 HTTP/1.1" 304 -
186.84.21.166 - - [15/May/2023:07:07:00 -0500] "GET /sipse/css/custom_css_sg_prime_login.css HTTP/1.1" 304 -
186.84.21.166 - - [15/May/2023:07:07:00 -0500] "GET /sipse/faces/javax.faces.resource/primefaces.css?ln=primefaces&v=4.0 HTTP/1.1" 304 -
186.84.21.166 - - [15/May/2023:07:07:00 -0500] "GET /sipse/faces/javax.faces.resource/layout/layout.css?ln=primefaces&v=4.0 HTTP/1.1" 304 -
186.84.21.166 - - [15/May/2023:07:07:00 -0500] "GET /sipse/faces/javax.faces.resource/jquery/jquery-plugins.js?ln=primefaces&v=4.0 HTTP/1.1" 304 -
186.84.21.166 - - [15/May/2023:07:07:00 -0500] "GET /sipse/faces/javax.faces.resource/primefaces.js?ln=primefaces&v=4.0 HTTP/1.1" 304 -
186.84.21.166 - - [15/May/2023:07:07:00 -0500] "GET /sipse/faces/javax.faces.resource/layout/layout.js?ln=primefaces&v=4.0 HTTP/1.1" 304 -
186.84.21.166 - - [15/May/2023:07:07:00 -0500] "GET /sipse/css/imagen/logoSDG.png HTTP/1.1" 304 -
186.84.21.166 - - [15/May/2023:07:07:00 -0500] "GET /sipse/css/imagen/loginimg.png HTTP/1.1" 304 -
186.84.21.166 - - [15/May/2023:07:07:00 -0500] "GET /sipse/faces/javax.faces.resource/images/ui-icons_898989_256x240.png?ln=primefaces-aristo HTTP/1.1" 304 -
186.84.21.166 - - [15/May/2023:07:07:19 -0500] "POST /sipse/faces/autenticacion.xhtml HTTP/1.1" 200 2224
186.84.21.166 - - [15/May/2023:07:07:19 -0500] "GET /sipse/faces/javax.faces.resource/messages/messages.png?ln=primefaces&v=4.0 HTTP/1.1" 304 -
186.84.21.166 - - [15/May/2023:07:07:20 -0500] "POST /sipse/faces/autenticacion.xhtml HTTP/1.1" 200 16366
186.84.21.166 - - [15/May/2023:07:07:20 -0500] "GET /sipse/css/custom_css_sg_prime.css HTTP/1.1" 304 -
186.84.21.166 - - [15/May/2023:07:07:20 -0500] "GET /sipse/faces/javax.faces.resource/theme.css?ln=primefaces-sipse HTTP/1.1" 304 -
186.84.21.166 - - [15/May/2023:07:07:20 -0500] "GET /sipse/faces/javax.faces.resource/layout/layout.css?ln=primefaces&v=4.0 HTTP/1.1" 304 -
186.84.21.166 - - [15/May/2023:07:07:20 -0500] "GET /sipse/faces/javax.faces.resource/primefaces.css?ln=primefaces&v=4.0 HTTP/1.1" 304 -
186.84.21.166 - - [15/May/2023:07:07:20 -0500] "GET /sipse/js/jquery.min.js HTTP/1.1" 304 -
186.84.21.166 - - [15/May/2023:07:07:20 -0500] "GET /sipse/faces/javax.faces.resource/jquery/jquery.js?ln=primefaces&v=4.0 HTTP/1.1" 304 -
186.84.21.166 - - [15/May/2023:07:07:20 -0500] "GET /sipse/faces/javax.faces.resource/jquery/jquery-plugins.js?ln=primefaces&v=4.0 HTTP/1.1" 304 -
186.84.21.166 - - [15/May/2023:07:07:20 -0500] "GET /sipse/faces/javax.faces.resource/primefaces.js?ln=primefaces&v=4.0 HTTP/1.1" 304 -
186.84.21.166 - - [15/May/2023:07:07:20 -0500] "GET /sipse/faces/javax.faces.resource/layout/layout.js?ln=primefaces&v=4.0 HTTP/1.1" 304 -
186.84.21.166 - - [15/May/2023:07:07:20 -0500] "GET /sipse/imagenes/logoAplicacion.jpg HTTP/1.1" 304 -
186.84.21.166 - - [15/May/2023:07:07:20 -0500] "GET /sipse/css/imagen/contrasena.png HTTP/1.1" 404 383
186.84.21.166 - - [15/May/2023:07:07:20 -0500] "GET /sipse/imagenes/cargando.gif HTTP/1.1" 304 -
186.84.21.166 - - [15/May/2023:07:07:25 -0500] "GET /sipse/faces/javax.faces.resource/images/ui-bg_flat_0_2d5972_40x100.png?ln=primefaces-aristo HTTP/1.1" 304 -
186.84.21.166 - - [15/May/2023:07:07:25 -0500] "POST /sipse/faces/bienvenido.xhtml HTTP/1.1" 200 2658
186.84.21.166 - - [15/May/2023:07:07:27 -0500] "POST /sipse/faces/bienvenido.xhtml HTTP/1.1" 200 65379
186.84.21.166 - - [15/May/2023:07:07:28 -0500] "GET /sipse/faces/javax.faces.resource/primefaces.css?ln=primefaces&v=4.0 HTTP/1.1" 304 -
186.84.21.166 - - [15/May/2023:07:07:28 -0500] "GET /sipse/faces/javax.faces.resource/theme.css?ln=primefaces-sipse HTTP/1.1" 304 -
186.84.21.166 - - [15/May/2023:07:07:28 -0500] "GET /sipse/faces/javax.faces.resource/layout/layout.css?ln=primefaces&v=4.0 HTTP/1.1" 304 -
186.84.21.166 - - [15/May/2023:07:07:28 -0500] "GET /sipse/faces/javax.faces.resource/jquery/jquery.js?ln=primefaces&v=4.0 HTTP/1.1" 304 -
186.84.21.166 - - [15/May/2023:07:07:28 -0500] "GET /sipse/faces/javax.faces.resource/jquery/jquery-plugins.js?ln=primefaces&v=4.0 HTTP/1.1" 304 -
186.84.21.166 - - [15/May/2023:07:07:28 -0500] "GET /sipse/faces/javax.faces.resource/primefaces.js?ln=primefaces&v=4.0 HTTP/1.1" 304 -
186.84.21.166 - - [15/May/2023:07:07:28 -0500] "GET /sipse/faces/javax.faces.resource/layout/layout.js?ln=primefaces&v=4.0 HTTP/1.1" 304 -
186.84.21.166 - - [15/May/2023:07:07:28 -0500] "POST /sipse/faces/presentacion/financiero/solicitudProceso/listarSolicitudProceso.xhtml HTTP/1.1" 200 1556
159.223.1.145 - - [15/May/2023:07:07:31 -0500] "GET /portaldeninos/ HTTP/1.1" 200 110197
216.245.221.92 - - [15/May/2023:07:07:47 -0500] "HEAD / HTTP/1.1" 200 -
186.84.21.166 - - [15/May/2023:07:08:20 -0500] "POST /sipse/faces/presentacion/financiero/solicitudProceso/listarSolicitudProceso.xhtml HTTP/1.1" 200 130255
186.84.21.166 - - [15/May/2023:07:08:21 -0500] "GET /sipse/faces/javax.faces.resource/theme.css?ln=primefaces-sipse HTTP/1.1" 304 -
186.84.21.166 - - [15/May/2023:07:08:21 -0500] "GET /sipse/faces/javax.faces.resource/primefaces.css?ln=primefaces&v=4.0 HTTP/1.1" 304 -
186.84.21.166 - - [15/May/2023:07:08:21 -0500] "GET /sipse/faces/javax.faces.resource/layout/layout.css?ln=primefaces&v=4.0 HTTP/1.1" 304 -
186.84.21.166 - - [15/May/2023:07:08:21 -0500] "GET /sipse/faces/javax.faces.resource/jquery/jquery.js?ln=primefaces&v=4.0 HTTP/1.1" 304 -
186.84.21.166 - - [15/May/2023:07:08:21 -0500] "GET /sipse/faces/javax.faces.resource/jquery/jquery-plugins.js?ln=primefaces&v=4.0 HTTP/1.1" 304 -
186.84.21.166 - - [15/May/2023:07:08:21 -0500] "GET /sipse/faces/javax.faces.resource/primefaces.js?ln=primefaces&v=4.0 HTTP/1.1" 304 -
186.84.21.166 - - [15/May/2023:07:08:21 -0500] "GET /sipse/faces/javax.faces.resource/layout/layout.js?ln=primefaces&v=4.0 HTTP/1.1" 304 -
172.22.2.4 - - [15/May/2023:07:08:22 -0500] "POST /BLA/boletinlegal/Autodiscover/Autodiscover.xml HTTP/1.1" 404 1018
186.84.21.166 - - [15/May/2023:07:08:32 -0500] "POST /sipse/faces/presentacion/financiero/solicitudProceso/consultarSolicitudProceso.xhtml HTTP/1.1" 200 65379
186.84.21.166 - - [15/May/2023:07:08:32 -0500] "GET /sipse/faces/javax.faces.resource/layout/layout.css?ln=primefaces&v=4.0 HTTP/1.1" 304 -
186.84.21.166 - - [15/May/2023:07:08:32 -0500] "GET /sipse/faces/javax.faces.resource/theme.css?ln=primefaces-sipse HTTP/1.1" 304 -
186.84.21.166 - - [15/May/2023:07:08:32 -0500] "GET /sipse/faces/javax.faces.resource/primefaces.css?ln=primefaces&v=4.0 HTTP/1.1" 304 -
186.84.21.166 - - [15/May/2023:07:08:32 -0500] "GET /sipse/faces/javax.faces.resource/jquery/jquery.js?ln=primefaces&v=4.0 HTTP/1.1" 304 -
186.84.21.166 - - [15/May/2023:07:08:32 -0500] "GET /sipse/faces/javax.faces.resource/jquery/jquery-plugins.js?ln=primefaces&v=4.0 HTTP/1.1" 304 -
186.84.21.166 - - [15/May/2023:07:08:33 -0500] "GET /sipse/faces/javax.faces.resource/primefaces.js?ln=primefaces&v=4.0 HTTP/1.1" 304 -
186.84.21.166 - - [15/May/2023:07:08:33 -0500] "GET /sipse/faces/javax.faces.resource/layout/layout.js?ln=primefaces&v=4.0 HTTP/1.1" 304 -
186.84.21.166 - - [15/May/2023:07:08:33 -0500] "POST /sipse/faces/presentacion/financiero/solicitudProceso/listarSolicitudProceso.xhtml HTTP/1.1" 200 58641
186.84.21.166 - - [15/May/2023:07:08:33 -0500] "POST /sipse/faces/presentacion/financiero/solicitudProceso/listarSolicitudProceso.xhtml HTTP/1.1" 200 58641
186.84.21.166 - - [15/May/2023:07:08:33 -0500] "POST /sipse/faces/presentacion/financiero/solicitudProceso/listarSolicitudProceso.xhtml HTTP/1.1" 200 1556
186.84.21.166 - - [15/May/2023:07:08:33 -0500] "POST /sipse/faces/presentacion/financiero/solicitudProceso/listarSolicitudProceso.xhtml HTTP/1.1" 200 1548
186.84.21.166 - - [15/May/2023:07:08:34 -0500] "POST /sipse/faces/presentacion/financiero/solicitudProceso/listarSolicitudProceso.xhtml HTTP/1.1" 200 1564
168.119.61.24 - - [15/May/2023:07:08:35 -0500] "GET / HTTP/1.1" 200 319
186.84.21.166 - - [15/May/2023:07:08:35 -0500] "POST /sipse/faces/presentacion/financiero/solicitudProceso/listarSolicitudProceso.xhtml HTTP/1.1" 200 130374
186.84.21.166 - - [15/May/2023:07:08:36 -0500] "GET /sipse/faces/javax.faces.resource/layout/layout.css?ln=primefaces&v=4.0 HTTP/1.1" 304 -
186.84.21.166 - - [15/May/2023:07:08:36 -0500] "GET /sipse/faces/javax.faces.resource/primefaces.css?ln=primefaces&v=4.0 HTTP/1.1" 304 -
186.84.21.166 - - [15/May/2023:07:08:36 -0500] "GET /sipse/faces/javax.faces.resource/theme.css?ln=primefaces-sipse HTTP/1.1" 304 -
186.84.21.166 - - [15/May/2023:07:08:36 -0500] "GET /sipse/faces/javax.faces.resource/jquery/jquery.js?ln=primefaces&v=4.0 HTTP/1.1" 304 -
186.84.21.166 - - [15/May/2023:07:08:36 -0500] "GET /sipse/faces/javax.faces.resource/jquery/jquery-plugins.js?ln=primefaces&v=4.0 HTTP/1.1" 304 -
186.84.21.166 - - [15/May/2023:07:08:36 -0500] "GET /sipse/faces/javax.faces.resource/primefaces.js?ln=primefaces&v=4.0 HTTP/1.1" 304 -
186.84.21.166 - - [15/May/2023:07:08:36 -0500] "GET /sipse/faces/javax.faces.resource/layout/layout.js?ln=primefaces&v=4.0 HTTP/1.1" 304 -
186.84.21.166 - - [15/May/2023:07:08:42 -0500] "POST /sipse/faces/presentacion/financiero/solicitudProceso/consultarSolicitudProceso.xhtml HTTP/1.1" 200 65379
186.84.21.166 - - [15/May/2023:07:08:42 -0500] "GET /sipse/faces/javax.faces.resource/theme.css?ln=primefaces-sipse HTTP/1.1" 304 -
186.84.21.166 - - [15/May/2023:07:08:42 -0500] "GET /sipse/faces/javax.faces.resource/primefaces.css?ln=primefaces&v=4.0 HTTP/1.1" 304 -
186.84.21.166 - - [15/May/2023:07:08:42 -0500] "GET /sipse/faces/javax.faces.resource/layout/layout.css?ln=primefaces&v=4.0 HTTP/1.1" 304 -
186.84.21.166 - - [15/May/2023:07:08:42 -0500] "GET /sipse/faces/javax.faces.resource/jquery/jquery.js?ln=primefaces&v=4.0 HTTP/1.1" 304 -
186.84.21.166 - - [15/May/2023:07:08:42 -0500] "GET /sipse/faces/javax.faces.resource/jquery/jquery-plugins.js?ln=primefaces&v=4.0 HTTP/1.1" 304 -
186.84.21.166 - - [15/May/2023:07:08:42 -0500] "GET /sipse/faces/javax.faces.resource/primefaces.js?ln=primefaces&v=4.0 HTTP/1.1" 304 -
186.84.21.166 - - [15/May/2023:07:08:42 -0500] "GET /sipse/faces/javax.faces.resource/layout/layout.js?ln=primefaces&v=4.0 HTTP/1.1" 304 -
186.84.21.166 - - [15/May/2023:07:08:42 -0500] "POST /sipse/faces/presentacion/financiero/solicitudProceso/listarSolicitudProceso.xhtml HTTP/1.1" 200 58641
186.84.21.166 - - [15/May/2023:07:08:42 -0500] "POST /sipse/faces/presentacion/financiero/solicitudProceso/listarSolicitudProceso.xhtml HTTP/1.1" 200 58641
186.84.21.166 - - [15/May/2023:07:08:43 -0500] "POST /sipse/faces/presentacion/financiero/solicitudProceso/listarSolicitudProceso.xhtml HTTP/1.1" 200 58641
