!C99Shell v. 1.0 pre-release build #13!

Software: Apache. PHP/5.5.15 

uname -a: Windows NT SVR-DMZ 6.1 build 7600 (Windows Server 2008 R2 Enterprise Edition) i586 

SYSTEM 

Safe-mode: OFF (not secure)

E:\nuevo\apache\logs\   drwxrwxrwx
Free 8.02 GB of 239.26 GB (3.35%)
Detected drives: [ a ] [ c ] [ d ] [ e ] [ f ]
Home    Back    Forward    UPDIR    Refresh    Search    Buffer    Encoder    Tools    Proc.    FTP brute    Sec.    SQL    PHP-code    Update    Feedback    Self remove    Logout    


Viewing file:     access.2023.05.15.log (5.1 MB)      -rw-rw-rw-
Select action/file-type:
(+) | (+) | (+) | Code (+) | Session (+) | (+) | SDB (+) | (+) | (+) | (+) | (+) | (+) |
172.22.2.4 - - [14/May/2023:23:59:07 -0500] "GET /BLA/boletinlegal/ HTTP/1.1" 200 57945
40.77.167.84 - - [15/May/2023:00:02:17 -0500] "GET /portaldeninos/wp-content/uploads/2020/01/Infograf%C3%ADa.gif\"\" HTTP/1.1" 301 -
40.77.167.84 - - [15/May/2023:00:02:19 -0500] "GET /portaldeninos/wp-content/uploads/2020/01/Infograf%C3%ADa.gif HTTP/1.1" 200 965626
201.245.192.253 - - [15/May/2023:00:02:18 -0500] "POST /kwsrmcab/Wsrmcab  HTTP/1.1" 200 43465
45.238.182.250 - - [15/May/2023:00:02:25 -0500] "GET /galeria/galeria/jquery.fancybox.css?v=2.1.5 HTTP/1.1" 200 4895
45.238.182.250 - - [15/May/2023:00:02:25 -0500] "GET /galeria/galeria/jquery.fancybox.js?v=2.1.5 HTTP/1.1" 200 48706
45.238.182.250 - - [15/May/2023:00:02:25 -0500] "GET /BLA/boletinlegal/js/jquery.scrollShow.js HTTP/1.1" 200 4586
190.84.119.147 - - [15/May/2023:00:02:26 -0500] "GET /BLA/resoluciones/index.php?dir=AUTOS+2017%2F HTTP/1.1" 200 468646
216.245.221.92 - - [15/May/2023:00:02:48 -0500] "HEAD / HTTP/1.1" 200 -
172.22.2.4 - - [15/May/2023:00:03:01 -0500] "HEAD /BLA/boletinlegal/ HTTP/1.1" 200 -
172.22.2.4 - - [15/May/2023:00:03:52 -0500] "GET /BLA/boletinlegal/ HTTP/1.1" 200 57151
200.118.60.119 - - [15/May/2023:00:05:57 -0500] "GET /BLA/resoluciones/ HTTP/1.1" 200 13502
200.118.60.119 - - [15/May/2023:00:06:02 -0500] "GET /BLA/resoluciones/index.php?dir=AUTOS+2020%2F HTTP/1.1" 200 328612
186.155.19.114 - - [15/May/2023:00:06:23 -0500] "GET /moda-circular-manos-reparadoras-la-estrategia-del-distrito-para-restaurar-prendas-usadas.html HTTP/1.1" 304 -
201.245.192.253 - - [15/May/2023:00:07:16 -0500] "POST /kwsrmcab/Wsrmcab  HTTP/1.1" 200 43465
216.245.221.92 - - [15/May/2023:00:07:48 -0500] "HEAD / HTTP/1.1" 200 -
207.46.13.211 - - [15/May/2023:00:10:09 -0500] "GET /BLA/resoluciones/AUTOS%202021/2925.pdf HTTP/1.1" 304 -
40.77.167.146 - - [15/May/2023:00:10:13 -0500] "GET /BLA/resoluciones/AUTOS%202022/2051.pdf HTTP/1.1" 304 -
172.22.2.4 - - [15/May/2023:00:08:51 -0500] "HEAD /BLA/boletinlegal/ HTTP/1.1" 200 -
172.22.2.4 - - [15/May/2023:00:09:42 -0500] "GET /BLA/boletinlegal/ HTTP/1.1" 200 57151
201.245.192.253 - - [15/May/2023:00:12:15 -0500] "POST /kwsrmcab/Wsrmcab  HTTP/1.1" 200 43465
216.245.221.92 - - [15/May/2023:00:12:48 -0500] "HEAD / HTTP/1.1" 200 -
40.77.167.146 - - [15/May/2023:00:13:42 -0500] "GET /galeria/galeria/jquery.fancybox.css?v=2.1.5 HTTP/1.1" 200 4895
186.102.30.255 - - [15/May/2023:00:14:33 -0500] "GET /kwssiamovil/sm/acme/a?s=U2FsdGVkX1/SC/hz6SpQt4fOazZQDOYvd3Zj5z3OuvzT8xZNGrDPZQYJkpFEPD5o1TTp9Z5dEOzKeen14zxSn3M3ok+fWULO4OGb9m+aTGLjSHW5O5W624a+/BKUjkXb9qu5WsJSsvwxeTR0II92f2UGFK2E9wSfxi+0Kfa8O3emjo9Uu7rpr+Zn2tY5NcNNqooJ2kLef/pOjNgNgH76t3s63kMConBMaT5cpNJT6RM0J3pCv6xVS+Vh7IrbJ1//4kghXwpK7ecRp9nt4OSKCA==&u=U2FsdGVkX1+AXj3DCXOBKvxzg3LBm/Gn46gBa+UA5S8=&y=U2FsdGVkX196t2V7tCpTVBcTpgEzb8ceNo31VBRRxQQgsYehzl+/SPyk39X5HnAI HTTP/1.1" 200 26
186.102.30.255 - - [15/May/2023:00:14:35 -0500] "GET /kwssiamovil/sm/acme/a?s=U2FsdGVkX19f3CpLeiXoISpKWFhUukRZ94LtJhCqCiylN6kPK5NvqwVnJMzRf5Nt9fkYnpvxMfJyf7lWDDKErd43HYj+e6/g7EAWqnBHOy6YktfJL0I533y/qLcI8PR2xqYNwWogVSZ+9WfgEY1/576pP2K5b2gK30GSD2vh1XhGcr+St1P/heKf4Eu4QY0XSw6glg7MrkjTUVisvt9mzrriBQujUEx9erAOZInaVRlnFbBY9qVdO6vOSCE3oyQqty+hGIAkP7P7L4/KSe293zHThMpwv+RkcMZn/g5Bp8v25Y3rx4wbKybqygRyHN3UKMXC/h4+kKm45Nue5TfVr4LWrlH8Rb3Q3pAbhGK5lz6s+9Jymtwk2PwExTzfqLzH84FHK51Unv8vIzIoTtTWLXCsPpAnaxhPeBnvvOondeVXeQyGsjT3sNJtobEoH8hQWRyZKDTc6AnBhMbC5naByOJ+xYNNCGzvS7Kxv3Z+ddN8JPZtkm0N/d6sLqWeBssY+H7UPW/FfmHnT+PXdxCbmZusqePkUq3uqSwr4HIRqd9Y0O603MlYbViGpJl7kSARkvmtz6KGPcmENMwYH5cP/7nBaMC9NqePwl4RaMPyVDnXFeW5Up2GVYEvs+xlCbL4x55xFSuN+SMGMUPLPKG0XqTPptNeMciZYwFPM9Y9vaLmLStqioqlrp+cbKpFPbxB7Y7w8hHsBb8h9sPzmgygUF0kKeQPEDmHUB7YW/dRVz6L5n+GiUmCVNwiFuxhs+rw5wEP1PhHFAnYBTMV5a3fgjwxV6QherkuAofeEPCFr0L0JQFW/P6F/5cBrPAIh8sgdT2E03v/UZBQ29HiOX1lTwZg81eTyo/E/WAgC38pmhOWJDg4YbGxsOBzF0pBweAp+PpGMCEWn8eOMxsu++HRpeaw8ZmJcmcrc16FXTekVriiSGB/+5Q/ygkb+bSF2AVylege6+ZozN1N/6Pa1daFvDwW/zyvs7pf5WlYsrpA5Ru8r5miV5tpGg0uIdg2eGCrJj+34ZTuzbrwCVlNIVGZvPiozkWkNKjs/JsgFo6m9OYg36eD/BpVU7QtEXRt04eXMAmI2cKSy9m2iW/66dmq0Am0JTmzJJCpe5e+UrFXxYDDvc4jZVKkmjIGQkOC2jf/uSQ09RvBazDQVwTdiHXLLlqn617CUnjARPqWerazyr1mhpNqunBR3dRrAWAlp7YA8/9j2MnVqs9PmzvAsHP1d20k9lEUVpRrH4f1tVAUIsEHM/++eEBWzM/u03+Qdr3T/aNGWWJ6XxolsuSF+UMnj2x2i+yvP8HF5HK3wgzHOjZYRMIfSxs3Uy8KiT2bNZau+dEREEcF0loRnEkCvOWxrU9g1X6yrIf1dh3L+/HXYT+h06nwRKl4pAoXzDlHwjGF5ZnB61lEh9nBSyJEdtY0lqNXmoqb9P129JfB32tuOCa5x9Z0xsfrcm7hVxJaIRHosmUt354FJpBjfJrgfpxbNzVG7Zn1rRiOExCoVAkDLHQQDUk+tN136BW88WlsITgT&u=U2FsdGVkX1+AXj3DCXOBKvxzg3LBm/Gn46gBa+UA5S8=&y=U2FsdGVkX196t2V7tCpTVBcTpgEzb8ceNo31VBRRxQQgsYehzl+/SPyk39X5HnAI HTTP/1.1" 200 26
186.102.30.255 - - [15/May/2023:00:14:35 -0500] "GET /kwssiamovil/sm/acme/a?s=U2FsdGVkX1/pylkKyA5xtMkYXpm646HKwMceD1wq0ACNYMNeIn7tCb3EW/kosaRzYoKM8nBqSeL7BR0U4YEySgBJC3Wz1fFk8/TApiNqRJ9miuB90iZhU9q9G575RMbia/LlQry/w0m6LUQFOxRB4Dcx+cBQoGUdznwChhBI1Kc=&u=U2FsdGVkX1+AXj3DCXOBKvxzg3LBm/Gn46gBa+UA5S8=&y=U2FsdGVkX196t2V7tCpTVBcTpgEzb8ceNo31VBRRxQQgsYehzl+/SPyk39X5HnAI HTTP/1.1" 200 26
186.102.30.255 - - [15/May/2023:00:14:36 -0500] "GET /kwssiamovil/sm/acme/a?s=U2FsdGVkX1+eFAslVEdvTwHN+2thdV96gI/6WJxkABZn4Ofml3xHUUJ9K3Ns3xKUzPCnTiAFXYTJ8xjKbbKnf5WcMWCllg6AIL7NSWJRWcHue08hRLQXH9wd03q1+gTDUCQRopMngAl5UR5X9Gpq4/3G0tAYfvbHKe9O2+NriMM=&u=U2FsdGVkX1+AXj3DCXOBKvxzg3LBm/Gn46gBa+UA5S8=&y=U2FsdGVkX196t2V7tCpTVBcTpgEzb8ceNo31VBRRxQQgsYehzl+/SPyk39X5HnAI HTTP/1.1" 200 26
186.102.30.255 - - [15/May/2023:00:14:36 -0500] "GET /kwssiamovil/sm/acme/a?s=U2FsdGVkX1+4s4dEuSSPJ8gEOZOmzv4SBJl5VViZvHCZDRxldr2vdOnd7bzgBBHgvn37a9IWYvgyb3Q7dOpz4Ey0ewuQr0VvvkP7MF5C7iAUF8g6zhvSEbJWchNYGgCli1HwsX+qcQs6+2HGfDjir7wZ2sqikBclQG9ex/yfQWY=&u=U2FsdGVkX1+AXj3DCXOBKvxzg3LBm/Gn46gBa+UA5S8=&y=U2FsdGVkX196t2V7tCpTVBcTpgEzb8ceNo31VBRRxQQgsYehzl+/SPyk39X5HnAI HTTP/1.1" 200 26
186.102.30.255 - - [15/May/2023:00:14:36 -0500] "GET /kwssiamovil/sm/acme/a?s=U2FsdGVkX19gxKZGUWvzrVrO2X18ihLSF/ZHTonElTSMcqOR5vqmjUE4IhJ4KDObBt+AcdVmhahbn+2Pdq5naDJkfqNYwnI9SA6EU2FF+UzIa4vbAsvBDYdeUnCAg+1g7/Bg9e6dIeDUguj1gfDnXclOpcgAE4qFKKtdOc+Orb44laC4S82b1XNUasIq94dz&u=U2FsdGVkX1+AXj3DCXOBKvxzg3LBm/Gn46gBa+UA5S8=&y=U2FsdGVkX196t2V7tCpTVBcTpgEzb8ceNo31VBRRxQQgsYehzl+/SPyk39X5HnAI HTTP/1.1" 200 26
66.249.77.23 - - [15/May/2023:00:16:18 -0500] "-" 408 -
172.22.2.4 - - [15/May/2023:00:14:41 -0500] "HEAD /BLA/boletinlegal/ HTTP/1.1" 200 -
40.77.167.97 - - [15/May/2023:00:16:51 -0500] "GET /BLA/resoluciones/RESOLUCIONES%202018/4147.pdf HTTP/1.1" 304 -
172.22.2.4 - - [15/May/2023:00:15:35 -0500] "GET /BLA/boletinlegal/ HTTP/1.1" 200 57561
201.245.192.253 - - [15/May/2023:00:17:15 -0500] "POST /kwsrmcab/Wsrmcab  HTTP/1.1" 200 43465
216.245.221.92 - - [15/May/2023:00:17:48 -0500] "HEAD / HTTP/1.1" 200 -
201.245.192.253 - - [15/May/2023:00:19:05 -0500] "POST /kwsrmcab/Wsrmcab HTTP/1.1" 200 39927
201.245.192.253 - - [15/May/2023:00:19:07 -0500] "POST /kwsrmcab/Wsrmcab HTTP/1.1" 200 43673
40.77.167.146 - - [15/May/2023:00:20:14 -0500] "GET /sipse/faces/index.xhtml HTTP/1.1" 200 677
152.61.192.232 - - [15/May/2023:00:20:38 -0500] "GET / HTTP/1.1" 200 319
172.22.2.4 - - [15/May/2023:00:20:35 -0500] "HEAD /BLA/boletinlegal/ HTTP/1.1" 200 -
201.245.192.253 - - [15/May/2023:00:22:13 -0500] "POST /kwsrmcab/Wsrmcab  HTTP/1.1" 200 43465
216.245.221.92 - - [15/May/2023:00:22:48 -0500] "HEAD / HTTP/1.1" 200 -
172.22.2.4 - - [15/May/2023:00:21:25 -0500] "GET /BLA/boletinlegal/ HTTP/1.1" 200 57561
172.22.2.4 - - [15/May/2023:00:24:11 -0500] "GET /BLA/boletinlegal/ HTTP/1.1" 200 61759
172.22.2.4 - - [15/May/2023:00:26:11 -0500] "GET /BLA/boletinlegal/js/jquery.js HTTP/1.1" 200 57254
201.245.192.253 - - [15/May/2023:00:27:13 -0500] "POST /kwsrmcab/Wsrmcab  HTTP/1.1" 200 43465
216.245.221.92 - - [15/May/2023:00:27:48 -0500] "HEAD / HTTP/1.1" 200 -
172.22.2.4 - - [15/May/2023:00:26:24 -0500] "HEAD /BLA/boletinlegal/ HTTP/1.1" 200 -
152.61.128.50 - - [15/May/2023:00:28:45 -0500] "GET / HTTP/1.1" 200 319
172.22.2.4 - - [15/May/2023:00:27:15 -0500] "GET /BLA/boletinlegal/ HTTP/1.1" 200 58663
201.245.192.253 - - [15/May/2023:00:29:06 -0500] "POST /kwsrmcab/Wsrmcab HTTP/1.1" 200 39927
201.245.192.253 - - [15/May/2023:00:29:08 -0500] "POST /kwsrmcab/Wsrmcab HTTP/1.1" 200 43673
201.245.192.253 - - [15/May/2023:00:32:11 -0500] "POST /kwsrmcab/Wsrmcab  HTTP/1.1" 200 43465
40.77.167.97 - - [15/May/2023:00:32:44 -0500] "GET /BLA/resoluciones/AUTOS%202021/2712.pdf HTTP/1.1" 304 -
216.245.221.92 - - [15/May/2023:00:32:48 -0500] "HEAD / HTTP/1.1" 200 -
172.22.2.4 - - [15/May/2023:00:32:14 -0500] "HEAD /BLA/boletinlegal/ HTTP/1.1" 200 -
172.22.2.4 - - [15/May/2023:00:33:05 -0500] "GET /BLA/boletinlegal/ HTTP/1.1" 200 57151
201.245.192.253 - - [15/May/2023:00:37:10 -0500] "POST /kwsrmcab/Wsrmcab  HTTP/1.1" 200 43465
216.245.221.92 - - [15/May/2023:00:37:48 -0500] "HEAD / HTTP/1.1" 200 -
201.245.192.253 - - [15/May/2023:00:39:05 -0500] "POST /kwsrmcab/Wsrmcab HTTP/1.1" 200 39927
201.245.192.253 - - [15/May/2023:00:39:09 -0500] "POST /kwsrmcab/Wsrmcab HTTP/1.1" 200 43673
172.22.2.4 - - [15/May/2023:00:38:04 -0500] "HEAD /BLA/boletinlegal/ HTTP/1.1" 200 -
172.22.2.4 - - [15/May/2023:00:38:55 -0500] "GET /BLA/boletinlegal/ HTTP/1.1" 200 59306
52.167.144.71 - - [15/May/2023:00:41:33 -0500] "GET /images/grafica-aire-alerta-ambiental-10-febrero.jpg HTTP/1.1" 200 101310
201.245.192.253 - - [15/May/2023:00:42:09 -0500] "POST /kwsrmcab/Wsrmcab  HTTP/1.1" 200 43465
216.245.221.92 - - [15/May/2023:00:42:48 -0500] "HEAD / HTTP/1.1" 200 -
172.22.2.4 - - [15/May/2023:00:44:13 -0500] "GET /BLA/boletinlegal/jurisprudencia/analisis/CUADRO%20ANALISIS%20SENTENCIA%20T-411%20DE%201992.doc HTTP/1.1" 200 41984
172.22.2.4 - - [15/May/2023:00:43:54 -0500] "HEAD /BLA/boletinlegal/ HTTP/1.1" 200 -
172.22.2.4 - - [15/May/2023:00:44:45 -0500] "GET /BLA/boletinlegal/ HTTP/1.1" 200 59306
66.249.66.7 - - [15/May/2023:00:47:07 -0500] "-" 408 -
201.245.192.253 - - [15/May/2023:00:47:08 -0500] "POST /kwsrmcab/Wsrmcab  HTTP/1.1" 200 43465
216.245.221.92 - - [15/May/2023:00:47:48 -0500] "HEAD / HTTP/1.1" 200 -
207.46.13.211 - - [15/May/2023:00:48:46 -0500] "GET /BLA/resoluciones/AUTOS%202022/2035.pdf HTTP/1.1" 304 -
172.22.2.4 - - [15/May/2023:00:49:44 -0500] "HEAD /BLA/boletinlegal/ HTTP/1.1" 200 -
201.245.192.253 - - [15/May/2023:00:52:07 -0500] "POST /kwsrmcab/Wsrmcab  HTTP/1.1" 200 43465
172.22.2.4 - - [15/May/2023:00:50:35 -0500] "GET /BLA/boletinlegal/ HTTP/1.1" 200 59306
216.245.221.92 - - [15/May/2023:00:52:48 -0500] "HEAD / HTTP/1.1" 200 -
40.77.167.146 - - [15/May/2023:00:54:17 -0500] "GET /sipse/faces/index.xhtml HTTP/1.1" 200 677
152.61.192.232 - - [15/May/2023:00:55:18 -0500] "GET /arcgis/services/Calidad_del_Agua_WQI/MapServer/WMSServer?request=GetCapabilities&service=WMS HTTP/1.1" 503 1020
152.61.192.232 - - [15/May/2023:00:55:20 -0500] "GET /arcgis/services/Calidad_del_Agua_WQI/MapServer/WMSServer?SERVICE=WMS&REQUEST=GetCapabilities HTTP/1.1" 503 1020
152.61.192.232 - - [15/May/2023:00:55:20 -0500] "GET /arcgis/services/Calidad_del_Agua_WQI/MapServer/WMSServer?WMTVER=1.0.0&REQUEST=capabilities HTTP/1.1" 503 1020
201.245.192.253 - - [15/May/2023:00:57:06 -0500] "POST /kwsrmcab/Wsrmcab  HTTP/1.1" 200 43465
172.22.2.4 - - [15/May/2023:00:55:34 -0500] "HEAD /BLA/boletinlegal/ HTTP/1.1" 200 -
216.245.221.92 - - [15/May/2023:00:57:48 -0500] "HEAD / HTTP/1.1" 200 -
172.22.2.4 - - [15/May/2023:00:56:25 -0500] "GET /BLA/boletinlegal/ HTTP/1.1" 200 57561
201.245.192.253 - - [15/May/2023:01:02:03 -0500] "POST /kwsrmcab/Wsrmcab  HTTP/1.1" 200 43465
200.118.60.119 - - [15/May/2023:01:02:46 -0500] "GET /BLA/resoluciones/ HTTP/1.1" 200 13502
216.245.221.92 - - [15/May/2023:01:02:48 -0500] "HEAD / HTTP/1.1" 200 -
200.118.60.119 - - [15/May/2023:01:02:52 -0500] "GET /BLA/resoluciones/index.php?dir=AUTOS+2020%2F HTTP/1.1" 200 328612
172.22.2.4 - - [15/May/2023:01:01:24 -0500] "HEAD /BLA/boletinlegal/ HTTP/1.1" 200 -
172.22.2.4 - - [15/May/2023:01:02:15 -0500] "GET /BLA/boletinlegal/ HTTP/1.1" 200 57561
201.245.192.253 - - [15/May/2023:01:07:03 -0500] "POST /kwsrmcab/Wsrmcab  HTTP/1.1" 200 43465
216.245.221.92 - - [15/May/2023:01:07:48 -0500] "HEAD / HTTP/1.1" 200 -
172.22.2.4 - - [15/May/2023:01:07:14 -0500] "HEAD /BLA/boletinlegal/ HTTP/1.1" 200 -
172.22.2.4 - - [15/May/2023:01:09:11 -0500] "GET /BLA/boletinlegal/Circulares/2020/Circular%2000010%20del%2027%20de%20julio%20de%202020.pdf HTTP/1.1" 304 -
172.22.2.4 - - [15/May/2023:01:08:05 -0500] "GET /BLA/boletinlegal/ HTTP/1.1" 200 59306
168.119.101.10 - - [15/May/2023:01:09:52 -0500] "GET / HTTP/1.1" 200 319
207.46.13.211 - - [15/May/2023:01:10:47 -0500] "GET /BLA/resoluciones/AUTOS%202021/4800.pdf HTTP/1.1" 304 -
201.245.192.253 - - [15/May/2023:01:12:01 -0500] "POST /kwsrmcab/Wsrmcab  HTTP/1.1" 200 43465
172.22.2.4 - - [15/May/2023:01:11:33 -0500] "GET /BLA/boletinlegal/ HTTP/1.1" 200 40907
216.245.221.92 - - [15/May/2023:01:12:48 -0500] "HEAD / HTTP/1.1" 200 -
34.224.38.179 - - [15/May/2023:01:14:07 -0500] "HEAD /galeria/galeria/fotos/Humedal-Vaca2G.jpg HTTP/1.1" 200 -
64.125.238.74 - - [15/May/2023:01:14:43 -0500] "GET /portaldeninos/wp-content/uploads/2020/06/tw.jpg HTTP/1.1" 200 11056
172.22.2.4 - - [15/May/2023:01:13:04 -0500] "HEAD /BLA/boletinlegal/ HTTP/1.1" 200 -
172.22.2.4 - - [15/May/2023:01:13:55 -0500] "GET /BLA/boletinlegal/ HTTP/1.1" 200 57151
152.61.128.50 - - [15/May/2023:01:16:43 -0500] "GET /arcgis/services/Calidad_del_Agua_WQI/MapServer/WMSServer?request=GetCapabilities&service=WMS HTTP/1.1" 503 1020
152.61.128.50 - - [15/May/2023:01:16:44 -0500] "GET /arcgis/services/Calidad_del_Agua_WQI/MapServer/WMSServer?SERVICE=WMS&REQUEST=GetCapabilities HTTP/1.1" 503 1020
152.61.128.50 - - [15/May/2023:01:16:44 -0500] "GET /arcgis/services/Calidad_del_Agua_WQI/MapServer/WMSServer?WMTVER=1.0.0&REQUEST=capabilities HTTP/1.1" 503 1020
87.250.224.227 - - [15/May/2023:01:16:46 -0500] "GET /bogota-un-distritosilvestre.html HTTP/1.1" 200 723
201.245.192.253 - - [15/May/2023:01:17:00 -0500] "POST /kwsrmcab/Wsrmcab  HTTP/1.1" 200 43465
216.245.221.92 - - [15/May/2023:01:17:48 -0500] "HEAD / HTTP/1.1" 200 -
201.245.192.253 - - [15/May/2023:01:19:05 -0500] "POST /kwsrmcab/Wsrmcab HTTP/1.1" 200 39761
201.245.192.253 - - [15/May/2023:01:19:08 -0500] "POST /kwsrmcab/Wsrmcab HTTP/1.1" 200 43197
172.22.2.4 - - [15/May/2023:01:18:54 -0500] "HEAD /BLA/boletinlegal/ HTTP/1.1" 200 -
172.22.2.4 - - [15/May/2023:01:19:45 -0500] "GET /BLA/boletinlegal/ HTTP/1.1" 200 57151
201.245.192.253 - - [15/May/2023:01:21:59 -0500] "POST /kwsrmcab/Wsrmcab  HTTP/1.1" 200 43465
216.245.221.92 - - [15/May/2023:01:22:48 -0500] "HEAD / HTTP/1.1" 200 -
71.6.232.27 - - [15/May/2023:01:22:59 -0500] "GET / HTTP/1.1" 200 319
161.35.166.42 - - [15/May/2023:01:24:26 -0500] "GET /portaldeninos/ HTTP/1.1" 200 110197
172.22.2.4 - - [15/May/2023:01:24:44 -0500] "HEAD /BLA/boletinlegal/ HTTP/1.1" 200 -
40.77.167.146 - - [15/May/2023:01:26:30 -0500] "GET /sipse/faces/index.xhtml HTTP/1.1" 200 677
201.245.192.253 - - [15/May/2023:01:26:58 -0500] "POST /kwsrmcab/Wsrmcab  HTTP/1.1" 200 43465
172.22.2.4 - - [15/May/2023:01:25:35 -0500] "GET /BLA/boletinlegal/ HTTP/1.1" 200 59306
216.245.221.92 - - [15/May/2023:01:27:48 -0500] "HEAD / HTTP/1.1" 200 -
201.245.192.253 - - [15/May/2023:01:29:05 -0500] "POST /kwsrmcab/Wsrmcab HTTP/1.1" 200 39761
201.245.192.253 - - [15/May/2023:01:29:08 -0500] "POST /kwsrmcab/Wsrmcab HTTP/1.1" 200 43197
40.77.167.97 - - [15/May/2023:01:30:17 -0500] "GET /galeria/galeria/fotos/Capellania1P.jpg HTTP/1.1" 200 33952
66.220.149.24 - - [15/May/2023:01:30:19 -0500] "GET /images/red-de-calidad-hidrica-de-bogota.jpg HTTP/1.1" 200 74958
31.13.115.19 - - [15/May/2023:01:30:19 -0500] "GET /red-de-calidad-hidrica-de-bogota-una-herramienta-para-monitorear-la-calidad-del-agua.html HTTP/1.1" 206 817
186.28.78.53 - - [15/May/2023:01:31:51 -0500] "GET /guadalupe-aguanoso-un-nuevo-tramo-de-camino-para-disfrutar-en-los-cerros-orientales.html HTTP/1.1" 200 795
201.245.192.253 - - [15/May/2023:01:31:57 -0500] "POST /kwsrmcab/Wsrmcab  HTTP/1.1" 200 43465
172.22.2.4 - - [15/May/2023:01:30:34 -0500] "HEAD /BLA/boletinlegal/ HTTP/1.1" 200 -
172.22.2.4 - - [15/May/2023:01:32:33 -0500] "GET /BLA/boletinlegal/ajax/api/user/save HTTP/1.1" 404 1018
173.252.111.11 - - [15/May/2023:01:32:47 -0500] "GET /images/caminatas-ecol\xc3\xb3gicas-marzo---1920x1080_optimized.jpg HTTP/1.1" 404 1034
216.245.221.92 - - [15/May/2023:01:32:48 -0500] "HEAD / HTTP/1.1" 200 -
172.22.2.4 - - [15/May/2023:01:31:25 -0500] "GET /BLA/boletinlegal/ HTTP/1.1" 200 55571
66.249.66.73 - - [15/May/2023:01:33:19 -0500] "-" 408 -
45.33.80.237 - - [15/May/2023:01:36:53 -0500] "GET /portaldeninos/2021/06/29/jasbleady-castaneda-una-mujer-que-le-pone-el-alma-a-la-proteccion-de-las-tinguas-azules/ HTTP/1.1" 200 108388
201.245.192.253 - - [15/May/2023:01:36:56 -0500] "POST /kwsrmcab/Wsrmcab  HTTP/1.1" 200 43465
216.245.221.92 - - [15/May/2023:01:37:48 -0500] "HEAD / HTTP/1.1" 200 -
172.22.2.4 - - [15/May/2023:01:36:24 -0500] "HEAD /BLA/boletinlegal/ HTTP/1.1" 200 -
172.22.2.4 - - [15/May/2023:01:37:15 -0500] "GET /BLA/boletinlegal/ HTTP/1.1" 200 57151
201.245.192.253 - - [15/May/2023:01:39:05 -0500] "POST /kwsrmcab/Wsrmcab HTTP/1.1" 200 39761
40.77.167.146 - - [15/May/2023:01:39:10 -0500] "GET /bla/resoluciones/resoluciones%202007/res%202007%202401%20al%202500/RESOLUCION%202488%20DE%202007.pdf HTTP/1.1" 304 -
201.245.192.253 - - [15/May/2023:01:39:08 -0500] "POST /kwsrmcab/Wsrmcab HTTP/1.1" 200 43197
201.245.192.253 - - [15/May/2023:01:41:55 -0500] "POST /kwsrmcab/Wsrmcab  HTTP/1.1" 200 43465
216.245.221.92 - - [15/May/2023:01:42:48 -0500] "HEAD / HTTP/1.1" 200 -
52.167.144.32 - - [15/May/2023:01:43:32 -0500] "GET /con-actividades-ludicas-y-educativas-la-ciudadania-conmemoro-el-dia-del-rio-bogota-2023.html HTTP/1.1" 200 825
172.22.2.4 - - [15/May/2023:01:42:14 -0500] "HEAD /BLA/boletinlegal/ HTTP/1.1" 200 -
172.22.2.4 - - [15/May/2023:01:43:05 -0500] "GET /BLA/boletinlegal/ HTTP/1.1" 200 57561
207.46.13.211 - - [15/May/2023:01:46:12 -0500] "GET /BLA/resoluciones/AUTOS%202016/1031.pdf HTTP/1.1" 304 -
201.245.192.253 - - [15/May/2023:01:46:54 -0500] "POST /kwsrmcab/Wsrmcab  HTTP/1.1" 200 43465
216.245.221.92 - - [15/May/2023:01:47:48 -0500] "HEAD / HTTP/1.1" 200 -
172.22.2.4 - - [15/May/2023:01:48:04 -0500] "HEAD /BLA/boletinlegal/ HTTP/1.1" 200 -
200.118.60.119 - - [15/May/2023:01:50:34 -0500] "GET /BLA/resoluciones/ HTTP/1.1" 200 13502
172.22.2.4 - - [15/May/2023:01:48:55 -0500] "GET /BLA/boletinlegal/ HTTP/1.1" 200 59306
200.118.60.119 - - [15/May/2023:01:50:36 -0500] "GET /BLA/resoluciones/index.php?dir=AUTOS+2020%2F HTTP/1.1" 200 328612
40.77.167.146 - - [15/May/2023:01:51:13 -0500] "GET /BLA/resoluciones/AUTOS%202021/4230.pdf HTTP/1.1" 304 -
201.245.192.253 - - [15/May/2023:01:51:53 -0500] "POST /kwsrmcab/Wsrmcab  HTTP/1.1" 200 43465
172.22.2.4 - - [15/May/2023:01:50:49 -0500] "OPTIONS /BLA/boletinlegal/ HTTP/1.1" 200 49099
216.245.221.92 - - [15/May/2023:01:52:48 -0500] "HEAD / HTTP/1.1" 200 -
172.22.2.4 - - [15/May/2023:01:53:54 -0500] "HEAD /BLA/boletinlegal/ HTTP/1.1" 200 -
172.22.2.4 - - [15/May/2023:01:54:45 -0500] "GET /BLA/boletinlegal/ HTTP/1.1" 200 54808
201.245.192.253 - - [15/May/2023:01:56:52 -0500] "POST /kwsrmcab/Wsrmcab  HTTP/1.1" 200 43465
216.245.221.92 - - [15/May/2023:01:57:48 -0500] "HEAD / HTTP/1.1" 200 -
172.22.2.4 - - [15/May/2023:01:56:19 -0500] "GET /BLA/boletinlegal/index.php HTTP/1.1" 200 61250
40.77.167.146 - - [15/May/2023:01:58:13 -0500] "GET /sipse/faces/index.xhtml HTTP/1.1" 200 677
172.22.2.4 - - [15/May/2023:01:59:44 -0500] "HEAD /BLA/boletinlegal/ HTTP/1.1" 200 -
201.245.192.253 - - [15/May/2023:02:01:51 -0500] "POST /kwsrmcab/Wsrmcab  HTTP/1.1" 200 43465
172.22.2.4 - - [15/May/2023:02:00:35 -0500] "GET /BLA/boletinlegal/ HTTP/1.1" 200 57151
216.245.221.92 - - [15/May/2023:02:02:48 -0500] "HEAD / HTTP/1.1" 200 -
66.249.77.21 - - [15/May/2023:02:06:41 -0500] "-" 408 -
201.245.192.253 - - [15/May/2023:02:06:50 -0500] "POST /kwsrmcab/Wsrmcab  HTTP/1.1" 200 43465
172.22.2.4 - - [15/May/2023:02:05:34 -0500] "HEAD /BLA/boletinlegal/ HTTP/1.1" 200 -
61.135.159.127 - - [15/May/2023:02:07:14 -0500] "GET / HTTP/1.1" 200 319
172.22.2.4 - - [15/May/2023:02:06:42 -0500] "GET /BLA/boletinlegal/ HTTP/1.1" 200 28619
216.245.221.92 - - [15/May/2023:02:07:48 -0500] "HEAD / HTTP/1.1" 200 -
172.22.2.4 - - [15/May/2023:02:06:26 -0500] "GET /BLA/boletinlegal/ HTTP/1.1" 200 50283
201.245.192.253 - - [15/May/2023:02:11:48 -0500] "POST /kwsrmcab/Wsrmcab  HTTP/1.1" 200 43465
216.245.221.92 - - [15/May/2023:02:12:48 -0500] "HEAD / HTTP/1.1" 200 -
172.22.2.4 - - [15/May/2023:02:11:25 -0500] "HEAD /BLA/boletinlegal/ HTTP/1.1" 200 -
200.53.20.251 - - [15/May/2023:02:13:16 -0500] "GET / HTTP/1.1" 200 319
172.22.2.4 - - [15/May/2023:02:12:16 -0500] "GET /BLA/boletinlegal/ HTTP/1.1" 200 57151
207.46.13.211 - - [15/May/2023:02:15:16 -0500] "GET /BLA/resoluciones/RESOLUCIONES%202020/1695.pdf HTTP/1.1" 304 -
144.126.234.228 - - [15/May/2023:02:15:58 -0500] "\x16\x03\x01\x01\xfd\x01" 400 226
201.245.192.253 - - [15/May/2023:02:16:47 -0500] "POST /kwsrmcab/Wsrmcab  HTTP/1.1" 200 43465
216.245.221.92 - - [15/May/2023:02:17:48 -0500] "HEAD / HTTP/1.1" 200 -
172.22.2.4 - - [15/May/2023:02:17:15 -0500] "HEAD /BLA/boletinlegal/ HTTP/1.1" 200 -
201.245.192.253 - - [15/May/2023:02:19:05 -0500] "POST /kwsrmcab/Wsrmcab HTTP/1.1" 200 39796
201.245.192.253 - - [15/May/2023:02:19:07 -0500] "POST /kwsrmcab/Wsrmcab HTTP/1.1" 200 43684
172.22.2.4 - - [15/May/2023:02:18:06 -0500] "GET /BLA/boletinlegal/ HTTP/1.1" 200 57151
201.245.192.253 - - [15/May/2023:02:21:46 -0500] "POST /kwsrmcab/Wsrmcab  HTTP/1.1" 200 43465
216.245.221.92 - - [15/May/2023:02:22:48 -0500] "HEAD / HTTP/1.1" 200 -
88.147.153.57 - - [15/May/2023:02:23:03 -0500] "GET / HTTP/1.1" 200 319
40.77.167.97 - - [15/May/2023:02:23:32 -0500] "GET /BLA/resoluciones/AUTOS%202013/0413.pdf HTTP/1.1" 200 1587384
172.22.2.4 - - [15/May/2023:02:23:05 -0500] "HEAD /BLA/boletinlegal/ HTTP/1.1" 200 -
172.22.2.4 - - [15/May/2023:02:23:56 -0500] "GET /BLA/boletinlegal/ HTTP/1.1" 200 57561
207.46.13.211 - - [15/May/2023:02:25:37 -0500] "GET /BLA/resoluciones/dlf/styles.css HTTP/1.1" 200 3049
186.31.57.93 - - [15/May/2023:02:26:19 -0500] "GET /kwssiamovil/sm/ldap/au?x=U2FsdGVkX18pEdZqFml19SWVhyNg7/LNBGHPcBo7YNlKxkbSVPbAC3uSygIFgXRA&y=U2FsdGVkX190xGHMiWvkbe5OOjvG87h7ce92jNMtqbRE/wy3RjP3vMxFu+3ZvtHp HTTP/1.1" 200 30
186.31.57.93 - - [15/May/2023:02:26:19 -0500] "GET /kwssiamovil/sm/acme/s?s=U2FsdGVkX1+Q6wsYwLudKY/e4Zer90//zQdi3QfGQdOoVxhQrfHV8SdgCHksQgrh/GJSOURM6LAe6nWlFHDZCeTymGnHYzMGvJ02otjuQks=&u=U2FsdGVkX181gNiZa5fgaHNO4l36NJ8j/NOsImTyxZ0tjLBtBfyibEt4Okyi7irI&y=U2FsdGVkX190xGHMiWvkbe5OOjvG87h7ce92jNMtqbRE/wy3RjP3vMxFu+3ZvtHp HTTP/1.1" 200 97
186.31.57.93 - - [15/May/2023:02:26:19 -0500] "GET /kwssiamovil/sm/acme/s?s=U2FsdGVkX18SKgDH35Qj6wkcjlmKFBb4GPi5cnnWfXJM+yfWNE7GjJjt9hS/jSL/cgutVg7YR/7j8WkBiuC2ij42Mzc3ewG23JrHcztJQLta4Hxdz+y0Y7Va+fn3HRHJzwzzPtOXhDTt/qNIllQzCzK1j4E5sZTbA9qGCf1ILcSHhhkrSpkYyCIe60idNpWI9ONX/V561WM1POx8pf2t6ruaFLt+M5TdMr9Y0T87xgO9Kc85JvFMfbJu66CP9OeUQvcsXHBkW7PVgtoQaoCGc+Yi6N7ADuXBb39pouiJb7E8MF+ix0pj5dX8SVtruookezvgNdhfiEiFsOKuecD0KFXn1pm10KNizELu9LaiWAp5jvLPqJW1HPpE+S0TWeVGz20qiuJrgdHMor3Rci8NwKYrGyAK6dc6Ir2q0GyeCe+Parkn9mgZPaUnf7jvbJwX+1a009t3xpJAQATqHIMuyBw2eZPq4Or2YZT/Uyq/1avB/Qht5iR0e1J3TwIaORgMP2sWkj+gjGKUhk9xsk0E9rDyc9/h1AdUCX2G+sI+0VQtzgtVqroDBI2Q5nK3AmMxmoHahsO5Ua0zONAUbYnFdz3ombUr7PmukS3Uua0mNgD7qEu9BFYtLJpJpNlsyWfHuhqRhdC13y7Muv6WgrBPu5W5BHoAw7xVa6isIwrZq4c3xFCcje8xX5H5bSZK4RbicvBl5O0l4rR0X4/LOf8hqfjfrUsfpj07lUCaHfSojqBbsr6G+bg/odYsavsvUIJ8az3q4xCc5RxWQ5GDw1aNNabP6GP67HHiYZSzA/I+GvNcnxb5DDwiwr/0/TvU7SBxgvelwzx98CUDmpwGCIfYPcNDuDwvinJRXuNZ4+yyglepmj1KtmV++36B/1L/jgxZY5Ex5yhpfvxma6OJrOWGPqSFSOCCWD5TFTNBhMfgoEeEMsP9yVQCxFywsXGTWM8a4kSHQEUV6aVVfHVbydXzpQ0O9Bii7/XLu3pPvutkDBUFlxXvKt9bktSl6ZN34xXLvl5x4PWCcjmXIi9pfXkaT+x8l3G7w7G6ciqLGVr/oRbTAzTDM7D7e9IbIZJ0W0JCCJbkZRmQU+w2JjQ8RKdzsUGDbdLl9yIXsGQMOttDnirIMRCC0Z1zqpqC+6cCmL/06UeGeEesXtpP0PT0QXkYfrMU4yGUEXFpcGYZeAzbD7SHcjYYM7fBdTzuq/GG1FVI+x8mn28Ov0dl7WZpCsu4BVXVQCK2yFTrV0sOgJSWWqKDCX13JX4LwsqOyFlr4ixBwg7QF/euXm+Dal+yP95LwEywPVicpiyNbt7aUJP+PsQ2kpc7c3dG06CwfjNkQwBf/7hnihe5f3U19PjIROnIr6RGy5cYm+8OQERgMQJG2SZEF9Ijrv+bs9r1us7lyIX9/hNb6pyPP7ArT4xh/7rO7nGDlK2KiXCTj8sVW/O1VDo=&u=U2FsdGVkX181gNiZa5fgaHNO4l36NJ8j/NOsImTyxZ0tjLBtBfyibEt4Okyi7irI&y=U2FsdGVkX190xGHMiWvkbe5OOjvG87h7ce92jNMtqbRE/wy3RjP3vMxFu+3ZvtHp HTTP/1.1" 200 72
186.31.57.93 - - [15/May/2023:02:26:19 -0500] "GET /kwssiamovil/sm/acme/s?s=U2FsdGVkX18sbl75mc/u96qcxhyFiXw2msWOgt8prOOr6Ue3nuYWA3FJOAp5actdQ11jkSbrXZi1+hyloyd1iCJlJ6nIU5ErFqbbpJmLgiukiEDe5o4vHi+qa2HMPocdEFltmRaClKe3z8o24zG76Ycqfvloj+CCnAC2zWGNGcZY4MqOZ75HWse+k9di/Z/FVxI86n+Hdi5AplAy8MMi/gecDIj/LV0EbMqo4UEAtXkv7ntD4nYEtNuR72pMcJdspoj+H1qnK7+JneR0Bh/20+Dw82udmdz2p0XXMo3a4ino8yAEFSztyq+bgpRDW6KGrHM+ybLVEHM0JxA6aePb1kUf7BM5tkPlQDhZzAvM2Fg=&u=U2FsdGVkX181gNiZa5fgaHNO4l36NJ8j/NOsImTyxZ0tjLBtBfyibEt4Okyi7irI&y=U2FsdGVkX190xGHMiWvkbe5OOjvG87h7ce92jNMtqbRE/wy3RjP3vMxFu+3ZvtHp HTTP/1.1" 200 196
186.31.57.93 - - [15/May/2023:02:26:20 -0500] "GET /kwssiamovil/sm/cjson/pre?f=1&x=U2FsdGVkX18pEdZqFml19SWVhyNg7/LNBGHPcBo7YNlKxkbSVPbAC3uSygIFgXRA HTTP/1.1" 200 31032
201.245.192.253 - - [15/May/2023:02:26:44 -0500] "POST /kwsrmcab/Wsrmcab  HTTP/1.1" 200 43465
216.245.221.92 - - [15/May/2023:02:27:48 -0500] "HEAD / HTTP/1.1" 200 -
207.46.13.211 - - [15/May/2023:02:28:11 -0500] "GET /BLA/resoluciones/AUTOS%202021/2953.pdf HTTP/1.1" 304 -
186.31.57.93 - - [15/May/2023:02:28:21 -0500] "GET /kwssiamovil/sm/ldap/au?x=U2FsdGVkX19g2JZVYgk2nIh7RpneXI7gycAb9godbOJ46SVrW5aGuFSUqr1LrNTE&y=U2FsdGVkX18dgupc7TVP+K2KpwNtMeU+R7/9JlfhM0iUkIhsq1BLajQbd0kQ4QHA HTTP/1.1" 200 30
186.31.57.93 - - [15/May/2023:02:28:21 -0500] "GET /kwssiamovil/sm/acme/s?s=U2FsdGVkX1+ky3/uOd71EsitgMudOiTaleem6+b5/vBz1igIcWv8zY5Zx45ILQ9xtvITe8WugqUcpVeKBde2SmzBr4+onfQlWPn+4Iqdojk=&u=U2FsdGVkX19wxFwb3FNDMVuzPGqELq4g9DwoLq7/iuAENo4knZ1GGshDFHP3LEmM&y=U2FsdGVkX18dgupc7TVP+K2KpwNtMeU+R7/9JlfhM0iUkIhsq1BLajQbd0kQ4QHA HTTP/1.1" 200 97
186.31.57.93 - - [15/May/2023:02:28:21 -0500] "GET /kwssiamovil/sm/acme/s?s=U2FsdGVkX18dyFK4uQ1r7AAA/lUsyZnl3/t+HiaTnmDqtBr6F1n9UDbOTpiLb9DYWprgsQP1oXko2sTAjoo+G6Di5Y1d4TVKK8HIKKJUQ1srbgoRXa6JirJcwUVWFRGr2QHhOY2ZTQKv4QefbicA/S8fFw4QCcHH5BT2AxdtbpCjCnOjsK3tMUBYem3bHiY4LtXu/Eo4biaJG1X/5aXNb3cDZ5nb3Tobbl6YFThWX04jiM6itf8qjSxh2Ezk76YOKN8oqBW3HL3BYd594YZccfsRmT/+6/tbdu+EqsIckdO4Z7oYErYNtPPe9kNpcCnsaZw8t7TZ86SuGdj/riMbd8cBrYaH8hiXucfB66Wxv9uDkjJAcXxI/hK/sRQpK3pN3XDpIuTsxNvTcpZy3P9DIG034l10O++x32ULf5+D6KYMdHU69uOjr2DdBg6tA7cTnGDQi5pnL8zP71rIaM2rCkxQpku1HYSnJzSrb7M71bmI+2otRf9igQ/wYDvF8E+f1LB6qXXXiVVznnumEW8xnlrJug2etZ+ev0OdrDbibpmEGDalDMoXX1UpnHh04EatFUP+KFWywzquE6Q+O40Nemwjsxq888XBhiPPpcxQXfBX8YUu12qcwwHCpLHcPrnVftP9bBnR3qvOZgBVZfNgPx5rtZWGRphpF3eXe0YKGEM833VO/T1QJrlhNCZ9oxrnYVDrmBWXQQofndjvHigjcfIu6D7H4I2TUCbgMaOi9puRg/di6qk7OnjLLqWVwlZO431nLupLVFvE18vTs5Np/IlA5B6jkli9pPOa5/T/LMIvodFtUU1pPjuH3gbTcweCd6Y94+rpZW0kBA+yTqNmIhyNRYIBELjSUcdleAByS9Q7z9BDkwVvtosje1llaggn7XXFzUF1yiPuJZ7uiM135BwKV3YdCAQ4P5KPJrEVEmuv/+O4LBNUjbWrWRYNqPlJQ6O3gPAz76sQNNYi+hzTYVCznZAx+tJMDc0lkkh3TfKXsGQfGEVSStKgb9Nz548OWQbJh0sb6RQcSFBmIvYBsv6+vVzo2in4GvIP7C9/KlCVA7BOlLLTNRLyAjb/sd5nSqpohBGSIy+YYrYEqhKtVAgND3d/WMq0fSe6ODQrnCB+YRjcfOmUZx1kAN5oDx6hxnp2rnlcSjoBdmRYizaz/hbFE/MTfbqzuooe6l9PDzXIWBt0pJEfAktCG0ye367oo4GxzTR1dfL8i3WX2p2b+ta3n3wh0BNMELsd31NuATl/P5x3JvAznc3LzBMfeku85Fg2FIOMXxKmcFjVnVlUdlPmF/TWBYZmViV28DnMAw4ETDLOo+71QrZjU41S1IK6wrVt0JZ0jv7ihXOmyMpafKTE6CxOBcBoyWNQVEudPuCvagFNQG+58GPcOFBuwml3j7azQ9sgvbRgla9JBBMzXqnCiVMgNxfJamoBM82MxBg=&u=U2FsdGVkX19wxFwb3FNDMVuzPGqELq4g9DwoLq7/iuAENo4knZ1GGshDFHP3LEmM&y=U2FsdGVkX18dgupc7TVP+K2KpwNtMeU+R7/9JlfhM0iUkIhsq1BLajQbd0kQ4QHA HTTP/1.1" 200 72
186.31.57.93 - - [15/May/2023:02:28:21 -0500] "GET /kwssiamovil/sm/acme/s?s=U2FsdGVkX1/3L8jvDhaBT4J/1h05sQWaoSzpVPlCXppiPRNt5aYcE/nSwdYALu7htedsaipqb5AlkR3fphpHqpDZkwhvJFpH8AhgAnN5jCjBdmOl6hoD66fUKGlmK0XWZ/96xWK7K1ePTpZz5Fq8cRb69kHLkBilvZo8nJBqftk2LvxQwOA1++HX48qrk73AqLWGJlz2nfPz+Xl890nfEAoKEiwWc1H+N1Mnup6/+tmgR2NrsKBnh+FAlQ5BnPqw62YJrn1VG7OppDp5FfpnjVhxoWYHLdgxNZccURqTG3MX9jKG1stuj1b+b8gYi6+vtvFVseykGvjICDxu0EqSxQWvPCvvJAoLTZFKbnT/1mI=&u=U2FsdGVkX19wxFwb3FNDMVuzPGqELq4g9DwoLq7/iuAENo4knZ1GGshDFHP3LEmM&y=U2FsdGVkX18dgupc7TVP+K2KpwNtMeU+R7/9JlfhM0iUkIhsq1BLajQbd0kQ4QHA HTTP/1.1" 200 196
186.31.57.93 - - [15/May/2023:02:28:21 -0500] "GET /kwssiamovil/sm/cjson/pre?f=1&x=U2FsdGVkX19g2JZVYgk2nIh7RpneXI7gycAb9godbOJ46SVrW5aGuFSUqr1LrNTE HTTP/1.1" 200 31032
186.31.57.93 - - [15/May/2023:02:28:46 -0500] "GET /kwssiamovil/sm/ldap/au?x=U2FsdGVkX1/hleav2gnM9KZz4kKav5eoa7fgQegBPcX3yRCGnUwLAHFLqeGk2yEX&y=U2FsdGVkX1+PLMogeu/KdBUcoyf3pvxKyMHr70waW+qvpNfuo/7EXsBFF9jpDG7s HTTP/1.1" 200 31
201.245.192.253 - - [15/May/2023:02:29:05 -0500] "POST /kwsrmcab/Wsrmcab HTTP/1.1" 200 39796
201.245.192.253 - - [15/May/2023:02:29:07 -0500] "POST /kwsrmcab/Wsrmcab HTTP/1.1" 200 43684
186.31.57.93 - - [15/May/2023:02:29:22 -0500] "GET /kwssiamovil/sm/ldap/au?x=U2FsdGVkX18tKP1w9yBlfuCS8YHdZObwe4tMlzPRmh1oziyVxaBf6NaHbk4eHJS0&y=U2FsdGVkX1+VUneLZLnxf0Kjmg/l6QKR49Lf9iFG73gRA0rEP6lj3RXLoM8dp7Ce HTTP/1.1" 200 30
186.31.57.93 - - [15/May/2023:02:29:22 -0500] "GET /kwssiamovil/sm/acme/s?s=U2FsdGVkX1/7DBLewsR8Yp0wIWwoNkPDja+l6TR/ghkrMA/WbqqpBIYuNxIWnDV9IwNM74qUAo4BvxNrrVUHnI4uyEES5QBnIls1ZAzXhNo=&u=U2FsdGVkX1+JmN0O+rOy47u3s8XNW3QE+JVsqzZTM+X9TGvPgZD1U3CcebyVheBU&y=U2FsdGVkX1+VUneLZLnxf0Kjmg/l6QKR49Lf9iFG73gRA0rEP6lj3RXLoM8dp7Ce HTTP/1.1" 200 97
186.31.57.93 - - [15/May/2023:02:29:22 -0500] "GET /kwssiamovil/sm/acme/s?s=U2FsdGVkX1+B8M1v6jKFXL5KF0Ie7P5bV2tlKkkH4mdRC/cNgM7PH0CmCT9msfIATDATbht0voWiYGmISnzrSpc1YSH4JYwLYJu4CwVASHNyP0Np+5cWKLHZfPS+lebYdnIIVoCqxBaM+OarxceSmseA4hwdtj8Rcneh/OmZKb7fOqh6WkrcFETCCK9ayvH8S0t5xwnB04wmUCWRMONVhF62mOp77WKhOIBLuzddXVB9qaAIesdrmWeytQk2t/s+09axjsS5sZ5adVpQ+BNhicx5joDu1jfa9N8Yi6G7V9j0MU6f0ThdTz7nimOUZC4NFwz1Vf5HscKw+6apwBZpgHSmnpfZ7wSw99npERfd9U9VzP7Lvxd92zGB4smuYr2+Z8TJXwj8P1+0fgj/T7924i/6eqcyINyyrmFljKEQSUojbHdoHMAk3TbqW3+nJSVGHmHlZyKxPT0j2LC0A1CgWn0Lhz8FU3is15R2n828CNr0Rf7rVOV5IBhNOeqpGDEvyC5YVobszi/te0L59PmJFNA4tM+AyPVmA1HKD1IEaQpiHVi06VzJiprc6CAtgKx/kDep5IceCGYTQ/YkhBBajKSXdh04nXIjJ/tLYmrjfRX8GGqLn04BDCeQ8ndIm0HG59QDO5rKBvi7R2L2YEZhi21rnShylbXt0oP3sFOPwzlBXJa9NsDhRgyNZUsFKCKFWDCPg00BKKA3cM5+BHhyjgD4DIWl2jZFmWNOiIpEv9m3BdtovXFey5eVp+R2AqBJUdmrAf3WjN3QXK/BQD0AmdDkd/9ZpiJtzOAFAQk3Wrn07FormY2I9mlCXvHsP+nAznF8G0QE8TJ46YYjUu5m8vyVT3NR04O+6gmiIV2/5bjUKjuuHZn56b3ip3j5GwMwRj4s0GgG1AIJU2Ijxfswj+iG5z6uTMY8bRotMpxv5IokN1YMfxAJg4PXyVWru1AQTdu3wmYAx98MlA9hQNV1btBkilSx0ENYnrx1N6EnNyKbkFftf65H1GRMEr/AIFP5R8cZFvhaQO7e4J8sXV2RHjUb2jnjznlqE/iEPkGdZvkLGxJc53/zF98EAWTUhxtnnyRk5DZP5F/Yzqghh1Q3N5Nlbb6EU498lqgtJ95I0hjTZJdo6HQZey3i105jXpHk3TbWnr4pT20/JuWfd/bg8IgLEkHMJ5bb7ohK4GOzR2by1+LGYFpL0y0BuA0LjHAltVnBdqX5tjcy/I9qO615rOlj4OaCwAUuZSGYSap75byn1CaKe61HQ3eLfSM9buI71OV3ayUqfxfNCQ5PUdFolrtb7swxjGI3z7zsalKSy35jOhVOE0gn+0ECeyIhBMZ9GAOglmgaHbNgWkSyEi8FYqW5Re9X5f1M99/LJK+Q56hQdXXxxDZ0N7yzucP8/wVdjvm5vnSx2bCPnRTswlAo0xMyftkqHGHOFS64t9q/5KU=&u=U2FsdGVkX1+JmN0O+rOy47u3s8XNW3QE+JVsqzZTM+X9TGvPgZD1U3CcebyVheBU&y=U2FsdGVkX1+VUneLZLnxf0Kjmg/l6QKR49Lf9iFG73gRA0rEP6lj3RXLoM8dp7Ce HTTP/1.1" 200 72
186.31.57.93 - - [15/May/2023:02:29:22 -0500] "GET /kwssiamovil/sm/acme/s?s=U2FsdGVkX19WX2VozHFh8yTMrk39sJ9OzSurrQOZnTCSanb2nKMo07rddy465fYsk2+hKXesguuyTo7bRi+jgL/ffdGhzl3Y4PwYekEzcR8rBN/vD0BDflf5mm9AYrYXbNUQ4R+Ebhcwpld1WCGbK08fV3tRuoq7dSYCZBbeg1kRfrai39i42j+9H7ZvMj4AH3wMxAodFSVitc73SglZcZ3MxrQVpfuxvgN0jXDWTpzQlPc+AaA/R6RsxZzn7PALYwjsmJQhKtX2xeAkFpYDQuo3ZNLdaJFXyb7N9qBihdca81x8pmldt8dD3VhhqnFVMdTcTGbY5UQ0R7SBuEaBE2lRFY20LvgrHXy1Jtxtmlc=&u=U2FsdGVkX1+JmN0O+rOy47u3s8XNW3QE+JVsqzZTM+X9TGvPgZD1U3CcebyVheBU&y=U2FsdGVkX1+VUneLZLnxf0Kjmg/l6QKR49Lf9iFG73gRA0rEP6lj3RXLoM8dp7Ce HTTP/1.1" 200 196
186.31.57.93 - - [15/May/2023:02:29:22 -0500] "GET /kwssiamovil/sm/cjson/pre?f=1&x=U2FsdGVkX18tKP1w9yBlfuCS8YHdZObwe4tMlzPRmh1oziyVxaBf6NaHbk4eHJS0 HTTP/1.1" 200 31032
40.77.167.146 - - [15/May/2023:02:29:55 -0500] "GET /BLA/resoluciones/AUTOS%202021/0693.pdf HTTP/1.1" 304 -
172.22.2.4 - - [15/May/2023:02:28:55 -0500] "HEAD /BLA/boletinlegal/ HTTP/1.1" 200 -
172.22.2.4 - - [15/May/2023:02:29:46 -0500] "GET /BLA/boletinlegal/ HTTP/1.1" 200 52326
40.77.167.146 - - [15/May/2023:02:31:36 -0500] "GET /sipse/faces/index.xhtml HTTP/1.1" 200 677
201.245.192.253 - - [15/May/2023:02:31:43 -0500] "POST /kwsrmcab/Wsrmcab  HTTP/1.1" 200 43465
216.245.221.92 - - [15/May/2023:02:32:48 -0500] "HEAD / HTTP/1.1" 200 -
172.22.2.4 - - [15/May/2023:02:34:45 -0500] "HEAD /BLA/boletinlegal/ HTTP/1.1" 200 -
201.245.192.253 - - [15/May/2023:02:36:42 -0500] "POST /kwsrmcab/Wsrmcab  HTTP/1.1" 200 43465
172.22.2.4 - - [15/May/2023:02:35:36 -0500] "GET /BLA/boletinlegal/ HTTP/1.1" 200 57561
216.245.221.92 - - [15/May/2023:02:37:48 -0500] "HEAD / HTTP/1.1" 200 -
201.245.192.253 - - [15/May/2023:02:39:05 -0500] "POST /kwsrmcab/Wsrmcab HTTP/1.1" 200 39796
201.245.192.253 - - [15/May/2023:02:39:08 -0500] "POST /kwsrmcab/Wsrmcab HTTP/1.1" 200 43684
207.46.13.211 - - [15/May/2023:02:39:38 -0500] "GET /BLA/resoluciones/AUTOS%202022/3189.pdf HTTP/1.1" 200 1580688
40.77.167.146 - - [15/May/2023:02:41:06 -0500] "GET /forest/ HTTP/1.1" 200 12041
201.245.192.253 - - [15/May/2023:02:41:41 -0500] "POST /kwsrmcab/Wsrmcab  HTTP/1.1" 200 43465
167.94.138.34 - - [15/May/2023:02:42:14 -0500] "GET / HTTP/1.1" 200 319
167.94.138.34 - - [15/May/2023:02:42:14 -0500] "GET / HTTP/1.1" 200 319
167.94.138.34 - - [15/May/2023:02:42:14 -0500] "PRI * HTTP/2.0" 400 946
167.94.138.34 - - [15/May/2023:02:42:14 -0500] "GET /favicon.ico HTTP/1.1" 200 7782
172.22.2.4 - - [15/May/2023:02:40:35 -0500] "HEAD /BLA/boletinlegal/ HTTP/1.1" 200 -
216.245.221.92 - - [15/May/2023:02:42:48 -0500] "HEAD / HTTP/1.1" 200 -
172.22.2.4 - - [15/May/2023:02:41:25 -0500] "GET /BLA/boletinlegal/ HTTP/1.1" 200 57151
40.77.167.97 - - [15/May/2023:02:44:27 -0500] "GET /BLA/resoluciones/AUTOS%202021/6384.pdf HTTP/1.1" 304 -
201.245.192.253 - - [15/May/2023:02:46:40 -0500] "POST /kwsrmcab/Wsrmcab  HTTP/1.1" 200 43465
216.245.221.92 - - [15/May/2023:02:47:48 -0500] "HEAD / HTTP/1.1" 200 -
172.22.2.4 - - [15/May/2023:02:46:25 -0500] "HEAD /BLA/boletinlegal/ HTTP/1.1" 200 -
172.22.2.4 - - [15/May/2023:02:47:06 -0500] "GET /BLA/boletinlegal/ HTTP/1.1" 200 36811
172.22.2.4 - - [15/May/2023:02:47:46 -0500] "GET /BLA/boletinlegal/ HTTP/1.1" 200 28619
172.22.2.4 - - [15/May/2023:02:48:53 -0500] "GET /BLA/boletinlegal/robots.txt HTTP/1.1" 404 1038
172.22.2.4 - - [15/May/2023:02:47:15 -0500] "GET /BLA/boletinlegal/ HTTP/1.1" 200 49141
66.249.77.25 - - [15/May/2023:02:49:19 -0500] "-" 408 -
201.245.192.253 - - [15/May/2023:02:51:39 -0500] "POST /kwsrmcab/Wsrmcab  HTTP/1.1" 200 43465
52.167.144.32 - - [15/May/2023:02:52:29 -0500] "GET /alianzas-por-la-sostenibilidad-y-la-circularidad-en-la-moda-bogotana.html HTTP/1.1" 200 800
216.245.221.92 - - [15/May/2023:02:52:48 -0500] "HEAD / HTTP/1.1" 200 -
172.22.2.4 - - [15/May/2023:02:52:15 -0500] "HEAD /BLA/boletinlegal/ HTTP/1.1" 200 -
40.77.167.97 - - [15/May/2023:02:54:27 -0500] "GET /AFLUENTESYEFUENTES/ HTTP/1.1" 200 4762
172.22.2.4 - - [15/May/2023:02:53:05 -0500] "GET /BLA/boletinlegal/ HTTP/1.1" 200 54424
87.250.224.73 - - [15/May/2023:02:56:40 -0500] "-" 408 -
201.245.192.253 - - [15/May/2023:02:56:38 -0500] "POST /kwsrmcab/Wsrmcab  HTTP/1.1" 200 43465
216.245.221.92 - - [15/May/2023:02:57:48 -0500] "HEAD / HTTP/1.1" 200 -
207.46.13.211 - - [15/May/2023:02:59:12 -0500] "GET /bla/resoluciones/autos%202012/0123.pdf HTTP/1.1" 200 1261675
172.22.2.4 - - [15/May/2023:02:58:05 -0500] "HEAD /BLA/boletinlegal/ HTTP/1.1" 200 -
172.22.2.4 - - [15/May/2023:02:58:55 -0500] "GET /BLA/boletinlegal/ HTTP/1.1" 200 49141
201.245.192.253 - - [15/May/2023:03:01:37 -0500] "POST /kwsrmcab/Wsrmcab  HTTP/1.1" 200 43465
172.22.2.4 - - [15/May/2023:03:01:05 -0500] "GET /BLA/boletinlegal/ HTTP/1.1" 200 40907
172.22.2.4 - - [15/May/2023:03:01:41 -0500] "GET /BLA/boletinlegal/ HTTP/1.1" 200 28619
172.22.2.4 - - [15/May/2023:03:02:38 -0500] "GET /BLA/boletinlegal/robots.txt HTTP/1.1" 404 1037
172.22.2.4 - - [15/May/2023:03:02:42 -0500] "GET /BLA/boletinlegal/sitemap.xml HTTP/1.1" 404 1037
216.245.221.92 - - [15/May/2023:03:02:48 -0500] "HEAD / HTTP/1.1" 200 -
168.119.251.242 - - [15/May/2023:03:03:25 -0500] "GET / HTTP/1.1" 200 319
40.77.167.146 - - [15/May/2023:03:04:09 -0500] "GET /sipse/faces/index.xhtml HTTP/1.1" 200 677
172.22.2.4 - - [15/May/2023:03:03:55 -0500] "HEAD /BLA/boletinlegal/ HTTP/1.1" 200 -
172.22.2.4 - - [15/May/2023:03:05:54 -0500] "GET /BLA/boletinlegal/.env HTTP/1.1" 404 1018
172.22.2.4 - - [15/May/2023:03:04:45 -0500] "GET /BLA/boletinlegal/ HTTP/1.1" 200 57151
201.245.192.253 - - [15/May/2023:03:06:36 -0500] "POST /kwsrmcab/Wsrmcab  HTTP/1.1" 200 43465
216.245.221.92 - - [15/May/2023:03:07:48 -0500] "HEAD / HTTP/1.1" 200 -
64.125.238.74 - - [15/May/2023:03:08:16 -0500] "GET /galeria/galeria/fotos/2CaminataP2.jpg HTTP/1.1" 200 25001
207.46.13.211 - - [15/May/2023:03:09:53 -0500] "GET /BLA/resoluciones/AUTOS%202020/0764.pdf HTTP/1.1" 200 343054
40.77.167.84 - - [15/May/2023:03:10:24 -0500] "GET /portaldeninos/wp-content/uploads/2020/01/Tierra-escenario.jpg HTTP/1.1" 200 181491
172.22.2.4 - - [15/May/2023:03:09:45 -0500] "HEAD /BLA/boletinlegal/ HTTP/1.1" 200 -
201.245.192.253 - - [15/May/2023:03:11:34 -0500] "POST /kwsrmcab/Wsrmcab  HTTP/1.1" 200 43465
172.22.2.4 - - [15/May/2023:03:10:35 -0500] "GET /BLA/boletinlegal/ HTTP/1.1" 200 52730
216.245.221.92 - - [15/May/2023:03:12:48 -0500] "HEAD / HTTP/1.1" 200 -
172.22.2.4 - - [15/May/2023:03:14:37 -0500] "GET /BLA/boletinlegal/Circulares/2011/Circular%20No.%205%20del%2012%20de%20Agosto%20de%202011.pdf HTTP/1.1" 200 431796
207.46.13.211 - - [15/May/2023:03:16:15 -0500] "GET /BLA/resoluciones/AUTOS%202013/1638.pdf HTTP/1.1" 200 935521
66.249.77.21 - - [15/May/2023:03:16:18 -0500] "-" 408 -
201.245.192.253 - - [15/May/2023:03:16:34 -0500] "POST /kwsrmcab/Wsrmcab  HTTP/1.1" 200 43465
35.204.143.245 - - [15/May/2023:03:17:13 -0500] "\x16\x03\x01" 400 226
172.22.2.4 - - [15/May/2023:03:15:35 -0500] "HEAD /BLA/boletinlegal/ HTTP/1.1" 200 -
35.204.143.245 - - [15/May/2023:03:17:15 -0500] "OPTIONS / HTTP/1.0" 200 -
216.245.221.92 - - [15/May/2023:03:17:48 -0500] "HEAD / HTTP/1.1" 200 -
172.22.2.4 - - [15/May/2023:03:16:25 -0500] "GET /BLA/boletinlegal/ HTTP/1.1" 200 54424
207.46.13.211 - - [15/May/2023:03:18:46 -0500] "GET /BLA/resoluciones/AUTOS%202021/4502.pdf HTTP/1.1" 304 -
201.245.192.253 - - [15/May/2023:03:19:04 -0500] "POST /kwsrmcab/Wsrmcab HTTP/1.1" 200 39668
201.245.192.253 - - [15/May/2023:03:19:07 -0500] "POST /kwsrmcab/Wsrmcab HTTP/1.1" 200 43524
172.22.2.4 - - [15/May/2023:03:18:52 -0500] "GET /BLA/boletinlegal/ HTTP/1.1" 200 28619
201.245.192.253 - - [15/May/2023:03:21:33 -0500] "POST /kwsrmcab/Wsrmcab  HTTP/1.1" 200 43465
216.245.221.92 - - [15/May/2023:03:22:48 -0500] "HEAD / HTTP/1.1" 200 -
172.22.2.4 - - [15/May/2023:03:21:25 -0500] "HEAD /BLA/boletinlegal/ HTTP/1.1" 200 -
172.22.2.4 - - [15/May/2023:03:22:15 -0500] "GET /BLA/boletinlegal/ HTTP/1.1" 200 59306
157.90.182.29 - - [15/May/2023:03:24:09 -0500] "-" 408 -
201.245.192.253 - - [15/May/2023:03:26:31 -0500] "POST /kwsrmcab/Wsrmcab  HTTP/1.1" 200 43465
216.245.221.92 - - [15/May/2023:03:27:48 -0500] "HEAD / HTTP/1.1" 200 -
172.22.2.4 - - [15/May/2023:03:27:15 -0500] "HEAD /BLA/boletinlegal/ HTTP/1.1" 200 -
201.245.192.253 - - [15/May/2023:03:29:05 -0500] "POST /kwsrmcab/Wsrmcab HTTP/1.1" 200 39668
201.245.192.253 - - [15/May/2023:03:29:07 -0500] "POST /kwsrmcab/Wsrmcab HTTP/1.1" 200 43524
172.22.2.4 - - [15/May/2023:03:28:05 -0500] "GET /BLA/boletinlegal/ HTTP/1.1" 200 57151
201.245.192.253 - - [15/May/2023:03:31:30 -0500] "POST /kwsrmcab/Wsrmcab  HTTP/1.1" 200 43465
1.23.129.65 - - [15/May/2023:03:32:26 -0500] "GET / HTTP/1.1" 200 319
216.245.221.92 - - [15/May/2023:03:32:48 -0500] "HEAD / HTTP/1.1" 200 -
205.210.31.166 - - [15/May/2023:03:34:29 -0500] "\x16\x03\x01" 400 226
172.22.2.4 - - [15/May/2023:03:33:05 -0500] "HEAD /BLA/boletinlegal/ HTTP/1.1" 200 -
1.192.192.6 - - [15/May/2023:03:35:08 -0500] "\x16\x03\x01\x01$\x01" 400 226
1.192.195.11 - - [15/May/2023:03:35:19 -0500] "GET / HTTP/1.1" 200 319
172.22.2.4 - - [15/May/2023:03:33:55 -0500] "GET /BLA/boletinlegal/ HTTP/1.1" 200 56287
66.249.77.21 - - [15/May/2023:03:36:20 -0500] "-" 408 -
40.77.167.146 - - [15/May/2023:03:36:22 -0500] "GET /sipse/faces/index.xhtml HTTP/1.1" 200 677
201.245.192.253 - - [15/May/2023:03:36:29 -0500] "POST /kwsrmcab/Wsrmcab  HTTP/1.1" 200 43465
1.192.195.11 - - [15/May/2023:03:36:35 -0500] "GET /sitemap.xml HTTP/1.1" 404 1022
27.115.124.33 - - [15/May/2023:03:36:44 -0500] "\x16\x03\x01\x011\x01" 400 226
27.115.124.40 - - [15/May/2023:03:36:56 -0500] "GET / HTTP/1.1" 200 319
27.115.124.4 - - [15/May/2023:03:37:18 -0500] "GET /favicon.ico HTTP/1.1" 200 7782
27.115.124.66 - - [15/May/2023:03:37:43 -0500] "GET /sitemap.xml HTTP/1.1" 404 1035
216.245.221.92 - - [15/May/2023:03:37:48 -0500] "HEAD / HTTP/1.1" 200 -
201.245.192.253 - - [15/May/2023:03:39:05 -0500] "POST /kwsrmcab/Wsrmcab HTTP/1.1" 200 39668
201.245.192.253 - - [15/May/2023:03:39:08 -0500] "POST /kwsrmcab/Wsrmcab HTTP/1.1" 200 43524
172.22.2.4 - - [15/May/2023:03:38:55 -0500] "HEAD /BLA/boletinlegal/ HTTP/1.1" 200 -
172.22.2.4 - - [15/May/2023:03:39:45 -0500] "GET /BLA/boletinlegal/ HTTP/1.1" 200 53561
201.245.192.253 - - [15/May/2023:03:41:28 -0500] "POST /kwsrmcab/Wsrmcab  HTTP/1.1" 200 43465
216.245.221.92 - - [15/May/2023:03:42:48 -0500] "HEAD / HTTP/1.1" 200 -
207.46.13.211 - - [15/May/2023:03:43:18 -0500] "GET /BLA/resoluciones/RESOLUCIONES%202011/6290.pdf HTTP/1.1" 200 1416373
172.22.2.4 - - [15/May/2023:03:43:51 -0500] "GET /BLA/boletinlegal/ HTTP/1.1" 200 28619
172.22.2.4 - - [15/May/2023:03:45:11 -0500] "GET /BLA/boletinlegal/ HTTP/1.1" 200 36811
66.249.77.21 - - [15/May/2023:03:46:18 -0500] "-" 408 -
172.22.2.4 - - [15/May/2023:03:44:45 -0500] "HEAD /BLA/boletinlegal/ HTTP/1.1" 200 -
201.245.192.253 - - [15/May/2023:03:46:26 -0500] "POST /kwsrmcab/Wsrmcab  HTTP/1.1" 200 43465
172.22.2.4 - - [15/May/2023:03:45:35 -0500] "GET /BLA/boletinlegal/ HTTP/1.1" 200 55221
216.245.221.92 - - [15/May/2023:03:47:48 -0500] "HEAD / HTTP/1.1" 200 -
201.245.192.253 - - [15/May/2023:03:51:24 -0500] "POST /kwsrmcab/Wsrmcab  HTTP/1.1" 200 43465
40.77.167.97 - - [15/May/2023:03:51:51 -0500] "GET /BLA/resoluciones/RESOLUCIONES%202023/0104.pdf HTTP/1.1" 200 481749
172.22.2.4 - - [15/May/2023:03:50:35 -0500] "HEAD /BLA/boletinlegal/ HTTP/1.1" 200 -
216.245.221.92 - - [15/May/2023:03:52:48 -0500] "HEAD / HTTP/1.1" 200 -
172.22.2.4 - - [15/May/2023:03:51:25 -0500] "GET /BLA/boletinlegal/ HTTP/1.1" 200 57561
201.245.192.253 - - [15/May/2023:03:56:23 -0500] "POST /kwsrmcab/Wsrmcab  HTTP/1.1" 200 43465
216.245.221.92 - - [15/May/2023:03:57:48 -0500] "HEAD / HTTP/1.1" 200 -
172.22.2.4 - - [15/May/2023:03:56:25 -0500] "HEAD /BLA/boletinlegal/ HTTP/1.1" 200 -
172.22.2.4 - - [15/May/2023:03:57:20 -0500] "GET /BLA/boletinlegal/ HTTP/1.1" 200 59656
172.22.2.4 - - [15/May/2023:03:59:35 -0500] "GET /BLA/boletinlegal/normativa.php HTTP/1.1" 200 8343
172.22.2.4 - - [15/May/2023:04:00:08 -0500] "GET /BLA/boletinlegal/ HTTP/1.1" 200 20427
172.22.2.4 - - [15/May/2023:04:00:08 -0500] "OPTIONS /BLA/boletinlegal/ HTTP/1.1" 200 20427
180.163.220.110 - - [15/May/2023:04:00:49 -0500] "\x16\x03\x01\x01?\x01" 400 226
180.163.220.124 - - [15/May/2023:04:01:02 -0500] "GET / HTTP/1.1" 200 319
180.163.220.60 - - [15/May/2023:04:01:20 -0500] "GET /favicon.ico HTTP/1.1" 200 7782
201.245.192.253 - - [15/May/2023:04:01:22 -0500] "POST /kwsrmcab/Wsrmcab  HTTP/1.1" 200 43465
180.163.220.60 - - [15/May/2023:04:01:44 -0500] "GET /sitemap.xml HTTP/1.1" 404 1049
172.22.2.4 - - [15/May/2023:04:02:00 -0500] "GET /BLA/boletinlegal/nmaplowercheck1684141285 HTTP/1.1" 404 1018
172.22.2.4 - - [15/May/2023:04:02:00 -0500] "POST /BLA/boletinlegal/sdk HTTP/1.1" 404 1018
172.22.2.4 - - [15/May/2023:04:02:00 -0500] "GET /BLA/boletinlegal/evox/about HTTP/1.1" 404 1018
172.22.2.4 - - [15/May/2023:04:02:00 -0500] "GET /BLA/boletinlegal/HNAP1 HTTP/1.1" 404 1018
172.22.2.4 - - [15/May/2023:04:02:04 -0500] "GET /BLA/boletinlegal/ HTTP/1.1" 200 20427
216.245.221.92 - - [15/May/2023:04:02:48 -0500] "HEAD / HTTP/1.1" 200 -
172.22.2.4 - - [15/May/2023:04:02:03 -0500] "GET /BLA/boletinlegal/ HTTP/1.1" 200 20427
172.22.2.4 - - [15/May/2023:04:02:12 -0500] "GET /BLA/boletinlegal/ HTTP/1.1" 200 24523
27.115.124.66 - - [15/May/2023:04:03:36 -0500] "\x16\x03\x01\x010\x01" 400 226
172.22.2.4 - - [15/May/2023:04:02:04 -0500] "HEAD /BLA/boletinlegal/ HTTP/1.1" 200 -
27.115.124.33 - - [15/May/2023:04:03:53 -0500] "GET / HTTP/1.1" 200 4720
172.22.2.4 - - [15/May/2023:04:02:15 -0500] "HEAD /BLA/boletinlegal/ HTTP/1.1" 200 -
172.22.2.4 - - [15/May/2023:04:03:08 -0500] "GET /BLA/boletinlegal/ HTTP/1.1" 200 50283
27.115.124.5 - - [15/May/2023:04:05:08 -0500] "GET /sitemap.xml HTTP/1.1" 404 1034
201.245.192.253 - - [15/May/2023:04:06:21 -0500] "POST /kwsrmcab/Wsrmcab  HTTP/1.1" 200 43465
216.245.221.92 - - [15/May/2023:04:07:48 -0500] "HEAD / HTTP/1.1" 200 -
162.55.171.94 - - [15/May/2023:04:08:07 -0500] "GET / HTTP/1.1" 200 319
40.77.167.146 - - [15/May/2023:04:08:55 -0500] "GET /sipse/faces/index.xhtml HTTP/1.1" 200 677
172.22.2.4 - - [15/May/2023:04:08:05 -0500] "HEAD /BLA/boletinlegal/ HTTP/1.1" 200 -
172.22.2.4 - - [15/May/2023:04:08:55 -0500] "GET /BLA/boletinlegal/ HTTP/1.1" 200 55934
201.245.192.253 - - [15/May/2023:04:11:19 -0500] "POST /kwsrmcab/Wsrmcab  HTTP/1.1" 200 43465
216.245.221.92 - - [15/May/2023:04:12:48 -0500] "HEAD / HTTP/1.1" 200 -
172.22.2.4 - - [15/May/2023:04:13:55 -0500] "HEAD /BLA/boletinlegal/ HTTP/1.1" 200 -
66.249.77.23 - - [15/May/2023:04:16:18 -0500] "-" 408 -
201.245.192.253 - - [15/May/2023:04:16:18 -0500] "POST /kwsrmcab/Wsrmcab  HTTP/1.1" 200 43465
172.22.2.4 - - [15/May/2023:04:14:45 -0500] "GET /BLA/boletinlegal/ HTTP/1.1" 200 57561
216.245.221.92 - - [15/May/2023:04:17:48 -0500] "HEAD / HTTP/1.1" 200 -
201.245.192.253 - - [15/May/2023:04:19:04 -0500] "POST /kwsrmcab/Wsrmcab HTTP/1.1" 200 39940
201.245.192.253 - - [15/May/2023:04:19:07 -0500] "POST /kwsrmcab/Wsrmcab HTTP/1.1" 200 43826
172.22.2.4 - - [15/May/2023:04:19:42 -0500] "POST /BLA/boletinlegal/vendor/phpunit/phpunit/src/Util/PHP/eval-stdin.php HTTP/1.1" 404 1018
201.245.192.253 - - [15/May/2023:04:21:17 -0500] "POST /kwsrmcab/Wsrmcab  HTTP/1.1" 200 43465
172.22.2.4 - - [15/May/2023:04:19:45 -0500] "HEAD /BLA/boletinlegal/ HTTP/1.1" 200 -
172.22.2.4 - - [15/May/2023:04:20:35 -0500] "GET /BLA/boletinlegal/ HTTP/1.1" 200 59306
216.245.221.92 - - [15/May/2023:04:22:48 -0500] "HEAD / HTTP/1.1" 200 -
201.245.192.253 - - [15/May/2023:04:26:15 -0500] "POST /kwsrmcab/Wsrmcab  HTTP/1.1" 200 43465
172.22.2.4 - - [15/May/2023:04:25:35 -0500] "HEAD /BLA/boletinlegal/ HTTP/1.1" 200 -
216.245.221.92 - - [15/May/2023:04:27:48 -0500] "HEAD / HTTP/1.1" 200 -
172.22.2.4 - - [15/May/2023:04:26:25 -0500] "GET /BLA/boletinlegal/ HTTP/1.1" 200 59306
201.245.192.253 - - [15/May/2023:04:29:04 -0500] "POST /kwsrmcab/Wsrmcab HTTP/1.1" 200 39940
201.245.192.253 - - [15/May/2023:04:29:07 -0500] "POST /kwsrmcab/Wsrmcab HTTP/1.1" 200 43826
201.245.192.253 - - [15/May/2023:04:31:13 -0500] "POST /kwsrmcab/Wsrmcab  HTTP/1.1" 200 43465
216.245.221.92 - - [15/May/2023:04:32:48 -0500] "HEAD / HTTP/1.1" 200 -
172.22.2.4 - - [15/May/2023:04:31:25 -0500] "HEAD /BLA/boletinlegal/ HTTP/1.1" 200 -
172.22.2.4 - - [15/May/2023:04:32:15 -0500] "GET /BLA/boletinlegal/ HTTP/1.1" 200 57561
40.77.167.97 - - [15/May/2023:04:35:38 -0500] "GET /BLA/resoluciones/AUTOS%202021/6744.pdf HTTP/1.1" 304 -
201.245.192.253 - - [15/May/2023:04:36:12 -0500] "POST /kwsrmcab/Wsrmcab  HTTP/1.1" 200 43465
216.245.221.92 - - [15/May/2023:04:37:48 -0500] "HEAD / HTTP/1.1" 200 -
40.77.167.146 - - [15/May/2023:04:38:16 -0500] "GET /BLA/resoluciones/AUTOS%202021/5485.pdf HTTP/1.1" 304 -
172.22.2.4 - - [15/May/2023:04:38:48 -0500] "GET /BLA/boletinlegal/vendor/phpunit/phpunit/src/Util/PHP/eval-stdin.php HTTP/1.1" 404 1018
172.22.2.4 - - [15/May/2023:04:37:15 -0500] "HEAD /BLA/boletinlegal/ HTTP/1.1" 200 -
201.245.192.253 - - [15/May/2023:04:39:05 -0500] "POST /kwsrmcab/Wsrmcab HTTP/1.1" 200 39940
201.245.192.253 - - [15/May/2023:04:39:08 -0500] "POST /kwsrmcab/Wsrmcab HTTP/1.1" 200 43826
172.22.2.4 - - [15/May/2023:04:38:05 -0500] "GET /BLA/boletinlegal/ HTTP/1.1" 200 58307
40.77.167.146 - - [15/May/2023:04:40:57 -0500] "GET /BLA/resoluciones/AUTOS%202019/2901.pdf HTTP/1.1" 200 358012
66.249.77.25 - - [15/May/2023:04:41:01 -0500] "-" 408 -
201.245.192.253 - - [15/May/2023:04:41:11 -0500] "POST /kwsrmcab/Wsrmcab  HTTP/1.1" 200 43465
40.77.167.146 - - [15/May/2023:04:41:28 -0500] "GET /sipse/faces/index.xhtml HTTP/1.1" 200 677
172.22.2.4 - - [15/May/2023:04:42:14 -0500] "GET /BLA/boletinlegal/ HTTP/1.1" 200 20427
216.245.221.92 - - [15/May/2023:04:42:48 -0500] "HEAD / HTTP/1.1" 200 -
172.22.2.4 - - [15/May/2023:04:43:05 -0500] "HEAD /BLA/boletinlegal/ HTTP/1.1" 200 -
172.22.2.4 - - [15/May/2023:04:43:55 -0500] "GET /BLA/boletinlegal/ HTTP/1.1" 200 56754
201.245.192.253 - - [15/May/2023:04:46:10 -0500] "POST /kwsrmcab/Wsrmcab  HTTP/1.1" 200 43465
216.245.221.92 - - [15/May/2023:04:47:48 -0500] "HEAD / HTTP/1.1" 200 -
66.249.77.21 - - [15/May/2023:04:48:23 -0500] "-" 408 -
