!C99Shell v. 1.0 pre-release build #13!

Software: Apache. PHP/5.5.15 

uname -a: Windows NT SVR-DMZ 6.1 build 7600 (Windows Server 2008 R2 Enterprise Edition) i586 

SYSTEM 

Safe-mode: OFF (not secure)

E:\nuevo\apache\logs\   drwxrwxrwx
Free 8.02 GB of 239.26 GB (3.35%)
Detected drives: [ a ] [ c ] [ d ] [ e ] [ f ]
Home    Back    Forward    UPDIR    Refresh    Search    Buffer    Encoder    Tools    Proc.    FTP brute    Sec.    SQL    PHP-code    Update    Feedback    Self remove    Logout    


Viewing file:     access.2023.05.16.log (3.97 MB)      -rw-rw-rw-
Select action/file-type:
(+) | (+) | (+) | Code (+) | Session (+) | (+) | SDB (+) | (+) | (+) | (+) | (+) | (+) |
66.249.79.127 - - [16/May/2023:00:00:43 -0500] "-" 408 -
172.22.2.4 - - [15/May/2023:23:59:05 -0500] "GET /BLA/boletinlegal/ HTTP/1.1" 200 53561
64.62.197.183 - - [16/May/2023:00:01:23 -0500] "GET /portaldeninos/ HTTP/1.1" 200 88121
201.245.192.253 - - [16/May/2023:00:01:25 -0500] "POST /kwsrmcab/Wsrmcab  HTTP/1.1" 200 43465
216.245.221.92 - - [16/May/2023:00:02:45 -0500] "HEAD / HTTP/1.1" 200 -
186.29.78.212 - - [16/May/2023:00:02:57 -0500] "GET /se-abre-convocatoria-para-procesos-de-formacion-ambiental-para-habitantes-de-la-upz-89-de-san-isidro-patios.html?fbclid=PAAaZbkbxb0fTJ8ZB-eRb8PMSzRsgL5oNlH2ZRO8WW7QRsQqhjuevCB9wU5kc HTTP/1.1" 200 811
40.77.167.97 - - [16/May/2023:00:03:43 -0500] "GET /BLA/resoluciones/AUTOS%202021/4480.pdf HTTP/1.1" 304 -
199.16.157.180 - - [16/May/2023:00:04:46 -0500] "GET /nuevo-proyecto-en-el-parque-nacional-natural-chingaza-promueve-la-seguridad-hidrica-en-bogota.html HTTP/1.1" 200 834
199.16.157.183 - - [16/May/2023:00:04:47 -0500] "GET /images/evento-wef-1_optimized.jpeg HTTP/1.1" 200 138129
172.22.2.4 - - [16/May/2023:00:04:05 -0500] "HEAD /BLA/boletinlegal/ HTTP/1.1" 200 -
201.245.192.253 - - [16/May/2023:00:06:24 -0500] "POST /kwsrmcab/Wsrmcab  HTTP/1.1" 200 43465
172.22.2.4 - - [16/May/2023:00:04:55 -0500] "GET /BLA/boletinlegal/ HTTP/1.1" 200 56287
40.77.167.97 - - [16/May/2023:00:06:51 -0500] "GET /BLA/resoluciones/AUTOS%202019/1441.pdf HTTP/1.1" 200 258896
216.245.221.92 - - [16/May/2023:00:07:45 -0500] "HEAD / HTTP/1.1" 200 -
40.77.167.146 - - [16/May/2023:00:07:54 -0500] "GET /sipse/faces/index.xhtml HTTP/1.1" 200 677
157.55.39.210 - - [16/May/2023:00:09:39 -0500] "GET /BLA/resoluciones/AUTOS%202021/5014.pdf HTTP/1.1" 304 -
66.249.79.107 - - [16/May/2023:00:09:48 -0500] "-" 408 -
201.245.192.253 - - [16/May/2023:00:11:22 -0500] "POST /kwsrmcab/Wsrmcab  HTTP/1.1" 200 43465
172.22.2.4 - - [16/May/2023:00:09:55 -0500] "HEAD /BLA/boletinlegal/ HTTP/1.1" 200 -
172.22.2.4 - - [16/May/2023:00:10:45 -0500] "GET /BLA/boletinlegal/ HTTP/1.1" 200 58663
216.245.221.92 - - [16/May/2023:00:12:45 -0500] "HEAD / HTTP/1.1" 200 -
201.245.192.253 - - [16/May/2023:00:16:21 -0500] "POST /kwsrmcab/Wsrmcab  HTTP/1.1" 200 43465
66.249.79.105 - - [16/May/2023:00:16:25 -0500] "-" 408 -
172.22.2.4 - - [16/May/2023:00:15:45 -0500] "HEAD /BLA/boletinlegal/ HTTP/1.1" 200 -
168.119.49.52 - - [16/May/2023:00:17:37 -0500] "GET / HTTP/1.1" 200 319
216.245.221.92 - - [16/May/2023:00:17:45 -0500] "HEAD / HTTP/1.1" 200 -
172.22.2.4 - - [16/May/2023:00:16:35 -0500] "GET /BLA/boletinlegal/ HTTP/1.1" 200 57945
201.245.192.253 - - [16/May/2023:00:19:01 -0500] "POST /kwsrmcab/Wsrmcab HTTP/1.1" 200 38554
201.245.192.253 - - [16/May/2023:00:19:03 -0500] "POST /kwsrmcab/Wsrmcab HTTP/1.1" 200 41608
205.169.39.113 - - [16/May/2023:00:19:19 -0500] "GET /portaldeninos/wp-includes/js/wp-emoji-release.min.js?ver=4.9.8 HTTP/1.1" 200 12026
205.169.39.113 - - [16/May/2023:00:19:20 -0500] "GET /portaldeninos/wp-content/plugins/google-analytics-for-wordpress/assets/js/frontend-gtag.min.js?ver=8.5.0 HTTP/1.1" 200 11801
205.169.39.113 - - [16/May/2023:00:19:20 -0500] "GET /portaldeninos/wp-includes/js/jquery/jquery.js?ver=1.12.4 HTTP/1.1" 200 97184
205.169.39.113 - - [16/May/2023:00:19:21 -0500] "GET /portaldeninos/wp-includes/js/jquery/jquery-migrate.min.js?ver=1.4.1 HTTP/1.1" 200 10056
205.169.39.113 - - [16/May/2023:00:19:21 -0500] "GET /portaldeninos/wp-includes/js/jquery/ui/core.min.js?ver=1.11.4 HTTP/1.1" 200 4000
205.169.39.113 - - [16/May/2023:00:19:22 -0500] "GET /portaldeninos/wp-content/plugins/gallery-videos/JS/modernizr.custom.js?ver=4.9.8 HTTP/1.1" 200 9019
205.169.39.113 - - [16/May/2023:00:19:22 -0500] "GET /portaldeninos/wp-content/plugins/gallery-videos/JS/Total-Soft-Gallery-Video-Widget.js?ver=4.9.8 HTTP/1.1" 200 80264
205.169.39.113 - - [16/May/2023:00:19:22 -0500] "GET /portaldeninos/wp-includes/js/jquery/ui/widget.min.js?ver=1.11.4 HTTP/1.1" 200 6908
205.169.39.113 - - [16/May/2023:00:19:22 -0500] "GET /portaldeninos/wp-includes/js/jquery/ui/mouse.min.js?ver=1.11.4 HTTP/1.1" 200 3148
205.169.39.113 - - [16/May/2023:00:19:22 -0500] "GET /portaldeninos/wp-includes/js/jquery/ui/sortable.min.js?ver=1.11.4 HTTP/1.1" 200 24899
205.169.39.113 - - [16/May/2023:00:19:23 -0500] "GET /portaldeninos/wp-includes/js/jquery/ui/tabs.min.js?ver=1.11.4 HTTP/1.1" 200 12110
205.169.39.113 - - [16/May/2023:00:19:23 -0500] "GET /portaldeninos/wp-includes/js/jquery/ui/accordion.min.js?ver=1.11.4 HTTP/1.1" 200 8584
205.169.39.113 - - [16/May/2023:00:19:23 -0500] "GET /portaldeninos/wp-content/themes/betheme/js/plugins.js?ver=20.9.6 HTTP/1.1" 200 197151
205.169.39.113 - - [16/May/2023:00:19:24 -0500] "GET /portaldeninos/wp-content/themes/betheme/js/menu.js?ver=20.9.6 HTTP/1.1" 200 2449
205.169.39.113 - - [16/May/2023:00:19:24 -0500] "GET /portaldeninos/wp-content/themes/betheme/assets/animations/animations.min.js?ver=20.9.6 HTTP/1.1" 200 1896
205.169.39.113 - - [16/May/2023:00:19:25 -0500] "GET /portaldeninos/wp-content/themes/betheme/assets/jplayer/jplayer.min.js?ver=20.9.6 HTTP/1.1" 200 52702
205.169.39.113 - - [16/May/2023:00:19:25 -0500] "GET /portaldeninos/wp-content/themes/betheme/js/scripts.js?ver=20.9.6 HTTP/1.1" 200 77162
205.169.39.113 - - [16/May/2023:00:19:25 -0500] "GET /portaldeninos/wp-includes/js/wp-embed.min.js?ver=4.9.8 HTTP/1.1" 200 1398
152.61.192.232 - - [16/May/2023:00:21:12 -0500] "GET / HTTP/1.1" 200 319
201.245.192.253 - - [16/May/2023:00:21:20 -0500] "POST /kwsrmcab/Wsrmcab  HTTP/1.1" 200 43465
199.16.157.180 - - [16/May/2023:00:21:45 -0500] "GET /images/cr%C3%B3nica-29-nov-1_optimized.jpeg HTTP/1.1" 404 1034
199.16.157.182 - - [16/May/2023:00:21:45 -0500] "GET /images/cr%C3%B3nica-29-nov-1_optimized.jpeg HTTP/1.1" 404 1034
216.245.221.92 - - [16/May/2023:00:22:45 -0500] "HEAD / HTTP/1.1" 200 -
172.22.2.4 - - [16/May/2023:00:21:35 -0500] "HEAD /BLA/boletinlegal/ HTTP/1.1" 200 -
172.22.2.4 - - [16/May/2023:00:22:25 -0500] "GET /BLA/boletinlegal/ HTTP/1.1" 200 57151
94.102.61.10 - - [16/May/2023:00:25:15 -0500] "GET / HTTP/1.1" 200 319
157.55.39.210 - - [16/May/2023:00:25:32 -0500] "GET /BLA/resoluciones/AUTOS%202021/4672.pdf HTTP/1.1" 304 -
201.245.192.253 - - [16/May/2023:00:26:19 -0500] "POST /kwsrmcab/Wsrmcab  HTTP/1.1" 200 43465
216.245.221.92 - - [16/May/2023:00:27:45 -0500] "HEAD / HTTP/1.1" 200 -
31.13.127.7 - - [16/May/2023:00:28:12 -0500] "GET /images/WhatsApp%20Image%202023-04-05%20at%2013.54.41.jpeg HTTP/1.1" 200 210747
201.245.192.253 - - [16/May/2023:00:29:00 -0500] "POST /kwsrmcab/Wsrmcab HTTP/1.1" 200 38554
201.245.192.253 - - [16/May/2023:00:29:02 -0500] "POST /kwsrmcab/Wsrmcab HTTP/1.1" 200 41608
66.249.79.105 - - [16/May/2023:00:29:04 -0500] "-" 408 -
172.22.2.4 - - [16/May/2023:00:27:25 -0500] "HEAD /BLA/boletinlegal/ HTTP/1.1" 200 -
172.22.2.4 - - [16/May/2023:00:28:15 -0500] "GET /BLA/boletinlegal/ HTTP/1.1" 200 52730
40.77.167.146 - - [16/May/2023:00:30:17 -0500] "GET /BLA/resoluciones/AUTOS%202016/2633.pdf HTTP/1.1" 304 -
152.61.128.50 - - [16/May/2023:00:30:30 -0500] "GET / HTTP/1.1" 200 319
201.245.192.253 - - [16/May/2023:00:31:18 -0500] "POST /kwsrmcab/Wsrmcab  HTTP/1.1" 200 43465
40.77.167.97 - - [16/May/2023:00:31:35 -0500] "GET /BLA/resoluciones/RESOLUCIONES%202023/0691.pdf HTTP/1.1" 200 350861
200.118.60.119 - - [16/May/2023:00:32:21 -0500] "GET /BLA/resoluciones/ HTTP/1.1" 200 13502
200.118.60.119 - - [16/May/2023:00:32:22 -0500] "GET /favicon.ico HTTP/1.1" 200 7782
200.118.60.119 - - [16/May/2023:00:32:24 -0500] "GET /BLA/resoluciones/index.php?dir=AUTOS+2018%2F HTTP/1.1" 200 12235
200.118.60.119 - - [16/May/2023:00:32:24 -0500] "GET /BLA/resoluciones/index.php?dir=AUTOS+2018%2F HTTP/1.1" 200 457796
216.245.221.92 - - [16/May/2023:00:32:45 -0500] "HEAD / HTTP/1.1" 200 -
173.252.107.16 - - [16/May/2023:00:32:53 -0500] "GET /secretaria-de-ambiente-exalta-a-personas-y-organizaciones-por-su-destacada-labor-en-la-educacion-ambiental.html HTTP/1.1" 206 972
172.22.2.4 - - [16/May/2023:00:33:15 -0500] "HEAD /BLA/boletinlegal/ HTTP/1.1" 200 -
200.118.60.119 - - [16/May/2023:00:35:22 -0500] "GET /BLA/resoluciones/index.php?dir=AUTOS+2019%2F HTTP/1.1" 200 53195
200.118.60.119 - - [16/May/2023:00:35:22 -0500] "GET /BLA/resoluciones/index.php?dir=AUTOS+2019%2F HTTP/1.1" 200 377874
200.118.60.119 - - [16/May/2023:00:35:41 -0500] "GET /BLA/resoluciones/index.php?dir=AUTOS+2019%2F HTTP/1.1" 200 377874
172.22.2.4 - - [16/May/2023:00:34:05 -0500] "GET /BLA/boletinlegal/ HTTP/1.1" 200 50664
201.245.192.253 - - [16/May/2023:00:36:17 -0500] "POST /kwsrmcab/Wsrmcab  HTTP/1.1" 200 43465
216.245.221.92 - - [16/May/2023:00:37:45 -0500] "HEAD / HTTP/1.1" 200 -
201.245.192.253 - - [16/May/2023:00:39:01 -0500] "POST /kwsrmcab/Wsrmcab HTTP/1.1" 200 38554
201.245.192.253 - - [16/May/2023:00:39:03 -0500] "POST /kwsrmcab/Wsrmcab HTTP/1.1" 200 41608
40.77.167.146 - - [16/May/2023:00:39:36 -0500] "GET /sipse/faces/index.xhtml HTTP/1.1" 200 677
40.77.167.146 - - [16/May/2023:00:39:56 -0500] "GET /galeria/galeria/jquery.fancybox.css?v=2.1.5 HTTP/1.1" 200 4895
172.22.2.4 - - [16/May/2023:00:39:05 -0500] "HEAD /BLA/boletinlegal/ HTTP/1.1" 200 -
201.245.192.253 - - [16/May/2023:00:41:16 -0500] "POST /kwsrmcab/Wsrmcab  HTTP/1.1" 200 43465
172.22.2.4 - - [16/May/2023:00:39:55 -0500] "GET /BLA/boletinlegal/ HTTP/1.1" 200 59306
216.245.221.92 - - [16/May/2023:00:42:45 -0500] "HEAD / HTTP/1.1" 200 -
201.245.192.253 - - [16/May/2023:00:46:14 -0500] "POST /kwsrmcab/Wsrmcab  HTTP/1.1" 200 43465
66.249.79.97 - - [16/May/2023:00:46:25 -0500] "-" 408 -
172.22.2.4 - - [16/May/2023:00:44:55 -0500] "HEAD /BLA/boletinlegal/ HTTP/1.1" 200 -
172.22.2.4 - - [16/May/2023:00:45:45 -0500] "GET /BLA/boletinlegal/ HTTP/1.1" 200 59656
216.245.221.92 - - [16/May/2023:00:47:45 -0500] "HEAD / HTTP/1.1" 200 -
190.27.57.15 - - [16/May/2023:00:49:16 -0500] "GET /sipse/faces/index.xhtml HTTP/1.1" 200 677
190.27.57.15 - - [16/May/2023:00:49:16 -0500] "GET /sipse/faces/javax.faces.resource/theme.css?ln=primefaces-sipse HTTP/1.1" 304 -
190.27.57.15 - - [16/May/2023:00:49:16 -0500] "GET /sipse/faces/faces/autenticacion.xhtml HTTP/1.1" 200 12177
190.27.57.15 - - [16/May/2023:00:49:16 -0500] "GET /sipse/faces/javax.faces.resource/theme.css?ln=primefaces-sipse HTTP/1.1" 304 -
190.27.57.15 - - [16/May/2023:00:49:16 -0500] "GET /sipse/faces/javax.faces.resource/primefaces.css?ln=primefaces&v=4.0 HTTP/1.1" 304 -
190.27.57.15 - - [16/May/2023:00:49:16 -0500] "GET /sipse/faces/javax.faces.resource/jquery/jquery.js?ln=primefaces&v=4.0 HTTP/1.1" 304 -
190.27.57.15 - - [16/May/2023:00:49:16 -0500] "GET /sipse/faces/javax.faces.resource/jquery/jquery-plugins.js?ln=primefaces&v=4.0 HTTP/1.1" 304 -
190.27.57.15 - - [16/May/2023:00:49:16 -0500] "GET /sipse/faces/javax.faces.resource/primefaces.js?ln=primefaces&v=4.0 HTTP/1.1" 304 -
190.27.57.15 - - [16/May/2023:00:49:16 -0500] "GET /sipse/faces/javax.faces.resource/layout/layout.js?ln=primefaces&v=4.0 HTTP/1.1" 304 -
190.27.57.15 - - [16/May/2023:00:49:16 -0500] "GET /sipse/faces/javax.faces.resource/layout/layout.css?ln=primefaces&v=4.0 HTTP/1.1" 304 -
190.27.57.15 - - [16/May/2023:00:49:17 -0500] "GET /sipse/faces/javax.faces.resource/images/ui-icons_898989_256x240.png?ln=primefaces-aristo HTTP/1.1" 304 -
190.27.57.15 - - [16/May/2023:00:49:21 -0500] "POST /sipse/faces/autenticacion.xhtml HTTP/1.1" 200 16186
190.27.57.15 - - [16/May/2023:00:49:22 -0500] "GET /sipse/faces/javax.faces.resource/theme.css?ln=primefaces-sipse HTTP/1.1" 304 -
190.27.57.15 - - [16/May/2023:00:49:22 -0500] "GET /sipse/faces/javax.faces.resource/layout/layout.css?ln=primefaces&v=4.0 HTTP/1.1" 304 -
190.27.57.15 - - [16/May/2023:00:49:22 -0500] "GET /sipse/faces/javax.faces.resource/primefaces.css?ln=primefaces&v=4.0 HTTP/1.1" 304 -
190.27.57.15 - - [16/May/2023:00:49:22 -0500] "GET /sipse/faces/javax.faces.resource/jquery/jquery.js?ln=primefaces&v=4.0 HTTP/1.1" 304 -
190.27.57.15 - - [16/May/2023:00:49:22 -0500] "GET /sipse/faces/javax.faces.resource/jquery/jquery-plugins.js?ln=primefaces&v=4.0 HTTP/1.1" 304 -
190.27.57.15 - - [16/May/2023:00:49:22 -0500] "GET /sipse/faces/javax.faces.resource/primefaces.js?ln=primefaces&v=4.0 HTTP/1.1" 304 -
190.27.57.15 - - [16/May/2023:00:49:22 -0500] "GET /sipse/faces/javax.faces.resource/layout/layout.js?ln=primefaces&v=4.0 HTTP/1.1" 304 -
190.27.57.15 - - [16/May/2023:00:49:22 -0500] "GET /sipse/css/imagen/contrasena.png HTTP/1.1" 404 383
190.27.57.15 - - [16/May/2023:00:49:22 -0500] "GET /sipse/faces/javax.faces.resource/messages/messages.png?ln=primefaces&v=4.0 HTTP/1.1" 304 -
190.27.57.15 - - [16/May/2023:00:49:30 -0500] "GET /sipse/faces/javax.faces.resource/images/ui-bg_flat_0_2d5972_40x100.png?ln=primefaces-aristo HTTP/1.1" 304 -
190.27.57.15 - - [16/May/2023:00:49:30 -0500] "POST /sipse/faces/bienvenido.xhtml HTTP/1.1" 200 1471
190.27.57.15 - - [16/May/2023:00:49:31 -0500] "POST /sipse/faces/bienvenido.xhtml HTTP/1.1" 200 43777
190.27.57.15 - - [16/May/2023:00:49:32 -0500] "GET /sipse/faces/javax.faces.resource/theme.css?ln=primefaces-sipse HTTP/1.1" 304 -
190.27.57.15 - - [16/May/2023:00:49:32 -0500] "GET /sipse/faces/javax.faces.resource/primefaces.css?ln=primefaces&v=4.0 HTTP/1.1" 304 -
190.27.57.15 - - [16/May/2023:00:49:32 -0500] "GET /sipse/faces/javax.faces.resource/layout/layout.css?ln=primefaces&v=4.0 HTTP/1.1" 304 -
190.27.57.15 - - [16/May/2023:00:49:32 -0500] "GET /sipse/faces/javax.faces.resource/jquery/jquery.js?ln=primefaces&v=4.0 HTTP/1.1" 304 -
190.27.57.15 - - [16/May/2023:00:49:32 -0500] "GET /sipse/faces/javax.faces.resource/jquery/jquery-plugins.js?ln=primefaces&v=4.0 HTTP/1.1" 304 -
190.27.57.15 - - [16/May/2023:00:49:32 -0500] "GET /sipse/faces/javax.faces.resource/primefaces.js?ln=primefaces&v=4.0 HTTP/1.1" 304 -
190.27.57.15 - - [16/May/2023:00:49:32 -0500] "GET /sipse/faces/javax.faces.resource/layout/layout.js?ln=primefaces&v=4.0 HTTP/1.1" 304 -
190.27.57.15 - - [16/May/2023:00:49:32 -0500] "POST /sipse/faces/presentacion/financiero/solicitudProceso/listarSolicitudProceso.xhtml HTTP/1.1" 200 1472
201.245.192.253 - - [16/May/2023:00:51:12 -0500] "POST /kwsrmcab/Wsrmcab  HTTP/1.1" 200 43465
199.16.157.181 - - [16/May/2023:00:52:08 -0500] "GET /images/Musgo%20SDA%20(1)%20(1).png HTTP/1.1" 200 302122
172.22.2.4 - - [16/May/2023:00:50:45 -0500] "HEAD /BLA/boletinlegal/ HTTP/1.1" 200 -
216.245.221.92 - - [16/May/2023:00:52:45 -0500] "HEAD / HTTP/1.1" 200 -
173.252.83.112 - - [16/May/2023:00:52:50 -0500] "GET /images/Acuerdos%2001%20(1)%20(1).jpeg HTTP/1.1" 200 32884
66.249.75.243 - - [16/May/2023:00:52:54 -0500] "-" 408 -
172.22.2.4 - - [16/May/2023:00:51:35 -0500] "GET /BLA/boletinlegal/ HTTP/1.1" 200 57561
172.22.2.4 - - [16/May/2023:00:55:32 -0500] "GET /BLA/boletinlegal/robots.txt HTTP/1.1" 404 1037
172.22.2.4 - - [16/May/2023:00:55:32 -0500] "GET /BLA/boletinlegal/jurisprudencia/analisis/AnalisisT-146-16.docx HTTP/1.1" 304 -
201.245.192.253 - - [16/May/2023:00:56:11 -0500] "POST /kwsrmcab/Wsrmcab  HTTP/1.1" 200 43465
152.61.192.232 - - [16/May/2023:00:57:05 -0500] "GET /arcgis/services/Calidad_del_Agua_WQI/MapServer/WMSServer?request=GetCapabilities&service=WMS HTTP/1.1" 503 1020
152.61.192.232 - - [16/May/2023:00:57:06 -0500] "GET /arcgis/services/Calidad_del_Agua_WQI/MapServer/WMSServer?SERVICE=WMS&REQUEST=GetCapabilities HTTP/1.1" 503 1020
152.61.192.232 - - [16/May/2023:00:57:06 -0500] "GET /arcgis/services/Calidad_del_Agua_WQI/MapServer/WMSServer?WMTVER=1.0.0&REQUEST=capabilities HTTP/1.1" 503 1020
216.245.221.92 - - [16/May/2023:00:57:45 -0500] "HEAD / HTTP/1.1" 200 -
172.22.2.4 - - [16/May/2023:00:56:35 -0500] "HEAD /BLA/boletinlegal/ HTTP/1.1" 200 -
172.22.2.4 - - [16/May/2023:00:58:19 -0500] "GET /BLA/boletinlegal/ HTTP/1.1" 200 24523
172.22.2.4 - - [16/May/2023:00:57:25 -0500] "GET /BLA/boletinlegal/ HTTP/1.1" 200 52326
201.245.192.253 - - [16/May/2023:01:01:08 -0500] "POST /kwsrmcab/Wsrmcab  HTTP/1.1" 200 43465
216.245.221.92 - - [16/May/2023:01:02:45 -0500] "HEAD / HTTP/1.1" 200 -
66.249.79.109 - - [16/May/2023:01:03:29 -0500] "-" 408 -
172.22.2.4 - - [16/May/2023:01:02:25 -0500] "HEAD /BLA/boletinlegal/ HTTP/1.1" 200 -
157.55.39.210 - - [16/May/2023:01:04:14 -0500] "GET /Publicaciones/2022EE130263.pdf HTTP/1.1" 404 228
172.22.2.4 - - [16/May/2023:01:03:15 -0500] "GET /BLA/boletinlegal/ HTTP/1.1" 200 57561
201.245.192.253 - - [16/May/2023:01:06:08 -0500] "POST /kwsrmcab/Wsrmcab  HTTP/1.1" 200 43465
172.22.2.4 - - [16/May/2023:01:06:37 -0500] "GET /BLA/boletinlegal/actuator/health HTTP/1.1" 404 1018
216.245.221.92 - - [16/May/2023:01:07:45 -0500] "HEAD / HTTP/1.1" 200 -
191.156.253.227 - - [16/May/2023:01:08:40 -0500] "GET /BLA/boletinlegal/js/jquery.scrollShow.js HTTP/1.1" 200 4586
191.156.253.227 - - [16/May/2023:01:08:40 -0500] "GET /galeria/galeria/jquery.fancybox.css?v=2.1.5 HTTP/1.1" 200 4895
191.156.242.192 - - [16/May/2023:01:08:40 -0500] "GET /galeria/galeria/jquery.fancybox.js?v=2.1.5 HTTP/1.1" 200 48706
172.22.2.4 - - [16/May/2023:01:08:15 -0500] "HEAD /BLA/boletinlegal/ HTTP/1.1" 200 -
172.22.2.4 - - [16/May/2023:01:09:05 -0500] "GET /BLA/boletinlegal/ HTTP/1.1" 200 57945
66.249.79.105 - - [16/May/2023:01:10:48 -0500] "-" 408 -
201.245.192.253 - - [16/May/2023:01:11:07 -0500] "POST /kwsrmcab/Wsrmcab  HTTP/1.1" 200 43465
40.77.167.97 - - [16/May/2023:01:11:28 -0500] "GET /BLA/resoluciones/AUTOS%202019/4890.pdf HTTP/1.1" 200 413028
216.245.221.92 - - [16/May/2023:01:12:45 -0500] "HEAD / HTTP/1.1" 200 -
40.77.167.146 - - [16/May/2023:01:12:50 -0500] "GET /sipse/faces/index.xhtml HTTP/1.1" 200 677
172.22.2.4 - - [16/May/2023:01:14:39 -0500] "GET /BLA/boletinlegal/robots.txt HTTP/1.1" 404 1038
172.22.2.4 - - [16/May/2023:01:14:05 -0500] "HEAD /BLA/boletinlegal/ HTTP/1.1" 200 -
201.245.192.253 - - [16/May/2023:01:16:06 -0500] "POST /kwsrmcab/Wsrmcab  HTTP/1.1" 200 43465
172.22.2.4 - - [16/May/2023:01:14:39 -0500] "GET /BLA/boletinlegal/ HTTP/1.1" 200 46827
172.22.2.4 - - [16/May/2023:01:14:55 -0500] "GET /BLA/boletinlegal/ HTTP/1.1" 200 47624
152.61.128.50 - - [16/May/2023:01:16:45 -0500] "GET /arcgis/services/Calidad_del_Agua_WQI/MapServer/WMSServer?request=GetCapabilities&service=WMS HTTP/1.1" 503 1020
152.61.128.50 - - [16/May/2023:01:16:46 -0500] "GET /arcgis/services/Calidad_del_Agua_WQI/MapServer/WMSServer?SERVICE=WMS&REQUEST=GetCapabilities HTTP/1.1" 503 1020
152.61.128.50 - - [16/May/2023:01:16:46 -0500] "GET /arcgis/services/Calidad_del_Agua_WQI/MapServer/WMSServer?WMTVER=1.0.0&REQUEST=capabilities HTTP/1.1" 503 1020
216.245.221.92 - - [16/May/2023:01:17:45 -0500] "HEAD / HTTP/1.1" 200 -
157.55.39.210 - - [16/May/2023:01:17:45 -0500] "GET /BLA/resoluciones/RESOLUCIONES%202018/2566.pdf HTTP/1.1" 304 -
201.245.192.253 - - [16/May/2023:01:19:01 -0500] "POST /kwsrmcab/Wsrmcab HTTP/1.1" 200 38232
201.245.192.253 - - [16/May/2023:01:19:03 -0500] "POST /kwsrmcab/Wsrmcab HTTP/1.1" 200 41432
201.245.192.253 - - [16/May/2023:01:21:05 -0500] "POST /kwsrmcab/Wsrmcab  HTTP/1.1" 200 43465
172.22.2.4 - - [16/May/2023:01:19:55 -0500] "HEAD /BLA/boletinlegal/ HTTP/1.1" 200 -
67.220.86.123 - - [16/May/2023:01:22:19 -0500] "\x16\x03\x01" 400 226
67.220.86.123 - - [16/May/2023:01:22:21 -0500] "GET / HTTP/1.1" 200 319
172.22.2.4 - - [16/May/2023:01:20:45 -0500] "GET /BLA/boletinlegal/ HTTP/1.1" 200 57151
216.245.221.92 - - [16/May/2023:01:22:45 -0500] "HEAD / HTTP/1.1" 200 -
201.245.192.253 - - [16/May/2023:01:26:04 -0500] "POST /kwsrmcab/Wsrmcab  HTTP/1.1" 200 43465
52.167.144.32 - - [16/May/2023:01:26:41 -0500] "GET /con-actividades-ludicas-y-educativas-la-ciudadania-conmemoro-el-dia-del-rio-bogota-2023.html HTTP/1.1" 200 825
172.22.2.4 - - [16/May/2023:01:25:45 -0500] "HEAD /BLA/boletinlegal/ HTTP/1.1" 200 -
216.245.221.92 - - [16/May/2023:01:27:45 -0500] "HEAD / HTTP/1.1" 200 -
40.77.167.97 - - [16/May/2023:01:27:49 -0500] "GET /BLA/resoluciones/AUTOS%202021/1160.pdf HTTP/1.1" 304 -
172.22.2.4 - - [16/May/2023:01:26:35 -0500] "GET /BLA/boletinlegal/ HTTP/1.1" 200 54424
201.245.192.253 - - [16/May/2023:01:29:00 -0500] "POST /kwsrmcab/Wsrmcab HTTP/1.1" 200 38232
201.245.192.253 - - [16/May/2023:01:29:04 -0500] "POST /kwsrmcab/Wsrmcab HTTP/1.1" 200 41432
40.77.167.146 - - [16/May/2023:01:30:00 -0500] "GET /BLA/resoluciones/AUTOS%202013/0073.pdf HTTP/1.1" 200 1411915
201.245.192.253 - - [16/May/2023:01:31:03 -0500] "POST /kwsrmcab/Wsrmcab  HTTP/1.1" 200 43465
216.245.221.92 - - [16/May/2023:01:32:45 -0500] "HEAD / HTTP/1.1" 200 -
172.22.2.4 - - [16/May/2023:01:31:35 -0500] "HEAD /BLA/boletinlegal/ HTTP/1.1" 200 -
40.77.167.97 - - [16/May/2023:01:33:20 -0500] "GET /BLA/resoluciones/AUTOS%202008/0462.pdf HTTP/1.1" 200 91214
172.22.2.4 - - [16/May/2023:01:32:25 -0500] "GET /BLA/boletinlegal/ HTTP/1.1" 200 58307
69.171.249.120 - - [16/May/2023:01:34:13 -0500] "GET /images/caminatas-ecol\xc3\xb3gicas-marzo---1920x1080_optimized.jpg HTTP/1.1" 404 1034
187.135.196.251 - - [16/May/2023:01:34:40 -0500] "GET /galeria/galeria/jquery.fancybox.css?v=2.1.5 HTTP/1.1" 200 4895
187.135.196.251 - - [16/May/2023:01:34:40 -0500] "GET /BLA/boletinlegal/js/jquery.scrollShow.js HTTP/1.1" 200 4586
187.135.196.251 - - [16/May/2023:01:34:40 -0500] "GET /galeria/galeria/jquery.fancybox.js?v=2.1.5 HTTP/1.1" 200 48706
201.245.192.253 - - [16/May/2023:01:36:01 -0500] "POST /kwsrmcab/Wsrmcab  HTTP/1.1" 503 1020
201.245.192.253 - - [16/May/2023:01:37:01 -0500] "POST /kwsrmcab/Wsrmcab  HTTP/1.1" 503 1020
216.245.221.92 - - [16/May/2023:01:37:45 -0500] "HEAD / HTTP/1.1" 200 -
201.245.192.253 - - [16/May/2023:01:38:00 -0500] "POST /kwsrmcab/Wsrmcab  HTTP/1.1" 200 43465
201.245.192.253 - - [16/May/2023:01:39:01 -0500] "POST /kwsrmcab/Wsrmcab HTTP/1.1" 200 38232
201.245.192.253 - - [16/May/2023:01:39:02 -0500] "POST /kwsrmcab/Wsrmcab  HTTP/1.1" 200 43465
172.22.2.4 - - [16/May/2023:01:37:25 -0500] "HEAD /BLA/boletinlegal/ HTTP/1.1" 200 -
201.245.192.253 - - [16/May/2023:01:39:03 -0500] "POST /kwsrmcab/Wsrmcab HTTP/1.1" 200 41432
172.22.2.4 - - [16/May/2023:01:38:15 -0500] "GET /BLA/boletinlegal/ HTTP/1.1" 200 58307
52.167.144.71 - - [16/May/2023:01:40:00 -0500] "GET /florecio-la-herrania-en-el-tropicario-distrital-una-planta-nativa-de-la-amazonia-colombiana.html HTTP/1.1" 200 935
216.245.221.92 - - [16/May/2023:01:42:45 -0500] "HEAD / HTTP/1.1" 200 -
123.183.224.71 - - [16/May/2023:01:44:02 -0500] "GET / HTTP/1.1" 200 319
201.245.192.253 - - [16/May/2023:01:44:00 -0500] "POST /kwsrmcab/Wsrmcab  HTTP/1.1" 200 43465
199.16.157.180 - - [16/May/2023:01:44:42 -0500] "-" 408 -
172.22.2.4 - - [16/May/2023:01:43:15 -0500] "HEAD /BLA/boletinlegal/ HTTP/1.1" 200 -
172.22.2.4 - - [16/May/2023:01:44:05 -0500] "GET /BLA/boletinlegal/ HTTP/1.1" 200 51032
40.77.167.146 - - [16/May/2023:01:46:23 -0500] "GET /sipse/faces/index.xhtml HTTP/1.1" 200 677
216.245.221.92 - - [16/May/2023:01:47:45 -0500] "HEAD / HTTP/1.1" 200 -
201.245.192.253 - - [16/May/2023:01:49:00 -0500] "POST /kwsrmcab/Wsrmcab  HTTP/1.1" 200 43465
172.22.2.4 - - [16/May/2023:01:49:05 -0500] "HEAD /BLA/boletinlegal/ HTTP/1.1" 200 -
172.22.2.4 - - [16/May/2023:01:49:55 -0500] "GET /BLA/boletinlegal/ HTTP/1.1" 200 57561
216.245.221.92 - - [16/May/2023:01:52:45 -0500] "HEAD / HTTP/1.1" 200 -
201.245.192.253 - - [16/May/2023:01:53:59 -0500] "POST /kwsrmcab/Wsrmcab  HTTP/1.1" 200 43465
66.220.149.11 - - [16/May/2023:01:54:22 -0500] "GET /images/ecosistema-dia-internacional-tierra-21-abril.jpg HTTP/1.1" 200 30098
40.77.167.97 - - [16/May/2023:01:54:31 -0500] "GET /BLA/resoluciones/AUTOS%202022/1870.pdf HTTP/1.1" 304 -
40.77.167.97 - - [16/May/2023:01:56:23 -0500] "GET /BLA/resoluciones/AUTOS%202021/1998.pdf HTTP/1.1" 304 -
172.22.2.4 - - [16/May/2023:01:54:55 -0500] "HEAD /BLA/boletinlegal/ HTTP/1.1" 200 -
172.22.2.4 - - [16/May/2023:01:55:45 -0500] "GET /BLA/boletinlegal/ HTTP/1.1" 200 53114
216.245.221.92 - - [16/May/2023:01:57:45 -0500] "HEAD / HTTP/1.1" 200 -
201.245.192.253 - - [16/May/2023:01:58:58 -0500] "POST /kwsrmcab/Wsrmcab  HTTP/1.1" 200 43465
172.22.2.4 - - [16/May/2023:01:59:40 -0500] "GET /BLA/boletinlegal/Circulares/2012/Circular%20No.%205%20del%2027%20de%20Abril%20de%202012.pdf HTTP/1.1" 304 -
66.249.79.107 - - [16/May/2023:02:02:14 -0500] "-" 408 -
172.22.2.4 - - [16/May/2023:02:00:45 -0500] "HEAD /BLA/boletinlegal/ HTTP/1.1" 200 -
216.245.221.92 - - [16/May/2023:02:02:44 -0500] "HEAD / HTTP/1.1" 200 -
172.22.2.4 - - [16/May/2023:02:01:35 -0500] "GET /BLA/boletinlegal/ HTTP/1.1" 200 57151
201.245.192.253 - - [16/May/2023:02:03:57 -0500] "POST /kwsrmcab/Wsrmcab  HTTP/1.1" 200 43465
216.245.221.92 - - [16/May/2023:02:07:44 -0500] "HEAD / HTTP/1.1" 200 -
172.22.2.4 - - [16/May/2023:02:06:35 -0500] "HEAD /BLA/boletinlegal/ HTTP/1.1" 200 -
201.245.192.253 - - [16/May/2023:02:08:56 -0500] "POST /kwsrmcab/Wsrmcab  HTTP/1.1" 200 43465
172.22.2.4 - - [16/May/2023:02:07:25 -0500] "GET /BLA/boletinlegal/ HTTP/1.1" 200 52730
172.22.2.4 - - [16/May/2023:02:08:41 -0500] "GET /BLA/boletinlegal/ HTTP/1.1" 200 24523
66.249.75.243 - - [16/May/2023:02:10:21 -0500] "-" 408 -
216.245.221.92 - - [16/May/2023:02:12:44 -0500] "HEAD / HTTP/1.1" 200 -
201.245.192.253 - - [16/May/2023:02:13:54 -0500] "POST /kwsrmcab/Wsrmcab  HTTP/1.1" 200 43465
172.22.2.4 - - [16/May/2023:02:12:25 -0500] "HEAD /BLA/boletinlegal/ HTTP/1.1" 200 -
172.22.2.4 - - [16/May/2023:02:13:15 -0500] "GET /BLA/boletinlegal/ HTTP/1.1" 200 57561
216.245.221.92 - - [16/May/2023:02:17:44 -0500] "HEAD / HTTP/1.1" 200 -
40.77.167.146 - - [16/May/2023:02:18:36 -0500] "GET /sipse/faces/index.xhtml HTTP/1.1" 200 677
201.245.192.253 - - [16/May/2023:02:18:54 -0500] "POST /kwsrmcab/Wsrmcab  HTTP/1.1" 200 43465
201.245.192.253 - - [16/May/2023:02:19:01 -0500] "POST /kwsrmcab/Wsrmcab HTTP/1.1" 200 38557
201.245.192.253 - - [16/May/2023:02:19:03 -0500] "POST /kwsrmcab/Wsrmcab HTTP/1.1" 200 41599
172.22.2.4 - - [16/May/2023:02:18:15 -0500] "HEAD /BLA/boletinlegal/ HTTP/1.1" 200 -
172.22.2.4 - - [16/May/2023:02:19:05 -0500] "GET /BLA/boletinlegal/ HTTP/1.1" 200 59656
52.167.144.46 - - [16/May/2023:02:21:40 -0500] "GET /dia-nacional-del-arbol-atributos-y-caracteristicas-de-las-especies-representativas-de-bogota.html HTTP/1.1" 200 809
69.171.249.1 - - [16/May/2023:02:21:59 -0500] "GET /primer-festival-de-la-papa-nativa-en-el-jardin-botanico-conozca-pruebe-y-disfrute-estos-manjares-criollos-y-saludables.html HTTP/1.1" 206 1116
157.55.39.210 - - [16/May/2023:02:22:02 -0500] "GET /BLA/resoluciones/AUTOS%202020/1533.pdf HTTP/1.1" 200 400377
216.245.221.92 - - [16/May/2023:02:22:44 -0500] "HEAD / HTTP/1.1" 200 -
201.245.192.253 - - [16/May/2023:02:23:53 -0500] "POST /kwsrmcab/Wsrmcab  HTTP/1.1" 200 43465
172.22.2.4 - - [16/May/2023:02:24:05 -0500] "HEAD /BLA/boletinlegal/ HTTP/1.1" 200 -
168.119.251.242 - - [16/May/2023:02:25:53 -0500] "GET / HTTP/1.1" 200 319
172.22.2.4 - - [16/May/2023:02:24:55 -0500] "GET /BLA/boletinlegal/ HTTP/1.1" 200 52326
216.245.221.92 - - [16/May/2023:02:27:44 -0500] "HEAD / HTTP/1.1" 200 -
44.196.56.183 - - [16/May/2023:02:28:14 -0500] "GET /BLA/resoluciones/RESOLUCIONES%202007/RES%202007%203201%20AL%203300/RESOLUCION%203217%20DE%202007.pdf HTTP/1.1" 200 257006
44.196.56.183 - - [16/May/2023:02:28:16 -0500] "GET /BLA/resoluciones/RESOLUCIONES%202007/RES%202007%204001%20AL%204100/RESOLUCION%204090%20DE%202007.pdf HTTP/1.1" 200 13950935
40.77.167.97 - - [16/May/2023:02:28:25 -0500] "GET /BLA/resoluciones/RESOLUCIONES%202022/2878.pdf HTTP/1.1" 304 -
44.196.56.183 - - [16/May/2023:02:28:29 -0500] "GET /BLA/resoluciones/RESOLUCIONES%202007/RES%202007%20701%20AL%20800/RESOLUCION%200705%20DE%202007.pdf HTTP/1.1" 200 1060513
44.196.56.183 - - [16/May/2023:02:28:29 -0500] "GET /BLA/resoluciones/RESOLUCIONES%202008/1592.pdf HTTP/1.1" 200 378573
44.196.56.183 - - [16/May/2023:02:28:30 -0500] "GET /BLA/resoluciones/RESOLUCIONES%202008/5377.pdf HTTP/1.1" 200 211087
44.196.56.183 - - [16/May/2023:02:28:30 -0500] "GET /BLA/resoluciones/RESOLUCIONES%202009/5453.pdf HTTP/1.1" 200 988834
44.196.56.183 - - [16/May/2023:02:28:30 -0500] "GET /BLA/resoluciones/RESOLUCIONES%202009/7546.pdf HTTP/1.1" 200 515096
44.196.56.183 - - [16/May/2023:02:28:30 -0500] "GET /BLA/resoluciones/RESOLUCIONES%202009/9382.pdf HTTP/1.1" 200 288151
44.196.56.183 - - [16/May/2023:02:28:30 -0500] "GET /BLA/resoluciones/RESOLUCIONES%202010/0820.pdf HTTP/1.1" 200 118062
44.196.56.183 - - [16/May/2023:02:28:30 -0500] "GET /BLA/resoluciones/RESOLUCIONES%202010/0929.pdf HTTP/1.1" 200 101308
44.196.56.183 - - [16/May/2023:02:28:30 -0500] "GET /BLA/resoluciones/RESOLUCIONES%202010/1213.pdf HTTP/1.1" 200 151734
44.196.56.183 - - [16/May/2023:02:28:31 -0500] "GET /BLA/resoluciones/RESOLUCIONES%202010/1262.pdf HTTP/1.1" 200 143348
44.196.56.183 - - [16/May/2023:02:28:31 -0500] "GET /BLA/resoluciones/RESOLUCIONES%202011/0177.pdf HTTP/1.1" 200 386325
44.196.56.183 - - [16/May/2023:02:28:31 -0500] "GET /BLA/resoluciones/RESOLUCIONES%202011/0827.pdf HTTP/1.1" 200 71439
44.196.56.183 - - [16/May/2023:02:28:31 -0500] "GET /BLA/resoluciones/RESOLUCIONES%202011/2962.pdf HTTP/1.1" 200 2929372
44.196.56.183 - - [16/May/2023:02:28:31 -0500] "GET /BLA/resoluciones/RESOLUCIONES%202011/3781.pdf HTTP/1.1" 200 411559
44.196.56.183 - - [16/May/2023:02:28:32 -0500] "GET /BLA/resoluciones/RESOLUCIONES%202011/6971.pdf HTTP/1.1" 200 637749
44.196.56.183 - - [16/May/2023:02:28:32 -0500] "GET /BLA/resoluciones/RESOLUCIONES%202012/0288.pdf HTTP/1.1" 200 418763
44.196.56.183 - - [16/May/2023:02:28:32 -0500] "GET /BLA/resoluciones/RESOLUCIONES%202012/1282.pdf HTTP/1.1" 200 689958
44.196.56.183 - - [16/May/2023:02:28:32 -0500] "GET /BLA/resoluciones/RESOLUCIONES%202012/1696.pdf HTTP/1.1" 200 1189032
44.196.56.183 - - [16/May/2023:02:28:32 -0500] "GET /BLA/resoluciones/RESOLUCIONES%202013/0408.pdf HTTP/1.1" 200 2377771
44.196.56.183 - - [16/May/2023:02:28:33 -0500] "GET /BLA/resoluciones/RESOLUCIONES%202013/1197.pdf HTTP/1.1" 200 1787007
44.196.56.183 - - [16/May/2023:02:28:33 -0500] "GET /BLA/resoluciones/RESOLUCIONES%202014/1016.pdf HTTP/1.1" 200 431810
44.196.56.183 - - [16/May/2023:02:28:33 -0500] "GET /BLA/resoluciones/RESOLUCIONES%202014/3977.pdf HTTP/1.1" 200 438684
44.196.56.183 - - [16/May/2023:02:28:34 -0500] "GET /BLA/resoluciones/RESOLUCIONES%202015/0995.pdf HTTP/1.1" 200 6388920
44.196.56.183 - - [16/May/2023:02:28:37 -0500] "GET /BLA/resoluciones/RESOLUCIONES%202015/1042.pdf HTTP/1.1" 200 486040
44.196.56.183 - - [16/May/2023:02:28:37 -0500] "GET /BLA/resoluciones/RESOLUCIONES%202015/1054.pdf HTTP/1.1" 200 487632
44.196.56.183 - - [16/May/2023:02:28:37 -0500] "GET /BLA/resoluciones/RESOLUCIONES%202015/1168.pdf HTTP/1.1" 200 560722
44.196.56.183 - - [16/May/2023:02:28:37 -0500] "GET /BLA/resoluciones/RESOLUCIONES%202016/1034.pdf HTTP/1.1" 200 265358
44.196.56.183 - - [16/May/2023:02:28:38 -0500] "GET /BLA/resoluciones/RESOLUCIONES%202017/0520.pdf HTTP/1.1" 200 407112
44.196.56.183 - - [16/May/2023:02:28:38 -0500] "GET /BLA/resoluciones/RESOLUCIONES%202017/2767.pdf HTTP/1.1" 200 2357434
44.196.56.183 - - [16/May/2023:02:28:39 -0500] "GET /BLA/resoluciones/RESOLUCIONES%202018/1072.pdf HTTP/1.1" 200 315843
44.196.56.183 - - [16/May/2023:02:28:39 -0500] "GET /BLA/resoluciones/RESOLUCIONES%202018/2215.pdf HTTP/1.1" 200 335154
44.196.56.183 - - [16/May/2023:02:28:39 -0500] "GET /BLA/resoluciones/RESOLUCIONES%202019/0209.pdf HTTP/1.1" 200 252131
44.196.56.183 - - [16/May/2023:02:28:39 -0500] "GET /BLA/resoluciones/RESOLUCIONES%202020/0769.pdf HTTP/1.1" 200 305989
44.196.56.183 - - [16/May/2023:02:28:39 -0500] "GET /BLA/resoluciones/RESOLUCIONES%202020/0874.pdf HTTP/1.1" 200 340067
44.196.56.183 - - [16/May/2023:02:28:40 -0500] "GET /BLA/resoluciones/RESOLUCIONES%202021/0506.pdf HTTP/1.1" 200 352855
44.196.56.183 - - [16/May/2023:02:28:40 -0500] "GET /BLA/resoluciones/RESOLUCIONES%202021/5262.pdf HTTP/1.1" 200 370932
44.196.56.183 - - [16/May/2023:02:28:40 -0500] "GET /BLA/resoluciones/RESOLUCIONES%20CONJUNTAS/Resolucion%20conjunta%20No.%20001-2017.pdf HTTP/1.1" 200 332456
44.196.56.183 - - [16/May/2023:02:28:40 -0500] "GET /PORTAL_SIAC/Resoluci%c3%b3n%20242%20de%202014%20(Lineamientos%20PIGA).pdf HTTP/1.1" 200 522095
44.196.56.183 - - [16/May/2023:02:28:40 -0500] "GET /POT-2013/Cartografia/Anexo01_Sistema_Hidrico.pdf HTTP/1.1" 200 5860035
44.196.56.183 - - [16/May/2023:02:28:42 -0500] "GET /Publicaciones/2020EE124351.pdf HTTP/1.1" 404 228
44.196.56.183 - - [16/May/2023:02:28:42 -0500] "GET /Publicaciones/2020EE124362.pdf HTTP/1.1" 404 228
44.196.56.183 - - [16/May/2023:02:28:42 -0500] "GET /Publicaciones/2020EE124518.pdf HTTP/1.1" 404 228
44.196.56.183 - - [16/May/2023:02:28:42 -0500] "GET /Publicaciones/2020EE125460.pdf HTTP/1.1" 404 228
44.196.56.183 - - [16/May/2023:02:28:42 -0500] "GET /Publicaciones/2020EE125466.pdf HTTP/1.1" 404 228
44.196.56.183 - - [16/May/2023:02:28:42 -0500] "GET /Publicaciones/2020EE125471.pdf HTTP/1.1" 404 228
44.196.56.183 - - [16/May/2023:02:28:42 -0500] "GET /Publicaciones/2020EE125745.pdf HTTP/1.1" 404 228
44.196.56.183 - - [16/May/2023:02:28:42 -0500] "GET /Publicaciones/2020EE126144.pdf HTTP/1.1" 404 228
44.196.56.183 - - [16/May/2023:02:28:42 -0500] "GET /Publicaciones/2020EE127050.pdf HTTP/1.1" 404 228
44.196.56.183 - - [16/May/2023:02:28:42 -0500] "GET /Publicaciones/2020EE127052.pdf HTTP/1.1" 404 228
44.196.56.183 - - [16/May/2023:02:28:43 -0500] "GET /Publicaciones/2020EE127296.pdf HTTP/1.1" 404 228
44.196.56.183 - - [16/May/2023:02:28:43 -0500] "GET /Publicaciones/2020EE127646.pdf HTTP/1.1" 404 228
44.196.56.183 - - [16/May/2023:02:28:43 -0500] "GET /Publicaciones/2020EE127840.pdf HTTP/1.1" 404 228
44.196.56.183 - - [16/May/2023:02:28:43 -0500] "GET /Publicaciones/2020EE128074.pdf HTTP/1.1" 404 228
44.196.56.183 - - [16/May/2023:02:28:43 -0500] "GET /Publicaciones/2020EE128097.pdf HTTP/1.1" 404 228
44.196.56.183 - - [16/May/2023:02:28:43 -0500] "GET /Publicaciones/2020EE128098.pdf HTTP/1.1" 404 228
44.196.56.183 - - [16/May/2023:02:28:43 -0500] "GET /Publicaciones/2020EE129278.pdf HTTP/1.1" 404 228
44.196.56.183 - - [16/May/2023:02:28:43 -0500] "GET /Publicaciones/2020EE129279.pdf HTTP/1.1" 404 228
44.196.56.183 - - [16/May/2023:02:28:43 -0500] "GET /Publicaciones/2020EE129280.pdf HTTP/1.1" 404 228
44.196.56.183 - - [16/May/2023:02:28:43 -0500] "GET /Publicaciones/2020EE129846.pdf HTTP/1.1" 404 228
44.196.56.183 - - [16/May/2023:02:28:43 -0500] "GET /Publicaciones/2020EE129895.pdf HTTP/1.1" 404 228
44.196.56.183 - - [16/May/2023:02:28:43 -0500] "GET /Publicaciones/2020EE129919.pdf HTTP/1.1" 404 228
44.196.56.183 - - [16/May/2023:02:28:44 -0500] "GET /Publicaciones/2020EE129922.pdf HTTP/1.1" 404 228
44.196.56.183 - - [16/May/2023:02:28:44 -0500] "GET /Publicaciones/2020EE129926.pdf HTTP/1.1" 404 228
44.196.56.183 - - [16/May/2023:02:28:44 -0500] "GET /Publicaciones/2020EE130033.pdf HTTP/1.1" 404 228
44.196.56.183 - - [16/May/2023:02:28:44 -0500] "GET /Publicaciones/2020EE130037.pdf HTTP/1.1" 404 228
44.196.56.183 - - [16/May/2023:02:28:44 -0500] "GET /Publicaciones/2020EE130058.pdf HTTP/1.1" 404 228
44.196.56.183 - - [16/May/2023:02:28:44 -0500] "GET /Publicaciones/2020EE130059.pdf HTTP/1.1" 404 228
44.196.56.183 - - [16/May/2023:02:28:44 -0500] "GET /Publicaciones/2020EE130743.pdf HTTP/1.1" 404 228
44.196.56.183 - - [16/May/2023:02:28:44 -0500] "GET /Publicaciones/2020EE130744.pdf HTTP/1.1" 404 228
44.196.56.183 - - [16/May/2023:02:28:44 -0500] "GET /Publicaciones/2020EE130753.pdf HTTP/1.1" 404 228
44.196.56.183 - - [16/May/2023:02:28:44 -0500] "GET /Publicaciones/2020EE131131.pdf HTTP/1.1" 404 228
44.196.56.183 - - [16/May/2023:02:28:44 -0500] "GET /Publicaciones/2020EE131132.pdf HTTP/1.1" 404 228
44.196.56.183 - - [16/May/2023:02:28:44 -0500] "GET /Publicaciones/2020EE131166.pdf HTTP/1.1" 404 228
44.196.56.183 - - [16/May/2023:02:28:45 -0500] "GET /Publicaciones/2020EE131906.pdf HTTP/1.1" 404 228
44.196.56.183 - - [16/May/2023:02:28:45 -0500] "GET /Publicaciones/2020EE131914.pdf HTTP/1.1" 404 228
44.196.56.183 - - [16/May/2023:02:28:45 -0500] "GET /Publicaciones/2020EE131915.pdf HTTP/1.1" 404 228
44.196.56.183 - - [16/May/2023:02:28:45 -0500] "GET /Publicaciones/2020EE131918.pdf HTTP/1.1" 404 228
44.196.56.183 - - [16/May/2023:02:28:45 -0500] "GET /Publicaciones/2020EE131922.pdf HTTP/1.1" 404 228
44.196.56.183 - - [16/May/2023:02:28:45 -0500] "GET /Publicaciones/2020EE131924.pdf HTTP/1.1" 404 228
44.196.56.183 - - [16/May/2023:02:28:45 -0500] "GET /Publicaciones/2020EE132449.pdf HTTP/1.1" 404 228
44.196.56.183 - - [16/May/2023:02:28:45 -0500] "GET /Publicaciones/2020EE132465.pdf HTTP/1.1" 404 228
44.196.56.183 - - [16/May/2023:02:28:45 -0500] "GET /Publicaciones/2020EE132656.pdf HTTP/1.1" 404 228
44.196.56.183 - - [16/May/2023:02:28:45 -0500] "GET /Publicaciones/2020EE132658.pdf HTTP/1.1" 404 228
44.196.56.183 - - [16/May/2023:02:28:45 -0500] "GET /Publicaciones/2022EE238571.pdf HTTP/1.1" 404 228
44.196.56.183 - - [16/May/2023:02:28:46 -0500] "GET /Publicaciones/2022EE238584.pdf HTTP/1.1" 404 228
44.196.56.183 - - [16/May/2023:02:28:46 -0500] "GET /Publicaciones/2022EE238585.pdf HTTP/1.1" 404 228
44.196.56.183 - - [16/May/2023:02:28:46 -0500] "GET /Publicaciones/2022EE238589.pdf HTTP/1.1" 404 228
44.196.56.183 - - [16/May/2023:02:28:46 -0500] "GET /Publicaciones/2022EE238693.pdf HTTP/1.1" 404 228
44.196.56.183 - - [16/May/2023:02:28:46 -0500] "GET /Publicaciones/2022EE238694.pdf HTTP/1.1" 404 228
44.196.56.183 - - [16/May/2023:02:28:46 -0500] "GET /Publicaciones/2022EE238969.pdf HTTP/1.1" 404 228
44.196.56.183 - - [16/May/2023:02:28:46 -0500] "GET /Publicaciones/2022EE239038.pdf HTTP/1.1" 404 228
44.196.56.183 - - [16/May/2023:02:28:46 -0500] "GET /Publicaciones/2022EE239128.pdf HTTP/1.1" 404 228
44.196.56.183 - - [16/May/2023:02:28:46 -0500] "GET /Publicaciones/2022EE239214.pdf HTTP/1.1" 404 228
44.196.56.183 - - [16/May/2023:02:28:46 -0500] "GET /Publicaciones/2022EE239218.pdf HTTP/1.1" 404 228
44.196.56.183 - - [16/May/2023:02:28:46 -0500] "GET /Publicaciones/2022EE239220.pdf HTTP/1.1" 404 228
44.196.56.183 - - [16/May/2023:02:28:46 -0500] "GET /Publicaciones/2022EE239228.pdf HTTP/1.1" 404 228
44.196.56.183 - - [16/May/2023:02:28:47 -0500] "GET /Publicaciones/2022EE239232.pdf HTTP/1.1" 404 228
44.196.56.183 - - [16/May/2023:02:28:47 -0500] "GET /Publicaciones/2022EE239233.pdf HTTP/1.1" 404 228
44.196.56.183 - - [16/May/2023:02:28:47 -0500] "GET /Publicaciones/2022EE239237.pdf HTTP/1.1" 404 228
44.196.56.183 - - [16/May/2023:02:28:47 -0500] "GET /Publicaciones/2022EE239238.pdf HTTP/1.1" 404 228
44.196.56.183 - - [16/May/2023:02:28:47 -0500] "GET /Publicaciones/2022EE239240.pdf HTTP/1.1" 404 228
44.196.56.183 - - [16/May/2023:02:28:47 -0500] "GET /Publicaciones/2022EE239843.pdf HTTP/1.1" 404 228
44.196.56.183 - - [16/May/2023:02:28:47 -0500] "GET /Publicaciones/2022EE239868.pdf HTTP/1.1" 404 228
44.196.56.183 - - [16/May/2023:02:28:47 -0500] "GET /Publicaciones/2022EE240052.pdf HTTP/1.1" 404 228
44.196.56.183 - - [16/May/2023:02:28:47 -0500] "GET /Publicaciones/2022EE240054.pdf HTTP/1.1" 404 228
44.196.56.183 - - [16/May/2023:02:28:47 -0500] "GET /Publicaciones/2022EE240502.pdf HTTP/1.1" 404 228
44.196.56.183 - - [16/May/2023:02:28:47 -0500] "GET /Publicaciones/2022EE240506.pdf HTTP/1.1" 404 228
44.196.56.183 - - [16/May/2023:02:28:48 -0500] "GET /Publicaciones/2022EE240507.pdf HTTP/1.1" 404 228
44.196.56.183 - - [16/May/2023:02:28:48 -0500] "GET /Publicaciones/2022EE240509.pdf HTTP/1.1" 404 228
44.196.56.183 - - [16/May/2023:02:28:48 -0500] "GET /Publicaciones/2022EE240779.pdf HTTP/1.1" 404 228
44.196.56.183 - - [16/May/2023:02:28:48 -0500] "GET /Publicaciones/2022EE240847.pdf HTTP/1.1" 404 228
44.196.56.183 - - [16/May/2023:02:28:48 -0500] "GET /Publicaciones/2022EE240866.pdf HTTP/1.1" 404 228
44.196.56.183 - - [16/May/2023:02:28:48 -0500] "GET /Publicaciones/2022EE240927.pdf HTTP/1.1" 404 228
44.196.56.183 - - [16/May/2023:02:28:48 -0500] "GET /Publicaciones/2022EE240943.pdf HTTP/1.1" 404 228
44.196.56.183 - - [16/May/2023:02:28:48 -0500] "GET /Publicaciones/2022EE240954.pdf HTTP/1.1" 404 228
44.196.56.183 - - [16/May/2023:02:28:48 -0500] "GET /Publicaciones/2022EE241028.pdf HTTP/1.1" 404 228
44.196.56.183 - - [16/May/2023:02:28:48 -0500] "GET /Publicaciones/2022EE241103.pdf HTTP/1.1" 404 228
44.196.56.183 - - [16/May/2023:02:28:48 -0500] "GET /Publicaciones/2022EE241106.pdf HTTP/1.1" 404 228
44.196.56.183 - - [16/May/2023:02:28:48 -0500] "GET /Publicaciones/2022EE241109.pdf HTTP/1.1" 404 228
44.196.56.183 - - [16/May/2023:02:28:49 -0500] "GET /Publicaciones/2022EE241142.pdf HTTP/1.1" 404 228
44.196.56.183 - - [16/May/2023:02:28:49 -0500] "GET /Publicaciones/2022EE241145.pdf HTTP/1.1" 404 228
44.196.56.183 - - [16/May/2023:02:28:49 -0500] "GET /Publicaciones/2022EE241164.pdf HTTP/1.1" 404 228
44.196.56.183 - - [16/May/2023:02:28:49 -0500] "GET /Publicaciones/2022EE241165.pdf HTTP/1.1" 404 228
44.196.56.183 - - [16/May/2023:02:28:49 -0500] "GET /Publicaciones/2022EE241561.pdf HTTP/1.1" 404 228
44.196.56.183 - - [16/May/2023:02:28:49 -0500] "GET /Publicaciones/2022EE241649.pdf HTTP/1.1" 404 228
44.196.56.183 - - [16/May/2023:02:28:49 -0500] "GET /Publicaciones/2022EE241944.pdf HTTP/1.1" 404 228
44.196.56.183 - - [16/May/2023:02:28:49 -0500] "GET /Publicaciones/2022EE242141.pdf HTTP/1.1" 404 228
44.196.56.183 - - [16/May/2023:02:28:49 -0500] "GET /Publicaciones/2022EE242153.pdf HTTP/1.1" 404 228
44.196.56.183 - - [16/May/2023:02:28:49 -0500] "GET /Publicaciones/2022EE242155.pdf HTTP/1.1" 404 228
44.196.56.183 - - [16/May/2023:02:28:49 -0500] "GET /Publicaciones/2022EE242433.pdf HTTP/1.1" 404 228
44.196.56.183 - - [16/May/2023:02:28:50 -0500] "GET /Publicaciones/2022EE242733.pdf HTTP/1.1" 404 228
44.196.56.183 - - [16/May/2023:02:28:50 -0500] "GET /Publicaciones/2022EE242734.pdf HTTP/1.1" 404 228
44.196.56.183 - - [16/May/2023:02:28:50 -0500] "GET /Publicaciones/2022EE242735.pdf HTTP/1.1" 404 228
44.196.56.183 - - [16/May/2023:02:28:50 -0500] "GET /Publicaciones/2022EE242737.pdf HTTP/1.1" 404 228
44.196.56.183 - - [16/May/2023:02:28:50 -0500] "GET /Publicaciones/2022EE242745.pdf HTTP/1.1" 404 228
44.196.56.183 - - [16/May/2023:02:28:50 -0500] "GET /Publicaciones/2022EE242843.pdf HTTP/1.1" 404 228
44.196.56.183 - - [16/May/2023:02:28:50 -0500] "GET /Publicaciones/2022EE242844.pdf HTTP/1.1" 404 228
44.196.56.183 - - [16/May/2023:02:28:50 -0500] "GET /Publicaciones/2022EE242845.pdf HTTP/1.1" 404 228
44.196.56.183 - - [16/May/2023:02:28:50 -0500] "GET /Publicaciones/2022EE242868.pdf HTTP/1.1" 404 228
44.196.56.183 - - [16/May/2023:02:28:50 -0500] "GET /Publicaciones/2022EE242873.pdf HTTP/1.1" 404 228
44.196.56.183 - - [16/May/2023:02:28:50 -0500] "GET /Publicaciones/2022EE243050.pdf HTTP/1.1" 404 228
44.196.56.183 - - [16/May/2023:02:28:50 -0500] "GET /Publicaciones/2022EE243052.pdf HTTP/1.1" 404 228
44.196.56.183 - - [16/May/2023:02:28:51 -0500] "GET /Publicaciones/2022EE243164.pdf HTTP/1.1" 404 228
44.196.56.183 - - [16/May/2023:02:28:51 -0500] "GET /Publicaciones/2022EE243215.pdf HTTP/1.1" 404 228
44.196.56.183 - - [16/May/2023:02:28:51 -0500] "GET /Publicaciones/2022EE243667.pdf HTTP/1.1" 404 228
44.196.56.183 - - [16/May/2023:02:28:51 -0500] "GET /Publicaciones/2022EE243780.pdf HTTP/1.1" 404 228
44.196.56.183 - - [16/May/2023:02:28:51 -0500] "GET /Publicaciones/2022EE243784.pdf HTTP/1.1" 404 228
44.196.56.183 - - [16/May/2023:02:28:51 -0500] "GET /Publicaciones/2022EE243788.pdf HTTP/1.1" 404 228
44.196.56.183 - - [16/May/2023:02:28:51 -0500] "GET /Publicaciones/2022EE244080.pdf HTTP/1.1" 404 228
44.196.56.183 - - [16/May/2023:02:28:51 -0500] "GET /Publicaciones/2022EE244081.pdf HTTP/1.1" 404 228
44.196.56.183 - - [16/May/2023:02:28:51 -0500] "GET /Publicaciones/2022EE244082.pdf HTTP/1.1" 404 228
44.196.56.183 - - [16/May/2023:02:28:51 -0500] "GET /Publicaciones/2022EE244083.pdf HTTP/1.1" 404 228
44.196.56.183 - - [16/May/2023:02:28:51 -0500] "GET /Publicaciones/2022EE244084.pdf HTTP/1.1" 404 228
44.196.56.183 - - [16/May/2023:02:28:52 -0500] "GET /Publicaciones/2022EE244085.pdf HTTP/1.1" 404 228
44.196.56.183 - - [16/May/2023:02:28:52 -0500] "GET /Publicaciones/2022EE244086.pdf HTTP/1.1" 404 228
44.196.56.183 - - [16/May/2023:02:28:52 -0500] "GET /Publicaciones/2022EE244432.pdf HTTP/1.1" 404 228
44.196.56.183 - - [16/May/2023:02:28:52 -0500] "GET /Publicaciones/2022EE244435.pdf HTTP/1.1" 404 228
44.196.56.183 - - [16/May/2023:02:28:52 -0500] "GET /Publicaciones/2022EE245268.pdf HTTP/1.1" 404 228
44.196.56.183 - - [16/May/2023:02:28:52 -0500] "GET /Publicaciones/2022EE245369.pdf HTTP/1.1" 404 228
44.196.56.183 - - [16/May/2023:02:28:52 -0500] "GET /Publicaciones/2022EE245467.pdf HTTP/1.1" 404 228
44.196.56.183 - - [16/May/2023:02:28:52 -0500] "GET /Publicaciones/2022EE245558.pdf HTTP/1.1" 404 228
44.196.56.183 - - [16/May/2023:02:28:52 -0500] "GET /Publicaciones/2022EE245679.pdf HTTP/1.1" 404 228
44.196.56.183 - - [16/May/2023:02:28:52 -0500] "GET /Publicaciones/2022EE245681.pdf HTTP/1.1" 404 228
44.196.56.183 - - [16/May/2023:02:28:52 -0500] "GET /Publicaciones/2022EE245684.pdf HTTP/1.1" 404 228
44.196.56.183 - - [16/May/2023:02:28:52 -0500] "GET /Publicaciones/2022EE245687.pdf HTTP/1.1" 404 228
44.196.56.183 - - [16/May/2023:02:28:53 -0500] "GET /Publicaciones/2022EE245739.pdf HTTP/1.1" 404 228
44.196.56.183 - - [16/May/2023:02:28:53 -0500] "GET /Publicaciones/2022EE245748.pdf HTTP/1.1" 404 228
44.196.56.183 - - [16/May/2023:02:28:53 -0500] "GET /Publicaciones/2022EE245784.pdf HTTP/1.1" 404 228
44.196.56.183 - - [16/May/2023:02:28:53 -0500] "GET /Publicaciones/2022EE245785.pdf HTTP/1.1" 404 228
44.196.56.183 - - [16/May/2023:02:28:53 -0500] "GET /Publicaciones/2022EE245793.pdf HTTP/1.1" 404 228
44.196.56.183 - - [16/May/2023:02:28:53 -0500] "GET /Publicaciones/2022EE245794.pdf HTTP/1.1" 404 228
44.196.56.183 - - [16/May/2023:02:28:53 -0500] "GET /Publicaciones/2022EE245795.pdf HTTP/1.1" 404 228
44.196.56.183 - - [16/May/2023:02:28:53 -0500] "GET /Publicaciones/2022EE245798.pdf HTTP/1.1" 404 228
44.196.56.183 - - [16/May/2023:02:28:53 -0500] "GET /Publicaciones/2022EE246098.pdf HTTP/1.1" 404 228
44.196.56.183 - - [16/May/2023:02:28:53 -0500] "GET /Publicaciones/2022EE246099.pdf HTTP/1.1" 404 228
44.196.56.183 - - [16/May/2023:02:28:53 -0500] "GET /Publicaciones/2022EE246546.pdf HTTP/1.1" 404 228
44.196.56.183 - - [16/May/2023:02:28:53 -0500] "GET /Publicaciones/2022EE246547.pdf HTTP/1.1" 404 228
44.196.56.183 - - [16/May/2023:02:28:54 -0500] "GET /Publicaciones/2022EE246550.pdf HTTP/1.1" 404 228
44.196.56.183 - - [16/May/2023:02:28:54 -0500] "GET /Publicaciones/2022EE246552.pdf HTTP/1.1" 404 228
44.196.56.183 - - [16/May/2023:02:28:54 -0500] "GET /Publicaciones/2022EE246557.pdf HTTP/1.1" 404 228
44.196.56.183 - - [16/May/2023:02:28:54 -0500] "GET /Publicaciones/2022EE246559.pdf HTTP/1.1" 404 228
44.196.56.183 - - [16/May/2023:02:28:54 -0500] "GET /Publicaciones/2022EE246563.pdf HTTP/1.1" 404 228
44.196.56.183 - - [16/May/2023:02:28:54 -0500] "GET /Publicaciones/2022EE246564.pdf HTTP/1.1" 404 228
44.196.56.183 - - [16/May/2023:02:28:54 -0500] "GET /Publicaciones/2022EE246568.pdf HTTP/1.1" 404 228
44.196.56.183 - - [16/May/2023:02:28:54 -0500] "GET /Publicaciones/2022EE246571.pdf HTTP/1.1" 404 228
201.245.192.253 - - [16/May/2023:02:28:52 -0500] "POST /kwsrmcab/Wsrmcab  HTTP/1.1" 200 43465
44.196.56.183 - - [16/May/2023:02:28:54 -0500] "GET /Publicaciones/2022EE246573.pdf HTTP/1.1" 404 228
44.196.56.183 - - [16/May/2023:02:28:54 -0500] "GET /Publicaciones/2022EE246574.pdf HTTP/1.1" 404 228
44.196.56.183 - - [16/May/2023:02:28:54 -0500] "GET /Publicaciones/2022EE246576.pdf HTTP/1.1" 404 228
44.196.56.183 - - [16/May/2023:02:28:54 -0500] "GET /Publicaciones/2022EE246580.pdf HTTP/1.1" 404 228
44.196.56.183 - - [16/May/2023:02:28:55 -0500] "GET /Publicaciones/2022EE246846.pdf HTTP/1.1" 404 228
44.196.56.183 - - [16/May/2023:02:28:55 -0500] "GET /Publicaciones/2022EE246847.pdf HTTP/1.1" 404 228
44.196.56.183 - - [16/May/2023:02:28:55 -0500] "GET /Publicaciones/2022EE246848.pdf HTTP/1.1" 404 228
44.196.56.183 - - [16/May/2023:02:28:55 -0500] "GET /Publicaciones/2022EE246850.pdf HTTP/1.1" 404 228
44.196.56.183 - - [16/May/2023:02:28:55 -0500] "GET /Publicaciones/2022EE247172.pdf HTTP/1.1" 404 228
44.196.56.183 - - [16/May/2023:02:28:55 -0500] "GET /Publicaciones/2022EE247173.pdf HTTP/1.1" 404 228
44.196.56.183 - - [16/May/2023:02:28:55 -0500] "GET /Publicaciones/2022EE247174.pdf HTTP/1.1" 404 228
44.196.56.183 - - [16/May/2023:02:28:55 -0500] "GET /Publicaciones/2022EE247223.pdf HTTP/1.1" 404 228
44.196.56.183 - - [16/May/2023:02:28:55 -0500] "GET /Publicaciones/2022EE247284.pdf HTTP/1.1" 404 228
44.196.56.183 - - [16/May/2023:02:28:55 -0500] "GET /Publicaciones/2022EE247285.pdf HTTP/1.1" 404 228
44.196.56.183 - - [16/May/2023:02:28:55 -0500] "GET /Publicaciones/2022EE247288.pdf HTTP/1.1" 404 228
44.196.56.183 - - [16/May/2023:02:28:56 -0500] "GET /Publicaciones/2022EE247787.pdf HTTP/1.1" 404 228
44.196.56.183 - - [16/May/2023:02:28:56 -0500] "GET /Publicaciones/2022EE247868.pdf HTTP/1.1" 404 228
44.196.56.183 - - [16/May/2023:02:28:56 -0500] "GET /Publicaciones/2022EE248106.pdf HTTP/1.1" 404 228
44.196.56.183 - - [16/May/2023:02:28:56 -0500] "GET /Publicaciones/2022EE248179.pdf HTTP/1.1" 404 228
44.196.56.183 - - [16/May/2023:02:28:56 -0500] "GET /Publicaciones/2022EE248449.pdf HTTP/1.1" 404 228
44.196.56.183 - - [16/May/2023:02:28:56 -0500] "GET /Publicaciones/2022EE248627.pdf HTTP/1.1" 404 228
