201.245.192.253 - - [17/May/2023:10:49:49 -0500] "GET /BLA/resoluciones/AUTOS%202018/0044.pdf HTTP/1.1" 200 278939
186.102.24.61 - - [17/May/2023:10:49:53 -0500] "GET /kwssiamovil/sm/acme/a?s=U2FsdGVkX1+a/+yDj2Y/MaKrn9YefVomb0HRnEMtvIrx18HkIARFy+Q08TyyapTpK4Uq8pe57mLjzJ2Ktsid2mBjrV11yeDIQIiVXd8zbzl0IwGx7y8zBC8v8F67VojbWoWsNaiDb0Rc4tFDuTIIFbES4AHzqO+zOZDPCbdVOkv+VPHadd26LRQAFEg1PigAyZSSlDA8Qht/vs63+IterbTl+jNjx3HY2mzajnPmeSoYsmP/wNr6mWCuvHqhVfZid8rr9/kieIZx0ts9Y2ehhw==&u=U2FsdGVkX1+QbR28cnHZ2aOClOBls9Ul16mwxDEkqV8=&y=U2FsdGVkX1/1ZCz+5bwG0Rs/VD5E0VpNzDxGvGZGHY0= HTTP/1.1" 200 26
192.168.171.117 - - [17/May/2023:10:49:53 -0500] "GET /BLA/boletinlegal/consulta_actos.php?tipo=resoluciones&no=0885&usuario=&sector=PEV&fecha=2017&resuelve= HTTP/1.1" 200 626
186.102.24.61 - - [17/May/2023:10:49:54 -0500] "GET /kwssiamovil/sm/acme/a?s=U2FsdGVkX1/5ypRZzV0ZhRdC/YRqnOQ1aNz2WFHQefkkBMv7uOK5okzPkAfmfxyACSeDAUE0qItdY0wvuSY3fvZ0VI4SWoZN4wNKi0pRpK6K/Re1wkwV1gSWchC19JzUIrnFIvyfB9sRRkhuMAgSJDrefpmZzonfC6avB4nBk3k/MiKQkV/1ONqRomwQIBQGr8SXNIpopZO6bCJ7MZwZqV+YAkPlfq2Xadd9NnwXILdgBRk7yq5/b3qXLfq//srBtx3RxNBCjebHCQpmLhwkmBH4+wojwg9u5KhaYTR2HMLeNbj/vhq7+GbYWqVhmOm628+d8Psk6ak+Em1JamoythDTCI6fWNeGgdX2CI6fx9ydIEFHkiQnV6LXDGQ6jZvyWT8UT01YL7MWf93GkrzKIZ8iN4ZC/N2fhE3gRlODjLhynaF+xLxTzW5Q0XhM4400IH57miam0W5ldiq5C3Naz06woKqE8TzSaPRaWm4N1p0rnyxbgcUdi3Ia5ESUjNkpQXEHTXwo3oKqdPplDopkbR6dU646EiHvb/Z1QkPkquQcFKKCZ3acW7hIUouHRf3j9i4R0FvFQr0kFHMLxCYjAPGaGNxwX6nJe+sYRzLlsv6Q8PxdBnj8wXkj9RWk8wKvwSul8+4MPCSuBpOq+OfTDt2Pq7G81BaRfnxqRVZYfxD4CWxnzWUILPTSaLhG+3U4jJD/dUPgFyXU+1oPCzvElcmE7Bgp0Cc35EdwfnlCEhqTidEpWbbEpnwKEvQXTxa1ENBh5TLGtAmZVqMI2GV+bqSNlsWqOovZFaC/99Jsqsa53S3XlMYx31/KyB1yWtJ1UDdcSKg8CZjz0ttAj608E9wE4VATnughX4kah5tZ60A1nKwZ7PKGBja5jp3msp13GY06LVI0jLTOtRyd89BO6R45P1+wZnfhEXD8qgMfZn5YsZjnhE9g+qR1izr3ue+wyopp3ONzCzYWKRyjFu7ElrZu2xcktl6VzcmbhKb3URhkMPnbXkVqRyLOqYJUJQmqv6PcTXYsKnd44pHBaPQxTOTIhzHPAdL4sxpi3SvU85cZBxaC1hGrnsNCUKPuzdC04L5aQgf3xM1S9SxVU15nnAHiku4fpafSc5F1ZWYCjXBMeMRezHZOIpcK4yaLJXVRwFI7tYjFCL7ozt+BDSPEJceGD+Ns61tWYpKquSa/brTTI24Jd7x8N9ZkNOjFjLGUw8kKbv8UKNua37BYP+JdRxwLfFDcKdPlAL6CnGee+6N8wJUCCaPahfgKbONa6cibSHsY4ZvL/Tf0Qb8SpfsujvhDkderwAx7vHqx24rwrC47kU1spjS7jkSap8+TH8VaxHvx5xBTX9BZ4b6qYVXLPKTmQeY3mB/UIQfEcLDEmUESGz2C6xr24xzZUxuPBJIDTSahDDgK1rB2uKwWAKUTom0Bzwnlkw2x8GlukvG9wxVDebrj/HOZYPhkSeRkvrL8zPzWBtPtqNaghNMLgmslcXoOa104YW1lw1LB8CQboZb0ZgzxztcQvJVKdqlfWW4JYQV/Bz18jU/oH1+SlGhwdrelWNWbWeTZDiZjGflWz/q8Oz9lScVHaN7DfPrDTwhyJvBOiX+O11csxjjiPJSw7o3Mk0B4kijw4jZTjyzO278GDVdXL5hNNFhHmmLFjvjH++ieYUHheGM/EBqigIOoBKRWA/udzfx4dcai42h4MuVpW1i+1zMJAqrmGswq+N0Jwma1XiPlT5onV7htcBV6m6IwfEXlg5BFCZ377O+Zy+FJlmtG80gemYx3xNmUI9DR+mWdlPb0h071i/O+8r7fBUeA0duJLQops7SawPCMxNGCDAJXJYpfAve1YBi2ucFLVJxjkm0usWLWIpHif98b6UWnmeYTBFc9CHv7w7vwNuPw8FgYVOkfvQt+XUVssyFl4pOKIEsykmgIfNTzVqrS+NEIyPqbJ+45mBdFibP4Vd86M8LKnSKBoPlQCEYCMgbbYODXI6k3Ft1gBrXaeFRKUgme90KlkUlrKUrILLxacGTHVBNcjI4uzLgQmsQ2Qdqiouz9+1TJktmAs5W8JkNVmjAckrlMseeeJTakxbOIlePTFmJmBG1dTzqRPIvP1uEodfX5n1G6w06QfMGrR3PNt52OHd9wItDq/RhHL/lz6p0=&u=U2FsdGVkX1+QbR28cnHZ2aOClOBls9Ul16mwxDEkqV8=&y=U2FsdGVkX1/1ZCz+5bwG0Rs/VD5E0VpNzDxGvGZGHY0= HTTP/1.1" 200 26
186.102.24.61 - - [17/May/2023:10:49:54 -0500] "GET /kwssiamovil/sm/acme/a?s=U2FsdGVkX1/Si1fraYP39ejzkrHB14/mu3uqehBFmKdpO19nj6Rw22NyNtMPHpWcz8Nvti7lZvPCqPrvMNrNZdCoX3qcWlJw/EcT2tRuzBCSlNoF+a3x89tOC4gwuji7rfltVibs4bosa6AC7/5zIHZea4CqiH7Ra+E1QPOjFtw=&u=U2FsdGVkX1+QbR28cnHZ2aOClOBls9Ul16mwxDEkqV8=&y=U2FsdGVkX1/1ZCz+5bwG0Rs/VD5E0VpNzDxGvGZGHY0= HTTP/1.1" 200 26
186.102.24.61 - - [17/May/2023:10:49:55 -0500] "GET /kwssiamovil/sm/acme/a?s=U2FsdGVkX1/XJCHQuzjASmcwEwjRsevQzl9FU9Gx+HTw44+hxeMw1Xo55ghUGTXX9QrpZwjj21cDHba7pVjuAjGXtE5j6N0ax6McLuh1AExt7wuLoTTcH6KNMn+vGDvSYaMLKK5eMWzs1w+CyVlvfl3YwV4NwqJZLK+wo6xHdoE=&u=U2FsdGVkX1+QbR28cnHZ2aOClOBls9Ul16mwxDEkqV8=&y=U2FsdGVkX1/1ZCz+5bwG0Rs/VD5E0VpNzDxGvGZGHY0= HTTP/1.1" 200 26
186.102.24.61 - - [17/May/2023:10:49:56 -0500] "GET /kwssiamovil/sm/acme/a?s=U2FsdGVkX19voNYc1PWsNBxuebKdNmH3OMGktLaBS1vGbWfFua6zxNRo9GJ/i/OMRaerSnGACqiRyUhkMXhoAkmb6Nf6Zlt3xCFGymsfB8rmQX4ZLJfx2SkAPkBWswOyv0mav/Adug6+IMzZ6HH/nZRzbhuvae7HgY/whAxKSAI=&u=U2FsdGVkX1+QbR28cnHZ2aOClOBls9Ul16mwxDEkqV8=&y=U2FsdGVkX1/1ZCz+5bwG0Rs/VD5E0VpNzDxGvGZGHY0= HTTP/1.1" 200 26
192.168.171.117 - - [17/May/2023:10:49:56 -0500] "GET /BLA/boletinlegal/consulta_actos.php?tipo=resoluciones&no=0885&usuario=&sector=PEV&fecha=2017&resuelve= HTTP/1.1" 200 626
186.102.24.61 - - [17/May/2023:10:49:56 -0500] "GET /kwssiamovil/sm/acme/a?s=U2FsdGVkX19Gy3ydKBfGaiTUH72NjdrB3fRB5cHQ9gpuAEpRnqoQs8z5LhS1cZNB9jp39sBpSkrPGjqKjAPVfAHqCbWubt8xkyVHrSsrTsvifeEdxqPzWmuGUu6gryVb2GptRar4rn0rr4eNH/gwPoD12FmBwVwEYrrWi1k5ungEQnovmV07Iye86iUcaRjl&u=U2FsdGVkX1+QbR28cnHZ2aOClOBls9Ul16mwxDEkqV8=&y=U2FsdGVkX1/1ZCz+5bwG0Rs/VD5E0VpNzDxGvGZGHY0= HTTP/1.1" 200 26
181.237.162.196 - - [17/May/2023:10:49:59 -0500] "GET /sipse/faces/javax.faces.resource/images/ui-icons_898989_256x240.png?ln=primefaces-aristo HTTP/1.1" 304 -
172.22.2.4 - - [17/May/2023:10:50:01 -0500] "GET /BLA/boletinlegal/styles2.css HTTP/1.1" 200 1838
172.22.2.4 - - [17/May/2023:10:50:01 -0500] "GET /BLA/boletinlegal/actos.php HTTP/1.1" 200 9682
172.22.2.4 - - [17/May/2023:10:50:01 -0500] "GET /BLA/boletinlegal/niceforms-default.css HTTP/1.1" 200 6694
172.22.2.4 - - [17/May/2023:10:50:01 -0500] "GET /BLA/boletinlegal/style.css HTTP/1.1" 200 9406
172.22.2.4 - - [17/May/2023:10:50:01 -0500] "GET /BLA/boletinlegal/js/ajax_actos.js HTTP/1.1" 200 1322
172.22.2.4 - - [17/May/2023:10:50:01 -0500] "GET /BLA/boletinlegal/niceforms.js HTTP/1.1" 200 22876
172.22.2.4 - - [17/May/2023:10:50:01 -0500] "GET /BLA/boletinlegal/js/lib.js HTTP/1.1" 200 6474
172.22.2.4 - - [17/May/2023:10:50:01 -0500] "GET /BLA/boletinlegal/js/popup.js HTTP/1.1" 200 1270
172.22.2.4 - - [17/May/2023:10:50:01 -0500] "GET /BLA/boletinlegal/js/jquery1.js HTTP/1.1" 200 29846
172.22.2.4 - - [17/May/2023:10:50:01 -0500] "GET /BLA/boletinlegal/images/cabezote%20BLEGAL.jpg HTTP/1.1" 200 118164
172.22.2.4 - - [17/May/2023:10:50:01 -0500] "GET /BLA/boletinlegal/images/subscribe-icon-big.png HTTP/1.1" 200 47702
172.22.2.4 - - [17/May/2023:10:50:01 -0500] "GET /BLA/boletinlegal/images/registro-usuarios.png HTTP/1.1" 200 8106
172.22.2.4 - - [17/May/2023:10:50:01 -0500] "GET /BLA/boletinlegal/images/green-yellow-blue-pink-th.png HTTP/1.1" 200 7394
172.22.2.4 - - [17/May/2023:10:50:02 -0500] "GET /BLA/boletinlegal/images/historia.png HTTP/1.1" 200 52775
172.22.2.4 - - [17/May/2023:10:50:02 -0500] "GET /BLA/boletinlegal/images/body_bg.jpg HTTP/1.1" 200 1601
172.22.2.4 - - [17/May/2023:10:50:02 -0500] "GET /BLA/boletinlegal/images/menu_lft.gif HTTP/1.1" 200 1713
172.22.2.4 - - [17/May/2023:10:50:02 -0500] "GET /BLA/boletinlegal/images/footer_bg.jpg HTTP/1.1" 200 586
172.22.2.4 - - [17/May/2023:10:50:02 -0500] "GET /BLA/boletinlegal/images/menu_rght.gif HTTP/1.1" 200 1627
172.22.2.4 - - [17/May/2023:10:50:02 -0500] "GET /BLA/boletinlegal/images/bg_top.jpg HTTP/1.1" 200 522
172.22.2.4 - - [17/May/2023:10:50:02 -0500] "GET /BLA/boletinlegal/images/menu_bg.jpg HTTP/1.1" 200 620
172.22.2.4 - - [17/May/2023:10:50:02 -0500] "GET /BLA/boletinlegal/images/text.jpg HTTP/1.1" 200 568
172.22.2.4 - - [17/May/2023:10:50:02 -0500] "GET /BLA/boletinlegal/images/hover.jpg HTTP/1.1" 200 640
172.22.2.4 - - [17/May/2023:10:50:02 -0500] "GET /BLA/boletinlegal/images/footer_bg_l.jpg HTTP/1.1" 200 776
172.22.2.4 - - [17/May/2023:10:50:02 -0500] "GET /BLA/boletinlegal/images/icono-email.png HTTP/1.1" 200 5544
172.22.2.4 - - [17/May/2023:10:50:02 -0500] "GET /BLA/boletinlegal/images/tel.png HTTP/1.1" 200 14477
172.22.2.4 - - [17/May/2023:10:50:02 -0500] "GET /BLA/boletinlegal/img/select-right.png HTTP/1.1" 200 44019
172.22.2.4 - - [17/May/2023:10:50:02 -0500] "GET /BLA/boletinlegal/img/select-left.png HTTP/1.1" 200 263
172.22.2.4 - - [17/May/2023:10:50:02 -0500] "GET /BLA/boletinlegal/img/0.png HTTP/1.1" 200 110
172.22.2.4 - - [17/May/2023:10:50:02 -0500] "GET /BLA/boletinlegal/img/button.png HTTP/1.1" 200 43241
172.22.2.4 - - [17/May/2023:10:50:02 -0500] "GET /BLA/boletinlegal/img/button-left.png HTTP/1.1" 200 57071
172.22.2.4 - - [17/May/2023:10:50:02 -0500] "GET /BLA/boletinlegal/img/button-right.png HTTP/1.1" 200 57878
172.22.2.4 - - [17/May/2023:10:50:02 -0500] "GET /BLA/boletinlegal/favicon.ico HTTP/1.1" 404 1326
172.22.2.4 - - [17/May/2023:10:50:06 -0500] "GET /BLA/boletinlegal/consulta_actos.php?tipo=autos&no=0045&usuario=&sector=&fecha=2018&resuelve= HTTP/1.1" 200 1042
181.237.162.196 - - [17/May/2023:10:50:05 -0500] "POST /sipse/faces/presentacion/financiero/solicitudProceso/consultarSolicitudProceso.xhtml HTTP/1.1" 200 19994
181.237.162.196 - - [17/May/2023:10:50:06 -0500] "GET /sipse/faces/javax.faces.resource/theme.css?ln=primefaces-sipse HTTP/1.1" 304 -
181.237.162.196 - - [17/May/2023:10:50:06 -0500] "GET /sipse/faces/javax.faces.resource/primefaces.css?ln=primefaces&v=4.0 HTTP/1.1" 304 -
181.237.162.196 - - [17/May/2023:10:50:06 -0500] "GET /sipse/faces/javax.faces.resource/layout/layout.css?ln=primefaces&v=4.0 HTTP/1.1" 304 -
181.237.162.196 - - [17/May/2023:10:50:06 -0500] "GET /sipse/faces/javax.faces.resource/jquery/jquery.js?ln=primefaces&v=4.0 HTTP/1.1" 304 -
181.237.162.196 - - [17/May/2023:10:50:06 -0500] "GET /sipse/faces/javax.faces.resource/fileupload/fileupload.css?ln=primefaces&v=4.0 HTTP/1.1" 304 -
181.237.162.196 - - [17/May/2023:10:50:06 -0500] "GET /sipse/faces/javax.faces.resource/jquery/jquery-plugins.js?ln=primefaces&v=4.0 HTTP/1.1" 304 -
181.237.162.196 - - [17/May/2023:10:50:06 -0500] "GET /sipse/faces/javax.faces.resource/primefaces.js?ln=primefaces&v=4.0 HTTP/1.1" 304 -
181.237.162.196 - - [17/May/2023:10:50:06 -0500] "GET /sipse/faces/javax.faces.resource/fileupload/fileupload.js?ln=primefaces&v=4.0 HTTP/1.1" 304 -
181.237.162.196 - - [17/May/2023:10:50:06 -0500] "GET /sipse/faces/javax.faces.resource/layout/layout.js?ln=primefaces&v=4.0 HTTP/1.1" 304 -
201.245.192.253 - - [17/May/2023:10:50:09 -0500] "GET /BLA/resoluciones/AUTOS%202018/0045.pdf HTTP/1.1" 200 278562
201.245.192.253 - - [17/May/2023:10:50:14 -0500] "POST /sipse/faces/presentacion/financiero/estudioPrevio/personalSolicitado/asociarExperienciaContratista.xhtml HTTP/1.1" 200 50851
201.245.192.253 - - [17/May/2023:10:50:14 -0500] "GET /sipse/faces/javax.faces.resource/theme.css?ln=primefaces-sipse HTTP/1.1" 304 -
201.245.192.253 - - [17/May/2023:10:50:14 -0500] "GET /sipse/faces/javax.faces.resource/primefaces.css?ln=primefaces&v=4.0 HTTP/1.1" 304 -
201.245.192.253 - - [17/May/2023:10:50:14 -0500] "GET /sipse/faces/javax.faces.resource/layout/layout.css?ln=primefaces&v=4.0 HTTP/1.1" 304 -
201.245.192.253 - - [17/May/2023:10:50:14 -0500] "GET /sipse/faces/javax.faces.resource/jquery/jquery.js?ln=primefaces&v=4.0 HTTP/1.1" 304 -
201.245.192.253 - - [17/May/2023:10:50:14 -0500] "GET /sipse/faces/javax.faces.resource/primefaces.js?ln=primefaces&v=4.0 HTTP/1.1" 304 -
201.245.192.253 - - [17/May/2023:10:50:14 -0500] "GET /sipse/faces/javax.faces.resource/jquery/jquery-plugins.js?ln=primefaces&v=4.0 HTTP/1.1" 304 -
201.245.192.253 - - [17/May/2023:10:50:14 -0500] "GET /sipse/faces/javax.faces.resource/layout/layout.js?ln=primefaces&v=4.0 HTTP/1.1" 304 -
201.245.192.253 - - [17/May/2023:10:50:14 -0500] "GET /sipse/faces/javax.faces.resource/images/ui-icons_898989_256x240.png?ln=primefaces-aristo HTTP/1.1" 304 -
192.168.171.117 - - [17/May/2023:10:50:15 -0500] "GET /BLA/boletinlegal/consulta_actos.php?tipo=resoluciones&no=0885&usuario=&sector=PEV&fecha=2017&resuelve= HTTP/1.1" 200 626
181.237.162.196 - - [17/May/2023:10:50:16 -0500] "GET /sipse/faces/javax.faces.resource/theme.css?ln=primefaces-sipse HTTP/1.1" 304 -
181.237.162.196 - - [17/May/2023:10:50:16 -0500] "GET /sipse/faces/javax.faces.resource/primefaces.css?ln=primefaces&v=4.0 HTTP/1.1" 304 -
181.237.162.196 - - [17/May/2023:10:50:16 -0500] "GET /sipse/faces/javax.faces.resource/layout/layout.css?ln=primefaces&v=4.0 HTTP/1.1" 304 -
181.237.162.196 - - [17/May/2023:10:50:16 -0500] "POST /sipse/faces/presentacion/sistema/anexos/cargarAnexoSolicitudProceso.xhtml HTTP/1.1" 200 164971
181.237.162.196 - - [17/May/2023:10:50:16 -0500] "GET /sipse/faces/javax.faces.resource/jquery/jquery.js?ln=primefaces&v=4.0 HTTP/1.1" 304 -
181.237.162.196 - - [17/May/2023:10:50:16 -0500] "GET /sipse/faces/javax.faces.resource/primefaces.js?ln=primefaces&v=4.0 HTTP/1.1" 304 -
181.237.162.196 - - [17/May/2023:10:50:16 -0500] "GET /sipse/faces/javax.faces.resource/jquery/jquery-plugins.js?ln=primefaces&v=4.0 HTTP/1.1" 304 -
181.237.162.196 - - [17/May/2023:10:50:16 -0500] "GET /sipse/faces/javax.faces.resource/layout/layout.js?ln=primefaces&v=4.0 HTTP/1.1" 304 -
186.30.167.141 - - [17/May/2023:10:50:16 -0500] "POST /BLA/boletinlegal/admin/actos/ingresar.php HTTP/1.1" 200 7302
181.237.162.196 - - [17/May/2023:10:50:21 -0500] "GET /sipse/faces/javax.faces.resource/images/ui-icons_898989_256x240.png?ln=primefaces-aristo HTTP/1.1" 304 -
181.237.162.196 - - [17/May/2023:10:50:22 -0500] "GET /sipse/faces/javax.faces.resource/theme.css?ln=primefaces-sipse HTTP/1.1" 304 -
181.237.162.196 - - [17/May/2023:10:50:22 -0500] "GET /sipse/faces/javax.faces.resource/jquery/jquery.js?ln=primefaces&v=4.0 HTTP/1.1" 304 -
181.237.162.196 - - [17/May/2023:10:50:22 -0500] "GET /sipse/faces/javax.faces.resource/layout/layout.css?ln=primefaces&v=4.0 HTTP/1.1" 304 -
181.237.162.196 - - [17/May/2023:10:50:22 -0500] "GET /sipse/faces/javax.faces.resource/jquery/jquery-plugins.js?ln=primefaces&v=4.0 HTTP/1.1" 304 -
181.237.162.196 - - [17/May/2023:10:50:22 -0500] "GET /sipse/faces/javax.faces.resource/primefaces.css?ln=primefaces&v=4.0 HTTP/1.1" 304 -
181.237.162.196 - - [17/May/2023:10:50:22 -0500] "GET /sipse/faces/javax.faces.resource/primefaces.js?ln=primefaces&v=4.0 HTTP/1.1" 304 -
181.237.162.196 - - [17/May/2023:10:50:22 -0500] "GET /sipse/faces/javax.faces.resource/layout/layout.js?ln=primefaces&v=4.0 HTTP/1.1" 304 -
181.237.162.196 - - [17/May/2023:10:50:22 -0500] "POST /sipse/faces/presentacion/financiero/solicitudProceso/consultarSolicitudProceso.xhtml HTTP/1.1" 200 165643
172.22.2.4 - - [17/May/2023:10:50:24 -0500] "GET /BLA/boletinlegal/consulta_actos.php?tipo=autos&no=0046&usuario=&sector=&fecha=2018&resuelve= HTTP/1.1" 200 626
172.22.2.4 - - [17/May/2023:10:50:24 -0500] "GET /BLA/boletinlegal/consulta_actos.php?tipo=autos&no=0046&usuario=&sector=&fecha=2018&resuelve= HTTP/1.1" 200 626
172.22.2.4 - - [17/May/2023:10:50:25 -0500] "GET /BLA/boletinlegal/consulta_actos.php?tipo=autos&no=0046&usuario=&sector=&fecha=2018&resuelve= HTTP/1.1" 200 626
172.22.2.4 - - [17/May/2023:10:50:28 -0500] "GET /BLA/boletinlegal/consulta_actos.php?tipo=resoluciones&no=&usuario=&sector=&fecha=2022&resuelve= HTTP/1.1" 200 4929446
172.22.2.4 - - [17/May/2023:10:50:30 -0500] "GET /BLA/boletinlegal/images/pdf.gif HTTP/1.1" 200 567
172.22.2.4 - - [17/May/2023:10:50:30 -0500] "GET /BLA/boletinlegal/images/background.gif HTTP/1.1" 200 -
172.22.2.4 - - [17/May/2023:10:50:30 -0500] "GET /BLA/boletinlegal/consulta_actos.php?tipo=autos&no=0047&usuario=&sector=&fecha=2018&resuelve= HTTP/1.1" 200 626
181.237.162.196 - - [17/May/2023:10:50:30 -0500] "GET /sipse/faces/javax.faces.resource/images/ui-bg_flat_0_2d5972_40x100.png?ln=primefaces-aristo HTTP/1.1" 304 -
172.22.2.4 - - [17/May/2023:10:50:31 -0500] "GET /BLA/boletinlegal/consulta_actos.php?tipo=autos&no=0047&usuario=&sector=&fecha=2018&resuelve= HTTP/1.1" 200 626
172.22.2.4 - - [17/May/2023:10:50:31 -0500] "GET /BLA/boletinlegal/consulta_actos.php?tipo=autos&no=0047&usuario=&sector=&fecha=2018&resuelve= HTTP/1.1" 200 626
181.237.162.196 - - [17/May/2023:10:50:30 -0500] "POST /sipse/faces/presentacion/financiero/solicitudProceso/consultarSolicitudProceso.xhtml HTTP/1.1" 200 41757
181.237.162.196 - - [17/May/2023:10:50:32 -0500] "GET /sipse/faces/javax.faces.resource/theme.css?ln=primefaces-sipse HTTP/1.1" 304 -
181.237.162.196 - - [17/May/2023:10:50:32 -0500] "GET /sipse/faces/javax.faces.resource/primefaces.css?ln=primefaces&v=4.0 HTTP/1.1" 304 -
181.237.162.196 - - [17/May/2023:10:50:32 -0500] "GET /sipse/faces/javax.faces.resource/layout/layout.css?ln=primefaces&v=4.0 HTTP/1.1" 304 -
181.237.162.196 - - [17/May/2023:10:50:32 -0500] "GET /sipse/faces/javax.faces.resource/jquery/jquery.js?ln=primefaces&v=4.0 HTTP/1.1" 304 -
181.237.162.196 - - [17/May/2023:10:50:32 -0500] "GET /sipse/faces/javax.faces.resource/jquery/jquery-plugins.js?ln=primefaces&v=4.0 HTTP/1.1" 304 -
181.237.162.196 - - [17/May/2023:10:50:32 -0500] "GET /sipse/faces/javax.faces.resource/primefaces.js?ln=primefaces&v=4.0 HTTP/1.1" 304 -
181.237.162.196 - - [17/May/2023:10:50:32 -0500] "GET /sipse/faces/javax.faces.resource/layout/layout.js?ln=primefaces&v=4.0 HTTP/1.1" 304 -
216.245.221.92 - - [17/May/2023:10:50:33 -0500] "HEAD / HTTP/1.1" 200 -
181.237.162.196 - - [17/May/2023:10:50:33 -0500] "POST /sipse/faces/presentacion/financiero/solicitudProceso/listarSolicitudProceso.xhtml HTTP/1.1" 200 1440
181.237.162.196 - - [17/May/2023:10:50:33 -0500] "GET /sipse/faces/javax.faces.resource/messages/messages.png?ln=primefaces&v=4.0 HTTP/1.1" 304 -
181.237.162.196 - - [17/May/2023:10:50:34 -0500] "POST /sipse/faces/presentacion/financiero/solicitudProceso/listarSolicitudProceso.xhtml HTTP/1.1" 200 7754
181.237.162.196 - - [17/May/2023:10:50:34 -0500] "POST /sipse/faces/presentacion/financiero/solicitudProceso/listarSolicitudProceso.xhtml HTTP/1.1" 200 19471
172.22.2.4 - - [17/May/2023:10:50:37 -0500] "GET /BLA/boletinlegal/consulta_actos.php?tipo=autos&no=0048&usuario=&sector=&fecha=2018&resuelve= HTTP/1.1" 200 626
172.22.2.4 - - [17/May/2023:10:50:38 -0500] "GET /BLA/boletinlegal/consulta_actos.php?tipo=autos&no=0048&usuario=&sector=&fecha=2018&resuelve= HTTP/1.1" 200 626
192.168.171.117 - - [17/May/2023:10:50:39 -0500] "GET /BLA/boletinlegal/actos.php HTTP/1.1" 200 9682
172.22.2.4 - - [17/May/2023:10:50:44 -0500] "GET /BLA/boletinlegal/consulta_actos.php?tipo=autos&no=0049&usuario=&sector=&fecha=2018&resuelve= HTTP/1.1" 200 626
172.22.2.4 - - [17/May/2023:10:50:51 -0500] "GET /BLA/boletinlegal/consulta_actos.php?tipo=autos&no=0050&usuario=&sector=&fecha=2018&resuelve= HTTP/1.1" 200 626
172.22.2.4 - - [17/May/2023:10:50:52 -0500] "GET /BLA/boletinlegal/consulta_actos.php?tipo=autos&no=0050&usuario=&sector=&fecha=2018&resuelve= HTTP/1.1" 200 626
172.22.2.4 - - [17/May/2023:10:50:52 -0500] "GET /BLA/boletinlegal/consulta_actos.php?tipo=autos&no=0050&usuario=&sector=&fecha=2018&resuelve= HTTP/1.1" 200 626
192.168.172.73 - - [17/May/2023:10:50:55 -0500] "POST /BLA/boletinlegal/admin/actos/ingresar.php HTTP/1.1" 200 7302
192.168.171.117 - - [17/May/2023:10:50:57 -0500] "GET /BLA/boletinlegal/consulta_actos.php?tipo=resoluciones&no=0885&usuario=&sector=&fecha=2017&resuelve= HTTP/1.1" 200 626
172.22.2.4 - - [17/May/2023:10:50:57 -0500] "GET /BLA/boletinlegal/consulta_actos.php?tipo=autos&no=0051&usuario=&sector=&fecha=2018&resuelve= HTTP/1.1" 200 626
192.168.171.117 - - [17/May/2023:10:50:36 -0500] "GET /BLA/boletinlegal/index.php HTTP/1.1" 200 16331
192.168.172.73 - - [17/May/2023:10:50:58 -0500] "GET /BLA/boletinlegal/consulta_actos.php?tipo=resoluciones&no=0306&usuario=&sector=&fecha=2023&resuelve= HTTP/1.1" 200 1115
172.22.2.4 - - [17/May/2023:10:50:58 -0500] "GET /BLA/boletinlegal/consulta_actos.php?tipo=autos&no=0051&usuario=&sector=&fecha=2018&resuelve= HTTP/1.1" 200 626
201.245.192.253 - - [17/May/2023:10:50:58 -0500] "POST /forms/lservlet;jsessionid=ac16012b30d69e0d27efa6ef4e1ebb5bb325a9e61627.e3iSbxaKaheRe34MchqTb30Ta3z0n6jAmljGr5XDqQLvpAe HTTP/1.1" 200 2
172.22.2.4 - - [17/May/2023:10:49:22 -0500] "HEAD /BLA/boletinlegal/ HTTP/1.1" 200 -
172.22.2.4 - - [17/May/2023:10:51:03 -0500] "GET /BLA/boletinlegal/consulta_actos.php?tipo=autos&no=0052&usuario=&sector=&fecha=2018&resuelve= HTTP/1.1" 200 626
172.22.2.4 - - [17/May/2023:10:51:04 -0500] "GET /BLA/boletinlegal/consulta_actos.php?tipo=autos&no=0052&usuario=&sector=&fecha=2018&resuelve= HTTP/1.1" 200 626
172.22.2.4 - - [17/May/2023:10:51:04 -0500] "GET /BLA/boletinlegal/consulta_actos.php?tipo=autos&no=0052&usuario=&sector=&fecha=2018&resuelve= HTTP/1.1" 200 626
192.168.171.117 - - [17/May/2023:10:51:06 -0500] "GET /BLA/boletinlegal/actos.php HTTP/1.1" 200 9682
172.22.2.4 - - [17/May/2023:10:51:09 -0500] "GET /BLA/boletinlegal/consulta_actos.php?tipo=autos&no=0054&usuario=&sector=&fecha=2018&resuelve= HTTP/1.1" 200 1052
201.245.192.253 - - [17/May/2023:10:51:12 -0500] "GET /BLA/resoluciones/AUTOS%202018/0054.pdf HTTP/1.1" 200 322421
172.22.2.4 - - [17/May/2023:10:51:25 -0500] "GET /BLA/boletinlegal/consulta_actos.php?tipo=autos&no=0056&usuario=&sector=&fecha=2018&resuelve= HTTP/1.1" 200 626
186.30.167.141 - - [17/May/2023:10:51:27 -0500] "POST /BLA/boletinlegal/admin/actos/ingresar.php HTTP/1.1" 200 7302
159.69.179.16 - - [17/May/2023:10:51:31 -0500] "GET / HTTP/1.1" 200 319
172.22.2.4 - - [17/May/2023:10:51:31 -0500] "GET /BLA/boletinlegal/consulta_actos.php?tipo=autos&no=0057&usuario=&sector=&fecha=2018&resuelve= HTTP/1.1" 200 1057
201.245.192.253 - - [17/May/2023:10:51:29 -0500] "POST /kwsrmcab/Wsrmcab  HTTP/1.1" 200 43465
201.245.192.253 - - [17/May/2023:10:51:34 -0500] "GET /BLA/resoluciones/AUTOS%202018/0057.pdf HTTP/1.1" 200 325758
192.168.171.117 - - [17/May/2023:10:51:35 -0500] "GET /BLA/boletinlegal/consulta_actos.php?tipo=resoluciones&no=&usuario=&sector=&fecha=2017&resuelve= HTTP/1.1" 200 1020879
192.168.171.117 - - [17/May/2023:10:51:36 -0500] "GET /BLA/boletinlegal/images/background.gif HTTP/1.1" 200 -
201.245.192.253 - - [17/May/2023:10:51:37 -0500] "GET /sipse/faces/index.xhtml HTTP/1.1" 200 677
201.245.192.253 - - [17/May/2023:10:51:37 -0500] "GET /sipse/faces/javax.faces.resource/theme.css?ln=primefaces-sipse HTTP/1.1" 304 -
201.245.192.253 - - [17/May/2023:10:51:37 -0500] "GET /sipse/faces/faces/autenticacion.xhtml HTTP/1.1" 200 12181
201.245.192.253 - - [17/May/2023:10:51:37 -0500] "GET /sipse/faces/javax.faces.resource/theme.css?ln=primefaces-sipse HTTP/1.1" 304 -
201.245.192.253 - - [17/May/2023:10:51:37 -0500] "GET /sipse/faces/javax.faces.resource/primefaces.css?ln=primefaces&v=4.0 HTTP/1.1" 304 -
201.245.192.253 - - [17/May/2023:10:51:37 -0500] "GET /sipse/faces/javax.faces.resource/layout/layout.css?ln=primefaces&v=4.0 HTTP/1.1" 304 -
201.245.192.253 - - [17/May/2023:10:51:38 -0500] "GET /sipse/faces/javax.faces.resource/jquery/jquery.js?ln=primefaces&v=4.0 HTTP/1.1" 304 -
201.245.192.253 - - [17/May/2023:10:51:38 -0500] "GET /sipse/faces/javax.faces.resource/jquery/jquery-plugins.js?ln=primefaces&v=4.0 HTTP/1.1" 304 -
201.245.192.253 - - [17/May/2023:10:51:38 -0500] "GET /sipse/faces/javax.faces.resource/primefaces.js?ln=primefaces&v=4.0 HTTP/1.1" 304 -
201.245.192.253 - - [17/May/2023:10:51:38 -0500] "GET /sipse/faces/javax.faces.resource/layout/layout.js?ln=primefaces&v=4.0 HTTP/1.1" 304 -
201.245.192.253 - - [17/May/2023:10:51:38 -0500] "GET /sipse/faces/javax.faces.resource/images/ui-icons_898989_256x240.png?ln=primefaces-aristo HTTP/1.1" 304 -
201.245.192.253 - - [17/May/2023:10:51:40 -0500] "POST /sipse/faces/autenticacion.xhtml HTTP/1.1" 200 16197
201.245.192.253 - - [17/May/2023:10:51:40 -0500] "GET /sipse/faces/javax.faces.resource/theme.css?ln=primefaces-sipse HTTP/1.1" 304 -
201.245.192.253 - - [17/May/2023:10:51:40 -0500] "GET /sipse/faces/javax.faces.resource/layout/layout.css?ln=primefaces&v=4.0 HTTP/1.1" 304 -
201.245.192.253 - - [17/May/2023:10:51:40 -0500] "GET /sipse/faces/javax.faces.resource/primefaces.css?ln=primefaces&v=4.0 HTTP/1.1" 304 -
201.245.192.253 - - [17/May/2023:10:51:40 -0500] "GET /sipse/faces/javax.faces.resource/jquery/jquery.js?ln=primefaces&v=4.0 HTTP/1.1" 304 -
201.245.192.253 - - [17/May/2023:10:51:40 -0500] "GET /sipse/faces/javax.faces.resource/jquery/jquery-plugins.js?ln=primefaces&v=4.0 HTTP/1.1" 304 -
201.245.192.253 - - [17/May/2023:10:51:40 -0500] "GET /sipse/faces/javax.faces.resource/primefaces.js?ln=primefaces&v=4.0 HTTP/1.1" 304 -
201.245.192.253 - - [17/May/2023:10:51:40 -0500] "GET /sipse/faces/javax.faces.resource/layout/layout.js?ln=primefaces&v=4.0 HTTP/1.1" 304 -
201.245.192.253 - - [17/May/2023:10:51:40 -0500] "GET /sipse/css/imagen/contrasena.png HTTP/1.1" 404 383
201.245.192.253 - - [17/May/2023:10:51:41 -0500] "GET /sipse/faces/javax.faces.resource/messages/messages.png?ln=primefaces&v=4.0 HTTP/1.1" 304 -
201.245.192.253 - - [17/May/2023:10:51:42 -0500] "GET /sipse/faces/javax.faces.resource/images/ui-bg_flat_0_2d5972_40x100.png?ln=primefaces-aristo HTTP/1.1" 304 -
201.245.192.253 - - [17/May/2023:10:51:42 -0500] "POST /sipse/faces/bienvenido.xhtml HTTP/1.1" 200 1471
201.245.192.253 - - [17/May/2023:10:51:43 -0500] "POST /sipse/faces/bienvenido.xhtml HTTP/1.1" 200 59873
201.245.192.253 - - [17/May/2023:10:51:43 -0500] "GET /sipse/faces/javax.faces.resource/primefaces.css?ln=primefaces&v=4.0 HTTP/1.1" 304 -
201.245.192.253 - - [17/May/2023:10:51:43 -0500] "GET /sipse/faces/javax.faces.resource/theme.css?ln=primefaces-sipse HTTP/1.1" 304 -
201.245.192.253 - - [17/May/2023:10:51:43 -0500] "GET /sipse/faces/javax.faces.resource/layout/layout.css?ln=primefaces&v=4.0 HTTP/1.1" 304 -
201.245.192.253 - - [17/May/2023:10:51:43 -0500] "GET /sipse/faces/javax.faces.resource/jquery/jquery.js?ln=primefaces&v=4.0 HTTP/1.1" 304 -
201.245.192.253 - - [17/May/2023:10:51:43 -0500] "GET /sipse/faces/javax.faces.resource/jquery/jquery-plugins.js?ln=primefaces&v=4.0 HTTP/1.1" 304 -
201.245.192.253 - - [17/May/2023:10:51:43 -0500] "GET /sipse/faces/javax.faces.resource/primefaces.js?ln=primefaces&v=4.0 HTTP/1.1" 304 -
201.245.192.253 - - [17/May/2023:10:51:43 -0500] "GET /sipse/faces/javax.faces.resource/layout/layout.js?ln=primefaces&v=4.0 HTTP/1.1" 304 -
201.245.192.253 - - [17/May/2023:10:51:43 -0500] "POST /sipse/faces/presentacion/financiero/solicitudProceso/listarSolicitudProceso.xhtml HTTP/1.1" 200 1556
201.245.192.253 - - [17/May/2023:10:51:46 -0500] "GET /sipse/faces/javax.faces.resource/images/ui-bg_flat_0_2d5972_40x100.png?ln=primefaces-aristo HTTP/1.1" 304 -
192.168.171.117 - - [17/May/2023:10:51:46 -0500] "GET /BLA/boletinlegal/consulta_actos.php?tipo=resoluciones&no=0885&usuario=&sector=&fecha=2017&resuelve= HTTP/1.1" 200 626
201.245.192.253 - - [17/May/2023:10:51:46 -0500] "POST /sipse/faces/presentacion/financiero/estudioPrevio/personalSolicitado/expedirExperienciaIdoneidad.xhtml HTTP/1.1" 200 22811
201.245.192.253 - - [17/May/2023:10:51:46 -0500] "GET /sipse/faces/javax.faces.resource/jquery/jquery.js?ln=primefaces&v=4.0 HTTP/1.1" 304 -
201.245.192.253 - - [17/May/2023:10:51:46 -0500] "GET /sipse/faces/javax.faces.resource/jquery/jquery-plugins.js?ln=primefaces&v=4.0 HTTP/1.1" 304 -
201.245.192.253 - - [17/May/2023:10:51:46 -0500] "GET /sipse/faces/javax.faces.resource/primefaces.js?ln=primefaces&v=4.0 HTTP/1.1" 304 -
201.245.192.253 - - [17/May/2023:10:51:46 -0500] "GET /sipse/faces/javax.faces.resource/layout/layout.js?ln=primefaces&v=4.0 HTTP/1.1" 304 -
191.95.55.132 - - [17/May/2023:10:51:49 -0500] "GET /BLA/resoluciones/RESOLUCIONES%202022/2972.pdf HTTP/1.1" 200 541292
172.22.2.4 - - [17/May/2023:10:51:49 -0500] "GET /BLA/boletinlegal/consulta_actos.php?tipo=autos&no=0058&usuario=&sector=&fecha=2018&resuelve= HTTP/1.1" 200 1059
201.245.192.253 - - [17/May/2023:10:51:52 -0500] "GET /BLA/resoluciones/AUTOS%202018/0058.pdf HTTP/1.1" 200 326836
172.22.2.4 - - [17/May/2023:10:50:12 -0500] "GET /BLA/boletinlegal/ HTTP/1.1" 200 53561
191.95.55.132 - - [17/May/2023:10:51:54 -0500] "GET /BLA/resoluciones/RESOLUCIONES%202022/2972.pdf HTTP/1.1" 206 1
191.95.55.132 - - [17/May/2023:10:51:54 -0500] "GET /BLA/resoluciones/RESOLUCIONES%202022/2972.pdf HTTP/1.1" 206 502700
191.95.55.132 - - [17/May/2023:10:52:07 -0500] "GET /BLA/resoluciones/RESOLUCIONES%202022/2972.pdf HTTP/1.1" 206 1
191.95.55.132 - - [17/May/2023:10:52:07 -0500] "GET /BLA/resoluciones/RESOLUCIONES%202022/2972.pdf HTTP/1.1" 206 500251
172.22.2.4 - - [17/May/2023:10:52:09 -0500] "GET /BLA/boletinlegal/consulta_actos.php?tipo=autos&no=0070&usuario=&sector=&fecha=2018&resuelve= HTTP/1.1" 200 1072
201.245.192.253 - - [17/May/2023:10:52:12 -0500] "GET /BLA/resoluciones/AUTOS%202018/0070.pdf HTTP/1.1" 200 299710
186.30.167.141 - - [17/May/2023:10:52:28 -0500] "POST /BLA/boletinlegal/admin/actos/ingresar.php HTTP/1.1" 200 7302
172.22.2.4 - - [17/May/2023:10:52:31 -0500] "GET /BLA/boletinlegal/consulta_actos.php?tipo=autos&no=0076&usuario=&sector=&fecha=2018&resuelve= HTTP/1.1" 200 626
172.22.2.4 - - [17/May/2023:10:52:37 -0500] "GET /BLA/boletinlegal/consulta_actos.php?tipo=autos&no=0078&usuario=&sector=&fecha=2018&resuelve= HTTP/1.1" 200 626
172.22.2.4 - - [17/May/2023:10:52:38 -0500] "GET /BLA/boletinlegal/consulta_actos.php?tipo=autos&no=0078&usuario=&sector=&fecha=2018&resuelve= HTTP/1.1" 200 626
172.22.2.4 - - [17/May/2023:10:52:43 -0500] "GET /BLA/boletinlegal/consulta_actos.php?tipo=autos&no=0079&usuario=&sector=&fecha=2018&resuelve= HTTP/1.1" 200 1083
201.245.192.253 - - [17/May/2023:10:52:45 -0500] "GET /BLA/resoluciones/AUTOS%202018/0079.pdf HTTP/1.1" 200 295961
201.245.192.253 - - [17/May/2023:10:52:58 -0500] "POST /forms/lservlet;jsessionid=ac16012b30d69e0d27efa6ef4e1ebb5bb325a9e61627.e3iSbxaKaheRe34MchqTb30Ta3z0n6jAmljGr5XDqQLvpAe HTTP/1.1" 200 2
172.22.2.4 - - [17/May/2023:10:53:03 -0500] "GET /BLA/boletinlegal/consulta_actos.php?tipo=autos&no=0084&usuario=&sector=&fecha=2018&resuelve= HTTP/1.1" 200 626
172.22.2.4 - - [17/May/2023:10:53:09 -0500] "GET /BLA/boletinlegal/consulta_actos.php?tipo=autos&no=0085&usuario=&sector=&fecha=2018&resuelve= HTTP/1.1" 200 626
172.22.2.4 - - [17/May/2023:10:53:15 -0500] "GET /BLA/boletinlegal/consulta_actos.php?tipo=autos&no=0087&usuario=&sector=&fecha=2018&resuelve= HTTP/1.1" 200 626
172.22.2.4 - - [17/May/2023:10:53:16 -0500] "GET /BLA/boletinlegal/consulta_actos.php?tipo=autos&no=0087&usuario=&sector=&fecha=2018&resuelve= HTTP/1.1" 200 626
172.22.2.4 - - [17/May/2023:10:51:37 -0500] "GET /BLA/boletinlegal/ HTTP/1.1" 200 59656
172.22.2.4 - - [17/May/2023:10:53:21 -0500] "GET /BLA/boletinlegal/consulta_actos.php?tipo=autos&no=0088&usuario=&sector=&fecha=2018&resuelve= HTTP/1.1" 200 626
172.22.2.4 - - [17/May/2023:10:53:22 -0500] "GET /BLA/boletinlegal/consulta_actos.php?tipo=autos&no=0088&usuario=&sector=&fecha=2018&resuelve= HTTP/1.1" 200 626
186.30.167.141 - - [17/May/2023:10:53:27 -0500] "POST /BLA/boletinlegal/admin/actos/ingresar.php HTTP/1.1" 200 7302
172.22.2.4 - - [17/May/2023:10:53:28 -0500] "GET /BLA/boletinlegal/consulta_actos.php?tipo=autos&no=0089&usuario=&sector=&fecha=2018&resuelve= HTTP/1.1" 200 626
172.22.2.4 - - [17/May/2023:10:53:29 -0500] "GET /BLA/boletinlegal/consulta_actos.php?tipo=autos&no=0089&usuario=&sector=&fecha=2018&resuelve= HTTP/1.1" 200 626
172.22.2.4 - - [17/May/2023:10:53:35 -0500] "GET /BLA/boletinlegal/consulta_actos.php?tipo=autos&no=0090&usuario=&sector=&fecha=2018&resuelve= HTTP/1.1" 200 626
172.22.2.4 - - [17/May/2023:10:53:36 -0500] "GET /BLA/boletinlegal/consulta_actos.php?tipo=autos&no=0090&usuario=&sector=&fecha=2018&resuelve= HTTP/1.1" 200 626
201.245.192.253 - - [17/May/2023:10:53:37 -0500] "POST /sipse/faces/presentacion/financiero/estudioPrevio/personalSolicitado/asociarExperienciaContratista.xhtml HTTP/1.1" 200 53157
201.245.192.253 - - [17/May/2023:10:53:37 -0500] "GET /sipse/faces/javax.faces.resource/theme.css?ln=primefaces-sipse HTTP/1.1" 304 -
201.245.192.253 - - [17/May/2023:10:53:37 -0500] "GET /sipse/faces/javax.faces.resource/primefaces.css?ln=primefaces&v=4.0 HTTP/1.1" 304 -
201.245.192.253 - - [17/May/2023:10:53:37 -0500] "GET /sipse/faces/javax.faces.resource/jquery/jquery.js?ln=primefaces&v=4.0 HTTP/1.1" 304 -
201.245.192.253 - - [17/May/2023:10:53:37 -0500] "GET /sipse/faces/javax.faces.resource/layout/layout.css?ln=primefaces&v=4.0 HTTP/1.1" 304 -
201.245.192.253 - - [17/May/2023:10:53:37 -0500] "GET /sipse/faces/javax.faces.resource/primefaces.js?ln=primefaces&v=4.0 HTTP/1.1" 304 -
201.245.192.253 - - [17/May/2023:10:53:37 -0500] "GET /sipse/faces/javax.faces.resource/jquery/jquery-plugins.js?ln=primefaces&v=4.0 HTTP/1.1" 304 -
201.245.192.253 - - [17/May/2023:10:53:37 -0500] "GET /sipse/faces/javax.faces.resource/layout/layout.js?ln=primefaces&v=4.0 HTTP/1.1" 304 -
201.245.192.253 - - [17/May/2023:10:53:37 -0500] "GET /sipse/faces/javax.faces.resource/images/ui-icons_898989_256x240.png?ln=primefaces-aristo HTTP/1.1" 304 -
172.22.2.4 - - [17/May/2023:10:53:41 -0500] "GET /BLA/boletinlegal/consulta_actos.php?tipo=autos&no=0091&usuario=&sector=&fecha=2018&resuelve= HTTP/1.1" 200 626
172.22.2.4 - - [17/May/2023:10:53:46 -0500] "GET /BLA/boletinlegal/consulta_actos.php?tipo=autos&no=0094&usuario=&sector=&fecha=2018&resuelve= HTTP/1.1" 200 626
172.22.2.4 - - [17/May/2023:10:53:53 -0500] "GET /BLA/boletinlegal/consulta_actos.php?tipo=autos&no=0095&usuario=&sector=&fecha=2018&resuelve= HTTP/1.1" 200 626
172.22.2.4 - - [17/May/2023:10:53:54 -0500] "GET /BLA/boletinlegal/consulta_actos.php?tipo=autos&no=0095&usuario=&sector=&fecha=2018&resuelve= HTTP/1.1" 200 626
172.22.2.4 - - [17/May/2023:10:54:00 -0500] "GET /BLA/boletinlegal/consulta_actos.php?tipo=autos&no=0096&usuario=&sector=&fecha=2018&resuelve= HTTP/1.1" 200 626
186.102.16.35 - - [17/May/2023:10:54:00 -0500] "GET /kwssiamovil/sm/acme/a?s=U2FsdGVkX1+4eTULX6UgP1tKjiuyfvpVHaIEmAxnQOe/1TxbXycq9URpOFylJFHyg84u9CEDWeMinhv08j0gsOoSNoy5X5J9ACBgWpzeULP/QwUuOUprG88jxT+0ijq300/GTu1p9LurGRFxrVofA/aeOpiRCCJD+nuXDEmfXLyxQlz5gCO3HMm7ZfyUNTUwmdy8/uerwhOzU9dQym6lGb/CjzVeIdcd/QmGJKXqQuBte41hGpB+2xT+fIqgQdnX+sdfZPFdMhslR7dkxqi08w==&u=U2FsdGVkX18cDUHuchgxymGij6M9/udLB7BKUcvYc/k=&y=U2FsdGVkX19QZyhgXZk8njL8/FN5RUQ4wywaoggHIfy/Pwp1uqcD8hZI6tUe/HiR HTTP/1.1" 200 26
186.102.16.35 - - [17/May/2023:10:54:00 -0500] "GET /kwssiamovil/sm/acme/a?s=U2FsdGVkX18nv+exrtkCaxL+4gh/tGFCjVF1C/TMrVXiR/K+NQqjW+r8FvXVKDD94KAaBGNbQCmhmKF/mq+ZKK92LN6jR/p6Fdk/RHY2y4PQxkDaWeDyPXz2rnPIxMl2j3IUNYCsVSHSvO2nuDTfIMC/W6t/kT62N0T9CD7gI57Z6idjKALr66YLyZwOFC3/Ure1DkJh8p6rWlOmOcGeRtKEdw3TwxuoTI8BIDUs7JStl2vqIHVmVL/wnzYcH+Yx52DPakLhwQyfXJZwLvLiTfew65AcHp1Qiv6y9gvHg3eze3IYffMJS+DoTlk6wduBNmZggsqLEjdIYkJKpMODalFq2RrAIaOr6I94W2t3NCbPu9z+AsloZb67ANk4ykBTnmXdLKW8PyWV2ECntelV8MpcydDYeIEA+6aAaZZSQWvZKsqIiqdkBdw+rVLsMmfdETJO6pJ9H0h/FDJRkSlSpvNUdRRptHY8l0JggI0JHkdANmEMXirzzumFFJlqXUAEphUHyXBvfJhddq/Yo+xh+/E94j+qQMCYSihduMM6fKQ5GgBr+fY9Tbsaww/X3VBlzJvEhesQ9/oyKyD0wITTx8Xh10WFzsRevq9JE7/RU0SuwrkG+9P6znc7ofpy5Lv9mXXjtw3c0fpaKEzOR6eqTd+uVYJnojQGiFMWyncLdIFaQJ5OcfsiYjWYKkUhFKRWJYXMdVCBah6ii0t6Sf/ahzO+5PRXDV4IK6inIXE+2hmCxhmz5FYAnTUOz6TEw7XIyLdGlXE7cqr/H+fFGorfNjnkC6dtlq3DEKAbkzKsWz4OZD5CQWaxMF4/ufwlY0U+BNtWCUNNk+EaGs1j7giIM0ImxoQKDFznKVzC7fHjOHaih3k31QsPc+XhXHG0xrSHh8Te1uwPOFfM4ymJe3SLKIgHNBRMp3ZcuAQgHrY0qJCtkhnURHoKftu0BGb7+NQaotShtSGIPBhSVFmbZDhKjlUYuiI24AuEFzcbR8Bu7aRiUI35HVmY3iRi/SLMM6L3VVGFdpAbsWme9IEzPSfx2bdwPGtFSZcinA4ksuLWpBUOx7cQp5eRQAQV+oQ9xV+wDBjF5qztVqIbJcTweJIHcuNGf2CYoU4A4+an+4lsiL93ve3M1IbVJuw5ZVzsIjh++cxuBu521dWUKULRBONPBECJvr+gNdXX1dYpciMr51AUKaW60ycO8ret3DSg6rRgryjj5inYUycpAKy0b9TztqEIIi3Xi+Rb/pxPlqbE/hYDDv7G4Jb84RA9+dT+/VhDqfEJaCVDPC4NyZpqsw0xS77ue8GqvEejNGXsUoZFo3lz7zx5IEGWFD3Ao3715LUqrt1zNW3Ml/wZL3JFJzk5i7+NhfkOdtqm2aw4hyndf+jrEEki7FfAjgZaWs2E8eEl2Gfox/ZHz/KtSYyp4iHtrsHfYJn0rK0kcyJD5vN3dDHM4x0MJfSLUZtoima+U2ju4U436AIs/Hp/+iMI/5ZDQgLfCc0vr5HY5LL5ldcpyj4H/92WGfwyr1vzxaIU80qlxTmIoFri4BP1uVBeKWCp/NvXl2rVLSZCj2pgpYsXoO6y3+plENS0QsNia4k6+y8uaWqiMUBDsgt1KdkPo/VzeAN+GpOfuNI2stm/Pdy3Qff1iSWI5U9ipOab1iU734DCwnv1k2FIcjdzL/K7kNO9FeeN9D7U6CKfBe7YuiF0VsI7TZaA0P+6kZAFqowjiJFgN9yPQSieRtCVTLmcCvVCgAxDPJmt4IpSmsMEe21X5ErOPGpYeTG89/5iF1sSrsF/MbkY0mVGGGGPlD4nh6dzK4RGc2s6/ntIzW5c/fNZkpwq7KBJO7nMXuW0Kl4P5Nbugr+bLxaLsQfPhXkxZouF5PlQNO56i/VFJqTRnjhy2PkUBwvDEr3W3Oo6E2/X6i5A34JTv7fBR5sjKkKSksbTj6q1QUSDJGFSO3KXzu8nUs7/6uuNnWhpSKPY/P+Q+y6YmJqgpoSxe9TZPVfb+JcIu0+Wl1uQ9wR5x7gtvN4oy30riXmw7po2BGD+xhmO1UGT6YVXdOguJecxjH1qAG6jQ4D4XdkCAeg+KCb6YLJ7VIHq3WBMKKV3c52UDyV8kRs/GL93au1GeQWi3PiLVU9UvE6eGUTC/7VsywiDimZdAaF7WAdV9e4lcgoNXWuEg0yMSxWlInA03YDJ2755waU1FKk0L7cIaIuYjfPnQDSelYQ92GNap26X8gdlw0gBWK4YdcsWMFQS3PGNb7/iWv9uneoNRALEE73Y3B7wpjxcjsiXKlzDo81Qs2qfme+Xh+m+GTuR5cxqZ5ca0qSQqtEKF5yJD4ec98Rag9DzLZ3yI3WavZ4rYa6150m5aVD7fjUV3rXVwtJljv29/yqZA8zcUg==&u=U2FsdGVkX18cDUHuchgxymGij6M9/udLB7BKUcvYc/k=&y=U2FsdGVkX19QZyhgXZk8njL8/FN5RUQ4wywaoggHIfy/Pwp1uqcD8hZI6tUe/HiR HTTP/1.1" 200 26
172.22.2.4 - - [17/May/2023:10:54:00 -0500] "GET /BLA/boletinlegal/consulta_actos.php?tipo=autos&no=0096&usuario=&sector=&fecha=2018&resuelve= HTTP/1.1" 200 626
186.102.16.35 - - [17/May/2023:10:54:01 -0500] "GET /kwssiamovil/sm/acme/a?s=U2FsdGVkX19Bi1r2WGVxGwRVruGFo81I5yaxZKvoS3Hcqv+407pIo9zA85JFYJzEgkmaGRIhfjg6RdXpHLP9RgrQ2iVu1cLKtGdwcjahRQYsiGpHOLwnad2yoPx2FluSMqHgXT+AWdr5btSGgE9Sz0pTDqGadfzHzwpBDbJbaCQ=&u=U2FsdGVkX18cDUHuchgxymGij6M9/udLB7BKUcvYc/k=&y=U2FsdGVkX19QZyhgXZk8njL8/FN5RUQ4wywaoggHIfy/Pwp1uqcD8hZI6tUe/HiR HTTP/1.1" 200 26
186.102.16.35 - - [17/May/2023:10:54:01 -0500] "GET /kwssiamovil/sm/acme/a?s=U2FsdGVkX1+MLunnfN6doXyyV8HHmDwx8y+w/IuVUDjLQUQxhU8ebBjeoszkUu/MM8ibj/KEi7szAm7CSxOeC6X9edMS94+2qQiXousO3DYj6EhvxF640DI1uI7MiU9W8scTnnBbkZBLvmzDhxdLMqgYX0t92X8URG3N/5oqa1Y=&u=U2FsdGVkX18cDUHuchgxymGij6M9/udLB7BKUcvYc/k=&y=U2FsdGVkX19QZyhgXZk8njL8/FN5RUQ4wywaoggHIfy/Pwp1uqcD8hZI6tUe/HiR HTTP/1.1" 200 26
186.102.16.35 - - [17/May/2023:10:54:01 -0500] "GET /kwssiamovil/sm/acme/a?s=U2FsdGVkX1/MMv8aoNjTUDNCHprGgmx36gjk5+TCyvpBNr+rAvz7Uc/BHweGaC3eZ1dN72KASXaybYJVmhkhC4sCt7WpwDUpt96lx06h3TV4y2M3G2+W+vzbnif4Jx31OR038Egrc/ULGZi5XvBqyJQj71GxvhKhdNroqjHw7jo=&u=U2FsdGVkX18cDUHuchgxymGij6M9/udLB7BKUcvYc/k=&y=U2FsdGVkX19QZyhgXZk8njL8/FN5RUQ4wywaoggHIfy/Pwp1uqcD8hZI6tUe/HiR HTTP/1.1" 200 26
186.102.16.35 - - [17/May/2023:10:54:01 -0500] "GET /kwssiamovil/sm/acme/a?s=U2FsdGVkX18l+E/3AzWTguVt/yR5HDnTcN8Dcf7/XdWQn0rdPTCtZuedSFG9FP9WxXGb+L6Vfr6KaHCzTFz8f+1An5aVTylmhVMLxFQX7pt72JTKe/qBbLzlt/xuiFAL5a9rqLN1+wUfnV/DMCgh7edIp3JBc/O4835UlAIGVaTR20LU2zEej09SEkr0Ha+s&u=U2FsdGVkX18cDUHuchgxymGij6M9/udLB7BKUcvYc/k=&y=U2FsdGVkX19QZyhgXZk8njL8/FN5RUQ4wywaoggHIfy/Pwp1uqcD8hZI6tUe/HiR HTTP/1.1" 200 26
172.22.2.4 - - [17/May/2023:10:54:06 -0500] "GET /BLA/boletinlegal/consulta_actos.php?tipo=autos&no=0097&usuario=&sector=&fecha=2018&resuelve= HTTP/1.1" 200 626
172.22.2.4 - - [17/May/2023:10:54:07 -0500] "GET /BLA/boletinlegal/consulta_actos.php?tipo=autos&no=0097&usuario=&sector=&fecha=2018&resuelve= HTTP/1.1" 200 626
172.22.2.4 - - [17/May/2023:10:54:12 -0500] "GET /BLA/boletinlegal/consulta_actos.php?tipo=autos&no=0098&usuario=&sector=&fecha=2018&resuelve= HTTP/1.1" 200 1044
201.245.192.253 - - [17/May/2023:10:54:16 -0500] "GET /sipse/faces/javax.faces.resource/images/ui-bg_flat_0_2d5972_40x100.png?ln=primefaces-aristo HTTP/1.1" 304 -
201.245.192.253 - - [17/May/2023:10:54:16 -0500] "POST /sipse/faces/presentacion/financiero/estudioPrevio/personalSolicitado/expedirExperienciaIdoneidad.xhtml HTTP/1.1" 200 2193
201.245.192.253 - - [17/May/2023:10:54:16 -0500] "GET /sipse/faces/javax.faces.resource/messages/messages.png?ln=primefaces&v=4.0 HTTP/1.1" 304 -
201.245.192.253 - - [17/May/2023:10:54:28 -0500] "POST /sipse/faces/presentacion/financiero/estudioPrevio/personalSolicitado/expedirExperienciaIdoneidad.xhtml HTTP/1.1" 200 42518
201.245.192.253 - - [17/May/2023:10:54:29 -0500] "GET /sipse/faces/javax.faces.resource/theme.css?ln=primefaces-sipse HTTP/1.1" 304 -
201.245.192.253 - - [17/May/2023:10:54:29 -0500] "GET /sipse/faces/javax.faces.resource/primefaces.css?ln=primefaces&v=4.0 HTTP/1.1" 304 -
201.245.192.253 - - [17/May/2023:10:54:29 -0500] "GET /sipse/faces/javax.faces.resource/layout/layout.css?ln=primefaces&v=4.0 HTTP/1.1" 304 -
201.245.192.253 - - [17/May/2023:10:54:29 -0500] "GET /sipse/faces/javax.faces.resource/jquery/jquery.js?ln=primefaces&v=4.0 HTTP/1.1" 304 -
201.245.192.253 - - [17/May/2023:10:54:29 -0500] "GET /sipse/faces/javax.faces.resource/jquery/jquery-plugins.js?ln=primefaces&v=4.0 HTTP/1.1" 304 -
201.245.192.253 - - [17/May/2023:10:54:29 -0500] "GET /sipse/faces/javax.faces.resource/layout/layout.js?ln=primefaces&v=4.0 HTTP/1.1" 304 -
201.245.192.253 - - [17/May/2023:10:54:29 -0500] "GET /sipse/faces/javax.faces.resource/primefaces.js?ln=primefaces&v=4.0 HTTP/1.1" 304 -
201.245.192.253 - - [17/May/2023:10:54:29 -0500] "GET /sipse/faces/javax.faces.resource/images/ui-icons_898989_256x240.png?ln=primefaces-aristo HTTP/1.1" 304 -
186.30.167.141 - - [17/May/2023:10:54:33 -0500] "POST /BLA/boletinlegal/admin/actos/ingresar.php HTTP/1.1" 200 7302
201.245.192.253 - - [17/May/2023:10:54:34 -0500] "GET /sipse/faces/javax.faces.resource/images/ui-bg_flat_0_2d5972_40x100.png?ln=primefaces-aristo HTTP/1.1" 304 -
201.245.192.253 - - [17/May/2023:10:54:34 -0500] "POST /sipse/faces/presentacion/contratacion/contrato/adicionarSupervisor.xhtml HTTP/1.1" 200 16852
172.22.2.4 - - [17/May/2023:10:54:35 -0500] "GET /BLA/boletinlegal/consulta_actos.php?tipo=autos&no=0099&usuario=&sector=&fecha=2018&resuelve= HTTP/1.1" 200 1076
201.245.192.253 - - [17/May/2023:10:54:38 -0500] "GET /BLA/resoluciones/AUTOS%202018/0099.pdf HTTP/1.1" 200 279024
201.245.192.253 - - [17/May/2023:10:54:39 -0500] "GET /sipse/faces/javax.faces.resource/theme.css?ln=primefaces-sipse HTTP/1.1" 304 -
201.245.192.253 - - [17/May/2023:10:54:39 -0500] "GET /sipse/faces/javax.faces.resource/layout/layout.css?ln=primefaces&v=4.0 HTTP/1.1" 304 -
201.245.192.253 - - [17/May/2023:10:54:39 -0500] "GET /sipse/faces/javax.faces.resource/primefaces.css?ln=primefaces&v=4.0 HTTP/1.1" 304 -
201.245.192.253 - - [17/May/2023:10:54:39 -0500] "GET /sipse/faces/javax.faces.resource/jquery/jquery.js?ln=primefaces&v=4.0 HTTP/1.1" 304 -
201.245.192.253 - - [17/May/2023:10:54:39 -0500] "GET /sipse/faces/javax.faces.resource/jquery/jquery-plugins.js?ln=primefaces&v=4.0 HTTP/1.1" 304 -
201.245.192.253 - - [17/May/2023:10:54:39 -0500] "GET /sipse/faces/javax.faces.resource/primefaces.js?ln=primefaces&v=4.0 HTTP/1.1" 304 -
201.245.192.253 - - [17/May/2023:10:54:39 -0500] "GET /sipse/faces/javax.faces.resource/layout/layout.js?ln=primefaces&v=4.0 HTTP/1.1" 304 -
201.245.192.253 - - [17/May/2023:10:54:39 -0500] "POST /sipse/faces/presentacion/contratacion/contrato/adicionarSupervisor.xhtml HTTP/1.1" 200 54267
201.245.192.253 - - [17/May/2023:10:54:39 -0500] "GET /sipse/faces/javax.faces.resource/images/ui-icons_898989_256x240.png?ln=primefaces-aristo HTTP/1.1" 304 -
201.245.192.253 - - [17/May/2023:10:54:43 -0500] "GET /sipse/faces/javax.faces.resource/images/ui-bg_flat_0_2d5972_40x100.png?ln=primefaces-aristo HTTP/1.1" 304 -
201.245.192.253 - - [17/May/2023:10:54:43 -0500] "POST /sipse/faces/presentacion/financiero/estudioPrevio/personalSolicitado/expedirExperienciaIdoneidad.xhtml HTTP/1.1" 200 135105
201.245.192.253 - - [17/May/2023:10:54:44 -0500] "GET /sipse/faces/javax.faces.resource/jquery/jquery.js?ln=primefaces&v=4.0 HTTP/1.1" 304 -
201.245.192.253 - - [17/May/2023:10:54:44 -0500] "GET /sipse/faces/javax.faces.resource/jquery/jquery-plugins.js?ln=primefaces&v=4.0 HTTP/1.1" 304 -
201.245.192.253 - - [17/May/2023:10:54:44 -0500] "GET /sipse/faces/javax.faces.resource/primefaces.js?ln=primefaces&v=4.0 HTTP/1.1" 304 -
201.245.192.253 - - [17/May/2023:10:54:44 -0500] "GET /sipse/faces/javax.faces.resource/layout/layout.js?ln=primefaces&v=4.0 HTTP/1.1" 304 -
201.245.192.253 - - [17/May/2023:10:54:44 -0500] "GET /sipse/faces/javax.faces.resource/dynamiccontent.properties?ln=primefaces&pfdrid=XjOR5%2F%2FfPAZAuY9TpWQeCiM0BhlXxYRBGKi%2FQcXXfeA%3D&pfdrid_c=false HTTP/1.1" 500 383
172.22.2.4 - - [17/May/2023:10:54:58 -0500] "GET /BLA/boletinlegal/consulta_normativa.php?tipo=Decreto&sector=publicidad&ano=2009&resuelve= HTTP/1.1" 200 454
201.245.192.253 - - [17/May/2023:10:54:59 -0500] "POST /forms/lservlet;jsessionid=ac16012b30d69e0d27efa6ef4e1ebb5bb325a9e61627.e3iSbxaKaheRe34MchqTb30Ta3z0n6jAmljGr5XDqQLvpAe HTTP/1.1" 200 2
172.22.2.4 - - [17/May/2023:10:55:02 -0500] "GET /BLA/boletinlegal/consulta_normativa.php?tipo=Decreto&sector=publicidad&ano=2009&resuelve= HTTP/1.1" 200 454
172.22.2.4 - - [17/May/2023:10:55:05 -0500] "GET /BLA/boletinlegal/consulta_actos.php?tipo=autos&no=0010&usuario=&sector=&fecha=2018&resuelve= HTTP/1.1" 200 1042
201.245.192.253 - - [17/May/2023:10:55:05 -0500] "POST /sipse/faces/presentacion/financiero/solicitudProceso/consultarSolicitudProceso.xhtml HTTP/1.1" 200 5602
172.22.2.4 - - [17/May/2023:10:55:10 -0500] "GET /BLA/boletinlegal/consulta_actos.php?tipo=autos&no=0100&usuario=&sector=&fecha=2018&resuelve= HTTP/1.1" 200 1108
172.22.2.4 - - [17/May/2023:10:55:11 -0500] "GET /BLA/boletinlegal/consulta_actos.php?tipo=autos&no=0100&usuario=&sector=&fecha=2018&resuelve= HTTP/1.1" 200 1108
201.245.192.253 - - [17/May/2023:10:54:55 -0500] "POST /sipse/faces/presentacion/financiero/solicitudProceso/consultarSolicitudProceso.xhtml HTTP/1.1" 200 37086
201.245.192.253 - - [17/May/2023:10:55:13 -0500] "GET /sipse/faces/javax.faces.resource/theme.css?ln=primefaces-sipse HTTP/1.1" 304 -
201.245.192.253 - - [17/May/2023:10:55:13 -0500] "GET /sipse/faces/javax.faces.resource/primefaces.css?ln=primefaces&v=4.0 HTTP/1.1" 304 -
201.245.192.253 - - [17/May/2023:10:55:13 -0500] "GET /sipse/faces/javax.faces.resource/layout/layout.css?ln=primefaces&v=4.0 HTTP/1.1" 304 -
201.245.192.253 - - [17/May/2023:10:55:13 -0500] "GET /sipse/css/imagen/contrasena.png HTTP/1.1" 404 383
201.245.192.253 - - [17/May/2023:10:55:13 -0500] "GET /sipse/faces/javax.faces.resource/jquery/jquery.js?ln=primefaces&v=4.0 HTTP/1.1" 304 -
201.245.192.253 - - [17/May/2023:10:55:13 -0500] "GET /sipse/faces/javax.faces.resource/jquery/jquery-plugins.js?ln=primefaces&v=4.0 HTTP/1.1" 304 -
201.245.192.253 - - [17/May/2023:10:55:13 -0500] "GET /sipse/faces/javax.faces.resource/primefaces.js?ln=primefaces&v=4.0 HTTP/1.1" 304 -
201.245.192.253 - - [17/May/2023:10:55:14 -0500] "GET /sipse/faces/javax.faces.resource/layout/layout.js?ln=primefaces&v=4.0 HTTP/1.1" 304 -
201.245.192.253 - - [17/May/2023:10:55:14 -0500] "GET /BLA/resoluciones/AUTOS%202018/0100.pdf HTTP/1.1" 200 266035
201.245.192.253 - - [17/May/2023:10:55:15 -0500] "GET /sipse/faces/javax.faces.resource/images/ui-icons_898989_256x240.png?ln=primefaces-aristo HTTP/1.1" 304 -
201.245.192.253 - - [17/May/2023:10:55:14 -0500] "POST /sipse/faces/presentacion/financiero/solicitudProceso/listarSolicitudProceso.xhtml HTTP/1.1" 200 30339
201.245.192.253 - - [17/May/2023:10:55:15 -0500] "GET /sipse/faces/javax.faces.resource/images/ui-bg_flat_0_2d5972_40x100.png?ln=primefaces-aristo HTTP/1.1" 304 -
201.245.192.253 - - [17/May/2023:10:55:15 -0500] "POST /sipse/faces/presentacion/financiero/solicitudProceso/listarSolicitudProceso.xhtml HTTP/1.1" 200 30339
201.245.192.253 - - [17/May/2023:10:55:16 -0500] "POST /sipse/faces/presentacion/financiero/solicitudProceso/listarSolicitudProceso.xhtml HTTP/1.1" 200 1392
201.245.192.253 - - [17/May/2023:10:55:16 -0500] "POST /sipse/faces/presentacion/financiero/solicitudProceso/listarSolicitudProceso.xhtml HTTP/1.1" 200 1400
201.245.192.253 - - [17/May/2023:10:55:16 -0500] "POST /sipse/faces/presentacion/financiero/solicitudProceso/listarSolicitudProceso.xhtml HTTP/1.1" 200 1400
201.245.192.253 - - [17/May/2023:10:55:17 -0500] "POST /sipse/faces/presentacion/financiero/solicitudProceso/listarSolicitudProceso.xhtml HTTP/1.1" 200 59165
201.245.192.253 - - [17/May/2023:10:55:18 -0500] "GET /sipse/faces/javax.faces.resource/theme.css?ln=primefaces-sipse HTTP/1.1" 304 -
201.245.192.253 - - [17/May/2023:10:55:18 -0500] "GET /sipse/faces/javax.faces.resource/layout/layout.css?ln=primefaces&v=4.0 HTTP/1.1" 304 -
201.245.192.253 - - [17/May/2023:10:55:18 -0500] "GET /sipse/faces/javax.faces.resource/primefaces.css?ln=primefaces&v=4.0 HTTP/1.1" 304 -
201.245.192.253 - - [17/May/2023:10:55:18 -0500] "GET /sipse/faces/javax.faces.resource/jquery/jquery.js?ln=primefaces&v=4.0 HTTP/1.1" 304 -
172.22.2.4 - - [17/May/2023:10:55:18 -0500] "GET /BLA/boletinlegal/consulta_normativa.php?tipo=Decreto&sector=publicidad&ano=2009&resuelve=PUBLICIDAD%20EXTERIOR HTTP/1.1" 200 454
201.245.192.253 - - [17/May/2023:10:55:18 -0500] "GET /sipse/faces/javax.faces.resource/jquery/jquery-plugins.js?ln=primefaces&v=4.0 HTTP/1.1" 304 -
201.245.192.253 - - [17/May/2023:10:55:18 -0500] "GET /sipse/faces/javax.faces.resource/primefaces.js?ln=primefaces&v=4.0 HTTP/1.1" 304 -
201.245.192.253 - - [17/May/2023:10:55:18 -0500] "GET /sipse/faces/javax.faces.resource/layout/layout.js?ln=primefaces&v=4.0 HTTP/1.1" 304 -
201.245.192.253 - - [17/May/2023:10:55:23 -0500] "POST /sipse/faces/presentacion/financiero/solicitudProceso/crearModificarSolicitudProceso.xhtml HTTP/1.1" 200 26670
216.245.221.92 - - [17/May/2023:10:55:33 -0500] "HEAD / HTTP/1.1" 200 -
186.30.167.141 - - [17/May/2023:10:55:37 -0500] "POST /BLA/boletinlegal/admin/actos/ingresar.php HTTP/1.1" 200 7302
201.245.192.253 - - [17/May/2023:10:55:37 -0500] "POST /sipse/faces/presentacion/financiero/solicitudProceso/crearModificarSolicitudProceso.xhtml HTTP/1.1" 200 62354
201.245.192.253 - - [17/May/2023:10:55:37 -0500] "GET /sipse/faces/javax.faces.resource/theme.css?ln=primefaces-sipse HTTP/1.1" 304 -
201.245.192.253 - - [17/May/2023:10:55:37 -0500] "GET /sipse/faces/javax.faces.resource/primefaces.css?ln=primefaces&v=4.0 HTTP/1.1" 304 -
201.245.192.253 - - [17/May/2023:10:55:37 -0500] "GET /sipse/faces/javax.faces.resource/layout/layout.css?ln=primefaces&v=4.0 HTTP/1.1" 304 -
201.245.192.253 - - [17/May/2023:10:55:37 -0500] "GET /sipse/faces/javax.faces.resource/jquery/jquery.js?ln=primefaces&v=4.0 HTTP/1.1" 304 -
201.245.192.253 - - [17/May/2023:10:55:37 -0500] "GET /sipse/faces/javax.faces.resource/jquery/jquery-plugins.js?ln=primefaces&v=4.0 HTTP/1.1" 304 -
201.245.192.253 - - [17/May/2023:10:55:37 -0500] "GET /sipse/faces/javax.faces.resource/primefaces.js?ln=primefaces&v=4.0 HTTP/1.1" 304 -
201.245.192.253 - - [17/May/2023:10:55:37 -0500] "GET /sipse/faces/javax.faces.resource/layout/layout.js?ln=primefaces&v=4.0 HTTP/1.1" 304 -
201.245.192.253 - - [17/May/2023:10:55:38 -0500] "GET /sipse/css/imagen/contrasena.png HTTP/1.1" 404 383
