!C99Shell v. 1.0 pre-release build #13!

Software: Apache. PHP/5.5.15 

uname -a: Windows NT SVR-DMZ 6.1 build 7600 (Windows Server 2008 R2 Enterprise Edition) i586 

SYSTEM 

Safe-mode: OFF (not secure)

E:\nuevo\apache\logs\   drwxrwxrwx
Free 9.41 GB of 239.26 GB (3.93%)
Detected drives: [ a ] [ c ] [ d ] [ e ] [ f ]
Home    Back    Forward    UPDIR    Refresh    Search    Buffer    Encoder    Tools    Proc.    FTP brute    Sec.    SQL    PHP-code    Update    Feedback    Self remove    Logout    


Viewing file:     access.2023.05.19.log (3.45 MB)      -rw-rw-rw-
Select action/file-type:
(+) | (+) | (+) | Code (+) | Session (+) | (+) | SDB (+) | (+) | (+) | (+) | (+) | (+) |
216.245.221.92 - - [19/May/2023:00:00:27 -0500] "HEAD / HTTP/1.1" 200 -
172.22.2.4 - - [19/May/2023:00:00:36 -0500] "GET /BLA/boletinlegal/favicon.ico HTTP/1.1" 404 1043
172.22.2.4 - - [18/May/2023:23:59:05 -0500] "HEAD /BLA/boletinlegal/ HTTP/1.1" 200 -
172.22.2.4 - - [19/May/2023:00:00:21 -0500] "GET /BLA/boletinlegal/ HTTP/1.1" 200 20427
172.22.2.4 - - [19/May/2023:00:00:21 -0500] "GET /BLA/boletinlegal/ HTTP/1.1" 200 24523
172.22.2.4 - - [18/May/2023:23:59:53 -0500] "GET /BLA/boletinlegal/ HTTP/1.1" 200 46827
172.22.2.4 - - [18/May/2023:23:59:56 -0500] "GET /BLA/boletinlegal/ HTTP/1.1" 200 47199
40.77.167.85 - - [19/May/2023:00:02:04 -0500] "-" 408 -
201.245.192.253 - - [19/May/2023:00:02:44 -0500] "POST /kwsrmcab/Wsrmcab  HTTP/1.1" 200 43465
216.245.221.92 - - [19/May/2023:00:05:27 -0500] "HEAD / HTTP/1.1" 200 -
199.16.157.180 - - [19/May/2023:00:05:35 -0500] "GET /en-semana-santa-realice-sus-tramites-ante-la-secretaria-de-ambiente-de-forma-virtual.html HTTP/1.1" 200 835
199.16.157.181 - - [19/May/2023:00:05:35 -0500] "GET /images/atencion-al-ciudadano-abril.jpg HTTP/1.1" 200 116523
199.16.157.182 - - [19/May/2023:00:05:35 -0500] "GET /images/evento-wef-1_optimized.jpeg HTTP/1.1" 200 138129
172.22.2.4 - - [19/May/2023:00:04:55 -0500] "HEAD /BLA/boletinlegal/ HTTP/1.1" 200 -
172.22.2.4 - - [19/May/2023:00:05:46 -0500] "GET /BLA/boletinlegal/ HTTP/1.1" 200 57151
201.245.192.253 - - [19/May/2023:00:07:43 -0500] "POST /kwsrmcab/Wsrmcab  HTTP/1.1" 200 43465
216.245.221.92 - - [19/May/2023:00:10:27 -0500] "HEAD / HTTP/1.1" 200 -
157.55.39.210 - - [19/May/2023:00:12:23 -0500] "GET /BLA/resoluciones/RESOLUCIONES%202019/2304.pdf HTTP/1.1" 200 4328597
172.22.2.4 - - [19/May/2023:00:10:45 -0500] "HEAD /BLA/boletinlegal/ HTTP/1.1" 200 -
201.245.192.253 - - [19/May/2023:00:12:43 -0500] "POST /kwsrmcab/Wsrmcab  HTTP/1.1" 200 43465
168.119.253.85 - - [19/May/2023:00:13:05 -0500] "GET / HTTP/1.1" 200 319
172.22.2.4 - - [19/May/2023:00:11:36 -0500] "GET /BLA/boletinlegal/ HTTP/1.1" 200 57561
216.245.221.92 - - [19/May/2023:00:15:27 -0500] "HEAD / HTTP/1.1" 200 -
173.252.83.14 - - [19/May/2023:00:16:45 -0500] "GET /images/Acuerdos%2001%20(1)%20(1).jpeg HTTP/1.1" 200 32884
201.245.192.253 - - [19/May/2023:00:17:43 -0500] "POST /kwsrmcab/Wsrmcab  HTTP/1.1" 200 43465
172.22.2.4 - - [19/May/2023:00:16:35 -0500] "HEAD /BLA/boletinlegal/ HTTP/1.1" 200 -
201.245.192.253 - - [19/May/2023:00:18:47 -0500] "POST /kwsrmcab/Wsrmcab HTTP/1.1" 200 42897
201.245.192.253 - - [19/May/2023:00:18:49 -0500] "POST /kwsrmcab/Wsrmcab HTTP/1.1" 200 43820
172.22.2.4 - - [19/May/2023:00:17:26 -0500] "GET /BLA/boletinlegal/ HTTP/1.1" 200 57561
162.55.41.96 - - [19/May/2023:00:19:14 -0500] "GET / HTTP/1.1" 200 319
186.80.52.223 - - [19/May/2023:00:19:39 -0500] "-" 408 -
186.80.52.223 - - [19/May/2023:00:19:39 -0500] "-" 408 -
216.245.221.92 - - [19/May/2023:00:20:27 -0500] "HEAD / HTTP/1.1" 200 -
157.55.39.210 - - [19/May/2023:00:21:45 -0500] "GET /BLA/resoluciones/AUTOS%202021/4554.pdf HTTP/1.1" 304 -
201.245.192.253 - - [19/May/2023:00:22:41 -0500] "POST /kwsrmcab/Wsrmcab  HTTP/1.1" 200 43465
152.61.192.232 - - [19/May/2023:00:22:49 -0500] "GET / HTTP/1.1" 200 319
200.118.60.119 - - [19/May/2023:00:22:58 -0500] "GET /BLA/resoluciones/ HTTP/1.1" 200 13502
200.118.60.119 - - [19/May/2023:00:23:01 -0500] "GET /BLA/resoluciones/index.php?dir=AUTOS+2019%2F HTTP/1.1" 200 12235
200.118.60.119 - - [19/May/2023:00:23:01 -0500] "GET /BLA/resoluciones/index.php?dir=AUTOS+2019%2F HTTP/1.1" 200 378042
172.22.2.4 - - [19/May/2023:00:22:25 -0500] "HEAD /BLA/boletinlegal/ HTTP/1.1" 200 -
200.118.60.119 - - [19/May/2023:00:24:38 -0500] "GET /BLA/resoluciones/index.php?dir=AUTOS+2020%2F HTTP/1.1" 200 328612
172.22.2.4 - - [19/May/2023:00:23:16 -0500] "GET /BLA/boletinlegal/ HTTP/1.1" 200 57151
200.118.60.119 - - [19/May/2023:00:25:03 -0500] "GET /BLA/resoluciones/index.php?dir=AUTOS+2020%2F HTTP/1.1" 200 328612
216.245.221.92 - - [19/May/2023:00:25:27 -0500] "HEAD / HTTP/1.1" 200 -
157.55.39.210 - - [19/May/2023:00:25:34 -0500] "GET /BLA/resoluciones/AUTOS%202021/5192.pdf HTTP/1.1" 304 -
66.249.79.132 - - [19/May/2023:00:25:47 -0500] "GET /asi-se-mueve-bogota-en-el-dia-sin-carro-y-sin-moto.html HTTP/1.1" 200 847
201.245.192.253 - - [19/May/2023:00:27:40 -0500] "POST /kwsrmcab/Wsrmcab  HTTP/1.1" 200 43465
184.105.108.4 - - [19/May/2023:00:27:55 -0500] "GET /secretaria-de-ambiente-abre-inscripciones-para-recorridos-gratuitos-en-aulas-ambientales-de-bogota.html HTTP/1.1" 200 916
216.218.191.226 - - [19/May/2023:00:27:56 -0500] "GET /secretaria-de-ambiente-abre-inscripciones-para-recorridos-gratuitos-en-aulas-ambientales-de-bogota.html HTTP/1.1" 200 916
64.62.210.40 - - [19/May/2023:00:28:03 -0500] "GET /secretaria-de-ambiente-abre-inscripciones-para-recorridos-gratuitos-en-aulas-ambientales-de-bogota.html HTTP/1.1" 200 916
216.218.147.201 - - [19/May/2023:00:28:07 -0500] "GET /secretaria-de-ambiente-abre-inscripciones-para-recorridos-gratuitos-en-aulas-ambientales-de-bogota.html HTTP/1.1" 200 916
64.62.158.116 - - [19/May/2023:00:28:14 -0500] "GET /secretaria-de-ambiente-abre-inscripciones-para-recorridos-gratuitos-en-aulas-ambientales-de-bogota.html HTTP/1.1" 200 916
40.77.167.97 - - [19/May/2023:00:28:36 -0500] "GET /BLA/resoluciones/RESOLUCIONES%202022/2944.pdf HTTP/1.1" 200 472171
201.245.192.253 - - [19/May/2023:00:28:46 -0500] "POST /kwsrmcab/Wsrmcab HTTP/1.1" 200 42897
201.245.192.253 - - [19/May/2023:00:28:48 -0500] "POST /kwsrmcab/Wsrmcab HTTP/1.1" 200 43820
179.1.4.198 - - [19/May/2023:00:29:34 -0500] "-" 408 -
172.22.2.4 - - [19/May/2023:00:28:15 -0500] "HEAD /BLA/boletinlegal/ HTTP/1.1" 200 -
216.245.221.92 - - [19/May/2023:00:30:27 -0500] "HEAD / HTTP/1.1" 200 -
172.22.2.4 - - [19/May/2023:00:29:06 -0500] "GET /BLA/boletinlegal/ HTTP/1.1" 200 57151
152.61.128.50 - - [19/May/2023:00:32:19 -0500] "GET / HTTP/1.1" 200 319
201.245.192.253 - - [19/May/2023:00:32:39 -0500] "POST /kwsrmcab/Wsrmcab  HTTP/1.1" 200 43465
66.249.79.99 - - [19/May/2023:00:34:34 -0500] "-" 408 -
216.245.221.92 - - [19/May/2023:00:35:27 -0500] "HEAD / HTTP/1.1" 200 -
172.22.2.4 - - [19/May/2023:00:34:05 -0500] "HEAD /BLA/boletinlegal/ HTTP/1.1" 200 -
167.99.87.50 - - [19/May/2023:00:35:44 -0500] "GET /portaldeninos/ HTTP/1.1" 200 110197
172.22.2.4 - - [19/May/2023:00:34:56 -0500] "GET /BLA/boletinlegal/ HTTP/1.1" 200 57561
201.245.192.253 - - [19/May/2023:00:37:38 -0500] "POST /kwsrmcab/Wsrmcab  HTTP/1.1" 200 43465
173.252.87.16 - - [19/May/2023:00:38:00 -0500] "GET /images/Acuerdos%2001%20(1)%20(1).jpeg HTTP/1.1" 200 32884
201.245.192.253 - - [19/May/2023:00:38:46 -0500] "POST /kwsrmcab/Wsrmcab HTTP/1.1" 200 42897
201.245.192.253 - - [19/May/2023:00:38:48 -0500] "POST /kwsrmcab/Wsrmcab HTTP/1.1" 200 43820
45.95.169.240 - - [19/May/2023:00:39:50 -0500] "GET / HTTP/1.1" 200 319
216.245.221.92 - - [19/May/2023:00:40:27 -0500] "HEAD / HTTP/1.1" 200 -
172.22.2.4 - - [19/May/2023:00:39:55 -0500] "HEAD /BLA/boletinlegal/ HTTP/1.1" 200 -
172.22.2.4 - - [19/May/2023:00:40:46 -0500] "GET /BLA/boletinlegal/ HTTP/1.1" 200 53561
201.245.192.253 - - [19/May/2023:00:42:36 -0500] "POST /kwsrmcab/Wsrmcab  HTTP/1.1" 200 43465
216.245.221.92 - - [19/May/2023:00:45:27 -0500] "HEAD / HTTP/1.1" 200 -
66.249.69.5 - - [19/May/2023:00:46:48 -0500] "-" 408 -
172.22.2.4 - - [19/May/2023:00:45:45 -0500] "HEAD /BLA/boletinlegal/ HTTP/1.1" 200 -
201.245.192.253 - - [19/May/2023:00:47:36 -0500] "POST /kwsrmcab/Wsrmcab  HTTP/1.1" 200 43465
172.22.2.4 - - [19/May/2023:00:46:36 -0500] "GET /BLA/boletinlegal/ HTTP/1.1" 200 57151
216.245.221.92 - - [19/May/2023:00:50:27 -0500] "HEAD / HTTP/1.1" 200 -
201.245.192.253 - - [19/May/2023:00:52:35 -0500] "POST /kwsrmcab/Wsrmcab  HTTP/1.1" 200 43465
172.22.2.4 - - [19/May/2023:00:51:35 -0500] "HEAD /BLA/boletinlegal/ HTTP/1.1" 200 -
152.61.192.232 - - [19/May/2023:00:53:29 -0500] "GET /arcgis/services/Calidad_del_Agua_WQI/MapServer/WMSServer?request=GetCapabilities&service=WMS HTTP/1.1" 503 1020
152.61.192.232 - - [19/May/2023:00:53:30 -0500] "GET /arcgis/services/Calidad_del_Agua_WQI/MapServer/WMSServer?SERVICE=WMS&REQUEST=GetCapabilities HTTP/1.1" 503 1020
152.61.192.232 - - [19/May/2023:00:53:31 -0500] "GET /arcgis/services/Calidad_del_Agua_WQI/MapServer/WMSServer?WMTVER=1.0.0&REQUEST=capabilities HTTP/1.1" 503 1020
200.114.51.8 - - [19/May/2023:00:53:56 -0500] "-" 408 -
172.22.2.4 - - [19/May/2023:00:52:26 -0500] "GET /BLA/boletinlegal/ HTTP/1.1" 200 59306
216.245.221.92 - - [19/May/2023:00:55:27 -0500] "HEAD / HTTP/1.1" 200 -
43.153.45.207 - - [19/May/2023:00:56:30 -0500] "GET /portaldeninos/wp-content/uploads/2020/01/Tierra-escenario.jpg HTTP/1.1" 200 181491
40.77.167.97 - - [19/May/2023:00:57:09 -0500] "GET /BLA/resoluciones/AUTOS%202021/2105.pdf HTTP/1.1" 200 364068
201.245.192.253 - - [19/May/2023:00:57:33 -0500] "POST /kwsrmcab/Wsrmcab  HTTP/1.1" 200 43465
66.249.69.31 - - [19/May/2023:00:58:25 -0500] "-" 408 -
172.22.2.4 - - [19/May/2023:00:57:25 -0500] "HEAD /BLA/boletinlegal/ HTTP/1.1" 200 -
172.22.2.4 - - [19/May/2023:00:58:16 -0500] "GET /BLA/boletinlegal/ HTTP/1.1" 200 57151
216.245.221.92 - - [19/May/2023:01:00:27 -0500] "HEAD / HTTP/1.1" 200 -
157.55.39.210 - - [19/May/2023:01:01:18 -0500] "GET /BLA/resoluciones/AUTOS%202021/1435.pdf HTTP/1.1" 304 -
40.77.167.146 - - [19/May/2023:01:01:23 -0500] "GET /BLA/resoluciones/index.php?dir=AUTOS+2020%2F HTTP/1.1" 200 328612
201.245.192.253 - - [19/May/2023:01:02:32 -0500] "POST /kwsrmcab/Wsrmcab  HTTP/1.1" 200 43465
66.249.79.132 - - [19/May/2023:01:03:48 -0500] "GET /mujeres-que-reverdecen-secretaria-de-ambiente-anuncia-300-cupos-para-la-tercera-fase-del-programa.html HTTP/1.1" 200 823
172.22.2.4 - - [19/May/2023:01:03:15 -0500] "HEAD /BLA/boletinlegal/ HTTP/1.1" 200 -
216.245.221.92 - - [19/May/2023:01:05:27 -0500] "HEAD / HTTP/1.1" 200 -
172.22.2.4 - - [19/May/2023:01:05:38 -0500] "GET /BLA/boletinlegal/jurisprudencia/analisis/AnalisisT-606-15.docx HTTP/1.1" 304 -
172.22.2.4 - - [19/May/2023:01:04:06 -0500] "GET /BLA/boletinlegal/ HTTP/1.1" 200 59306
172.22.2.4 - - [19/May/2023:01:05:56 -0500] "GET /BLA/boletinlegal/hQTO HTTP/1.1" 404 1043
172.22.2.4 - - [19/May/2023:01:05:56 -0500] "GET /BLA/boletinlegal/indice.asp HTTP/1.1" 404 1043
172.22.2.4 - - [19/May/2023:01:05:56 -0500] "GET /BLA/boletinlegal/Portal/Portal.mwsl HTTP/1.1" 404 1043
172.22.2.4 - - [19/May/2023:01:05:56 -0500] "POST /BLA/boletinlegal/scripts/WPnBr.dll HTTP/1.1" 404 1043
172.22.2.4 - - [19/May/2023:01:05:57 -0500] "GET /BLA/boletinlegal/docs/cplugError.html/ HTTP/1.1" 404 1043
172.22.2.4 - - [19/May/2023:01:05:57 -0500] "POST /BLA/boletinlegal/functionRouter HTTP/1.1" 404 1043
172.22.2.4 - - [19/May/2023:01:05:58 -0500] "GET /BLA/boletinlegal/HNAP1 HTTP/1.1" 404 1043
172.22.2.4 - - [19/May/2023:01:05:59 -0500] "GET /BLA/boletinlegal/pools/default/buckets HTTP/1.1" 404 1043
172.22.2.4 - - [19/May/2023:01:05:59 -0500] "GET /BLA/boletinlegal/inicio.pl HTTP/1.1" 404 1043
172.22.2.4 - - [19/May/2023:01:06:00 -0500] "GET /BLA/boletinlegal/__Additional HTTP/1.1" 404 1043
172.22.2.4 - - [19/May/2023:01:05:50 -0500] "GET /BLA/boletinlegal/ HTTP/1.1" 200 20427
172.22.2.4 - - [19/May/2023:01:06:03 -0500] "GET /BLA/boletinlegal/ HTTP/1.1" 200 20427
172.22.2.4 - - [19/May/2023:01:06:02 -0500] "GET /BLA/boletinlegal/ HTTP/1.1" 200 20427
172.22.2.4 - - [19/May/2023:01:05:58 -0500] "GET /BLA/boletinlegal/?=PHPB8B5F2A0-3C92-11d3-A3A9-4C7B08C10000 HTTP/1.1" 200 24523
172.22.2.4 - - [19/May/2023:01:05:57 -0500] "GET /BLA/boletinlegal/ HTTP/1.1" 200 24523
172.22.2.4 - - [19/May/2023:01:05:56 -0500] "GET /BLA/boletinlegal/ HTTP/1.1" 200 24523
172.22.2.4 - - [19/May/2023:01:05:57 -0500] "POST /BLA/boletinlegal/ HTTP/1.1" 200 24523
172.22.2.4 - - [19/May/2023:01:05:59 -0500] "GET /BLA/boletinlegal/ HTTP/1.1" 200 24523
201.245.192.253 - - [19/May/2023:01:07:31 -0500] "POST /kwsrmcab/Wsrmcab  HTTP/1.1" 200 43465
216.245.221.92 - - [19/May/2023:01:10:27 -0500] "HEAD / HTTP/1.1" 200 -
172.22.2.4 - - [19/May/2023:01:09:05 -0500] "HEAD /BLA/boletinlegal/ HTTP/1.1" 200 -
172.22.2.4 - - [19/May/2023:01:09:56 -0500] "GET /BLA/boletinlegal/ HTTP/1.1" 200 57151
66.249.79.99 - - [19/May/2023:01:11:39 -0500] "-" 408 -
201.245.192.253 - - [19/May/2023:01:12:30 -0500] "POST /kwsrmcab/Wsrmcab  HTTP/1.1" 200 43465
40.77.167.97 - - [19/May/2023:01:14:59 -0500] "GET /BLA/resoluciones/AUTOS%202021/2916.pdf HTTP/1.1" 304 -
216.245.221.92 - - [19/May/2023:01:15:27 -0500] "HEAD / HTTP/1.1" 200 -
121.30.179.90 - - [19/May/2023:01:15:45 -0500] "GET /galeria/galeria/fotos/Huemdal-el-Tunjo3P.jpg HTTP/1.1" 200 20644
172.22.2.4 - - [19/May/2023:01:14:55 -0500] "HEAD /BLA/boletinlegal/ HTTP/1.1" 200 -
66.249.69.2 - - [19/May/2023:01:16:50 -0500] "-" 408 -
172.22.2.4 - - [19/May/2023:01:15:46 -0500] "GET /BLA/boletinlegal/ HTTP/1.1" 200 55934
201.245.192.253 - - [19/May/2023:01:17:29 -0500] "POST /kwsrmcab/Wsrmcab  HTTP/1.1" 200 43465
152.61.128.50 - - [19/May/2023:01:18:22 -0500] "GET /arcgis/services/Calidad_del_Agua_WQI/MapServer/WMSServer?request=GetCapabilities&service=WMS HTTP/1.1" 503 1020
152.61.128.50 - - [19/May/2023:01:18:23 -0500] "GET /arcgis/services/Calidad_del_Agua_WQI/MapServer/WMSServer?SERVICE=WMS&REQUEST=GetCapabilities HTTP/1.1" 503 1020
152.61.128.50 - - [19/May/2023:01:18:23 -0500] "GET /arcgis/services/Calidad_del_Agua_WQI/MapServer/WMSServer?WMTVER=1.0.0&REQUEST=capabilities HTTP/1.1" 503 1020
201.245.192.253 - - [19/May/2023:01:18:46 -0500] "POST /kwsrmcab/Wsrmcab HTTP/1.1" 200 41675
201.245.192.253 - - [19/May/2023:01:18:48 -0500] "POST /kwsrmcab/Wsrmcab HTTP/1.1" 200 43667
172.22.2.4 - - [19/May/2023:01:20:05 -0500] "GET /BLA/boletinlegal/jurisprudencia/analisis/CUADRO%20ANALISIS%20SENTENCIA%20C-554%20DE%202007.doc HTTP/1.1" 200 35328
216.245.221.92 - - [19/May/2023:01:20:27 -0500] "HEAD / HTTP/1.1" 200 -
186.31.57.93 - - [19/May/2023:01:20:44 -0500] "GET /kwssiamovil/sm/acme/a?s=U2FsdGVkX185kFdOOv9XlanXnciyP5uMhPV8+at5DoTc1TaMVITy4FxY5bjAFVUXR4kWGdRyq3tGge7uNRw3Zyv41oLsRAPrniLFeBktEiSuIBTzFDVsJF0ctf8IHJA80DOWGxeNFsI7RpJGU9oD/PMhCC4IxtV2YRlvzkSFrXj6elbbUhPlWy6zqYsTPg7Nc5xWAXKGaA2U5lD4jwQY5MCyrnYXVVH3DtJrq3mJdkGcEXrNdiRRwaGa3Q0qGmDiiAHvMgFfL6bNw23AXMAguQ==&u=U2FsdGVkX1/vGlKMRHENnTCl88aSrSnY1HwdbDf/lN7Gm0jCbvF2+CkYiUOiPyVM&y=U2FsdGVkX18Tul0yAC6/EQJTHXT++N4Nx76tBxXe93hsvwc8xKr9WC6tjsp6PuLp HTTP/1.1" 200 26
186.31.57.93 - - [19/May/2023:01:20:45 -0500] "GET /kwssiamovil/sm/acme/a?s=U2FsdGVkX1+2NVUOBMQrzq69r3eSDPncghfMBKgjYCh8y6h0Gjrd2EIMMuEZuxKfBWjs4GDTCNTlvPlKXEaAAohCXsE6Uh6tLKWYj9O6QDyIPPZuGpGmip1Qf4otP4BrOLdzWqXqMQR5YSm1L9kfKak0XZIqzUGxFiF9VJQktgrm5NDexN2rEV3xqri9dNZT6C7i7GbRdyh4SOa+lApZ2/wKcBLyb6GuTtg+a5UqsWu2SgvkNBqb5eiLnG+48COs+cqShozxV2+nMWtzASXntjGRLWyvMsIGx2OmHHmm/wlMz0gsqEqlUacmahijsLeD4z5KCqX7a3/+x5fgp5AGhfd5jlo/g2a7COrXuAKTUO9qUnJMYekAOQdJzMGg53ScPtM7awiVAjB6g9CYubTQao3xM5X/X53XMEJaY6CRgOG+ckEQqgBD2lM/lXTgrE0O7UoCrbY9n9/6947H8EhdPCDIJKbiNyM3nrR9Dun9z5rSe4Zh1QM0YSVbDxSJdymJN1+UOjUFigxxRlMguXbouPVPEBTAgLXoi+TGWCsxVjwAekxftDpR86PwoBZuAPtMQLlIBc+9sjGOd39YDs7kMcH2Ys8IqxsV6kCswHuJwNVEXWP1xvxZktpEJGj5tJcWApcNgKE61WN7nQrjCbBbJLxjmU88rPt2MYWRpWCW+8R5a+3KBQ8D67WZh2MA3yWOvlXzENyRWMZ3q0pzA4SdI7zWtuVKe2y9MSPI0wOOvTiW73CuSnhMdVqIsa5X/CaygxrtHsAtsnOKfT8M2l7sYSsWj5oclLVe+OCXhlEWGnpK5vSRJRlcyDecztKOTzP/rDdmcNBJmjkTpuuRTS7y6EO9vunMyYPGReocKTVa3+t3lReoQKHR2SUPFcDtba7XBz4BhtAnQfSjUmzo7yWlDDG6XiozI8m5BUzumWw0SVOoRFePVujrYqk8goTv8fOvbJuw08d9aQD3HJtLSOiDWvGxIL1zPMytR/iGA3brOU5JmAzny3F0Nh4uIy/eJQECN4QTTBt7Z7zWEMhppMZOjx7XHjKOZU6su6RvmqfRnRqo/AsjUhC6CCB68NHbh3cR+4D8XIAr7m+sdkOIfC7BaTXnQ9dnTJd1yJezy3Am5ARe6+TgztfW5wlcOkWviK0aHNzea2lGuJ1nlXNLbYbhptaaNTj2H3MMnxw1eVNF9Qc2lbseKLFZnl6eJW7obCmhIoKfUMC02AZPFU3aK+sxsgMOcFOfMm0smugCk2swq6eWfnDJ5Uo4l4xwT0pTcVlQ9fo6JvsNqtZ1I4rj64ZKM4mv/Y54cBI7oA1wQhCO72MaDDo3u2GrPW/DGElU7OJLDmXTmc2re9CrjRO40JlbeAmbI+zP26RevmNX5aTz9GUKBAWgK+ei2rb8c1j3FwIVOu73AtS7jMRXvPe6pln8CauF+SJr74nq4mXWC1zHwmkA7VfEWWQUoQ/EFkk4/TBQm2kSIh4laa9YZN7IAWSh7AZaMtLEB2FJViwK1WHULD1/f0BO1igY0lmZEOAR21fV0BtkSFDb2HTh/acvTlpHAm792lNnu5oc4wUsqj/fbNAh0budj3mtGY9JI1bgJBYQek6N0FvfkWLJ16uXRAK8G511Q/9XMEFCsU7Gd0rioi0zH7gj1C+Qs1ZArL4U6Ed3V5MdmzcwJ5I87efHNwwAgJzaIgsSCa8XkDep6mYHZTcDvdJDlqjPAPWPFR+5gnHhcoKniyw1vMaSW8etqQ0GjMQZQexXiApiWN2YpVpH6IzAB5Vggv5hVJiwyNW05Q3fi4J8IZlaCZOp3ruP7prVpO1r3l3OTpIC6LQ/xeia1j8vkhJc4Fpobp+8y6lmisUOHhcP6pMhg6b6EE9mQfB1w7McQxUcqNrMZ40Iw4sfzhh6eLxEhylofm9cFDwKQNUHZbz6KltlSMYR+iw1fQAJdVlhHRDIxEcCp9i+roEjyNpgEN9+zJcOu6/J+jDjQEk0w4gTVcfM+JTkkITLGx0kxL+ZKzBfKBX5q2QfLV0jMQ3g9rDQ/icq8oHXUXQpNTNb&u=U2FsdGVkX1/vGlKMRHENnTCl88aSrSnY1HwdbDf/lN7Gm0jCbvF2+CkYiUOiPyVM&y=U2FsdGVkX18Tul0yAC6/EQJTHXT++N4Nx76tBxXe93hsvwc8xKr9WC6tjsp6PuLp HTTP/1.1" 200 26
186.31.57.93 - - [19/May/2023:01:20:45 -0500] "GET /kwssiamovil/sm/acme/a?s=U2FsdGVkX1/KiGBSeC6cFRZyULfJ5sIetWMd6EuENtCW+hTlQE3N2f0lpgG5oltWwM+LoGpQBTLigJAjNce5heQG7BPvJ7Ep0USnJ0QC8dSYLBtdGKhbLcgkohPmEVZjywDuH4MEQhX5OD44oKDU87h+x3gzCvIDku+knPmMqLg=&u=U2FsdGVkX1/vGlKMRHENnTCl88aSrSnY1HwdbDf/lN7Gm0jCbvF2+CkYiUOiPyVM&y=U2FsdGVkX18Tul0yAC6/EQJTHXT++N4Nx76tBxXe93hsvwc8xKr9WC6tjsp6PuLp HTTP/1.1" 200 26
186.31.57.93 - - [19/May/2023:01:20:45 -0500] "GET /kwssiamovil/sm/acme/a?s=U2FsdGVkX1/1/7k90FrXxqYX0aEPUugOdgpZOJ0rAaik6fgTzcYhvMSDpk+DDNf390V1ga0srG6ol8GXbKlb7krjYOq3INnhK8REyBvsafs15FjrY8yk0HxWnEyMZpssCSnQImqFFTYZcLpLVisdnaHpGEWvV4JUAtCV0FLihoo=&u=U2FsdGVkX1/vGlKMRHENnTCl88aSrSnY1HwdbDf/lN7Gm0jCbvF2+CkYiUOiPyVM&y=U2FsdGVkX18Tul0yAC6/EQJTHXT++N4Nx76tBxXe93hsvwc8xKr9WC6tjsp6PuLp HTTP/1.1" 200 26
186.31.57.93 - - [19/May/2023:01:20:45 -0500] "GET /kwssiamovil/sm/acme/a?s=U2FsdGVkX1+4vYY5hu2kN9yn4izo37SaqpS/ERfqgEn8A9JRCzLMmEY5eEziKAxBu2YFrdUs44HbFA31glDqU9KibMXIt0kfzlvh9IDvyBUgAQDnmS8jGplzuRTdMu31aQXTdpCc8MfoUlj954/zi2fCTKewnG2DwXj2uywGIp4=&u=U2FsdGVkX1/vGlKMRHENnTCl88aSrSnY1HwdbDf/lN7Gm0jCbvF2+CkYiUOiPyVM&y=U2FsdGVkX18Tul0yAC6/EQJTHXT++N4Nx76tBxXe93hsvwc8xKr9WC6tjsp6PuLp HTTP/1.1" 200 26
186.31.57.93 - - [19/May/2023:01:20:46 -0500] "GET /kwssiamovil/sm/acme/a?s=U2FsdGVkX18aUgYPBblwjil8WQqcjFM28YReqfUEFJeY1BxPloJGb20zh9a5Wk+9hkRa4L/k7TCLfQpVi2qfCSUwoYsxDvvrTRCoMKi8SnjnG1nThuQ+BbPq+4g/fBUitEtrWyxq2hPQJXzgbdXbleXB3A7BAV5RjBGkuByUShymPwJG4ivVfs6qMRZNL5Kx9iOilOnNZ7ooqEUaX0A5Bg==&u=U2FsdGVkX1/vGlKMRHENnTCl88aSrSnY1HwdbDf/lN7Gm0jCbvF2+CkYiUOiPyVM&y=U2FsdGVkX18Tul0yAC6/EQJTHXT++N4Nx76tBxXe93hsvwc8xKr9WC6tjsp6PuLp HTTP/1.1" 200 26
179.43.177.244 - - [19/May/2023:01:21:08 -0500] "POST /boaform/admin/formLogin HTTP/1.1" 404 1186
172.22.2.4 - - [19/May/2023:01:20:45 -0500] "HEAD /BLA/boletinlegal/ HTTP/1.1" 200 -
201.245.192.253 - - [19/May/2023:01:22:27 -0500] "POST /kwsrmcab/Wsrmcab  HTTP/1.1" 200 43465
172.22.2.4 - - [19/May/2023:01:21:36 -0500] "GET /BLA/boletinlegal/ HTTP/1.1" 200 58307
157.55.39.210 - - [19/May/2023:01:24:10 -0500] "GET /BLA/resoluciones/AUTOS%202021/6328.pdf HTTP/1.1" 200 401661
172.22.2.4 - - [19/May/2023:01:24:40 -0500] "GET /BLA/boletinlegal/ HTTP/1.1" 200 28619
216.245.221.92 - - [19/May/2023:01:25:27 -0500] "HEAD / HTTP/1.1" 200 -
201.245.192.253 - - [19/May/2023:01:27:26 -0500] "POST /kwsrmcab/Wsrmcab  HTTP/1.1" 200 43465
172.22.2.4 - - [19/May/2023:01:26:35 -0500] "HEAD /BLA/boletinlegal/ HTTP/1.1" 200 -
66.249.69.31 - - [19/May/2023:01:28:23 -0500] "-" 408 -
201.245.192.253 - - [19/May/2023:01:28:46 -0500] "POST /kwsrmcab/Wsrmcab HTTP/1.1" 200 41675
201.245.192.253 - - [19/May/2023:01:28:49 -0500] "POST /kwsrmcab/Wsrmcab HTTP/1.1" 200 43667
172.22.2.4 - - [19/May/2023:01:27:26 -0500] "GET /BLA/boletinlegal/ HTTP/1.1" 200 53924
216.245.221.92 - - [19/May/2023:01:30:27 -0500] "HEAD / HTTP/1.1" 200 -
201.245.192.253 - - [19/May/2023:01:32:24 -0500] "POST /kwsrmcab/Wsrmcab  HTTP/1.1" 200 43465
172.22.2.4 - - [19/May/2023:01:32:25 -0500] "HEAD /BLA/boletinlegal/ HTTP/1.1" 200 -
172.22.2.4 - - [19/May/2023:01:33:16 -0500] "GET /BLA/boletinlegal/ HTTP/1.1" 200 43266
157.55.39.210 - - [19/May/2023:01:35:02 -0500] "GET /BLA/resoluciones/RESOLUCIONES%202021/4728.pdf HTTP/1.1" 304 -
216.245.221.92 - - [19/May/2023:01:35:27 -0500] "HEAD / HTTP/1.1" 200 -
201.245.192.253 - - [19/May/2023:01:37:24 -0500] "POST /kwsrmcab/Wsrmcab  HTTP/1.1" 200 43465
157.90.244.54 - - [19/May/2023:01:38:44 -0500] "GET / HTTP/1.1" 200 319
201.245.192.253 - - [19/May/2023:01:38:46 -0500] "POST /kwsrmcab/Wsrmcab HTTP/1.1" 200 41675
201.245.192.253 - - [19/May/2023:01:38:49 -0500] "POST /kwsrmcab/Wsrmcab HTTP/1.1" 200 43667
172.22.2.4 - - [19/May/2023:01:38:15 -0500] "HEAD /BLA/boletinlegal/ HTTP/1.1" 200 -
216.245.221.92 - - [19/May/2023:01:40:27 -0500] "HEAD / HTTP/1.1" 200 -
172.22.2.4 - - [19/May/2023:01:39:06 -0500] "GET /BLA/boletinlegal/ HTTP/1.1" 200 57151
66.249.69.31 - - [19/May/2023:01:41:44 -0500] "-" 408 -
201.245.192.253 - - [19/May/2023:01:42:22 -0500] "POST /kwsrmcab/Wsrmcab  HTTP/1.1" 200 43465
172.22.2.4 - - [19/May/2023:01:42:45 -0500] "GET /BLA/boletinlegal/ HTTP/1.1" 200 20427
216.245.221.92 - - [19/May/2023:01:45:27 -0500] "HEAD / HTTP/1.1" 200 -
172.22.2.4 - - [19/May/2023:01:44:05 -0500] "HEAD /BLA/boletinlegal/ HTTP/1.1" 200 -
172.22.2.4 - - [19/May/2023:01:44:55 -0500] "GET /BLA/boletinlegal/ HTTP/1.1" 200 57151
201.245.192.253 - - [19/May/2023:01:47:21 -0500] "POST /kwsrmcab/Wsrmcab  HTTP/1.1" 200 43465
216.126.80.181 - - [19/May/2023:01:49:35 -0500] "GET / HTTP/1.1" 200 319
216.245.221.92 - - [19/May/2023:01:50:27 -0500] "HEAD / HTTP/1.1" 200 -
172.22.2.4 - - [19/May/2023:01:49:55 -0500] "HEAD /BLA/boletinlegal/ HTTP/1.1" 200 -
201.245.192.253 - - [19/May/2023:01:52:20 -0500] "POST /kwsrmcab/Wsrmcab  HTTP/1.1" 200 43465
172.22.2.4 - - [19/May/2023:01:50:45 -0500] "GET /BLA/boletinlegal/ HTTP/1.1" 200 57945
216.245.221.92 - - [19/May/2023:01:55:27 -0500] "HEAD / HTTP/1.1" 200 -
199.16.157.180 - - [19/May/2023:01:55:41 -0500] "GET /images/atencion-al-ciudadano-abril.jpg HTTP/1.1" 200 116523
40.77.167.146 - - [19/May/2023:01:56:07 -0500] "GET /BLA/resoluciones/AUTOS%202021/4256.pdf HTTP/1.1" 304 -
201.245.192.253 - - [19/May/2023:01:57:19 -0500] "POST /kwsrmcab/Wsrmcab  HTTP/1.1" 200 43465
172.22.2.4 - - [19/May/2023:01:55:45 -0500] "HEAD /BLA/boletinlegal/ HTTP/1.1" 200 -
172.22.2.4 - - [19/May/2023:01:56:36 -0500] "GET /BLA/boletinlegal/ HTTP/1.1" 200 57561
216.245.221.92 - - [19/May/2023:02:00:27 -0500] "HEAD / HTTP/1.1" 200 -
52.167.144.32 - - [19/May/2023:02:01:31 -0500] "GET /portaldeninos/parque-ecologico-distrital-humedal-santa-maria-del-lago/ HTTP/1.1" 200 90199
40.77.167.146 - - [19/May/2023:02:01:50 -0500] "GET /BLA/resoluciones/AUTOS%202021/2023.pdf HTTP/1.1" 304 -
201.245.192.253 - - [19/May/2023:02:02:18 -0500] "POST /kwsrmcab/Wsrmcab  HTTP/1.1" 200 43465
172.22.2.4 - - [19/May/2023:02:01:35 -0500] "HEAD /BLA/boletinlegal/ HTTP/1.1" 200 -
49.7.21.71 - - [19/May/2023:02:03:48 -0500] "GET / HTTP/1.1" 200 319
172.22.2.4 - - [19/May/2023:02:02:26 -0500] "GET /BLA/boletinlegal/ HTTP/1.1" 200 52326
216.245.221.92 - - [19/May/2023:02:05:27 -0500] "HEAD / HTTP/1.1" 200 -
184.105.108.4 - - [19/May/2023:02:06:55 -0500] "-" 408 -
201.245.192.253 - - [19/May/2023:02:07:16 -0500] "POST /kwsrmcab/Wsrmcab  HTTP/1.1" 200 43465
172.22.2.4 - - [19/May/2023:02:07:25 -0500] "HEAD /BLA/boletinlegal/ HTTP/1.1" 200 -
172.22.2.4 - - [19/May/2023:02:08:15 -0500] "GET /BLA/boletinlegal/ HTTP/1.1" 200 57151
216.245.221.92 - - [19/May/2023:02:10:27 -0500] "HEAD / HTTP/1.1" 200 -
172.22.2.4 - - [19/May/2023:02:10:32 -0500] "GET /BLA/boletinlegal/robots.txt HTTP/1.1" 404 1038
172.22.2.4 - - [19/May/2023:02:10:33 -0500] "GET /BLA/boletinlegal/Directivas/2016/Directiva%20No.%2003%20del%2026%20de%20Julio%20de%202016.pdf HTTP/1.1" 200 370200
177.234.243.182 - - [19/May/2023:02:11:47 -0500] "GET / HTTP/1.1" 200 319
201.245.192.253 - - [19/May/2023:02:12:16 -0500] "POST /kwsrmcab/Wsrmcab  HTTP/1.1" 200 43465
52.167.144.46 - - [19/May/2023:02:12:59 -0500] "GET /portaldeninos/wp-content/uploads/2020/01/Infograf%C3%ADa.gif\"\" HTTP/1.1" 301 -
52.167.144.46 - - [19/May/2023:02:13:00 -0500] "GET /portaldeninos/wp-content/uploads/2020/01/Infograf%C3%ADa.gif HTTP/1.1" 200 965626
3.89.61.79 - - [19/May/2023:02:13:07 -0500] "GET / HTTP/1.1" 200 319
162.55.41.96 - - [19/May/2023:02:13:11 -0500] "GET / HTTP/1.1" 200 319
172.22.2.4 - - [19/May/2023:02:12:39 -0500] "GET /BLA/boletinlegal/index.php HTTP/1.1" 200 54424
172.22.2.4 - - [19/May/2023:02:14:29 -0500] "GET /BLA/boletinlegal/js/jquery.js HTTP/1.1" 200 57254
172.22.2.4 - - [19/May/2023:02:14:29 -0500] "GET /BLA/boletinlegal/style.css HTTP/1.1" 200 9406
172.22.2.4 - - [19/May/2023:02:14:34 -0500] "GET /BLA/boletinlegal/js/jquery.scrollShow.js HTTP/1.1" 200 4586
172.22.2.4 - - [19/May/2023:02:13:15 -0500] "HEAD /BLA/boletinlegal/ HTTP/1.1" 200 -
216.245.221.92 - - [19/May/2023:02:15:27 -0500] "HEAD / HTTP/1.1" 200 -
172.22.2.4 - - [19/May/2023:02:14:05 -0500] "GET /BLA/boletinlegal/ HTTP/1.1" 200 52326
201.245.192.253 - - [19/May/2023:02:17:14 -0500] "POST /kwsrmcab/Wsrmcab  HTTP/1.1" 200 43465
200.118.80.53 - - [19/May/2023:02:18:19 -0500] "GET /catalogoisis/ HTTP/1.1" 200 8575
200.118.80.53 - - [19/May/2023:02:18:19 -0500] "GET /catalogoisis/Css/Busqueda.css HTTP/1.1" 200 1995
200.118.80.53 - - [19/May/2023:02:18:19 -0500] "GET /catalogoisis/Js/CriterioCombinada.js HTTP/1.1" 200 1843
200.118.80.53 - - [19/May/2023:02:18:19 -0500] "GET /catalogoisis/Js/AceptarLimpiar.js HTTP/1.1" 200 331
200.118.80.53 - - [19/May/2023:02:18:19 -0500] "GET /catalogoisis/Js/Cookies.js HTTP/1.1" 200 1369
200.118.80.53 - - [19/May/2023:02:18:19 -0500] "GET /catalogoisis/Js/LimpiarCombinada.js HTTP/1.1" 200 207
200.118.80.53 - - [19/May/2023:02:18:19 -0500] "GET /catalogoisis/Js/Remote.js HTTP/1.1" 200 436
200.118.80.53 - - [19/May/2023:02:18:19 -0500] "GET /catalogoisis/Js/Go.js HTTP/1.1" 200 364
200.118.80.53 - - [19/May/2023:02:18:19 -0500] "GET /catalogoisis/Js/Enter.js HTTP/1.1" 200 1208
200.118.80.53 - - [19/May/2023:02:18:19 -0500] "GET /catalogoisis/Js/Numero.js HTTP/1.1" 200 398
200.118.80.53 - - [19/May/2023:02:18:19 -0500] "GET /catalogoisis/imagenes/br1c1.gif HTTP/1.1" 200 172
200.118.80.53 - - [19/May/2023:02:18:19 -0500] "GET /catalogoisis/imagenes/br1c3.gif HTTP/1.1" 200 302
200.118.80.53 - - [19/May/2023:02:18:19 -0500] "GET /catalogoisis/imagenes/Turnbo1.gif HTTP/1.1" 200 227
200.118.80.53 - - [19/May/2023:02:18:19 -0500] "GET /catalogoisis/imagenes/aceptar1.gif HTTP/1.1" 200 604
200.118.80.53 - - [19/May/2023:02:18:19 -0500] "GET /catalogoisis/imagenes/limpiar1.gif HTTP/1.1" 200 606
200.118.80.53 - - [19/May/2023:02:18:19 -0500] "GET /catalogoisis/imagenes/br3c3.gif HTTP/1.1" 200 186
200.118.80.53 - - [19/May/2023:02:18:19 -0500] "GET /catalogoisis/imagenes/br3c2.gif HTTP/1.1" 200 285
200.118.80.53 - - [19/May/2023:02:18:19 -0500] "GET /catalogoisis/imagenes/br3c1.gif HTTP/1.1" 200 177
200.118.80.53 - - [19/May/2023:02:18:19 -0500] "GET /catalogoisis/imagenes/br1c2.gif HTTP/1.1" 200 297
200.118.80.53 - - [19/May/2023:02:18:19 -0500] "GET /catalogoisis/imagenes/br2c1.gif HTTP/1.1" 200 297
200.118.80.53 - - [19/May/2023:02:18:19 -0500] "GET /catalogoisis/imagenes/br2c3.gif HTTP/1.1" 200 416
200.118.80.53 - - [19/May/2023:02:18:19 -0500] "GET /catalogoisis/imagenes/br2c2.gif HTTP/1.1" 200 302
200.118.80.53 - - [19/May/2023:02:18:19 -0500] "GET /catalogoisis/imagenes/Header.gif HTTP/1.1" 200 30313
200.118.80.53 - - [19/May/2023:02:18:20 -0500] "GET /favicon.ico HTTP/1.1" 200 7782
201.245.192.253 - - [19/May/2023:02:18:46 -0500] "POST /kwsrmcab/Wsrmcab HTTP/1.1" 200 42753
201.245.192.253 - - [19/May/2023:02:18:48 -0500] "POST /kwsrmcab/Wsrmcab HTTP/1.1" 200 43812
172.22.2.4 - - [19/May/2023:02:19:00 -0500] "GET /BLA/boletinlegal/actos.php HTTP/1.1" 200 9682
172.22.2.4 - - [19/May/2023:02:19:01 -0500] "GET /BLA/boletinlegal/styles2.css HTTP/1.1" 200 1838
172.22.2.4 - - [19/May/2023:02:19:01 -0500] "GET /BLA/boletinlegal/js/ajax_actos.js HTTP/1.1" 200 1322
172.22.2.4 - - [19/May/2023:02:19:01 -0500] "GET /BLA/boletinlegal/niceforms-default.css HTTP/1.1" 200 6694
172.22.2.4 - - [19/May/2023:02:19:01 -0500] "GET /BLA/boletinlegal/style.css HTTP/1.1" 200 9406
172.22.2.4 - - [19/May/2023:02:19:01 -0500] "GET /BLA/boletinlegal/niceforms.js HTTP/1.1" 200 22876
172.22.2.4 - - [19/May/2023:02:19:01 -0500] "GET /BLA/boletinlegal/js/popup.js HTTP/1.1" 200 1270
172.22.2.4 - - [19/May/2023:02:19:01 -0500] "GET /BLA/boletinlegal/js/lib.js HTTP/1.1" 200 6474
172.22.2.4 - - [19/May/2023:02:19:01 -0500] "GET /BLA/boletinlegal/js/jquery1.js HTTP/1.1" 200 29846
172.22.2.4 - - [19/May/2023:02:19:01 -0500] "GET /BLA/boletinlegal/images/cabezote%20BLEGAL.jpg HTTP/1.1" 200 118164
172.22.2.4 - - [19/May/2023:02:19:01 -0500] "GET /BLA/boletinlegal/images/subscribe-icon-big.png HTTP/1.1" 200 47702
172.22.2.4 - - [19/May/2023:02:19:01 -0500] "GET /BLA/boletinlegal/images/historia.png HTTP/1.1" 200 52775
172.22.2.4 - - [19/May/2023:02:19:01 -0500] "GET /BLA/boletinlegal/images/registro-usuarios.png HTTP/1.1" 200 8106
172.22.2.4 - - [19/May/2023:02:19:01 -0500] "GET /BLA/boletinlegal/images/tel.png HTTP/1.1" 200 14477
172.22.2.4 - - [19/May/2023:02:19:01 -0500] "GET /BLA/boletinlegal/images/green-yellow-blue-pink-th.png HTTP/1.1" 200 7394
172.22.2.4 - - [19/May/2023:02:19:01 -0500] "GET /BLA/boletinlegal/images/menu_lft.gif HTTP/1.1" 200 1713
172.22.2.4 - - [19/May/2023:02:19:01 -0500] "GET /BLA/boletinlegal/images/body_bg.jpg HTTP/1.1" 200 1601
172.22.2.4 - - [19/May/2023:02:19:01 -0500] "GET /BLA/boletinlegal/images/icono-email.png HTTP/1.1" 200 5544
172.22.2.4 - - [19/May/2023:02:19:01 -0500] "GET /BLA/boletinlegal/images/menu_rght.gif HTTP/1.1" 200 1627
172.22.2.4 - - [19/May/2023:02:19:01 -0500] "GET /BLA/boletinlegal/images/footer_bg.jpg HTTP/1.1" 200 586
172.22.2.4 - - [19/May/2023:02:19:01 -0500] "GET /BLA/boletinlegal/images/bg_top.jpg HTTP/1.1" 200 522
172.22.2.4 - - [19/May/2023:02:19:01 -0500] "GET /BLA/boletinlegal/images/menu_bg.jpg HTTP/1.1" 200 620
172.22.2.4 - - [19/May/2023:02:19:01 -0500] "GET /BLA/boletinlegal/images/footer_bg_l.jpg HTTP/1.1" 200 776
172.22.2.4 - - [19/May/2023:02:19:01 -0500] "GET /BLA/boletinlegal/images/hover.jpg HTTP/1.1" 200 640
172.22.2.4 - - [19/May/2023:02:19:01 -0500] "GET /BLA/boletinlegal/images/text.jpg HTTP/1.1" 200 568
172.22.2.4 - - [19/May/2023:02:19:01 -0500] "GET /BLA/boletinlegal/img/0.png HTTP/1.1" 200 110
172.22.2.4 - - [19/May/2023:02:19:01 -0500] "GET /BLA/boletinlegal/img/select-right.png HTTP/1.1" 200 44019
172.22.2.4 - - [19/May/2023:02:19:01 -0500] "GET /BLA/boletinlegal/img/select-left.png HTTP/1.1" 200 263
172.22.2.4 - - [19/May/2023:02:19:01 -0500] "GET /BLA/boletinlegal/img/button-right.png HTTP/1.1" 200 57878
172.22.2.4 - - [19/May/2023:02:19:01 -0500] "GET /BLA/boletinlegal/img/button-left.png HTTP/1.1" 200 57071
172.22.2.4 - - [19/May/2023:02:19:01 -0500] "GET /BLA/boletinlegal/img/button.png HTTP/1.1" 200 43241
172.22.2.4 - - [19/May/2023:02:19:01 -0500] "GET /BLA/boletinlegal/favicon.ico HTTP/1.1" 404 1230
157.55.39.210 - - [19/May/2023:02:20:15 -0500] "GET /BLA/resoluciones/AUTOS%202020/2604.pdf HTTP/1.1" 200 346688
216.245.221.92 - - [19/May/2023:02:20:27 -0500] "HEAD / HTTP/1.1" 200 -
172.22.2.4 - - [19/May/2023:02:19:05 -0500] "HEAD /BLA/boletinlegal/ HTTP/1.1" 200 -
40.77.167.97 - - [19/May/2023:02:21:26 -0500] "GET /BLA/resoluciones/AUTOS%202021/0472.pdf HTTP/1.1" 304 -
172.22.2.4 - - [19/May/2023:02:19:56 -0500] "GET /BLA/boletinlegal/ HTTP/1.1" 200 59306
201.245.192.253 - - [19/May/2023:02:22:13 -0500] "POST /kwsrmcab/Wsrmcab  HTTP/1.1" 200 43465
216.245.221.92 - - [19/May/2023:02:25:27 -0500] "HEAD / HTTP/1.1" 200 -
172.22.2.4 - - [19/May/2023:02:24:55 -0500] "HEAD /BLA/boletinlegal/ HTTP/1.1" 200 -
201.245.192.253 - - [19/May/2023:02:27:11 -0500] "POST /kwsrmcab/Wsrmcab  HTTP/1.1" 200 43465
172.22.2.4 - - [19/May/2023:02:25:45 -0500] "GET /BLA/boletinlegal/ HTTP/1.1" 200 57151
66.249.69.5 - - [19/May/2023:02:27:42 -0500] "-" 408 -
201.245.192.253 - - [19/May/2023:02:28:45 -0500] "POST /kwsrmcab/Wsrmcab HTTP/1.1" 200 42753
201.245.192.253 - - [19/May/2023:02:28:48 -0500] "POST /kwsrmcab/Wsrmcab HTTP/1.1" 200 43812
216.245.221.92 - - [19/May/2023:02:30:27 -0500] "HEAD / HTTP/1.1" 200 -
201.245.192.253 - - [19/May/2023:02:32:10 -0500] "POST /kwsrmcab/Wsrmcab  HTTP/1.1" 200 43465
172.22.2.4 - - [19/May/2023:02:30:45 -0500] "HEAD /BLA/boletinlegal/ HTTP/1.1" 200 -
40.77.167.146 - - [19/May/2023:02:32:53 -0500] "GET /BLA/resoluciones/AUTOS%202021/4617.pdf HTTP/1.1" 304 -
40.77.167.146 - - [19/May/2023:02:33:11 -0500] "GET /BLA/resoluciones/RESOLUCIONES%202022/3312.pdf HTTP/1.1" 304 -
172.22.2.4 - - [19/May/2023:02:31:35 -0500] "GET /BLA/boletinlegal/ HTTP/1.1" 200 57561
216.245.221.92 - - [19/May/2023:02:35:27 -0500] "HEAD / HTTP/1.1" 200 -
40.77.167.97 - - [19/May/2023:02:35:48 -0500] "GET /BLA/resoluciones/AUTOS%202021/1858.pdf HTTP/1.1" 304 -
201.245.192.253 - - [19/May/2023:02:37:08 -0500] "POST /kwsrmcab/Wsrmcab  HTTP/1.1" 200 43465
172.22.2.4 - - [19/May/2023:02:36:35 -0500] "HEAD /BLA/boletinlegal/ HTTP/1.1" 200 -
40.77.167.146 - - [19/May/2023:02:38:31 -0500] "GET /forest/ HTTP/1.1" 200 12041
201.245.192.253 - - [19/May/2023:02:38:46 -0500] "POST /kwsrmcab/Wsrmcab HTTP/1.1" 200 42753
201.245.192.253 - - [19/May/2023:02:38:48 -0500] "POST /kwsrmcab/Wsrmcab HTTP/1.1" 200 43812
136.243.136.201 - - [19/May/2023:02:38:55 -0500] "GET /dos-guacamayas-fueron-entregadas-en-bogota.html HTTP/1.1" 200 742
172.22.2.4 - - [19/May/2023:02:37:25 -0500] "GET /BLA/boletinlegal/ HTTP/1.1" 200 56287
216.245.221.92 - - [19/May/2023:02:40:27 -0500] "HEAD / HTTP/1.1" 200 -
201.245.192.253 - - [19/May/2023:02:42:07 -0500] "POST /kwsrmcab/Wsrmcab  HTTP/1.1" 200 43465
172.22.2.4 - - [19/May/2023:02:42:25 -0500] "HEAD /BLA/boletinlegal/ HTTP/1.1" 200 -
157.55.39.210 - - [19/May/2023:02:44:37 -0500] "GET /BLA/resoluciones/AUTOS%202021/4000.pdf HTTP/1.1" 304 -
172.22.2.4 - - [19/May/2023:02:43:15 -0500] "GET /BLA/boletinlegal/ HTTP/1.1" 200 57561
216.245.221.92 - - [19/May/2023:02:45:27 -0500] "HEAD / HTTP/1.1" 200 -
201.245.192.253 - - [19/May/2023:02:47:07 -0500] "POST /kwsrmcab/Wsrmcab  HTTP/1.1" 200 43465
157.55.39.210 - - [19/May/2023:02:47:17 -0500] "GET /BLA/resoluciones/AUTOS%202021/2032.pdf HTTP/1.1" 304 -
162.55.166.12 - - [19/May/2023:02:47:55 -0500] "GET / HTTP/1.1" 200 319
136.243.136.201 - - [19/May/2023:02:49:20 -0500] "GET /distrito-recupera-cerca-de-30-kilos-de-laurel-de-cera-e-invita-a-no-usar-esta-planta-para-la-celebracion-de-la-santa-cruz.html HTTP/1.1" 200 829
172.22.2.4 - - [19/May/2023:02:48:15 -0500] "HEAD /BLA/boletinlegal/ HTTP/1.1" 200 -
216.245.221.92 - - [19/May/2023:02:50:27 -0500] "HEAD / HTTP/1.1" 200 -
172.22.2.4 - - [19/May/2023:02:49:05 -0500] "GET /BLA/boletinlegal/ HTTP/1.1" 200 58307
201.245.192.253 - - [19/May/2023:02:52:06 -0500] "POST /kwsrmcab/Wsrmcab  HTTP/1.1" 200 43465
66.249.69.31 - - [19/May/2023:02:52:16 -0500] "-" 408 -
65.154.226.171 - - [19/May/2023:02:55:01 -0500] "GET /bla/boletinlegal/js/jquery.scrollshow.js HTTP/1.1" 200 4586
216.245.221.92 - - [19/May/2023:02:55:27 -0500] "HEAD / HTTP/1.1" 200 -
172.22.2.4 - - [19/May/2023:02:54:05 -0500] "HEAD /BLA/boletinlegal/ HTTP/1.1" 200 -
40.77.167.97 - - [19/May/2023:02:55:50 -0500] "GET /catalogoisis/ HTTP/1.1" 200 8575
172.22.2.4 - - [19/May/2023:02:54:55 -0500] "GET /BLA/boletinlegal/ HTTP/1.1" 200 53114
201.245.192.253 - - [19/May/2023:02:57:05 -0500] "POST /kwsrmcab/Wsrmcab  HTTP/1.1" 200 43465
216.245.221.92 - - [19/May/2023:03:00:27 -0500] "HEAD / HTTP/1.1" 200 -
172.22.2.4 - - [19/May/2023:02:59:55 -0500] "HEAD /BLA/boletinlegal/ HTTP/1.1" 200 -
201.245.192.253 - - [19/May/2023:03:02:03 -0500] "POST /kwsrmcab/Wsrmcab  HTTP/1.1" 200 43465
172.22.2.4 - - [19/May/2023:03:00:45 -0500] "GET /BLA/boletinlegal/ HTTP/1.1" 200 57151
216.245.221.92 - - [19/May/2023:03:05:27 -0500] "HEAD / HTTP/1.1" 200 -
201.245.192.253 - - [19/May/2023:03:07:02 -0500] "POST /kwsrmcab/Wsrmcab  HTTP/1.1" 200 43465
40.77.167.146 - - [19/May/2023:03:07:13 -0500] "GET /BLA/resoluciones/AUTOS%202021/3080.pdf HTTP/1.1" 200 391450
172.22.2.4 - - [19/May/2023:03:05:45 -0500] "HEAD /BLA/boletinlegal/ HTTP/1.1" 200 -
172.22.2.4 - - [19/May/2023:03:06:35 -0500] "GET /BLA/boletinlegal/ HTTP/1.1" 200 55934
216.245.221.92 - - [19/May/2023:03:10:27 -0500] "HEAD / HTTP/1.1" 200 -
201.245.192.253 - - [19/May/2023:03:12:01 -0500] "POST /kwsrmcab/Wsrmcab  HTTP/1.1" 200 43465
172.22.2.4 - - [19/May/2023:03:11:35 -0500] "HEAD /BLA/boletinlegal/ HTTP/1.1" 200 -
172.22.2.4 - - [19/May/2023:03:12:25 -0500] "GET /BLA/boletinlegal/ HTTP/1.1" 200 57151
40.77.167.97 - - [19/May/2023:03:15:02 -0500] "GET /BLA/resoluciones/RESOLUCIONES%202022/3654.pdf HTTP/1.1" 304 -
216.245.221.92 - - [19/May/2023:03:15:27 -0500] "HEAD / HTTP/1.1" 200 -
201.245.192.253 - - [19/May/2023:03:16:59 -0500] "POST /kwsrmcab/Wsrmcab  HTTP/1.1" 200 43465
201.245.192.253 - - [19/May/2023:03:18:46 -0500] "POST /kwsrmcab/Wsrmcab HTTP/1.1" 200 42295
201.245.192.253 - - [19/May/2023:03:18:48 -0500] "POST /kwsrmcab/Wsrmcab HTTP/1.1" 200 43817
172.22.2.4 - - [19/May/2023:03:17:25 -0500] "HEAD /BLA/boletinlegal/ HTTP/1.1" 200 -
172.22.2.4 - - [19/May/2023:03:18:15 -0500] "GET /BLA/boletinlegal/ HTTP/1.1" 200 59306
216.245.221.92 - - [19/May/2023:03:20:27 -0500] "HEAD / HTTP/1.1" 200 -
201.245.192.253 - - [19/May/2023:03:21:58 -0500] "POST /kwsrmcab/Wsrmcab  HTTP/1.1" 200 43465
172.22.2.4 - - [19/May/2023:03:23:52 -0500] "GET /BLA/boletinlegal/dns-query?dns=Qc8BAAABAAAAAAAABmdvb2dsZQNjb20AAAEAAQ HTTP/1.1" 406 -
172.22.2.4 - - [19/May/2023:03:23:15 -0500] "HEAD /BLA/boletinlegal/ HTTP/1.1" 200 -
216.245.221.92 - - [19/May/2023:03:25:27 -0500] "HEAD / HTTP/1.1" 200 -
172.22.2.4 - - [19/May/2023:03:24:05 -0500] "GET /BLA/boletinlegal/ HTTP/1.1" 200 57151
40.77.167.146 - - [19/May/2023:03:25:46 -0500] "GET /BLA/resoluciones/AUTOS%202022/2141.pdf HTTP/1.1" 304 -
201.245.192.253 - - [19/May/2023:03:26:57 -0500] "POST /kwsrmcab/Wsrmcab  HTTP/1.1" 200 43465
40.77.167.146 - - [19/May/2023:03:28:46 -0500] "GET /bla/resoluciones/resoluciones%202012/1015.pdf HTTP/1.1" 304 -
201.245.192.253 - - [19/May/2023:03:28:45 -0500] "POST /kwsrmcab/Wsrmcab HTTP/1.1" 200 42295
201.245.192.253 - - [19/May/2023:03:28:48 -0500] "POST /kwsrmcab/Wsrmcab HTTP/1.1" 200 43817
216.245.221.92 - - [19/May/2023:03:30:27 -0500] "HEAD / HTTP/1.1" 200 -
172.22.2.4 - - [19/May/2023:03:29:05 -0500] "HEAD /BLA/boletinlegal/ HTTP/1.1" 200 -
172.22.2.4 - - [19/May/2023:03:29:55 -0500] "GET /BLA/boletinlegal/ HTTP/1.1" 200 58663
201.245.192.253 - - [19/May/2023:03:31:57 -0500] "POST /kwsrmcab/Wsrmcab  HTTP/1.1" 200 43465
40.77.167.97 - - [19/May/2023:03:32:03 -0500] "GET /galeria/galeria/jquery.fancybox.js?v=2.1.5 HTTP/1.1" 200 48706
40.77.167.146 - - [19/May/2023:03:32:06 -0500] "GET /galeria/galeria/jquery.fancybox.css?v=2.1.5 HTTP/1.1" 200 4895
40.77.167.146 - - [19/May/2023:03:32:07 -0500] "GET /BLA/boletinlegal/js/jquery.scrollShow.js HTTP/1.1" 200 4586
66.249.79.134 - - [19/May/2023:03:33:33 -0500] "GET /inscribete-y-participa-en-las-caminatas-ecologicas-de-marzo.html HTTP/1.1" 200 924
216.245.221.92 - - [19/May/2023:03:35:27 -0500] "HEAD / HTTP/1.1" 200 -
172.22.2.4 - - [19/May/2023:03:34:55 -0500] "HEAD /BLA/boletinlegal/ HTTP/1.1" 200 -
40.77.167.146 - - [19/May/2023:03:36:38 -0500] "GET /BLA/resoluciones/AUTOS%202021/5088.pdf HTTP/1.1" 304 -
172.22.2.4 - - [19/May/2023:03:36:52 -0500] "POST /BLA/boletinlegal/dns-query HTTP/1.1" 406 -
201.245.192.253 - - [19/May/2023:03:36:56 -0500] "POST /kwsrmcab/Wsrmcab  HTTP/1.1" 200 43465
172.22.2.4 - - [19/May/2023:03:35:45 -0500] "GET /BLA/boletinlegal/ HTTP/1.1" 200 52326
201.245.192.253 - - [19/May/2023:03:38:46 -0500] "POST /kwsrmcab/Wsrmcab HTTP/1.1" 200 42295
201.245.192.253 - - [19/May/2023:03:38:48 -0500] "POST /kwsrmcab/Wsrmcab HTTP/1.1" 200 43817
216.245.221.92 - - [19/May/2023:03:40:27 -0500] "HEAD / HTTP/1.1" 200 -
166.0.218.28 - - [19/May/2023:03:40:44 -0500] "GET / HTTP/1.1" 200 319
128.1.248.26 - - [19/May/2023:03:41:34 -0500] "GET / HTTP/1.1" 200 319
128.1.248.26 - - [19/May/2023:03:41:38 -0500] "GET /showLogin.cc HTTP/1.1" 404 1018
201.245.192.253 - - [19/May/2023:03:41:55 -0500] "POST /kwsrmcab/Wsrmcab  HTTP/1.1" 200 43465
172.22.2.4 - - [19/May/2023:03:40:45 -0500] "HEAD /BLA/boletinlegal/ HTTP/1.1" 200 -
172.22.2.4 - - [19/May/2023:03:41:35 -0500] "GET /BLA/boletinlegal/ HTTP/1.1" 200 57151
40.77.167.146 - - [19/May/2023:03:45:18 -0500] "GET /BLA/resoluciones/RESOLUCIONES%202021/5252.pdf HTTP/1.1" 304 -
216.245.221.92 - - [19/May/2023:03:45:27 -0500] "HEAD / HTTP/1.1" 200 -
66.249.69.5 - - [19/May/2023:03:46:48 -0500] "-" 408 -
201.245.192.253 - - [19/May/2023:03:46:53 -0500] "POST /kwsrmcab/Wsrmcab  HTTP/1.1" 200 43465
172.22.2.4 - - [19/May/2023:03:46:22 -0500] "GET /BLA/boletinlegal/ HTTP/1.1" 200 36811
40.77.167.97 - - [19/May/2023:03:47:55 -0500] "GET /BLA/resoluciones/RESOLUCIONES%202022/2791.pdf HTTP/1.1" 304 -
172.22.2.4 - - [19/May/2023:03:46:35 -0500] "HEAD /BLA/boletinlegal/ HTTP/1.1" 200 -
172.22.2.4 - - [19/May/2023:03:47:25 -0500] "GET /BLA/boletinlegal/ HTTP/1.1" 200 58663
216.245.221.92 - - [19/May/2023:03:50:27 -0500] "HEAD / HTTP/1.1" 200 -
201.245.192.253 - - [19/May/2023:03:51:52 -0500] "POST /kwsrmcab/Wsrmcab  HTTP/1.1" 200 43465
172.22.2.4 - - [19/May/2023:03:52:25 -0500] "HEAD /BLA/boletinlegal/ HTTP/1.1" 200 -
172.22.2.4 - - [19/May/2023:03:53:15 -0500] "GET /BLA/boletinlegal/ HTTP/1.1" 200 57151
216.245.221.92 - - [19/May/2023:03:55:27 -0500] "HEAD / HTTP/1.1" 200 -
201.245.192.253 - - [19/May/2023:03:56:51 -0500] "POST /kwsrmcab/Wsrmcab  HTTP/1.1" 200 43465
157.55.39.210 - - [19/May/2023:03:57:26 -0500] "GET /BLA/resoluciones/AUTOS%202021/1790.pdf HTTP/1.1" 304 -
157.55.39.210 - - [19/May/2023:03:58:25 -0500] "GET /BLA/resoluciones/AUTOS%202021/2147.pdf HTTP/1.1" 304 -
172.22.2.4 - - [19/May/2023:03:58:48 -0500] "GET /BLA/boletinlegal/jurisprudencia/analisis/ANALISIST-257-96.docx HTTP/1.1" 304 -
172.22.2.4 - - [19/May/2023:03:58:15 -0500] "HEAD /BLA/boletinlegal/ HTTP/1.1" 200 -
216.245.221.92 - - [19/May/2023:04:00:27 -0500] "HEAD / HTTP/1.1" 200 -
172.22.2.4 - - [19/May/2023:03:59:05 -0500] "GET /BLA/boletinlegal/ HTTP/1.1" 200 57151
201.245.192.253 - - [19/May/2023:04:01:50 -0500] "POST /kwsrmcab/Wsrmcab  HTTP/1.1" 200 43465
157.55.39.210 - - [19/May/2023:04:03:25 -0500] "GET /BLA/resoluciones/AUTOS%202019/4857.pdf HTTP/1.1" 200 49420
216.245.221.92 - - [19/May/2023:04:05:27 -0500] "HEAD / HTTP/1.1" 200 -
172.22.2.4 - - [19/May/2023:04:04:05 -0500] "HEAD /BLA/boletinlegal/ HTTP/1.1" 200 -
172.22.2.4 - - [19/May/2023:04:04:55 -0500] "GET /BLA/boletinlegal/ HTTP/1.1" 200 56754
201.245.192.253 - - [19/May/2023:04:06:49 -0500] "POST /kwsrmcab/Wsrmcab  HTTP/1.1" 200 43465
159.69.179.16 - - [19/May/2023:04:08:08 -0500] "GET / HTTP/1.1" 200 319
40.77.167.146 - - [19/May/2023:04:09:20 -0500] "GET /BLA/resoluciones/AUTOS%202022/0445.pdf HTTP/1.1" 304 -
172.22.2.4 - - [19/May/2023:04:09:31 -0500] "GET /BLA/boletinlegal/ HTTP/1.1" 200 28619
216.245.221.92 - - [19/May/2023:04:10:27 -0500] "HEAD / HTTP/1.1" 200 -
40.77.167.146 - - [19/May/2023:04:10:40 -0500] "GET /BLA/resoluciones/RESOLUCIONES%202022/2371.pdf HTTP/1.1" 304 -
172.22.2.4 - - [19/May/2023:04:09:55 -0500] "HEAD /BLA/boletinlegal/ HTTP/1.1" 200 -
201.245.192.253 - - [19/May/2023:04:11:48 -0500] "POST /kwsrmcab/Wsrmcab  HTTP/1.1" 200 43465
172.22.2.4 - - [19/May/2023:04:10:45 -0500] "GET /BLA/boletinlegal/ HTTP/1.1" 200 59306
40.77.167.146 - - [19/May/2023:04:12:41 -0500] "GET /BLA/resoluciones/AUTOS%202021/6358.pdf HTTP/1.1" 304 -
157.55.39.210 - - [19/May/2023:04:13:56 -0500] "GET /BLA/resoluciones/RESOLUCIONES%202008/0735.pdf HTTP/1.1" 200 43474
216.245.221.92 - - [19/May/2023:04:15:27 -0500] "HEAD / HTTP/1.1" 200 -
40.77.167.97 - - [19/May/2023:04:16:49 -0500] "GET /BLA/resoluciones/AUTOS%202021/5310.pdf HTTP/1.1" 304 -
201.245.192.253 - - [19/May/2023:04:16:47 -0500] "POST /kwsrmcab/Wsrmcab  HTTP/1.1" 200 43465
172.22.2.4 - - [19/May/2023:04:16:49 -0500] "GET /BLA/boletinlegal/actos.php HTTP/1.1" 200 9682
172.22.2.4 - - [19/May/2023:04:17:07 -0500] "GET /BLA/boletinlegal/consulta_actos.php?tipo=autos&no=2173&usuario=&sector=&fecha=2022&resuelve= HTTP/1.1" 200 1077
172.22.2.4 - - [19/May/2023:04:15:45 -0500] "HEAD /BLA/boletinlegal/ HTTP/1.1" 200 -
172.22.2.4 - - [19/May/2023:04:16:47 -0500] "GET /BLA/boletinlegal/ HTTP/1.1" 200 24523
66.249.69.5 - - [19/May/2023:04:17:44 -0500] "-" 408 -
172.22.2.4 - - [19/May/2023:04:16:35 -0500] "GET /BLA/boletinlegal/ HTTP/1.1" 200 51620
201.245.192.253 - - [19/May/2023:04:18:45 -0500] "POST /kwsrmcab/Wsrmcab HTTP/1.1" 200 43332
201.245.192.253 - - [19/May/2023:04:18:47 -0500] "POST /kwsrmcab/Wsrmcab HTTP/1.1" 200 43803
157.55.39.210 - - [19/May/2023:04:19:16 -0500] "GET /BLA/resoluciones/RESOLUCIONES%202021/1865.pdf HTTP/1.1" 200 466582
172.22.2.4 - - [19/May/2023:04:19:51 -0500] "GET /BLA/boletinlegal/style.css HTTP/1.1" 200 9406
172.22.2.4 - - [19/May/2023:04:19:51 -0500] "GET /BLA/boletinlegal/styles2.css HTTP/1.1" 200 1838
172.22.2.4 - - [19/May/2023:04:19:51 -0500] "GET /BLA/boletinlegal/js/jquery.js HTTP/1.1" 200 57254
172.22.2.4 - - [19/May/2023:04:19:51 -0500] "GET /BLA/boletinlegal/js/jquery.scrollTo-min.js HTTP/1.1" 200 1150
172.22.2.4 - - [19/May/2023:04:19:51 -0500] "GET /BLA/boletinlegal/js/jquery.scrollShow.js HTTP/1.1" 200 4586
172.22.2.4 - - [19/May/2023:04:19:52 -0500] "GET /BLA/boletinlegal/images/cabezote%20BLEGAL.jpg HTTP/1.1" 200 118164
172.22.2.4 - - [19/May/2023:04:19:52 -0500] "GET /BLA/boletinlegal/images/subscribe-icon-big.png HTTP/1.1" 200 47702
172.22.2.4 - - [19/May/2023:04:19:52 -0500] "GET /BLA/boletinlegal/images/historia.png HTTP/1.1" 200 52775
172.22.2.4 - - [19/May/2023:04:19:52 -0500] "GET /BLA/boletinlegal/images/registro-usuarios.png HTTP/1.1" 200 8106
172.22.2.4 - - [19/May/2023:04:19:52 -0500] "GET /BLA/boletinlegal/images/arr_l.jpg HTTP/1.1" 200 1979
172.22.2.4 - - [19/May/2023:04:19:52 -0500] "GET /BLA/boletinlegal/images/screen_1.png HTTP/1.1" 200 202547
172.22.2.4 - - [19/May/2023:04:19:52 -0500] "GET /BLA/boletinlegal/images/launch.jpg HTTP/1.1" 200 14577
172.22.2.4 - - [19/May/2023:04:19:53 -0500] "GET /BLA/boletinlegal/images/body_bg.jpg HTTP/1.1" 200 1601
172.22.2.4 - - [19/May/2023:04:19:53 -0500] "GET /BLA/boletinlegal/images/menu_lft.gif HTTP/1.1" 200 1713
172.22.2.4 - - [19/May/2023:04:19:53 -0500] "GET /BLA/boletinlegal/images/menu_rght.gif HTTP/1.1" 200 1627
172.22.2.4 - - [19/May/2023:04:19:53 -0500] "GET /BLA/boletinlegal/images/bg_top.jpg HTTP/1.1" 200 522
172.22.2.4 - - [19/May/2023:04:19:53 -0500] "GET /BLA/boletinlegal/images/menu_bg.jpg HTTP/1.1" 200 620
172.22.2.4 - - [19/May/2023:04:19:53 -0500] "GET /BLA/boletinlegal/images/text.jpg HTTP/1.1" 200 568
172.22.2.4 - - [19/May/2023:04:19:53 -0500] "GET /BLA/boletinlegal/images/hover.jpg HTTP/1.1" 200 640
172.22.2.4 - - [19/May/2023:04:19:58 -0500] "GET /BLA/boletinlegal/images/screen_2.png HTTP/1.1" 200 362502
172.22.2.4 - - [19/May/2023:04:19:59 -0500] "GET /BLA/boletinlegal/images/screen_3.png HTTP/1.1" 200 210620
172.22.2.4 - - [19/May/2023:04:19:59 -0500] "GET /BLA/boletinlegal/images/screen_5.png HTTP/1.1" 200 368876
172.22.2.4 - - [19/May/2023:04:19:59 -0500] "GET /BLA/boletinlegal/images/arr_r.jpg HTTP/1.1" 200 1998
172.22.2.4 - - [19/May/2023:04:20:07 -0500] "GET /BLA/boletinlegal/images/pdf.gif HTTP/1.1" 200 567
216.245.221.92 - - [19/May/2023:04:20:27 -0500] "HEAD / HTTP/1.1" 200 -
172.22.2.4 - - [19/May/2023:04:20:30 -0500] "GET /BLA/boletinlegal/images/footer_bg.jpg HTTP/1.1" 200 586
172.22.2.4 - - [19/May/2023:04:20:59 -0500] "GET /BLA/boletinlegal/images/background.gif HTTP/1.1" 200 -
172.22.2.4 - - [19/May/2023:04:19:51 -0500] "GET /BLA/boletinlegal/ HTTP/1.1" 200 61759
172.22.2.4 - - [19/May/2023:04:21:31 -0500] "GET /BLA/boletinlegal/favicon.ico HTTP/1.1" 404 1308
201.245.192.253 - - [19/May/2023:04:21:45 -0500] "POST /kwsrmcab/Wsrmcab  HTTP/1.1" 200 43465
172.22.2.4 - - [19/May/2023:04:21:35 -0500] "HEAD /BLA/boletinlegal/ HTTP/1.1" 200 -
172.22.2.4 - - [19/May/2023:04:22:25 -0500] "GET /BLA/boletinlegal/ HTTP/1.1" 200 57151
216.245.221.92 - - [19/May/2023:04:25:27 -0500] "HEAD / HTTP/1.1" 200 -
201.245.192.253 - - [19/May/2023:04:26:44 -0500] "POST /kwsrmcab/Wsrmcab  HTTP/1.1" 200 43465
201.245.192.253 - - [19/May/2023:04:28:45 -0500] "POST /kwsrmcab/Wsrmcab HTTP/1.1" 200 43332
201.245.192.253 - - [19/May/2023:04:28:48 -0500] "POST /kwsrmcab/Wsrmcab HTTP/1.1" 200 43803
172.22.2.4 - - [19/May/2023:04:27:25 -0500] "HEAD /BLA/boletinlegal/ HTTP/1.1" 200 -
31.13.127.25 - - [19/May/2023:04:29:32 -0500] "GET /images/negocios-verdes-mayo-2022.jpg HTTP/1.1" 200 48000
172.22.2.4 - - [19/May/2023:04:28:15 -0500] "GET /BLA/boletinlegal/ HTTP/1.1" 200 57561
216.245.221.92 - - [19/May/2023:04:30:27 -0500] "HEAD / HTTP/1.1" 200 -
172.22.2.4 - - [19/May/2023:04:31:02 -0500] "GET /BLA/boletinlegal/Directivas/2017/Directiva%20No.%2004%20del%2028%20de%20Abril%20de%202017.pdf HTTP/1.1" 200 8194919
201.245.192.253 - - [19/May/2023:04:31:43 -0500] "POST /kwsrmcab/Wsrmcab  HTTP/1.1" 200 43465
181.62.236.80 - - [19/May/2023:04:33:49 -0500] "GET /sia/ HTTP/1.1" 200 2661
181.62.236.80 - - [19/May/2023:04:33:50 -0500] "GET /css/fondos.css HTTP/1.1" 404 1254
181.62.236.80 - - [19/May/2023:04:33:50 -0500] "GET /css/bordes.css HTTP/1.1" 404 1254
181.62.236.80 - - [19/May/2023:04:33:50 -0500] "GET /css/date_blue.css HTTP/1.1" 404 1254
181.62.236.80 - - [19/May/2023:04:33:50 -0500] "GET /css/textos.css HTTP/1.1" 404 1254
