201.245.192.253 - - [20/May/2023:16:08:56 -0500] "POST /kwsrmcab/Wsrmcab  HTTP/1.1" 200 43465
172.22.2.4 - - [20/May/2023:16:08:13 -0500] "HEAD /BLA/boletinlegal/ HTTP/1.1" 200 -
216.245.221.92 - - [20/May/2023:16:10:21 -0500] "HEAD / HTTP/1.1" 200 -
190.24.102.45 - - [20/May/2023:16:10:27 -0500] "GET /forest/login.do HTTP/1.1" 404 1120
172.22.2.4 - - [20/May/2023:16:09:04 -0500] "GET /BLA/boletinlegal/ HTTP/1.1" 200 58663
201.245.192.253 - - [20/May/2023:16:13:54 -0500] "POST /kwsrmcab/Wsrmcab  HTTP/1.1" 200 43465
190.26.151.236 - - [20/May/2023:16:14:00 -0500] "GET /galeria/galeria/jquery.fancybox.css?v=2.1.5 HTTP/1.1" 200 4895
190.26.151.236 - - [20/May/2023:16:14:00 -0500] "GET /BLA/boletinlegal/js/jquery.scrollShow.js HTTP/1.1" 200 4586
190.26.151.236 - - [20/May/2023:16:14:00 -0500] "GET /galeria/galeria/jquery.fancybox.js?v=2.1.5 HTTP/1.1" 200 48706
216.245.221.92 - - [20/May/2023:16:15:21 -0500] "HEAD / HTTP/1.1" 200 -
172.22.2.4 - - [20/May/2023:16:14:03 -0500] "HEAD /BLA/boletinlegal/ HTTP/1.1" 200 -
172.22.2.4 - - [20/May/2023:16:14:54 -0500] "GET /BLA/boletinlegal/ HTTP/1.1" 200 59656
201.245.192.253 - - [20/May/2023:16:18:38 -0500] "POST /kwsrmcab/Wsrmcab HTTP/1.1" 200 43963
201.245.192.253 - - [20/May/2023:16:18:41 -0500] "POST /kwsrmcab/Wsrmcab HTTP/1.1" 200 44123
201.245.192.253 - - [20/May/2023:16:18:54 -0500] "POST /kwsrmcab/Wsrmcab  HTTP/1.1" 200 43465
186.86.32.196 - - [20/May/2023:16:19:41 -0500] "OPTIONS /kwssiamovil/sm/setfile/f? HTTP/1.1" 200 13
186.86.32.196 - - [20/May/2023:16:19:41 -0500] "POST /kwssiamovil/sm/setfile/f? HTTP/1.1" 200 381
186.86.32.196 - - [20/May/2023:16:19:46 -0500] "OPTIONS /kwssiamovil/sm/setfile/f? HTTP/1.1" 200 13
200.119.40.107 - - [20/May/2023:16:19:46 -0500] "GET /postulate-al-programa-de-mujeres-por-el-cambio-climatico-en-bogota.html HTTP/1.1" 200 856
186.86.32.196 - - [20/May/2023:16:19:46 -0500] "POST /kwssiamovil/sm/setfile/f? HTTP/1.1" 200 381
186.86.32.196 - - [20/May/2023:16:19:49 -0500] "OPTIONS /kwssiamovil/sm/setfile/f? HTTP/1.1" 200 13
186.86.32.196 - - [20/May/2023:16:19:49 -0500] "POST /kwssiamovil/sm/setfile/f? HTTP/1.1" 200 381
186.86.32.196 - - [20/May/2023:16:20:07 -0500] "GET /kwssiamovil/sm/acme/a?s=U2FsdGVkX1/P/jf+WdPnPDbsn5h17DPk6EHB8+9BoiIjNIQa0qy31zKYHrXsF/bpQKaAkrllDROmWQaLQzN9Y5nXl0bzSfZ5BTAk9Fh2k1/CUSooeDkUgVnwZYuRJbUfgIizY0ddakWl4AxWf5LPR90ZJhUOEdmSDXGDCBYRtny4OrSda+WBIfwTQ/0dCxAY9atc98JG85UNmm0Yua35gSW0FeYIbwcdS+1sfg2otiQYmW6A9phQnNv536DcEk5cfpz4jmB1OKjeqVQUnEf5AA==&u=U2FsdGVkX18Yb4PUpKCWdzbSWiAy4G0zreSVg5NSQkc=&y=U2FsdGVkX18Ha57xvZyRNeZY73GcShPPSkbMGa8L9KU= HTTP/1.1" 200 26
186.86.32.196 - - [20/May/2023:16:20:08 -0500] "GET /kwssiamovil/sm/acme/a?s=U2FsdGVkX1/uq79FP9KoVcfo9ePOY8vzdfb9DLp2diM2beJuNTzxJzfUOZorAdrGKVbdfFi1YDPLcEYkV9cSEgtAy/7do6YsHQwbU8QsO8l7lSmYHxBvdCYPbwBS+/yRjRjnhm4O6M9FRUlofdZMYek/hxgi3Fy4tQuEmO/AWDNfGjfykHzllOPhmDSrSJ9mDFyppfb/s3/f0BjatpARsOKGxNfUbFd5sWc3oXk7NpSK6foSubfUYLa5S9CWqd/k5hDrfCM5ka39qKag65WAudu4MnnLBKyRwZPR8g7m4pCxZJRYMBUFbQqsTAq68nSxZJkxNBWfhjT6wWnOstgMsYvJrN7vxs8DqPjoOoq2/IE29RkdKXuzmW2XTgb8el9i72JxB4cB0Rr6VnJGjlqYAjTb6uKhxqOcakyP4ZJdKHDxcn2JKkjOEHhNO3/Z2ApNPVecBF36lzCEe2sJC+p1STGrDX/6Mm1EyfEzgl8e4H3HcBrmm+NY/5+WwEYQT99EQ/UxCdD1hQ5Cr8aBACpG/K6f1rVh6pXeVQeBCXCV5wAcPbW8mNjb0cL1Szgou9kbecHRqDymBs82zzcK4yLgy4+xYyp2n5RCLlXpArcrs+tpCo/Dq9YfP8RmX3CItO5k6P/PjROEAnWgEFh3Ap01zikePgHLtXN4YaebSdDPOePAaSgVJNa8m16TnVkLQzspyo+ptQLvYBcsaHXuhSPQxTBJF238oGH/U7+QczUMXfycXm/pbSOazkNTXoGt2JmnBNM/cI+Ww4ROZ5Ke7Cg5gLUbDk3OpOs+lVOf/1mT40ONljQlGd8hUBckIQYF/pCqAi7bpwprOasbvSlJR6RFvttJFXT5pRnxMn1eHprPx/5CIWnxciXPLq9VbhOTPayBI+jxBjeMFxiY0llg4ZA8Uc7ldCst+cezZRsRwkp22k7VzbJDwwefyLYcG9HMMD/x185ZAgGAnaEIwl09kqQD4gv3xwe4MULg7qnw52FyVWhwHCzV7Qt+LWk84XaFIhHW9sPkWacV5ql5/f0svQ7XAw==&u=U2FsdGVkX18Yb4PUpKCWdzbSWiAy4G0zreSVg5NSQkc=&y=U2FsdGVkX18Ha57xvZyRNeZY73GcShPPSkbMGa8L9KU= HTTP/1.1" 200 26
186.86.32.196 - - [20/May/2023:16:20:08 -0500] "GET /kwssiamovil/sm/acme/a?s=U2FsdGVkX1/50euccdMyaf1c5mcuRkVbD7iDGaDbS1XRx7FvuSy039XIdkZRDBKlsxKdxa2kr+IS+IcIuTCgTD/BviDESQJ6BLdPUZb5FAUAz6E1+yNoB+e6s//lqNIKSsv2b8PinsyN7o3UM7N/1bQNStdbRLxEgoM3bk12tHo=&u=U2FsdGVkX18Yb4PUpKCWdzbSWiAy4G0zreSVg5NSQkc=&y=U2FsdGVkX18Ha57xvZyRNeZY73GcShPPSkbMGa8L9KU= HTTP/1.1" 200 26
186.86.32.196 - - [20/May/2023:16:20:08 -0500] "GET /kwssiamovil/sm/acme/a?s=U2FsdGVkX18rApkHttkLUXyetwDuQxqKXJly9gybLG07mwQZtH8XSzWBXoZIfr2u3daawh7L/1+Bz06BqfDaKaYPZ8UCfAoEUrscTICx8Vs9DeQLnCnyiMTiA1yMc7FCMrmE6oY/NtSBeYfSHVQiJmQbcoQ93aX7i1t4ZyKU9MI=&u=U2FsdGVkX18Yb4PUpKCWdzbSWiAy4G0zreSVg5NSQkc=&y=U2FsdGVkX18Ha57xvZyRNeZY73GcShPPSkbMGa8L9KU= HTTP/1.1" 200 26
186.86.32.196 - - [20/May/2023:16:20:08 -0500] "GET /kwssiamovil/sm/acme/a?s=U2FsdGVkX19TNL2aFxv+M3Jz3mHRh3L21GYy69S5CF+aJgigT0BurU5//bI7hx6J+sBh3kyEoRajG3JFLxojHdgjEAz+wB2gYiiRz3NkbsnEz9boEjDDQSVXzePTZHxg3ujo20zHVfzSN1yXVTFUI9uBCSPdNkhEHP9BC6vvHOM=&u=U2FsdGVkX18Yb4PUpKCWdzbSWiAy4G0zreSVg5NSQkc=&y=U2FsdGVkX18Ha57xvZyRNeZY73GcShPPSkbMGa8L9KU= HTTP/1.1" 200 26
186.86.32.196 - - [20/May/2023:16:20:09 -0500] "GET /kwssiamovil/sm/acme/a?s=U2FsdGVkX188pSuyOu3onMay8WxPrPJ2Zng4q4O0xRPEn64sr2fm8V4kn70c7DCs4L3XQ01CboWZWolsxC3Yl0XoskWa0VNPCgCNXp3sri1AT0fK20rJXDJyvS3oHhaCKXoRhpy0EfnI3/Qr4G5ysi22wGF971U9+UGLXxk6CW975RWBCepwF4iKah34L4DU&u=U2FsdGVkX18Yb4PUpKCWdzbSWiAy4G0zreSVg5NSQkc=&y=U2FsdGVkX18Ha57xvZyRNeZY73GcShPPSkbMGa8L9KU= HTTP/1.1" 200 26
186.86.32.196 - - [20/May/2023:16:20:09 -0500] "GET /kwssiamovil/sm/acme/a?s=U2FsdGVkX19RQduXr0Zx95UsVhpRumf+YTreOm80fmWRqAFISuRCoRWM8At9UnVViqwwxF+C2L6ipxIWtTu7eBRTQM9rdoNFuE6uPL85xUk8QqJ0Qnpw8s8pWnhy9IVdUWFa7MRR8Fzsb19SGzCvZ7jVH8msHePGEEsYjoroQT4ALemZUG4QG6lz2P0hflHO2CWQAMiNCL2nozzXgavKXg==&u=U2FsdGVkX18Yb4PUpKCWdzbSWiAy4G0zreSVg5NSQkc=&y=U2FsdGVkX18Ha57xvZyRNeZY73GcShPPSkbMGa8L9KU= HTTP/1.1" 200 26
186.86.32.196 - - [20/May/2023:16:20:09 -0500] "GET /kwssiamovil/sm/acme/a?s=U2FsdGVkX18z0aVas4aQPQwZKX6G6f5CcZ0y7e3cCKiLHrtorX/Bf3Y4QJqZAygZRXCfHzwE7P2g0fsz0RID2u1Um8oL74wULBLactlcEQyTI4gvwd7kWEYxsnmBDCgRiK65Aq5oxSYOezaJ4IrucCeVI1gMTZt2988+OlSH529tGZDA0DboRwsjh0TqwA40&u=U2FsdGVkX18Yb4PUpKCWdzbSWiAy4G0zreSVg5NSQkc=&y=U2FsdGVkX18Ha57xvZyRNeZY73GcShPPSkbMGa8L9KU= HTTP/1.1" 200 26
186.86.32.196 - - [20/May/2023:16:20:09 -0500] "GET /kwssiamovil/sm/acme/a?s=U2FsdGVkX1+BJyCkjoT3G6aufTh4fGvLs2AvTsLm6t5xFd6lGX7ZKMm1Ao92dPWpbJ/pTUtMlgJCH2IUfPtBAyPSuZrSyITjcHCXGgxma1TdjLd0TuaUtv4ZiKarcR148fHsrGmqIBhcrOXFXDtmRiLVKvhEGFpIImGOIKDRxcB9jfLGaS+lu/V3MG0calVhaGU+xHL7a3FOPgLmL7j97g==&u=U2FsdGVkX18Yb4PUpKCWdzbSWiAy4G0zreSVg5NSQkc=&y=U2FsdGVkX18Ha57xvZyRNeZY73GcShPPSkbMGa8L9KU= HTTP/1.1" 200 26
186.86.32.196 - - [20/May/2023:16:20:10 -0500] "GET /kwssiamovil/sm/acme/a?s=U2FsdGVkX1+ht55ltVRjkV5tHqB4/yWMl1F+bWO6OhFSdx9RmawD+x+qKEfxW+CgXPacByeZIAKnlNp+1j8ohOoahUd0OSpzLkq0FdkiFzmVnYvdd5cVON8oNYRAbNIRixToRaRtlO5wUinyrGayRXR/r1cT0R546etPAodMdzR3Nm059Y4GiRQdDIxrjvNu&u=U2FsdGVkX18Yb4PUpKCWdzbSWiAy4G0zreSVg5NSQkc=&y=U2FsdGVkX18Ha57xvZyRNeZY73GcShPPSkbMGa8L9KU= HTTP/1.1" 200 26
186.86.32.196 - - [20/May/2023:16:20:10 -0500] "GET /kwssiamovil/sm/acme/a?s=U2FsdGVkX19ZzEpta1MNVIIYltbkJE6wukTnI+rwpKUF5mZtaBMaKvX5g1yegvMzHj0EyIXQ+hxJSPfRVNy30ntm7bZWOA5OcfRHnDD8kFvJZde+bgcwOCsFZxnHZoKvXwMZDFPxvkTb49QXHwVGo1Ig+lSKVKP+pSPLSRMVR0cOdWjrtjOpNpbVj20YCB69ldRbYqX3GTvv6LRYG1Qx1g==&u=U2FsdGVkX18Yb4PUpKCWdzbSWiAy4G0zreSVg5NSQkc=&y=U2FsdGVkX18Ha57xvZyRNeZY73GcShPPSkbMGa8L9KU= HTTP/1.1" 200 26
186.86.32.196 - - [20/May/2023:16:20:10 -0500] "GET /kwssiamovil/sm/acme/a?s=U2FsdGVkX18RSqH5O2KhoTWj0nOqoTeppFtwA2NDEIhEmwABTJOFaPWY5RalHXPtcCGhSkjch5+u1Ba/kZlgZ9TTyc05xxrGWMEQemBwy0Qp49EZlt0z5ekyy7aLSiXJ9/r/3BU72icUXBWzxHsfONDkN80qPTG5lL06jkiEQPE4WMO8MHivyNMukbrKQvFC&u=U2FsdGVkX18Yb4PUpKCWdzbSWiAy4G0zreSVg5NSQkc=&y=U2FsdGVkX18Ha57xvZyRNeZY73GcShPPSkbMGa8L9KU= HTTP/1.1" 200 26
216.245.221.92 - - [20/May/2023:16:20:21 -0500] "HEAD / HTTP/1.1" 200 -
198.235.24.30 - - [20/May/2023:16:20:27 -0500] "GET / HTTP/1.1" 200 319
172.22.2.4 - - [20/May/2023:16:19:53 -0500] "HEAD /BLA/boletinlegal/ HTTP/1.1" 200 -
66.249.77.23 - - [20/May/2023:16:21:53 -0500] "-" 408 -
172.22.2.4 - - [20/May/2023:16:20:44 -0500] "GET /BLA/boletinlegal/ HTTP/1.1" 200 53114
172.22.2.4 - - [20/May/2023:16:23:04 -0500] "GET /BLA/boletinlegal/actos.php HTTP/1.1" 200 9682
172.22.2.4 - - [20/May/2023:16:23:04 -0500] "GET /BLA/boletinlegal/styles2.css HTTP/1.1" 200 1838
172.22.2.4 - - [20/May/2023:16:23:04 -0500] "GET /BLA/boletinlegal/js/ajax_actos.js HTTP/1.1" 200 1322
172.22.2.4 - - [20/May/2023:16:23:04 -0500] "GET /BLA/boletinlegal/niceforms-default.css HTTP/1.1" 200 6694
172.22.2.4 - - [20/May/2023:16:23:04 -0500] "GET /BLA/boletinlegal/style.css HTTP/1.1" 200 9406
172.22.2.4 - - [20/May/2023:16:23:04 -0500] "GET /BLA/boletinlegal/niceforms.js HTTP/1.1" 200 22876
172.22.2.4 - - [20/May/2023:16:23:04 -0500] "GET /BLA/boletinlegal/js/lib.js HTTP/1.1" 200 6474
172.22.2.4 - - [20/May/2023:16:23:04 -0500] "GET /BLA/boletinlegal/js/popup.js HTTP/1.1" 200 1270
172.22.2.4 - - [20/May/2023:16:23:04 -0500] "GET /BLA/boletinlegal/js/jquery1.js HTTP/1.1" 200 29846
172.22.2.4 - - [20/May/2023:16:23:04 -0500] "GET /BLA/boletinlegal/images/cabezote%20BLEGAL.jpg HTTP/1.1" 200 118164
172.22.2.4 - - [20/May/2023:16:23:04 -0500] "GET /BLA/boletinlegal/images/subscribe-icon-big.png HTTP/1.1" 200 47702
172.22.2.4 - - [20/May/2023:16:23:04 -0500] "GET /BLA/boletinlegal/images/historia.png HTTP/1.1" 200 52775
172.22.2.4 - - [20/May/2023:16:23:04 -0500] "GET /BLA/boletinlegal/images/green-yellow-blue-pink-th.png HTTP/1.1" 200 7394
172.22.2.4 - - [20/May/2023:16:23:04 -0500] "GET /BLA/boletinlegal/images/registro-usuarios.png HTTP/1.1" 200 8106
172.22.2.4 - - [20/May/2023:16:23:04 -0500] "GET /BLA/boletinlegal/images/tel.png HTTP/1.1" 200 14477
172.22.2.4 - - [20/May/2023:16:23:04 -0500] "GET /BLA/boletinlegal/images/icono-email.png HTTP/1.1" 200 5544
172.22.2.4 - - [20/May/2023:16:23:04 -0500] "GET /BLA/boletinlegal/images/body_bg.jpg HTTP/1.1" 200 1601
172.22.2.4 - - [20/May/2023:16:23:04 -0500] "GET /BLA/boletinlegal/images/text.jpg HTTP/1.1" 200 568
172.22.2.4 - - [20/May/2023:16:23:04 -0500] "GET /BLA/boletinlegal/images/menu_rght.gif HTTP/1.1" 200 1627
172.22.2.4 - - [20/May/2023:16:23:04 -0500] "GET /BLA/boletinlegal/images/hover.jpg HTTP/1.1" 200 640
172.22.2.4 - - [20/May/2023:16:23:04 -0500] "GET /BLA/boletinlegal/images/menu_lft.gif HTTP/1.1" 200 1713
172.22.2.4 - - [20/May/2023:16:23:04 -0500] "GET /BLA/boletinlegal/images/bg_top.jpg HTTP/1.1" 200 522
172.22.2.4 - - [20/May/2023:16:23:04 -0500] "GET /BLA/boletinlegal/images/menu_bg.jpg HTTP/1.1" 200 620
172.22.2.4 - - [20/May/2023:16:23:04 -0500] "GET /BLA/boletinlegal/images/footer_bg.jpg HTTP/1.1" 200 586
172.22.2.4 - - [20/May/2023:16:23:04 -0500] "GET /BLA/boletinlegal/images/footer_bg_l.jpg HTTP/1.1" 200 776
172.22.2.4 - - [20/May/2023:16:23:05 -0500] "GET /BLA/boletinlegal/img/0.png HTTP/1.1" 200 110
172.22.2.4 - - [20/May/2023:16:23:05 -0500] "GET /BLA/boletinlegal/img/select-left.png HTTP/1.1" 200 263
172.22.2.4 - - [20/May/2023:16:23:05 -0500] "GET /BLA/boletinlegal/img/select-right.png HTTP/1.1" 200 44019
172.22.2.4 - - [20/May/2023:16:23:05 -0500] "GET /BLA/boletinlegal/img/button-left.png HTTP/1.1" 200 57071
172.22.2.4 - - [20/May/2023:16:23:05 -0500] "GET /BLA/boletinlegal/img/button-right.png HTTP/1.1" 200 57878
172.22.2.4 - - [20/May/2023:16:23:05 -0500] "GET /BLA/boletinlegal/img/button.png HTTP/1.1" 200 43241
172.22.2.4 - - [20/May/2023:16:23:05 -0500] "GET /BLA/boletinlegal/favicon.ico HTTP/1.1" 404 1326
181.61.204.215 - - [20/May/2023:16:23:07 -0500] "GET /BLA/resoluciones/ HTTP/1.1" 200 13502
181.61.204.215 - - [20/May/2023:16:23:07 -0500] "GET /BLA/resoluciones/dlf/styles.css HTTP/1.1" 200 3049
181.61.204.215 - - [20/May/2023:16:23:07 -0500] "GET /BLA/resoluciones/dlf/folder.png HTTP/1.1" 200 410
181.61.204.215 - - [20/May/2023:16:23:07 -0500] "GET /BLA/resoluciones/dlf/bg.gif HTTP/1.1" 200 54
181.61.204.215 - - [20/May/2023:16:23:07 -0500] "GET /favicon.ico HTTP/1.1" 200 7782
181.61.204.215 - - [20/May/2023:16:23:10 -0500] "GET /BLA/resoluciones/dlf/dirup.png HTTP/1.1" 200 644
181.61.204.215 - - [20/May/2023:16:23:11 -0500] "GET /BLA/resoluciones/dlf/pdf.gif HTTP/1.1" 200 272
181.61.204.215 - - [20/May/2023:16:23:10 -0500] "GET /BLA/resoluciones/index.php?dir=AUTOS+2016%2F HTTP/1.1" 200 329829
40.77.167.146 - - [20/May/2023:16:23:11 -0500] "GET /BLA/resoluciones/RESOLUCIONES%202022/3489.pdf HTTP/1.1" 200 459753
201.245.192.253 - - [20/May/2023:16:23:53 -0500] "POST /kwsrmcab/Wsrmcab  HTTP/1.1" 200 43465
186.30.41.88 - - [20/May/2023:16:24:48 -0500] "GET /BLA/resoluciones/index.php?dir=AUTOS+2017%2F HTTP/1.1" 200 469299
139.177.246.48 - - [20/May/2023:16:25:02 -0500] "GET /portaldeninos/wp-content/uploads/2020/01/Tierra-escenario.jpg HTTP/1.1" 200 181491
216.245.221.92 - - [20/May/2023:16:25:21 -0500] "HEAD / HTTP/1.1" 200 -
172.22.2.4 - - [20/May/2023:16:25:43 -0500] "HEAD /BLA/boletinlegal/ HTTP/1.1" 200 -
172.22.2.4 - - [20/May/2023:16:26:34 -0500] "GET /BLA/boletinlegal/ HTTP/1.1" 200 57151
201.245.192.253 - - [20/May/2023:16:28:38 -0500] "POST /kwsrmcab/Wsrmcab HTTP/1.1" 200 43963
201.245.192.253 - - [20/May/2023:16:28:40 -0500] "POST /kwsrmcab/Wsrmcab HTTP/1.1" 200 44123
201.245.192.253 - - [20/May/2023:16:28:52 -0500] "POST /kwsrmcab/Wsrmcab  HTTP/1.1" 200 43465
66.249.77.21 - - [20/May/2023:16:28:57 -0500] "-" 408 -
216.245.221.92 - - [20/May/2023:16:30:21 -0500] "HEAD / HTTP/1.1" 200 -
172.22.2.4 - - [20/May/2023:16:32:40 -0500] "GET /BLA/boletinlegal/actos.php HTTP/1.1" 200 9682
172.22.2.4 - - [20/May/2023:16:32:41 -0500] "GET /BLA/boletinlegal/favicon.ico HTTP/1.1" 404 1326
161.18.132.33 - - [20/May/2023:16:32:45 -0500] "GET /BLA/resoluciones/ HTTP/1.1" 200 13502
161.18.132.33 - - [20/May/2023:16:32:48 -0500] "GET /BLA/resoluciones/index.php?dir=AUTOS+2017%2F HTTP/1.1" 200 469299
161.18.132.33 - - [20/May/2023:16:33:08 -0500] "GET /BLA/resoluciones/AUTOS%202017/4137.pdf HTTP/1.1" 200 2113950
172.22.2.4 - - [20/May/2023:16:31:33 -0500] "HEAD /BLA/boletinlegal/ HTTP/1.1" 200 -
172.22.2.4 - - [20/May/2023:16:32:37 -0500] "GET /BLA/boletinlegal/ HTTP/1.1" 200 24523
186.86.32.196 - - [20/May/2023:16:33:49 -0500] "OPTIONS /kwssiamovil/sm/setfile/f? HTTP/1.1" 200 13
186.86.32.196 - - [20/May/2023:16:33:49 -0500] "POST /kwssiamovil/sm/setfile/f? HTTP/1.1" 200 381
201.245.192.253 - - [20/May/2023:16:33:51 -0500] "POST /kwsrmcab/Wsrmcab  HTTP/1.1" 200 43465
186.86.32.196 - - [20/May/2023:16:33:53 -0500] "OPTIONS /kwssiamovil/sm/setfile/f? HTTP/1.1" 200 13
186.86.32.196 - - [20/May/2023:16:33:54 -0500] "POST /kwssiamovil/sm/setfile/f? HTTP/1.1" 200 381
186.86.32.196 - - [20/May/2023:16:34:04 -0500] "GET /kwssiamovil/sm/acme/a?s=U2FsdGVkX18d3iKgPfz0qGF7ayl1BWFYVu6oWO1qmiUex9v7v2w6gM+trl19bRWOZWlIIJxBPXtijBr2FprBuoFMGaJ/KNlS4+eFH4jzjWfxs9G046DyJl/fLP49xXt+wZWrEqMQpnxwvwuENKSUtImrk1Hfaux296kT97cuwFHRz6OPZMe7oHkPtffSnmlY/0l9VlQmnHfP4/d7RGWMkhLBmLa7mnpu7B6+dhl5lAYHx2YuDyFuiXZ2Ooq5A0OqKalIjd0nX+fF44GrrVECmw==&u=U2FsdGVkX18Yb4PUpKCWdzbSWiAy4G0zreSVg5NSQkc=&y=U2FsdGVkX18Ha57xvZyRNeZY73GcShPPSkbMGa8L9KU= HTTP/1.1" 200 26
172.22.2.4 - - [20/May/2023:16:32:24 -0500] "GET /BLA/boletinlegal/ HTTP/1.1" 200 48659
186.86.32.196 - - [20/May/2023:16:34:07 -0500] "GET /kwssiamovil/sm/acme/a?s=U2FsdGVkX19v4w/Kjvyvi1VxTpabHbvIP3dB5TLJd84NzU0EBsTgy2RBTUKZDzVhNm2ehSW8/K2nexeKKZVNKCuGmDQK8r4LgOfW+6jwzA5Gq5ZrRvg4j/Yuafj8i31+qjWMHZfTVRSzdtV5TwwBhHaZeOz/T9bvU1Q9fQVSHAxraPwXBIPeAxAtdctIHNSnjicrExJyDwnwgedL/d/dVDuJOBwF0aRMtN3BKSrDokt/Un7EdznKqXBDye4ZS8PiZ2XhYX+HvfJk8IQ6gtr2HCDOaHNIpo0NKUg7KN4sp7ka8expvncuQrgtCiCHGIMHSxUtG26SM2fxDwSQIoBsGqlvxJkJu/FJIpAlP3Xsm/CuBxO85hS5qmpd1pdOhP7IncBABK7KYS2AVhwl5kL6i1WsoxnJXqKcjoi5H+CwBPNgTTDfzsSBrlfcCQ/28BKAdTOnIUdcmLeoChivdp5Pxq37nAf24kRahKSaYJ7sRmRVW3LA3omYjTmtD5s9xW4rsbejd2MXUWQpqUCI8ISkYF2WbyT5h1J+pVZ+D6aUhbqp9kYOcsP43W/VZjeRGFp3bv7s6p2V8k/qqKvTxlaLsD6seeA/nlpXx+7ppxE8WNotBBHS3MuFkoDd+ATW9pr6q+XL+T73VJ4E9+wsHIGG6iAT3o8CNrwu3STOafU970LvmEc71m9G6x4iaiO5pskWo+PH1JLGSqvcmpAa30MAazQljbV2FBq/2f2ziMZbY7ueEoQ3Okq6625oxcZUSzuX7bQ4voKJZJB0cFYL62Lr6mHQOvOb+4qeWf+eerqgSa3U30Z0GRK4aK4LlsQlN4EPkbXRIINyIc5XuET2+QNxONCPw+11BrL1/QvHpoW84LN3J2697i5tKO0N08IXJ/C8jfBBpG9rjpIC/UmWTZClgCfWH5ZT5TyhQPlY68ttlujaFER8D3cDRc5+wknopMRc2i1xTSzbJgJEmhnBmirPYPnwDJbadltaiU08DDSD38g=&u=U2FsdGVkX18Yb4PUpKCWdzbSWiAy4G0zreSVg5NSQkc=&y=U2FsdGVkX18Ha57xvZyRNeZY73GcShPPSkbMGa8L9KU= HTTP/1.1" 200 26
186.86.32.196 - - [20/May/2023:16:34:10 -0500] "GET /kwssiamovil/sm/acme/a?s=U2FsdGVkX1/KPxU0H1ED4Cg+HqXFznOrMPfRJwhxB2RZYnVooY8VF80hSPR9VxGRSpGemEkwYsbw+TeM+M/UKr+yYCQLYd8za5Zy/08aUWEg/2jBzp3Ye7aZuZxhuwYU7O44olO2j7xz/iVO0Gv/XMdla06js7C4XWw29ano9ZY=&u=U2FsdGVkX18Yb4PUpKCWdzbSWiAy4G0zreSVg5NSQkc=&y=U2FsdGVkX18Ha57xvZyRNeZY73GcShPPSkbMGa8L9KU= HTTP/1.1" 200 26
172.22.2.4 - - [20/May/2023:16:32:33 -0500] "GET /BLA/boletinlegal/ HTTP/1.1" 200 49141
186.86.32.196 - - [20/May/2023:16:34:13 -0500] "GET /kwssiamovil/sm/acme/a?s=U2FsdGVkX1+Ol2ZnIzCeSoFXIHJEOW7NvXS989QemZ1ulsxh9wpRYwNGDaO+7pOzmQGeOmtCeq5o2m8xmaoBrx7T2wl5Trm8qcz1eUMydXNKCHwDO7Q4yAKXJKXJnSeVDWf5JdmgLdyGcxj0M3V3mEnG4lLjsNlDtPF7eqk7TIY=&u=U2FsdGVkX18Yb4PUpKCWdzbSWiAy4G0zreSVg5NSQkc=&y=U2FsdGVkX18Ha57xvZyRNeZY73GcShPPSkbMGa8L9KU= HTTP/1.1" 200 26
186.86.32.196 - - [20/May/2023:16:34:17 -0500] "GET /kwssiamovil/sm/acme/a?s=U2FsdGVkX19uT97mapu1e9hqVtvZqL8HuDHeTgev6CrCh6poXGH6VFtDJfgq7+2GXNY1Pq997uExI3u8fgyp4YsMAyvvfoUhOzZr/SEPKtV34hTPliQCHBAnZwUdZQ0/wO9/IsX2ZKt4hVsfDSYr3uYSrW+zi1vDHPlcjXL07qk=&u=U2FsdGVkX18Yb4PUpKCWdzbSWiAy4G0zreSVg5NSQkc=&y=U2FsdGVkX18Ha57xvZyRNeZY73GcShPPSkbMGa8L9KU= HTTP/1.1" 200 26
186.86.32.196 - - [20/May/2023:16:34:20 -0500] "GET /kwssiamovil/sm/acme/a?s=U2FsdGVkX1/YgVuen0J00ePU4R0VqnWzz8b+XIDhEFqjwCkmQuNM2yS0MVyYiOWI+LekX3oSDxw26QLi+ijUvqM4pvrPDkM/Ix/9eugHmMABriFMfA6W4rZUI11pRCFNWn7uPZRZ+A+pV/jKk9YpzewPXc+Euf6QqxmDZjiIWN0gqCpXwh1Y8qi/GlwdiYGf&u=U2FsdGVkX18Yb4PUpKCWdzbSWiAy4G0zreSVg5NSQkc=&y=U2FsdGVkX18Ha57xvZyRNeZY73GcShPPSkbMGa8L9KU= HTTP/1.1" 200 26
186.86.32.196 - - [20/May/2023:16:34:23 -0500] "GET /kwssiamovil/sm/acme/a?s=U2FsdGVkX1+V+vsK94utMsMFk1OfC9KKjJOhvtbVStpYvLWoBp1gT1N8Ahv2nkXJsFOPpXo7PqFWWsaMdNENzZzr2kI1C7Qd52YdRz1MgwUGFT1p56OnLHUmeh09XhiwyxOceHkMEu60l1O8/KT3EUv7vnRtkMkJwlgmdTg6MdCD/9nngiHGZY/+Eq4WP6IchVqeCE6ROYJtK0sFlVOA9w==&u=U2FsdGVkX18Yb4PUpKCWdzbSWiAy4G0zreSVg5NSQkc=&y=U2FsdGVkX18Ha57xvZyRNeZY73GcShPPSkbMGa8L9KU= HTTP/1.1" 200 26
186.86.32.196 - - [20/May/2023:16:34:26 -0500] "GET /kwssiamovil/sm/acme/a?s=U2FsdGVkX1/WLWF1ziAR8wsZquz2hM8rTsTXTzToLoSeRnRtnZ0B/pCImfF6P69Uro/qZV2AYzNFEgTZkONkqWCFVxTZhK4Wipr+cRsyPxwoiqcjrmmGDQrrim6aiUUEghhdTVxEy8KfDnxI+YJoNWLl78+GfbbUDOzgPIJx/w+Zx1b0QOLRwNzA2lq1Lp3p&u=U2FsdGVkX18Yb4PUpKCWdzbSWiAy4G0zreSVg5NSQkc=&y=U2FsdGVkX18Ha57xvZyRNeZY73GcShPPSkbMGa8L9KU= HTTP/1.1" 200 26
186.86.32.196 - - [20/May/2023:16:34:29 -0500] "GET /kwssiamovil/sm/acme/a?s=U2FsdGVkX1+YxqFcwf2fwnsKffTNg+WEYHVHncPDANtk9mweSr6sAal0Ob3h1frYYQgOKXAqltN7NOSa1ARc5OAeqk9Jgg6MHKR2H4Wxu7/5skI1uvG5Z8ye70jmAAMUHYSaYImaHWaG3sUQ6VnRHWLyp/sg3/nuCKEyJIBNnbodYvI0x5ZfwJQMxZFT53Zk2KaXrPRFo4WtAeYJZdkkNw==&u=U2FsdGVkX18Yb4PUpKCWdzbSWiAy4G0zreSVg5NSQkc=&y=U2FsdGVkX18Ha57xvZyRNeZY73GcShPPSkbMGa8L9KU= HTTP/1.1" 200 26
186.86.32.196 - - [20/May/2023:16:34:32 -0500] "GET /kwssiamovil/sm/acme/a?s=U2FsdGVkX198KRCcZjSJnBeiCPGRx5ZXOghT3UGDJRg2iLM3KzjqnmECyWiqFRkc6T9hryLRPj6rS/ayVbliusXFVFuuFRgJMroWqOuU43QC3zqziRkMU4Mh5RQKok3a9JRzPXldT9fK8yB9WbbUVtugqb0V2v0NWQ5taT1Iw6h5eCGozeY11Ld8tFoKXnaC&u=U2FsdGVkX18Yb4PUpKCWdzbSWiAy4G0zreSVg5NSQkc=&y=U2FsdGVkX18Ha57xvZyRNeZY73GcShPPSkbMGa8L9KU= HTTP/1.1" 200 26
66.249.77.21 - - [20/May/2023:16:34:49 -0500] "-" 408 -
216.245.221.92 - - [20/May/2023:16:35:21 -0500] "HEAD / HTTP/1.1" 200 -
173.252.95.14 - - [20/May/2023:16:35:55 -0500] "GET /postulate-al-programa-de-mujeres-por-el-cambio-climatico-en-bogota.html HTTP/1.1" 206 856
173.252.95.5 - - [20/May/2023:16:35:55 -0500] "GET /postulate-al-programa-de-mujeres-por-el-cambio-climatico-en-bogota.html HTTP/1.1" 206 856
172.22.2.4 - - [20/May/2023:16:36:26 -0500] "GET /BLA/boletinlegal/Circulares/2019/.pdf HTTP/1.1" 404 1218
201.245.192.253 - - [20/May/2023:16:38:38 -0500] "POST /kwsrmcab/Wsrmcab HTTP/1.1" 200 43963
201.245.192.253 - - [20/May/2023:16:38:41 -0500] "POST /kwsrmcab/Wsrmcab HTTP/1.1" 200 44123
201.245.192.253 - - [20/May/2023:16:38:50 -0500] "POST /kwsrmcab/Wsrmcab  HTTP/1.1" 200 43465
172.22.2.4 - - [20/May/2023:16:37:23 -0500] "HEAD /BLA/boletinlegal/ HTTP/1.1" 200 -
172.22.2.4 - - [20/May/2023:16:38:14 -0500] "GET /BLA/boletinlegal/ HTTP/1.1" 200 57945
216.245.221.92 - - [20/May/2023:16:40:21 -0500] "HEAD / HTTP/1.1" 200 -
157.55.39.210 - - [20/May/2023:16:41:05 -0500] "GET /BLA/resoluciones/AUTOS%202021/4587.pdf HTTP/1.1" 304 -
172.22.2.4 - - [20/May/2023:16:41:27 -0500] "GET /BLA/boletinlegal/Directivas/2019/Directiva%20008%20del%2001%20de%20noviembre%20de%202019.pdf HTTP/1.1" 304 -
40.77.167.146 - - [20/May/2023:16:42:43 -0500] "GET /BLA/resoluciones/AUTOS%202021/3965.pdf HTTP/1.1" 304 -
201.245.192.253 - - [20/May/2023:16:43:48 -0500] "POST /kwsrmcab/Wsrmcab  HTTP/1.1" 200 43465
66.249.77.21 - - [20/May/2023:16:43:53 -0500] "-" 408 -
172.22.2.4 - - [20/May/2023:16:44:22 -0500] "GET /BLA/boletinlegal/robots.txt HTTP/1.1" 404 1038
172.22.2.4 - - [20/May/2023:16:44:23 -0500] "GET /BLA/boletinlegal/Directivas/2013/Directiva%20No.%201%20del%2004%20de%20Abril%20de%202013.pdf HTTP/1.1" 200 472003
172.22.2.4 - - [20/May/2023:16:43:13 -0500] "HEAD /BLA/boletinlegal/ HTTP/1.1" 200 -
216.245.221.92 - - [20/May/2023:16:45:21 -0500] "HEAD / HTTP/1.1" 200 -
45.83.66.33 - - [20/May/2023:16:45:23 -0500] "GET / HTTP/1.1" 200 319
45.83.67.101 - - [20/May/2023:16:45:24 -0500] "GET /favicon.ico HTTP/1.1" 200 7782
179.43.177.244 - - [20/May/2023:16:45:39 -0500] "GET / HTTP/1.1" 200 319
172.22.2.4 - - [20/May/2023:16:44:04 -0500] "GET /BLA/boletinlegal/ HTTP/1.1" 200 57151
52.167.144.46 - - [20/May/2023:16:45:52 -0500] "GET /documents/10184/4278102/Tingua-2-2.jpeg/d55bcb57-9007-43c4-9d7b-1db01e536700?t=1677632802248 HTTP/1.1" 404 1034
186.86.32.196 - - [20/May/2023:16:48:27 -0500] "OPTIONS /kwssiamovil/sm/setfile/f? HTTP/1.1" 200 13
186.86.32.196 - - [20/May/2023:16:48:27 -0500] "POST /kwssiamovil/sm/setfile/f? HTTP/1.1" 200 381
186.86.32.196 - - [20/May/2023:16:48:32 -0500] "OPTIONS /kwssiamovil/sm/setfile/f? HTTP/1.1" 200 13
186.86.32.196 - - [20/May/2023:16:48:32 -0500] "POST /kwssiamovil/sm/setfile/f? HTTP/1.1" 200 381
186.86.32.196 - - [20/May/2023:16:48:36 -0500] "OPTIONS /kwssiamovil/sm/setfile/f? HTTP/1.1" 200 13
186.86.32.196 - - [20/May/2023:16:48:36 -0500] "POST /kwssiamovil/sm/setfile/f? HTTP/1.1" 200 381
186.86.32.196 - - [20/May/2023:16:48:40 -0500] "OPTIONS /kwssiamovil/sm/setfile/f? HTTP/1.1" 200 13
186.86.32.196 - - [20/May/2023:16:48:40 -0500] "POST /kwssiamovil/sm/setfile/f? HTTP/1.1" 200 381
186.86.32.196 - - [20/May/2023:16:48:44 -0500] "OPTIONS /kwssiamovil/sm/setfile/f? HTTP/1.1" 200 13
186.86.32.196 - - [20/May/2023:16:48:44 -0500] "POST /kwssiamovil/sm/setfile/f? HTTP/1.1" 200 381
186.86.32.196 - - [20/May/2023:16:48:48 -0500] "OPTIONS /kwssiamovil/sm/setfile/f? HTTP/1.1" 200 13
201.245.192.253 - - [20/May/2023:16:48:47 -0500] "POST /kwsrmcab/Wsrmcab  HTTP/1.1" 200 43465
186.86.32.196 - - [20/May/2023:16:48:48 -0500] "POST /kwssiamovil/sm/setfile/f? HTTP/1.1" 200 381
66.249.79.134 - - [20/May/2023:16:49:09 -0500] "-" 408 -
186.86.32.196 - - [20/May/2023:16:49:40 -0500] "GET /kwssiamovil/sm/acme/a?s=U2FsdGVkX18q3jKgO0Aa7uApixpkQltGYRavAEmTWuEYnFng5kg6Mxv/GpBIQuphefIcavFAvpRgQ5K3NRs/Ob3Cjcaiysxd3aiYHsBIfe+MCDb262wW/emnKcdPJop8nMiXzi7P6WT/7Bi2e3GWVa5fkBI0G6ccdG9hvMSpNWadSdVZUdRm4ejT7pLzv8/PBY7OEqAj7l3JtiGbtKu5f9DYHyD2mFQSIj9FPoV9vkhB+B2E+VdZneyUGM2RwA63HS9aFi6gncY29essNDN+KQ==&u=U2FsdGVkX18Yb4PUpKCWdzbSWiAy4G0zreSVg5NSQkc=&y=U2FsdGVkX18Ha57xvZyRNeZY73GcShPPSkbMGa8L9KU= HTTP/1.1" 200 26
186.86.32.196 - - [20/May/2023:16:49:43 -0500] "GET /kwssiamovil/sm/acme/a?s=U2FsdGVkX19iBfX+B/BltEhxZJhyZHDf/KLadge5MIikkaAWXKTdOAnhEVb1Zc0fS4I4/9uIV7CASmea9tS9uWlyFzP/dTECAlyg6ZylXLZtNdnpvMEZRvwXLVevvcy4TMKmROk7bEi+F9G0tMaSjhvdsACk/PHpXsbONyIIM3oQ6wX9ETb5c965X7ESwHauU74tZG/8vNLtLV3nZQVvxGAXGzGOeCFB5b/gHDT386Tdm5PZI9bBmBXWVpqoo3aR+nZicpBKWJVvZLLX8/cgWODkYVoaphogLm5H8FaT84is+guto8KzWxp9ZWGDUd4tVlQT7PsMXNJ/YJ3EgxXBnjDxOS9mgPMmupejF7iRF//aXv2nA1mjWxV0TGBPz/J1GxZlS3trAvlWYg58M+zw4lnwZRsccxQsFhXpcqa7ZQ5etdcCM7E4D1EBNbxheil+LJmIwVRwa9k+MXN/1mZPjzoBz2TfxT1XqapJvCFuBnoiMRfTEwBHSQJ6Lc0zebsHIx8m0x4GSEKGKdDVdozlX1+jA0HFxOVnDPFuEFcN4jETrRlXjq/e3fgDudSHDfLrA1iV7zPRaWbiIFcWzQayXOPiPJ9z5ovjhr6mD/sa/KtY24Atk0Iq84FNa7FPVMRSe9iWbLYWSIiSuIO1lUjs15csEiCERjleWjCpADQfvR4O+dHasMGadHV6knHj0PduVlzb0/zQiCrKt8JpRFXW5W/Cf8L3CKO9i3HuGRK1uT23tqrrvZnvAOHkYBH1guxdpbTBckU4+yYi6kB/OoZptTO36CPbp7FJPKNPQqvElPMBYqT/X7VkvhsW+RGhssoJlNo6vzPVP9nFmygPtFq20ZFV1k+S8DGKTnZzQ2P9bMfG6la79EBoSB9FGay9d6uS8JH2LpRDCNcH68Dp2WN4brw6k8VPxc512pWOFzlOvpSnGevdwfTIOSQNC+R/tjWtGgV2z0pUf27y3zhSRcofEW0e/bt0mWUZT6YsvkKTqrZocqDMfHmYjlF8bl7hR2yk81GRIN5LiRmsHs6mzaKKQYNuDjzu3ldeoiM/uYYSZ0Vb5Qg/V4n0SlyRBUeskLuZWHKPuSkNKEHSdtKSZWP/fM6IA4gAHj+AZV6eeuk/jy8kRvWm7oBl1ssBm1WG8phC/087BEs6r+3fEVNe1mgiavVs/mDbukn6n96jPD7jpu0=&u=U2FsdGVkX18Yb4PUpKCWdzbSWiAy4G0zreSVg5NSQkc=&y=U2FsdGVkX18Ha57xvZyRNeZY73GcShPPSkbMGa8L9KU= HTTP/1.1" 200 26
186.86.32.196 - - [20/May/2023:16:49:46 -0500] "GET /kwssiamovil/sm/acme/a?s=U2FsdGVkX1+/czGzN9UAWmAzvlN5K2++qe7+/ox/d9ZPfB/HD1x3S/IeJ2+0BHirqucwIrELYzzPxLffSKWPWBJXchal4fRMMuXmaBC8/dkjUasGgx9CWqnPQ/pjgibWDdd5dN9Ngl89lgnXJ85d1IkTCmr6iOo64GpzCoalqv4=&u=U2FsdGVkX18Yb4PUpKCWdzbSWiAy4G0zreSVg5NSQkc=&y=U2FsdGVkX18Ha57xvZyRNeZY73GcShPPSkbMGa8L9KU= HTTP/1.1" 200 26
186.86.32.196 - - [20/May/2023:16:49:49 -0500] "GET /kwssiamovil/sm/acme/a?s=U2FsdGVkX18S3RRsi2JB2fbCJfA3+lWBfzagy8s1jG0fyRaZPV6t2ODsUBDWGkkOlBuCrx7IuojyE3bIDQf8IMHv30JaQkvv5ueAYpUCwZcvdIpNJPs5ZyVJPxd1VKy+FMDnqMf2rpfDD2jcs6euYco6hcWhwZa4cRwNXrdu0s8=&u=U2FsdGVkX18Yb4PUpKCWdzbSWiAy4G0zreSVg5NSQkc=&y=U2FsdGVkX18Ha57xvZyRNeZY73GcShPPSkbMGa8L9KU= HTTP/1.1" 200 26
186.86.32.196 - - [20/May/2023:16:49:52 -0500] "GET /kwssiamovil/sm/acme/a?s=U2FsdGVkX19cUj2R3n7YJ19s2FoH8TrMtob76ctCxNo3EP5dGhR8YueW3WZG2Tqf2vHfdGa6NEVknVe1zGaqBwpFFZexRIOmWGlgVlevZMxNDEr6i28EswomihHWDRb+jdNEl4KLAlkHgBGfQZQgoKiEYtdlMTNT18/wUJyXraM=&u=U2FsdGVkX18Yb4PUpKCWdzbSWiAy4G0zreSVg5NSQkc=&y=U2FsdGVkX18Ha57xvZyRNeZY73GcShPPSkbMGa8L9KU= HTTP/1.1" 200 26
186.86.32.196 - - [20/May/2023:16:49:56 -0500] "GET /kwssiamovil/sm/acme/a?s=U2FsdGVkX1/RaUMUSW9gv6B2w71ypj/PhvGj7Cji+cwI+jQ9WxOBmNHbK8Z8Cl73i8M8IOE0U4pzLNULwRR2lLeFFb38qXmJxiDds1iyJ/DwhgRfGTu4l/PNlaiBJhToVgfAyskpVPgczWUA4pD6HFr3Ufs7SqoHsD7hCgVO2n+9axWSNgY7255m0670d9Ww&u=U2FsdGVkX18Yb4PUpKCWdzbSWiAy4G0zreSVg5NSQkc=&y=U2FsdGVkX18Ha57xvZyRNeZY73GcShPPSkbMGa8L9KU= HTTP/1.1" 200 26
40.77.167.97 - - [20/May/2023:16:49:58 -0500] "GET /BLA/resoluciones/AUTOS%202021/1637.pdf HTTP/1.1" 304 -
186.86.32.196 - - [20/May/2023:16:49:59 -0500] "GET /kwssiamovil/sm/acme/a?s=U2FsdGVkX1/GeZN/1VVAoZ3ZD/dY6rG8gdISoYJI4YNeN5enY8hIiyAbEot/jSvWpUt5lS2vqW9HKcBGfX736QkICAQzEYqNQXczhFV8fGg6yi6TzSPBlA97opWdc+PfehXB4X+9/O0tgz9ElbSC6kKqnTYrjUQSkg5El5LoU6h+Gx/4qpQT+1EUpQmL0B0DbNPZwHaptZ1KWhGZJrzmsw==&u=U2FsdGVkX18Yb4PUpKCWdzbSWiAy4G0zreSVg5NSQkc=&y=U2FsdGVkX18Ha57xvZyRNeZY73GcShPPSkbMGa8L9KU= HTTP/1.1" 200 26
186.86.32.196 - - [20/May/2023:16:50:02 -0500] "GET /kwssiamovil/sm/acme/a?s=U2FsdGVkX192d06kZMr1TNJegBVBc3X9G0Djjkv9nrVn85nk7Qs9ZAUzj4rSuOtqRJNXxKLpgCCH3svDBuL6hiFh+i55y0vheh8V9Sau7gyYhCS6FpnmrWA/ndR2MCWouCN6tuEoTBD4xWncAzLcPIZnf5TBMJq8IZCwstLqpI7d8yXapOdKmV4yWxX6frikgWYfDB/urKZ/ip5dLrKgyg==&u=U2FsdGVkX18Yb4PUpKCWdzbSWiAy4G0zreSVg5NSQkc=&y=U2FsdGVkX18Ha57xvZyRNeZY73GcShPPSkbMGa8L9KU= HTTP/1.1" 200 26
186.86.32.196 - - [20/May/2023:16:50:05 -0500] "GET /kwssiamovil/sm/acme/a?s=U2FsdGVkX18m7WPB0M6aYJ8uyg9sU9py4hUg5gadkyh1wEnofWEIq3yWRGQGUtM5GNQEqEgwXUbngtANi8p5mFe3nIebA81aV/+O1frVrFLcA5K7+K7qXPYAgVANvATksla+iRolfaZZY90M+QQjhFtv0OY+P9eBivclVQkfC0vKriaCCcd7pywp7oNjn2PEmK8k6BBjhb01qKd3qsvzTMTyweNQM0RA21IZVFCAEoQ=&u=U2FsdGVkX18Yb4PUpKCWdzbSWiAy4G0zreSVg5NSQkc=&y=U2FsdGVkX18Ha57xvZyRNeZY73GcShPPSkbMGa8L9KU= HTTP/1.1" 200 26
186.86.32.196 - - [20/May/2023:16:50:08 -0500] "GET /kwssiamovil/sm/acme/a?s=U2FsdGVkX1/FwiO/8Jvpjr5LuYIBMzqTN9HRRVkizWasm7gQU5dBEsn5oPjBS0083oTvupETnydAPdWObp4MPlseE3iUQrGyjheYNmAS0TgzRb9e6Fvj/Lq5juUfJ9mYv3jSpYtQn4LUCx5y48ofpBvap8y2CyudTaBJ5ArnF6DUsoS0n9rtUwHaqkBNfXp9/4UyhFh+g+qhE2rKoohjJA==&u=U2FsdGVkX18Yb4PUpKCWdzbSWiAy4G0zreSVg5NSQkc=&y=U2FsdGVkX18Ha57xvZyRNeZY73GcShPPSkbMGa8L9KU= HTTP/1.1" 200 26
181.53.13.51 - - [20/May/2023:16:50:09 -0500] "GET /postulate-al-programa-de-mujeres-por-el-cambio-climatico-en-bogota.html?fbclid=IwAR12oU4rEhHOZj7lCc1JNt4xBQDq8L65L3oRnQnoMqgkBK9xal_mg3OfIDA HTTP/1.1" 200 856
186.86.32.196 - - [20/May/2023:16:50:11 -0500] "GET /kwssiamovil/sm/acme/a?s=U2FsdGVkX1/K+yKPRpFznq9eYr3GzZe7gmWSUf50GEN0iT0v+cpAHcsICnfURj8yqSg7pVfVodqUIU+epTjR8aZXF44nTueQNF90owBCr37TOFyz4lxE6QY8t0N9PVHLHSRO2zPyXfzfNV9Qe5uqYbF7uSnwO2a+Ywmt/e3xDTIjOENu2yn9Q5kH5wjBMaetiPtAuTmjW3dF2yPsgohiVA==&u=U2FsdGVkX18Yb4PUpKCWdzbSWiAy4G0zreSVg5NSQkc=&y=U2FsdGVkX18Ha57xvZyRNeZY73GcShPPSkbMGa8L9KU= HTTP/1.1" 200 26
186.86.32.196 - - [20/May/2023:16:50:15 -0500] "GET /kwssiamovil/sm/acme/a?s=U2FsdGVkX1+sfaaY7koVUn08lhJ0qKILB7Kt9PGfYU9cah64+cB9qdQhjgDmBBUJqZjlMYh47grke8cDuhFO1D91MqmmXfjb9e997YAd+CvXXO1cSiOorv1uDF4Ll72wcjyG6Ok7my0HyAMDC0dHRAA9vo+KRluOSUNraPHMaOiyCohxq8pFRNNW+NyJDAtbwuWRUouJnF8U4Ew41krG6g==&u=U2FsdGVkX18Yb4PUpKCWdzbSWiAy4G0zreSVg5NSQkc=&y=U2FsdGVkX18Ha57xvZyRNeZY73GcShPPSkbMGa8L9KU= HTTP/1.1" 200 26
186.86.32.196 - - [20/May/2023:16:50:18 -0500] "GET /kwssiamovil/sm/acme/a?s=U2FsdGVkX1849LAms5yAV1tGiHUji3HfbCWmdxlqRT+K1r2wUBIcFxuojXIpxjf7pLyhcxNbBQy294dAiIYGJMiMtTA3UYuQ0/SSNMH/RvZl3QbPVdpuCFEXtfG9qpTdqiZwHa4VBuoSsoDvBeWOTdCLj5ztE9VATX5EXwcpamRf0+Wi62N+wVl9T/fSMqeNnbuZJvqBfcZAoPZljV1VLA==&u=U2FsdGVkX18Yb4PUpKCWdzbSWiAy4G0zreSVg5NSQkc=&y=U2FsdGVkX18Ha57xvZyRNeZY73GcShPPSkbMGa8L9KU= HTTP/1.1" 200 26
186.86.32.196 - - [20/May/2023:16:50:21 -0500] "GET /kwssiamovil/sm/acme/a?s=U2FsdGVkX1/drYbxea0J346rAsm3dnwXP0bMPQfa0F7bux8G9zs+sxNQvFoWALoK9/kOiboQnH8M3ZWb/tjsp77b3usnS9B+N1Wi5EbjM6knBde2DKtcSfdBw0p1tAmWSJuA1dqHiWZFPEetAun+GWYcFY41teD4OVqt/NsijGBb25E/0XYfCHRHq8cw5w1vFm3HZ3tg3fNj5gTZdQb90A==&u=U2FsdGVkX18Yb4PUpKCWdzbSWiAy4G0zreSVg5NSQkc=&y=U2FsdGVkX18Ha57xvZyRNeZY73GcShPPSkbMGa8L9KU= HTTP/1.1" 200 26
216.245.221.92 - - [20/May/2023:16:50:21 -0500] "HEAD / HTTP/1.1" 200 -
186.86.32.196 - - [20/May/2023:16:50:24 -0500] "GET /kwssiamovil/sm/acme/a?s=U2FsdGVkX1+HB/0xwHb551reIPCIPfrBfjLCMW85frql7JwQpd+g9nPhW8/8BkHFacJQMAyZALuf+ipFRpzIXio0LP9C9zDDFPIUx1y3rbzn0HkJ3t09PIkKzqNWwb+ZFYB0eTs3+e7F6SED4f331AAOwZaKNXZ9GbpiBnFVva0mT4PJ+M6xglDiLMAiadiWZD6U8W4ecCp6QotLnyoW4A==&u=U2FsdGVkX18Yb4PUpKCWdzbSWiAy4G0zreSVg5NSQkc=&y=U2FsdGVkX18Ha57xvZyRNeZY73GcShPPSkbMGa8L9KU= HTTP/1.1" 200 26
186.86.32.196 - - [20/May/2023:16:50:27 -0500] "GET /kwssiamovil/sm/acme/a?s=U2FsdGVkX1/sJo+uUqR8DDkEVg9O4ZGjXKOrNxxr6LyI2tOJHuVYPwbuMNuMaGz12QIakmB23x+BIIKGF8D6P5XvJv9ODYjO93LlZL4uGqs9ruBR/WI1auYufOk0ZDp/OWmU3O1OCrnIVgRQTo1RAAKRexmty3YiKmIwYvV1g6gIdnraJ8L7XPHLwc5f+1J/MoWOcrJyyAHlxr0qy3JlLA==&u=U2FsdGVkX18Yb4PUpKCWdzbSWiAy4G0zreSVg5NSQkc=&y=U2FsdGVkX18Ha57xvZyRNeZY73GcShPPSkbMGa8L9KU= HTTP/1.1" 200 26
186.86.32.196 - - [20/May/2023:16:50:30 -0500] "GET /kwssiamovil/sm/acme/a?s=U2FsdGVkX192UezY2yukoPEAmSwZ3zQwyj2LN4OmzUegnUeW3DLTnHxYazQuuWqwbkAN5jGD4MU758ykW1Wm4ROXL6XAnl0f2vOMTVdkPs9pI7R0kIC1Lke+qgic/vZ7/GO/qHq0TmTRxznDtOmUDt4Cl3b8yswqBQchPlOsDUGZit4YxCSQrMomrBlq9s13ZXuapVYHUiSARvVGvgZDYw==&u=U2FsdGVkX18Yb4PUpKCWdzbSWiAy4G0zreSVg5NSQkc=&y=U2FsdGVkX18Ha57xvZyRNeZY73GcShPPSkbMGa8L9KU= HTTP/1.1" 200 26
186.86.32.196 - - [20/May/2023:16:50:33 -0500] "GET /kwssiamovil/sm/acme/a?s=U2FsdGVkX1/c7jHTYXbmCS3NxZHyWTrZUQwQffF9UqDF32QaWAdJNpTzz+efWrFXO3w2I6Ww2/jjqqE3v4nwsV9nRuT7RS40W+yS4h6eQBEreaHbNc0e1A7Rqzp4OaJ6aQgYi8JyVQblkaQ8eY6WCVxDTAHPe+FWt37UdNTQgEm91VhcuVBDVc6KW4XI8vXeycH0APfVIXLvZzgrqk/VKA==&u=U2FsdGVkX18Yb4PUpKCWdzbSWiAy4G0zreSVg5NSQkc=&y=U2FsdGVkX18Ha57xvZyRNeZY73GcShPPSkbMGa8L9KU= HTTP/1.1" 200 26
66.249.77.21 - - [20/May/2023:16:50:43 -0500] "-" 408 -
172.22.2.4 - - [20/May/2023:16:49:03 -0500] "HEAD /BLA/boletinlegal/ HTTP/1.1" 200 -
52.167.144.46 - - [20/May/2023:16:51:23 -0500] "GET /semana-santa-dias-y-horarios-para-visitar-el-camino-guadalupe-aguanoso.html HTTP/1.1" 304 -
172.22.2.4 - - [20/May/2023:16:49:54 -0500] "GET /BLA/boletinlegal/ HTTP/1.1" 200 53561
201.245.192.253 - - [20/May/2023:16:53:46 -0500] "POST /kwsrmcab/Wsrmcab  HTTP/1.1" 200 43465
216.245.221.92 - - [20/May/2023:16:55:21 -0500] "HEAD / HTTP/1.1" 200 -
40.77.167.97 - - [20/May/2023:16:55:40 -0500] "GET /BLA/resoluciones/AUTOS%202014/2115.pdf HTTP/1.1" 304 -
157.55.39.210 - - [20/May/2023:16:56:14 -0500] "GET /Publicaciones/2023EE63446.pdf HTTP/1.1" 404 227
172.22.2.4 - - [20/May/2023:16:54:53 -0500] "HEAD /BLA/boletinlegal/ HTTP/1.1" 200 -
66.249.77.21 - - [20/May/2023:16:56:41 -0500] "-" 408 -
172.22.2.4 - - [20/May/2023:16:57:00 -0500] "GET /BLA/boletinlegal/actos.php HTTP/1.1" 200 9682
181.61.204.215 - - [20/May/2023:16:57:03 -0500] "GET /BLA/resoluciones/ HTTP/1.1" 200 13502
181.61.204.215 - - [20/May/2023:16:57:05 -0500] "GET /BLA/resoluciones/index.php?dir=AUTOS+2016%2F HTTP/1.1" 200 329829
172.22.2.4 - - [20/May/2023:16:55:44 -0500] "GET /BLA/boletinlegal/ HTTP/1.1" 200 59306
186.154.239.194 - - [20/May/2023:16:57:48 -0500] "GET /BLA/boletinlegal/js/jquery.scrollShow.js HTTP/1.1" 200 4586
190.26.196.146 - - [20/May/2023:16:57:48 -0500] "GET /galeria/galeria/jquery.fancybox.js?v=2.1.5 HTTP/1.1" 200 48706
190.26.196.146 - - [20/May/2023:16:57:48 -0500] "GET /galeria/galeria/jquery.fancybox.css?v=2.1.5 HTTP/1.1" 200 4895
201.245.192.253 - - [20/May/2023:16:58:45 -0500] "POST /kwsrmcab/Wsrmcab  HTTP/1.1" 200 43465
216.245.221.92 - - [20/May/2023:17:00:21 -0500] "HEAD / HTTP/1.1" 200 -
66.249.77.21 - - [20/May/2023:17:00:29 -0500] "-" 408 -
172.22.2.4 - - [20/May/2023:17:00:43 -0500] "HEAD /BLA/boletinlegal/ HTTP/1.1" 200 -
172.22.2.4 - - [20/May/2023:17:01:34 -0500] "GET /BLA/boletinlegal/ HTTP/1.1" 200 57945
201.245.192.253 - - [20/May/2023:17:03:44 -0500] "POST /kwsrmcab/Wsrmcab  HTTP/1.1" 200 43465
216.245.221.92 - - [20/May/2023:17:05:21 -0500] "HEAD / HTTP/1.1" 200 -
66.249.77.21 - - [20/May/2023:17:06:12 -0500] "-" 408 -
172.22.2.4 - - [20/May/2023:17:06:33 -0500] "HEAD /BLA/boletinlegal/ HTTP/1.1" 200 -
201.245.192.253 - - [20/May/2023:17:08:43 -0500] "POST /kwsrmcab/Wsrmcab  HTTP/1.1" 200 43465
172.22.2.4 - - [20/May/2023:17:07:24 -0500] "GET /BLA/boletinlegal/ HTTP/1.1" 200 59306
172.22.2.4 - - [20/May/2023:17:09:15 -0500] "GET /BLA/boletinlegal/sftp-config.json HTTP/1.1" 404 1038
172.22.2.4 - - [20/May/2023:17:09:16 -0500] "GET /BLA/boletinlegal/.vscode/sftp.json HTTP/1.1" 404 1038
216.245.221.92 - - [20/May/2023:17:10:21 -0500] "HEAD / HTTP/1.1" 200 -
52.167.144.71 - - [20/May/2023:17:12:08 -0500] "GET /portaldeninos/2021/04/28/dia-internacional-de-concienciacion-sobre-el-ruido-por-una-ciudad-mas-tranquila-y-sostenible/ HTTP/1.1" 200 110148
201.245.192.253 - - [20/May/2023:17:13:42 -0500] "POST /kwsrmcab/Wsrmcab  HTTP/1.1" 200 43465
172.22.2.4 - - [20/May/2023:17:12:23 -0500] "HEAD /BLA/boletinlegal/ HTTP/1.1" 200 -
172.22.2.4 - - [20/May/2023:17:13:14 -0500] "GET /BLA/boletinlegal/ HTTP/1.1" 200 53114
216.245.221.92 - - [20/May/2023:17:15:21 -0500] "HEAD / HTTP/1.1" 200 -
40.77.167.97 - - [20/May/2023:17:15:42 -0500] "GET / HTTP/1.1" 200 319
66.249.77.21 - - [20/May/2023:17:16:33 -0500] "-" 408 -
186.86.32.196 - - [20/May/2023:17:16:55 -0500] "OPTIONS /kwssiamovil/sm/setfile/f? HTTP/1.1" 200 13
186.86.32.196 - - [20/May/2023:17:16:55 -0500] "POST /kwssiamovil/sm/setfile/f? HTTP/1.1" 200 381
186.86.32.196 - - [20/May/2023:17:16:58 -0500] "OPTIONS /kwssiamovil/sm/setfile/f? HTTP/1.1" 200 13
186.86.32.196 - - [20/May/2023:17:16:59 -0500] "POST /kwssiamovil/sm/setfile/f? HTTP/1.1" 200 381
186.86.32.196 - - [20/May/2023:17:17:15 -0500] "GET /kwssiamovil/sm/acme/a?s=U2FsdGVkX18+0pJbTVtCIAFWsC5yJEhWhUNutfnaQiNXvfzGiLq/L8X8bMe9zi70LzQIiHEwwyfLNduFiI8EDzEVJrtrDQhIm01jt1zH2UuzR9rCVtQ4Z5Pd9oDSuU+MWiaf2+sbsNTm+yYf+rJRr6nLDrZzWXckeeJEYSuEV2NsOYS/97tO075/4khbtA/C5fTnAny2iKcfny5DX0LQ1Za4seq1HJ+WAEaVeDjJ5kTxxH6gbyQYpNmSI9QFK04JmwZGo59EGBZXiuccnYSidQ==&u=U2FsdGVkX18Yb4PUpKCWdzbSWiAy4G0zreSVg5NSQkc=&y=U2FsdGVkX18Ha57xvZyRNeZY73GcShPPSkbMGa8L9KU= HTTP/1.1" 200 26
186.86.32.196 - - [20/May/2023:17:17:19 -0500] "GET /kwssiamovil/sm/acme/a?s=U2FsdGVkX18LbBTGBvogWraVkaVVDe/MDaV5f70HvnaEmz2z0n3MY42Opcl9V8HMQ6JiA7wtJ3pvyc5F+dWzq9t2we8To5TNoGyiF35qp+4Sqz7Oa37IgRycW7jMXkOHQwuFk94qJUOR89bPgyXg/LtKqGX/E+Rl26pfq8SNTdcKTww8g/HElkCs2hJOVL2ygPVK4Vi++erJ2bkdwj/+cRMIjnb3HoBqN3W1T+QlBk80qNd1Of+4tfKdXAnX/BRo/6vYw9bm3i/KXdd0nk90WkYp2z/ao/77G7mSPJb4Zr00gSyNExhhj9C46RwR0ubGJrOuLHGs9mdeYUm1Thd61qagtSVWvJyrUdOxmlFIuJdS3x/d+hPtn+clNCganhFxmuccXeZhoaR6pxSZMPdjSuXL9aiBWmAgxonetBv0QOcyDyexdGKcgsHNQnVd1xu884a5lbEOSTcdCfBXkwfol4/uidQudzAWatkeIMGjR5ag5vnSBeE+vfU+nqnNNXKcCzX4WIi+hFnc+wXYAKL0+m6/BuMoG+VhLd2qlanKgkaRrI6OC68eyLcRxHwyrr3Ho2W6J7BhbUvJjYuY5BX/KR600DV64RaPXTRz8hCzRfKe+C3RnOBE5SvtHVC0l3WUEb27D/JsyQwns42KVTiO0cFUgA37Ace/dgEBfWq1wpcR7E/KkcPxHXyoivqyBWbghVKvygQwdiMaQBIItIA3SmzPhgV4R8tb56Ar9PCi4XktsyxLHTcHX2/GD0C1hInywNmKgTAs5ymxH89U/G6NeDHJrVMZkbPFFC+KpO8/mtdjXo9jUKiO3oMAsztGP6GbR9gUJh7ld0NeBykK+iqm1cIsHNAvkjQefwTL3ePyPK2Kowt7NLQIfe9Sy2PyM0XRhKyGVsPhyl805G9pTHPauJnigw2+cWRVk0E/mcv/L7vkKIlRDr3xb92FfNhYFMCy&u=U2FsdGVkX18Yb4PUpKCWdzbSWiAy4G0zreSVg5NSQkc=&y=U2FsdGVkX18Ha57xvZyRNeZY73GcShPPSkbMGa8L9KU= HTTP/1.1" 200 26
186.86.32.196 - - [20/May/2023:17:17:22 -0500] "GET /kwssiamovil/sm/acme/a?s=U2FsdGVkX19FMI9oElfKZfDUwPXyvMdKPW/cS/VNiSOYiBR/ZoFCfShMBEie6+j4wFpEGAzmkSHcqQMWok0IgbrCB6UDlmGMxoJ6I1sI2TggSWtF0EzVuZu8MDzg/XBubfff4DeoftSUZ1COXzV3yAQl9Ll1P4P8l0GkGhFif24=&u=U2FsdGVkX18Yb4PUpKCWdzbSWiAy4G0zreSVg5NSQkc=&y=U2FsdGVkX18Ha57xvZyRNeZY73GcShPPSkbMGa8L9KU= HTTP/1.1" 200 26
186.86.32.196 - - [20/May/2023:17:17:25 -0500] "GET /kwssiamovil/sm/acme/a?s=U2FsdGVkX19xeOXShKpnlbRRImsIFEh83nExuAoqJ8jvkW2UURRD2a6d4cHLxIyldY/42FyfUei2ygX1UdB+jiIUz9b1qFn2ZO1ISIxtUlgotNGukCKCSl6Gq1iUYs+8hWa9FDyxhHv2fefebtRnf4X4VPGr1Z4HLJ/IrlXGR4c=&u=U2FsdGVkX18Yb4PUpKCWdzbSWiAy4G0zreSVg5NSQkc=&y=U2FsdGVkX18Ha57xvZyRNeZY73GcShPPSkbMGa8L9KU= HTTP/1.1" 200 26
186.86.32.196 - - [20/May/2023:17:17:28 -0500] "GET /kwssiamovil/sm/acme/a?s=U2FsdGVkX1/KTmF4qwpcQSL1O9EIkoL/KXsutnFUhmF8TxJgaS7Hzx8DBj8zM1krCjLLMlUs7efvxetEkSZaW21OGjKRYoM4s2UG0fmBMKnTub2+rGPGIrIYO7TKGFnrJl81k3ailw0yPXFmfiM4HUeHzJgGC7d1TFQpslLb7HI=&u=U2FsdGVkX18Yb4PUpKCWdzbSWiAy4G0zreSVg5NSQkc=&y=U2FsdGVkX18Ha57xvZyRNeZY73GcShPPSkbMGa8L9KU= HTTP/1.1" 200 26
186.86.32.196 - - [20/May/2023:17:17:31 -0500] "GET /kwssiamovil/sm/acme/a?s=U2FsdGVkX1/RPnmiDl4AxIzq0ZyQRWEPojURE5HhRC2O0N0Pt7aXgxGpGSG36HNhqaOjelpAzn/SehWM6X+SjfMKIldjdTpYRD/fl0I3W+ttN2cT+DDJBmf5jBi1XXFHX66d/9IRnbE3MntxefNCfzMPztFcaEFiFlA+DWi8wyOQWffzORKkxej/3QqY9nNS&u=U2FsdGVkX18Yb4PUpKCWdzbSWiAy4G0zreSVg5NSQkc=&y=U2FsdGVkX18Ha57xvZyRNeZY73GcShPPSkbMGa8L9KU= HTTP/1.1" 200 26
186.86.32.196 - - [20/May/2023:17:17:35 -0500] "GET /kwssiamovil/sm/acme/a?s=U2FsdGVkX188WLNCFvV3A/dvD8c0CGFdlGpZ7T/P9BiRY2GVDnjA1VJwOWG21gzsTw4PK23xekV+2aB9PTXv+DjBO0EFhAC8SSBV7UvEbZzmBRHQuEGl/JpwzLqYUUqwaOwb1J+QSFjQp80PMp1s5dTD2dse+tc6mNHhvLDgbhwFLPcs/HFvN/mpfe/tYbt1CnKCHh6vMNr6kP+ffnAMlSDT/kaIOX7ykvfstbETG8o=&u=U2FsdGVkX18Yb4PUpKCWdzbSWiAy4G0zreSVg5NSQkc=&y=U2FsdGVkX18Ha57xvZyRNeZY73GcShPPSkbMGa8L9KU= HTTP/1.1" 200 26
186.86.32.196 - - [20/May/2023:17:17:38 -0500] "GET /kwssiamovil/sm/acme/a?s=U2FsdGVkX1/gATBboNZ/xuF8mtceePc+6ppDAU1dOha0Bw7exmY2wswqwgrKxtKlEYXZIYntJUTEqvhPmsxNaagGY6kbndRkUuhcOAAeYfn5xF2d2ktYmswQaewCoVcneCPDsVEO9a1N3ncbr+Z+JRUNLsCrL/K+wvrzuV6cZ14DY8wzY53FbTyt/jyMVb6BQQXYNZkcisE7op8HxXHQqw==&u=U2FsdGVkX18Yb4PUpKCWdzbSWiAy4G0zreSVg5NSQkc=&y=U2FsdGVkX18Ha57xvZyRNeZY73GcShPPSkbMGa8L9KU= HTTP/1.1" 200 26
186.86.32.196 - - [20/May/2023:17:17:41 -0500] "GET /kwssiamovil/sm/acme/a?s=U2FsdGVkX18/1Jb9fmcjtZyDzrMOpQWd3gSsRhIzlFqCBs+ns7XDmI6Bcjb/bLFAotM/NAuPgN7UvxyfbdexT83HKCLh5uDHMfGjEw4N3Ju4vOMTXqijw2gAOXI9ik45JpxiPNacI5/1FcaCE6fmhIt7iiXy/p5xpxYaWk2YQxJz/E9x38EAPiW8QQt/K9hd2iHCXcAnFVZjX0Knwtszcw==&u=U2FsdGVkX18Yb4PUpKCWdzbSWiAy4G0zreSVg5NSQkc=&y=U2FsdGVkX18Ha57xvZyRNeZY73GcShPPSkbMGa8L9KU= HTTP/1.1" 200 26
186.86.32.196 - - [20/May/2023:17:17:44 -0500] "GET /kwssiamovil/sm/acme/a?s=U2FsdGVkX19k23WuXV9l5+ehi511JRc502Eb934uQ/usZ7rJMfLLjyd/tY5Rtgbi+VVS+q+Pb3/KgWq3MVQIbshl5sfk23FUgdqYMJppusWvL+0Fd4KQ0sDXwB/OjjUOiZZKkR2M7jQO8xR3cXMcQAZrfBwDQy67kdutOcF+/eqtpTwumgIigr30pURKN7r6&u=U2FsdGVkX18Yb4PUpKCWdzbSWiAy4G0zreSVg5NSQkc=&y=U2FsdGVkX18Ha57xvZyRNeZY73GcShPPSkbMGa8L9KU= HTTP/1.1" 200 26
201.245.192.253 - - [20/May/2023:17:18:38 -0500] "POST /kwsrmcab/Wsrmcab HTTP/1.1" 200 43959
201.245.192.253 - - [20/May/2023:17:18:41 -0500] "POST /kwsrmcab/Wsrmcab  HTTP/1.1" 200 43465
201.245.192.253 - - [20/May/2023:17:18:41 -0500] "POST /kwsrmcab/Wsrmcab HTTP/1.1" 200 44126
40.77.167.146 - - [20/May/2023:17:18:46 -0500] "GET /BLA/resoluciones/AUTOS%202021/4556.pdf HTTP/1.1" 304 -
172.22.2.4 - - [20/May/2023:17:18:13 -0500] "HEAD /BLA/boletinlegal/ HTTP/1.1" 200 -
216.245.221.92 - - [20/May/2023:17:20:21 -0500] "HEAD / HTTP/1.1" 200 -
172.22.2.4 - - [20/May/2023:17:19:04 -0500] "GET /BLA/boletinlegal/ HTTP/1.1" 200 57561
38.32.70.140 - - [20/May/2023:17:21:29 -0500] "GET /galeria/galeria/fotos/Capellania2P.jpg HTTP/1.1" 200 35380
66.249.79.134 - - [20/May/2023:17:21:39 -0500] "-" 408 -
191.95.54.117 - - [20/May/2023:17:23:13 -0500] "GET /postulate-al-programa-de-mujeres-por-el-cambio-climatico-en-bogota.html HTTP/1.1" 200 856
201.245.192.253 - - [20/May/2023:17:23:40 -0500] "POST /kwsrmcab/Wsrmcab  HTTP/1.1" 200 43465
173.252.79.11 - - [20/May/2023:17:24:14 -0500] "GET /images/Acuerdos%2001%20(1)%20(1).jpeg HTTP/1.1" 200 32884
173.252.79.16 - - [20/May/2023:17:24:45 -0500] "GET /images/foto%202.jpg HTTP/1.1" 200 63300
173.252.79.8 - - [20/May/2023:17:25:11 -0500] "GET /images/Fauna%20Silvestre%20SDA%2002.jpeg HTTP/1.1" 200 41590
216.245.221.92 - - [20/May/2023:17:25:21 -0500] "HEAD / HTTP/1.1" 200 -
172.22.2.4 - - [20/May/2023:17:24:03 -0500] "HEAD /BLA/boletinlegal/ HTTP/1.1" 200 -
172.22.2.4 - - [20/May/2023:17:24:54 -0500] "GET /BLA/boletinlegal/ HTTP/1.1" 200 57561
173.252.111.15 - - [20/May/2023:17:27:39 -0500] "GET /images/reunion-planta-termovalorizacion-11-mayo.jpg HTTP/1.1" 200 34782
40.77.188.224 - - [20/May/2023:17:28:25 -0500] "GET /portaldeninos/wp-content/themes/betheme/fonts/mfn-icons.woff?93978679 HTTP/1.1" 200 80932
201.245.192.253 - - [20/May/2023:17:28:38 -0500] "POST /kwsrmcab/Wsrmcab HTTP/1.1" 200 43959
201.245.192.253 - - [20/May/2023:17:28:39 -0500] "POST /kwsrmcab/Wsrmcab  HTTP/1.1" 200 43465
201.245.192.253 - - [20/May/2023:17:28:40 -0500] "POST /kwsrmcab/Wsrmcab HTTP/1.1" 200 44126
216.245.221.92 - - [20/May/2023:17:30:21 -0500] "HEAD / HTTP/1.1" 200 -
66.249.77.21 - - [20/May/2023:17:31:30 -0500] "-" 408 -
172.22.2.4 - - [20/May/2023:17:29:53 -0500] "HEAD /BLA/boletinlegal/ HTTP/1.1" 200 -
172.22.2.4 - - [20/May/2023:17:30:44 -0500] "GET /BLA/boletinlegal/ HTTP/1.1" 200 57151
186.86.32.196 - - [20/May/2023:17:32:52 -0500] "OPTIONS /kwssiamovil/sm/setfile/f? HTTP/1.1" 200 13
186.86.32.196 - - [20/May/2023:17:32:52 -0500] "POST /kwssiamovil/sm/setfile/f? HTTP/1.1" 200 381
186.86.32.196 - - [20/May/2023:17:32:56 -0500] "OPTIONS /kwssiamovil/sm/setfile/f? HTTP/1.1" 200 13
186.86.32.196 - - [20/May/2023:17:32:56 -0500] "POST /kwssiamovil/sm/setfile/f? HTTP/1.1" 200 381
186.86.32.196 - - [20/May/2023:17:33:00 -0500] "OPTIONS /kwssiamovil/sm/setfile/f? HTTP/1.1" 200 13
186.86.32.196 - - [20/May/2023:17:33:00 -0500] "POST /kwssiamovil/sm/setfile/f? HTTP/1.1" 200 381
186.86.32.196 - - [20/May/2023:17:33:03 -0500] "OPTIONS /kwssiamovil/sm/setfile/f? HTTP/1.1" 200 13
186.86.32.196 - - [20/May/2023:17:33:03 -0500] "POST /kwssiamovil/sm/setfile/f? HTTP/1.1" 200 381
186.86.32.196 - - [20/May/2023:17:33:14 -0500] "GET /kwssiamovil/sm/acme/a?s=U2FsdGVkX18K19IZBkJlxmQG9mh4ysFktZbKYKu+UHVm2p7cIetEdR+JQmCaCjG8ldRSoUkj/4D4WPgJnOkZg1hdO+gWDHGeRxhc7sgY2aI0+WlvPlR/WZjo6dfZLm0ceSqfEfaDgenvoNf6CUn66l4+kjsVqbEM3DmjlVU14pgQhD/9Gw20vc5/8miGXjSv3C+sLxArxWbCsEH2WPQ9OruMVUI7ChAkkmn7MRqey2+tKBNK3wXhvnnO+BCoir6soBxDlf0Cx9XZEs4/gGLJEA==&u=U2FsdGVkX18Yb4PUpKCWdzbSWiAy4G0zreSVg5NSQkc=&y=U2FsdGVkX18Ha57xvZyRNeZY73GcShPPSkbMGa8L9KU= HTTP/1.1" 200 26
186.86.32.196 - - [20/May/2023:17:33:17 -0500] "GET /kwssiamovil/sm/acme/a?s=U2FsdGVkX1/jE0iIrUZzqORVh8airGdZ2MJSEdQETSX5yJXBJfV4nh47zYeu+xdCYIfGuzRaf8/PLmHcOLVcfMCwyex6fLQE5nGHSKIkUbOJdUr6o8ubSc+ZaTujli8hFjFA5S6qdeGf5wOuLfrCWitWTJjIU62agWo7oY8Nvr/2s8l2si4PjqHFBro3FoTAlJYDaLOZbniTIt+upYkrIHq9kxzc9l+98NpzmGlpKXrP5Y0iYeFAY2CwQ3t1B45Vi/FWqsRFhThdUiplZdG8L3i29hqTRKGyJS3tNRIKuMtx4AfkXeR7qLMT24MV8KgT3gAkd5vg0/gDikv0ook//dq5SiFn5A80+b4SShGcbm8TH5bGEDdgsTfNwWvR7S7BoAKzYR2lQK+wgrxmsCygLvVHqkHGp2Dbj93SeTu/7uAZbuQSakKXgWG6heLyR0pmCLV5sDGiFCDSuH4Ld5Ih4k38J24DAfg+Huh52TMer/8tiPRL8p5H1CbUYDdj0lGXez/WlHnC5wRNgU0Alp5gRTVIPKOTq+TpoUv9ZvmWOXnwIsHe05xBaPfXrRZ6BqA5kv/1Kh8ArQw92BOEa+fIJHQYbn+K/jE4jKk7XxJKXNDFu2/iHKRvfsy17XNicptSqGyFiHytSr8u9Je2wx9cI7/0sXDP3tAOcuAGzWCfNc54+qpoyN8cAZnPseD0CtDG7U+DZ84q/+vvbu8Ua5IegsulcSBWOKEAgdVDoEBbZoyaN0qUAeHlBSHTVzfwhePatZvVATeScZHiVJdCfsczLl7J90bOsAoJP+ExLYFJQgMV8SF1CUxsarNC1pcOhBGDYIlR7IDliClqZpsBQH/di8xxRCLz7UKDri2koLnhF9hE591+iqTZWjcem29JmRxWa/U9ftiPR9weWCrlkVr+QKxDdJBvaoSGHBWjYSBT/Zm0MUv3UrzDMTihdv9sqOZGvq2CQmq0puxjnv3jfHaZmLR3U7IaPcNsKm2f62vSvoRGZnZ+aY+nK6OSeALrPZGWOPVCrnrgV0PciaYN9x1dTFZIbhdEdu8lrrL1JCKwxxJHx6ZuLLCt6h7DWPrjR/vw/GTwqDfVSO3y2CzYjqtWFaoXZQYnXLxz/C8om9WPXwZyj4kr/tjU0c24PyHFhAdj2mioBS28V7CP+Z4BgmNxpw==&u=U2FsdGVkX18Yb4PUpKCWdzbSWiAy4G0zreSVg5NSQkc=&y=U2FsdGVkX18Ha57xvZyRNeZY73GcShPPSkbMGa8L9KU= HTTP/1.1" 200 26
186.86.32.196 - - [20/May/2023:17:33:20 -0500] "GET /kwssiamovil/sm/acme/a?s=U2FsdGVkX18L5pmwFhkMySVIZMuT305aAPaH3q6JLxOMUnlbxVaGuqvaX+gfpPdhStpg2KXdP49QVe0zAoNPW3eQtnVOpE6+/5hvHtGpHj/VJRS1q0gr4QC/Vl0gmADgRQEVVaNmTRXhdDj8Fntv1fvEjCYm95mU/wLpOgE/ZXU=&u=U2FsdGVkX18Yb4PUpKCWdzbSWiAy4G0zreSVg5NSQkc=&y=U2FsdGVkX18Ha57xvZyRNeZY73GcShPPSkbMGa8L9KU= HTTP/1.1" 200 26
186.86.32.196 - - [20/May/2023:17:33:24 -0500] "GET /kwssiamovil/sm/acme/a?s=U2FsdGVkX1/aVjqyeOPoSZngyZJOO9YgzmDWM91vk39vG36q2yxzHgmIhSSj+06q6zowjpkfTR2QTuU1KYvCB44Mo7EuNjOYXYqmvdHAPDjUQzrH4YwhKk3/sEx/XVQp6t2LvlvGKitIRkrhqfjC7iR5SMEK8JgzBqodEatG5II=&u=U2FsdGVkX18Yb4PUpKCWdzbSWiAy4G0zreSVg5NSQkc=&y=U2FsdGVkX18Ha57xvZyRNeZY73GcShPPSkbMGa8L9KU= HTTP/1.1" 200 26
186.86.32.196 - - [20/May/2023:17:33:27 -0500] "GET /kwssiamovil/sm/acme/a?s=U2FsdGVkX1/TOzD91ztY3klKdU3YHaU64BrHmKmCndOxUgxWJB0cKvY5qhSpAn/eem8R1bvqbPtvRVqTdihmBN4hoywvS26P1xYpw3NVfMYcQxVg7k+FQYyfDnDUQmv1T6fAow9867d7bz7DIjKFWn7+MxRuA72apM+k27xgPZA=&u=U2FsdGVkX18Yb4PUpKCWdzbSWiAy4G0zreSVg5NSQkc=&y=U2FsdGVkX18Ha57xvZyRNeZY73GcShPPSkbMGa8L9KU= HTTP/1.1" 200 26
186.86.32.196 - - [20/May/2023:17:33:30 -0500] "GET /kwssiamovil/sm/acme/a?s=U2FsdGVkX18wUlFrhrZQINjhhW7EUlddfmE5amC5hpLiONkHoTsAvHGb1KcbdAnUBKaXJjKyIGJV7XByWWUY2ssGUVd0uS/vktemkHSFvCVX7Ntz2HM5zEzpDMGQsGFbPBz5TKEFwUzejPdWeINgQ1gPRUXa+icyBOGVVl6kzgofaWSUxcf4EXoz07yH6Sgj&u=U2FsdGVkX18Yb4PUpKCWdzbSWiAy4G0zreSVg5NSQkc=&y=U2FsdGVkX18Ha57xvZyRNeZY73GcShPPSkbMGa8L9KU= HTTP/1.1" 200 26
186.86.32.196 - - [20/May/2023:17:33:33 -0500] "GET /kwssiamovil/sm/acme/a?s=U2FsdGVkX18SttsDrhnAn2XXlzWyBOuxy8TkoQ1y2a78Ma7fx6LdBL0T17gD/hSAw5zzilk3AqnrkoR+AFWD97GuNyeptn5HzR/Knx4aVa5fsCjNMFy6lM3qUvZZwDyPHOV7E7UjWQZ5sbsWPTsx2A23ALKkxD+fLtFVQtWvvP8G6j/maFbKO6SxRIX/E0OznreJmM5ju20EH1Zo7+H42g==&u=U2FsdGVkX18Yb4PUpKCWdzbSWiAy4G0zreSVg5NSQkc=&y=U2FsdGVkX18Ha57xvZyRNeZY73GcShPPSkbMGa8L9KU= HTTP/1.1" 200 26
186.86.32.196 - - [20/May/2023:17:33:36 -0500] "GET /kwssiamovil/sm/acme/a?s=U2FsdGVkX1+5pofwYL5hZB81XoSIgLpmEUiWnwO0RbvPnllkjkmkJTJRpStancu7mWYqTmqjeSILRnoHRmHqp+pjsXpU9RQsVgeWC/SiUKbMKkaU/8iiDUh7CM7nk6B6NfuiINbYALRV3DJ1XW7NgoWCPXJGP/e7bXWsmF0x7kz7P1d5Oe6D/BD1TNl8jxeB&u=U2FsdGVkX18Yb4PUpKCWdzbSWiAy4G0zreSVg5NSQkc=&y=U2FsdGVkX18Ha57xvZyRNeZY73GcShPPSkbMGa8L9KU= HTTP/1.1" 200 26
201.245.192.253 - - [20/May/2023:17:33:38 -0500] "POST /kwsrmcab/Wsrmcab  HTTP/1.1" 200 43465
186.86.32.196 - - [20/May/2023:17:33:39 -0500] "GET /kwssiamovil/sm/acme/a?s=U2FsdGVkX1/zcX6WQjFFNPH/cBNpMPonQIDn4pvJwARdESRKfhOVTKLpxqdIZ+IRnQi0inj9xmYn7QQwn5vKZjDonth39pDU0sPPrGJIsnDhsCbRzyB4Ed1Ytc7TQHj0ysPboApFPLddPyhBHPZw0iZ52ctJ2KLOs7G1Ogj+F+lGWMJVIO7vlza2DeQzpYcr+0AxUelLF9PzUkUg0ryHdA==&u=U2FsdGVkX18Yb4PUpKCWdzbSWiAy4G0zreSVg5NSQkc=&y=U2FsdGVkX18Ha57xvZyRNeZY73GcShPPSkbMGa8L9KU= HTTP/1.1" 200 26
186.86.32.196 - - [20/May/2023:17:33:43 -0500] "GET /kwssiamovil/sm/acme/a?s=U2FsdGVkX1/ZP+4dU485wfqDCD3JazRmsESkFfiGCA8c3T58Cg4q/QFmz7SAq7stDHsEEiCrnhk/Fqn9PfLhSt9qNhouQzPEgNAtZSXJA1VDWlSsXSA0XEsCvpy7Xs3besT8TSqXebIeTfOqpiZj/lPkt/vXcCGbCRbEyrgOp1rdgt2g5+8a4tMjuWOWf6mAivyTMybYYzn9h/OkAY/ZAQ==&u=U2FsdGVkX18Yb4PUpKCWdzbSWiAy4G0zreSVg5NSQkc=&y=U2FsdGVkX18Ha57xvZyRNeZY73GcShPPSkbMGa8L9KU= HTTP/1.1" 200 26
186.86.32.196 - - [20/May/2023:17:33:46 -0500] "GET /kwssiamovil/sm/acme/a?s=U2FsdGVkX1/YQvHT0Tfs/OqOvu9IGwLpmQS6VsWxkukYhsgNqZM4rN8UKLLhTqtUYIV/Cfhv6Sy0J9wOV9uO5G+jSdw135GlAH11QRrEQgW2pd7X/snyAUUltChaztCowZQ1kctfbmcTGd/JjaFQLWg8aVzpvZ64aeQpGaW3hdETAAV2I6nsFf/90Bg81+ksDMUq5pPo0/ApTzXJoJx1fA==&u=U2FsdGVkX18Yb4PUpKCWdzbSWiAy4G0zreSVg5NSQkc=&y=U2FsdGVkX18Ha57xvZyRNeZY73GcShPPSkbMGa8L9KU= HTTP/1.1" 200 26
186.86.32.196 - - [20/May/2023:17:33:49 -0500] "GET /kwssiamovil/sm/acme/a?s=U2FsdGVkX193eHjlzp2WWksUftfN4hs5LccOzmlVGXqJLIl66GIfNHKhHgCyb6jF8tg64ss6rFJLtVLxioX/xWsTjvlfU8vKbZqrwU/HRWF7CR+jgDMGub8b1ZYNRe6C4ClsybUBnQDLR3MIb/nlsnbU/7kq8F6iLAgHzYWMmmPdfPKXocbcdZ2j+ir7fLJp&u=U2FsdGVkX18Yb4PUpKCWdzbSWiAy4G0zreSVg5NSQkc=&y=U2FsdGVkX18Ha57xvZyRNeZY73GcShPPSkbMGa8L9KU= HTTP/1.1" 200 26
186.86.32.196 - - [20/May/2023:17:33:52 -0500] "GET /kwssiamovil/sm/acme/a?s=U2FsdGVkX19uVtobxzEZ+usOGFB0SgTQz4JpwRjNzcEvtxekOY84doNQ8E40HOQABTvxAguDrn0Oh4dLv3sr55hyWJPvxDxUetGezGpIVsRD0cqDwJJ6x3NP+GGoZ5jl8TNuWEND/ZATpMvaSNU5Y+i/eBIZAZE0bCIbxHS/v8v6aFMR/uhwvg+JkDZ6PrX8lX9c3OD/vzJJh1NgEMW3Lg==&u=U2FsdGVkX18Yb4PUpKCWdzbSWiAy4G0zreSVg5NSQkc=&y=U2FsdGVkX18Ha57xvZyRNeZY73GcShPPSkbMGa8L9KU= HTTP/1.1" 200 26
