181.54.168.185 - - [20/May/2023:20:46:54 -0500] "GET /guadalupe-aguanoso-un-nuevo-tramo-de-camino-para-disfrutar-en-los-cerros-orientales.html HTTP/1.1" 200 795
172.22.2.4 - - [20/May/2023:20:47:11 -0500] "GET /BLA/boletinlegal/consulta_actos.php?tipo=resoluciones&no=7135&usuario=&sector=&fecha=2011&resuelve= HTTP/1.1" 200 626
172.22.2.4 - - [20/May/2023:20:47:14 -0500] "GET /BLA/boletinlegal/consulta_actos.php?tipo=resoluciones&no=7135&usuario=&sector=&fecha=2011&resuelve= HTTP/1.1" 200 626
172.22.2.4 - - [20/May/2023:20:47:15 -0500] "GET /BLA/boletinlegal/consulta_actos.php?tipo=resoluciones&no=7135&usuario=&sector=&fecha=2011&resuelve= HTTP/1.1" 200 626
172.22.2.4 - - [20/May/2023:20:47:19 -0500] "GET /BLA/boletinlegal/consulta_actos.php?tipo=resoluciones&no=7135&usuario=&sector=&fecha=2011&resuelve= HTTP/1.1" 200 626
201.245.192.253 - - [20/May/2023:20:47:53 -0500] "POST /kwsrmcab/Wsrmcab  HTTP/1.1" 200 43465
172.22.2.4 - - [20/May/2023:20:48:13 -0500] "GET /BLA/boletinlegal/consulta_actos.php?tipo=resoluciones&no=7428&usuario=&sector=&fecha=2010&resuelve= HTTP/1.1" 200 1041
186.86.32.244 - - [20/May/2023:20:48:19 -0500] "GET /BLA/resoluciones/RESOLUCIONES%202010/7428.pdf HTTP/1.1" 200 3146083
172.22.2.4 - - [20/May/2023:20:48:20 -0500] "GET /BLA/boletinlegal/ HTTP/1.1" 200 24523
172.22.2.4 - - [20/May/2023:20:48:19 -0500] "GET /BLA/boletinlegal/ HTTP/1.1" 200 24523
172.22.2.4 - - [20/May/2023:20:48:13 -0500] "HEAD /BLA/boletinlegal/ HTTP/1.1" 200 -
216.245.221.92 - - [20/May/2023:20:50:21 -0500] "HEAD / HTTP/1.1" 200 -
172.22.2.4 - - [20/May/2023:20:49:03 -0500] "GET /BLA/boletinlegal/ HTTP/1.1" 200 57561
186.86.32.196 - - [20/May/2023:20:51:40 -0500] "OPTIONS /kwssiamovil/sm/setfile/f? HTTP/1.1" 200 13
186.86.32.196 - - [20/May/2023:20:51:41 -0500] "POST /kwssiamovil/sm/setfile/f? HTTP/1.1" 200 381
186.86.32.196 - - [20/May/2023:20:51:43 -0500] "OPTIONS /kwssiamovil/sm/setfile/f? HTTP/1.1" 200 13
186.86.32.196 - - [20/May/2023:20:51:43 -0500] "POST /kwssiamovil/sm/setfile/f? HTTP/1.1" 200 381
186.86.32.196 - - [20/May/2023:20:51:48 -0500] "OPTIONS /kwssiamovil/sm/setfile/f? HTTP/1.1" 200 13
186.86.32.196 - - [20/May/2023:20:51:48 -0500] "POST /kwssiamovil/sm/setfile/f? HTTP/1.1" 200 381
186.86.32.196 - - [20/May/2023:20:51:53 -0500] "OPTIONS /kwssiamovil/sm/setfile/f? HTTP/1.1" 200 13
186.86.32.196 - - [20/May/2023:20:51:53 -0500] "POST /kwssiamovil/sm/setfile/f? HTTP/1.1" 200 381
186.86.32.196 - - [20/May/2023:20:51:56 -0500] "OPTIONS /kwssiamovil/sm/setfile/f? HTTP/1.1" 200 13
186.86.32.196 - - [20/May/2023:20:51:56 -0500] "POST /kwssiamovil/sm/setfile/f? HTTP/1.1" 200 381
186.86.32.196 - - [20/May/2023:20:52:00 -0500] "OPTIONS /kwssiamovil/sm/setfile/f? HTTP/1.1" 200 13
40.77.167.97 - - [20/May/2023:20:52:00 -0500] "GET /BLA/resoluciones/AUTOS%202021/3741.pdf HTTP/1.1" 304 -
186.86.32.196 - - [20/May/2023:20:52:00 -0500] "POST /kwssiamovil/sm/setfile/f? HTTP/1.1" 200 381
186.86.32.196 - - [20/May/2023:20:52:09 -0500] "GET /kwssiamovil/sm/acme/a?s=U2FsdGVkX18oRI/X9j4uvWEaBKa6s/eXU2OqSeALS9otalv5f53Y1FVNMs/X45t+EsAhSQkGK5RRQvhbNlxkLVaF1yihwQde/erc9cphbPdREpSqrfqzkqtk6v5gLDhQGVhEY4y0vmyRPCIPiPjehrXPynrnpnE6eG3HEazSppgLlpdqt7UgEyIPkUEiQyJLJrxSefSSjlgc8FerLmce2aKuHrw0BTw54pZ9YEmp1PzK3ZNc52DlAv6fvHuEL/CTJVM9w4Jq/EwMc1H38YQGBw==&u=U2FsdGVkX186p4ec5xzGOeGR3CILvqmsjo1o2rz0oa4=&y=U2FsdGVkX19P8O+kmnSqdFj+hU4g9G/SARDW8SD9eVs= HTTP/1.1" 200 26
186.86.32.196 - - [20/May/2023:20:52:09 -0500] "GET /kwssiamovil/sm/acme/a?s=U2FsdGVkX1+lNyR0hZGq+chxVgZqR1OlWlfF2II0G4LFKdq3fYk5a5dlVId2CAz3FZ0MvJ73tPN3p+J2obvE/7w0Islrle7hsc7eRPIjVqfy2z3P2Y4/n/ZIwzTzNMSYp4wLkJOJJGXN0rzYXI9yUy8ciGDYwkXH4cofkC3x66EABuEvXWXju7wvdGBI0AMgU+w37QXGBm4FkqXEKJdWfR7uAJxhATS/PL2GX7S4HNUOTQ0jHUd0Sv1c/pMdFHIOE0qky/xa077qGNFppBWX7tpXIJj/h8wTbR9CypQ4NIVogLPzNK5DpGrBl3OJ77OPnFSBaOGXguzq9JOXjia2sV9w7KrlYSwB+l5476yko7XLLNItAWeEY0ctk5UsGplnaqanFBbVPooshMNvJstv6PKyzjKOHgv7bK2qjdr0JRwzODhkUEH0aZLMXMGCeJGvWRFpI9gKy70nVcxDxapawJGm2yuXcfBE8qgouO1zV3Kgns7fisJPR6bW+HYtm3bB8zPtylR3otQlS1V3YnCe0d9JmTK2h/dWCMvddk8K33oOFfwcSginrVFYRVj8aUETCKKvU8amjfk5PkvlA0ZsqDVddqfbJlMaSoztXvisfAVpD58mGDe3gAVIe8SuTdAgmxYLjXykfCe1YXZ6AZUVhgxNg8SDUwmcCeqdmfjPaLm2yhzVVDB6Ri9tekhKvLLEYIr0ybrIaGXb2yZ/Jmu9HWTiHIA1gsetUqovA8PAzkzPEEg/SMP88BWtIKo0Li/kd6LzkPq6vc42V/MnjhRkgLIKBio0oQH1AfsPFOlW4UdL0yFzVWM2FoST7qkqaj/zgWb8nHOzH3uY4zimto8FwRsO+R7sjTUZSqk8z7AlOYgzRDfCBc6Qn87j9bRNOOnFwUdU1mjStP5t3pR489WKItR5SDIjh1rhNySZeRqSDvevI7nWEP04MQ21MAsgv1gycCTbjdeCfTuh7b0bti3laZZA2hE0RUdXYRhuJri4pLAPVJPV8BvE8tSAN60NxcH+ZTVqmSTQmGBbSQSPtHDrUvSoUCTSw/liXz538ShAc8GZCIYyNlv6vmw8DpGFCS9VSvH6wTS0imhlIioY5o0RgRDvyX3CSy5bOMV+olPzPwY=&u=U2FsdGVkX186p4ec5xzGOeGR3CILvqmsjo1o2rz0oa4=&y=U2FsdGVkX19P8O+kmnSqdFj+hU4g9G/SARDW8SD9eVs= HTTP/1.1" 200 26
186.86.32.196 - - [20/May/2023:20:52:09 -0500] "GET /kwssiamovil/sm/acme/a?s=U2FsdGVkX1+UqygMNNZRvsXi2sVvHVAbQNF/npBVuTe7Kfn+LAF1o/33xRe89kYGpYGI2/NKP8kWKd0r8U+IphJN9DZIYow12yqW+ZCE1m8s6IPidfR8snnMum5v3oDmOj0juGnSUlmjl53Dzs7RqUwSoJTZRI2cYteb35zQQbc=&u=U2FsdGVkX186p4ec5xzGOeGR3CILvqmsjo1o2rz0oa4=&y=U2FsdGVkX19P8O+kmnSqdFj+hU4g9G/SARDW8SD9eVs= HTTP/1.1" 200 26
186.86.32.196 - - [20/May/2023:20:52:10 -0500] "GET /kwssiamovil/sm/acme/a?s=U2FsdGVkX1/ks5js37W1Nw5DxHfBaA//PQrOkqlkxQXmE6cuDhAKrYfGKbi8CbTGT+x+HaI5hutiKxZ+FurN4ZBQZ4qLXU8gWtAAg1Q1lipgdjsZYnV1HRrYQ4khRUzc8usMqVyrExQE/dS35iV+5p0f4BARxsGHY7bsY7XCAkY=&u=U2FsdGVkX186p4ec5xzGOeGR3CILvqmsjo1o2rz0oa4=&y=U2FsdGVkX19P8O+kmnSqdFj+hU4g9G/SARDW8SD9eVs= HTTP/1.1" 200 26
186.86.32.196 - - [20/May/2023:20:52:10 -0500] "GET /kwssiamovil/sm/acme/a?s=U2FsdGVkX1+TF/WpCNrTNnoruLc2wK8dLnG4K5OACpvdxRh7Zwkza+YH8IVuLthBStmW2hdkUzXImBBKt3CSTS6rw0EjesK5NguzfOz/P6s8wMCF9RFuIKHJFKgP2KCtLG84t7S6mJ+DBCR0TQUa2CBL47I6gjnKTwij1xQy8uM=&u=U2FsdGVkX186p4ec5xzGOeGR3CILvqmsjo1o2rz0oa4=&y=U2FsdGVkX19P8O+kmnSqdFj+hU4g9G/SARDW8SD9eVs= HTTP/1.1" 200 26
186.86.32.196 - - [20/May/2023:20:52:10 -0500] "GET /kwssiamovil/sm/acme/a?s=U2FsdGVkX1/YuWJMkOzyCzNrnzYfc+fktwwcep3noHxo4KRashyvoYXlof5+UyugOAvzBeB9C89LZrtS/Yp17SwOZ/k7+oxwdaoTwy5lV+e1DcfbKmmu+/gM0HnEYVcbgTVX0DNo8TmjRDBcgZnULM4HiB/n2dTEI+uO1qpgiVaY+qVJkTgYii6R1PYN4U7f&u=U2FsdGVkX186p4ec5xzGOeGR3CILvqmsjo1o2rz0oa4=&y=U2FsdGVkX19P8O+kmnSqdFj+hU4g9G/SARDW8SD9eVs= HTTP/1.1" 200 26
186.86.32.196 - - [20/May/2023:20:52:10 -0500] "GET /kwssiamovil/sm/acme/a?s=U2FsdGVkX1+bpeuCKyzGv4oHwsZq2D9R7Z5Ju0Qq0I0Mlkc/3zxhMSit3TcMhGLonQrcL7XYV/875SzEp1KjyMQj5Hjt+oUcRsPkYrFkAl+fdY53IqmDKKAJdKiOFWbrnw/YTch/R1O7W6rLzFkEAdVXzWhax6Gs53vzxvTdgbFMqkC2UdJ3y5KS8Y/Luuuk+WO39JseABa4p+eh5yKrecI0Xr1KDgBisbzwLUgrsXw=&u=U2FsdGVkX186p4ec5xzGOeGR3CILvqmsjo1o2rz0oa4=&y=U2FsdGVkX19P8O+kmnSqdFj+hU4g9G/SARDW8SD9eVs= HTTP/1.1" 200 26
186.86.32.196 - - [20/May/2023:20:52:10 -0500] "GET /kwssiamovil/sm/acme/a?s=U2FsdGVkX1/1yIajM4nEIxta1Hi3ea58fNopIc5RVXXJ8JRGhde67xejiI+OsJJmxmqDsRvEfhkto5yL3At6NZ3k3YP7JxVSUxRY6JlZ8XhUWvjD6AMkcBCtTXPfS2XaablMpcwCJCFson0s6zvrWrYpFnht05dmu8saf779B8SEV3jLjFC/63fvRwfhgl1np6+9jltw63pXT7+MRwzC/g==&u=U2FsdGVkX186p4ec5xzGOeGR3CILvqmsjo1o2rz0oa4=&y=U2FsdGVkX19P8O+kmnSqdFj+hU4g9G/SARDW8SD9eVs= HTTP/1.1" 200 26
186.86.32.196 - - [20/May/2023:20:52:11 -0500] "GET /kwssiamovil/sm/acme/a?s=U2FsdGVkX1+2QAArErWcDERPlMWDMn/ALBHRfqUh/ORbBqVWGdwWT0fVUVyz0alE3K08Qk3jJEyBXYkjRP6h/ao/LUKcpBmMHc3Pw24RG35Fd0Lgb+kBcfiZFSRj8lemlxwoE02OIFFKNk9GARmA7Oel72tVQWlLD+RN3k+lUxWAetrg1NCMRJQvXekBWV42C+N/63GUEpSnAGz4MXGNJg==&u=U2FsdGVkX186p4ec5xzGOeGR3CILvqmsjo1o2rz0oa4=&y=U2FsdGVkX19P8O+kmnSqdFj+hU4g9G/SARDW8SD9eVs= HTTP/1.1" 200 26
186.86.32.196 - - [20/May/2023:20:52:11 -0500] "GET /kwssiamovil/sm/acme/a?s=U2FsdGVkX1/lMGh50DOcfgdJ0rnQCmBD8n6P9msBkXFHXskFe2M6Ppz87GbRb2j9QLQHEJ5In7JlpRc3PCA5jgLN9rpkM12t6tfxoIrFvcrHvkm+hN8gj0y80+BEVMYEmHV2t3gHK3mUpZe+zyHcVi6UNeIF8CQWvDxPZ0Vkq+9/Oi1zN1l1gzGBkpHUN4XJF5bOY1BNm3Bw1LaTQvnMTQ==&u=U2FsdGVkX186p4ec5xzGOeGR3CILvqmsjo1o2rz0oa4=&y=U2FsdGVkX19P8O+kmnSqdFj+hU4g9G/SARDW8SD9eVs= HTTP/1.1" 200 26
186.86.32.196 - - [20/May/2023:20:52:11 -0500] "GET /kwssiamovil/sm/acme/a?s=U2FsdGVkX1+h8HzzVd8nbPvgw5EMbKr2Xy6apQny0YnXkgN352Y69qVE7a6z3i8dBSbclSEXuS4Y+ULMRvhXyQ81N2XBxWef6A1oQziHV7lV1wXtm1wBUBIsG4kEMjpTCUNwck/6/BPcKTyxzhNj6ZbI31BtHPAEI6QqNltUMkuC15evFqMXv2ydWqwwiBLv9PXWLq8szGnSL6cx+c04xw==&u=U2FsdGVkX186p4ec5xzGOeGR3CILvqmsjo1o2rz0oa4=&y=U2FsdGVkX19P8O+kmnSqdFj+hU4g9G/SARDW8SD9eVs= HTTP/1.1" 200 26
186.86.32.196 - - [20/May/2023:20:52:11 -0500] "GET /kwssiamovil/sm/acme/a?s=U2FsdGVkX1/jsPE2+861nzjcIJfjpA26YI7CzvmqJylu1BRBdsWO5uUc0WUJbIrnaKiwwT9JNcLQD6ddXRo+InjCkh+YVM9wPYPUwCjkdQOVgalcsAM08zcI8faGQc8XxtCDk04bVrphP9l23Qjfm45T2RceuOptRLI+K0XIqZo+0QjPaE8gj99MJURxIIan&u=U2FsdGVkX186p4ec5xzGOeGR3CILvqmsjo1o2rz0oa4=&y=U2FsdGVkX19P8O+kmnSqdFj+hU4g9G/SARDW8SD9eVs= HTTP/1.1" 200 26
186.86.32.196 - - [20/May/2023:20:52:12 -0500] "GET /kwssiamovil/sm/acme/a?s=U2FsdGVkX1/ksWGtNndw/3zwRYYKWl5ekkgWFEjC0IRlnY8XjdHpaoxPhxKx1tDzkOYqytsXNCkVa94Ay52uch+E6xXEgOIUAf3JT9Kkc+k0Hk0DpZl5d9dCtJWXGNcJBrl9oYUyJz5bPrCC8avCtw8/JA1aTCVJgXKX0gIqdYhXNlQpBxG7NBOCx0Uy+5Y9hk4k8y54YiJMJEUURMhhcw==&u=U2FsdGVkX186p4ec5xzGOeGR3CILvqmsjo1o2rz0oa4=&y=U2FsdGVkX19P8O+kmnSqdFj+hU4g9G/SARDW8SD9eVs= HTTP/1.1" 200 26
186.86.32.196 - - [20/May/2023:20:52:12 -0500] "GET /kwssiamovil/sm/acme/a?s=U2FsdGVkX1+H6rVps9oQN3onPAgWPJ9584pgbei1pk1NBbD+Cw9A5529YSA2lkD/2hKz/qNWxwovhJHJaWuxaNcjACfrQ9nXiM9Fs/ml75Vz+oF4qikflfHu0y5uc7jqHZ5RGbSu7g4IATsfWOGnt7n8zSA9OK2Xm2FEqeqWfoSdUkx5MCQrqjHcwtAlm+Mo&u=U2FsdGVkX186p4ec5xzGOeGR3CILvqmsjo1o2rz0oa4=&y=U2FsdGVkX19P8O+kmnSqdFj+hU4g9G/SARDW8SD9eVs= HTTP/1.1" 200 26
186.86.32.196 - - [20/May/2023:20:52:12 -0500] "GET /kwssiamovil/sm/acme/a?s=U2FsdGVkX1+awbOmCH6oybuu1swOgkkpUymdh6h0k/kBCL44xZx8sPVpPgGi4+wJkbaRXI78NG4vulXKNffbZH5RLTe920qwzfbGq3TAPXBZ6xCWjvHd0OuusR/iqE6L2OPJvH1XPQRoz+ue1kGutXl8wheUn4T1ePSJdHiLm4epK4LHf6Ar98lxTJwv8FJMwc6Xwn0iOloFvML0KhOesw==&u=U2FsdGVkX186p4ec5xzGOeGR3CILvqmsjo1o2rz0oa4=&y=U2FsdGVkX19P8O+kmnSqdFj+hU4g9G/SARDW8SD9eVs= HTTP/1.1" 200 26
186.86.32.196 - - [20/May/2023:20:52:12 -0500] "GET /kwssiamovil/sm/acme/a?s=U2FsdGVkX182AA5+uH+YqCYjBOqke5KC3j70D2A8zXXJVVoWKNm4WcM6iqZj53+7iHlEFuSVTFTwniLIuCtJVq7zyfrXDxxkFyzRATwOL/Naf/4tNzc2dr9V4smouDINoPARetteyI8U5PyyWcv3bE0mj3qvkgg0+yEtftnlnZzQM0z4ALUxHgmsi1uiYGm3&u=U2FsdGVkX186p4ec5xzGOeGR3CILvqmsjo1o2rz0oa4=&y=U2FsdGVkX19P8O+kmnSqdFj+hU4g9G/SARDW8SD9eVs= HTTP/1.1" 200 26
186.86.32.196 - - [20/May/2023:20:52:13 -0500] "GET /kwssiamovil/sm/acme/a?s=U2FsdGVkX18/wVTg8Mgl58x66Bdx/bh46US23DXgRzw+QjmrHEL3BEf+NDGpekWFIIswSnQUsV0FIWXOeH0sbh9EidDHmELH67QPmPtDz84bYynRaoNngRsmudLEy+cLR2Be8wfnG2j6v7oeE9Xs+s5By2MV19ottD48AGoqUHE9sArMPgV7acHXcqJzU68MvFI2AawIL2fwiv7AO7xOTg==&u=U2FsdGVkX186p4ec5xzGOeGR3CILvqmsjo1o2rz0oa4=&y=U2FsdGVkX19P8O+kmnSqdFj+hU4g9G/SARDW8SD9eVs= HTTP/1.1" 200 26
186.86.32.196 - - [20/May/2023:20:52:13 -0500] "GET /kwssiamovil/sm/acme/a?s=U2FsdGVkX1/g6ot6irKZbSdeXo+Uc9fVVXtJFnNQXylvrJurX5Aa2y17LUYK0+kOq1h7/PZ/vBKWHFRPgr8KG7wHnPi29FBvs8LifFFst3ZnQVE3TgazZ/QXkUdVB6qOUWQztkPuWwrIj7nwpfb4qhQt6+vtBlq7n67vEEyNqszocBUXtLCc4evrvm+suPOj&u=U2FsdGVkX186p4ec5xzGOeGR3CILvqmsjo1o2rz0oa4=&y=U2FsdGVkX19P8O+kmnSqdFj+hU4g9G/SARDW8SD9eVs= HTTP/1.1" 200 26
201.245.192.253 - - [20/May/2023:20:52:53 -0500] "POST /kwsrmcab/Wsrmcab  HTTP/1.1" 200 43465
139.177.246.48 - - [20/May/2023:20:53:30 -0500] "GET /portaldeninos/wp-content/uploads/2021/06/titulo-videos-ni%C3%B1os.png HTTP/1.1" 200 10502
172.22.2.4 - - [20/May/2023:20:52:28 -0500] "GET /BLA/boletinlegal/ HTTP/1.1" 200 61759
66.249.79.130 - - [20/May/2023:20:55:04 -0500] "-" 408 -
216.245.221.92 - - [20/May/2023:20:55:21 -0500] "HEAD / HTTP/1.1" 200 -
172.22.2.4 - - [20/May/2023:20:54:03 -0500] "HEAD /BLA/boletinlegal/ HTTP/1.1" 200 -
40.77.167.146 - - [20/May/2023:20:55:46 -0500] "GET /Publicaciones/2023EE63449.pdf HTTP/1.1" 404 227
172.22.2.4 - - [20/May/2023:20:56:30 -0500] "GET /BLA/boletinlegal/consulta_actos.php?tipo=autos&no=0799&usuario=&sector=&fecha=2007&resuelve= HTTP/1.1" 200 626
172.22.2.4 - - [20/May/2023:20:56:31 -0500] "GET /BLA/boletinlegal/consulta_actos.php?tipo=autos&no=0799&usuario=&sector=&fecha=2007&resuelve= HTTP/1.1" 200 626
172.22.2.4 - - [20/May/2023:20:54:53 -0500] "GET /BLA/boletinlegal/ HTTP/1.1" 200 57561
172.22.2.4 - - [20/May/2023:20:56:45 -0500] "GET /BLA/boletinlegal/consulta_actos.php?tipo=autos&no=0799&usuario=&sector=MINERIA&fecha=2007&resuelve= HTTP/1.1" 200 626
172.22.2.4 - - [20/May/2023:20:56:46 -0500] "GET /BLA/boletinlegal/consulta_actos.php?tipo=autos&no=0799&usuario=&sector=MINERIA&fecha=2007&resuelve= HTTP/1.1" 200 626
172.22.2.4 - - [20/May/2023:20:56:46 -0500] "GET /BLA/boletinlegal/consulta_actos.php?tipo=autos&no=0799&usuario=&sector=MINERIA&fecha=2007&resuelve= HTTP/1.1" 200 626
172.22.2.4 - - [20/May/2023:20:56:52 -0500] "GET /BLA/boletinlegal/actos.php HTTP/1.1" 200 9682
201.245.192.253 - - [20/May/2023:20:57:51 -0500] "POST /kwsrmcab/Wsrmcab  HTTP/1.1" 200 43465
157.55.39.210 - - [20/May/2023:20:59:10 -0500] "GET /BLA/resoluciones/AUTOS%202022/2056.pdf HTTP/1.1" 304 -
162.55.35.116 - - [20/May/2023:20:59:37 -0500] "GET / HTTP/1.1" 200 319
186.80.52.19 - - [20/May/2023:21:00:09 -0500] "GET /catalogoisis/ HTTP/1.1" 200 8575
186.80.52.19 - - [20/May/2023:21:00:09 -0500] "GET /catalogoisis/Css/Busqueda.css HTTP/1.1" 200 1995
186.80.52.19 - - [20/May/2023:21:00:09 -0500] "GET /catalogoisis/Js/CriterioCombinada.js HTTP/1.1" 200 1843
186.80.52.19 - - [20/May/2023:21:00:09 -0500] "GET /catalogoisis/Js/AceptarLimpiar.js HTTP/1.1" 200 331
186.80.52.19 - - [20/May/2023:21:00:09 -0500] "GET /catalogoisis/Js/LimpiarCombinada.js HTTP/1.1" 200 207
186.80.52.19 - - [20/May/2023:21:00:09 -0500] "GET /catalogoisis/Js/Cookies.js HTTP/1.1" 200 1369
186.80.52.19 - - [20/May/2023:21:00:09 -0500] "GET /catalogoisis/Js/Go.js HTTP/1.1" 200 364
186.80.52.19 - - [20/May/2023:21:00:09 -0500] "GET /catalogoisis/Js/Remote.js HTTP/1.1" 200 436
186.80.52.19 - - [20/May/2023:21:00:09 -0500] "GET /catalogoisis/Js/Numero.js HTTP/1.1" 200 398
186.80.52.19 - - [20/May/2023:21:00:09 -0500] "GET /catalogoisis/Js/Enter.js HTTP/1.1" 200 1208
186.80.52.19 - - [20/May/2023:21:00:09 -0500] "GET /catalogoisis/imagenes/br1c1.gif HTTP/1.1" 200 172
186.80.52.19 - - [20/May/2023:21:00:09 -0500] "GET /catalogoisis/imagenes/Turnbo1.gif HTTP/1.1" 200 227
186.80.52.19 - - [20/May/2023:21:00:09 -0500] "GET /catalogoisis/imagenes/aceptar1.gif HTTP/1.1" 200 604
186.80.52.19 - - [20/May/2023:21:00:09 -0500] "GET /catalogoisis/imagenes/br1c3.gif HTTP/1.1" 200 302
186.80.52.19 - - [20/May/2023:21:00:09 -0500] "GET /catalogoisis/imagenes/limpiar1.gif HTTP/1.1" 200 606
186.80.52.19 - - [20/May/2023:21:00:09 -0500] "GET /catalogoisis/imagenes/br2c3.gif HTTP/1.1" 200 416
186.80.52.19 - - [20/May/2023:21:00:09 -0500] "GET /catalogoisis/imagenes/br2c2.gif HTTP/1.1" 200 302
186.80.52.19 - - [20/May/2023:21:00:09 -0500] "GET /catalogoisis/imagenes/br1c2.gif HTTP/1.1" 200 297
186.80.52.19 - - [20/May/2023:21:00:09 -0500] "GET /catalogoisis/imagenes/br3c2.gif HTTP/1.1" 200 285
186.80.52.19 - - [20/May/2023:21:00:09 -0500] "GET /catalogoisis/imagenes/br2c1.gif HTTP/1.1" 200 297
186.80.52.19 - - [20/May/2023:21:00:09 -0500] "GET /catalogoisis/imagenes/Header.gif HTTP/1.1" 200 30313
186.80.52.19 - - [20/May/2023:21:00:09 -0500] "GET /catalogoisis/imagenes/br3c3.gif HTTP/1.1" 200 186
186.80.52.19 - - [20/May/2023:21:00:09 -0500] "GET /catalogoisis/imagenes/br3c1.gif HTTP/1.1" 200 177
186.80.52.19 - - [20/May/2023:21:00:09 -0500] "GET /favicon.ico HTTP/1.1" 200 7782
216.245.221.92 - - [20/May/2023:21:00:21 -0500] "HEAD / HTTP/1.1" 200 -
40.77.167.97 - - [20/May/2023:21:01:03 -0500] "GET /BLA/resoluciones/AUTOS%202022/0262.pdf HTTP/1.1" 304 -
172.22.2.4 - - [20/May/2023:20:59:53 -0500] "HEAD /BLA/boletinlegal/ HTTP/1.1" 200 -
172.22.2.4 - - [20/May/2023:21:00:44 -0500] "GET /BLA/boletinlegal/ HTTP/1.1" 200 59306
172.22.2.4 - - [20/May/2023:21:02:25 -0500] "GET /BLA/boletinlegal/Circulares/2011/Circular%20No.%203%20del%2023%20de%20Junio%20de%202011.pdf HTTP/1.1" 200 1452758
172.22.2.4 - - [20/May/2023:21:02:26 -0500] "GET /BLA/boletinlegal/favicon.ico HTTP/1.1" 404 1488
201.245.192.253 - - [20/May/2023:21:02:49 -0500] "POST /kwsrmcab/Wsrmcab  HTTP/1.1" 200 43465
172.22.2.4 - - [20/May/2023:21:04:47 -0500] "GET /BLA/boletinlegal/autodiscover/autodiscover.json?@zdi/Powershell HTTP/1.1" 404 1018
216.245.221.92 - - [20/May/2023:21:05:21 -0500] "HEAD / HTTP/1.1" 200 -
172.22.2.4 - - [20/May/2023:21:05:43 -0500] "HEAD /BLA/boletinlegal/ HTTP/1.1" 200 -
201.245.192.253 - - [20/May/2023:21:07:49 -0500] "POST /kwsrmcab/Wsrmcab  HTTP/1.1" 200 43465
172.22.2.4 - - [20/May/2023:21:06:33 -0500] "GET /BLA/boletinlegal/ HTTP/1.1" 200 57151
40.77.167.146 - - [20/May/2023:21:08:47 -0500] "GET /forest/ HTTP/1.1" 200 12041
179.19.59.250 - - [20/May/2023:21:09:55 -0500] "GET /postulate-al-programa-de-mujeres-por-el-cambio-climatico-en-bogota.html HTTP/1.1" 200 856
173.252.95.9 - - [20/May/2023:21:10:14 -0500] "GET /red-de-calidad-hidrica-de-bogota-una-herramienta-para-monitorear-la-calidad-del-agua.html HTTP/1.1" 206 817
216.245.221.92 - - [20/May/2023:21:10:21 -0500] "HEAD / HTTP/1.1" 200 -
66.249.79.134 - - [20/May/2023:21:12:01 -0500] "-" 408 -
201.245.192.253 - - [20/May/2023:21:12:48 -0500] "POST /kwsrmcab/Wsrmcab  HTTP/1.1" 200 43465
172.22.2.4 - - [20/May/2023:21:11:33 -0500] "HEAD /BLA/boletinlegal/ HTTP/1.1" 200 -
172.22.2.4 - - [20/May/2023:21:12:23 -0500] "GET /BLA/boletinlegal/ HTTP/1.1" 200 58307
40.77.167.97 - - [20/May/2023:21:15:02 -0500] "GET /BLA/resoluciones/RESOLUCIONES%202023/0039.pdf HTTP/1.1" 200 377424
216.245.221.92 - - [20/May/2023:21:15:21 -0500] "HEAD / HTTP/1.1" 200 -
66.249.77.23 - - [20/May/2023:21:17:35 -0500] "-" 408 -
201.245.192.253 - - [20/May/2023:21:17:47 -0500] "POST /kwsrmcab/Wsrmcab  HTTP/1.1" 200 43465
201.245.192.253 - - [20/May/2023:21:18:37 -0500] "POST /kwsrmcab/Wsrmcab HTTP/1.1" 200 43621
201.245.192.253 - - [20/May/2023:21:18:40 -0500] "POST /kwsrmcab/Wsrmcab HTTP/1.1" 200 43791
172.22.2.4 - - [20/May/2023:21:17:23 -0500] "HEAD /BLA/boletinlegal/ HTTP/1.1" 200 -
172.22.2.4 - - [20/May/2023:21:18:13 -0500] "GET /BLA/boletinlegal/ HTTP/1.1" 200 57151
216.245.221.92 - - [20/May/2023:21:20:21 -0500] "HEAD / HTTP/1.1" 200 -
201.245.192.253 - - [20/May/2023:21:22:46 -0500] "POST /kwsrmcab/Wsrmcab  HTTP/1.1" 200 43465
172.22.2.4 - - [20/May/2023:21:23:13 -0500] "HEAD /BLA/boletinlegal/ HTTP/1.1" 200 -
216.245.221.92 - - [20/May/2023:21:25:21 -0500] "HEAD / HTTP/1.1" 200 -
172.22.2.4 - - [20/May/2023:21:24:03 -0500] "GET /BLA/boletinlegal/ HTTP/1.1" 200 57561
201.245.192.253 - - [20/May/2023:21:27:45 -0500] "POST /kwsrmcab/Wsrmcab  HTTP/1.1" 200 43465
173.252.111.18 - - [20/May/2023:21:28:10 -0500] "GET /images/cr\xc3\xb3nica-29-nov-1_optimized.jpeg HTTP/1.1" 404 1034
201.245.192.253 - - [20/May/2023:21:28:37 -0500] "POST /kwsrmcab/Wsrmcab HTTP/1.1" 200 43621
201.245.192.253 - - [20/May/2023:21:28:40 -0500] "POST /kwsrmcab/Wsrmcab HTTP/1.1" 200 43791
157.55.39.210 - - [20/May/2023:21:29:40 -0500] "GET /BLA/resoluciones/AUTOS%202013/2651.pdf HTTP/1.1" 200 2310988
216.245.221.92 - - [20/May/2023:21:30:21 -0500] "HEAD / HTTP/1.1" 200 -
172.22.2.4 - - [20/May/2023:21:29:03 -0500] "HEAD /BLA/boletinlegal/ HTTP/1.1" 200 -
172.22.2.4 - - [20/May/2023:21:29:53 -0500] "GET /BLA/boletinlegal/ HTTP/1.1" 200 57151
201.245.192.253 - - [20/May/2023:21:32:43 -0500] "POST /kwsrmcab/Wsrmcab  HTTP/1.1" 200 43465
172.22.2.4 - - [20/May/2023:21:32:54 -0500] "GET /BLA/boletinlegal/ HTTP/1.1" 200 45003
216.245.221.92 - - [20/May/2023:21:35:21 -0500] "HEAD / HTTP/1.1" 200 -
157.55.39.210 - - [20/May/2023:21:36:00 -0500] "GET /BLA/resoluciones/AUTOS%202022/5084.pdf HTTP/1.1" 200 332237
172.22.2.4 - - [20/May/2023:21:34:28 -0500] "GET /BLA/boletinlegal/ HTTP/1.1" 200 54424
172.22.2.4 - - [20/May/2023:21:34:53 -0500] "HEAD /BLA/boletinlegal/ HTTP/1.1" 200 -
172.22.2.4 - - [20/May/2023:21:35:43 -0500] "GET /BLA/boletinlegal/ HTTP/1.1" 200 57561
201.245.192.253 - - [20/May/2023:21:37:42 -0500] "POST /kwsrmcab/Wsrmcab  HTTP/1.1" 200 43465
172.22.2.4 - - [20/May/2023:21:38:20 -0500] "GET /BLA/boletinlegal/robots.txt HTTP/1.1" 404 1037
172.22.2.4 - - [20/May/2023:21:38:21 -0500] "GET /BLA/boletinlegal/actos.php HTTP/1.1" 200 9682
172.22.2.4 - - [20/May/2023:21:38:24 -0500] "GET /BLA/boletinlegal/Circulares/2019/.pdf HTTP/1.1" 404 1218
201.245.192.253 - - [20/May/2023:21:38:37 -0500] "POST /kwsrmcab/Wsrmcab HTTP/1.1" 200 43621
201.245.192.253 - - [20/May/2023:21:38:39 -0500] "POST /kwsrmcab/Wsrmcab HTTP/1.1" 200 43791
173.252.79.23 - - [20/May/2023:21:39:20 -0500] "GET /images/caminatas-ecol\xc3\xb3gicas-marzo---1920x1080_optimized.jpg HTTP/1.1" 404 1034
136.243.136.201 - - [20/May/2023:21:39:53 -0500] "GET /alista-tu-camara-y-participa-en-el-reto-naturalista-2023.html HTTP/1.1" 200 743
216.245.221.92 - - [20/May/2023:21:40:21 -0500] "HEAD / HTTP/1.1" 200 -
40.77.167.146 - - [20/May/2023:21:41:30 -0500] "GET /BLA/resoluciones/RESOLUCIONES%202019/3108.pdf HTTP/1.1" 304 -
66.249.77.23 - - [20/May/2023:21:41:30 -0500] "-" 408 -
186.84.90.120 - - [20/May/2023:21:42:14 -0500] "GET /mujeres-que-reverdecen-secretaria-de-ambiente-anuncia-el-inicio-de-la-tercera-fase.html HTTP/1.1" 200 954
172.22.2.4 - - [20/May/2023:21:40:43 -0500] "HEAD /BLA/boletinlegal/ HTTP/1.1" 200 -
201.245.192.253 - - [20/May/2023:21:42:41 -0500] "POST /kwsrmcab/Wsrmcab  HTTP/1.1" 200 43465
172.22.2.4 - - [20/May/2023:21:42:55 -0500] "GET /BLA/boletinlegal/actos.php HTTP/1.1" 200 9682
172.22.2.4 - - [20/May/2023:21:42:56 -0500] "GET /BLA/boletinlegal/favicon.ico HTTP/1.1" 404 1326
40.77.167.97 - - [20/May/2023:21:42:56 -0500] "GET /BLA/resoluciones/AUTOS%202021/4488.pdf HTTP/1.1" 200 351412
186.155.136.34 - - [20/May/2023:21:42:57 -0500] "GET /BLA/resoluciones/ HTTP/1.1" 200 13502
186.155.136.34 - - [20/May/2023:21:43:00 -0500] "GET /BLA/resoluciones/index.php?dir=AUTOS+2017%2F HTTP/1.1" 200 469299
172.22.2.4 - - [20/May/2023:21:41:33 -0500] "GET /BLA/boletinlegal/ HTTP/1.1" 200 50283
172.22.2.4 - - [20/May/2023:21:42:52 -0500] "GET /BLA/boletinlegal/ HTTP/1.1" 200 24523
128.14.141.34 - - [20/May/2023:21:44:04 -0500] "GET /portaldeninos/ HTTP/1.1" 200 110197
172.22.2.4 - - [20/May/2023:21:43:14 -0500] "GET /BLA/boletinlegal/ HTTP/1.1" 200 40907
216.245.221.92 - - [20/May/2023:21:45:20 -0500] "HEAD / HTTP/1.1" 200 -
201.245.192.253 - - [20/May/2023:21:47:40 -0500] "POST /kwsrmcab/Wsrmcab  HTTP/1.1" 200 43465
172.22.2.4 - - [20/May/2023:21:46:33 -0500] "HEAD /BLA/boletinlegal/ HTTP/1.1" 200 -
172.22.2.4 - - [20/May/2023:21:47:23 -0500] "GET /BLA/boletinlegal/ HTTP/1.1" 200 55934
157.55.39.210 - - [20/May/2023:21:49:22 -0500] "GET /BLA/resoluciones/RESOLUCIONES%202018/2385.pdf HTTP/1.1" 200 287332
216.245.221.92 - - [20/May/2023:21:50:20 -0500] "HEAD / HTTP/1.1" 200 -
201.245.192.253 - - [20/May/2023:21:52:39 -0500] "POST /kwsrmcab/Wsrmcab  HTTP/1.1" 200 43465
40.77.167.146 - - [20/May/2023:21:53:21 -0500] "GET /BLA/resoluciones/AUTOS%202022/2113.pdf HTTP/1.1" 304 -
172.22.2.4 - - [20/May/2023:21:52:23 -0500] "HEAD /BLA/boletinlegal/ HTTP/1.1" 200 -
172.22.2.4 - - [20/May/2023:21:53:13 -0500] "GET /BLA/boletinlegal/ HTTP/1.1" 200 59306
216.245.221.92 - - [20/May/2023:21:55:20 -0500] "HEAD / HTTP/1.1" 200 -
173.252.87.118 - - [20/May/2023:21:57:39 -0500] "GET /images/jardines-verticales-plantas-24-mayo.jpg HTTP/1.1" 200 148288
201.245.192.253 - - [20/May/2023:21:57:37 -0500] "POST /kwsrmcab/Wsrmcab  HTTP/1.1" 200 43465
172.22.2.4 - - [20/May/2023:21:59:26 -0500] "GET /BLA/boletinlegal/Circulares/2023/CIRCULAR%20No.%2000001%20DEL%2020%20DE%20FEBRERO%20DEL%202023.pdf HTTP/1.1" 200 317520
40.77.167.146 - - [20/May/2023:21:59:32 -0500] "GET /BLA/resoluciones/AUTOS%202021/2328.pdf HTTP/1.1" 304 -
172.22.2.4 - - [20/May/2023:21:58:13 -0500] "HEAD /BLA/boletinlegal/ HTTP/1.1" 200 -
216.245.221.92 - - [20/May/2023:22:00:20 -0500] "HEAD / HTTP/1.1" 200 -
172.22.2.4 - - [20/May/2023:21:59:03 -0500] "GET /BLA/boletinlegal/ HTTP/1.1" 200 57561
66.249.77.21 - - [20/May/2023:22:01:56 -0500] "-" 408 -
40.77.167.146 - - [20/May/2023:22:02:32 -0500] "GET /Publicaciones/2023EE62669.pdf HTTP/1.1" 404 227
201.245.192.253 - - [20/May/2023:22:02:36 -0500] "POST /kwsrmcab/Wsrmcab  HTTP/1.1" 200 43465
216.245.221.92 - - [20/May/2023:22:05:20 -0500] "HEAD / HTTP/1.1" 200 -
172.22.2.4 - - [20/May/2023:22:04:03 -0500] "HEAD /BLA/boletinlegal/ HTTP/1.1" 200 -
172.22.2.4 - - [20/May/2023:22:04:53 -0500] "GET /BLA/boletinlegal/ HTTP/1.1" 200 52326
157.55.39.210 - - [20/May/2023:22:06:45 -0500] "GET /BLA/resoluciones/AUTOS%202021/4577.pdf HTTP/1.1" 304 -
130.44.212.104 - - [20/May/2023:22:07:36 -0500] "GET /galeria/galeria/fotos/Humedal-techo1P.jpg HTTP/1.1" 200 33428
201.245.192.253 - - [20/May/2023:22:07:36 -0500] "POST /kwsrmcab/Wsrmcab  HTTP/1.1" 200 43465
172.22.2.4 - - [20/May/2023:22:08:46 -0500] "GET /BLA/boletinlegal/.git/config HTTP/1.1" 404 1018
66.249.79.134 - - [20/May/2023:22:09:07 -0500] "-" 408 -
172.22.2.4 - - [20/May/2023:22:09:11 -0500] "GET /BLA/boletinlegal/style.css HTTP/1.1" 200 9406
172.22.2.4 - - [20/May/2023:22:09:11 -0500] "GET /BLA/boletinlegal/styles2.css HTTP/1.1" 200 1838
172.22.2.4 - - [20/May/2023:22:09:12 -0500] "GET /BLA/boletinlegal/js/jquery.js HTTP/1.1" 200 57254
172.22.2.4 - - [20/May/2023:22:09:12 -0500] "GET /BLA/boletinlegal/js/jquery.scrollTo-min.js HTTP/1.1" 200 1150
172.22.2.4 - - [20/May/2023:22:09:12 -0500] "GET /BLA/boletinlegal/js/jquery.scrollShow.js HTTP/1.1" 200 4586
172.22.2.4 - - [20/May/2023:22:09:12 -0500] "GET /BLA/boletinlegal/images/cabezote%20BLEGAL.jpg HTTP/1.1" 200 118164
172.22.2.4 - - [20/May/2023:22:09:12 -0500] "GET /BLA/boletinlegal/images/subscribe-icon-big.png HTTP/1.1" 200 47702
172.22.2.4 - - [20/May/2023:22:09:12 -0500] "GET /BLA/boletinlegal/images/historia.png HTTP/1.1" 200 52775
172.22.2.4 - - [20/May/2023:22:09:12 -0500] "GET /BLA/boletinlegal/images/body_bg.jpg HTTP/1.1" 200 1601
172.22.2.4 - - [20/May/2023:22:09:12 -0500] "GET /BLA/boletinlegal/images/menu_rght.gif HTTP/1.1" 200 1627
172.22.2.4 - - [20/May/2023:22:09:12 -0500] "GET /BLA/boletinlegal/images/menu_lft.gif HTTP/1.1" 200 1713
172.22.2.4 - - [20/May/2023:22:09:13 -0500] "GET /BLA/boletinlegal/images/menu_bg.jpg HTTP/1.1" 200 620
172.22.2.4 - - [20/May/2023:22:09:13 -0500] "GET /BLA/boletinlegal/images/bg_top.jpg HTTP/1.1" 200 522
172.22.2.4 - - [20/May/2023:22:09:13 -0500] "GET /BLA/boletinlegal/images/hover.jpg HTTP/1.1" 200 640
172.22.2.4 - - [20/May/2023:22:09:13 -0500] "GET /BLA/boletinlegal/images/text.jpg HTTP/1.1" 200 568
172.22.2.4 - - [20/May/2023:22:09:13 -0500] "GET /BLA/boletinlegal/images/registro-usuarios.png HTTP/1.1" 200 8106
172.22.2.4 - - [20/May/2023:22:09:13 -0500] "GET /BLA/boletinlegal/images/launch.jpg HTTP/1.1" 200 14577
172.22.2.4 - - [20/May/2023:22:09:13 -0500] "GET /BLA/boletinlegal/images/arr_l.jpg HTTP/1.1" 200 1979
172.22.2.4 - - [20/May/2023:22:09:13 -0500] "GET /BLA/boletinlegal/images/screen_1.png HTTP/1.1" 200 202547
172.22.2.4 - - [20/May/2023:22:09:17 -0500] "GET /BLA/boletinlegal/normativa.php HTTP/1.1" 200 8343
172.22.2.4 - - [20/May/2023:22:09:18 -0500] "GET /BLA/boletinlegal/js/ajax_normativa.js HTTP/1.1" 200 1154
172.22.2.4 - - [20/May/2023:22:09:19 -0500] "GET /BLA/boletinlegal/niceforms-default.css HTTP/1.1" 200 6694
172.22.2.4 - - [20/May/2023:22:09:20 -0500] "GET /BLA/boletinlegal/niceforms.js HTTP/1.1" 200 22876
172.22.2.4 - - [20/May/2023:22:09:20 -0500] "GET /BLA/boletinlegal/images/tel.png HTTP/1.1" 200 14477
172.22.2.4 - - [20/May/2023:22:09:20 -0500] "GET /BLA/boletinlegal/images/icono-email.png HTTP/1.1" 200 5544
172.22.2.4 - - [20/May/2023:22:09:22 -0500] "GET /BLA/boletinlegal/images/footer_bg.jpg HTTP/1.1" 200 586
172.22.2.4 - - [20/May/2023:22:09:22 -0500] "GET /BLA/boletinlegal/images/footer_bg_l.jpg HTTP/1.1" 200 776
172.22.2.4 - - [20/May/2023:22:09:27 -0500] "GET /BLA/boletinlegal/img/0.png HTTP/1.1" 200 110
172.22.2.4 - - [20/May/2023:22:09:27 -0500] "GET /BLA/boletinlegal/img/select-left.png HTTP/1.1" 200 263
172.22.2.4 - - [20/May/2023:22:09:27 -0500] "GET /BLA/boletinlegal/img/select-right.png HTTP/1.1" 200 44019
172.22.2.4 - - [20/May/2023:22:09:27 -0500] "GET /BLA/boletinlegal/img/button.png HTTP/1.1" 200 43241
172.22.2.4 - - [20/May/2023:22:09:27 -0500] "GET /BLA/boletinlegal/img/button-left.png HTTP/1.1" 200 57071
172.22.2.4 - - [20/May/2023:22:09:27 -0500] "GET /BLA/boletinlegal/img/button-right.png HTTP/1.1" 200 57878
172.22.2.4 - - [20/May/2023:22:09:27 -0500] "GET /BLA/boletinlegal/favicon.ico HTTP/1.1" 404 1334
172.22.2.4 - - [20/May/2023:22:09:11 -0500] "GET /BLA/boletinlegal/ HTTP/1.1" 200 24523
216.245.221.92 - - [20/May/2023:22:10:20 -0500] "HEAD / HTTP/1.1" 200 -
172.22.2.4 - - [20/May/2023:22:09:53 -0500] "HEAD /BLA/boletinlegal/ HTTP/1.1" 200 -
172.22.2.4 - - [20/May/2023:22:10:43 -0500] "GET /BLA/boletinlegal/ HTTP/1.1" 200 54808
201.245.192.253 - - [20/May/2023:22:12:35 -0500] "POST /kwsrmcab/Wsrmcab  HTTP/1.1" 200 43465
181.59.2.249 - - [20/May/2023:22:13:05 -0500] "GET /olga-romero-una-mujer-que-reverdece-con-corazon-inquieto-que-encontro-en-el-reciclaje-su-pasion.html HTTP/1.1" 200 798
157.55.39.210 - - [20/May/2023:22:14:36 -0500] "GET /BLA/resoluciones/AUTOS%202022/2345.pdf HTTP/1.1" 200 394593
172.22.2.4 - - [20/May/2023:22:15:19 -0500] "GET /BLA/boletinlegal/js/ajax_actos.js HTTP/1.1" 200 1322
216.245.221.92 - - [20/May/2023:22:15:20 -0500] "HEAD / HTTP/1.1" 200 -
172.22.2.4 - - [20/May/2023:22:15:43 -0500] "HEAD /BLA/boletinlegal/ HTTP/1.1" 200 -
201.245.192.253 - - [20/May/2023:22:17:33 -0500] "POST /kwsrmcab/Wsrmcab  HTTP/1.1" 200 43465
172.22.2.4 - - [20/May/2023:22:16:33 -0500] "GET /BLA/boletinlegal/ HTTP/1.1" 200 57151
201.245.192.253 - - [20/May/2023:22:18:37 -0500] "POST /kwsrmcab/Wsrmcab HTTP/1.1" 200 43462
201.245.192.253 - - [20/May/2023:22:18:39 -0500] "POST /kwsrmcab/Wsrmcab HTTP/1.1" 200 43944
216.245.221.92 - - [20/May/2023:22:20:20 -0500] "HEAD / HTTP/1.1" 200 -
201.245.192.253 - - [20/May/2023:22:22:32 -0500] "POST /kwsrmcab/Wsrmcab  HTTP/1.1" 200 43465
172.22.2.4 - - [20/May/2023:22:21:33 -0500] "HEAD /BLA/boletinlegal/ HTTP/1.1" 200 -
172.22.2.4 - - [20/May/2023:22:22:23 -0500] "GET /BLA/boletinlegal/ HTTP/1.1" 200 55934
216.245.221.92 - - [20/May/2023:22:25:20 -0500] "HEAD / HTTP/1.1" 200 -
172.22.2.4 - - [20/May/2023:22:27:02 -0500] "GET /BLA/boletinlegal/normativa.php HTTP/1.1" 200 8343
201.245.192.253 - - [20/May/2023:22:27:32 -0500] "POST /kwsrmcab/Wsrmcab  HTTP/1.1" 200 43465
172.22.2.4 - - [20/May/2023:22:26:58 -0500] "GET /BLA/boletinlegal/ HTTP/1.1" 200 24523
201.245.192.253 - - [20/May/2023:22:28:37 -0500] "POST /kwsrmcab/Wsrmcab HTTP/1.1" 200 43462
201.245.192.253 - - [20/May/2023:22:28:40 -0500] "POST /kwsrmcab/Wsrmcab HTTP/1.1" 200 43944
172.22.2.4 - - [20/May/2023:22:27:22 -0500] "HEAD /BLA/boletinlegal/ HTTP/1.1" 200 -
172.22.2.4 - - [20/May/2023:22:28:13 -0500] "GET /BLA/boletinlegal/ HTTP/1.1" 200 57151
216.245.221.92 - - [20/May/2023:22:30:20 -0500] "HEAD / HTTP/1.1" 200 -
172.22.2.4 - - [20/May/2023:22:30:38 -0500] "GET /BLA/boletinlegal/ HTTP/1.1" 200 36811
201.245.192.253 - - [20/May/2023:22:32:30 -0500] "POST /kwsrmcab/Wsrmcab  HTTP/1.1" 200 43465
64.227.129.103 - - [20/May/2023:22:32:40 -0500] "\x16\x03\x01" 400 226
64.227.129.103 - - [20/May/2023:22:32:40 -0500] "\x16\x03\x01" 400 226
64.227.129.103 - - [20/May/2023:22:32:41 -0500] "GET / HTTP/1.1" 200 319
64.227.129.103 - - [20/May/2023:22:32:42 -0500] "GET /client/get_targets HTTP/1.1" 404 1018
64.227.129.103 - - [20/May/2023:22:32:42 -0500] "GET /upl.php HTTP/1.1" 404 1018
64.227.129.103 - - [20/May/2023:22:32:43 -0500] "\x16\x03\x01" 400 226
64.227.129.103 - - [20/May/2023:22:32:44 -0500] "GET /geoip/ HTTP/1.1" 404 1018
64.227.129.103 - - [20/May/2023:22:32:44 -0500] "GET / HTTP/1.1" 200 319
64.227.129.103 - - [20/May/2023:22:32:45 -0500] "GET /favicon.ico HTTP/1.1" 200 7782
64.227.129.103 - - [20/May/2023:22:32:46 -0500] "GET /1.php HTTP/1.1" 404 1018
172.22.2.4 - - [20/May/2023:22:32:40 -0500] "GET /BLA/boletinlegal/ HTTP/1.1" 200 55221
172.22.2.4 - - [20/May/2023:22:33:12 -0500] "HEAD /BLA/boletinlegal/ HTTP/1.1" 200 -
216.245.221.92 - - [20/May/2023:22:35:20 -0500] "HEAD / HTTP/1.1" 200 -
172.22.2.4 - - [20/May/2023:22:34:03 -0500] "GET /BLA/boletinlegal/ HTTP/1.1" 200 53924
172.22.2.4 - - [20/May/2023:22:36:34 -0500] "GET /BLA/boletinlegal/Circulares/2019/.pdf HTTP/1.1" 404 1218
186.155.74.159 - - [20/May/2023:22:36:41 -0500] "GET /galeria/galeria/jquery.fancybox.css?v=2.1.5 HTTP/1.1" 200 4895
186.155.74.159 - - [20/May/2023:22:36:41 -0500] "GET /BLA/boletinlegal/js/jquery.scrollShow.js HTTP/1.1" 200 4586
186.155.74.159 - - [20/May/2023:22:36:41 -0500] "GET /galeria/galeria/jquery.fancybox.js?v=2.1.5 HTTP/1.1" 200 48706
186.155.74.159 - - [20/May/2023:22:36:43 -0500] "GET /galeria/galeria/jquery.fancybox.css?v=2.1.5 HTTP/1.1" 200 4895
186.155.74.159 - - [20/May/2023:22:36:43 -0500] "GET /galeria/galeria/fancybox_sprite.png HTTP/1.1" 200 1362
186.155.74.159 - - [20/May/2023:22:36:43 -0500] "GET /galeria/galeria/blank.gif HTTP/1.1" 200 43
186.155.74.159 - - [20/May/2023:22:36:43 -0500] "GET /galeria/galeria/fancybox_loading.gif HTTP/1.1" 200 6567
186.155.74.159 - - [20/May/2023:22:36:43 -0500] "GET /galeria/galeria/fancybox_overlay.png HTTP/1.1" 200 1003
186.155.74.159 - - [20/May/2023:22:36:43 -0500] "GET /galeria/galeria/fancybox_sprite@2x.png HTTP/1.1" 200 6553
186.155.74.159 - - [20/May/2023:22:36:43 -0500] "GET /galeria/galeria/fancybox_loading@2x.gif HTTP/1.1" 200 13984
201.245.192.253 - - [20/May/2023:22:37:30 -0500] "POST /kwsrmcab/Wsrmcab  HTTP/1.1" 200 43465
173.252.79.18 - - [20/May/2023:22:38:37 -0500] "GET /images/mujeres-reverdecen-humedales-2-febrero.jpg HTTP/1.1" 200 47327
201.245.192.253 - - [20/May/2023:22:38:37 -0500] "POST /kwsrmcab/Wsrmcab HTTP/1.1" 200 43462
201.245.192.253 - - [20/May/2023:22:38:39 -0500] "POST /kwsrmcab/Wsrmcab HTTP/1.1" 200 43944
172.22.2.4 - - [20/May/2023:22:39:06 -0500] "GET /BLA/boletinlegal/robots.txt HTTP/1.1" 404 1140
216.245.221.92 - - [20/May/2023:22:40:20 -0500] "HEAD / HTTP/1.1" 200 -
172.22.2.4 - - [20/May/2023:22:39:02 -0500] "HEAD /BLA/boletinlegal/ HTTP/1.1" 200 -
172.22.2.4 - - [20/May/2023:22:39:53 -0500] "GET /BLA/boletinlegal/ HTTP/1.1" 200 58663
201.245.192.253 - - [20/May/2023:22:42:29 -0500] "POST /kwsrmcab/Wsrmcab  HTTP/1.1" 200 43465
66.249.79.134 - - [20/May/2023:22:43:14 -0500] "-" 408 -
216.245.221.92 - - [20/May/2023:22:45:20 -0500] "HEAD / HTTP/1.1" 200 -
66.249.77.23 - - [20/May/2023:22:46:18 -0500] "-" 408 -
172.22.2.4 - - [20/May/2023:22:44:52 -0500] "HEAD /BLA/boletinlegal/ HTTP/1.1" 200 -
172.22.2.4 - - [20/May/2023:22:45:47 -0500] "GET /BLA/boletinlegal/ HTTP/1.1" 200 59656
201.245.192.253 - - [20/May/2023:22:47:28 -0500] "POST /kwsrmcab/Wsrmcab  HTTP/1.1" 200 43465
216.245.221.92 - - [20/May/2023:22:50:20 -0500] "HEAD / HTTP/1.1" 200 -
172.22.2.4 - - [20/May/2023:22:49:37 -0500] "GET /BLA/boletinlegal/ HTTP/1.1" 200 58663
172.22.2.4 - - [20/May/2023:22:50:46 -0500] "HEAD /BLA/boletinlegal/ HTTP/1.1" 200 -
201.245.192.253 - - [20/May/2023:22:52:26 -0500] "POST /kwsrmcab/Wsrmcab  HTTP/1.1" 200 43465
66.249.77.21 - - [20/May/2023:22:52:43 -0500] "-" 408 -
40.77.167.97 - - [20/May/2023:22:53:12 -0500] "GET /BLA/resoluciones/RESOLUCIONES%202023/0436.pdf HTTP/1.1" 200 392370
172.22.2.4 - - [20/May/2023:22:51:37 -0500] "GET /BLA/boletinlegal/ HTTP/1.1" 200 52326
40.77.167.255 - - [20/May/2023:22:53:30 -0500] "GET /BLA/resoluciones/AUTOS%202021/0822.pdf HTTP/1.1" 304 -
5.45.207.80 - - [20/May/2023:22:54:36 -0500] "GET /cooperacion-internacional-postulate-para-la-coordinacion-ambiental-de-proyecto-con-la-union-europea-avantia.html HTTP/1.1" 200 1020
216.245.221.92 - - [20/May/2023:22:55:20 -0500] "HEAD / HTTP/1.1" 200 -
201.245.192.253 - - [20/May/2023:22:57:25 -0500] "POST /kwsrmcab/Wsrmcab  HTTP/1.1" 200 43465
172.22.2.4 - - [20/May/2023:22:56:36 -0500] "HEAD /BLA/boletinlegal/ HTTP/1.1" 200 -
172.22.2.4 - - [20/May/2023:22:57:27 -0500] "GET /BLA/boletinlegal/ HTTP/1.1" 200 53924
66.249.77.21 - - [20/May/2023:23:00:06 -0500] "-" 408 -
216.245.221.92 - - [20/May/2023:23:00:19 -0500] "HEAD / HTTP/1.1" 200 -
40.77.167.97 - - [20/May/2023:23:00:53 -0500] "GET /BLA/resoluciones/AUTOS%202021/0264.pdf HTTP/1.1" 304 -
173.252.107.119 - - [20/May/2023:23:01:50 -0500] "GET /chulo-o-gallinazo-un-carronero-que-cumple-un-papel-fundamental-en-los-ecosistemas.html HTTP/1.1" 206 784
172.22.2.4 - - [20/May/2023:23:01:20 -0500] "GET /BLA/boletinlegal/index.php?s=/Index/\\think\\app/invokefunction&function=call_user_func_array&vars[0]=md5&vars[1][]=HelloThinkPHP21 HTTP/1.1" 200 36811
201.245.192.253 - - [20/May/2023:23:02:24 -0500] "POST /kwsrmcab/Wsrmcab  HTTP/1.1" 200 43465
172.22.2.4 - - [20/May/2023:23:02:26 -0500] "HEAD /BLA/boletinlegal/ HTTP/1.1" 200 -
172.22.2.4 - - [20/May/2023:23:03:17 -0500] "GET /BLA/boletinlegal/ HTTP/1.1" 200 51032
172.22.2.4 - - [20/May/2023:23:04:08 -0500] "GET /BLA/boletinlegal/?XDEBUG_SESSION_START=phpstorm HTTP/1.1" 200 28619
40.77.167.146 - - [20/May/2023:23:05:08 -0500] "GET /Publicaciones/2023EE63442.pdf HTTP/1.1" 404 227
216.245.221.92 - - [20/May/2023:23:05:19 -0500] "HEAD / HTTP/1.1" 200 -
191.109.161.236 - - [20/May/2023:23:07:04 -0500] "GET /postulate-al-programa-de-mujeres-por-el-cambio-climatico-en-bogota.html HTTP/1.1" 200 856
201.245.192.253 - - [20/May/2023:23:07:23 -0500] "POST /kwsrmcab/Wsrmcab  HTTP/1.1" 200 43465
66.249.77.21 - - [20/May/2023:23:07:29 -0500] "-" 408 -
172.22.2.4 - - [20/May/2023:23:08:16 -0500] "HEAD /BLA/boletinlegal/ HTTP/1.1" 200 -
216.245.221.92 - - [20/May/2023:23:10:19 -0500] "HEAD / HTTP/1.1" 200 -
172.22.2.4 - - [20/May/2023:23:09:07 -0500] "GET /BLA/boletinlegal/ HTTP/1.1" 200 55571
201.245.192.253 - - [20/May/2023:23:12:22 -0500] "POST /kwsrmcab/Wsrmcab  HTTP/1.1" 200 43465
66.249.77.21 - - [20/May/2023:23:14:16 -0500] "-" 408 -
216.245.221.92 - - [20/May/2023:23:15:19 -0500] "HEAD / HTTP/1.1" 200 -
172.22.2.4 - - [20/May/2023:23:14:06 -0500] "HEAD /BLA/boletinlegal/ HTTP/1.1" 200 -
172.22.2.4 - - [20/May/2023:23:14:57 -0500] "GET /BLA/boletinlegal/ HTTP/1.1" 200 55221
201.245.192.253 - - [20/May/2023:23:17:21 -0500] "POST /kwsrmcab/Wsrmcab  HTTP/1.1" 200 43465
201.245.192.253 - - [20/May/2023:23:18:37 -0500] "POST /kwsrmcab/Wsrmcab HTTP/1.1" 200 43324
201.245.192.253 - - [20/May/2023:23:18:39 -0500] "POST /kwsrmcab/Wsrmcab HTTP/1.1" 200 44089
172.22.2.4 - - [20/May/2023:23:19:15 -0500] "GET /BLA/boletinlegal/Directivas/2018/Directiva%20No.%2023%20del%2026%20de%20diciembre%20de%202018.pdf HTTP/1.1" 304 -
216.245.221.92 - - [20/May/2023:23:20:19 -0500] "HEAD / HTTP/1.1" 200 -
172.22.2.4 - - [20/May/2023:23:19:56 -0500] "HEAD /BLA/boletinlegal/ HTTP/1.1" 200 -
40.77.167.255 - - [20/May/2023:23:21:58 -0500] "GET /BLA/resoluciones/AUTOS%202022/5032.pdf HTTP/1.1" 200 489845
66.249.77.21 - - [20/May/2023:23:22:15 -0500] "-" 408 -
201.245.192.253 - - [20/May/2023:23:22:20 -0500] "POST /kwsrmcab/Wsrmcab  HTTP/1.1" 200 43465
172.22.2.4 - - [20/May/2023:23:20:47 -0500] "GET /BLA/boletinlegal/ HTTP/1.1" 200 57561
123.183.224.11 - - [20/May/2023:23:24:05 -0500] "GET / HTTP/1.1" 200 319
216.245.221.92 - - [20/May/2023:23:25:19 -0500] "HEAD / HTTP/1.1" 200 -
201.245.192.253 - - [20/May/2023:23:27:18 -0500] "POST /kwsrmcab/Wsrmcab  HTTP/1.1" 200 43465
172.22.2.4 - - [20/May/2023:23:25:46 -0500] "HEAD /BLA/boletinlegal/ HTTP/1.1" 200 -
172.22.2.4 - - [20/May/2023:23:26:37 -0500] "GET /BLA/boletinlegal/ HTTP/1.1" 200 53924
172.22.2.4 - - [20/May/2023:23:26:55 -0500] "GET /BLA/boletinlegal/ HTTP/1.1" 200 55934
201.245.192.253 - - [20/May/2023:23:28:36 -0500] "POST /kwsrmcab/Wsrmcab HTTP/1.1" 200 43324
201.245.192.253 - - [20/May/2023:23:28:39 -0500] "POST /kwsrmcab/Wsrmcab HTTP/1.1" 200 44089
40.77.167.97 - - [20/May/2023:23:28:54 -0500] "GET /galeria/galeria/fotos/Huemdal-el-Tunjo4G.jpg HTTP/1.1" 200 327819
66.249.77.21 - - [20/May/2023:23:29:19 -0500] "-" 408 -
216.245.221.92 - - [20/May/2023:23:30:19 -0500] "HEAD / HTTP/1.1" 200 -
172.22.2.4 - - [20/May/2023:23:30:49 -0500] "GET /BLA/boletinlegal/jurisprudencia/analisis/CUADRO%20ANALISIS%20SENTENCIA%20T-411%20DE%201992.doc HTTP/1.1" 200 41984
172.22.2.4 - - [20/May/2023:23:30:49 -0500] "GET /BLA/boletinlegal/jurisprudencia/analisis/CUADRO%20ANALISIS%20SENTENCIA%20T-411%20DE%201992.doc HTTP/1.1" 200 41984
201.245.192.253 - - [20/May/2023:23:32:17 -0500] "POST /kwsrmcab/Wsrmcab  HTTP/1.1" 200 43465
172.22.2.4 - - [20/May/2023:23:31:36 -0500] "HEAD /BLA/boletinlegal/ HTTP/1.1" 200 -
172.22.2.4 - - [20/May/2023:23:32:27 -0500] "GET /BLA/boletinlegal/ HTTP/1.1" 200 50664
172.22.2.4 - - [20/May/2023:23:32:42 -0500] "GET /BLA/boletinlegal/ HTTP/1.1" 200 51977
40.77.167.146 - - [20/May/2023:23:34:30 -0500] "GET /Publicaciones/2023EE63449.pdf HTTP/1.1" 404 227
216.245.221.92 - - [20/May/2023:23:35:19 -0500] "HEAD / HTTP/1.1" 200 -
52.167.144.173 - - [20/May/2023:23:35:54 -0500] "GET /portaldeninos/aulas-ambientales/aula-ambiental-sorotama/ HTTP/1.1" 200 89596
172.22.2.4 - - [20/May/2023:23:36:35 -0500] "GET /BLA/boletinlegal/Circulares/2019/.pdf HTTP/1.1" 404 1218
201.245.192.253 - - [20/May/2023:23:37:16 -0500] "POST /kwsrmcab/Wsrmcab  HTTP/1.1" 200 43465
201.245.192.253 - - [20/May/2023:23:38:37 -0500] "POST /kwsrmcab/Wsrmcab HTTP/1.1" 200 43324
201.245.192.253 - - [20/May/2023:23:38:39 -0500] "POST /kwsrmcab/Wsrmcab HTTP/1.1" 200 44089
172.22.2.4 - - [20/May/2023:23:37:26 -0500] "HEAD /BLA/boletinlegal/ HTTP/1.1" 200 -
172.22.2.4 - - [20/May/2023:23:38:17 -0500] "GET /BLA/boletinlegal/ HTTP/1.1" 200 57151
216.245.221.92 - - [20/May/2023:23:40:19 -0500] "HEAD / HTTP/1.1" 200 -
172.22.2.4 - - [20/May/2023:23:41:13 -0500] "GET /BLA/boletinlegal/consulta_normativa.php?tipo=&sector=licencia&ano=&resuelve= HTTP/1.1" 200 5398
172.22.2.4 - - [20/May/2023:23:41:14 -0500] "GET /BLA/boletinlegal/images/docs.png HTTP/1.1" 200 10288
172.22.2.4 - - [20/May/2023:23:41:14 -0500] "GET /BLA/boletinlegal/images/background.gif HTTP/1.1" 200 -
172.22.2.4 - - [20/May/2023:23:41:26 -0500] "GET /BLA/boletinlegal/Directivas/2013/Directiva%20No.%201%20del%2004%20de%20Abril%20de%202013.pdf HTTP/1.1" 304 -
172.22.2.4 - - [20/May/2023:23:42:02 -0500] "GET /BLA/boletinlegal/.env HTTP/1.1" 404 1038
66.249.77.21 - - [20/May/2023:23:42:04 -0500] "-" 408 -
201.245.192.253 - - [20/May/2023:23:42:15 -0500] "POST /kwsrmcab/Wsrmcab  HTTP/1.1" 200 43465
172.22.2.4 - - [20/May/2023:23:43:16 -0500] "HEAD /BLA/boletinlegal/ HTTP/1.1" 200 -
216.245.221.92 - - [20/May/2023:23:45:19 -0500] "HEAD / HTTP/1.1" 200 -
172.22.2.4 - - [20/May/2023:23:44:07 -0500] "GET /BLA/boletinlegal/ HTTP/1.1" 200 59306
66.249.79.134 - - [20/May/2023:23:46:03 -0500] "-" 408 -
168.119.252.253 - - [20/May/2023:23:46:17 -0500] "GET / HTTP/1.1" 200 319
157.55.39.210 - - [20/May/2023:23:46:53 -0500] "GET /Publicaciones/2022EE137563.pdf HTTP/1.1" 404 228
201.245.192.253 - - [20/May/2023:23:47:14 -0500] "POST /kwsrmcab/Wsrmcab  HTTP/1.1" 200 43465
40.77.167.97 - - [20/May/2023:23:48:27 -0500] "GET /BLA/resoluciones/AUTOS%202020/4548.pdf HTTP/1.1" 200 283393
157.55.39.210 - - [20/May/2023:23:48:46 -0500] "GET /BLA/resoluciones/AUTOS%202021/1511.pdf HTTP/1.1" 304 -
40.113.115.91 - - [20/May/2023:23:49:53 -0500] "POST /bla/boletinlegal/admin/index.php HTTP/1.1" 200 2324
216.245.221.92 - - [20/May/2023:23:50:19 -0500] "HEAD / HTTP/1.1" 200 -
66.249.77.21 - - [20/May/2023:23:50:28 -0500] "-" 408 -
172.22.2.4 - - [20/May/2023:23:49:06 -0500] "HEAD /BLA/boletinlegal/ HTTP/1.1" 200 -
172.22.2.4 - - [20/May/2023:23:49:57 -0500] "GET /BLA/boletinlegal/ HTTP/1.1" 200 57561
201.245.192.253 - - [20/May/2023:23:52:13 -0500] "POST /kwsrmcab/Wsrmcab  HTTP/1.1" 200 43465
216.245.221.92 - - [20/May/2023:23:55:19 -0500] "HEAD / HTTP/1.1" 200 -
157.55.39.210 - - [20/May/2023:23:55:56 -0500] "GET /BLA/resoluciones/AUTOS%202021/2040.pdf HTTP/1.1" 304 -
66.249.77.21 - - [20/May/2023:23:56:15 -0500] "-" 408 -
172.22.2.4 - - [20/May/2023:23:54:56 -0500] "HEAD /BLA/boletinlegal/ HTTP/1.1" 200 -
201.245.192.253 - - [20/May/2023:23:57:12 -0500] "POST /kwsrmcab/Wsrmcab  HTTP/1.1" 200 43465
172.22.2.4 - - [20/May/2023:23:55:47 -0500] "GET /BLA/boletinlegal/ HTTP/1.1" 200 57151
40.77.167.97 - - [20/May/2023:23:59:09 -0500] "GET /BLA/resoluciones/AUTOS%202021/1636.pdf HTTP/1.1" 304 -

:: Command execute ::

Enter:
 
Select:
 

:: Search ::
regexp 

:: Upload ::
 
[ ok ]

:: Make Dir ::
 
[ ok ]
:: Make File ::
 
[ ok ]

:: Go Dir ::
 
:: Go File ::
 

--[ c99shell v. 1.0 pre-release build #13 powered by Captain Crunch Security Team | http://ccteam.ru | Generation time: 0.0624 ]--