191.102.197.238 - - [20/May/2023:18:19:04 -0500] "GET /kwssiamovil/sm/acme/a?s=U2FsdGVkX1/jHZXAusGy9PDc3gFNDdXcwpurqCiljGkK+AOgFNCGI92Di0gAv2npuE1XcSpxM6X9stxm8Bgh5eHOXnDEdbgk8rvSG/ovUWNz482N5z41uOCwa8s4BcTwFNg2o2a6W4ivDViuF3qdzCcId93Dz/taqdLqSCpcFnk=&u=U2FsdGVkX1/9f3AiQLqBtha/Fd5vbS9pAuJLRRVeIaQ=&y=U2FsdGVkX1/tODbSYOp6sjHMim5BjSNUqdCOQY3mg+4= HTTP/1.1" 200 26
191.102.197.238 - - [20/May/2023:18:19:04 -0500] "GET /kwssiamovil/sm/acme/a?s=U2FsdGVkX18V3CHvhewyRSyRcPI9mhgYkOPUTZCTVGW1VEYb++vLYfxZrXM20izbUpbCsZsLUa0b9EMnN1EM3+dh44w1yadayxbaKmgrmKHn+T18ns96I14l4iQO3Vchj0ux8nC4vj60yNs8Gi68mSivGqh9CbFoR2RuTcU3nEpfN15wSxITF/3GLFq6MSRx&u=U2FsdGVkX1/9f3AiQLqBtha/Fd5vbS9pAuJLRRVeIaQ=&y=U2FsdGVkX1/tODbSYOp6sjHMim5BjSNUqdCOQY3mg+4= HTTP/1.1" 200 26
191.102.197.238 - - [20/May/2023:18:19:05 -0500] "GET /kwssiamovil/sm/acme/a?s=U2FsdGVkX18WWPd8iWGZexjJ1s8Gx0ENVmESUsfQd/KaHtuxehxVVZiD9O7YJ8tapV2f8epJ/w54m5O4aSaq0QfxETxUd+bWdT6CA3W+yid9+55917O4WfX8I8hcXEVBu76JSzUSnabCLq0dZwyiAAxtHa78vCj0wWRgtXUst27g9A68jyRxEHkWWTNt94PpTIDyhXembFts0mBSaWHVfv4WJlVJwXs6854QQD9MS5U=&u=U2FsdGVkX1/9f3AiQLqBtha/Fd5vbS9pAuJLRRVeIaQ=&y=U2FsdGVkX1/tODbSYOp6sjHMim5BjSNUqdCOQY3mg+4= HTTP/1.1" 200 26
191.102.197.238 - - [20/May/2023:18:19:05 -0500] "GET /kwssiamovil/sm/acme/a?s=U2FsdGVkX18n53pLdk+CiukbhroOrwy6QUjbcwTyeNF9zoF/rJQ4yVa8t/1+m9T2OzyZMrtMi2lGehZTsKr95tcAK7H2Mkawzmos8+1pBV+lI5iKkiE0JcuwN6sVZcOx0FLI4cnoFNJRjNCxM61JxctGmL+14q95+1uAPyREpDymE2uCKk1XJtzBt3SNJzCCYchckkK3GWp27AjltMZwIQ==&u=U2FsdGVkX1/9f3AiQLqBtha/Fd5vbS9pAuJLRRVeIaQ=&y=U2FsdGVkX1/tODbSYOp6sjHMim5BjSNUqdCOQY3mg+4= HTTP/1.1" 200 26
191.102.197.238 - - [20/May/2023:18:19:05 -0500] "GET /kwssiamovil/sm/acme/a?s=U2FsdGVkX1/s1kcpDddYPpSjh4dXLEDuLCK8F5Pn1wmXNm+r9vAWAgehJ12pT6ifM7XC9RpnwN81YTvRuaZLxlFsbQophEx13OdF9JXT9QqZLDzjwQHmMkd65xLvtmaZi908SVW9eB0/iGNC9HKSAfHAA5uDhtxPBUq+iSDlKKJgtdVbyRuo3tmb5XX6x75tsRNW3buzwsoX1uZytvz2Jn4ssKI/deQyOBKZoV2qq1c=&u=U2FsdGVkX1/9f3AiQLqBtha/Fd5vbS9pAuJLRRVeIaQ=&y=U2FsdGVkX1/tODbSYOp6sjHMim5BjSNUqdCOQY3mg+4= HTTP/1.1" 200 26
191.102.197.238 - - [20/May/2023:18:19:06 -0500] "GET /kwssiamovil/sm/acme/a?s=U2FsdGVkX18J1h2bkZ12L0l2/QYRU2cT+LcPrck8i+3qqptEB00vL3EjbMY6JT+oXADjYkam+CHkJWtkiS1uto9BwRnY8pM+7FJFNAZQQZg7tQgqLe8MSKhOu/uyepkYvxyN6F83oFUUymSL6hkx1H/ZwtwyO4EFB7v4DkvQ8vSD/tbflwMRrM4bAZ8F0xrehFfEUJnwYB4ic1uQrrFexQ==&u=U2FsdGVkX1/9f3AiQLqBtha/Fd5vbS9pAuJLRRVeIaQ=&y=U2FsdGVkX1/tODbSYOp6sjHMim5BjSNUqdCOQY3mg+4= HTTP/1.1" 200 26
191.102.197.238 - - [20/May/2023:18:19:06 -0500] "GET /kwssiamovil/sm/acme/a?s=U2FsdGVkX1+ivfFExXEB7x+tmDFyJ1T1icf43izVq+KC6fnvjhvRaE1a4Twc4udoMjjLRIfy+0oXw45nsSyMMJws9NJoqHzADbA7Mf2K85JP/UKc9JWJWQu1uDF4DZtfTtjWhnhNcYASzfeL24VvqcrbpCpugxOImGE/AEyOtOhI7OOWXUbSuurBTmajZPs2dn5icwGueZ5Cz+ssRoI6KGdjKiKzsdlZFbjtUJqhLTE=&u=U2FsdGVkX1/9f3AiQLqBtha/Fd5vbS9pAuJLRRVeIaQ=&y=U2FsdGVkX1/tODbSYOp6sjHMim5BjSNUqdCOQY3mg+4= HTTP/1.1" 200 26
191.102.197.238 - - [20/May/2023:18:19:06 -0500] "GET /kwssiamovil/sm/acme/a?s=U2FsdGVkX1+u5amvPuY/bNigej3RBK9qArnmsNnum70wfg4yp9+yKkslPLzT7/thhSL/m9MKxHfIguHuVZY7RSt88PhCTkk2JiD7+FkBko92/U47E0y2xn+IRIfKUijpmXnGn3yib+sRJ4dQgD6+FUdCn6g8TuHUPp8xFWINAr4yu8SN3p9fO/uBGQC6j/Tlylwo5gWFdIwR/u5aJBNL7dcjoXidIyOfqYKwuQS3Jzo=&u=U2FsdGVkX1/9f3AiQLqBtha/Fd5vbS9pAuJLRRVeIaQ=&y=U2FsdGVkX1/tODbSYOp6sjHMim5BjSNUqdCOQY3mg+4= HTTP/1.1" 200 26
191.102.197.238 - - [20/May/2023:18:19:20 -0500] "GET /kwssiamovil/sm/acme/u?s=U2FsdGVkX19HOMbCMIY9gpAEIOujNmRbqNoc+QBPqQYFUypE+Zt8e3cPDZ0GAFS70kdHE6/+asmQlQN4kIba9A1uIkf8e2VBi9/4bESwJAPrkpuR9GJnCsvFo7jp+Fll7frBvsAwT6HiUhFUDVRV7H3IsSSYvAOfRubkrn/Ca28=&u=U2FsdGVkX1/9f3AiQLqBtha/Fd5vbS9pAuJLRRVeIaQ=&y=U2FsdGVkX1/tODbSYOp6sjHMim5BjSNUqdCOQY3mg+4= HTTP/1.1" 200 60
216.245.221.92 - - [20/May/2023:18:20:21 -0500] "HEAD / HTTP/1.1" 200 -
40.77.167.97 - - [20/May/2023:18:20:28 -0500] "GET /BLA/resoluciones/RESOLUCIONES%202021/0536.pdf HTTP/1.1" 304 -
172.22.2.4 - - [20/May/2023:18:20:33 -0500] "GET /BLA/boletinlegal/actos.php HTTP/1.1" 200 9682
181.61.204.215 - - [20/May/2023:18:20:36 -0500] "GET /BLA/resoluciones/ HTTP/1.1" 200 13502
181.61.204.215 - - [20/May/2023:18:20:38 -0500] "GET /BLA/resoluciones/index.php?dir=AUTOS+2016%2F HTTP/1.1" 200 329829
40.77.167.181 - - [20/May/2023:18:21:05 -0500] "-" 408 -
186.86.32.196 - - [20/May/2023:18:21:36 -0500] "OPTIONS /kwssiamovil/sm/setfile/f? HTTP/1.1" 200 13
186.86.32.196 - - [20/May/2023:18:21:36 -0500] "POST /kwssiamovil/sm/setfile/f? HTTP/1.1" 200 381
186.86.32.196 - - [20/May/2023:18:21:42 -0500] "OPTIONS /kwssiamovil/sm/setfile/f? HTTP/1.1" 200 13
186.86.32.196 - - [20/May/2023:18:21:42 -0500] "POST /kwssiamovil/sm/setfile/f? HTTP/1.1" 200 381
186.86.32.196 - - [20/May/2023:18:21:46 -0500] "OPTIONS /kwssiamovil/sm/setfile/f? HTTP/1.1" 200 13
186.86.32.196 - - [20/May/2023:18:21:47 -0500] "POST /kwssiamovil/sm/setfile/f? HTTP/1.1" 200 381
186.86.32.196 - - [20/May/2023:18:21:52 -0500] "OPTIONS /kwssiamovil/sm/setfile/f? HTTP/1.1" 200 13
186.86.32.196 - - [20/May/2023:18:21:52 -0500] "POST /kwssiamovil/sm/setfile/f? HTTP/1.1" 200 381
186.86.32.196 - - [20/May/2023:18:22:00 -0500] "OPTIONS /kwssiamovil/sm/setfile/f? HTTP/1.1" 200 13
186.86.32.196 - - [20/May/2023:18:22:01 -0500] "POST /kwssiamovil/sm/setfile/f? HTTP/1.1" 200 381
186.86.32.196 - - [20/May/2023:18:22:12 -0500] "OPTIONS /kwssiamovil/sm/setfile/f? HTTP/1.1" 200 13
186.86.32.196 - - [20/May/2023:18:22:12 -0500] "POST /kwssiamovil/sm/setfile/f? HTTP/1.1" 200 381
186.86.32.196 - - [20/May/2023:18:22:21 -0500] "OPTIONS /kwssiamovil/sm/setfile/f? HTTP/1.1" 200 13
186.86.32.196 - - [20/May/2023:18:22:21 -0500] "POST /kwssiamovil/sm/setfile/f? HTTP/1.1" 200 381
201.245.192.253 - - [20/May/2023:18:23:27 -0500] "POST /kwsrmcab/Wsrmcab  HTTP/1.1" 200 43465
186.86.32.196 - - [20/May/2023:18:23:52 -0500] "GET /kwssiamovil/sm/acme/a?s=U2FsdGVkX1+rRw1aXaoZLSxVp4wWriOl8m19E975NFEaXaAqj9tjb05McmabVepu5UyzXJDcH/yh81pdxMhk3WmtDo01X6IrThrjGgFuBw0516G3nDVQRSQmpyJa7xz6vSn2Hw/Yo+i56cav64oCr8+SScRsKbDy8hMR6bHyvpub/625wIzs9xBtimYKiU2uprjGXx/oxM2/REayNXn0KNEukn4lgi8npm9xJTBZ3RMns9ULr18uGF03ST0CSpfUyQeFLwqsVmyXVn+url56Og==&u=U2FsdGVkX19Gx3c5pdaW3oKI7IFrEnE3c9X9J1XyAWw=&y=U2FsdGVkX19Mbg91aqvdE05oS1tLa0OmJvrXBkzeqbU= HTTP/1.1" 200 26
186.86.32.196 - - [20/May/2023:18:23:56 -0500] "GET /kwssiamovil/sm/acme/a?s=U2FsdGVkX1/pGm+lHaXPrAc5synF1W1H86LwCNVp6rd2UtzMQAOzEpZ52sglVVEwOb/Yf08sPf2zhsOqDSEabbD4WWENnJaaYQaz//Mp8CnoAON3m+re5JuHki2FK2hnmBBkdBZw18vGbXBUSs/2TchbdXW8DZp1ztksNwA1gB5eulh+4eyMyr9ct5H4r/71AkdI9jvX/oCIV04p8ijycoD+JLVGLwEn6fbRK5c0aV888iTjfb96sVFLzdti585l+rIDp9uV0m8QDJsffju8GZtKFc7AfVcZmLCEw3E88AsHqP8wpYEsLw1Y1ATIYWGDtQp9JL1izwnqBgrKueSeD7AJ2e6Ur2BnOS8nq/8xBdLyFNizTz6GuYC9ACwDC7fg6As+pzfDAXH4QJcmiHCeKGBhUADC+TD7bJusNV1tSyDQbXbqS+15KhrY/niaXcAE7HMcfB290VIdr7FcKnZVKd1VGDHbldU50DCi8Q414g80INGFDTUPMLB4hDQ9aNIllriUPpS4WszQEhH8d2fiQFjqhb7a3QD/Bwch6T8Niso+6VWZykTBWf7v2w7UrzoNeqPAIt0wXQ7F7I984wBg7bLXQOUMw1NUzbsV66uZGBZyrLTLTUhYHUn34JFM0AcETt1hBr4PYXlHOLOj+9LNd+tZg8ocAibNTGYI03pzVlN6z1xSfqa+XvDc9M83yL6PMUn89kl/5M0KWa5QQ0F0piWvjpRVvrTzhH22+TCWMuSOB6WDRRUeIgIObCpaE08Df8ghWlk6fREVw6hTfVtvdIZqaL6gUV+9IwPy17G8Bk/s7JgaEwzGetv0rMEgTS3QOuSTeoXg7tqU6PfFCGPY5V9HlOCZ5JAcfKThXM7/zUQPXYjctQizbo/Ce08Xqpi/8ruOS+rdBhfHTbqcQT9wWWoZOpvgHQZQmQ0UL0iwsRc75otNbSgtLsmc2yrPYEXIyG8tOI10GYGfbcKbyFN2JiilmxeBPc872lE24x+/rPitiGRSFk4Lsi4UvQn4twiIWIdspJ0+6/i6/hoLhPzQWGTevQtYoiOVr8NRGK4SXKZoXMMsYuqYxhcP00ju925qQgrhHN8VtDBLczr8f+NLkVvCYESgyB9Z1srh7Rp17AzIk+oSLeKyJ4Qhw34mTqF+JF4s7PsfxAq/lRXNpWeIoQ==&u=U2FsdGVkX19Gx3c5pdaW3oKI7IFrEnE3c9X9J1XyAWw=&y=U2FsdGVkX19Mbg91aqvdE05oS1tLa0OmJvrXBkzeqbU= HTTP/1.1" 200 26
186.86.32.196 - - [20/May/2023:18:23:58 -0500] "GET /kwssiamovil/sm/acme/a?s=U2FsdGVkX19dDNK7Z1ZM6Ku17ImSAjHJTN6SkRk3+n1MNkuj4VF2CtCVLUyuv1MNGk4fWphC7JZ9RGj8TthW51BBztBcoPs7AOaufWndGUkfKbzAZvDSIqq6rDSdhQO1va73k6Wmbtp49/p4JmiUOh0GHlQQMTHYjyU5glQjx8A=&u=U2FsdGVkX19Gx3c5pdaW3oKI7IFrEnE3c9X9J1XyAWw=&y=U2FsdGVkX19Mbg91aqvdE05oS1tLa0OmJvrXBkzeqbU= HTTP/1.1" 200 26
186.86.32.196 - - [20/May/2023:18:24:02 -0500] "GET /kwssiamovil/sm/acme/a?s=U2FsdGVkX19n2WDUX+HYt5xyCWYNtKnjWJOPWnEP4toS9JgNSlZ/Vzya+zVJNRz5F4ruu6+4fJ+K61CVS2+C0fstIHzhQfwP7i/n7+nk0rMjJ9HoIi5YelLM5UG5GmSDdsexEfzk2Tz8HOOtYKZ9c55P6jDXO+G41Ee4Hs2n8aI=&u=U2FsdGVkX19Gx3c5pdaW3oKI7IFrEnE3c9X9J1XyAWw=&y=U2FsdGVkX19Mbg91aqvdE05oS1tLa0OmJvrXBkzeqbU= HTTP/1.1" 200 26
172.22.2.4 - - [20/May/2023:18:22:23 -0500] "HEAD /BLA/boletinlegal/ HTTP/1.1" 200 -
186.86.32.196 - - [20/May/2023:18:24:05 -0500] "GET /kwssiamovil/sm/acme/a?s=U2FsdGVkX1+/N3PBl34WiCY3XfKwgzS2SGgzryMy8kesx8xHXC0qk4WUTHTQe8Tv+xfkSg16CrH74JYFOZPvJ1Tw6/We10BH2FyAZ2Z6UUrewJS1iAA6IhYnqk8guuPE8mc+tbv9lssW1aBkNFGSCmwersuM7vw6EEO4zETiQsc=&u=U2FsdGVkX19Gx3c5pdaW3oKI7IFrEnE3c9X9J1XyAWw=&y=U2FsdGVkX19Mbg91aqvdE05oS1tLa0OmJvrXBkzeqbU= HTTP/1.1" 200 26
186.86.32.196 - - [20/May/2023:18:24:08 -0500] "GET /kwssiamovil/sm/acme/a?s=U2FsdGVkX18ieXowdebQYWaJbYsc6x4xOTf+FamVjozFLV0ZakhravtxQgaPi07qkQPZGwlcXxsj1j1KcCcOTzsAfp7MidMIU9HsknE8mxGlUfZdu9uCqOxHcOPuo9xVa/4TBafmzbHl5SRThD6h83AT+Dtt4xNGrszoFSp8Xm2fVDUG193vt/fxpwKQaLA/&u=U2FsdGVkX19Gx3c5pdaW3oKI7IFrEnE3c9X9J1XyAWw=&y=U2FsdGVkX19Mbg91aqvdE05oS1tLa0OmJvrXBkzeqbU= HTTP/1.1" 200 26
186.86.32.196 - - [20/May/2023:18:24:11 -0500] "GET /kwssiamovil/sm/acme/a?s=U2FsdGVkX19XotkUp4RgLe4J+3DoyvAkCBpASjaOw8cKBXRbXfUNh6+wNCqxvDg1+QmMbEGfXMpJG+XQrHs9kG5aivfrSiPPHJICJYI/zjWE/q1BeAW23Ov+vMLo7ZHH771R4ErfPrNgOQp8qfOELo9s3WI6M3nW2xZXy/YgR6Cry/e5FFPAb3ZztmWOSaIBEaHf439KkChDZbT/LKZt5w==&u=U2FsdGVkX19Gx3c5pdaW3oKI7IFrEnE3c9X9J1XyAWw=&y=U2FsdGVkX19Mbg91aqvdE05oS1tLa0OmJvrXBkzeqbU= HTTP/1.1" 200 26
186.86.32.196 - - [20/May/2023:18:24:14 -0500] "GET /kwssiamovil/sm/acme/a?s=U2FsdGVkX18nwvJyAIMSXtuwrHQ75/qTzIJnBfNxQW50qSkjcJ8UxuuvC6OOMnTaN4sLTMfY9mjbPW/XhZYxABji5OuiDrat9vJD8nV6jof90YMhIuDxwFtSb+draEb85DPnrhdiYZj9PD/pid1B9Sx7rETtwdJf3zpjRnWUHzjeRL3h1Tc/t7jpUmgKAjnE&u=U2FsdGVkX19Gx3c5pdaW3oKI7IFrEnE3c9X9J1XyAWw=&y=U2FsdGVkX19Mbg91aqvdE05oS1tLa0OmJvrXBkzeqbU= HTTP/1.1" 200 26
186.86.32.196 - - [20/May/2023:18:24:18 -0500] "GET /kwssiamovil/sm/acme/a?s=U2FsdGVkX18SgH/wbx0OaX5MuyRMFFdfWYITv583iqrrf65QfmORxA22oZ+zCwlMSkkv8hmdBvv6XTkOMt0zblWwa2B6lH/KQpz8ZHpWurLHIbOGStVZVO1emBhyMm4sI1cHjJZS5Cpr5SOwZpHlukDOWfOkea1xxCZrnbQdmLWr1H+YozivX7oDo7EHs69Y1q+yuPfKz/MBK5yiZToNeT8PwhbjmGkE3lyl7Awwde4=&u=U2FsdGVkX19Gx3c5pdaW3oKI7IFrEnE3c9X9J1XyAWw=&y=U2FsdGVkX19Mbg91aqvdE05oS1tLa0OmJvrXBkzeqbU= HTTP/1.1" 200 26
186.86.32.196 - - [20/May/2023:18:24:20 -0500] "GET /kwssiamovil/sm/acme/a?s=U2FsdGVkX1/kVksIeotiIAvjXsTCofKGJ4TOrG0G16rcY9sKk1zwfEs3yBLrKM+A4Hz6TIBD30gK5pcsVG9465jn9Eyd27yAEwTDvbPzBDswoyTcc55LstTTKsd8UIGT1rmU3U09sq7xOD+3TyD0NoaLkdrIUzEpvRq9tpWe97cziD3pSxF5QICYIA8J0Bae0WGdbj4eEggLqjTydHKcjw==&u=U2FsdGVkX19Gx3c5pdaW3oKI7IFrEnE3c9X9J1XyAWw=&y=U2FsdGVkX19Mbg91aqvdE05oS1tLa0OmJvrXBkzeqbU= HTTP/1.1" 200 26
186.86.32.196 - - [20/May/2023:18:24:24 -0500] "GET /kwssiamovil/sm/acme/a?s=U2FsdGVkX18npxBdGLhYlb4mabWBK/5njW/tofQDor8e72oE3NWvxuGKeaB4tlqCJs+6ofRjkUMW60b8Try3Os/FyWEGCvMOcXIOoF4U8i8XxUGbZvQ6tEbYtgqMTBMoywfTiJlYgnVLEv3za5gS/TbQ/cFlaEUFaGBxVPm/mPaI8NQqb3S4xiDWjDTg4S2/KG4UuTklzI3KhY6x6MS53g==&u=U2FsdGVkX19Gx3c5pdaW3oKI7IFrEnE3c9X9J1XyAWw=&y=U2FsdGVkX19Mbg91aqvdE05oS1tLa0OmJvrXBkzeqbU= HTTP/1.1" 200 26
186.86.32.196 - - [20/May/2023:18:24:27 -0500] "GET /kwssiamovil/sm/acme/a?s=U2FsdGVkX18RO68KGY+0JRSMfNsXJJ1UOhz6ezQJ5VSHR9AIoWG3Yc5Ow2wq+U4qGqOrnt0ChXYuJ1rMLz801LvbJIOqFqJLGiCq6WAZRNFpY7kQLxAVi3Sfj6wGg+Vmp89ycD0FL6u83TE011tnCfvu34JuUrWLXMbq+BjvPeigy1WE6F/l6iLOSpuh42GZ&u=U2FsdGVkX19Gx3c5pdaW3oKI7IFrEnE3c9X9J1XyAWw=&y=U2FsdGVkX19Mbg91aqvdE05oS1tLa0OmJvrXBkzeqbU= HTTP/1.1" 200 26
186.86.32.196 - - [20/May/2023:18:24:30 -0500] "GET /kwssiamovil/sm/acme/a?s=U2FsdGVkX1/WS1FbBSP0KBjDBHO8cbWRuFgvi4Uu7h9zDPvrHzPUKbBBPmOE/DvLuVaLdaEWM2HFawMAeR4aVJMHqkRRpdfl7CR6dX4ow/EgUXuuqf2u4z7z6yGIsJcxGOihuUSJmjig1ubpejs0sXYwhJ1LYoh4+JDDaVdvFj60yioRU/J+xhXdn0qCkT8qJp/u+0tgWIOqYIH+X1510w==&u=U2FsdGVkX19Gx3c5pdaW3oKI7IFrEnE3c9X9J1XyAWw=&y=U2FsdGVkX19Mbg91aqvdE05oS1tLa0OmJvrXBkzeqbU= HTTP/1.1" 200 26
186.86.32.196 - - [20/May/2023:18:24:33 -0500] "GET /kwssiamovil/sm/acme/a?s=U2FsdGVkX19rWr62iEy9IrsxJ9esQWCQhyCl0X6yctncxDJg+qGVweAGK2B55ECVnU4CgT7ukXGEC/qw+cpd8bU39FExdsMRE7iPwyrrTyE0sbeN/prLyXjfMfv0vclxZ0poVJzxUZSgO1eg/3vVIq12EQ/O2ogp8bQwLAi8VnB6uAAAL97b601O/JQrF59v&u=U2FsdGVkX19Gx3c5pdaW3oKI7IFrEnE3c9X9J1XyAWw=&y=U2FsdGVkX19Mbg91aqvdE05oS1tLa0OmJvrXBkzeqbU= HTTP/1.1" 200 26
186.86.32.196 - - [20/May/2023:18:24:36 -0500] "GET /kwssiamovil/sm/acme/a?s=U2FsdGVkX1/bJw9C4CsuVPaEGsqMxd49tdf95Hr/JhMmZSreN0GUiPN2uM/HQAcHhQ9ADswQ8mfZjG37d+vD1X4pdT/tKY9QtJ+6l1x6XZuyJvFYZc5IaP/e5AkQONYMdqnVL3FYw0mdzG5B/RnQoKnX+i+ipTVSHL5Ox870YX/QBhkTpJeRQhmO0dgHYzP6KuIrsh7sev6V0g0u9vhFXnXPWcEcI+/hxRRvuJj0I6A=&u=U2FsdGVkX19Gx3c5pdaW3oKI7IFrEnE3c9X9J1XyAWw=&y=U2FsdGVkX19Mbg91aqvdE05oS1tLa0OmJvrXBkzeqbU= HTTP/1.1" 200 26
186.86.32.196 - - [20/May/2023:18:24:39 -0500] "GET /kwssiamovil/sm/acme/a?s=U2FsdGVkX19npc8ByBerMIdx5OJqZlru5Um5dxQwax8LDuWh/Al9M8hCIex8Dw4SqNL9TZrUq24rhrwGNo3nalE+7bUCW9qgigQVNe0NaXEfZDzHESWYj7KnOOdddUBbaJABsRHjM6pA+0wsNfLtEMgYpCGno4gI+ElW/w2Vjx+WUkKLYxPXVpSBbVRkdUQrjaoz1EVDHNA8pPv0ROyz9g==&u=U2FsdGVkX19Gx3c5pdaW3oKI7IFrEnE3c9X9J1XyAWw=&y=U2FsdGVkX19Mbg91aqvdE05oS1tLa0OmJvrXBkzeqbU= HTTP/1.1" 200 26
186.86.32.196 - - [20/May/2023:18:24:43 -0500] "GET /kwssiamovil/sm/acme/a?s=U2FsdGVkX19fSpZ8PbykN460VfGq40rFqHR8I145agrL3QrEN6WBMveXbahDgwRE4SDeCzw89IvoUjVF1dtcY4t5qSZna2CdX3pvwUx/l77td4gqwYOFVFIHIb1SQWXT4vSveh3vVDANHNI9j2D58gks6xRMBFbiEwfhRVzJVPmlBcmqH63POnKoHGZNcQKk22He+S7AcQAzrEnh5sE7JQ==&u=U2FsdGVkX19Gx3c5pdaW3oKI7IFrEnE3c9X9J1XyAWw=&y=U2FsdGVkX19Mbg91aqvdE05oS1tLa0OmJvrXBkzeqbU= HTTP/1.1" 200 26
186.86.32.196 - - [20/May/2023:18:24:46 -0500] "GET /kwssiamovil/sm/acme/a?s=U2FsdGVkX1/AAnxcLts6SmI6B1pYy+rT14h0qemEzxM+/rD8EYG7S7SpCHR4yj43YU6a+0YE/BtJ70hYvJkdvuHT+qKqMduhT0nY1duMpahfziV+XcsXMMFez2VIc4gcJgYtZOx+9M6w2jfAx/bGvM6M1Zmnyq9/Bfvjg6THJUxjOQiBEEEIwAQcwnAgwRKT&u=U2FsdGVkX19Gx3c5pdaW3oKI7IFrEnE3c9X9J1XyAWw=&y=U2FsdGVkX19Mbg91aqvdE05oS1tLa0OmJvrXBkzeqbU= HTTP/1.1" 200 26
186.86.32.196 - - [20/May/2023:18:24:49 -0500] "GET /kwssiamovil/sm/acme/a?s=U2FsdGVkX1+M8RQ8vXCLg2T8OIMnCzOTTvusexBf8N8kqOc2LB7Cm052kJQXbvmLPoQJZ/hckzlY4Wf9XcOQPgkDCsmC1lzXIO1sY17dVp6gZlLB/7i3FoSz/zE6z89bsJzCWs7CPTA8D8X6HGiMB5l1cpSexxClikmmWK91pl0KsN/w/iiWtoeo5KIPO4EfWrbAvERmcuFwAsTMgr5ECg==&u=U2FsdGVkX19Gx3c5pdaW3oKI7IFrEnE3c9X9J1XyAWw=&y=U2FsdGVkX19Mbg91aqvdE05oS1tLa0OmJvrXBkzeqbU= HTTP/1.1" 200 26
186.86.32.196 - - [20/May/2023:18:24:52 -0500] "GET /kwssiamovil/sm/acme/a?s=U2FsdGVkX1/Q9djyyfphpX9E7rbR9wTt2RwnTuZht35mJQvgm7urM4S2nkGaVL8gn6iX+ZbCjXFyugqZSgj9YODRpZc+YehpwaiQoLcuweNWc0BK0rx7mT5NogCz5gMgxA2AEOYXmX0XZpedM0CL6L/heljRuGZDt9XmxDjbukq3IQFv24E/vb0dk1+BK3jI&u=U2FsdGVkX19Gx3c5pdaW3oKI7IFrEnE3c9X9J1XyAWw=&y=U2FsdGVkX19Mbg91aqvdE05oS1tLa0OmJvrXBkzeqbU= HTTP/1.1" 200 26
172.22.2.4 - - [20/May/2023:18:23:14 -0500] "GET /BLA/boletinlegal/ HTTP/1.1" 200 57561
186.86.32.196 - - [20/May/2023:18:24:55 -0500] "GET /kwssiamovil/sm/acme/a?s=U2FsdGVkX1/X3Bd6ghl5pjg+noMZSiZXK5n4oetm2ae2curADXtk7J14PMmrV3pm2U+VieFxAW+xl5dWfnMI+Vp/lbiQW2XOOhBBHqRSisgCUY9N/D1jvsN+XBjow0Y1YWmfeRbzbyDNupA2AmjVAaUhCEeKKxvu7H+2hSTQB0ikA7axw6y69ER2ZTWd5DiSiUx2CRd2a7DZOJyn8JDdFQ==&u=U2FsdGVkX19Gx3c5pdaW3oKI7IFrEnE3c9X9J1XyAWw=&y=U2FsdGVkX19Mbg91aqvdE05oS1tLa0OmJvrXBkzeqbU= HTTP/1.1" 200 26
186.86.32.196 - - [20/May/2023:18:24:58 -0500] "GET /kwssiamovil/sm/acme/a?s=U2FsdGVkX19nN/CmgQIi2MC0T4dufDiM44kKr7Ht2ZUHMgY7NU92qCEAl1wfFVlYfFSxetJMnXs5IHgQ6MhbySeiuJbRhy7akPxGzlfX8Uc+y70EhfUFRMjvL2o/GnNPUDiwSNQM5a2+YLDaiawtTzn0AfYsPCQemc1sp0y0rpNNWKAXQ6D1xgsVl41uz9GrOGOC9E9oqf9Vv9BgQOLWVw==&u=U2FsdGVkX19Gx3c5pdaW3oKI7IFrEnE3c9X9J1XyAWw=&y=U2FsdGVkX19Mbg91aqvdE05oS1tLa0OmJvrXBkzeqbU= HTTP/1.1" 200 26
216.245.221.92 - - [20/May/2023:18:25:21 -0500] "HEAD / HTTP/1.1" 200 -
168.119.253.32 - - [20/May/2023:18:26:30 -0500] "GET / HTTP/1.1" 200 319
201.245.192.253 - - [20/May/2023:18:28:26 -0500] "POST /kwsrmcab/Wsrmcab  HTTP/1.1" 200 43465
201.245.192.253 - - [20/May/2023:18:28:38 -0500] "POST /kwsrmcab/Wsrmcab HTTP/1.1" 200 43961
201.245.192.253 - - [20/May/2023:18:28:40 -0500] "POST /kwsrmcab/Wsrmcab HTTP/1.1" 200 44111
172.22.2.4 - - [20/May/2023:18:28:13 -0500] "HEAD /BLA/boletinlegal/ HTTP/1.1" 200 -
216.245.221.92 - - [20/May/2023:18:30:21 -0500] "HEAD / HTTP/1.1" 200 -
172.22.2.4 - - [20/May/2023:18:29:03 -0500] "GET /BLA/boletinlegal/ HTTP/1.1" 200 56754
173.252.95.1 - - [20/May/2023:18:33:26 -0500] "GET /acuerdos-de-conservacion-herramienta-para-la-preservacion-y-conocimiento-de-la-biodiversidad.html HTTP/1.1" 206 865
173.252.95.3 - - [20/May/2023:18:33:26 -0500] "GET /secretaria-de-ambiente-carnetizo-a-87-miembros-del-programa-de-voluntariado-ambiental.html HTTP/1.1" 206 879
201.245.192.253 - - [20/May/2023:18:33:25 -0500] "POST /kwsrmcab/Wsrmcab  HTTP/1.1" 200 43465
172.22.2.4 - - [20/May/2023:18:32:30 -0500] "GET /BLA/boletinlegal/ HTTP/1.1" 200 61250
216.245.221.92 - - [20/May/2023:18:35:21 -0500] "HEAD / HTTP/1.1" 200 -
172.22.2.4 - - [20/May/2023:18:34:03 -0500] "HEAD /BLA/boletinlegal/ HTTP/1.1" 200 -
172.22.2.4 - - [20/May/2023:18:36:23 -0500] "GET /BLA/boletinlegal/Circulares/2019/.pdf HTTP/1.1" 404 1218
172.22.2.4 - - [20/May/2023:18:34:54 -0500] "GET /BLA/boletinlegal/ HTTP/1.1" 200 55934
172.22.2.4 - - [20/May/2023:18:36:35 -0500] "GET /BLA/boletinlegal/Circulares/2012/Circular%20No.%2010%20del%2026%20de%20Enero%20de%202012.pdf HTTP/1.1" 404 1218
201.245.192.253 - - [20/May/2023:18:38:23 -0500] "POST /kwsrmcab/Wsrmcab  HTTP/1.1" 200 43465
201.245.192.253 - - [20/May/2023:18:38:38 -0500] "POST /kwsrmcab/Wsrmcab HTTP/1.1" 200 43961
201.245.192.253 - - [20/May/2023:18:38:40 -0500] "POST /kwsrmcab/Wsrmcab HTTP/1.1" 200 44111
216.245.221.92 - - [20/May/2023:18:40:21 -0500] "HEAD / HTTP/1.1" 200 -
172.22.2.4 - - [20/May/2023:18:39:53 -0500] "HEAD /BLA/boletinlegal/ HTTP/1.1" 200 -
186.86.32.196 - - [20/May/2023:18:41:38 -0500] "OPTIONS /kwssiamovil/sm/setfile/f? HTTP/1.1" 200 13
186.86.32.196 - - [20/May/2023:18:41:38 -0500] "POST /kwssiamovil/sm/setfile/f? HTTP/1.1" 200 381
186.86.32.196 - - [20/May/2023:18:41:57 -0500] "OPTIONS /kwssiamovil/sm/setfile/f? HTTP/1.1" 200 13
172.22.2.4 - - [20/May/2023:18:40:43 -0500] "GET /BLA/boletinlegal/ HTTP/1.1" 200 54424
186.86.32.196 - - [20/May/2023:18:41:58 -0500] "POST /kwssiamovil/sm/setfile/f? HTTP/1.1" 200 381
186.86.32.196 - - [20/May/2023:18:42:55 -0500] "GET /kwssiamovil/sm/acme/a?s=U2FsdGVkX19vEdmjJ0/znSHpNizC32Cs/UTJ0ETdJhwC68LRPBI2wmYHHpI/1t90Oak8+D02zMFDQ4AlBs96Gr3IorrouRpJVQfJ/9c4sAEoiADZHxese5WcNtg4WzFgsMODN/R/o1X+Y7ZOrDokRr0efTsE3AzZppVeOPae262t+/iTVNKvHWVikaS47aPpwk+PKpReMWHFIOITn47uQvvJPhcpkRN9yKjHRhptTjikyTNEdDrGytWsjbiFEhKdKLOPl9w/ICE5BVMKpfcA5g==&u=U2FsdGVkX19Gx3c5pdaW3oKI7IFrEnE3c9X9J1XyAWw=&y=U2FsdGVkX19Mbg91aqvdE05oS1tLa0OmJvrXBkzeqbU= HTTP/1.1" 200 26
172.22.2.4 - - [20/May/2023:18:42:32 -0500] "GET /BLA/boletinlegal/ HTTP/1.1" 200 20427
186.86.32.196 - - [20/May/2023:18:42:58 -0500] "GET /kwssiamovil/sm/acme/a?s=U2FsdGVkX1/WI4twMLSctn0vxmB/hBB45dgpswH6zn/Kl4IYhkT1pfCUIRpBDMEeiDevHHmpq9ow5aruQZkAfQ9LRi6ay3NH4MaRFV89NMQE0QStf4WlEGRBIN/rH6c0iB2uW7px9qk8lYg4P6/YwxzyPNv1AZeZLFczah8fYx4RtUJnvTWzqRo5ynZymakwD5XejSyC6LyymGtOY4HKLOr1d4cv5rMPZUUzmJxhvXNR5A2M+zTKYSx+SGGiP9g5LCGXmcw49JBXXUlUwoGPwjBFaQwjiJtjj/K/Wp58kaBc7d4gSfyCFg5FtDC4SP1PZj3v1478k2H5L/9k/iKVx2GDWqjSqT4VtXYOBTuJQYge8Ia+nwXrKIFUPcmX+if7DOSQtpXiGuCIsoKZT+d9T0hn0EbADcDdumyepeN6UhLoO0KFdliz6Gfk4DwHk9SDWDWgO5kHIM0dKjuNOafGcvSzwO11K2N7R/bd6aRULROCPJVPfAnp96tvA2q7teZNFcU1uEGwfB2j+5qhHeekC/otWMkLCjR673ae++VeFcwqrm20omqwSjU2W5kTQir17+2hA/ndZ/dGCmQHIW6J0z5cZrLhurOag53qltDkpTHuSvT1Z4IyieOweKGTh+gR/c3aoS/eYLa+ewm+jgthV4lXfbFUE6BX0E5dyIUk4GJ4vAi4vGSlSDgOb1m4DZ1KDX25ByBg7Dhc3PJ/0vE9m+T9tfkkm7KeiQS+/brBC/97gDLanM8CaXeau/yOAq9N15AIQ8CDUZQcqc1K7v1BUEpQ0fM9wVYZL92a66hAXoPI+Mq5qi2Eu1b/6QDVEKc9dfbRmMAzVpQsFJMDlGdqwkkKdJUdCSb6tNneQVX2Ue0DqSnIWXesr0cZPsoDubrfBZ7ktKPvp3YuhUMw220psvY6BHJVq2fKJ4YfZjkYGFa1+q+2dinitKmqNyYEvzCZnFMTNqbgZY1n5TjjZ+RO2oLMwAIWOXNvz7LRBHOhTs/tR6+4yWDPt9jYrlBuJkcrKLAccKbjA4MqSs8z7kjVlXVSZz2Ti7jrww16+0JiKWdSnFVFqmrMercA/fmDYl4deWraIrvsUQtKdJBVMgMA1Q==&u=U2FsdGVkX19Gx3c5pdaW3oKI7IFrEnE3c9X9J1XyAWw=&y=U2FsdGVkX19Mbg91aqvdE05oS1tLa0OmJvrXBkzeqbU= HTTP/1.1" 200 26
186.86.32.196 - - [20/May/2023:18:43:01 -0500] "GET /kwssiamovil/sm/acme/a?s=U2FsdGVkX1+UDDWv/iE7cBsDQOc7P+tc7KpIuNg+vJ+2rQbBxEnwjhceUd0P+Cp1X2Zdue8Qbabzlzb1ay53hy7xv+iG5q/3MFlh1MLGcWpx3wGw7hQaromPIoSji/sr48CNk7ml50RsBjsmQAP5/mQeCM3xFMkoVCk7PfO+eTg=&u=U2FsdGVkX19Gx3c5pdaW3oKI7IFrEnE3c9X9J1XyAWw=&y=U2FsdGVkX19Mbg91aqvdE05oS1tLa0OmJvrXBkzeqbU= HTTP/1.1" 200 26
186.86.32.196 - - [20/May/2023:18:43:05 -0500] "GET /kwssiamovil/sm/acme/a?s=U2FsdGVkX18ZTLZsGpV0DKGl8YpED+kI5ALLVLHuLR66RwGj+griZ6HLisatY9U0JI2Pg2ArugNTO4UgcWLiTA3JEtz/k3qlfTfhYrElKxdKau5zeiU+HBVUWa194DFCylQWnRbFpyoqVrKRh/ZFkinvoWc641nYOb7lkl3K8FQ=&u=U2FsdGVkX19Gx3c5pdaW3oKI7IFrEnE3c9X9J1XyAWw=&y=U2FsdGVkX19Mbg91aqvdE05oS1tLa0OmJvrXBkzeqbU= HTTP/1.1" 200 26
186.86.32.196 - - [20/May/2023:18:43:08 -0500] "GET /kwssiamovil/sm/acme/a?s=U2FsdGVkX18qFNTT2+z6K+I8s3VUiQJMNN52nYhlXB1FwOJU7X7KQUbRdxsPNbpSsDPwZFZX3mls9EOsolQdJW45w5V9gOrHBDNII/O6SG7SfHzl6vQtOse6VoLIO7CQNi//jhW/z8s0iQwEw+A713CXjWfHsIEIgPrnPkNSmiQ=&u=U2FsdGVkX19Gx3c5pdaW3oKI7IFrEnE3c9X9J1XyAWw=&y=U2FsdGVkX19Mbg91aqvdE05oS1tLa0OmJvrXBkzeqbU= HTTP/1.1" 200 26
186.86.32.196 - - [20/May/2023:18:43:11 -0500] "GET /kwssiamovil/sm/acme/a?s=U2FsdGVkX1/HCZSZoIiA4C30eZiAGLodvX+Okqs4u4Arbrqk+vsj612rYa84aNvxmPqA1QOA1Uxqrpm0C0OkieDSkuQoARHdF0bLsp9UuyYfWILiZhQVK/gfOwZIiURFHKCKMnlbsSAKr24IEKcrj+0DF8KUOIH6gVq1jWAogyC4BrZD37fyCo/ucqSw1olk&u=U2FsdGVkX19Gx3c5pdaW3oKI7IFrEnE3c9X9J1XyAWw=&y=U2FsdGVkX19Mbg91aqvdE05oS1tLa0OmJvrXBkzeqbU= HTTP/1.1" 200 26
40.77.167.146 - - [20/May/2023:18:43:14 -0500] "GET /Publicaciones/2023EE73041.pdf HTTP/1.1" 404 227
186.86.32.196 - - [20/May/2023:18:43:14 -0500] "GET /kwssiamovil/sm/acme/a?s=U2FsdGVkX19HWIkECSwO9ZZLfpqPRg0chGvVfdhDuE1ewR6Dz/1tL2vf+sDNxpnAS/oY6lBvAKuYGrz90kRkN4MnwjsEJW3FCuJdPtn9MPNX6+ufim9QVZPz3mp6a9DEBvXniXIs7nNujgT4TvBiKoRJlLr/hkvE8Z6vF0pxbOyDkwjf0Z8kelOHDhybjMwx+Jb/u/gk8pnPtcsSYnc16A==&u=U2FsdGVkX19Gx3c5pdaW3oKI7IFrEnE3c9X9J1XyAWw=&y=U2FsdGVkX19Mbg91aqvdE05oS1tLa0OmJvrXBkzeqbU= HTTP/1.1" 200 26
186.86.32.196 - - [20/May/2023:18:43:17 -0500] "GET /kwssiamovil/sm/acme/a?s=U2FsdGVkX19vmftHRYMDnQFSwrUcOBaf5dkTQ3y5Dw/b3GIiae5RApwyJ0l5Sahk0INb2snryKffjSTlwGivBffuNnxElrTnopmYxFkf99mpuG8apkV0IyU8RBb3ZWc3SCpgz5zMrTqsy2R4+2p1OyCqBPA0ORRBJ5rTPK5Y9wsao2quP8lXS37krSfQYEPg&u=U2FsdGVkX19Gx3c5pdaW3oKI7IFrEnE3c9X9J1XyAWw=&y=U2FsdGVkX19Mbg91aqvdE05oS1tLa0OmJvrXBkzeqbU= HTTP/1.1" 200 26
186.86.32.196 - - [20/May/2023:18:43:20 -0500] "GET /kwssiamovil/sm/acme/a?s=U2FsdGVkX1861ZtkLWvGHGIcGdfjra/9PDTghMC9856kH59CFkU/Rh9whqAYxBziG9tFLL1FNZMt4wXM5gcojKrMq2Vlpejjj0tLepdpsTm9sJI3K+8a25PDJToHVhQewObTDmS1oNKIGSGAn3ouaJGwn3C9+M5mKAJ5zU45TvT2MdRRciwlf+NXVSW8EHsujs4GQT2lPCTaDSG6Qhu52A==&u=U2FsdGVkX19Gx3c5pdaW3oKI7IFrEnE3c9X9J1XyAWw=&y=U2FsdGVkX19Mbg91aqvdE05oS1tLa0OmJvrXBkzeqbU= HTTP/1.1" 200 26
186.86.32.196 - - [20/May/2023:18:43:24 -0500] "GET /kwssiamovil/sm/acme/a?s=U2FsdGVkX1/f+QUpKH39md1FY5QnVvGJ8bgSEWbDzbXTOsPNX0gosk5gzMM0ZtUE9r6quOwOc+yZwrO4yTQoRmMrI5EW2Var8SVN0D8XL2rPO+bvlu7Aip9EJmDowTg3IrqwAD9PlCLfMg0iwQAwJdOgpE+hcdJ/RLLPjP45bivSduXFtDWgW0ED0mZ2ycUQ&u=U2FsdGVkX19Gx3c5pdaW3oKI7IFrEnE3c9X9J1XyAWw=&y=U2FsdGVkX19Mbg91aqvdE05oS1tLa0OmJvrXBkzeqbU= HTTP/1.1" 200 26
201.245.192.253 - - [20/May/2023:18:43:22 -0500] "POST /kwsrmcab/Wsrmcab  HTTP/1.1" 200 43465
40.77.167.146 - - [20/May/2023:18:43:34 -0500] "GET /sia/ HTTP/1.1" 200 2661
157.55.39.210 - - [20/May/2023:18:43:38 -0500] "GET /BLA/resoluciones/AUTOS%202021/1632.pdf HTTP/1.1" 304 -
40.77.167.97 - - [20/May/2023:18:43:48 -0500] "GET /css/bordes.css HTTP/1.1" 404 1018
173.252.95.118 - - [20/May/2023:18:43:48 -0500] "GET /bogota-ya-cuenta-mas-de-70-negocios-verdes-verificados.html HTTP/1.1" 200 992
173.252.95.7 - - [20/May/2023:18:43:49 -0500] "GET /bogota-ya-cuenta-mas-de-70-negocios-verdes-verificados.html HTTP/1.1" 200 992
173.252.87.3 - - [20/May/2023:18:43:50 -0500] "GET /images/negocios-verdes-mayo-2022.jpg HTTP/1.1" 200 48000
216.245.221.92 - - [20/May/2023:18:45:21 -0500] "HEAD / HTTP/1.1" 200 -
179.19.9.21 - - [20/May/2023:18:46:25 -0500] "GET /postulate-al-programa-de-mujeres-por-el-cambio-climatico-en-bogota.html HTTP/1.1" 200 856
191.156.241.231 - - [20/May/2023:18:46:59 -0500] "GET /postulate-al-programa-de-mujeres-por-el-cambio-climatico-en-bogota.html HTTP/1.1" 200 856
66.249.77.21 - - [20/May/2023:18:47:00 -0500] "-" 408 -
172.22.2.4 - - [20/May/2023:18:45:43 -0500] "HEAD /BLA/boletinlegal/ HTTP/1.1" 200 -
172.22.2.4 - - [20/May/2023:18:46:33 -0500] "GET /BLA/boletinlegal/ HTTP/1.1" 200 54808
201.245.192.253 - - [20/May/2023:18:48:21 -0500] "POST /kwsrmcab/Wsrmcab  HTTP/1.1" 200 43465
216.245.221.92 - - [20/May/2023:18:50:21 -0500] "HEAD / HTTP/1.1" 200 -
172.22.2.4 - - [20/May/2023:18:51:33 -0500] "HEAD /BLA/boletinlegal/ HTTP/1.1" 200 -
201.245.192.253 - - [20/May/2023:18:53:20 -0500] "POST /kwsrmcab/Wsrmcab  HTTP/1.1" 200 43465
172.22.2.4 - - [20/May/2023:18:52:24 -0500] "GET /BLA/boletinlegal/ HTTP/1.1" 200 53114
216.245.221.92 - - [20/May/2023:18:55:21 -0500] "HEAD / HTTP/1.1" 200 -
40.77.167.146 - - [20/May/2023:18:55:35 -0500] "GET /BLA/resoluciones/AUTOS%202022/4696.pdf HTTP/1.1" 200 1042092
157.55.39.210 - - [20/May/2023:18:55:40 -0500] "GET /css/date_blue.css HTTP/1.1" 404 1018
157.55.39.210 - - [20/May/2023:18:55:40 -0500] "GET /BLA/resoluciones/AUTOS%202014/2196.pdf HTTP/1.1" 200 229734
191.156.225.200 - - [20/May/2023:18:55:47 -0500] "GET /postulate-al-programa-de-mujeres-por-el-cambio-climatico-en-bogota.html HTTP/1.1" 200 856
157.55.39.210 - - [20/May/2023:18:55:48 -0500] "GET /css/textos.css HTTP/1.1" 404 1018
162.55.175.24 - - [20/May/2023:18:56:00 -0500] "GET / HTTP/1.1" 200 319
192.133.77.16 - - [20/May/2023:18:56:37 -0500] "GET /images/cr%C3%B3nica-29-nov-1_optimized.jpeg HTTP/1.1" 404 1034
201.245.192.253 - - [20/May/2023:18:58:19 -0500] "POST /kwsrmcab/Wsrmcab  HTTP/1.1" 200 43465
172.22.2.4 - - [20/May/2023:18:57:23 -0500] "HEAD /BLA/boletinlegal/ HTTP/1.1" 200 -
40.77.188.183 - - [20/May/2023:18:59:45 -0500] "GET /css/fondos.css HTTP/1.1" 404 1158
172.22.2.4 - - [20/May/2023:18:58:13 -0500] "GET /BLA/boletinlegal/ HTTP/1.1" 200 57945
191.91.59.104 - - [20/May/2023:19:00:00 -0500] "GET /postulate-al-programa-de-mujeres-por-el-cambio-climatico-en-bogota.html HTTP/1.1" 200 856
216.245.221.92 - - [20/May/2023:19:00:21 -0500] "HEAD / HTTP/1.1" 200 -
186.86.32.196 - - [20/May/2023:19:01:19 -0500] "OPTIONS /kwssiamovil/sm/setfile/f? HTTP/1.1" 200 13
40.77.167.97 - - [20/May/2023:19:01:30 -0500] "GET /Publicaciones/2023EE73609.pdf HTTP/1.1" 404 227
186.86.32.196 - - [20/May/2023:19:01:35 -0500] "OPTIONS /kwssiamovil/sm/setfile/f? HTTP/1.1" 200 13
186.86.32.196 - - [20/May/2023:19:01:35 -0500] "POST /kwssiamovil/sm/setfile/f? HTTP/1.1" 200 381
186.86.32.196 - - [20/May/2023:19:02:27 -0500] "OPTIONS /kwssiamovil/sm/setfile/f? HTTP/1.1" 200 13
186.86.32.196 - - [20/May/2023:19:02:27 -0500] "POST /kwssiamovil/sm/setfile/f? HTTP/1.1" 200 381
186.86.32.196 - - [20/May/2023:19:02:39 -0500] "OPTIONS /kwssiamovil/sm/setfile/f? HTTP/1.1" 200 13
173.252.107.8 - - [20/May/2023:19:02:49 -0500] "GET /en-epoca-de-lluvias-algunos-animales-silvestres-pueden-ser-mas-visibles-en-zonas-de-la-ciudad-cuidalos.html HTTP/1.1" 200 976
173.252.107.21 - - [20/May/2023:19:02:49 -0500] "GET /en-epoca-de-lluvias-algunos-animales-silvestres-pueden-ser-mas-visibles-en-zonas-de-la-ciudad-cuidalos.html HTTP/1.1" 200 976
173.252.79.15 - - [20/May/2023:19:02:50 -0500] "GET /images/culebra-sabanera-bogota-26-marzo.jpg HTTP/1.1" 200 22555
186.86.32.196 - - [20/May/2023:19:02:39 -0500] "POST /kwssiamovil/sm/setfile/f? HTTP/1.1" 200 381
186.86.32.196 - - [20/May/2023:19:03:00 -0500] "GET /kwssiamovil/sm/acme/a?s=U2FsdGVkX190QKtohU/wNeV2ACbr9bangbJ8aqZazkiJAbEJ8DLUORedDTKXTsKv/ZMCYmP6w+55G1rfsHzJwRRT+kjAjlsHLSxNlAZBfH4LrSswYSBE+/BIKGdh7d+nM0cyQD+2V4XtyHkFtpPTLpiI1pypaUVvF1/JHO5p6NF6fZRmzJkxYFaYXVuF7ZVtIGAxvtmr9+MKi9dR0RteGnvs6nwNi+4hesny3c8wce6HyEmcylL3zh66YXbAqLVm1gND3eQcGnOgWEaeDZfYeg==&u=U2FsdGVkX19Gx3c5pdaW3oKI7IFrEnE3c9X9J1XyAWw=&y=U2FsdGVkX19Mbg91aqvdE05oS1tLa0OmJvrXBkzeqbU= HTTP/1.1" 200 26
186.86.32.196 - - [20/May/2023:19:03:03 -0500] "GET /kwssiamovil/sm/acme/a?s=U2FsdGVkX18+dmYfj/ff0NeIXn+BgGn4MERNtRkhvIm6RdCvdJr8bXZtHQSCyWYmqqtwF2KmykOYQ8guWwcVshmaNdtaxMoZ3dOGM17QPrZdsvXK343c6wakgLJru/LC1YKnayL+mlg9vYf+/t24I5XIQUPz89D/Cuy+kUN7FX0JSrYHbj56xT0i37ui0mxkxVwYiFQx67iHlNBnlh0KkmSRazB0OAll45Kp3p6FU4k40lukK6x3k8OGbC28No1CM7k5E/xzbVzmyDvlkc1VUUaXnM9JqZHGPRDCL8R/F/8FsKiYEbKXT7aJnHwAt2ubXtLoY0eIIgaoQh6CYnVgW+0dhmQRpXEbKbV4rxEbdVyKZXdQ82jrxh+PaObG7b23fFa7C7bvgYitgJJIwEqrHkuoAZcPXVj9R0y9m1avuRo56/7NV+HfOYqkgULUAhgP50w5cjegO2XLaamJjaIQZ98c2KaHUBPUjN0UN93FaK85bncSPEFhptW3rd9vSEi7Fm5jMFmk6aS5mKyU3tCBLzxz5V33l9H7yVPyTLDZ//KxagyLO3e6sib9KlZqk78EQk2PL7ctCflDafrtpcgCJ9dkzGWp/v3K77l2abMQwTs4DX3y++OyE26U2uB9GtLzpkUetNR/rcHQWasZi8jexoiIunWALFdMTh90yeXyzXCcyGpmTSxB30W4zhtUX+b6xXKCxea8QR5/xNGd+C45cYYUPd4h4mirWOqB0PcOauNxQJOuUc/0StQ1sXRfL+rIlkDyI5ZE0bxBrtQnWeM7vRiv1iFmNiIvTHsrmXwDaxvGXDqs+/70UDHYHExDaJ66nVbsx2aMFcH9tpuGFizKdrtjTdmQG/Y5wqBQjLY1vv9J+ck9mRg4POiJcMh6KxNUgj3Dkocndno5FB2/CbCyhd8cb/1yuBe+ReDhOV+lsCw6xnc7BKR+nznKgPioZLn1jVNQDY4K8vW4IQJmLDpsPyoToE7RdqObDQIDxASTnl7pEf02qEKaInBzVYRtOYiAE+2ObW1kExFaK4+FhL83d0u098qUd+RuEYv/Pm5GZzo=&u=U2FsdGVkX19Gx3c5pdaW3oKI7IFrEnE3c9X9J1XyAWw=&y=U2FsdGVkX19Mbg91aqvdE05oS1tLa0OmJvrXBkzeqbU= HTTP/1.1" 200 26
186.86.32.196 - - [20/May/2023:19:03:06 -0500] "GET /kwssiamovil/sm/acme/a?s=U2FsdGVkX1/sEXTwCrcJIgvlrxv+kNCZHVRhZHScF1g0snEn7HsbGCNttq2klNNC1NZ1gO77bg+Rridg3e2trktAJ9gOR/wuSPgGUR4/chlDkzWAPLRAFJ7bmC7Hq1nqy3HSIzvKtlxsHY7LJetcVxjgxNhOkVvYfZQIltvSMQo=&u=U2FsdGVkX19Gx3c5pdaW3oKI7IFrEnE3c9X9J1XyAWw=&y=U2FsdGVkX19Mbg91aqvdE05oS1tLa0OmJvrXBkzeqbU= HTTP/1.1" 200 26
186.86.32.196 - - [20/May/2023:19:03:09 -0500] "GET /kwssiamovil/sm/acme/a?s=U2FsdGVkX18SKDTuqk3s+nDNKrImKEs8iRyGZPV8mwweqfwbKigx2fOVSZX3kdHEQpafbxTX3feTC5MGd9GcE4XZM9GKhNNuPcB0Xnow3hA7lYRkMklqch/VBh/X8GL904EF2qqcEpK60NI80/VYf683Hro+76dsodwpWWexscE=&u=U2FsdGVkX19Gx3c5pdaW3oKI7IFrEnE3c9X9J1XyAWw=&y=U2FsdGVkX19Mbg91aqvdE05oS1tLa0OmJvrXBkzeqbU= HTTP/1.1" 200 26
186.86.32.196 - - [20/May/2023:19:03:13 -0500] "GET /kwssiamovil/sm/acme/a?s=U2FsdGVkX18i8/mJk4JaxJKgWqmtLPv0foI2ABKFBII8QdKhkSDgT/I73bywWgJQNGYbuDTwlpNm9be7w4m1UKod7b4mllVW1fkFxzcTGD0GsLFHT4jwsYXGyVRW0pcj4acQfPPBRqqWKdoZdjt6AH2hZFg06owfI7jghRporOo=&u=U2FsdGVkX19Gx3c5pdaW3oKI7IFrEnE3c9X9J1XyAWw=&y=U2FsdGVkX19Mbg91aqvdE05oS1tLa0OmJvrXBkzeqbU= HTTP/1.1" 200 26
186.86.32.196 - - [20/May/2023:19:03:16 -0500] "GET /kwssiamovil/sm/acme/a?s=U2FsdGVkX19pgRT3PI1oeGHTtPofLmyQ56oFiiDWudt+P9E8ua3mAcYQKv7d3YLJWGGrRhkaz1xNDGXXFTwax/yPSp5bOc9HivkpibHGOwQPkFsTmwlEXD2UA3rYjCUo54pUGmjp5wKKPFFdM6q1+5l4LJyB6d1Gs0DW3wfLKaTNdtImRvnYh2v08rEL9XOA&u=U2FsdGVkX19Gx3c5pdaW3oKI7IFrEnE3c9X9J1XyAWw=&y=U2FsdGVkX19Mbg91aqvdE05oS1tLa0OmJvrXBkzeqbU= HTTP/1.1" 200 26
186.86.32.196 - - [20/May/2023:19:03:19 -0500] "GET /kwssiamovil/sm/acme/a?s=U2FsdGVkX1/2FY95dAO0/jaIMmTZxMIyaDtCqTte3DNra0oHyXvj1pmh76XuczGFeoARqemtO3cuJtp6B0T7TaGFLszJSjmNonXwqtFJXHEeXL4zeOXked8y8tD4pGGVCcMoE4oOA7lxV60dV2Gpnf9UE3QJZ5UTp2rSdhtkTFFFP+X3tDJdMou29t1qbFm9WRXJpI1ca4PXOm03m42EQg==&u=U2FsdGVkX19Gx3c5pdaW3oKI7IFrEnE3c9X9J1XyAWw=&y=U2FsdGVkX19Mbg91aqvdE05oS1tLa0OmJvrXBkzeqbU= HTTP/1.1" 200 26
201.245.192.253 - - [20/May/2023:19:03:18 -0500] "POST /kwsrmcab/Wsrmcab  HTTP/1.1" 200 43465
186.86.32.196 - - [20/May/2023:19:03:22 -0500] "GET /kwssiamovil/sm/acme/a?s=U2FsdGVkX1+gHNwlFC3ez7trRPiZm+ZzAwHptPX5z70ccLeILmiASYNNJAQgIB/VYT0YqZcuYLq/PllnY33O0H8VMULSjVEjpNznuGCDlS+9zdU7lkkYE8AfIcLFrXULe+My/PiAzoR5z0ZVBO3Y3jRaly2Xuy1UlWlkraQs3zhd5d0n+AbMK7sy6FG4/vtd&u=U2FsdGVkX19Gx3c5pdaW3oKI7IFrEnE3c9X9J1XyAWw=&y=U2FsdGVkX19Mbg91aqvdE05oS1tLa0OmJvrXBkzeqbU= HTTP/1.1" 200 26
186.86.32.196 - - [20/May/2023:19:03:25 -0500] "GET /kwssiamovil/sm/acme/a?s=U2FsdGVkX19DFRnESGlSlpOeUtlUDh9b6I6tkMP4oG198SFvkjQZRF7VAWkWlBNOMFQTSYSQUYsG73/fyKAgSD77O8oO8Jn3U6RPduXTQKuopNYKz3WHXS/lczIIFx13lyadW7evG6Zc1y9ifKwuvre1y/B/renLf+1EQwrDPS7X6Ln++sXHShQVNiz5cmKZ5s4upXpzhTC4nA3b3BuyAw==&u=U2FsdGVkX19Gx3c5pdaW3oKI7IFrEnE3c9X9J1XyAWw=&y=U2FsdGVkX19Mbg91aqvdE05oS1tLa0OmJvrXBkzeqbU= HTTP/1.1" 200 26
186.86.32.196 - - [20/May/2023:19:03:28 -0500] "GET /kwssiamovil/sm/acme/a?s=U2FsdGVkX18TLyMan+HLV78VAgRjS6esa0ePY2NhalzzngYgHKnveQEnuO45kI9y6q9bV6yOOR35Rs+TyQTqZXkizs/wnoAEPAf1xEfriGBJY5wTdk6RfM6UjIoB1sqhtl5rNNDt4pMTwVve8cjCz/RW7+dQDO1r1jQ8aPwCeyy+pbRXGC6vw0yOdAKo7Ami&u=U2FsdGVkX19Gx3c5pdaW3oKI7IFrEnE3c9X9J1XyAWw=&y=U2FsdGVkX19Mbg91aqvdE05oS1tLa0OmJvrXBkzeqbU= HTTP/1.1" 200 26
186.86.32.196 - - [20/May/2023:19:03:31 -0500] "GET /kwssiamovil/sm/acme/a?s=U2FsdGVkX19b3rJKzRVaGGJrtyofT3/Z23AiN5O1474J7CGE6jgBj4v2Ykxd5x3BS0B+OSMXxHFicV7lfajsoAoh+SGTisH/hAM1ou9xLtJj+kmcOyhWxykAeDyI5nzwmGgkX5TvrKGX5W3fwTlStLjoVYmWwMevrWR0u6mlcpNQb9jbLJZbQY3Sxmq7K3rfLpRuXyTkXm9KV5j0WBHwyRBxjr3EhdY5y2pOup2gIuo=&u=U2FsdGVkX19Gx3c5pdaW3oKI7IFrEnE3c9X9J1XyAWw=&y=U2FsdGVkX19Mbg91aqvdE05oS1tLa0OmJvrXBkzeqbU= HTTP/1.1" 200 26
186.86.32.196 - - [20/May/2023:19:03:34 -0500] "GET /kwssiamovil/sm/acme/a?s=U2FsdGVkX19eJS6eMQ1nDLp+NJEhO/Jc+xt1nB9OANYgB85b+ruJ1F5GsMTWAKZFx0XHCygu0efZedVTEJBmaBYV4k1tgRieMIRn9mXROoeainPnmTWq8VFmqAXJB0nUVFjYVIUhDki0J67Q2Q6QHyRxH1JYLqp8yvU2BrMW5yS1OX/wOvGs7yu2RQUBfvJfI5IXtKC/zhSboEWc664ZiQ==&u=U2FsdGVkX19Gx3c5pdaW3oKI7IFrEnE3c9X9J1XyAWw=&y=U2FsdGVkX19Mbg91aqvdE05oS1tLa0OmJvrXBkzeqbU= HTTP/1.1" 200 26
172.22.2.4 - - [20/May/2023:19:04:31 -0500] "GET /BLA/boletinlegal/.aws/credentials HTTP/1.1" 404 1018
69.171.251.119 - - [20/May/2023:19:04:35 -0500] "GET /images/mujeres-por-el-cambio-climatico.jpeg HTTP/1.1" 200 199968
157.90.251.233 - - [20/May/2023:19:04:36 -0500] "GET / HTTP/1.1" 200 319
172.22.2.4 - - [20/May/2023:19:03:13 -0500] "HEAD /BLA/boletinlegal/ HTTP/1.1" 200 -
216.245.221.92 - - [20/May/2023:19:05:21 -0500] "HEAD / HTTP/1.1" 200 -
172.22.2.4 - - [20/May/2023:19:04:03 -0500] "GET /BLA/boletinlegal/ HTTP/1.1" 200 57561
190.60.254.231 - - [20/May/2023:19:06:48 -0500] "GET /postulate-al-programa-de-mujeres-por-el-cambio-climatico-en-bogota.html HTTP/1.1" 304 -
35.208.187.63 - - [20/May/2023:19:07:54 -0500] "HEAD /BLA/resoluciones/RESOLUCIONES%202017/0520.pdf HTTP/1.1" 200 -
201.245.192.253 - - [20/May/2023:19:08:17 -0500] "POST /kwsrmcab/Wsrmcab  HTTP/1.1" 200 43465
40.77.167.97 - - [20/May/2023:19:08:42 -0500] "GET /BLA/resoluciones/AUTOS%202021/2693.pdf HTTP/1.1" 304 -
216.245.221.92 - - [20/May/2023:19:10:21 -0500] "HEAD / HTTP/1.1" 200 -
172.22.2.4 - - [20/May/2023:19:10:29 -0500] "GET /BLA/boletinlegal/Circulares/2021/CIRCULAR%20No.%2000007%20DEL%2010%20DE%20AGOSTO%20DEL%202021.pdf HTTP/1.1" 200 266364
172.22.2.4 - - [20/May/2023:19:10:29 -0500] "GET /BLA/boletinlegal/Circulares/2021/CIRCULAR%20No.%2000006%20DEL%2005%20DE%20AGOSTO%20DEL%202021.pdf HTTP/1.1" 200 249615
40.77.167.97 - - [20/May/2023:19:10:43 -0500] "GET /BLA/resoluciones/AUTOS%202021/5045.pdf HTTP/1.1" 200 361686
172.22.2.4 - - [20/May/2023:19:09:03 -0500] "HEAD /BLA/boletinlegal/ HTTP/1.1" 200 -
172.22.2.4 - - [20/May/2023:19:09:54 -0500] "GET /BLA/boletinlegal/ HTTP/1.1" 200 57151
173.252.83.10 - - [20/May/2023:19:12:11 -0500] "GET /images/caminatas-ecol\xc3\xb3gicas-marzo---1920x1080_optimized.jpg HTTP/1.1" 404 1034
201.245.192.253 - - [20/May/2023:19:13:15 -0500] "POST /kwsrmcab/Wsrmcab  HTTP/1.1" 200 43465
66.249.77.25 - - [20/May/2023:19:15:00 -0500] "-" 408 -
216.245.221.92 - - [20/May/2023:19:15:21 -0500] "HEAD / HTTP/1.1" 200 -
172.22.2.4 - - [20/May/2023:19:14:53 -0500] "HEAD /BLA/boletinlegal/ HTTP/1.1" 200 -
172.22.2.4 - - [20/May/2023:19:15:43 -0500] "GET /BLA/boletinlegal/ HTTP/1.1" 200 53924
201.245.192.253 - - [20/May/2023:19:18:14 -0500] "POST /kwsrmcab/Wsrmcab  HTTP/1.1" 200 43465
186.86.32.196 - - [20/May/2023:19:18:24 -0500] "GET /kwssiamovil/sm/ldap/au?x=U2FsdGVkX19NbCyyST9vsepF6OD8fS7qyNKEOmixy0C1VTXAnuQLEvx+QLVCQ0LZ&y=U2FsdGVkX19/yMespGguXkTYdHKlJ6Tl1kqTr98ByMc= HTTP/1.1" 200 30
186.86.32.196 - - [20/May/2023:19:18:26 -0500] "GET /kwssiamovil/sm/acme/s?s=U2FsdGVkX19PLNhYqcQ9urYPRg5josBNdx3x2xr0niEs+JTjPfhHfr39ePXoVK9QtzySo+nRs1iZy/GCBbWIsFy4W6nJWWsrRRJmF4G/0q0=&u=U2FsdGVkX19g8mLfkT8k8W9u7/DIeSu7TtK9bdis1KI=&y=U2FsdGVkX19/yMespGguXkTYdHKlJ6Tl1kqTr98ByMc= HTTP/1.1" 200 97
186.86.32.196 - - [20/May/2023:19:18:29 -0500] "GET /kwssiamovil/sm/acme/s?s=U2FsdGVkX1/A2vWtd3YNy0zP2V86XJHeiksJqcVZP1/YVsSpSPGX4OZGSmpK/1XF2N3C3C0QSmsi7WNZ+45WGIr69xSF7WQ+wtL2cAH2Daq0usskbBvDXDXWRsAQNrnjQ4eKw96lzG6LgHkjiFyB779KWcrl2rwpsO/EBJ/Gu9ytgqCumwhfkmBup6aKE/+41XOJ8uXqce3RYQVKULhBCd06J99OFf0DEcIJgQp72x8PS5eGDa3eDt/GWQT2qoMe78MP1eAxeqFPa1WI5Yh21sMU3oVHGGAAYho8ZL5PEJSOva2YfERQIKX5mNoD25iYB9oejmxX+0SJj+vXcWJlO8abgr18bMhkwuJKlhO3seuIvqPGpjM0Bga8NMbXbvQ11paxyNwtfhQvfakg+5NTFdHoErbleFCPEiBVSkPFiJpt8Y5tYP1qX5E5V9Mdiniqt+O362LMmoeevBLMuSFLOpdsgIpZCxxlw6d5JA7jCOmX2pP4Ow4WMDWEvOs6FEu8iy6JEW8j8WU2CXHaJw2zXHxHW8yQTxar9PW0PrjBu/a+6xcyIdoM+nxArTyZw1RHqxO+975ISMoOgPbGW9Vi5OXGY3Ivf2CsB4AWXOZhozvWV8I32xomLHNHdClRlWeQ/B+O3ftlIziyV4s2fss6KPfqS9Wd3N8Ky6ZLb3x4iUfSAivnjpRiOvVsKwO0lOixvwVe2Pv037cwswSwqgEmF4x3/JMGsY9zAc5vrYzHFmw2CcrT6IQDRxuiBh0VVaB9GK33qnF/mo5T7fDGCsjr+2JcnxpTwZgeXyVGBeIB/rXNWrFsThjW2C5IDXMmYwIHGlMa5CckmcZ/tyh9JMu/isDTaYJILvzu06bK/pdH4tojiaDAunhrjERHjrk3SEP0WxoRLBRl+hl6oheLAa4e9c6VupeRQ0YMxF8PpCv2iKAblDk1VVzKoupgvohklPlGpJMj9DGvXsUz2YfNyUml36vHiic1sy8FG+O2Xg1ncNjbqRtx3tnFRh5sxEv3EGpw3/qVJj62Cd+PsqqDEjeJrKw/UA0LNpre14lglnZbwgj4tLIaOWpA9rHa+5/BzdKJD8IVwsvVosf59Jd8MUiSevC0siXBESH03/525U6c58sY2bstLjV5K9Q1bxsjvdB6RlOXTMPn2QyIxsbJrFbeOq/je9egwFr4j2x+Sjz/Z4FkG84dgCweazd+Uz7rdlbedLaires1jIn7NjRX6Nj8iwqtt0TBRA3Fv7nm2FG7tTefLXrcWQ7G6klP8WqBSIzo7KoJSua8Z0ehh23xmQXDp80L+qYjzb4BxWAJ4l4q/omJbN6nKoCEtOblQpxIZF+BHirteMvIWPyaHZPE6rkyi+K/yDW51cFPmcuNhdVn2KkJ6BlyRB9nhgYPGH0s0Nu1QdvThyl9TRWUDyCnO7AfRBORJKgy82j1CaSJbmGC7lzPPrqhrvbDqBNMWY1CNmmHXYm7jpYHD0n1z7fXFszbfXBbnlqHRI3RGhi+joLF9C2CwpLsUri75fz4lFyem1Ig0u7gclxmfjrML43k0CjhxiPIifmbNLdAw6mSZ4z8PmSCnn9bs2CyKaHsFYEFbmqeto/+2DM4WrBhZoi9elEU2nXhGpEg6YXUtm+khCMmS7xQFajn6i745OSig54nmY+kkNqxLSotsxxxLQhnE57MXRpSA1h89JkqJJ00aCXF39+Pd+qlaTGji0ffS9/h9CMoptfjyVxUoCnEG8L00FZydD2W8VBeCSAPFE2qvv6D6gc=&u=U2FsdGVkX19g8mLfkT8k8W9u7/DIeSu7TtK9bdis1KI=&y=U2FsdGVkX19/yMespGguXkTYdHKlJ6Tl1kqTr98ByMc= HTTP/1.1" 200 6681
186.86.32.196 - - [20/May/2023:19:18:32 -0500] "GET /kwssiamovil/sm/acme/s?s=U2FsdGVkX1/4AFYHtU+duJ/GWGQHNzzuL1v98p0UL/NMkbp9n66/+7YuB6VTBaN3VS8RdmSGCqeXTVst3M2SZ4TZ52ANcjtOp+qwiMwZYP5uGprRKo0jViKTWyRrNwvJGsYBbr5GL7z/vNoWZZy+Cur93Isz6hYNRIRRmn6HV6RoUQscelBAvGSi6GKEAIO4rPHhgT7Toih0IeWMyqehEyzAKB6XqWXim4ln99OW4bK2E5s4lZs+FsRw5hFxrpGumpTg4uXRGf0TlIVgcRUVdtCskxDOTe/qCB0hZ06Zv6S77t5d5QbObLIMkfOyfuspKfyZtxOyxEuDKzacaGWCLuPcd9CoYQ0lQy87L2jdOVT88NRc0VDGk51sqZ4BOme9E1mn3ebg1Zx5gc9V2GENCfSRB7s8TezxKCo1UTER5/YAmSchMUNpZqswlRoVpEvviI4dvGloXPSq+IYua6VDDKAKUiRCcv++9Z6L0EuyCTIzZUwpGXU0ahufYWVG09cFVwxE2FV+eRO1Z75Ddm1Sg3XjsdvIIuh+R5pg1MI2jOf4uQAJDnuMOK9qCY+CfbaUN7rev3Xrrp2THkCh+7RLX94lgVzt8dTg9STIDUSdlwa7ozLva+ShJ0CQMxQ6GDzHa8rVBgRn+O53uTtAjKdv6j9iEz/ED11VGL6izAYj6HPkHkmkxXHnjJbRPqJaVb5JOzfQjiWr4+MmKSl3il4FGBruoQmHzsIMUc/a5vBcv3eXzcq4XJfH7f36MkqwJJgk&u=U2FsdGVkX19g8mLfkT8k8W9u7/DIeSu7TtK9bdis1KI=&y=U2FsdGVkX19/yMespGguXkTYdHKlJ6Tl1kqTr98ByMc= HTTP/1.1" 200 208
186.86.32.196 - - [20/May/2023:19:18:35 -0500] "GET /kwssiamovil/sm/cjson/pre?f=1&x=U2FsdGVkX19NbCyyST9vsepF6OD8fS7qyNKEOmixy0C1VTXAnuQLEvx+QLVCQ0LZ HTTP/1.1" 200 31032
201.245.192.253 - - [20/May/2023:19:18:38 -0500] "POST /kwsrmcab/Wsrmcab HTTP/1.1" 200 43485
201.245.192.253 - - [20/May/2023:19:18:40 -0500] "POST /kwsrmcab/Wsrmcab HTTP/1.1" 200 43963
216.245.221.92 - - [20/May/2023:19:20:21 -0500] "HEAD / HTTP/1.1" 200 -
173.252.107.17 - - [20/May/2023:19:21:21 -0500] "GET /images/prueba3.jpeg HTTP/1.1" 200 88955
172.22.2.4 - - [20/May/2023:19:20:43 -0500] "HEAD /BLA/boletinlegal/ HTTP/1.1" 200 -
172.22.2.4 - - [20/May/2023:19:21:33 -0500] "GET /BLA/boletinlegal/ HTTP/1.1" 200 56287
201.245.192.253 - - [20/May/2023:19:23:13 -0500] "POST /kwsrmcab/Wsrmcab  HTTP/1.1" 200 43465
40.77.167.97 - - [20/May/2023:19:23:22 -0500] "GET /transparencia/New%20folder/7.%20EJECUCION%20VIGENCIA%20JULIO%202020.pdf HTTP/1.1" 200 228667
173.252.79.120 - - [20/May/2023:19:25:08 -0500] "GET /images/cr\xc3\xb3nica-29-nov-1_optimized.jpeg HTTP/1.1" 404 1034
216.245.221.92 - - [20/May/2023:19:25:21 -0500] "HEAD / HTTP/1.1" 200 -
172.22.2.4 - - [20/May/2023:19:26:33 -0500] "HEAD /BLA/boletinlegal/ HTTP/1.1" 200 -
201.245.192.253 - - [20/May/2023:19:28:12 -0500] "POST /kwsrmcab/Wsrmcab  HTTP/1.1" 200 43465
201.245.192.253 - - [20/May/2023:19:28:37 -0500] "POST /kwsrmcab/Wsrmcab HTTP/1.1" 200 43485
172.22.2.4 - - [20/May/2023:19:27:35 -0500] "GET /BLA/boletinlegal/ HTTP/1.1" 200 36811
201.245.192.253 - - [20/May/2023:19:28:39 -0500] "POST /kwsrmcab/Wsrmcab HTTP/1.1" 200 43963
172.22.2.4 - - [20/May/2023:19:27:24 -0500] "GET /BLA/boletinlegal/ HTTP/1.1" 200 52730
157.55.39.210 - - [20/May/2023:19:29:40 -0500] "GET /BLA/resoluciones/AUTOS%202021/1479.pdf HTTP/1.1" 304 -
216.245.221.92 - - [20/May/2023:19:30:21 -0500] "HEAD / HTTP/1.1" 200 -
190.27.163.75 - - [20/May/2023:19:31:32 -0500] "GET /BLA/resoluciones/ HTTP/1.1" 200 13502
190.27.163.75 - - [20/May/2023:19:31:33 -0500] "GET /favicon.ico HTTP/1.1" 200 7782
190.27.163.75 - - [20/May/2023:19:31:37 -0500] "GET /BLA/resoluciones/index.php?dir=RESOLUCIONES+2015%2F HTTP/1.1" 200 130562
190.27.163.75 - - [20/May/2023:19:31:38 -0500] "GET /BLA/resoluciones/dlf/unknown.png HTTP/1.1" 200 266
66.249.79.130 - - [20/May/2023:19:32:01 -0500] "-" 408 -
186.86.32.196 - - [20/May/2023:19:32:41 -0500] "OPTIONS /kwssiamovil/sm/setfile/f? HTTP/1.1" 200 13
186.86.32.196 - - [20/May/2023:19:32:41 -0500] "POST /kwssiamovil/sm/setfile/f? HTTP/1.1" 200 381
186.86.32.196 - - [20/May/2023:19:32:44 -0500] "OPTIONS /kwssiamovil/sm/setfile/f? HTTP/1.1" 200 13
186.86.32.196 - - [20/May/2023:19:32:45 -0500] "POST /kwssiamovil/sm/setfile/f? HTTP/1.1" 200 381
40.77.167.146 - - [20/May/2023:19:32:49 -0500] "GET /BLA/resoluciones/AUTOS%202021/2675.pdf HTTP/1.1" 304 -
69.63.184.120 - - [20/May/2023:19:32:51 -0500] "GET /guadalupe-aguanoso-un-nuevo-tramo-de-camino-para-disfrutar-en-los-cerros-orientales.html HTTP/1.1" 200 795
201.221.172.220 - - [20/May/2023:19:32:51 -0500] "GET /guadalupe-aguanoso-un-nuevo-tramo-de-camino-para-disfrutar-en-los-cerros-orientales.html?fbclid=IwAR1_msCKH7YFg8aoNc1Xpmjko4PaftwMAOWWK3GeFhwDicHGnELLh4l_RKE HTTP/1.1" 200 795
186.86.32.196 - - [20/May/2023:19:32:55 -0500] "GET /kwssiamovil/sm/acme/a?s=U2FsdGVkX1+8pBwiVNACi0WmY0bBhtLGhUFAkDFzFMOaMv6cDAhxo38JdR3She95aGf8gwYd+Y1hcYxtBmVZEmn7IWBT5pckXOKXous2oqKge8ljqPPeLBGIPPPAemqPuW0rHDBCv3VOpOEoZgdgu7IICbq6/iwVm63b5sNa1eXKmkStS4bQXPuLGNSyuqxQwqzJsBHDjZDbQdnDEEji2YJqicmX6/zUwAp8Yd7sZq5+ipMx9cXolN7Z8727BnsdkReDka/ME5ZmR5UD+It5jg==&u=U2FsdGVkX19g8mLfkT8k8W9u7/DIeSu7TtK9bdis1KI=&y=U2FsdGVkX19/yMespGguXkTYdHKlJ6Tl1kqTr98ByMc= HTTP/1.1" 200 26
186.86.32.196 - - [20/May/2023:19:32:58 -0500] "GET /kwssiamovil/sm/acme/a?s=U2FsdGVkX188h/D/5SRCN+XY6F4llbKP6vMx/6De6+W+iSDZ0Job9CkXGNPSYHTMqJ9owVvJwyEFb4Yv5nyOlJ9vHb/IkK1LwfaAeNSiczlprWDImgAuuBdTRIj2DRQBX5nTKmOdiYN5bEgkyEf4CVsJtfTTu+uxpkMGoE76wou9uousy3mB11ELDgTHVd1rKgHccQPUl4EJ3uCq9lBjkcUpv9r2dIvTPZyODmC+9+Vilw9sQ4QfmX8EsZPIuKDksdSCu88XR9N3kXfBrq2D/cqk3GSMi2ISqXhdoB69M0X1g5suyX21It7br/C4QRPDJuVjUuG2FDMzAjj/DUfL7JKzRroRXsJcu/dfUySFPj5g7J6mzGwDT5W1HnrEgidlE8wQlfEgP3qRwdcIQ8CZ5R3+1nq7sHBkJAAUD1Fejs5CPVCvf6Dk9gqvbw/UpKU0rL5QRK+PvUfDjvIXooWUOppF9wejH1Edo0zxUBpRt814q87drfjqxUXHppFPfcBVOe+mF/KuwiAeecZ/LrAJHQOo0WAH6IA6/8Sbv3nCL1/5a7Sn7rdS4cZuthFkISzpiqSqMpotEhbRugBQwIjT5yxgngmU9qnotg4cVpxdAsFQUdsg3/8Gdq5qXSTcidgEGzbg/aCuJT+jK8YYBkaZTcRM/pTYizqxHUL3QDr2NLWA2Ibpz8iTaXK6wgfYUVYoPiRVFqC3YRY/EvLy1KPHn0bZbZFGl2pkEFjwSolT+XRbI8Qxzhwiz86GhNy+wnAwdJOGPfSCUUSZH7NThfUVi8Kshb+0Nt1gstQMfOW1elvX/80we5l+NbYN6JPxPNehZ/MQnD24/Tyo5Zn9W2GrT/6COw5XOm7iQm5GgEyHwrIZxtgiY0/cMbLHgvEodIfxDC+LEGsLCILXd1N+zB5m5f8igQF56PeXn0+i9h57BYh9TOYU2REpVOcrm3nzDZiWkZZAjoOPjlvMEB6ClVem8UJQY+8geJfEVc0Xo9LlaAB76b3BTMYUeD8UWe2hcHsUeLx7kCZAOksHGLzGvhxPOTC9VUSfHPQ6dM3AnXUU5mQ=&u=U2FsdGVkX19g8mLfkT8k8W9u7/DIeSu7TtK9bdis1KI=&y=U2FsdGVkX19/yMespGguXkTYdHKlJ6Tl1kqTr98ByMc= HTTP/1.1" 200 26
186.86.32.196 - - [20/May/2023:19:33:01 -0500] "GET /kwssiamovil/sm/acme/a?s=U2FsdGVkX18AylfgwPYd5vFn46ysblER5SNR9Zz+KGjTxqj4CZ7y7np1nTxLLBhUo5Pw/USwulGUknUfvpUlx67pWZms3vfpl5hl3KU4fMRMkIIuJuWRfvpRmauMatTihWXKxGui8flOJkg9rhOAq2IC3W5Ajc/4Fx5lcgjLFY8=&u=U2FsdGVkX19g8mLfkT8k8W9u7/DIeSu7TtK9bdis1KI=&y=U2FsdGVkX19/yMespGguXkTYdHKlJ6Tl1kqTr98ByMc= HTTP/1.1" 200 26
186.86.32.196 - - [20/May/2023:19:33:05 -0500] "GET /kwssiamovil/sm/acme/a?s=U2FsdGVkX1/DkFrW1xjo6ui9YbdSPDTVoNVC6nB7ze5dJUhO+71vLe8M11xar5UF35qCL4+0tqGjmwfwcIHGUhUKxua7Z3Ds9TN4rf/h1vB7+g/m5vq+jBaXnEQWFa0/qhSyGsiwueBr9abl6ScUKc8VZBoeF7mm8bf0Y40Yyik=&u=U2FsdGVkX19g8mLfkT8k8W9u7/DIeSu7TtK9bdis1KI=&y=U2FsdGVkX19/yMespGguXkTYdHKlJ6Tl1kqTr98ByMc= HTTP/1.1" 200 26
186.86.32.196 - - [20/May/2023:19:33:08 -0500] "GET /kwssiamovil/sm/acme/a?s=U2FsdGVkX1/baEPLYyV+51VEsGK5QXHA6yOcwbRcwz72/PJJ6VCRwAzUNaKczedg9ieFP3eEYYYl2DCopHAewBGHmMOsJCqAxMBV2yGBy3l5I3Fl2E/UOI/dpw7ZNMNsyliAlAeA4QHL1cE3xPrEmEVVcNaA+dQuYVuLWBc6SUM=&u=U2FsdGVkX19g8mLfkT8k8W9u7/DIeSu7TtK9bdis1KI=&y=U2FsdGVkX19/yMespGguXkTYdHKlJ6Tl1kqTr98ByMc= HTTP/1.1" 200 26
186.86.32.196 - - [20/May/2023:19:33:11 -0500] "GET /kwssiamovil/sm/acme/a?s=U2FsdGVkX1+RkJWkO0ikelsVuZqyTfenrVVjaQ6wSzQjlze8J5egyco0XxfAIN5mbk++6lbhQ8hpRMc+H4bZnwb+KGQHg/UYe1m3mvJGzKVy0K9ywglxDu4RIJlW6s0jnKpaL+2OjuGksD4HQufksNoOLgdBJC1QQIzhTMY7gWSL5tokEZw9zE2KvXO0fWz+&u=U2FsdGVkX19g8mLfkT8k8W9u7/DIeSu7TtK9bdis1KI=&y=U2FsdGVkX19/yMespGguXkTYdHKlJ6Tl1kqTr98ByMc= HTTP/1.1" 200 26
201.245.192.253 - - [20/May/2023:19:33:11 -0500] "POST /kwsrmcab/Wsrmcab  HTTP/1.1" 200 43465
186.86.32.196 - - [20/May/2023:19:33:14 -0500] "GET /kwssiamovil/sm/acme/a?s=U2FsdGVkX1+l4D2eYaP5I6R++7BktHPYHB7LYazkNl+v2xnKHSO+9DabDhQ5Qdya0xcjjsYDdw8atonghWbHo1jSoEx/Qou/5p5fNerneqzPuFMFMk5MCqBb7T1KY1pqPDYa0VfvuOaRBo6DBdWkn4WYtKFRmlR2nQzBbh7etlZ0TC5KYWuTxzWIcWKh3mvOzUmuNrV+sYwfED886knQKw==&u=U2FsdGVkX19g8mLfkT8k8W9u7/DIeSu7TtK9bdis1KI=&y=U2FsdGVkX19/yMespGguXkTYdHKlJ6Tl1kqTr98ByMc= HTTP/1.1" 200 26
186.86.32.196 - - [20/May/2023:19:33:17 -0500] "GET /kwssiamovil/sm/acme/a?s=U2FsdGVkX1+jla0bKXbk5q8LUm5h0QSdH03DYfAdDjgD6yAMjbPiE/rr2ZZik5RT1HyN/hx4LYSUZ2D5bkBZ7f0S38S9MIhpNR/pAwRELbcMrGyOrtIqes0UXqT/eFkq0I1K6/xH0guqC5ntPu8MC+Kt3osCLFm058gTFhqmRh+8hNV6WcuOVkCjffzqLdgF&u=U2FsdGVkX19g8mLfkT8k8W9u7/DIeSu7TtK9bdis1KI=&y=U2FsdGVkX19/yMespGguXkTYdHKlJ6Tl1kqTr98ByMc= HTTP/1.1" 200 26
186.86.32.196 - - [20/May/2023:19:33:20 -0500] "GET /kwssiamovil/sm/acme/a?s=U2FsdGVkX19Y644NuKTbEeqEG2noGi2A14WMVmavQstFAqB3/mildjb/Goqtkr/wb1+mJHTJ/hc1ufEY7XMgx5Nv4/u+vSH0EW4u5z6zdm/BVclBurTgzg/HiRNoGgrrge4zMaU2I7jaH2CN0hn4mUzIAgy5FksMJPHX5RDUG6bVs8a4FCBGq0UcQxkyh8shvHn2Q6IDpq61qvgvdPHuWg==&u=U2FsdGVkX19g8mLfkT8k8W9u7/DIeSu7TtK9bdis1KI=&y=U2FsdGVkX19/yMespGguXkTYdHKlJ6Tl1kqTr98ByMc= HTTP/1.1" 200 26
172.22.2.4 - - [20/May/2023:19:33:24 -0500] "GET /BLA/boletinlegal/conceptos/2020/46.pdf HTTP/1.1" 200 350199
186.86.32.196 - - [20/May/2023:19:33:24 -0500] "GET /kwssiamovil/sm/acme/a?s=U2FsdGVkX1+QvJ+RGxV6etAduJQbeNp1S6Sy8fllALcrPKxcAFvpmDRrZZ4/C64rDMRIipjc4oqVIxKoT9sNC85zx19+a9LwxeUVlzXIdiZ4Ho6nPwKtO/D/d1Yp9FqI+9mxzL6IRZdOm/ko4eQxvloAQ6+94Q+wINsK8qhHjQnVnWmBDhzGabayw+Ee0FAe&u=U2FsdGVkX19g8mLfkT8k8W9u7/DIeSu7TtK9bdis1KI=&y=U2FsdGVkX19/yMespGguXkTYdHKlJ6Tl1kqTr98ByMc= HTTP/1.1" 200 26
172.22.2.4 - - [20/May/2023:19:32:23 -0500] "HEAD /BLA/boletinlegal/ HTTP/1.1" 200 -
172.22.2.4 - - [20/May/2023:19:32:36 -0500] "GET /BLA/boletinlegal/ HTTP/1.1" 200 51977
157.55.39.210 - - [20/May/2023:19:34:49 -0500] "GET /Publicaciones/2023EE63446.pdf HTTP/1.1" 404 227
157.55.39.210 - - [20/May/2023:19:34:49 -0500] "GET /BLA/resoluciones/AUTOS%202020/3261.pdf HTTP/1.1" 200 323317
172.22.2.4 - - [20/May/2023:19:33:14 -0500] "GET /BLA/boletinlegal/ HTTP/1.1" 200 53924
157.55.39.210 - - [20/May/2023:19:34:56 -0500] "GET /BLA/resoluciones/RESOLUCIONES%202022/0337.pdf HTTP/1.1" 304 -
216.245.221.92 - - [20/May/2023:19:35:21 -0500] "HEAD / HTTP/1.1" 200 -
172.22.2.4 - - [20/May/2023:19:36:28 -0500] "GET /BLA/boletinlegal/Circulares/2019/.pdf HTTP/1.1" 404 1218
201.245.192.253 - - [20/May/2023:19:38:11 -0500] "POST /kwsrmcab/Wsrmcab  HTTP/1.1" 200 43465
186.86.32.196 - - [20/May/2023:19:38:18 -0500] "OPTIONS /kwssiamovil/sm/setfile/f? HTTP/1.1" 200 13
186.86.32.196 - - [20/May/2023:19:38:19 -0500] "POST /kwssiamovil/sm/setfile/f? HTTP/1.1" 200 381
186.86.32.196 - - [20/May/2023:19:38:22 -0500] "OPTIONS /kwssiamovil/sm/setfile/f? HTTP/1.1" 200 13
186.86.32.196 - - [20/May/2023:19:38:22 -0500] "POST /kwssiamovil/sm/setfile/f? HTTP/1.1" 200 381
186.86.32.196 - - [20/May/2023:19:38:27 -0500] "OPTIONS /kwssiamovil/sm/setfile/f? HTTP/1.1" 200 13
186.86.32.196 - - [20/May/2023:19:38:28 -0500] "POST /kwssiamovil/sm/setfile/f? HTTP/1.1" 200 381
186.86.32.196 - - [20/May/2023:19:38:39 -0500] "GET /kwssiamovil/sm/acme/a?s=U2FsdGVkX19zCWLGRmn6P7bBCRMKHSpsoPYeIwxDnUHBqNouxe6EFK6ssnAORFCGuQy+6lxXrRoqQbBJvrB7G/fmq6HK8gIjUkLh8bxiMS0nLfVFPGELfT+HdKY4+G4kfeODe2f2IIbZlXBEgV4UaoAlhU1EO+mKG9ahFDhm6Z4ixvawjpQSTywLLTAR6R80OBwAX03wOWnqsDOKPkSLy2MO2muT6NXWiTnfV/h0Bvd0xEi/WGA8T/c0CYabKKrUg+EC3miAvuugmoUK6fm1YA==&u=U2FsdGVkX19g8mLfkT8k8W9u7/DIeSu7TtK9bdis1KI=&y=U2FsdGVkX19/yMespGguXkTYdHKlJ6Tl1kqTr98ByMc= HTTP/1.1" 200 26
201.245.192.253 - - [20/May/2023:19:38:37 -0500] "POST /kwsrmcab/Wsrmcab HTTP/1.1" 200 43485
201.245.192.253 - - [20/May/2023:19:38:40 -0500] "POST /kwsrmcab/Wsrmcab HTTP/1.1" 200 43963
