191.97.14.179 - - [21/May/2023:08:17:34 -0500] "POST /sipse/faces/presentacion/contratacion/procesoContractual/registrarInvitacionContratista.xhtml HTTP/1.1" 200 74631
191.97.14.179 - - [21/May/2023:08:17:35 -0500] "GET /sipse/faces/javax.faces.resource/theme.css?ln=primefaces-sipse HTTP/1.1" 304 -
191.97.14.179 - - [21/May/2023:08:17:35 -0500] "GET /sipse/faces/javax.faces.resource/primefaces.css?ln=primefaces&v=4.0 HTTP/1.1" 304 -
191.97.14.179 - - [21/May/2023:08:17:35 -0500] "GET /sipse/faces/javax.faces.resource/layout/layout.css?ln=primefaces&v=4.0 HTTP/1.1" 304 -
191.97.14.179 - - [21/May/2023:08:17:35 -0500] "GET /sipse/faces/javax.faces.resource/jquery/jquery.js?ln=primefaces&v=4.0 HTTP/1.1" 304 -
191.97.14.179 - - [21/May/2023:08:17:35 -0500] "GET /sipse/faces/javax.faces.resource/jquery/jquery-plugins.js?ln=primefaces&v=4.0 HTTP/1.1" 304 -
191.97.14.179 - - [21/May/2023:08:17:35 -0500] "GET /sipse/faces/javax.faces.resource/primefaces.js?ln=primefaces&v=4.0 HTTP/1.1" 304 -
191.97.14.179 - - [21/May/2023:08:17:35 -0500] "GET /sipse/faces/javax.faces.resource/layout/layout.js?ln=primefaces&v=4.0 HTTP/1.1" 304 -
191.97.14.179 - - [21/May/2023:08:17:58 -0500] "POST /sipse/faces/presentacion/contratacion/contrato/crearModificarContrato.xhtml HTTP/1.1" 200 41341
191.97.14.179 - - [21/May/2023:08:17:59 -0500] "GET /sipse/faces/javax.faces.resource/theme.css?ln=primefaces-sipse HTTP/1.1" 304 -
191.97.14.179 - - [21/May/2023:08:17:59 -0500] "GET /sipse/faces/javax.faces.resource/jquery/jquery.js?ln=primefaces&v=4.0 HTTP/1.1" 304 -
191.97.14.179 - - [21/May/2023:08:17:59 -0500] "GET /sipse/faces/javax.faces.resource/layout/layout.css?ln=primefaces&v=4.0 HTTP/1.1" 304 -
191.97.14.179 - - [21/May/2023:08:17:59 -0500] "GET /sipse/faces/javax.faces.resource/primefaces.css?ln=primefaces&v=4.0 HTTP/1.1" 304 -
191.97.14.179 - - [21/May/2023:08:17:59 -0500] "GET /sipse/faces/javax.faces.resource/jquery/jquery-plugins.js?ln=primefaces&v=4.0 HTTP/1.1" 304 -
191.97.14.179 - - [21/May/2023:08:17:59 -0500] "GET /sipse/faces/javax.faces.resource/primefaces.js?ln=primefaces&v=4.0 HTTP/1.1" 304 -
191.97.14.179 - - [21/May/2023:08:17:59 -0500] "GET /sipse/faces/javax.faces.resource/layout/layout.js?ln=primefaces&v=4.0 HTTP/1.1" 304 -
191.97.14.179 - - [21/May/2023:08:18:08 -0500] "POST /sipse/faces/presentacion/contratacion/contrato/adicionarSupervisor.xhtml HTTP/1.1" 200 17069
191.97.14.179 - - [21/May/2023:08:18:15 -0500] "GET /sipse/faces/javax.faces.resource/images/ui-icons_898989_256x240.png?ln=primefaces-aristo HTTP/1.1" 304 -
191.97.14.179 - - [21/May/2023:08:18:16 -0500] "GET /sipse/faces/javax.faces.resource/theme.css?ln=primefaces-sipse HTTP/1.1" 304 -
191.97.14.179 - - [21/May/2023:08:18:16 -0500] "GET /sipse/faces/javax.faces.resource/primefaces.css?ln=primefaces&v=4.0 HTTP/1.1" 304 -
191.97.14.179 - - [21/May/2023:08:18:16 -0500] "GET /sipse/faces/javax.faces.resource/layout/layout.css?ln=primefaces&v=4.0 HTTP/1.1" 304 -
191.97.14.179 - - [21/May/2023:08:18:16 -0500] "GET /sipse/faces/javax.faces.resource/jquery/jquery-plugins.js?ln=primefaces&v=4.0 HTTP/1.1" 304 -
191.97.14.179 - - [21/May/2023:08:18:16 -0500] "GET /sipse/faces/javax.faces.resource/jquery/jquery.js?ln=primefaces&v=4.0 HTTP/1.1" 304 -
191.97.14.179 - - [21/May/2023:08:18:16 -0500] "GET /sipse/faces/javax.faces.resource/layout/layout.js?ln=primefaces&v=4.0 HTTP/1.1" 304 -
191.97.14.179 - - [21/May/2023:08:18:16 -0500] "GET /sipse/faces/javax.faces.resource/primefaces.js?ln=primefaces&v=4.0 HTTP/1.1" 304 -
191.97.14.179 - - [21/May/2023:08:18:15 -0500] "POST /sipse/faces/presentacion/contratacion/contrato/adicionarSupervisor.xhtml HTTP/1.1" 200 79995
172.22.2.4 - - [21/May/2023:08:16:39 -0500] "HEAD /BLA/boletinlegal/ HTTP/1.1" 200 -
191.97.14.179 - - [21/May/2023:08:18:24 -0500] "POST /sipse/faces/presentacion/contratacion/contrato/crearModificarContrato.xhtml HTTP/1.1" 200 173550
191.97.14.179 - - [21/May/2023:08:18:24 -0500] "GET /sipse/faces/javax.faces.resource/primefaces.css?ln=primefaces&v=4.0 HTTP/1.1" 304 -
191.97.14.179 - - [21/May/2023:08:18:24 -0500] "GET /sipse/faces/javax.faces.resource/layout/layout.css?ln=primefaces&v=4.0 HTTP/1.1" 304 -
191.97.14.179 - - [21/May/2023:08:18:24 -0500] "GET /sipse/faces/javax.faces.resource/theme.css?ln=primefaces-sipse HTTP/1.1" 304 -
191.97.14.179 - - [21/May/2023:08:18:24 -0500] "GET /sipse/faces/javax.faces.resource/jquery/jquery.js?ln=primefaces&v=4.0 HTTP/1.1" 304 -
191.97.14.179 - - [21/May/2023:08:18:24 -0500] "GET /sipse/faces/javax.faces.resource/jquery/jquery-plugins.js?ln=primefaces&v=4.0 HTTP/1.1" 304 -
191.97.14.179 - - [21/May/2023:08:18:24 -0500] "GET /sipse/faces/javax.faces.resource/primefaces.js?ln=primefaces&v=4.0 HTTP/1.1" 304 -
191.97.14.179 - - [21/May/2023:08:18:24 -0500] "GET /sipse/faces/javax.faces.resource/layout/layout.js?ln=primefaces&v=4.0 HTTP/1.1" 304 -
191.97.14.179 - - [21/May/2023:08:18:25 -0500] "GET /sipse/faces/javax.faces.resource/images/ui-icons_898989_256x240.png?ln=primefaces-aristo HTTP/1.1" 304 -
201.245.192.253 - - [21/May/2023:08:18:35 -0500] "POST /kwsrmcab/Wsrmcab HTTP/1.1" 200 42786
201.245.192.253 - - [21/May/2023:08:18:37 -0500] "POST /kwsrmcab/Wsrmcab HTTP/1.1" 200 43427
191.97.14.179 - - [21/May/2023:08:18:38 -0500] "POST /sipse/faces/presentacion/financiero/solicitudProceso/consultarSolicitudProceso.xhtml HTTP/1.1" 200 63171
191.97.14.179 - - [21/May/2023:08:18:41 -0500] "GET /sipse/faces/javax.faces.resource/theme.css?ln=primefaces-sipse HTTP/1.1" 304 -
191.97.14.179 - - [21/May/2023:08:18:41 -0500] "GET /sipse/faces/javax.faces.resource/layout/layout.css?ln=primefaces&v=4.0 HTTP/1.1" 304 -
191.97.14.179 - - [21/May/2023:08:18:41 -0500] "GET /sipse/faces/javax.faces.resource/primefaces.css?ln=primefaces&v=4.0 HTTP/1.1" 304 -
191.97.14.179 - - [21/May/2023:08:18:41 -0500] "GET /sipse/faces/javax.faces.resource/jquery/jquery.js?ln=primefaces&v=4.0 HTTP/1.1" 304 -
191.97.14.179 - - [21/May/2023:08:18:41 -0500] "GET /sipse/faces/javax.faces.resource/jquery/jquery-plugins.js?ln=primefaces&v=4.0 HTTP/1.1" 304 -
191.97.14.179 - - [21/May/2023:08:18:41 -0500] "GET /sipse/faces/javax.faces.resource/primefaces.js?ln=primefaces&v=4.0 HTTP/1.1" 304 -
191.97.14.179 - - [21/May/2023:08:18:41 -0500] "GET /sipse/faces/javax.faces.resource/layout/layout.js?ln=primefaces&v=4.0 HTTP/1.1" 304 -
191.97.14.179 - - [21/May/2023:08:18:41 -0500] "GET /sipse/faces/javax.faces.resource/messages/messages.png?ln=primefaces&v=4.0 HTTP/1.1" 304 -
191.97.14.179 - - [21/May/2023:08:18:41 -0500] "POST /sipse/faces/presentacion/financiero/solicitudProceso/listarSolicitudProceso.xhtml HTTP/1.1" 200 1556
191.97.14.179 - - [21/May/2023:08:18:48 -0500] "POST /sipse/faces/presentacion/financiero/solicitudProceso/listarSolicitudProceso.xhtml HTTP/1.1" 200 32147
191.97.14.179 - - [21/May/2023:08:18:48 -0500] "POST /sipse/faces/presentacion/financiero/solicitudProceso/listarSolicitudProceso.xhtml HTTP/1.1" 200 44706
191.97.14.179 - - [21/May/2023:08:18:49 -0500] "POST /sipse/faces/presentacion/financiero/solicitudProceso/listarSolicitudProceso.xhtml HTTP/1.1" 200 32143
172.22.2.4 - - [21/May/2023:08:17:29 -0500] "GET /BLA/boletinlegal/ HTTP/1.1" 200 52730
191.97.14.179 - - [21/May/2023:08:19:24 -0500] "POST /sipse/faces/presentacion/financiero/solicitudProceso/listarSolicitudProceso.xhtml HTTP/1.1" 200 32151
201.245.192.253 - - [21/May/2023:08:19:30 -0500] "POST /kwsrmcab/Wsrmcab  HTTP/1.1" 200 213
216.245.221.92 - - [21/May/2023:08:20:18 -0500] "HEAD / HTTP/1.1" 200 -
40.77.167.97 - - [21/May/2023:08:20:32 -0500] "GET /BLA/resoluciones/AUTOS%202022/2094.pdf HTTP/1.1" 304 -
172.22.2.4 - - [21/May/2023:08:20:41 -0500] "GET /BLA/boletinlegal/owa/auth/logon.aspx?url=https%3a%2f%2f1%2fecp%2f HTTP/1.1" 404 1018
191.97.14.179 - - [21/May/2023:08:21:15 -0500] "POST /sipse/faces/presentacion/financiero/solicitudProceso/listarSolicitudProceso.xhtml HTTP/1.1" 200 32143
191.97.14.179 - - [21/May/2023:08:21:20 -0500] "POST /sipse/faces/presentacion/financiero/solicitudProceso/listarSolicitudProceso.xhtml HTTP/1.1" 200 158541
191.97.14.179 - - [21/May/2023:08:21:22 -0500] "GET /sipse/faces/javax.faces.resource/theme.css?ln=primefaces-sipse HTTP/1.1" 304 -
191.97.14.179 - - [21/May/2023:08:21:22 -0500] "GET /sipse/faces/javax.faces.resource/primefaces.css?ln=primefaces&v=4.0 HTTP/1.1" 304 -
191.97.14.179 - - [21/May/2023:08:21:22 -0500] "GET /sipse/faces/javax.faces.resource/layout/layout.css?ln=primefaces&v=4.0 HTTP/1.1" 304 -
191.97.14.179 - - [21/May/2023:08:21:22 -0500] "GET /sipse/faces/javax.faces.resource/jquery/jquery.js?ln=primefaces&v=4.0 HTTP/1.1" 304 -
191.97.14.179 - - [21/May/2023:08:21:22 -0500] "GET /sipse/faces/javax.faces.resource/jquery/jquery-plugins.js?ln=primefaces&v=4.0 HTTP/1.1" 304 -
191.97.14.179 - - [21/May/2023:08:21:22 -0500] "GET /sipse/faces/javax.faces.resource/primefaces.js?ln=primefaces&v=4.0 HTTP/1.1" 304 -
191.97.14.179 - - [21/May/2023:08:21:22 -0500] "GET /sipse/faces/javax.faces.resource/layout/layout.js?ln=primefaces&v=4.0 HTTP/1.1" 304 -
191.97.14.179 - - [21/May/2023:08:21:41 -0500] "POST /sipse/faces/presentacion/financiero/solicitudProceso/consultarSolicitudProceso.xhtml HTTP/1.1" 200 175469
191.97.14.179 - - [21/May/2023:08:21:46 -0500] "POST /sipse/faces/presentacion/financiero/solicitudProceso/consultarSolicitudProceso.xhtml HTTP/1.1" 200 438260
191.97.14.179 - - [21/May/2023:08:21:52 -0500] "POST /sipse/faces/presentacion/financiero/solicitudProceso/consultarSolicitudProceso.xhtml HTTP/1.1" 200 73674
191.97.14.179 - - [21/May/2023:08:21:52 -0500] "GET /sipse/faces/javax.faces.resource/theme.css?ln=primefaces-sipse HTTP/1.1" 304 -
191.97.14.179 - - [21/May/2023:08:21:52 -0500] "GET /sipse/faces/javax.faces.resource/primefaces.css?ln=primefaces&v=4.0 HTTP/1.1" 304 -
191.97.14.179 - - [21/May/2023:08:21:52 -0500] "GET /sipse/faces/javax.faces.resource/layout/layout.css?ln=primefaces&v=4.0 HTTP/1.1" 304 -
191.97.14.179 - - [21/May/2023:08:21:52 -0500] "GET /sipse/faces/javax.faces.resource/jquery/jquery.js?ln=primefaces&v=4.0 HTTP/1.1" 304 -
191.97.14.179 - - [21/May/2023:08:21:52 -0500] "GET /sipse/faces/javax.faces.resource/jquery/jquery-plugins.js?ln=primefaces&v=4.0 HTTP/1.1" 304 -
191.97.14.179 - - [21/May/2023:08:21:52 -0500] "GET /sipse/faces/javax.faces.resource/primefaces.js?ln=primefaces&v=4.0 HTTP/1.1" 304 -
191.97.14.179 - - [21/May/2023:08:21:52 -0500] "GET /sipse/faces/javax.faces.resource/layout/layout.js?ln=primefaces&v=4.0 HTTP/1.1" 304 -
172.22.2.4 - - [21/May/2023:08:21:56 -0500] "GET /BLA/boletinlegal/ HTTP/1.1" 200 20427
172.22.2.4 - - [21/May/2023:08:22:29 -0500] "HEAD /BLA/boletinlegal/ HTTP/1.1" 200 -
191.97.14.179 - - [21/May/2023:08:24:19 -0500] "POST /sipse/faces/presentacion/contratacion/contrato/crearModificarContrato.xhtml HTTP/1.1" 200 58484
191.97.14.179 - - [21/May/2023:08:24:19 -0500] "POST /sipse/faces/presentacion/contratacion/contrato/crearModificarContrato.xhtml HTTP/1.1" 200 31091
191.97.14.179 - - [21/May/2023:08:24:20 -0500] "GET /sipse/faces/javax.faces.resource/theme.css?ln=primefaces-sipse HTTP/1.1" 304 -
191.97.14.179 - - [21/May/2023:08:24:20 -0500] "GET /sipse/faces/javax.faces.resource/primefaces.css?ln=primefaces&v=4.0 HTTP/1.1" 304 -
191.97.14.179 - - [21/May/2023:08:24:20 -0500] "GET /sipse/faces/javax.faces.resource/layout/layout.css?ln=primefaces&v=4.0 HTTP/1.1" 304 -
191.97.14.179 - - [21/May/2023:08:24:20 -0500] "GET /sipse/faces/javax.faces.resource/jquery/jquery.js?ln=primefaces&v=4.0 HTTP/1.1" 304 -
191.97.14.179 - - [21/May/2023:08:24:20 -0500] "GET /sipse/faces/javax.faces.resource/primefaces.js?ln=primefaces&v=4.0 HTTP/1.1" 304 -
191.97.14.179 - - [21/May/2023:08:24:20 -0500] "GET /sipse/faces/javax.faces.resource/jquery/jquery-plugins.js?ln=primefaces&v=4.0 HTTP/1.1" 304 -
191.97.14.179 - - [21/May/2023:08:24:20 -0500] "GET /sipse/faces/javax.faces.resource/layout/layout.js?ln=primefaces&v=4.0 HTTP/1.1" 304 -
191.97.14.179 - - [21/May/2023:08:24:23 -0500] "POST /sipse/faces/presentacion/contratacion/procesoContractual/registrarInvitacionContratista.xhtml HTTP/1.1" 200 9693
201.245.192.253 - - [21/May/2023:08:24:30 -0500] "POST /kwsrmcab/Wsrmcab  HTTP/1.1" 200 213
191.97.14.179 - - [21/May/2023:08:24:39 -0500] "POST /sipse/faces/presentacion/contratacion/procesoContractual/registrarInvitacionContratista.xhtml HTTP/1.1" 200 9261
191.97.14.179 - - [21/May/2023:08:24:46 -0500] "POST /sipse/faces/presentacion/contratacion/procesoContractual/registrarInvitacionContratista.xhtml HTTP/1.1" 200 74503
191.97.14.179 - - [21/May/2023:08:24:46 -0500] "GET /sipse/faces/javax.faces.resource/theme.css?ln=primefaces-sipse HTTP/1.1" 304 -
191.97.14.179 - - [21/May/2023:08:24:46 -0500] "GET /sipse/faces/javax.faces.resource/primefaces.css?ln=primefaces&v=4.0 HTTP/1.1" 304 -
191.97.14.179 - - [21/May/2023:08:24:46 -0500] "GET /sipse/faces/javax.faces.resource/layout/layout.css?ln=primefaces&v=4.0 HTTP/1.1" 304 -
191.97.14.179 - - [21/May/2023:08:24:46 -0500] "GET /sipse/faces/javax.faces.resource/jquery/jquery.js?ln=primefaces&v=4.0 HTTP/1.1" 304 -
191.97.14.179 - - [21/May/2023:08:24:46 -0500] "GET /sipse/faces/javax.faces.resource/jquery/jquery-plugins.js?ln=primefaces&v=4.0 HTTP/1.1" 304 -
191.97.14.179 - - [21/May/2023:08:24:46 -0500] "GET /sipse/faces/javax.faces.resource/primefaces.js?ln=primefaces&v=4.0 HTTP/1.1" 304 -
191.97.14.179 - - [21/May/2023:08:24:46 -0500] "GET /sipse/faces/javax.faces.resource/layout/layout.js?ln=primefaces&v=4.0 HTTP/1.1" 304 -
191.97.14.179 - - [21/May/2023:08:24:53 -0500] "GET /sipse/faces/javax.faces.resource/primefaces.css?ln=primefaces&v=4.0 HTTP/1.1" 304 -
191.97.14.179 - - [21/May/2023:08:24:53 -0500] "GET /sipse/faces/javax.faces.resource/theme.css?ln=primefaces-sipse HTTP/1.1" 304 -
191.97.14.179 - - [21/May/2023:08:24:53 -0500] "GET /sipse/faces/javax.faces.resource/jquery/jquery.js?ln=primefaces&v=4.0 HTTP/1.1" 304 -
191.97.14.179 - - [21/May/2023:08:24:53 -0500] "GET /sipse/faces/javax.faces.resource/jquery/jquery-plugins.js?ln=primefaces&v=4.0 HTTP/1.1" 304 -
191.97.14.179 - - [21/May/2023:08:24:53 -0500] "GET /sipse/faces/javax.faces.resource/layout/layout.css?ln=primefaces&v=4.0 HTTP/1.1" 304 -
191.97.14.179 - - [21/May/2023:08:24:53 -0500] "GET /sipse/faces/javax.faces.resource/primefaces.js?ln=primefaces&v=4.0 HTTP/1.1" 304 -
191.97.14.179 - - [21/May/2023:08:24:53 -0500] "GET /sipse/faces/javax.faces.resource/layout/layout.js?ln=primefaces&v=4.0 HTTP/1.1" 304 -
191.97.14.179 - - [21/May/2023:08:24:52 -0500] "POST /sipse/faces/presentacion/contratacion/contrato/crearModificarContrato.xhtml HTTP/1.1" 200 41341
172.22.2.4 - - [21/May/2023:08:23:20 -0500] "GET /BLA/boletinlegal/ HTTP/1.1" 200 56754
191.97.14.179 - - [21/May/2023:08:25:14 -0500] "POST /sipse/faces/presentacion/contratacion/contrato/adicionarSupervisor.xhtml HTTP/1.1" 200 16853
216.245.221.92 - - [21/May/2023:08:25:18 -0500] "HEAD / HTTP/1.1" 200 -
191.97.14.179 - - [21/May/2023:08:25:20 -0500] "POST /sipse/faces/presentacion/contratacion/contrato/adicionarSupervisor.xhtml HTTP/1.1" 200 79872
191.97.14.179 - - [21/May/2023:08:25:21 -0500] "GET /sipse/faces/javax.faces.resource/theme.css?ln=primefaces-sipse HTTP/1.1" 304 -
191.97.14.179 - - [21/May/2023:08:25:21 -0500] "GET /sipse/faces/javax.faces.resource/primefaces.css?ln=primefaces&v=4.0 HTTP/1.1" 304 -
191.97.14.179 - - [21/May/2023:08:25:21 -0500] "GET /sipse/faces/javax.faces.resource/jquery/jquery.js?ln=primefaces&v=4.0 HTTP/1.1" 304 -
191.97.14.179 - - [21/May/2023:08:25:21 -0500] "GET /sipse/faces/javax.faces.resource/layout/layout.css?ln=primefaces&v=4.0 HTTP/1.1" 304 -
191.97.14.179 - - [21/May/2023:08:25:21 -0500] "GET /sipse/faces/javax.faces.resource/jquery/jquery-plugins.js?ln=primefaces&v=4.0 HTTP/1.1" 304 -
191.97.14.179 - - [21/May/2023:08:25:21 -0500] "GET /sipse/faces/javax.faces.resource/primefaces.js?ln=primefaces&v=4.0 HTTP/1.1" 304 -
191.97.14.179 - - [21/May/2023:08:25:21 -0500] "GET /sipse/faces/javax.faces.resource/layout/layout.js?ln=primefaces&v=4.0 HTTP/1.1" 304 -
191.97.14.179 - - [21/May/2023:08:25:24 -0500] "POST /sipse/faces/presentacion/contratacion/contrato/crearModificarContrato.xhtml HTTP/1.1" 200 163695
191.97.14.179 - - [21/May/2023:08:25:25 -0500] "GET /sipse/faces/javax.faces.resource/primefaces.css?ln=primefaces&v=4.0 HTTP/1.1" 304 -
191.97.14.179 - - [21/May/2023:08:25:25 -0500] "GET /sipse/faces/javax.faces.resource/layout/layout.css?ln=primefaces&v=4.0 HTTP/1.1" 304 -
191.97.14.179 - - [21/May/2023:08:25:25 -0500] "GET /sipse/faces/javax.faces.resource/theme.css?ln=primefaces-sipse HTTP/1.1" 304 -
191.97.14.179 - - [21/May/2023:08:25:25 -0500] "GET /sipse/faces/javax.faces.resource/jquery/jquery.js?ln=primefaces&v=4.0 HTTP/1.1" 304 -
191.97.14.179 - - [21/May/2023:08:25:25 -0500] "GET /sipse/faces/javax.faces.resource/jquery/jquery-plugins.js?ln=primefaces&v=4.0 HTTP/1.1" 304 -
191.97.14.179 - - [21/May/2023:08:25:25 -0500] "GET /sipse/faces/javax.faces.resource/primefaces.js?ln=primefaces&v=4.0 HTTP/1.1" 304 -
191.97.14.179 - - [21/May/2023:08:25:25 -0500] "GET /sipse/faces/javax.faces.resource/layout/layout.js?ln=primefaces&v=4.0 HTTP/1.1" 304 -
191.97.14.179 - - [21/May/2023:08:25:30 -0500] "POST /sipse/faces/presentacion/financiero/solicitudProceso/consultarSolicitudProceso.xhtml HTTP/1.1" 200 63001
191.97.14.179 - - [21/May/2023:08:25:32 -0500] "GET /sipse/faces/javax.faces.resource/theme.css?ln=primefaces-sipse HTTP/1.1" 304 -
191.97.14.179 - - [21/May/2023:08:25:32 -0500] "GET /sipse/faces/javax.faces.resource/layout/layout.css?ln=primefaces&v=4.0 HTTP/1.1" 304 -
191.97.14.179 - - [21/May/2023:08:25:32 -0500] "GET /sipse/faces/javax.faces.resource/primefaces.css?ln=primefaces&v=4.0 HTTP/1.1" 304 -
191.97.14.179 - - [21/May/2023:08:25:32 -0500] "GET /sipse/faces/javax.faces.resource/jquery/jquery.js?ln=primefaces&v=4.0 HTTP/1.1" 304 -
191.97.14.179 - - [21/May/2023:08:25:32 -0500] "GET /sipse/faces/javax.faces.resource/jquery/jquery-plugins.js?ln=primefaces&v=4.0 HTTP/1.1" 304 -
191.97.14.179 - - [21/May/2023:08:25:33 -0500] "GET /sipse/faces/javax.faces.resource/primefaces.js?ln=primefaces&v=4.0 HTTP/1.1" 304 -
191.97.14.179 - - [21/May/2023:08:25:33 -0500] "GET /sipse/faces/javax.faces.resource/layout/layout.js?ln=primefaces&v=4.0 HTTP/1.1" 304 -
191.97.14.179 - - [21/May/2023:08:25:33 -0500] "POST /sipse/faces/presentacion/financiero/solicitudProceso/listarSolicitudProceso.xhtml HTTP/1.1" 200 1556
191.97.14.179 - - [21/May/2023:08:25:36 -0500] "POST /sipse/faces/presentacion/financiero/solicitudProceso/listarSolicitudProceso.xhtml HTTP/1.1" 200 32668
191.97.14.179 - - [21/May/2023:08:25:37 -0500] "POST /sipse/faces/presentacion/financiero/solicitudProceso/listarSolicitudProceso.xhtml HTTP/1.1" 200 45177
191.97.14.179 - - [21/May/2023:08:25:37 -0500] "POST /sipse/faces/presentacion/financiero/solicitudProceso/listarSolicitudProceso.xhtml HTTP/1.1" 200 32664
191.97.14.179 - - [21/May/2023:08:25:43 -0500] "POST /sipse/faces/presentacion/financiero/solicitudProceso/listarSolicitudProceso.xhtml HTTP/1.1" 200 32672
191.97.14.179 - - [21/May/2023:08:25:43 -0500] "POST /sipse/faces/presentacion/financiero/solicitudProceso/listarSolicitudProceso.xhtml HTTP/1.1" 200 45177
191.97.14.179 - - [21/May/2023:08:25:44 -0500] "POST /sipse/faces/presentacion/financiero/solicitudProceso/listarSolicitudProceso.xhtml HTTP/1.1" 200 32672
191.97.14.179 - - [21/May/2023:08:25:45 -0500] "POST /sipse/faces/presentacion/financiero/solicitudProceso/listarSolicitudProceso.xhtml HTTP/1.1" 200 32664
191.97.14.179 - - [21/May/2023:08:25:45 -0500] "POST /sipse/faces/presentacion/financiero/solicitudProceso/listarSolicitudProceso.xhtml HTTP/1.1" 200 45177
191.97.14.179 - - [21/May/2023:08:25:45 -0500] "POST /sipse/faces/presentacion/financiero/solicitudProceso/listarSolicitudProceso.xhtml HTTP/1.1" 200 32668
172.22.2.4 - - [21/May/2023:08:25:50 -0500] "GET /BLA/boletinlegal/style.css HTTP/1.1" 200 9406
172.22.2.4 - - [21/May/2023:08:25:50 -0500] "GET /BLA/boletinlegal/styles2.css HTTP/1.1" 200 1838
172.22.2.4 - - [21/May/2023:08:25:50 -0500] "GET /BLA/boletinlegal/js/jquery.scrollTo-min.js HTTP/1.1" 200 1150
172.22.2.4 - - [21/May/2023:08:25:50 -0500] "GET /BLA/boletinlegal/js/jquery.js HTTP/1.1" 200 57254
172.22.2.4 - - [21/May/2023:08:25:50 -0500] "GET /BLA/boletinlegal/js/jquery.scrollShow.js HTTP/1.1" 200 4586
172.22.2.4 - - [21/May/2023:08:25:50 -0500] "GET /BLA/boletinlegal/images/cabezote%20BLEGAL.jpg HTTP/1.1" 200 118164
172.22.2.4 - - [21/May/2023:08:25:50 -0500] "GET /BLA/boletinlegal/images/subscribe-icon-big.png HTTP/1.1" 200 47702
172.22.2.4 - - [21/May/2023:08:25:50 -0500] "GET /BLA/boletinlegal/images/registro-usuarios.png HTTP/1.1" 200 8106
172.22.2.4 - - [21/May/2023:08:25:50 -0500] "GET /BLA/boletinlegal/images/historia.png HTTP/1.1" 200 52775
172.22.2.4 - - [21/May/2023:08:25:50 -0500] "GET /BLA/boletinlegal/images/arr_l.jpg HTTP/1.1" 200 1979
172.22.2.4 - - [21/May/2023:08:25:50 -0500] "GET /BLA/boletinlegal/images/menu_rght.gif HTTP/1.1" 200 1627
172.22.2.4 - - [21/May/2023:08:25:50 -0500] "GET /BLA/boletinlegal/images/text.jpg HTTP/1.1" 200 568
172.22.2.4 - - [21/May/2023:08:25:50 -0500] "GET /BLA/boletinlegal/images/bg_top.jpg HTTP/1.1" 200 522
172.22.2.4 - - [21/May/2023:08:25:50 -0500] "GET /BLA/boletinlegal/images/hover.jpg HTTP/1.1" 200 640
172.22.2.4 - - [21/May/2023:08:25:50 -0500] "GET /BLA/boletinlegal/images/menu_lft.gif HTTP/1.1" 200 1713
172.22.2.4 - - [21/May/2023:08:25:50 -0500] "GET /BLA/boletinlegal/images/body_bg.jpg HTTP/1.1" 200 1601
172.22.2.4 - - [21/May/2023:08:25:50 -0500] "GET /BLA/boletinlegal/images/menu_bg.jpg HTTP/1.1" 200 620
172.22.2.4 - - [21/May/2023:08:25:50 -0500] "GET /BLA/boletinlegal/images/launch.jpg HTTP/1.1" 200 14577
172.22.2.4 - - [21/May/2023:08:25:50 -0500] "GET /BLA/boletinlegal/images/screen_1.png HTTP/1.1" 200 202547
172.22.2.4 - - [21/May/2023:08:25:51 -0500] "GET /BLA/boletinlegal/actos.php HTTP/1.1" 200 9682
172.22.2.4 - - [21/May/2023:08:25:52 -0500] "GET /BLA/boletinlegal/niceforms.js HTTP/1.1" 200 22876
172.22.2.4 - - [21/May/2023:08:25:52 -0500] "GET /BLA/boletinlegal/js/popup.js HTTP/1.1" 200 1270
172.22.2.4 - - [21/May/2023:08:25:52 -0500] "GET /BLA/boletinlegal/js/lib.js HTTP/1.1" 200 6474
172.22.2.4 - - [21/May/2023:08:25:52 -0500] "GET /BLA/boletinlegal/niceforms-default.css HTTP/1.1" 200 6694
172.22.2.4 - - [21/May/2023:08:25:52 -0500] "GET /BLA/boletinlegal/js/ajax_actos.js HTTP/1.1" 200 1322
172.22.2.4 - - [21/May/2023:08:25:52 -0500] "GET /BLA/boletinlegal/js/jquery1.js HTTP/1.1" 200 29846
172.22.2.4 - - [21/May/2023:08:25:52 -0500] "GET /BLA/boletinlegal/images/green-yellow-blue-pink-th.png HTTP/1.1" 200 7394
172.22.2.4 - - [21/May/2023:08:25:52 -0500] "GET /BLA/boletinlegal/images/icono-email.png HTTP/1.1" 200 5544
172.22.2.4 - - [21/May/2023:08:25:52 -0500] "GET /BLA/boletinlegal/images/tel.png HTTP/1.1" 200 14477
172.22.2.4 - - [21/May/2023:08:25:52 -0500] "GET /BLA/boletinlegal/images/footer_bg.jpg HTTP/1.1" 200 586
172.22.2.4 - - [21/May/2023:08:25:52 -0500] "GET /BLA/boletinlegal/images/footer_bg_l.jpg HTTP/1.1" 200 776
172.22.2.4 - - [21/May/2023:08:25:52 -0500] "GET /BLA/boletinlegal/img/select-right.png HTTP/1.1" 200 44019
172.22.2.4 - - [21/May/2023:08:25:52 -0500] "GET /BLA/boletinlegal/img/select-left.png HTTP/1.1" 200 263
172.22.2.4 - - [21/May/2023:08:25:52 -0500] "GET /BLA/boletinlegal/img/0.png HTTP/1.1" 200 110
172.22.2.4 - - [21/May/2023:08:25:52 -0500] "GET /BLA/boletinlegal/img/button-left.png HTTP/1.1" 200 57071
172.22.2.4 - - [21/May/2023:08:25:52 -0500] "GET /BLA/boletinlegal/img/button.png HTTP/1.1" 200 43241
172.22.2.4 - - [21/May/2023:08:25:52 -0500] "GET /BLA/boletinlegal/img/button-right.png HTTP/1.1" 200 57878
172.22.2.4 - - [21/May/2023:08:25:52 -0500] "GET /BLA/boletinlegal/favicon.ico HTTP/1.1" 404 1326
186.84.20.209 - - [21/May/2023:08:25:53 -0500] "GET /BLA/resoluciones/dlf/styles.css HTTP/1.1" 200 3049
186.84.20.209 - - [21/May/2023:08:25:53 -0500] "GET /BLA/resoluciones/ HTTP/1.1" 200 13502
186.84.20.209 - - [21/May/2023:08:25:53 -0500] "GET /BLA/resoluciones/dlf/folder.png HTTP/1.1" 200 410
186.84.20.209 - - [21/May/2023:08:25:53 -0500] "GET /BLA/resoluciones/dlf/bg.gif HTTP/1.1" 200 54
186.84.20.209 - - [21/May/2023:08:25:53 -0500] "GET /favicon.ico HTTP/1.1" 200 7782
186.84.20.209 - - [21/May/2023:08:25:56 -0500] "GET /BLA/resoluciones/dlf/pdf.gif HTTP/1.1" 200 272
186.84.20.209 - - [21/May/2023:08:25:56 -0500] "GET /BLA/resoluciones/dlf/dirup.png HTTP/1.1" 200 644
186.84.20.209 - - [21/May/2023:08:25:56 -0500] "GET /BLA/resoluciones/index.php?dir=AUTOS+2020%2F HTTP/1.1" 200 328612
186.84.20.209 - - [21/May/2023:08:25:58 -0500] "GET /BLA/resoluciones/dlf/archive.png HTTP/1.1" 200 632
186.84.20.209 - - [21/May/2023:08:25:58 -0500] "GET /BLA/resoluciones/index.php?dir=AUTOS+2018%2F HTTP/1.1" 200 458615
40.77.167.97 - - [21/May/2023:08:26:13 -0500] "GET /BLA/resoluciones/AUTOS%202022/0521.pdf HTTP/1.1" 304 -
172.22.2.4 - - [21/May/2023:08:25:50 -0500] "GET /BLA/boletinlegal/ HTTP/1.1" 200 24523
69.171.251.20 - - [21/May/2023:08:26:34 -0500] "GET /images/caminatas-ecol\xc3\xb3gicas-marzo---1920x1080_optimized.jpg HTTP/1.1" 404 1034
186.84.20.209 - - [21/May/2023:08:26:39 -0500] "GET /BLA/resoluciones/index.php?dir=AUTOS+2016%2F HTTP/1.1" 200 329829
186.84.20.209 - - [21/May/2023:08:26:49 -0500] "GET /BLA/resoluciones/AUTOS%202016/3026.pdf HTTP/1.1" 200 392763
40.77.167.97 - - [21/May/2023:08:27:56 -0500] "GET /BLA/resoluciones/AUTOS%202021/4058.pdf HTTP/1.1" 304 -
201.245.192.253 - - [21/May/2023:08:28:35 -0500] "POST /kwsrmcab/Wsrmcab HTTP/1.1" 200 42786
201.245.192.253 - - [21/May/2023:08:28:37 -0500] "POST /kwsrmcab/Wsrmcab HTTP/1.1" 200 43427
52.167.144.173 - - [21/May/2023:08:29:03 -0500] "GET /images/coop-inter-1_optimized.jpeg HTTP/1.1" 200 130861
139.177.246.48 - - [21/May/2023:08:29:06 -0500] "GET /galeria/galeria/fotos/3humedal-Burro3P.jpg HTTP/1.1" 200 8564
201.245.192.253 - - [21/May/2023:08:29:28 -0500] "POST /kwsrmcab/Wsrmcab  HTTP/1.1" 200 213
172.22.2.4 - - [21/May/2023:08:28:19 -0500] "HEAD /BLA/boletinlegal/ HTTP/1.1" 200 -
216.245.221.92 - - [21/May/2023:08:30:18 -0500] "HEAD / HTTP/1.1" 200 -
172.22.2.4 - - [21/May/2023:08:29:09 -0500] "GET /BLA/boletinlegal/ HTTP/1.1" 200 57151
40.77.167.97 - - [21/May/2023:08:34:15 -0500] "GET /bla/resoluciones/RESOLUCIONES%202021/5599.pdf HTTP/1.1" 200 348251
201.245.192.253 - - [21/May/2023:08:34:28 -0500] "POST /kwsrmcab/Wsrmcab  HTTP/1.1" 200 213
71.6.135.131 - - [21/May/2023:08:34:31 -0500] "-" 408 -
216.245.221.92 - - [21/May/2023:08:35:18 -0500] "HEAD / HTTP/1.1" 200 -
172.22.2.4 - - [21/May/2023:08:33:56 -0500] "GET /BLA/boletinlegal/ HTTP/1.1" 200 47624
172.22.2.4 - - [21/May/2023:08:34:09 -0500] "HEAD /BLA/boletinlegal/ HTTP/1.1" 200 -
172.22.2.4 - - [21/May/2023:08:35:00 -0500] "GET /BLA/boletinlegal/ HTTP/1.1" 200 46827
172.22.2.4 - - [21/May/2023:08:35:37 -0500] "GET /BLA/boletinlegal/ HTTP/1.1" 200 53561
201.245.192.253 - - [21/May/2023:08:38:34 -0500] "POST /kwsrmcab/Wsrmcab HTTP/1.1" 200 42786
201.245.192.253 - - [21/May/2023:08:38:37 -0500] "POST /kwsrmcab/Wsrmcab HTTP/1.1" 200 43427
201.245.192.253 - - [21/May/2023:08:39:27 -0500] "POST /kwsrmcab/Wsrmcab  HTTP/1.1" 200 213
157.55.39.210 - - [21/May/2023:08:39:43 -0500] "GET /BLA/resoluciones/AUTOS%202022/1342.pdf HTTP/1.1" 304 -
216.245.221.92 - - [21/May/2023:08:40:18 -0500] "HEAD / HTTP/1.1" 200 -
191.108.19.83 - - [21/May/2023:08:41:11 -0500] "GET /sipse/faces/faces/index.xhtml HTTP/1.1" 200 677
191.108.19.83 - - [21/May/2023:08:41:12 -0500] "GET /sipse/faces/javax.faces.resource/theme.css?ln=primefaces-sipse HTTP/1.1" 200 50058
191.108.19.83 - - [21/May/2023:08:41:12 -0500] "GET /sipse/faces/faces/faces/autenticacion.xhtml HTTP/1.1" 200 12178
191.108.19.83 - - [21/May/2023:08:41:12 -0500] "GET /sipse/js/disable_browser_buttons.js HTTP/1.1" 200 3230
191.108.19.83 - - [21/May/2023:08:41:12 -0500] "GET /sipse/faces/javax.faces.resource/layout/layout.css?ln=primefaces&v=4.0 HTTP/1.1" 200 542
191.108.19.83 - - [21/May/2023:08:41:12 -0500] "GET /sipse/css/custom_css_sg.css HTTP/1.1" 200 9694
191.108.19.83 - - [21/May/2023:08:41:12 -0500] "GET /sipse/css/custom_css_sg_prime_login.css HTTP/1.1" 200 443
191.108.19.83 - - [21/May/2023:08:41:12 -0500] "GET /sipse/js/funciones.js HTTP/1.1" 200 12592
191.108.19.83 - - [21/May/2023:08:41:12 -0500] "GET /sipse/faces/javax.faces.resource/primefaces.css?ln=primefaces&v=4.0 HTTP/1.1" 200 53295
191.108.19.83 - - [21/May/2023:08:41:12 -0500] "GET /sipse/faces/javax.faces.resource/jquery/jquery.js?ln=primefaces&v=4.0 HTTP/1.1" 200 105384
191.108.19.83 - - [21/May/2023:08:41:12 -0500] "GET /sipse/faces/javax.faces.resource/jquery/jquery-plugins.js?ln=primefaces&v=4.0 HTTP/1.1" 200 220526
191.108.19.83 - - [21/May/2023:08:41:12 -0500] "GET /sipse/faces/javax.faces.resource/layout/layout.js?ln=primefaces&v=4.0 HTTP/1.1" 200 87560
191.108.19.83 - - [21/May/2023:08:41:12 -0500] "GET /sipse/faces/javax.faces.resource/primefaces.js?ln=primefaces&v=4.0 HTTP/1.1" 200 276924
191.108.19.83 - - [21/May/2023:08:41:12 -0500] "GET /sipse/faces/javax.faces.resource/images/ui-icons_898989_256x240.png?ln=primefaces-aristo HTTP/1.1" 200 5355
191.108.19.83 - - [21/May/2023:08:41:12 -0500] "GET /sipse/css/imagen/logoSDG.png HTTP/1.1" 200 53064
191.108.19.83 - - [21/May/2023:08:41:12 -0500] "GET /sipse/css/imagen/loginimg.png HTTP/1.1" 200 71635
200.118.80.125 - - [21/May/2023:08:41:22 -0500] "GET /galeria/galeria/jquery.fancybox.css?v=2.1.5 HTTP/1.1" 200 4895
200.118.80.125 - - [21/May/2023:08:41:22 -0500] "GET /BLA/boletinlegal/js/jquery.scrollShow.js HTTP/1.1" 200 4586
200.118.80.125 - - [21/May/2023:08:41:22 -0500] "GET /galeria/galeria/jquery.fancybox.js?v=2.1.5 HTTP/1.1" 200 48706
172.22.2.4 - - [21/May/2023:08:39:59 -0500] "HEAD /BLA/boletinlegal/ HTTP/1.1" 200 -
172.22.2.4 - - [21/May/2023:08:40:49 -0500] "GET /BLA/boletinlegal/ HTTP/1.1" 200 57151
157.55.39.210 - - [21/May/2023:08:42:36 -0500] "GET /BLA/resoluciones/AUTOS%202021/2063.pdf HTTP/1.1" 200 380744
201.245.192.253 - - [21/May/2023:08:44:25 -0500] "POST /kwsrmcab/Wsrmcab  HTTP/1.1" 200 213
216.245.221.92 - - [21/May/2023:08:45:18 -0500] "HEAD / HTTP/1.1" 200 -
40.77.167.97 - - [21/May/2023:08:46:06 -0500] "GET /BLA/resoluciones/RESOLUCIONES%202015/0862.pdf HTTP/1.1" 200 1270936
172.22.2.4 - - [21/May/2023:08:45:49 -0500] "HEAD /BLA/boletinlegal/ HTTP/1.1" 200 -
172.22.2.4 - - [21/May/2023:08:46:40 -0500] "GET /BLA/boletinlegal/ HTTP/1.1" 200 54424
201.245.192.253 - - [21/May/2023:08:49:24 -0500] "POST /kwsrmcab/Wsrmcab  HTTP/1.1" 200 213
216.245.221.92 - - [21/May/2023:08:50:18 -0500] "HEAD / HTTP/1.1" 200 -
52.167.144.173 - - [21/May/2023:08:51:44 -0500] "GET /images/humedal-tingua-azul-ecosistema-20-enero.jpg HTTP/1.1" 200 188709
172.22.2.4 - - [21/May/2023:08:51:39 -0500] "HEAD /BLA/boletinlegal/ HTTP/1.1" 200 -
172.22.2.4 - - [21/May/2023:08:52:29 -0500] "GET /BLA/boletinlegal/ HTTP/1.1" 200 59306
201.245.192.253 - - [21/May/2023:08:54:23 -0500] "POST /kwsrmcab/Wsrmcab  HTTP/1.1" 200 213
216.245.221.92 - - [21/May/2023:08:55:18 -0500] "HEAD / HTTP/1.1" 200 -
172.22.2.4 - - [21/May/2023:08:57:28 -0500] "GET /BLA/boletinlegal/ HTTP/1.1" 200 24523
172.22.2.4 - - [21/May/2023:08:57:29 -0500] "HEAD /BLA/boletinlegal/ HTTP/1.1" 200 -
172.22.2.4 - - [21/May/2023:08:59:12 -0500] "GET /BLA/boletinlegal/conceptos.php HTTP/1.1" 200 7496
172.22.2.4 - - [21/May/2023:08:59:13 -0500] "GET /BLA/boletinlegal/styles2.css HTTP/1.1" 200 1838
172.22.2.4 - - [21/May/2023:08:59:13 -0500] "GET /BLA/boletinlegal/js/ajax_conceptos.js HTTP/1.1" 200 1326
172.22.2.4 - - [21/May/2023:08:59:13 -0500] "GET /BLA/boletinlegal/niceforms-default.css HTTP/1.1" 200 6694
172.22.2.4 - - [21/May/2023:08:59:13 -0500] "GET /BLA/boletinlegal/style.css HTTP/1.1" 200 9406
172.22.2.4 - - [21/May/2023:08:59:13 -0500] "GET /BLA/boletinlegal/niceforms.js HTTP/1.1" 200 22876
172.22.2.4 - - [21/May/2023:08:59:13 -0500] "GET /BLA/boletinlegal/images/cabezote%20BLEGAL.jpg HTTP/1.1" 200 118164
172.22.2.4 - - [21/May/2023:08:59:13 -0500] "GET /BLA/boletinlegal/images/subscribe-icon-big.png HTTP/1.1" 200 47702
172.22.2.4 - - [21/May/2023:08:59:13 -0500] "GET /BLA/boletinlegal/images/tel.png HTTP/1.1" 200 14477
172.22.2.4 - - [21/May/2023:08:59:13 -0500] "GET /BLA/boletinlegal/images/historia.png HTTP/1.1" 200 52775
172.22.2.4 - - [21/May/2023:08:59:13 -0500] "GET /BLA/boletinlegal/images/registro-usuarios.png HTTP/1.1" 200 8106
172.22.2.4 - - [21/May/2023:08:59:13 -0500] "GET /BLA/boletinlegal/images/menu_lft.gif HTTP/1.1" 200 1713
172.22.2.4 - - [21/May/2023:08:59:13 -0500] "GET /BLA/boletinlegal/images/body_bg.jpg HTTP/1.1" 200 1601
172.22.2.4 - - [21/May/2023:08:59:13 -0500] "GET /BLA/boletinlegal/images/footer_bg.jpg HTTP/1.1" 200 586
172.22.2.4 - - [21/May/2023:08:59:13 -0500] "GET /BLA/boletinlegal/images/bg_top.jpg HTTP/1.1" 200 522
172.22.2.4 - - [21/May/2023:08:59:13 -0500] "GET /BLA/boletinlegal/images/hover.jpg HTTP/1.1" 200 640
172.22.2.4 - - [21/May/2023:08:59:13 -0500] "GET /BLA/boletinlegal/images/menu_rght.gif HTTP/1.1" 200 1627
172.22.2.4 - - [21/May/2023:08:59:13 -0500] "GET /BLA/boletinlegal/images/menu_bg.jpg HTTP/1.1" 200 620
172.22.2.4 - - [21/May/2023:08:59:13 -0500] "GET /BLA/boletinlegal/images/text.jpg HTTP/1.1" 200 568
172.22.2.4 - - [21/May/2023:08:59:13 -0500] "GET /BLA/boletinlegal/images/icono-email.png HTTP/1.1" 200 5544
172.22.2.4 - - [21/May/2023:08:59:13 -0500] "GET /BLA/boletinlegal/images/footer_bg_l.jpg HTTP/1.1" 200 776
172.22.2.4 - - [21/May/2023:08:59:13 -0500] "GET /BLA/boletinlegal/img/0.png HTTP/1.1" 200 110
172.22.2.4 - - [21/May/2023:08:59:13 -0500] "GET /BLA/boletinlegal/img/select-left.png HTTP/1.1" 200 263
172.22.2.4 - - [21/May/2023:08:59:13 -0500] "GET /BLA/boletinlegal/img/select-right.png HTTP/1.1" 200 44019
172.22.2.4 - - [21/May/2023:08:59:13 -0500] "GET /BLA/boletinlegal/img/button.png HTTP/1.1" 200 43241
172.22.2.4 - - [21/May/2023:08:59:13 -0500] "GET /BLA/boletinlegal/img/button-left.png HTTP/1.1" 200 57071
172.22.2.4 - - [21/May/2023:08:59:13 -0500] "GET /BLA/boletinlegal/img/button-right.png HTTP/1.1" 200 57878
172.22.2.4 - - [21/May/2023:08:59:13 -0500] "GET /BLA/boletinlegal/favicon.ico HTTP/1.1" 404 1334
201.245.192.253 - - [21/May/2023:08:59:21 -0500] "POST /kwsrmcab/Wsrmcab  HTTP/1.1" 200 213
172.22.2.4 - - [21/May/2023:08:58:19 -0500] "GET /BLA/boletinlegal/ HTTP/1.1" 200 59306
216.245.221.92 - - [21/May/2023:09:00:18 -0500] "HEAD / HTTP/1.1" 200 -
186.28.98.167 - - [21/May/2023:09:01:16 -0500] "GET /postulate-al-programa-de-mujeres-por-el-cambio-climatico-en-bogota.html?fbclid=IwAR3keBhRJ_7LkIa2Apq13kQx3f6Oys6NiAE8UxMDjqP3oySgo3K9HvWW8xs HTTP/1.1" 200 856
69.171.249.17 - - [21/May/2023:09:01:16 -0500] "GET /postulate-al-programa-de-mujeres-por-el-cambio-climatico-en-bogota.html HTTP/1.1" 206 856
69.171.249.17 - - [21/May/2023:09:01:17 -0500] "GET /postulate-al-programa-de-mujeres-por-el-cambio-climatico-en-bogota.html HTTP/1.1" 206 856
201.245.192.253 - - [21/May/2023:09:04:20 -0500] "POST /kwsrmcab/Wsrmcab  HTTP/1.1" 200 213
172.22.2.4 - - [21/May/2023:09:03:19 -0500] "HEAD /BLA/boletinlegal/ HTTP/1.1" 200 -
216.245.221.92 - - [21/May/2023:09:05:18 -0500] "HEAD / HTTP/1.1" 200 -
172.22.2.4 - - [21/May/2023:09:04:09 -0500] "GET /BLA/boletinlegal/ HTTP/1.1" 200 57151
157.55.39.210 - - [21/May/2023:09:06:56 -0500] "GET /transparencia/directorioservidores/MANUAL%20DE%20FUNCIONES%2002666%20DEL%204-DIC-2015.pdf HTTP/1.1" 304 -
186.154.154.155 - - [21/May/2023:09:08:18 -0500] "GET /galeria/galeria/jquery.fancybox.css?v=2.1.5 HTTP/1.1" 200 4895
186.154.154.155 - - [21/May/2023:09:08:18 -0500] "GET /BLA/boletinlegal/js/jquery.scrollShow.js HTTP/1.1" 200 4586
186.154.154.155 - - [21/May/2023:09:08:18 -0500] "GET /galeria/galeria/jquery.fancybox.js?v=2.1.5 HTTP/1.1" 200 48706
201.245.192.253 - - [21/May/2023:09:09:20 -0500] "POST /kwsrmcab/Wsrmcab  HTTP/1.1" 200 213
40.77.167.146 - - [21/May/2023:09:09:53 -0500] "GET /forest/ HTTP/1.1" 200 12041
40.77.167.97 - - [21/May/2023:09:09:59 -0500] "GET /BLA/resoluciones/AUTOS%202021/0968.pdf HTTP/1.1" 304 -
216.245.221.92 - - [21/May/2023:09:10:18 -0500] "HEAD / HTTP/1.1" 200 -
186.84.90.177 - - [21/May/2023:09:10:34 -0500] "GET /forest/ HTTP/1.1" 200 12041
172.22.2.4 - - [21/May/2023:09:09:09 -0500] "HEAD /BLA/boletinlegal/ HTTP/1.1" 200 -
114.119.153.220 - - [21/May/2023:09:10:49 -0500] "-" 408 -
186.84.90.177 - - [21/May/2023:09:10:53 -0500] "POST /forest/index.php HTTP/1.1" 200 12268
207.46.13.216 - - [21/May/2023:09:11:22 -0500] "GET /inicio/vistas-360/ HTTP/1.1" 404 1049
172.22.2.4 - - [21/May/2023:09:09:59 -0500] "GET /BLA/boletinlegal/ HTTP/1.1" 200 55934
157.55.39.210 - - [21/May/2023:09:12:06 -0500] "GET /BLA/resoluciones/AUTOS%202015/3571.pdf HTTP/1.1" 304 -
66.249.66.1 - - [21/May/2023:09:12:38 -0500] "-" 408 -
201.245.192.253 - - [21/May/2023:09:14:19 -0500] "POST /kwsrmcab/Wsrmcab  HTTP/1.1" 200 213
216.245.221.92 - - [21/May/2023:09:15:18 -0500] "HEAD / HTTP/1.1" 200 -
172.22.2.4 - - [21/May/2023:09:14:59 -0500] "HEAD /BLA/boletinlegal/ HTTP/1.1" 200 -
172.22.2.4 - - [21/May/2023:09:15:49 -0500] "GET /BLA/boletinlegal/ HTTP/1.1" 200 58663
201.245.192.253 - - [21/May/2023:09:18:34 -0500] "POST /kwsrmcab/Wsrmcab HTTP/1.1" 200 42256
201.245.192.253 - - [21/May/2023:09:18:37 -0500] "POST /kwsrmcab/Wsrmcab HTTP/1.1" 200 43424
201.245.192.253 - - [21/May/2023:09:19:18 -0500] "POST /kwsrmcab/Wsrmcab  HTTP/1.1" 200 213
216.245.221.92 - - [21/May/2023:09:20:18 -0500] "HEAD / HTTP/1.1" 200 -
172.22.2.4 - - [21/May/2023:09:20:49 -0500] "HEAD /BLA/boletinlegal/ HTTP/1.1" 200 -
190.61.45.158 - - [21/May/2023:09:23:10 -0500] "GET /BLA/resoluciones/Notificaciones/AUTOS%202023/0521.pdf HTTP/1.1" 200 3938368
190.61.45.158 - - [21/May/2023:09:23:11 -0500] "GET /BLA/resoluciones/Notificaciones/AUTOS%202023/0521.pdf HTTP/1.1" 206 2573035
172.22.2.4 - - [21/May/2023:09:21:39 -0500] "GET /BLA/boletinlegal/ HTTP/1.1" 200 52326
190.61.45.158 - - [21/May/2023:09:23:22 -0500] "GET /BLA/resoluciones/Notificaciones/AUTOS%202023/0521.pdf HTTP/1.1" 206 1
190.61.45.158 - - [21/May/2023:09:23:22 -0500] "GET /BLA/resoluciones/Notificaciones/AUTOS%202023/0521.pdf HTTP/1.1" 206 3912578
190.61.45.158 - - [21/May/2023:09:23:22 -0500] "GET /BLA/resoluciones/Notificaciones/AUTOS%202023/0521.pdf HTTP/1.1" 206 2573035
190.61.45.158 - - [21/May/2023:09:23:24 -0500] "GET /BLA/resoluciones/Notificaciones/AUTOS%202023/0521.pdf HTTP/1.1" 206 1
190.61.45.158 - - [21/May/2023:09:23:24 -0500] "GET /BLA/resoluciones/Notificaciones/AUTOS%202023/0521.pdf HTTP/1.1" 206 3912578
190.61.45.158 - - [21/May/2023:09:23:24 -0500] "GET /BLA/resoluciones/Notificaciones/AUTOS%202023/0521.pdf HTTP/1.1" 206 2573035
186.84.20.209 - - [21/May/2023:09:23:31 -0500] "GET /BLA/resoluciones/index.php?dir=AUTOS+2016%2F HTTP/1.1" 200 329829
186.84.20.209 - - [21/May/2023:09:23:48 -0500] "GET /BLA/resoluciones/dlf/unknown.png HTTP/1.1" 200 266
186.84.20.209 - - [21/May/2023:09:23:47 -0500] "GET /BLA/resoluciones/index.php?dir=AUTOS+2015%2F HTTP/1.1" 200 582049
186.84.20.209 - - [21/May/2023:09:24:07 -0500] "GET /BLA/resoluciones/AUTOS%202015/6605.pdf HTTP/1.1" 200 590899
201.245.192.253 - - [21/May/2023:09:24:17 -0500] "POST /kwsrmcab/Wsrmcab  HTTP/1.1" 200 213
40.77.167.146 - - [21/May/2023:09:24:44 -0500] "GET /forest/ HTTP/1.1" 200 12041
190.61.45.158 - - [21/May/2023:09:24:45 -0500] "GET /BLA/resoluciones/Notificaciones/AUTOS%202023/0521.pdf HTTP/1.1" 200 3938368
190.61.45.158 - - [21/May/2023:09:24:45 -0500] "GET /favicon.ico HTTP/1.1" 200 7782
216.245.221.92 - - [21/May/2023:09:25:18 -0500] "HEAD / HTTP/1.1" 200 -
172.22.2.4 - - [21/May/2023:09:25:43 -0500] "GET /BLA/boletinlegal/images/screen_2.png HTTP/1.1" 200 362502
172.22.2.4 - - [21/May/2023:09:25:43 -0500] "GET /BLA/boletinlegal/images/screen_3.png HTTP/1.1" 200 210620
172.22.2.4 - - [21/May/2023:09:25:43 -0500] "GET /BLA/boletinlegal/images/screen_5.png HTTP/1.1" 200 368876
172.22.2.4 - - [21/May/2023:09:25:43 -0500] "GET /BLA/boletinlegal/images/arr_r.jpg HTTP/1.1" 200 1998
172.22.2.4 - - [21/May/2023:09:25:48 -0500] "GET /BLA/boletinlegal/actos.php HTTP/1.1" 200 9682
172.22.2.4 - - [21/May/2023:09:25:49 -0500] "GET /BLA/boletinlegal/favicon.ico HTTP/1.1" 404 1326
186.155.136.34 - - [21/May/2023:09:25:50 -0500] "GET /BLA/resoluciones/ HTTP/1.1" 200 13502
186.155.136.34 - - [21/May/2023:09:25:53 -0500] "GET /BLA/resoluciones/index.php?dir=AUTOS+2017%2F HTTP/1.1" 200 469299
186.155.136.34 - - [21/May/2023:09:26:08 -0500] "GET /BLA/resoluciones/AUTOS%202017/3810.pdf HTTP/1.1" 200 852078
172.22.2.4 - - [21/May/2023:09:25:36 -0500] "GET /BLA/boletinlegal/ HTTP/1.1" 200 28619
186.155.136.34 - - [21/May/2023:09:26:28 -0500] "GET /BLA/resoluciones/AUTOS%202017/4362.pdf HTTP/1.1" 200 527247
186.155.136.34 - - [21/May/2023:09:26:52 -0500] "GET /BLA/resoluciones/AUTOS%202017/4005.pdf HTTP/1.1" 200 1265312
172.22.2.4 - - [21/May/2023:09:26:39 -0500] "HEAD /BLA/boletinlegal/ HTTP/1.1" 200 -
201.245.192.253 - - [21/May/2023:09:28:34 -0500] "POST /kwsrmcab/Wsrmcab HTTP/1.1" 200 42256
201.245.192.253 - - [21/May/2023:09:28:37 -0500] "POST /kwsrmcab/Wsrmcab HTTP/1.1" 200 43424
172.22.2.4 - - [21/May/2023:09:27:29 -0500] "GET /BLA/boletinlegal/ HTTP/1.1" 200 57151
201.245.192.253 - - [21/May/2023:09:29:16 -0500] "POST /kwsrmcab/Wsrmcab  HTTP/1.1" 200 213
216.245.221.92 - - [21/May/2023:09:30:18 -0500] "HEAD / HTTP/1.1" 200 -
40.77.167.146 - - [21/May/2023:09:31:14 -0500] "GET /BLA/resoluciones/index.php?dir=RESOLUCIONES+2001%2F HTTP/1.1" 200 24983
157.55.39.210 - - [21/May/2023:09:31:27 -0500] "GET /BLA/resoluciones/dlf/styles.css HTTP/1.1" 200 3049
172.22.2.4 - - [21/May/2023:09:32:29 -0500] "HEAD /BLA/boletinlegal/ HTTP/1.1" 200 -
201.245.192.253 - - [21/May/2023:09:34:15 -0500] "POST /kwsrmcab/Wsrmcab  HTTP/1.1" 200 213
172.22.2.4 - - [21/May/2023:09:33:19 -0500] "GET /BLA/boletinlegal/ HTTP/1.1" 200 59306
216.245.221.92 - - [21/May/2023:09:35:18 -0500] "HEAD / HTTP/1.1" 200 -
40.77.167.97 - - [21/May/2023:09:36:40 -0500] "GET /BLA/resoluciones/AUTOS%202021/0268.pdf HTTP/1.1" 304 -
190.90.138.172 - - [21/May/2023:09:38:12 -0500] "GET /galeria/galeria/jquery.fancybox.js?v=2.1.5 HTTP/1.1" 200 48706
190.90.138.172 - - [21/May/2023:09:38:12 -0500] "GET /BLA/boletinlegal/js/jquery.scrollShow.js HTTP/1.1" 200 4586
190.90.138.172 - - [21/May/2023:09:38:12 -0500] "GET /galeria/galeria/jquery.fancybox.css?v=2.1.5 HTTP/1.1" 200 4895
190.90.138.172 - - [21/May/2023:09:38:14 -0500] "GET /galeria/carrusel/Carrusel/jquery.thumbnailScroller.css HTTP/1.1" 200 2066
190.90.138.172 - - [21/May/2023:09:38:14 -0500] "GET /galeria/carrusel/Carrusel/jquery-ui-1.8.13.custom.min.js HTTP/1.1" 200 10800
190.90.138.172 - - [21/May/2023:09:38:14 -0500] "GET /galeria/carrusel/Carrusel/jquery.thumbnailScroller.js HTTP/1.1" 200 8157
190.90.138.172 - - [21/May/2023:09:38:14 -0500] "GET /galeria/nivo-slider/demo/banner.html HTTP/1.1" 200 5446
190.90.138.172 - - [21/May/2023:09:38:16 -0500] "GET /galeria/nivo-slider/themes/default/default.css HTTP/1.1" 200 1569
190.90.138.172 - - [21/May/2023:09:38:16 -0500] "GET /galeria/nivo-slider/demo/scripts/jquery-1.7.1.min.js HTTP/1.1" 200 93868
190.90.138.172 - - [21/May/2023:09:38:16 -0500] "GET /galeria/nivo-slider/jquery.nivo.slider.pack.js HTTP/1.1" 200 11561
190.90.138.172 - - [21/May/2023:09:38:16 -0500] "GET /galeria/nivo-slider/themes/pascal/pascal.css HTTP/1.1" 200 2258
190.90.138.172 - - [21/May/2023:09:38:16 -0500] "GET /galeria/nivo-slider/themes/orman/orman.css HTTP/1.1" 200 2152
190.90.138.172 - - [21/May/2023:09:38:16 -0500] "GET /galeria/nivo-slider/nivo-slider.css HTTP/1.1" 200 1507
190.90.138.172 - - [21/May/2023:09:38:16 -0500] "GET /galeria/nivo-slider/demo/style.css HTTP/1.1" 200 2222
190.90.138.172 - - [21/May/2023:09:38:16 -0500] "GET /galeria/nivo-slider/demo/images/bannertortuga_optimized.jpg HTTP/1.1" 200 39066
190.90.138.172 - - [21/May/2023:09:38:16 -0500] "GET /galeria/nivo-slider/demo/images/Bannermujeresquereverdecen.jpg HTTP/1.1" 200 46558
190.90.138.172 - - [21/May/2023:09:38:16 -0500] "GET /galeria/nivo-slider/demo/images/bannertrafico_optimized.jpg HTTP/1.1" 200 42578
190.90.138.172 - - [21/May/2023:09:38:16 -0500] "GET /galeria/nivo-slider/demo/images/Bannersedeelectronica.jpg HTTP/1.1" 200 40383
190.90.138.172 - - [21/May/2023:09:38:17 -0500] "GET /galeria/nivo-slider/demo/images/bannerrutaesperanza.jpg HTTP/1.1" 200 55560
190.90.138.172 - - [21/May/2023:09:38:17 -0500] "GET /galeria/nivo-slider/themes/default/loading.gif HTTP/1.1" 200 1737
190.90.138.172 - - [21/May/2023:09:38:17 -0500] "GET /galeria/nivo-slider/demo/images/4Simple_Slider.png HTTP/1.1" 200 11722
190.90.138.172 - - [21/May/2023:09:38:17 -0500] "GET /galeria/nivo-slider/demo/images/Bannerplasticosseptiembre.jpg HTTP/1.1" 200 45633
190.90.138.172 - - [21/May/2023:09:38:17 -0500] "GET /galeria/nivo-slider/demo/images/banneraire2021.jpg HTTP/1.1" 200 265101
190.90.138.172 - - [21/May/2023:09:38:17 -0500] "GET /galeria/nivo-slider/demo/images/bannerresiduoshospitalariosagosto.jpg HTTP/1.1" 200 36499
190.90.138.172 - - [21/May/2023:09:38:17 -0500] "GET /galeria/nivo-slider/demo/images/banneraccionpopularcrr68.jpg HTTP/1.1" 200 51887
190.90.138.172 - - [21/May/2023:09:38:17 -0500] "GET /galeria/nivo-slider/demo/images/banneraccionpopular.jpeg HTTP/1.1" 200 41707
190.90.138.172 - - [21/May/2023:09:38:17 -0500] "GET /galeria/nivo-slider/demo/images/bannerclases2021.jpg HTTP/1.1" 200 68230
190.90.138.172 - - [21/May/2023:09:38:17 -0500] "GET /galeria/nivo-slider/demo/images/bannercapacitacionesbogota.jpg HTTP/1.1" 200 42416
190.90.138.172 - - [21/May/2023:09:38:18 -0500] "GET /galeria/nivo-slider/demo/images/Bannerenvases.jpg HTTP/1.1" 200 37316
190.90.138.172 - - [21/May/2023:09:38:18 -0500] "GET /galeria/nivo-slider/demo/images/Bannervirtualescanales.jpg HTTP/1.1" 200 174544
190.90.138.172 - - [21/May/2023:09:38:21 -0500] "GET /galeria/nivo-slider/themes/default/arrows.png HTTP/1.1" 200 824
190.90.138.172 - - [21/May/2023:09:38:21 -0500] "GET /galeria/nivo-slider/themes/default/bullets.png HTTP/1.1" 200 1281
172.22.2.4 - - [21/May/2023:09:38:28 -0500] "GET /BLA/boletinlegal/jurisprudencia.php HTTP/1.1" 200 17583
201.245.192.253 - - [21/May/2023:09:38:35 -0500] "POST /kwsrmcab/Wsrmcab HTTP/1.1" 200 42256
172.22.2.4 - - [21/May/2023:09:38:39 -0500] "GET /BLA/boletinlegal/js/lib.js HTTP/1.1" 200 6474
201.245.192.253 - - [21/May/2023:09:38:37 -0500] "POST /kwsrmcab/Wsrmcab HTTP/1.1" 200 43424
172.22.2.4 - - [21/May/2023:09:38:49 -0500] "GET /BLA/boletinlegal/js/jquery1.js HTTP/1.1" 200 29846
172.22.2.4 - - [21/May/2023:09:38:49 -0500] "GET /BLA/boletinlegal/js/popup.js HTTP/1.1" 200 1270
201.245.192.253 - - [21/May/2023:09:39:14 -0500] "POST /kwsrmcab/Wsrmcab  HTTP/1.1" 200 213
172.22.2.4 - - [21/May/2023:09:38:19 -0500] "HEAD /BLA/boletinlegal/ HTTP/1.1" 200 -
216.245.221.92 - - [21/May/2023:09:40:18 -0500] "HEAD / HTTP/1.1" 200 -
172.22.2.4 - - [21/May/2023:09:39:09 -0500] "GET /BLA/boletinlegal/ HTTP/1.1" 200 52730
74.125.213.54 - - [21/May/2023:09:41:32 -0500] "GET /images/jardines-verticales_optimized.jpeg HTTP/1.1" 200 138197
172.22.2.4 - - [21/May/2023:09:40:57 -0500] "GET /BLA/boletinlegal/ HTTP/1.1" 200 28619
40.77.167.146 - - [21/May/2023:09:41:45 -0500] "GET /BLA/resoluciones/AUTOS%202021/0246.pdf HTTP/1.1" 304 -
40.77.167.97 - - [21/May/2023:09:43:22 -0500] "GET /BLA/resoluciones/AUTOS%202021/5787.pdf HTTP/1.1" 304 -
45.79.172.21 - - [21/May/2023:09:43:37 -0500] "\x16\x03\x01" 400 226
201.245.192.253 - - [21/May/2023:09:44:13 -0500] "POST /kwsrmcab/Wsrmcab  HTTP/1.1" 200 213
216.245.221.92 - - [21/May/2023:09:45:18 -0500] "HEAD / HTTP/1.1" 200 -
172.22.2.4 - - [21/May/2023:09:44:09 -0500] "HEAD /BLA/boletinlegal/ HTTP/1.1" 200 -
157.55.39.210 - - [21/May/2023:09:45:59 -0500] "GET /transparencia/directorioservidores/ HTTP/1.1" 200 549
186.29.181.116 - - [21/May/2023:09:48:16 -0500] "GET / HTTP/1.1" 200 4720
186.29.181.116 - - [21/May/2023:09:48:16 -0500] "GET /fonts/icomoon/style.css HTTP/1.1" 200 79820
186.29.181.116 - - [21/May/2023:09:48:16 -0500] "GET /js/url.js HTTP/1.1" 404 1294
186.29.181.116 - - [21/May/2023:09:48:16 -0500] "GET /css/bootstrap.min.css HTTP/1.1" 200 178212
186.29.181.116 - - [21/May/2023:09:48:16 -0500] "GET /css/style.css HTTP/1.1" 200 3473
186.29.181.116 - - [21/May/2023:09:48:17 -0500] "GET /favicon.ico HTTP/1.1" 404 1294
201.245.192.253 - - [21/May/2023:09:49:12 -0500] "POST /kwsrmcab/Wsrmcab  HTTP/1.1" 200 213
216.245.221.92 - - [21/May/2023:09:50:18 -0500] "HEAD / HTTP/1.1" 200 -
172.22.2.4 - - [21/May/2023:09:51:17 -0500] "HEAD /BLA/boletinlegal/ HTTP/1.1" 200 -
201.245.192.253 - - [21/May/2023:09:54:11 -0500] "POST /kwsrmcab/Wsrmcab  HTTP/1.1" 200 213
186.29.181.212 - - [21/May/2023:09:54:21 -0500] "GET /BLA/resoluciones/ HTTP/1.1" 200 13502
186.29.181.212 - - [21/May/2023:09:54:24 -0500] "GET /BLA/resoluciones/index.php?dir=AUTOS+2018%2F HTTP/1.1" 200 458615
173.252.87.9 - - [21/May/2023:09:54:28 -0500] "GET /images/negocios-verdes-mayo-2022.jpg HTTP/1.1" 200 48000
52.167.144.46 - - [21/May/2023:09:54:36 -0500] "GET /images/WhatsApp%20Image%202023-04-05%20at%2013.54.41.jpeg HTTP/1.1" 200 210747
66.249.66.85 - - [21/May/2023:09:54:55 -0500] "-" 408 -
216.245.221.92 - - [21/May/2023:09:55:18 -0500] "HEAD / HTTP/1.1" 200 -
64.125.238.74 - - [21/May/2023:09:55:41 -0500] "GET /galeria/galeria/fotos/Huemdal-el-Tunjo1P.jpg HTTP/1.1" 200 24430
40.77.167.146 - - [21/May/2023:09:55:47 -0500] "GET /Publicaciones/2023EE69757.pdf HTTP/1.1" 404 227
186.29.181.212 - - [21/May/2023:09:56:49 -0500] "GET /BLA/resoluciones/AUTOS%202018/6267.pdf HTTP/1.1" 200 779209
52.167.144.173 - - [21/May/2023:09:57:40 -0500] "GET /acercar-programa-del-distrito-para-ayudar-a-las-empresas-a-crecer-de-manera-sostenible.html HTTP/1.1" 200 979
157.55.39.210 - - [21/May/2023:09:58:03 -0500] "GET /BLA/resoluciones/AUTOS%202021/5873.pdf HTTP/1.1" 200 392328
