201.245.192.253 - - [21/May/2023:13:13:24 -0500] "POST /kwsrmcab/Wsrmcab  HTTP/1.1" 200 213
216.245.221.92 - - [21/May/2023:13:15:00 -0500] "HEAD / HTTP/1.1" 200 -
157.55.39.210 - - [21/May/2023:13:15:24 -0500] "GET /BLA/resoluciones/AUTOS%202021/5515.pdf HTTP/1.1" 304 -
52.167.144.46 - - [21/May/2023:13:15:35 -0500] "GET /images/rendicion-de-cuentas-post-01-02-(1)_optimized.jpg HTTP/1.1" 200 121430
172.22.2.4 - - [21/May/2023:13:14:31 -0500] "HEAD /BLA/boletinlegal/ HTTP/1.1" 200 -
172.22.2.4 - - [21/May/2023:13:15:22 -0500] "GET /BLA/boletinlegal/ HTTP/1.1" 200 57561
157.55.39.210 - - [21/May/2023:13:17:10 -0500] "GET /BLA/resoluciones/AUTOS%202021/2546.pdf HTTP/1.1" 304 -
201.245.192.253 - - [21/May/2023:13:18:23 -0500] "POST /kwsrmcab/Wsrmcab  HTTP/1.1" 200 213
201.245.192.253 - - [21/May/2023:13:18:34 -0500] "POST /kwsrmcab/Wsrmcab HTTP/1.1" 200 42750
201.245.192.253 - - [21/May/2023:13:18:36 -0500] "POST /kwsrmcab/Wsrmcab HTTP/1.1" 200 43694
216.245.221.92 - - [21/May/2023:13:20:00 -0500] "HEAD / HTTP/1.1" 200 -
192.133.77.14 - - [21/May/2023:13:21:52 -0500] "-" 408 -
172.22.2.4 - - [21/May/2023:13:20:21 -0500] "HEAD /BLA/boletinlegal/ HTTP/1.1" 200 -
172.22.2.4 - - [21/May/2023:13:21:12 -0500] "GET /BLA/boletinlegal/ HTTP/1.1" 200 57561
201.245.192.253 - - [21/May/2023:13:23:22 -0500] "POST /kwsrmcab/Wsrmcab  HTTP/1.1" 200 213
216.245.221.92 - - [21/May/2023:13:25:00 -0500] "HEAD / HTTP/1.1" 200 -
186.29.181.212 - - [21/May/2023:13:25:41 -0500] "GET /BLA/resoluciones/index.php?dir=AUTOS+2016%2F HTTP/1.1" 200 329829
40.77.167.146 - - [21/May/2023:13:26:46 -0500] "GET /BLA/boletinlegal/images/signo-menos.gif HTTP/1.1" 200 13454
40.77.167.146 - - [21/May/2023:13:26:46 -0500] "GET /BLA/resoluciones/RESOLUCIONES%202019/0017.pdf HTTP/1.1" 200 576273
40.77.167.146 - - [21/May/2023:13:26:48 -0500] "GET /BLA/resoluciones/AUTOS%202021/1413.pdf HTTP/1.1" 304 -
40.77.167.146 - - [21/May/2023:13:26:49 -0500] "GET /galeria/galeria/fotos/Capellania3G.jpg HTTP/1.1" 200 515718
40.77.167.146 - - [21/May/2023:13:26:49 -0500] "GET /BLA/resoluciones/AUTOS%202021/0638.pdf HTTP/1.1" 304 -
157.55.39.210 - - [21/May/2023:13:26:51 -0500] "GET /BLA/resoluciones/RESOLUCIONES%202008/0408.pdf HTTP/1.1" 304 -
40.77.167.146 - - [21/May/2023:13:26:56 -0500] "GET /BLA/resoluciones/AUTOS%202013/2304.pdf HTTP/1.1" 200 549094
40.77.167.146 - - [21/May/2023:13:26:58 -0500] "GET /BLA/resoluciones/AUTOS%202021/5268.pdf HTTP/1.1" 304 -
40.77.167.146 - - [21/May/2023:13:26:58 -0500] "GET /BLA/resoluciones/AUTOS%202021/0594.pdf HTTP/1.1" 304 -
40.77.167.146 - - [21/May/2023:13:26:58 -0500] "GET /forest/ HTTP/1.1" 200 12041
40.77.167.146 - - [21/May/2023:13:26:59 -0500] "GET /sipse/faces/faces/autenticacion.xhtml HTTP/1.1" 200 12500
172.22.2.4 - - [21/May/2023:13:26:11 -0500] "HEAD /BLA/boletinlegal/ HTTP/1.1" 200 -
172.22.2.4 - - [21/May/2023:13:28:07 -0500] "GET /BLA/boletinlegal/images/arr_r.jpg HTTP/1.1" 200 1998
172.22.2.4 - - [21/May/2023:13:28:07 -0500] "GET /BLA/boletinlegal/images/screen_2.png HTTP/1.1" 200 362502
172.22.2.4 - - [21/May/2023:13:28:07 -0500] "GET /BLA/boletinlegal/images/screen_3.png HTTP/1.1" 200 210620
172.22.2.4 - - [21/May/2023:13:28:07 -0500] "GET /BLA/boletinlegal/images/screen_5.png HTTP/1.1" 200 368876
172.22.2.4 - - [21/May/2023:13:28:10 -0500] "GET /BLA/boletinlegal/images/body_bg.jpg HTTP/1.1" 200 1601
172.22.2.4 - - [21/May/2023:13:28:10 -0500] "GET /BLA/boletinlegal/images/text.jpg HTTP/1.1" 200 568
172.22.2.4 - - [21/May/2023:13:28:10 -0500] "GET /BLA/boletinlegal/images/menu_rght.gif HTTP/1.1" 200 1627
172.22.2.4 - - [21/May/2023:13:28:10 -0500] "GET /BLA/boletinlegal/images/menu_lft.gif HTTP/1.1" 200 1713
172.22.2.4 - - [21/May/2023:13:28:10 -0500] "GET /BLA/boletinlegal/images/bg_top.jpg HTTP/1.1" 200 522
172.22.2.4 - - [21/May/2023:13:28:10 -0500] "GET /BLA/boletinlegal/images/menu_bg.jpg HTTP/1.1" 200 620
172.22.2.4 - - [21/May/2023:13:28:10 -0500] "GET /BLA/boletinlegal/images/hover.jpg HTTP/1.1" 200 640
172.22.2.4 - - [21/May/2023:13:28:10 -0500] "GET /BLA/boletinlegal/images/footer_bg.jpg HTTP/1.1" 200 586
172.22.2.4 - - [21/May/2023:13:28:14 -0500] "GET /BLA/boletinlegal/actos.php HTTP/1.1" 200 9682
172.22.2.4 - - [21/May/2023:13:28:15 -0500] "GET /BLA/boletinlegal/niceforms-default.css HTTP/1.1" 200 6694
172.22.2.4 - - [21/May/2023:13:28:15 -0500] "GET /BLA/boletinlegal/js/popup.js HTTP/1.1" 200 1270
172.22.2.4 - - [21/May/2023:13:28:15 -0500] "GET /BLA/boletinlegal/niceforms.js HTTP/1.1" 200 22876
172.22.2.4 - - [21/May/2023:13:28:15 -0500] "GET /BLA/boletinlegal/js/ajax_actos.js HTTP/1.1" 200 1322
172.22.2.4 - - [21/May/2023:13:28:15 -0500] "GET /BLA/boletinlegal/js/lib.js HTTP/1.1" 200 6474
172.22.2.4 - - [21/May/2023:13:28:15 -0500] "GET /BLA/boletinlegal/js/jquery1.js HTTP/1.1" 200 29846
172.22.2.4 - - [21/May/2023:13:28:15 -0500] "GET /BLA/boletinlegal/images/green-yellow-blue-pink-th.png HTTP/1.1" 200 7394
172.22.2.4 - - [21/May/2023:13:28:15 -0500] "GET /BLA/boletinlegal/images/tel.png HTTP/1.1" 200 14477
172.22.2.4 - - [21/May/2023:13:28:15 -0500] "GET /BLA/boletinlegal/images/footer_bg_l.jpg HTTP/1.1" 200 776
172.22.2.4 - - [21/May/2023:13:28:15 -0500] "GET /BLA/boletinlegal/images/icono-email.png HTTP/1.1" 200 5544
172.22.2.4 - - [21/May/2023:13:28:15 -0500] "GET /BLA/boletinlegal/img/0.png HTTP/1.1" 200 110
172.22.2.4 - - [21/May/2023:13:28:15 -0500] "GET /BLA/boletinlegal/img/select-left.png HTTP/1.1" 200 263
172.22.2.4 - - [21/May/2023:13:28:15 -0500] "GET /BLA/boletinlegal/img/select-right.png HTTP/1.1" 200 44019
172.22.2.4 - - [21/May/2023:13:28:15 -0500] "GET /BLA/boletinlegal/img/button-left.png HTTP/1.1" 200 57071
172.22.2.4 - - [21/May/2023:13:28:15 -0500] "GET /BLA/boletinlegal/img/button.png HTTP/1.1" 200 43241
172.22.2.4 - - [21/May/2023:13:28:15 -0500] "GET /BLA/boletinlegal/favicon.ico HTTP/1.1" 404 1326
172.22.2.4 - - [21/May/2023:13:28:15 -0500] "GET /BLA/boletinlegal/img/button-right.png HTTP/1.1" 200 57878
201.245.192.253 - - [21/May/2023:13:28:20 -0500] "POST /kwsrmcab/Wsrmcab  HTTP/1.1" 200 213
201.245.192.253 - - [21/May/2023:13:28:34 -0500] "POST /kwsrmcab/Wsrmcab HTTP/1.1" 200 42750
201.245.192.253 - - [21/May/2023:13:28:36 -0500] "POST /kwsrmcab/Wsrmcab HTTP/1.1" 200 43694
172.22.2.4 - - [21/May/2023:13:27:02 -0500] "GET /BLA/boletinlegal/ HTTP/1.1" 200 54424
172.22.2.4 - - [21/May/2023:13:28:59 -0500] "GET /BLA/boletinlegal/consulta_actos.php?tipo=resoluciones&no=1271&usuario=&sector=&fecha=2021&resuelve= HTTP/1.1" 200 1119
172.22.2.4 - - [21/May/2023:13:27:58 -0500] "GET /BLA/boletinlegal/ HTTP/1.1" 200 58663
216.245.221.92 - - [21/May/2023:13:30:00 -0500] "HEAD / HTTP/1.1" 200 -
172.22.2.4 - - [21/May/2023:13:30:30 -0500] "GET /BLA/boletinlegal/consulta_actos.php?tipo=resoluciones&no=1271&usuario=&sector=&fecha=2021&resuelve= HTTP/1.1" 200 1119
172.22.2.4 - - [21/May/2023:13:30:35 -0500] "GET /BLA/boletinlegal/consulta_actos.php?tipo=resoluciones&no=1271&usuario=&sector=&fecha=2021&resuelve= HTTP/1.1" 200 1119
191.156.153.224 - - [21/May/2023:13:30:42 -0500] "GET /BLA/resoluciones/RESOLUCIONES%202021/1271.pdf HTTP/1.1" 200 438323
191.156.146.116 - - [21/May/2023:13:30:42 -0500] "GET /favicon.ico HTTP/1.1" 200 7782
201.245.192.253 - - [21/May/2023:13:33:20 -0500] "POST /kwsrmcab/Wsrmcab  HTTP/1.1" 200 213
172.22.2.4 - - [21/May/2023:13:32:01 -0500] "HEAD /BLA/boletinlegal/ HTTP/1.1" 200 -
172.22.2.4 - - [21/May/2023:13:32:52 -0500] "GET /BLA/boletinlegal/ HTTP/1.1" 200 52326
216.245.221.92 - - [21/May/2023:13:35:00 -0500] "HEAD / HTTP/1.1" 200 -
201.245.192.253 - - [21/May/2023:13:38:19 -0500] "POST /kwsrmcab/Wsrmcab  HTTP/1.1" 200 213
201.245.192.253 - - [21/May/2023:13:38:34 -0500] "POST /kwsrmcab/Wsrmcab HTTP/1.1" 200 42750
201.245.192.253 - - [21/May/2023:13:38:37 -0500] "POST /kwsrmcab/Wsrmcab HTTP/1.1" 200 43694
172.22.2.4 - - [21/May/2023:13:37:51 -0500] "HEAD /BLA/boletinlegal/ HTTP/1.1" 200 -
216.245.221.92 - - [21/May/2023:13:40:00 -0500] "HEAD / HTTP/1.1" 200 -
172.22.2.4 - - [21/May/2023:13:38:42 -0500] "GET /BLA/boletinlegal/ HTTP/1.1" 200 53924
40.77.167.97 - - [21/May/2023:13:40:45 -0500] "GET /BLA/resoluciones/RESOLUCIONES%202022/1004.pdf HTTP/1.1" 304 -
172.22.2.4 - - [21/May/2023:13:43:12 -0500] "GET /BLA/boletinlegal/actos.php HTTP/1.1" 200 9682
172.22.2.4 - - [21/May/2023:13:43:12 -0500] "GET /BLA/boletinlegal/styles2.css HTTP/1.1" 200 1838
172.22.2.4 - - [21/May/2023:13:43:12 -0500] "GET /BLA/boletinlegal/js/popup.js HTTP/1.1" 200 1270
172.22.2.4 - - [21/May/2023:13:43:12 -0500] "GET /BLA/boletinlegal/niceforms.js HTTP/1.1" 200 22876
172.22.2.4 - - [21/May/2023:13:43:12 -0500] "GET /BLA/boletinlegal/js/ajax_actos.js HTTP/1.1" 200 1322
172.22.2.4 - - [21/May/2023:13:43:12 -0500] "GET /BLA/boletinlegal/js/jquery1.js HTTP/1.1" 200 29846
172.22.2.4 - - [21/May/2023:13:43:12 -0500] "GET /BLA/boletinlegal/niceforms-default.css HTTP/1.1" 200 6694
172.22.2.4 - - [21/May/2023:13:43:12 -0500] "GET /BLA/boletinlegal/js/lib.js HTTP/1.1" 200 6474
172.22.2.4 - - [21/May/2023:13:43:12 -0500] "GET /BLA/boletinlegal/style.css HTTP/1.1" 200 9406
172.22.2.4 - - [21/May/2023:13:43:12 -0500] "GET /BLA/boletinlegal/images/icono-email.png HTTP/1.1" 304 -
172.22.2.4 - - [21/May/2023:13:43:12 -0500] "GET /BLA/boletinlegal/images/historia.png HTTP/1.1" 304 -
172.22.2.4 - - [21/May/2023:13:43:12 -0500] "GET /BLA/boletinlegal/images/cabezote%20BLEGAL.jpg HTTP/1.1" 304 -
172.22.2.4 - - [21/May/2023:13:43:12 -0500] "GET /BLA/boletinlegal/images/green-yellow-blue-pink-th.png HTTP/1.1" 304 -
172.22.2.4 - - [21/May/2023:13:43:12 -0500] "GET /BLA/boletinlegal/images/registro-usuarios.png HTTP/1.1" 304 -
172.22.2.4 - - [21/May/2023:13:43:12 -0500] "GET /BLA/boletinlegal/images/subscribe-icon-big.png HTTP/1.1" 304 -
172.22.2.4 - - [21/May/2023:13:43:12 -0500] "GET /BLA/boletinlegal/images/tel.png HTTP/1.1" 304 -
172.22.2.4 - - [21/May/2023:13:43:12 -0500] "GET /BLA/boletinlegal/images/body_bg.jpg HTTP/1.1" 200 1601
172.22.2.4 - - [21/May/2023:13:43:12 -0500] "GET /BLA/boletinlegal/images/menu_rght.gif HTTP/1.1" 200 1627
172.22.2.4 - - [21/May/2023:13:43:12 -0500] "GET /BLA/boletinlegal/images/menu_lft.gif HTTP/1.1" 200 1713
172.22.2.4 - - [21/May/2023:13:43:12 -0500] "GET /BLA/boletinlegal/images/bg_top.jpg HTTP/1.1" 304 -
172.22.2.4 - - [21/May/2023:13:43:12 -0500] "GET /BLA/boletinlegal/images/hover.jpg HTTP/1.1" 304 -
172.22.2.4 - - [21/May/2023:13:43:12 -0500] "GET /BLA/boletinlegal/images/menu_bg.jpg HTTP/1.1" 304 -
172.22.2.4 - - [21/May/2023:13:43:12 -0500] "GET /BLA/boletinlegal/images/text.jpg HTTP/1.1" 304 -
172.22.2.4 - - [21/May/2023:13:43:12 -0500] "GET /BLA/boletinlegal/images/footer_bg.jpg HTTP/1.1" 304 -
172.22.2.4 - - [21/May/2023:13:43:12 -0500] "GET /BLA/boletinlegal/images/footer_bg_l.jpg HTTP/1.1" 304 -
172.22.2.4 - - [21/May/2023:13:43:12 -0500] "GET /BLA/boletinlegal/img/0.png HTTP/1.1" 304 -
172.22.2.4 - - [21/May/2023:13:43:12 -0500] "GET /BLA/boletinlegal/img/button.png HTTP/1.1" 304 -
172.22.2.4 - - [21/May/2023:13:43:12 -0500] "GET /BLA/boletinlegal/img/select-left.png HTTP/1.1" 304 -
172.22.2.4 - - [21/May/2023:13:43:12 -0500] "GET /BLA/boletinlegal/img/select-right.png HTTP/1.1" 304 -
172.22.2.4 - - [21/May/2023:13:43:12 -0500] "GET /BLA/boletinlegal/img/button-left.png HTTP/1.1" 304 -
172.22.2.4 - - [21/May/2023:13:43:12 -0500] "GET /BLA/boletinlegal/img/button-right.png HTTP/1.1" 304 -
161.18.218.214 - - [21/May/2023:13:43:14 -0500] "GET /BLA/resoluciones/ HTTP/1.1" 200 13502
161.18.218.214 - - [21/May/2023:13:43:14 -0500] "GET /BLA/resoluciones/dlf/styles.css HTTP/1.1" 304 -
161.18.218.214 - - [21/May/2023:13:43:14 -0500] "GET /BLA/resoluciones/dlf/folder.png HTTP/1.1" 304 -
161.18.218.214 - - [21/May/2023:13:43:14 -0500] "GET /BLA/resoluciones/dlf/bg.gif HTTP/1.1" 304 -
201.245.192.253 - - [21/May/2023:13:43:18 -0500] "POST /kwsrmcab/Wsrmcab  HTTP/1.1" 200 213
161.18.218.214 - - [21/May/2023:13:43:24 -0500] "GET /BLA/resoluciones/dlf/dirup.png HTTP/1.1" 304 -
161.18.218.214 - - [21/May/2023:13:43:24 -0500] "GET /BLA/resoluciones/dlf/pdf.gif HTTP/1.1" 304 -
161.18.218.214 - - [21/May/2023:13:43:24 -0500] "GET /BLA/resoluciones/index.php?dir=AUTOS+2017%2F HTTP/1.1" 200 469299
216.245.221.92 - - [21/May/2023:13:45:00 -0500] "HEAD / HTTP/1.1" 200 -
172.22.2.4 - - [21/May/2023:13:43:41 -0500] "HEAD /BLA/boletinlegal/ HTTP/1.1" 200 -
172.22.2.4 - - [21/May/2023:13:45:59 -0500] "GET /BLA/boletinlegal/robots.txt HTTP/1.1" 404 1037
172.22.2.4 - - [21/May/2023:13:45:59 -0500] "GET /BLA/boletinlegal/robots.txt HTTP/1.1" 404 1037
172.22.2.4 - - [21/May/2023:13:44:32 -0500] "GET /BLA/boletinlegal/ HTTP/1.1" 200 56754
172.22.2.4 - - [21/May/2023:13:46:06 -0500] "GET /BLA/boletinlegal/ HTTP/1.1" 200 61250
201.245.192.253 - - [21/May/2023:13:48:17 -0500] "POST /kwsrmcab/Wsrmcab  HTTP/1.1" 200 213
168.119.61.24 - - [21/May/2023:13:48:52 -0500] "GET / HTTP/1.1" 200 319
186.29.181.212 - - [21/May/2023:13:49:40 -0500] "GET /BLA/resoluciones/index.php?dir=AUTOS+2016%2F HTTP/1.1" 200 329829
40.77.167.97 - - [21/May/2023:13:49:44 -0500] "GET / HTTP/1.1" 200 319
216.245.221.92 - - [21/May/2023:13:50:00 -0500] "HEAD / HTTP/1.1" 200 -
52.167.144.173 - - [21/May/2023:13:51:02 -0500] "GET /portaldeninos/wp-content/uploads/2021/11/plantacion-ni%C3%B1os-humedal-la-conejera-ni%C3%B1os-20-junio-960x750.jpg HTTP/1.1" 200 169323
172.22.2.4 - - [21/May/2023:13:49:31 -0500] "HEAD /BLA/boletinlegal/ HTTP/1.1" 200 -
172.22.2.4 - - [21/May/2023:13:50:22 -0500] "GET /BLA/boletinlegal/ HTTP/1.1" 200 59306
201.245.192.253 - - [21/May/2023:13:53:16 -0500] "POST /kwsrmcab/Wsrmcab  HTTP/1.1" 200 213
40.77.167.97 - - [21/May/2023:13:54:04 -0500] "GET /BLA/resoluciones/RESOLUCIONES%202018/2231.pdf HTTP/1.1" 200 3049492
216.245.221.92 - - [21/May/2023:13:55:00 -0500] "HEAD / HTTP/1.1" 200 -
172.22.2.4 - - [21/May/2023:13:55:21 -0500] "HEAD /BLA/boletinlegal/ HTTP/1.1" 200 -
157.55.39.210 - - [21/May/2023:13:57:03 -0500] "GET /AFLUENTESYEFUENTES/files/mobile/index.html HTTP/1.1" 200 1056
172.22.2.4 - - [21/May/2023:13:56:12 -0500] "GET /BLA/boletinlegal/ HTTP/1.1" 200 56287
201.245.192.253 - - [21/May/2023:13:58:16 -0500] "POST /kwsrmcab/Wsrmcab  HTTP/1.1" 200 213
216.245.221.92 - - [21/May/2023:14:00:00 -0500] "HEAD / HTTP/1.1" 200 -
102.129.153.232 - - [21/May/2023:14:00:59 -0500] "GET /wp-login.php HTTP/1.1" 404 1018
192.155.90.220 - - [21/May/2023:14:01:02 -0500] "GET / HTTP/1.1" 200 319
172.22.2.4 - - [21/May/2023:14:01:11 -0500] "HEAD /BLA/boletinlegal/ HTTP/1.1" 200 -
201.245.192.253 - - [21/May/2023:14:03:15 -0500] "POST /kwsrmcab/Wsrmcab  HTTP/1.1" 200 213
172.22.2.4 - - [21/May/2023:14:02:02 -0500] "GET /BLA/boletinlegal/ HTTP/1.1" 200 57151
191.156.182.226 - - [21/May/2023:14:04:02 -0500] "GET /galeria/galeria/jquery.fancybox.js?v=2.1.5 HTTP/1.1" 200 48706
191.156.182.226 - - [21/May/2023:14:04:02 -0500] "GET /BLA/boletinlegal/js/jquery.scrollShow.js HTTP/1.1" 200 4586
191.156.182.226 - - [21/May/2023:14:04:02 -0500] "GET /galeria/galeria/jquery.fancybox.css?v=2.1.5 HTTP/1.1" 200 4895
157.55.39.210 - - [21/May/2023:14:04:24 -0500] "GET /Publicaciones/2022EE28379.pdf HTTP/1.1" 404 227
216.245.221.92 - - [21/May/2023:14:05:00 -0500] "HEAD / HTTP/1.1" 200 -
201.245.192.253 - - [21/May/2023:14:08:14 -0500] "POST /kwsrmcab/Wsrmcab  HTTP/1.1" 200 213
172.22.2.4 - - [21/May/2023:14:07:01 -0500] "HEAD /BLA/boletinlegal/ HTTP/1.1" 200 -
190.125.203.219 - - [21/May/2023:14:09:15 -0500] "-" 408 -
47.87.154.192 - - [21/May/2023:14:09:09 -0500] "POST /boaform/admin/formLogin HTTP/1.1" 404 1186
172.22.2.4 - - [21/May/2023:14:07:52 -0500] "GET /BLA/boletinlegal/ HTTP/1.1" 200 53924
216.245.221.92 - - [21/May/2023:14:10:00 -0500] "HEAD / HTTP/1.1" 200 -
186.1.139.151 - - [21/May/2023:14:10:00 -0500] "GET /galeria/galeria/jquery.fancybox.css?v=2.1.5 HTTP/1.1" 200 4895
186.1.139.151 - - [21/May/2023:14:10:08 -0500] "GET /BLA/boletinlegal/js/jquery.scrollShow.js HTTP/1.1" 200 4586
186.1.139.151 - - [21/May/2023:14:10:09 -0500] "GET /galeria/galeria/jquery.fancybox.js?v=2.1.5 HTTP/1.1" 200 48706
157.55.39.210 - - [21/May/2023:14:10:56 -0500] "GET /BLA/resoluciones/AUTOS%202021/2760.pdf HTTP/1.1" 304 -
201.245.192.253 - - [21/May/2023:14:13:13 -0500] "POST /kwsrmcab/Wsrmcab  HTTP/1.1" 200 213
172.22.2.4 - - [21/May/2023:14:12:51 -0500] "HEAD /BLA/boletinlegal/ HTTP/1.1" 200 -
216.245.221.92 - - [21/May/2023:14:15:00 -0500] "HEAD / HTTP/1.1" 200 -
172.22.2.4 - - [21/May/2023:14:13:42 -0500] "GET /BLA/boletinlegal/ HTTP/1.1" 200 53114
186.102.34.218 - - [21/May/2023:14:15:23 -0500] "-" 408 -
201.245.192.253 - - [21/May/2023:14:18:12 -0500] "POST /kwsrmcab/Wsrmcab  HTTP/1.1" 200 213
201.245.192.253 - - [21/May/2023:14:18:33 -0500] "POST /kwsrmcab/Wsrmcab HTTP/1.1" 200 43202
201.245.192.253 - - [21/May/2023:14:18:35 -0500] "POST /kwsrmcab/Wsrmcab HTTP/1.1" 200 43699
216.245.221.92 - - [21/May/2023:14:20:00 -0500] "HEAD / HTTP/1.1" 200 -
172.22.2.4 - - [21/May/2023:14:18:41 -0500] "HEAD /BLA/boletinlegal/ HTTP/1.1" 200 -
172.22.2.4 - - [21/May/2023:14:19:32 -0500] "GET /BLA/boletinlegal/ HTTP/1.1" 200 52326
157.55.39.210 - - [21/May/2023:14:21:39 -0500] "GET /BLA/resoluciones/AUTOS%202021/0829.pdf HTTP/1.1" 304 -
201.245.192.253 - - [21/May/2023:14:23:11 -0500] "POST /kwsrmcab/Wsrmcab  HTTP/1.1" 200 213
157.55.39.210 - - [21/May/2023:14:23:19 -0500] "GET /BLA/resoluciones/AUTOS%202021/2691.pdf HTTP/1.1" 200 364528
216.245.221.92 - - [21/May/2023:14:25:00 -0500] "HEAD / HTTP/1.1" 200 -
172.22.2.4 - - [21/May/2023:14:24:31 -0500] "HEAD /BLA/boletinlegal/ HTTP/1.1" 200 -
172.22.2.4 - - [21/May/2023:14:25:22 -0500] "GET /BLA/boletinlegal/ HTTP/1.1" 200 57151
172.22.2.4 - - [21/May/2023:14:28:08 -0500] "GET /BLA/boletinlegal/normativa.php HTTP/1.1" 200 8343
172.22.2.4 - - [21/May/2023:14:28:08 -0500] "GET /BLA/boletinlegal/styles2.css HTTP/1.1" 200 1838
172.22.2.4 - - [21/May/2023:14:28:08 -0500] "GET /BLA/boletinlegal/js/ajax_normativa.js HTTP/1.1" 200 1154
172.22.2.4 - - [21/May/2023:14:28:08 -0500] "GET /BLA/boletinlegal/niceforms-default.css HTTP/1.1" 200 6694
172.22.2.4 - - [21/May/2023:14:28:08 -0500] "GET /BLA/boletinlegal/style.css HTTP/1.1" 200 9406
172.22.2.4 - - [21/May/2023:14:28:08 -0500] "GET /BLA/boletinlegal/niceforms.js HTTP/1.1" 200 22876
172.22.2.4 - - [21/May/2023:14:28:08 -0500] "GET /BLA/boletinlegal/images/cabezote%20BLEGAL.jpg HTTP/1.1" 200 118164
172.22.2.4 - - [21/May/2023:14:28:08 -0500] "GET /BLA/boletinlegal/images/subscribe-icon-big.png HTTP/1.1" 200 47702
172.22.2.4 - - [21/May/2023:14:28:08 -0500] "GET /BLA/boletinlegal/images/historia.png HTTP/1.1" 200 52775
172.22.2.4 - - [21/May/2023:14:28:08 -0500] "GET /BLA/boletinlegal/images/registro-usuarios.png HTTP/1.1" 200 8106
172.22.2.4 - - [21/May/2023:14:28:08 -0500] "GET /BLA/boletinlegal/images/tel.png HTTP/1.1" 200 14477
172.22.2.4 - - [21/May/2023:14:28:08 -0500] "GET /BLA/boletinlegal/images/icono-email.png HTTP/1.1" 200 5544
172.22.2.4 - - [21/May/2023:14:28:08 -0500] "GET /BLA/boletinlegal/images/body_bg.jpg HTTP/1.1" 200 1601
172.22.2.4 - - [21/May/2023:14:28:08 -0500] "GET /BLA/boletinlegal/images/menu_lft.gif HTTP/1.1" 200 1713
172.22.2.4 - - [21/May/2023:14:28:08 -0500] "GET /BLA/boletinlegal/images/menu_rght.gif HTTP/1.1" 200 1627
172.22.2.4 - - [21/May/2023:14:28:08 -0500] "GET /BLA/boletinlegal/images/bg_top.jpg HTTP/1.1" 200 522
172.22.2.4 - - [21/May/2023:14:28:08 -0500] "GET /BLA/boletinlegal/images/menu_bg.jpg HTTP/1.1" 200 620
172.22.2.4 - - [21/May/2023:14:28:08 -0500] "GET /BLA/boletinlegal/images/hover.jpg HTTP/1.1" 200 640
172.22.2.4 - - [21/May/2023:14:28:08 -0500] "GET /BLA/boletinlegal/images/text.jpg HTTP/1.1" 200 568
172.22.2.4 - - [21/May/2023:14:28:08 -0500] "GET /BLA/boletinlegal/images/footer_bg.jpg HTTP/1.1" 200 586
172.22.2.4 - - [21/May/2023:14:28:08 -0500] "GET /BLA/boletinlegal/images/footer_bg_l.jpg HTTP/1.1" 200 776
172.22.2.4 - - [21/May/2023:14:28:08 -0500] "GET /BLA/boletinlegal/img/0.png HTTP/1.1" 200 110
172.22.2.4 - - [21/May/2023:14:28:08 -0500] "GET /BLA/boletinlegal/img/select-left.png HTTP/1.1" 200 263
172.22.2.4 - - [21/May/2023:14:28:08 -0500] "GET /BLA/boletinlegal/img/select-right.png HTTP/1.1" 200 44019
172.22.2.4 - - [21/May/2023:14:28:08 -0500] "GET /BLA/boletinlegal/img/button-left.png HTTP/1.1" 200 57071
172.22.2.4 - - [21/May/2023:14:28:08 -0500] "GET /BLA/boletinlegal/img/button.png HTTP/1.1" 200 43241
172.22.2.4 - - [21/May/2023:14:28:08 -0500] "GET /BLA/boletinlegal/img/button-right.png HTTP/1.1" 200 57878
172.22.2.4 - - [21/May/2023:14:28:08 -0500] "GET /BLA/boletinlegal/favicon.ico HTTP/1.1" 404 1334
201.245.192.253 - - [21/May/2023:14:28:09 -0500] "POST /kwsrmcab/Wsrmcab  HTTP/1.1" 200 213
172.22.2.4 - - [21/May/2023:14:28:34 -0500] "GET /BLA/boletinlegal/actos.php HTTP/1.1" 200 9682
172.22.2.4 - - [21/May/2023:14:28:34 -0500] "GET /BLA/boletinlegal/js/ajax_actos.js HTTP/1.1" 200 1322
172.22.2.4 - - [21/May/2023:14:28:34 -0500] "GET /BLA/boletinlegal/js/lib.js HTTP/1.1" 200 6474
172.22.2.4 - - [21/May/2023:14:28:34 -0500] "GET /BLA/boletinlegal/js/popup.js HTTP/1.1" 200 1270
172.22.2.4 - - [21/May/2023:14:28:34 -0500] "GET /BLA/boletinlegal/js/jquery1.js HTTP/1.1" 200 29846
172.22.2.4 - - [21/May/2023:14:28:34 -0500] "GET /BLA/boletinlegal/images/green-yellow-blue-pink-th.png HTTP/1.1" 200 7394
201.245.192.253 - - [21/May/2023:14:28:34 -0500] "POST /kwsrmcab/Wsrmcab HTTP/1.1" 200 43202
201.245.192.253 - - [21/May/2023:14:28:36 -0500] "POST /kwsrmcab/Wsrmcab HTTP/1.1" 200 43699
172.22.2.4 - - [21/May/2023:14:28:54 -0500] "GET /BLA/boletinlegal/consulta_actos.php?tipo=resoluciones&no=&usuario=&sector=VERTIMIENTOS&fecha=2023&resuelve= HTTP/1.1" 200 2052
172.22.2.4 - - [21/May/2023:14:28:54 -0500] "GET /BLA/boletinlegal/images/background.gif HTTP/1.1" 200 -
172.22.2.4 - - [21/May/2023:14:28:54 -0500] "GET /BLA/boletinlegal/images/pdf.gif HTTP/1.1" 200 567
186.30.82.21 - - [21/May/2023:14:29:12 -0500] "GET /BLA/resoluciones/RESOLUCIONES%202023/0407.pdf HTTP/1.1" 200 396700
186.30.82.21 - - [21/May/2023:14:29:13 -0500] "GET /favicon.ico HTTP/1.1" 200 7782
172.22.2.4 - - [21/May/2023:14:29:54 -0500] "GET /BLA/boletinlegal/consulta_actos.php?tipo=resoluciones&no=&usuario=&sector=VERTIMIENTOS&fecha=2022&resuelve= HTTP/1.1" 200 48375
216.245.221.92 - - [21/May/2023:14:30:00 -0500] "HEAD / HTTP/1.1" 200 -
186.30.82.21 - - [21/May/2023:14:31:19 -0500] "GET /BLA/resoluciones/RESOLUCIONES%202022/3411.pdf HTTP/1.1" 200 452144
172.22.2.4 - - [21/May/2023:14:30:21 -0500] "HEAD /BLA/boletinlegal/ HTTP/1.1" 200 -
172.22.2.4 - - [21/May/2023:14:31:12 -0500] "GET /BLA/boletinlegal/ HTTP/1.1" 200 59306
201.245.192.253 - - [21/May/2023:14:33:08 -0500] "POST /kwsrmcab/Wsrmcab  HTTP/1.1" 200 213
191.156.183.228 - - [21/May/2023:14:33:50 -0500] "GET /sipse/faces/javax.faces.resource/theme.css?ln=primefaces-sipse HTTP/1.1" 304 -
191.156.183.228 - - [21/May/2023:14:33:50 -0500] "GET /sipse/faces/faces/faces/faces/faces/faces/autenticacion.xhtml HTTP/1.1" 200 12178
191.156.189.251 - - [21/May/2023:14:33:51 -0500] "GET /sipse/faces/javax.faces.resource/theme.css?ln=primefaces-sipse HTTP/1.1" 304 -
191.156.189.251 - - [21/May/2023:14:33:52 -0500] "GET /sipse/faces/javax.faces.resource/layout/layout.css?ln=primefaces&v=4.0 HTTP/1.1" 304 -
191.156.180.160 - - [21/May/2023:14:33:52 -0500] "GET /sipse/faces/javax.faces.resource/jquery/jquery.js?ln=primefaces&v=4.0 HTTP/1.1" 304 -
191.156.183.228 - - [21/May/2023:14:33:52 -0500] "GET /sipse/faces/javax.faces.resource/primefaces.css?ln=primefaces&v=4.0 HTTP/1.1" 304 -
191.156.189.251 - - [21/May/2023:14:33:52 -0500] "GET /sipse/faces/javax.faces.resource/jquery/jquery-plugins.js?ln=primefaces&v=4.0 HTTP/1.1" 304 -
191.156.183.228 - - [21/May/2023:14:33:52 -0500] "GET /sipse/faces/javax.faces.resource/primefaces.js?ln=primefaces&v=4.0 HTTP/1.1" 304 -
191.156.180.160 - - [21/May/2023:14:33:52 -0500] "GET /sipse/faces/javax.faces.resource/layout/layout.js?ln=primefaces&v=4.0 HTTP/1.1" 304 -
191.156.183.228 - - [21/May/2023:14:33:55 -0500] "GET /sipse/faces/javax.faces.resource/images/ui-icons_898989_256x240.png?ln=primefaces-aristo HTTP/1.1" 304 -
40.77.167.97 - - [21/May/2023:14:34:17 -0500] "GET /BLA/resoluciones/AUTOS%202022/6283.pdf HTTP/1.1" 200 1751240
216.245.221.92 - - [21/May/2023:14:35:00 -0500] "HEAD / HTTP/1.1" 200 -
52.167.144.46 - - [21/May/2023:14:35:22 -0500] "GET /images/Juan%20Rey%20febrero%2013.jpg HTTP/1.1" 200 55934
172.22.2.4 - - [21/May/2023:14:36:11 -0500] "HEAD /BLA/boletinlegal/ HTTP/1.1" 200 -
201.245.192.253 - - [21/May/2023:14:38:07 -0500] "POST /kwsrmcab/Wsrmcab  HTTP/1.1" 200 213
201.245.192.253 - - [21/May/2023:14:38:33 -0500] "POST /kwsrmcab/Wsrmcab HTTP/1.1" 200 43202
201.245.192.253 - - [21/May/2023:14:38:36 -0500] "POST /kwsrmcab/Wsrmcab HTTP/1.1" 200 43699
172.22.2.4 - - [21/May/2023:14:37:02 -0500] "GET /BLA/boletinlegal/ HTTP/1.1" 200 57945
69.171.251.17 - - [21/May/2023:14:39:26 -0500] "GET /images/Acuerdos%2001%20(1)%20(1).jpeg HTTP/1.1" 200 32884
216.245.221.92 - - [21/May/2023:14:40:00 -0500] "HEAD / HTTP/1.1" 200 -
40.77.167.241 - - [21/May/2023:14:42:34 -0500] "GET /BLA/resoluciones/AUTOS%202021/2339.pdf HTTP/1.1" 304 -
201.245.192.253 - - [21/May/2023:14:43:06 -0500] "POST /kwsrmcab/Wsrmcab  HTTP/1.1" 200 213
172.22.2.4 - - [21/May/2023:14:42:01 -0500] "HEAD /BLA/boletinlegal/ HTTP/1.1" 200 -
198.235.24.223 - - [21/May/2023:14:44:21 -0500] "GET / HTTP/1.0" 200 319
172.22.2.4 - - [21/May/2023:14:42:51 -0500] "GET /BLA/boletinlegal/ HTTP/1.1" 200 57561
216.245.221.92 - - [21/May/2023:14:45:00 -0500] "HEAD / HTTP/1.1" 200 -
172.22.2.4 - - [21/May/2023:14:45:34 -0500] "GET /BLA/boletinlegal/actos.php HTTP/1.1" 200 9682
186.84.91.36 - - [21/May/2023:14:47:03 -0500] "GET /galeria/galeria/jquery.fancybox.css?v=2.1.5 HTTP/1.1" 200 4895
186.84.91.36 - - [21/May/2023:14:47:03 -0500] "GET /galeria/galeria/jquery.fancybox.js?v=2.1.5 HTTP/1.1" 200 48706
186.84.91.36 - - [21/May/2023:14:47:03 -0500] "GET /BLA/boletinlegal/js/jquery.scrollShow.js HTTP/1.1" 200 4586
186.84.91.36 - - [21/May/2023:14:47:03 -0500] "GET /galeria/carrusel/Carrusel/jquery.thumbnailScroller.css HTTP/1.1" 200 2066
186.84.91.36 - - [21/May/2023:14:47:04 -0500] "GET /galeria/carrusel/Carrusel/jquery-ui-1.8.13.custom.min.js HTTP/1.1" 200 10800
186.84.91.36 - - [21/May/2023:14:47:04 -0500] "GET /galeria/carrusel/Carrusel/jquery.thumbnailScroller.js HTTP/1.1" 200 8157
186.84.91.36 - - [21/May/2023:14:47:04 -0500] "GET /galeria/nivo-slider/demo/banner.html HTTP/1.1" 200 5446
186.84.91.36 - - [21/May/2023:14:47:04 -0500] "GET /galeria/nivo-slider/themes/default/default.css HTTP/1.1" 200 1569
186.84.91.36 - - [21/May/2023:14:47:04 -0500] "GET /galeria/nivo-slider/demo/scripts/jquery-1.7.1.min.js HTTP/1.1" 200 93868
186.84.91.36 - - [21/May/2023:14:47:04 -0500] "GET /galeria/nivo-slider/jquery.nivo.slider.pack.js HTTP/1.1" 200 11561
186.84.91.36 - - [21/May/2023:14:47:04 -0500] "GET /galeria/nivo-slider/demo/images/bannertortuga_optimized.jpg HTTP/1.1" 200 39066
186.84.91.36 - - [21/May/2023:14:47:04 -0500] "GET /galeria/nivo-slider/themes/orman/orman.css HTTP/1.1" 200 2152
186.84.91.36 - - [21/May/2023:14:47:04 -0500] "GET /galeria/nivo-slider/themes/pascal/pascal.css HTTP/1.1" 200 2258
186.84.91.36 - - [21/May/2023:14:47:04 -0500] "GET /galeria/nivo-slider/nivo-slider.css HTTP/1.1" 200 1507
186.84.91.36 - - [21/May/2023:14:47:04 -0500] "GET /galeria/nivo-slider/demo/style.css HTTP/1.1" 200 2222
186.84.91.36 - - [21/May/2023:14:47:04 -0500] "GET /galeria/nivo-slider/demo/images/Bannermujeresquereverdecen.jpg HTTP/1.1" 200 46558
186.84.91.36 - - [21/May/2023:14:47:04 -0500] "GET /galeria/nivo-slider/demo/images/bannertrafico_optimized.jpg HTTP/1.1" 200 42578
186.84.91.36 - - [21/May/2023:14:47:04 -0500] "GET /galeria/nivo-slider/demo/images/Bannersedeelectronica.jpg HTTP/1.1" 200 40383
186.84.91.36 - - [21/May/2023:14:47:04 -0500] "GET /galeria/nivo-slider/demo/images/banneraire2021.jpg HTTP/1.1" 200 265101
186.84.91.36 - - [21/May/2023:14:47:04 -0500] "GET /galeria/nivo-slider/demo/images/bannerrutaesperanza.jpg HTTP/1.1" 200 55560
186.84.91.36 - - [21/May/2023:14:47:04 -0500] "GET /galeria/nivo-slider/demo/images/Bannerplasticosseptiembre.jpg HTTP/1.1" 200 45633
186.84.91.36 - - [21/May/2023:14:47:04 -0500] "GET /galeria/nivo-slider/demo/images/bannerresiduoshospitalariosagosto.jpg HTTP/1.1" 200 36499
186.84.91.36 - - [21/May/2023:14:47:04 -0500] "GET /galeria/nivo-slider/themes/default/loading.gif HTTP/1.1" 200 1737
186.84.91.36 - - [21/May/2023:14:47:05 -0500] "GET /galeria/nivo-slider/demo/images/4Simple_Slider.png HTTP/1.1" 200 11722
186.84.91.36 - - [21/May/2023:14:47:05 -0500] "GET /galeria/nivo-slider/demo/images/banneraccionpopularcrr68.jpg HTTP/1.1" 200 51887
186.84.91.36 - - [21/May/2023:14:47:05 -0500] "GET /galeria/nivo-slider/demo/images/banneraccionpopular.jpeg HTTP/1.1" 200 41707
186.84.91.36 - - [21/May/2023:14:47:05 -0500] "GET /galeria/nivo-slider/demo/images/bannerclases2021.jpg HTTP/1.1" 200 68230
186.84.91.36 - - [21/May/2023:14:47:05 -0500] "GET /galeria/nivo-slider/demo/images/bannercapacitacionesbogota.jpg HTTP/1.1" 200 42416
186.84.91.36 - - [21/May/2023:14:47:05 -0500] "GET /galeria/nivo-slider/demo/images/Bannerenvases.jpg HTTP/1.1" 200 37316
186.84.91.36 - - [21/May/2023:14:47:05 -0500] "GET /galeria/nivo-slider/demo/images/Bannervirtualescanales.jpg HTTP/1.1" 200 174544
186.84.91.36 - - [21/May/2023:14:47:05 -0500] "GET /galeria/nivo-slider/themes/default/arrows.png HTTP/1.1" 200 824
186.84.91.36 - - [21/May/2023:14:47:05 -0500] "GET /galeria/nivo-slider/themes/default/bullets.png HTTP/1.1" 200 1281
201.245.192.253 - - [21/May/2023:14:48:05 -0500] "POST /kwsrmcab/Wsrmcab  HTTP/1.1" 200 213
172.22.2.4 - - [21/May/2023:14:47:51 -0500] "HEAD /BLA/boletinlegal/ HTTP/1.1" 200 -
216.245.221.92 - - [21/May/2023:14:50:00 -0500] "HEAD / HTTP/1.1" 200 -
172.22.2.4 - - [21/May/2023:14:48:42 -0500] "GET /BLA/boletinlegal/ HTTP/1.1" 200 54424
186.30.82.21 - - [21/May/2023:14:51:43 -0500] "GET /BLA/resoluciones/RESOLUCIONES%202022/3270.pdf HTTP/1.1" 200 882682
201.245.192.253 - - [21/May/2023:14:53:03 -0500] "POST /kwsrmcab/Wsrmcab  HTTP/1.1" 200 213
186.30.82.21 - - [21/May/2023:14:54:42 -0500] "GET /BLA/resoluciones/RESOLUCIONES%202022/4343.pdf HTTP/1.1" 200 407057
216.245.221.92 - - [21/May/2023:14:55:00 -0500] "HEAD / HTTP/1.1" 200 -
172.22.2.4 - - [21/May/2023:14:53:41 -0500] "HEAD /BLA/boletinlegal/ HTTP/1.1" 200 -
172.22.2.4 - - [21/May/2023:14:54:31 -0500] "GET /BLA/boletinlegal/ HTTP/1.1" 200 57151
74.125.213.54 - - [21/May/2023:14:57:02 -0500] "GET /images/jardines-verticales_optimized.jpeg HTTP/1.1" 200 138197
172.22.2.4 - - [21/May/2023:14:57:47 -0500] "GET /BLA/boletinlegal/Circulares/2015/Circular%20No.%201%20del%2010%20de%20Febrero%20de%202015.pdf HTTP/1.1" 200 660637
157.55.39.210 - - [21/May/2023:14:58:00 -0500] "GET /BLA/resoluciones/RESOLUCIONES%202005/1275.tif HTTP/1.1" 200 289474
201.245.192.253 - - [21/May/2023:14:58:02 -0500] "POST /kwsrmcab/Wsrmcab  HTTP/1.1" 200 213
216.245.221.92 - - [21/May/2023:15:00:00 -0500] "HEAD / HTTP/1.1" 200 -
181.66.138.103 - - [21/May/2023:15:00:52 -0500] "GET /galeria/galeria/jquery.fancybox.css?v=2.1.5 HTTP/1.1" 200 4895
181.66.138.103 - - [21/May/2023:15:00:54 -0500] "GET /BLA/boletinlegal/js/jquery.scrollShow.js HTTP/1.1" 200 4586
181.66.138.103 - - [21/May/2023:15:00:54 -0500] "GET /galeria/galeria/jquery.fancybox.js?v=2.1.5 HTTP/1.1" 200 48706
172.22.2.4 - - [21/May/2023:14:59:31 -0500] "HEAD /BLA/boletinlegal/ HTTP/1.1" 200 -
172.22.2.4 - - [21/May/2023:15:00:22 -0500] "GET /BLA/boletinlegal/ HTTP/1.1" 200 52326
201.245.192.253 - - [21/May/2023:15:03:01 -0500] "POST /kwsrmcab/Wsrmcab  HTTP/1.1" 200 213
157.55.39.210 - - [21/May/2023:15:03:21 -0500] "GET /Publicaciones/2023EE73614.pdf HTTP/1.1" 404 227
216.245.221.92 - - [21/May/2023:15:05:00 -0500] "HEAD / HTTP/1.1" 200 -
134.209.144.193 - - [21/May/2023:15:07:00 -0500] "GET / HTTP/1.0" 200 319
172.22.2.4 - - [21/May/2023:15:05:21 -0500] "HEAD /BLA/boletinlegal/ HTTP/1.1" 200 -
157.245.160.153 - - [21/May/2023:15:07:20 -0500] "GET / HTTP/1.0" 200 319
157.245.160.153 - - [21/May/2023:15:07:22 -0500] "Gh0st\xad" 400 226
157.245.160.153 - - [21/May/2023:15:07:26 -0500] "HELP" 501 953
157.245.160.153 - - [21/May/2023:15:07:26 -0500] "\x1b\x84\xd5\xb0]\xf4\xc4\x93\xc50\xc2X\x8c\xda\xb1\xd7\xac\xafn\x1d\xe1\x1e\x1a3*\x85\xb7\x1d'\xb1\xc9k\xbf\xf0\xbc" 501 953
157.245.160.153 - - [21/May/2023:15:07:28 -0500] "\x16\x03\x01" 400 226
157.245.160.153 - - [21/May/2023:15:07:30 -0500] "\xbd\xff\x9e\xffE\xff\x9e\xff\xbd\xff\x9e\xff\xa4\xff\x86\xff\xc4\xff\xbe\xff\xc7\xff\xdb\xff\xee\xffx\\d9\xff\xed\xff\xa4\xff\x9d\xff\xcf\xff\xd8\xff\xe5\xff\x04\xff\x12\xff0\xff\xb1\xff\xbd\xff\xe7\xff\xe2\xff\xdd\xff\xdc\xff\xde\xff\xc8\xff\xcc\xff\xbe\xff\xf8\xff&\xff\x01\xff\x0f\xff\xf5\xff\x06\xff\xff\xff\xf7\xff!\xff\xde\xff\x02\xff&\xff\x0c\xff\x01\xff\xf5\xff" 400 946
172.22.2.4 - - [21/May/2023:15:06:11 -0500] "GET /BLA/boletinlegal/ HTTP/1.1" 200 57561
201.245.192.253 - - [21/May/2023:15:08:00 -0500] "POST /kwsrmcab/Wsrmcab  HTTP/1.1" 200 213
216.245.221.92 - - [21/May/2023:15:10:00 -0500] "HEAD / HTTP/1.1" 200 -
47.87.154.192 - - [21/May/2023:15:10:19 -0500] "POST /boaform/admin/formLogin HTTP/1.1" 404 1186
52.167.144.173 - - [21/May/2023:15:11:39 -0500] "GET /postulate-al-programa-de-mujeres-por-el-cambio-climatico-en-bogota.html HTTP/1.1" 200 856
172.22.2.4 - - [21/May/2023:15:11:11 -0500] "HEAD /BLA/boletinlegal/ HTTP/1.1" 200 -
201.245.192.253 - - [21/May/2023:15:12:59 -0500] "POST /kwsrmcab/Wsrmcab  HTTP/1.1" 200 213
172.22.2.4 - - [21/May/2023:15:12:01 -0500] "GET /BLA/boletinlegal/ HTTP/1.1" 200 52326
216.245.221.92 - - [21/May/2023:15:15:00 -0500] "HEAD / HTTP/1.1" 200 -
173.252.83.116 - - [21/May/2023:15:15:58 -0500] "GET /se-abre-convocatoria-para-procesos-de-formacion-ambiental-para-habitantes-de-san-isidro-patios.html HTTP/1.1" 206 783
173.252.83.19 - - [21/May/2023:15:16:02 -0500] "GET /images/procesos-de-formacion-ambiental.jpg HTTP/1.1" 200 48188
157.55.39.210 - - [21/May/2023:15:17:11 -0500] "GET /BLA/resoluciones/RESOLUCIONES%202018/2566.pdf HTTP/1.1" 304 -
201.245.192.253 - - [21/May/2023:15:17:57 -0500] "POST /kwsrmcab/Wsrmcab  HTTP/1.1" 200 213
213.186.1.154 - - [21/May/2023:15:18:14 -0500] "GET /images/Reciclaje-en-bogota.jpg HTTP/1.1" 200 65853
201.245.192.253 - - [21/May/2023:15:18:33 -0500] "POST /kwsrmcab/Wsrmcab HTTP/1.1" 200 43065
201.245.192.253 - - [21/May/2023:15:18:36 -0500] "POST /kwsrmcab/Wsrmcab HTTP/1.1" 200 43547
172.22.2.4 - - [21/May/2023:15:17:01 -0500] "HEAD /BLA/boletinlegal/ HTTP/1.1" 200 -
172.22.2.4 - - [21/May/2023:15:17:37 -0500] "GET /BLA/boletinlegal/ HTTP/1.1" 200 48260
173.252.87.15 - - [21/May/2023:15:19:20 -0500] "GET /images/Rmasar%2018%20de%20febrero%20Grupo.jpg HTTP/1.1" 200 68398
172.22.2.4 - - [21/May/2023:15:17:51 -0500] "GET /BLA/boletinlegal/ HTTP/1.1" 200 48659
216.245.221.92 - - [21/May/2023:15:20:00 -0500] "HEAD / HTTP/1.1" 200 -
173.252.83.13 - - [21/May/2023:15:20:50 -0500] "GET /secretaria-de-ambiente-y-car-firman-el-plan-de-manejo-ambiental-del-sitio-ramsar-complejo-de-humedales-urbanos-de-bogota-unico-en-america-latina.html HTTP/1.1" 206 1040
201.245.192.253 - - [21/May/2023:15:22:56 -0500] "POST /kwsrmcab/Wsrmcab  HTTP/1.1" 200 213
172.22.2.4 - - [21/May/2023:15:22:51 -0500] "HEAD /BLA/boletinlegal/ HTTP/1.1" 200 -
216.245.221.92 - - [21/May/2023:15:25:00 -0500] "HEAD / HTTP/1.1" 200 -
172.22.2.4 - - [21/May/2023:15:23:41 -0500] "GET /BLA/boletinlegal/ HTTP/1.1" 200 58307
173.252.127.16 - - [21/May/2023:15:27:38 -0500] "GET /images/WhatsApp%20Image%202023-04-05%20at%2013.54.41.jpeg HTTP/1.1" 200 210747
201.245.192.253 - - [21/May/2023:15:27:55 -0500] "POST /kwsrmcab/Wsrmcab  HTTP/1.1" 200 213
201.245.192.253 - - [21/May/2023:15:28:33 -0500] "POST /kwsrmcab/Wsrmcab HTTP/1.1" 200 43065
201.245.192.253 - - [21/May/2023:15:28:36 -0500] "POST /kwsrmcab/Wsrmcab HTTP/1.1" 200 43547
216.245.221.92 - - [21/May/2023:15:30:00 -0500] "HEAD / HTTP/1.1" 200 -
66.249.66.86 - - [21/May/2023:15:30:15 -0500] "-" 408 -
172.22.2.4 - - [21/May/2023:15:28:41 -0500] "HEAD /BLA/boletinlegal/ HTTP/1.1" 200 -
172.22.2.4 - - [21/May/2023:15:29:31 -0500] "GET /BLA/boletinlegal/ HTTP/1.1" 200 57151
173.252.111.6 - - [21/May/2023:15:31:26 -0500] "GET /olga-romero-una-mujer-que-reverdece-con-corazon-inquieto-que-encontro-en-el-reciclaje-su-pasion.html HTTP/1.1" 206 798
173.252.111.116 - - [21/May/2023:15:31:26 -0500] "GET /olga-romero-una-mujer-que-reverdece-con-corazon-inquieto-que-encontro-en-el-reciclaje-su-pasion.html HTTP/1.1" 206 798
201.245.192.253 - - [21/May/2023:15:32:54 -0500] "POST /kwsrmcab/Wsrmcab  HTTP/1.1" 200 213
173.252.87.1 - - [21/May/2023:15:33:09 -0500] "GET /moda-circular-manos-reparadoras-la-estrategia-del-distrito-para-restaurar-prendas-usadas.html HTTP/1.1" 200 901
172.22.2.4 - - [21/May/2023:15:32:36 -0500] "GET /BLA/boletinlegal/ HTTP/1.1" 200 62212
172.22.2.4 - - [21/May/2023:15:34:23 -0500] "GET /BLA/boletinlegal/actos.php HTTP/1.1" 200 9682
172.22.2.4 - - [21/May/2023:15:34:30 -0500] "GET /BLA/boletinlegal/consulta_actos.php?tipo=resoluciones&no=414&usuario=&sector=&fecha=2023&resuelve= HTTP/1.1" 200 626
172.22.2.4 - - [21/May/2023:15:34:32 -0500] "GET /BLA/boletinlegal/consulta_actos.php?tipo=resoluciones&no=414&usuario=&sector=&fecha=2023&resuelve= HTTP/1.1" 200 626
172.22.2.4 - - [21/May/2023:15:34:32 -0500] "GET /BLA/boletinlegal/consulta_actos.php?tipo=resoluciones&no=414.&usuario=&sector=&fecha=2023&resuelve= HTTP/1.1" 200 626
172.22.2.4 - - [21/May/2023:15:34:32 -0500] "GET /BLA/boletinlegal/consulta_actos.php?tipo=resoluciones&no=414.&usuario=&sector=&fecha=2023&resuelve= HTTP/1.1" 200 626
172.22.2.4 - - [21/May/2023:15:34:33 -0500] "GET /BLA/boletinlegal/consulta_actos.php?tipo=resoluciones&no=414.&usuario=&sector=&fecha=2023&resuelve= HTTP/1.1" 200 626
172.22.2.4 - - [21/May/2023:15:34:34 -0500] "GET /BLA/boletinlegal/consulta_actos.php?tipo=resoluciones&no=414&usuario=&sector=&fecha=2023&resuelve= HTTP/1.1" 200 626
216.245.221.92 - - [21/May/2023:15:35:00 -0500] "HEAD / HTTP/1.1" 200 -
172.22.2.4 - - [21/May/2023:15:34:16 -0500] "GET /BLA/boletinlegal/ HTTP/1.1" 200 28619
157.55.39.210 - - [21/May/2023:15:35:12 -0500] "GET /BLA/resoluciones/AUTOS%202021/3073.pdf HTTP/1.1" 304 -
172.22.2.4 - - [21/May/2023:15:34:43 -0500] "GET /BLA/boletinlegal/ HTTP/1.1" 200 20427
172.22.2.4 - - [21/May/2023:15:34:31 -0500] "HEAD /BLA/boletinlegal/ HTTP/1.1" 200 -
172.22.2.4 - - [21/May/2023:15:36:32 -0500] "GET /BLA/boletinlegal/Circulares/2019/.pdf HTTP/1.1" 404 1218
172.22.2.4 - - [21/May/2023:15:36:40 -0500] "GET /BLA/boletinlegal/Circulares/2012/Circular%20No.%2010%20del%2026%20de%20Enero%20de%202012.pdf HTTP/1.1" 404 1218
172.22.2.4 - - [21/May/2023:15:35:21 -0500] "GET /BLA/boletinlegal/ HTTP/1.1" 200 59306
201.245.192.253 - - [21/May/2023:15:37:52 -0500] "POST /kwsrmcab/Wsrmcab  HTTP/1.1" 200 213
173.252.95.2 - - [21/May/2023:15:38:00 -0500] "GET /areas-protegidas-locales-estrategia-para-enfrentar-la-crisis-climatica.html HTTP/1.1" 206 904
173.252.127.8 - - [21/May/2023:15:38:03 -0500] "GET /images/cerros-bogota-2-mayo.jpg HTTP/1.1" 200 98367
201.245.192.253 - - [21/May/2023:15:38:34 -0500] "POST /kwsrmcab/Wsrmcab HTTP/1.1" 200 43065
201.245.192.253 - - [21/May/2023:15:38:36 -0500] "POST /kwsrmcab/Wsrmcab HTTP/1.1" 200 43547
216.245.221.92 - - [21/May/2023:15:40:00 -0500] "HEAD / HTTP/1.1" 200 -
186.29.181.212 - - [21/May/2023:15:41:12 -0500] "GET /BLA/resoluciones/index.php?dir=AUTOS+2015%2F HTTP/1.1" 200 582049
186.29.181.212 - - [21/May/2023:15:41:19 -0500] "GET /BLA/resoluciones/AUTOS%202015/3973.pdf HTTP/1.1" 200 605593
172.22.2.4 - - [21/May/2023:15:40:21 -0500] "HEAD /BLA/boletinlegal/ HTTP/1.1" 200 -
177.255.233.32 - - [21/May/2023:15:42:19 -0500] "GET /BLA/boletinlegal/js/jquery.scrollShow.js HTTP/1.1" 200 4586
177.255.233.32 - - [21/May/2023:15:42:19 -0500] "GET /galeria/galeria/jquery.fancybox.css?v=2.1.5 HTTP/1.1" 200 4895
177.255.233.32 - - [21/May/2023:15:42:19 -0500] "GET /galeria/galeria/jquery.fancybox.js?v=2.1.5 HTTP/1.1" 200 48706
172.22.2.4 - - [21/May/2023:15:41:12 -0500] "GET /BLA/boletinlegal/ HTTP/1.1" 200 57151
201.245.192.253 - - [21/May/2023:15:42:52 -0500] "POST /kwsrmcab/Wsrmcab  HTTP/1.1" 200 213
216.245.221.92 - - [21/May/2023:15:45:00 -0500] "HEAD / HTTP/1.1" 200 -
40.77.167.97 - - [21/May/2023:15:45:55 -0500] "GET /BLA/resoluciones/AUTOS%202021/5977.pdf HTTP/1.1" 304 -
172.22.2.4 - - [21/May/2023:15:46:11 -0500] "HEAD /BLA/boletinlegal/ HTTP/1.1" 200 -
201.245.192.253 - - [21/May/2023:15:47:51 -0500] "POST /kwsrmcab/Wsrmcab  HTTP/1.1" 200 213
172.22.2.4 - - [21/May/2023:15:47:01 -0500] "GET /BLA/boletinlegal/ HTTP/1.1" 200 52730
40.77.167.146 - - [21/May/2023:15:48:54 -0500] "GET /BLA/resoluciones/AUTOS%202021/4337.pdf HTTP/1.1" 304 -
40.77.167.146 - - [21/May/2023:15:48:55 -0500] "GET /BLA/boletinlegal/js/jquery.scrollShow.js HTTP/1.1" 200 4586
40.77.167.146 - - [21/May/2023:15:48:55 -0500] "GET /BLA/resoluciones/AUTOS%202021/5282.pdf HTTP/1.1" 304 -
216.245.221.92 - - [21/May/2023:15:50:00 -0500] "HEAD / HTTP/1.1" 200 -
179.19.3.155 - - [21/May/2023:15:50:41 -0500] "GET /postulate-al-programa-de-mujeres-por-el-cambio-climatico-en-bogota.html HTTP/1.1" 304 -
172.22.2.4 - - [21/May/2023:15:52:34 -0500] "GET /BLA/boletinlegal/actos.php HTTP/1.1" 200 9682
172.22.2.4 - - [21/May/2023:15:52:36 -0500] "GET /BLA/boletinlegal/favicon.ico HTTP/1.1" 404 1326
191.156.230.59 - - [21/May/2023:15:52:40 -0500] "GET /BLA/resoluciones/ HTTP/1.1" 200 13502
191.156.230.59 - - [21/May/2023:15:52:41 -0500] "GET /favicon.ico HTTP/1.1" 200 7782
201.245.192.253 - - [21/May/2023:15:52:50 -0500] "POST /kwsrmcab/Wsrmcab  HTTP/1.1" 200 213
191.156.230.59 - - [21/May/2023:15:52:52 -0500] "GET /BLA/resoluciones/index.php?dir=RESOLUCIONES+2005%2F HTTP/1.1" 200 49518
191.156.230.59 - - [21/May/2023:15:52:53 -0500] "GET /BLA/resoluciones/dlf/unknown.png HTTP/1.1" 200 266
191.156.230.59 - - [21/May/2023:15:52:57 -0500] "GET /BLA/resoluciones/index.php?dir=RESOLUCIONES+2005%2FRES+2005+301-351%2F HTTP/1.1" 200 12252
191.156.230.59 - - [21/May/2023:15:53:12 -0500] "GET /BLA/resoluciones/index.php?dir=RESOLUCIONES+2005%2FRES+2005+501-550%2F HTTP/1.1" 200 12244
172.22.2.4 - - [21/May/2023:15:52:32 -0500] "GET /BLA/boletinlegal/ HTTP/1.1" 200 24523
191.156.230.59 - - [21/May/2023:15:53:18 -0500] "GET /BLA/resoluciones/RESOLUCIONES%202005/RES%202005%20501-550/00000537.tif HTTP/1.1" 200 372702
172.22.2.4 - - [21/May/2023:15:52:01 -0500] "HEAD /BLA/boletinlegal/ HTTP/1.1" 200 -
66.249.70.172 - - [21/May/2023:15:54:24 -0500] "-" 408 -
172.22.2.4 - - [21/May/2023:15:52:51 -0500] "GET /BLA/boletinlegal/ HTTP/1.1" 200 56287
216.245.221.92 - - [21/May/2023:15:55:00 -0500] "HEAD / HTTP/1.1" 200 -
69.171.231.118 - - [21/May/2023:15:55:24 -0500] "GET /raton-de-campo-o-arrocero-nuevo-registro-en-el-humedal-torca-guaymaral.html HTTP/1.1" 206 727
201.245.192.253 - - [21/May/2023:15:57:49 -0500] "POST /kwsrmcab/Wsrmcab  HTTP/1.1" 200 213
69.171.231.2 - - [21/May/2023:15:59:13 -0500] "GET /animales-silvestres-regresaron-a-la-libertad-en-el-norte-de-bogota.html HTTP/1.1" 206 925
157.55.39.210 - - [21/May/2023:15:59:18 -0500] "GET /BLA/resoluciones/AUTOS%202021/1732.pdf HTTP/1.1" 304 -
172.22.2.4 - - [21/May/2023:15:57:51 -0500] "HEAD /BLA/boletinlegal/ HTTP/1.1" 200 -
216.245.221.92 - - [21/May/2023:16:00:00 -0500] "HEAD / HTTP/1.1" 200 -
172.22.2.4 - - [21/May/2023:15:58:41 -0500] "GET /BLA/boletinlegal/ HTTP/1.1" 200 57151
157.55.39.210 - - [21/May/2023:16:00:56 -0500] "GET /BLA/resoluciones/RESOLUCIONES%202019/0018.pdf HTTP/1.1" 200 3418920
17.241.227.219 - - [21/May/2023:16:01:44 -0500] "-" 408 -
186.155.16.249 - - [21/May/2023:16:02:38 -0500] "GET /postulate-al-programa-de-mujeres-por-el-cambio-climatico-en-bogota.html HTTP/1.1" 200 856
201.245.192.253 - - [21/May/2023:16:02:48 -0500] "POST /kwsrmcab/Wsrmcab  HTTP/1.1" 200 213
216.245.221.92 - - [21/May/2023:16:05:00 -0500] "HEAD / HTTP/1.1" 200 -
172.22.2.4 - - [21/May/2023:16:03:41 -0500] "HEAD /BLA/boletinlegal/ HTTP/1.1" 200 -
172.22.2.4 - - [21/May/2023:16:04:31 -0500] "GET /BLA/boletinlegal/ HTTP/1.1" 200 52326
172.22.2.4 - - [21/May/2023:16:07:43 -0500] "GET /BLA/boletinlegal/js/jquery.scrollTo-min.js HTTP/1.1" 200 1150
172.22.2.4 - - [21/May/2023:16:07:44 -0500] "GET /BLA/boletinlegal/js/jquery.js HTTP/1.1" 200 57254
201.245.192.253 - - [21/May/2023:16:07:47 -0500] "POST /kwsrmcab/Wsrmcab  HTTP/1.1" 200 213
172.22.2.4 - - [21/May/2023:16:08:13 -0500] "GET /BLA/boletinlegal/favicon.ico HTTP/1.1" 404 1038
172.22.2.4 - - [21/May/2023:16:09:45 -0500] "GET /BLA/boletinlegal/jurisprudencia/analisis/AnalisisT-095-16.docx HTTP/1.1" 200 20284
216.245.221.92 - - [21/May/2023:16:10:00 -0500] "HEAD / HTTP/1.1" 200 -
172.22.2.4 - - [21/May/2023:16:10:20 -0500] "GET /BLA/boletinlegal/apple-touch-icon-precomposed.png HTTP/1.1" 404 1140
172.22.2.4 - - [21/May/2023:16:10:20 -0500] "GET /BLA/boletinlegal/apple-touch-icon.png HTTP/1.1" 404 1140
172.22.2.4 - - [21/May/2023:16:10:20 -0500] "GET /BLA/boletinlegal/favicon.ico HTTP/1.1" 404 1140
172.22.2.4 - - [21/May/2023:16:09:31 -0500] "HEAD /BLA/boletinlegal/ HTTP/1.1" 200 -
172.22.2.4 - - [21/May/2023:16:09:50 -0500] "GET /BLA/boletinlegal/ HTTP/1.1" 200 45003
172.22.2.4 - - [21/May/2023:16:10:21 -0500] "GET /BLA/boletinlegal/ HTTP/1.1" 200 55221
201.245.192.253 - - [21/May/2023:16:12:46 -0500] "POST /kwsrmcab/Wsrmcab  HTTP/1.1" 200 213
168.119.253.13 - - [21/May/2023:16:14:26 -0500] "GET / HTTP/1.1" 200 319
216.245.221.92 - - [21/May/2023:16:15:00 -0500] "HEAD / HTTP/1.1" 200 -
157.55.39.210 - - [21/May/2023:16:16:16 -0500] "GET /BLA/resoluciones/AUTOS%202021/5500.pdf HTTP/1.1" 304 -
40.77.167.97 - - [21/May/2023:16:16:57 -0500] "GET /BLA/resoluciones/AUTOS%202022/1080.pdf HTTP/1.1" 304 -
172.22.2.4 - - [21/May/2023:16:15:21 -0500] "HEAD /BLA/boletinlegal/ HTTP/1.1" 200 -
201.245.192.253 - - [21/May/2023:16:17:45 -0500] "POST /kwsrmcab/Wsrmcab  HTTP/1.1" 200 213
172.22.2.4 - - [21/May/2023:16:16:11 -0500] "GET /BLA/boletinlegal/ HTTP/1.1" 200 58307
201.245.192.253 - - [21/May/2023:16:18:33 -0500] "POST /kwsrmcab/Wsrmcab HTTP/1.1" 200 43802
201.245.192.253 - - [21/May/2023:16:18:35 -0500] "POST /kwsrmcab/Wsrmcab HTTP/1.1" 200 44129
216.245.221.92 - - [21/May/2023:16:20:00 -0500] "HEAD / HTTP/1.1" 200 -
66.220.149.6 - - [21/May/2023:16:20:54 -0500] "GET /images/red-de-calidad-hidrica-de-bogota.jpg HTTP/1.1" 200 74958
52.167.144.46 - - [21/May/2023:16:22:23 -0500] "GET / HTTP/1.1" 200 319
172.22.2.4 - - [21/May/2023:16:22:24 -0500] "GET /BLA/boletinlegal/jurisprudencia/analisis/AnalisisT-095-16.docx HTTP/1.1" 200 20284
66.249.66.41 - - [21/May/2023:16:22:38 -0500] "-" 408 -
201.245.192.253 - - [21/May/2023:16:22:44 -0500] "POST /kwsrmcab/Wsrmcab  HTTP/1.1" 200 213
172.22.2.4 - - [21/May/2023:16:21:11 -0500] "HEAD /BLA/boletinlegal/ HTTP/1.1" 200 -
172.22.2.4 - - [21/May/2023:16:22:01 -0500] "GET /BLA/boletinlegal/ HTTP/1.1" 200 52730
216.245.221.92 - - [21/May/2023:16:25:00 -0500] "HEAD / HTTP/1.1" 200 -
201.245.192.253 - - [21/May/2023:16:27:43 -0500] "POST /kwsrmcab/Wsrmcab  HTTP/1.1" 200 213
201.245.192.253 - - [21/May/2023:16:28:33 -0500] "POST /kwsrmcab/Wsrmcab HTTP/1.1" 200 43802
201.245.192.253 - - [21/May/2023:16:28:36 -0500] "POST /kwsrmcab/Wsrmcab HTTP/1.1" 200 44129
172.22.2.4 - - [21/May/2023:16:27:01 -0500] "HEAD /BLA/boletinlegal/ HTTP/1.1" 200 -
172.22.2.4 - - [21/May/2023:16:27:51 -0500] "GET /BLA/boletinlegal/ HTTP/1.1" 200 57561
40.77.167.97 - - [21/May/2023:16:29:59 -0500] "GET /BLA/resoluciones/AUTOS%202021/6373.pdf HTTP/1.1" 304 -
216.245.221.92 - - [21/May/2023:16:30:00 -0500] "HEAD / HTTP/1.1" 200 -
172.22.2.4 - - [21/May/2023:16:30:03 -0500] "GET /BLA/boletinlegal/ HTTP/1.1" 200 61759
201.245.192.253 - - [21/May/2023:16:32:42 -0500] "POST /kwsrmcab/Wsrmcab  HTTP/1.1" 200 213
173.252.79.24 - - [21/May/2023:16:33:19 -0500] "GET /images/Acuerdos%2001%20(1)%20(1).jpeg HTTP/1.1" 200 32884
172.22.2.4 - - [21/May/2023:16:32:42 -0500] "GET /BLA/boletinlegal/ HTTP/1.1" 200 53114
172.22.2.4 - - [21/May/2023:16:32:51 -0500] "HEAD /BLA/boletinlegal/ HTTP/1.1" 200 -
216.245.221.92 - - [21/May/2023:16:35:00 -0500] "HEAD / HTTP/1.1" 200 -
172.22.2.4 - - [21/May/2023:16:33:41 -0500] "GET /BLA/boletinlegal/ HTTP/1.1" 200 53924
172.22.2.4 - - [21/May/2023:16:36:35 -0500] "GET /BLA/boletinlegal/Circulares/2019/.pdf HTTP/1.1" 404 1218
157.55.39.210 - - [21/May/2023:16:37:19 -0500] "GET /Publicaciones/2022EE28379.pdf HTTP/1.1" 404 227
201.245.192.253 - - [21/May/2023:16:37:41 -0500] "POST /kwsrmcab/Wsrmcab  HTTP/1.1" 200 213
201.245.192.253 - - [21/May/2023:16:38:33 -0500] "POST /kwsrmcab/Wsrmcab HTTP/1.1" 200 43802
201.245.192.253 - - [21/May/2023:16:38:35 -0500] "POST /kwsrmcab/Wsrmcab HTTP/1.1" 200 44129
216.245.221.92 - - [21/May/2023:16:40:00 -0500] "HEAD / HTTP/1.1" 200 -
172.22.2.4 - - [21/May/2023:16:38:41 -0500] "HEAD /BLA/boletinlegal/ HTTP/1.1" 200 -
172.22.2.4 - - [21/May/2023:16:39:31 -0500] "GET /BLA/boletinlegal/ HTTP/1.1" 200 54424
201.245.192.253 - - [21/May/2023:16:42:40 -0500] "POST /kwsrmcab/Wsrmcab  HTTP/1.1" 200 213
172.22.2.4 - - [21/May/2023:16:42:44 -0500] "GET /BLA/boletinlegal/actos.php HTTP/1.1" 200 9682
172.22.2.4 - - [21/May/2023:16:42:45 -0500] "GET /BLA/boletinlegal/styles2.css HTTP/1.1" 200 1838
172.22.2.4 - - [21/May/2023:16:42:45 -0500] "GET /BLA/boletinlegal/js/ajax_actos.js HTTP/1.1" 200 1322
172.22.2.4 - - [21/May/2023:16:42:45 -0500] "GET /BLA/boletinlegal/style.css HTTP/1.1" 200 9406
172.22.2.4 - - [21/May/2023:16:42:45 -0500] "GET /BLA/boletinlegal/niceforms-default.css HTTP/1.1" 200 6694
172.22.2.4 - - [21/May/2023:16:42:45 -0500] "GET /BLA/boletinlegal/niceforms.js HTTP/1.1" 200 22876
172.22.2.4 - - [21/May/2023:16:42:45 -0500] "GET /BLA/boletinlegal/js/lib.js HTTP/1.1" 200 6474
172.22.2.4 - - [21/May/2023:16:42:45 -0500] "GET /BLA/boletinlegal/js/popup.js HTTP/1.1" 200 1270
172.22.2.4 - - [21/May/2023:16:42:45 -0500] "GET /BLA/boletinlegal/js/jquery1.js HTTP/1.1" 200 29846
