201.245.192.253 - - [21/May/2023:09:59:10 -0500] "POST /kwsrmcab/Wsrmcab  HTTP/1.1" 200 213
172.22.2.4 - - [21/May/2023:09:58:24 -0500] "HEAD /BLA/boletinlegal/ HTTP/1.1" 200 -
216.245.221.92 - - [21/May/2023:10:00:18 -0500] "HEAD / HTTP/1.1" 200 -
40.88.21.235 - - [21/May/2023:10:03:47 -0500] "GET / HTTP/1.1" 200 319
40.88.21.235 - - [21/May/2023:10:03:47 -0500] "GET /favicon.ico HTTP/1.1" 200 7782
201.245.192.253 - - [21/May/2023:10:04:09 -0500] "POST /kwsrmcab/Wsrmcab  HTTP/1.1" 200 213
216.245.221.92 - - [21/May/2023:10:05:18 -0500] "HEAD / HTTP/1.1" 200 -
62.212.48.84 - - [21/May/2023:10:07:38 -0500] "GET / HTTP/1.1" 200 319
40.77.167.97 - - [21/May/2023:10:08:24 -0500] "GET /BLA/resoluciones/index.php?dir=RESOLUCIONES+2003%2F HTTP/1.1" 200 31404
201.245.192.253 - - [21/May/2023:10:09:07 -0500] "POST /kwsrmcab/Wsrmcab  HTTP/1.1" 200 213
216.245.221.92 - - [21/May/2023:10:10:18 -0500] "HEAD / HTTP/1.1" 200 -
190.131.253.179 - - [21/May/2023:10:11:24 -0500] "GET /mujeres-que-reverdecen-secretaria-de-ambiente-anuncia-el-inicio-de-la-tercera-fase.html HTTP/1.1" 200 954
200.69.84.132 - - [21/May/2023:10:12:01 -0500] "GET /reportes_sipse/jsp/inicio.jsp HTTP/1.1" 200 2935
200.69.84.132 - - [21/May/2023:10:12:01 -0500] "GET /reportes_sipse/css/estilos.css HTTP/1.1" 200 9135
200.69.84.132 - - [21/May/2023:10:12:01 -0500] "GET /reportes_sipse/imagenes/logoAplicacion.jpg HTTP/1.1" 200 26872
200.69.84.132 - - [21/May/2023:10:12:01 -0500] "GET /reportes_sipse/imagenes/fondo.jpg HTTP/1.1" 200 20235
200.69.84.132 - - [21/May/2023:10:12:02 -0500] "GET /favicon.ico HTTP/1.1" 200 7782
200.69.84.132 - - [21/May/2023:10:12:04 -0500] "POST /reportes_sipse/sdg/ServletReporte?saldo_actividades_contratacion_columnas& HTTP/1.1" 200 5986
200.69.84.132 - - [21/May/2023:10:12:04 -0500] "GET /reportes_sipse/js/funciones.js HTTP/1.1" 200 4709
200.69.84.132 - - [21/May/2023:10:12:04 -0500] "GET /reportes_sipse/imagenes/calendario.gif HTTP/1.1" 200 1387
200.69.84.132 - - [21/May/2023:10:12:04 -0500] "GET /reportes_sipse/js/date-picker.js HTTP/1.1" 200 16768
200.69.84.132 - - [21/May/2023:10:12:04 -0500] "GET /reportes_sipse/imagenes/pdf.gif HTTP/1.1" 200 598
200.69.84.132 - - [21/May/2023:10:12:04 -0500] "GET /reportes_sipse/imagenes/excel.gif HTTP/1.1" 200 613
200.69.84.132 - - [21/May/2023:10:12:07 -0500] "GET /reportes_sipse/imagenes/retrocedeAgno.gif HTTP/1.1" 200 781
200.69.84.132 - - [21/May/2023:10:12:07 -0500] "GET /reportes_sipse/imagenes/retrocedeMes.gif HTTP/1.1" 200 459
200.69.84.132 - - [21/May/2023:10:12:07 -0500] "GET /reportes_sipse/imagenes/avanzaMes.gif HTTP/1.1" 200 660
200.69.84.132 - - [21/May/2023:10:12:07 -0500] "GET /reportes_sipse/imagenes/avanzaAgno.gif HTTP/1.1" 200 779
157.55.39.210 - - [21/May/2023:10:12:12 -0500] "GET /BLA/resoluciones/AUTOS%202020/4218.pdf HTTP/1.1" 200 396739
200.69.84.132 - - [21/May/2023:10:12:11 -0500] "POST /reportes_sipse/sdg/ServletControlador HTTP/1.1" 200 56605
201.245.192.253 - - [21/May/2023:10:14:05 -0500] "POST /kwsrmcab/Wsrmcab  HTTP/1.1" 200 213
66.249.70.172 - - [21/May/2023:10:15:02 -0500] "-" 408 -
40.77.167.97 - - [21/May/2023:10:16:44 -0500] "GET /BLA/resoluciones/RESOLUCIONES%202021/0832.pdf HTTP/1.1" 200 568691
201.245.192.253 - - [21/May/2023:10:18:35 -0500] "POST /kwsrmcab/Wsrmcab HTTP/1.1" 200 42044
201.245.192.253 - - [21/May/2023:10:18:37 -0500] "POST /kwsrmcab/Wsrmcab HTTP/1.1" 200 43701
172.22.2.4 - - [21/May/2023:10:18:47 -0500] "GET /BLA/boletinlegal/style.css HTTP/1.1" 200 9406
172.22.2.4 - - [21/May/2023:10:18:47 -0500] "GET /BLA/boletinlegal/styles2.css HTTP/1.1" 200 1838
172.22.2.4 - - [21/May/2023:10:18:47 -0500] "GET /BLA/boletinlegal/js/jquery.js HTTP/1.1" 200 57254
172.22.2.4 - - [21/May/2023:10:18:47 -0500] "GET /BLA/boletinlegal/js/jquery.scrollTo-min.js HTTP/1.1" 200 1150
172.22.2.4 - - [21/May/2023:10:18:47 -0500] "GET /BLA/boletinlegal/js/jquery.scrollShow.js HTTP/1.1" 200 4586
172.22.2.4 - - [21/May/2023:10:18:47 -0500] "GET /BLA/boletinlegal/images/cabezote%20BLEGAL.jpg HTTP/1.1" 200 118164
172.22.2.4 - - [21/May/2023:10:18:47 -0500] "GET /BLA/boletinlegal/images/subscribe-icon-big.png HTTP/1.1" 200 47702
172.22.2.4 - - [21/May/2023:10:18:47 -0500] "GET /BLA/boletinlegal/images/historia.png HTTP/1.1" 200 52775
172.22.2.4 - - [21/May/2023:10:18:47 -0500] "GET /BLA/boletinlegal/images/arr_l.jpg HTTP/1.1" 200 1979
172.22.2.4 - - [21/May/2023:10:18:47 -0500] "GET /BLA/boletinlegal/images/registro-usuarios.png HTTP/1.1" 200 8106
172.22.2.4 - - [21/May/2023:10:18:47 -0500] "GET /BLA/boletinlegal/images/launch.jpg HTTP/1.1" 200 14577
172.22.2.4 - - [21/May/2023:10:18:47 -0500] "GET /BLA/boletinlegal/images/screen_1.png HTTP/1.1" 200 202547
172.22.2.4 - - [21/May/2023:10:18:47 -0500] "GET /BLA/boletinlegal/images/body_bg.jpg HTTP/1.1" 200 1601
172.22.2.4 - - [21/May/2023:10:18:47 -0500] "GET /BLA/boletinlegal/images/menu_lft.gif HTTP/1.1" 200 1713
172.22.2.4 - - [21/May/2023:10:18:47 -0500] "GET /BLA/boletinlegal/images/menu_rght.gif HTTP/1.1" 200 1627
172.22.2.4 - - [21/May/2023:10:18:47 -0500] "GET /BLA/boletinlegal/images/bg_top.jpg HTTP/1.1" 200 522
172.22.2.4 - - [21/May/2023:10:18:47 -0500] "GET /BLA/boletinlegal/images/menu_bg.jpg HTTP/1.1" 200 620
172.22.2.4 - - [21/May/2023:10:18:47 -0500] "GET /BLA/boletinlegal/images/hover.jpg HTTP/1.1" 200 640
172.22.2.4 - - [21/May/2023:10:18:47 -0500] "GET /BLA/boletinlegal/images/text.jpg HTTP/1.1" 200 568
172.22.2.4 - - [21/May/2023:10:18:48 -0500] "GET /BLA/boletinlegal/images/screen_5.png HTTP/1.1" 200 368876
172.22.2.4 - - [21/May/2023:10:18:48 -0500] "GET /BLA/boletinlegal/images/arr_r.jpg HTTP/1.1" 200 1998
172.22.2.4 - - [21/May/2023:10:18:48 -0500] "GET /BLA/boletinlegal/images/screen_2.png HTTP/1.1" 200 362502
172.22.2.4 - - [21/May/2023:10:18:48 -0500] "GET /BLA/boletinlegal/images/screen_3.png HTTP/1.1" 200 210620
172.22.2.4 - - [21/May/2023:10:18:48 -0500] "GET /BLA/boletinlegal/images/footer_bg.jpg HTTP/1.1" 200 586
172.22.2.4 - - [21/May/2023:10:18:49 -0500] "GET /BLA/boletinlegal/actos.php HTTP/1.1" 200 9682
172.22.2.4 - - [21/May/2023:10:18:49 -0500] "GET /BLA/boletinlegal/js/ajax_actos.js HTTP/1.1" 200 1322
172.22.2.4 - - [21/May/2023:10:18:49 -0500] "GET /BLA/boletinlegal/niceforms-default.css HTTP/1.1" 200 6694
172.22.2.4 - - [21/May/2023:10:18:49 -0500] "GET /BLA/boletinlegal/js/lib.js HTTP/1.1" 200 6474
172.22.2.4 - - [21/May/2023:10:18:49 -0500] "GET /BLA/boletinlegal/niceforms.js HTTP/1.1" 200 22876
172.22.2.4 - - [21/May/2023:10:18:49 -0500] "GET /BLA/boletinlegal/js/popup.js HTTP/1.1" 200 1270
172.22.2.4 - - [21/May/2023:10:18:49 -0500] "GET /BLA/boletinlegal/js/jquery1.js HTTP/1.1" 200 29846
172.22.2.4 - - [21/May/2023:10:18:49 -0500] "GET /BLA/boletinlegal/images/green-yellow-blue-pink-th.png HTTP/1.1" 200 7394
172.22.2.4 - - [21/May/2023:10:18:49 -0500] "GET /BLA/boletinlegal/images/tel.png HTTP/1.1" 200 14477
172.22.2.4 - - [21/May/2023:10:18:49 -0500] "GET /BLA/boletinlegal/images/icono-email.png HTTP/1.1" 200 5544
172.22.2.4 - - [21/May/2023:10:18:49 -0500] "GET /BLA/boletinlegal/images/footer_bg_l.jpg HTTP/1.1" 200 776
172.22.2.4 - - [21/May/2023:10:18:49 -0500] "GET /BLA/boletinlegal/img/0.png HTTP/1.1" 200 110
172.22.2.4 - - [21/May/2023:10:18:49 -0500] "GET /BLA/boletinlegal/img/select-left.png HTTP/1.1" 200 263
172.22.2.4 - - [21/May/2023:10:18:49 -0500] "GET /BLA/boletinlegal/img/select-right.png HTTP/1.1" 200 44019
172.22.2.4 - - [21/May/2023:10:18:49 -0500] "GET /BLA/boletinlegal/img/button-left.png HTTP/1.1" 200 57071
172.22.2.4 - - [21/May/2023:10:18:49 -0500] "GET /BLA/boletinlegal/img/button.png HTTP/1.1" 200 43241
172.22.2.4 - - [21/May/2023:10:18:49 -0500] "GET /BLA/boletinlegal/img/button-right.png HTTP/1.1" 200 57878
172.22.2.4 - - [21/May/2023:10:18:49 -0500] "GET /BLA/boletinlegal/favicon.ico HTTP/1.1" 404 1326
172.22.2.4 - - [21/May/2023:10:18:54 -0500] "GET /BLA/boletinlegal/consulta_actos.php?tipo=autos&no=0668&usuario=&sector=&fecha=2023&resuelve= HTTP/1.1" 200 1079
172.22.2.4 - - [21/May/2023:10:18:54 -0500] "GET /BLA/boletinlegal/images/pdf.gif HTTP/1.1" 200 567
201.245.192.253 - - [21/May/2023:10:19:04 -0500] "POST /kwsrmcab/Wsrmcab  HTTP/1.1" 200 213
172.22.2.4 - - [21/May/2023:10:18:41 -0500] "GET /BLA/boletinlegal/ HTTP/1.1" 200 28619
172.22.2.4 - - [21/May/2023:10:19:47 -0500] "GET /BLA/boletinlegal/consulta_actos.php?tipo=autos&no=0699&usuario=&sector=&fecha=2023&resuelve= HTTP/1.1" 200 1075
216.245.221.92 - - [21/May/2023:10:20:01 -0500] "HEAD / HTTP/1.1" 200 -
172.22.2.4 - - [21/May/2023:10:20:40 -0500] "GET /BLA/boletinlegal/consulta_actos.php?tipo=autos&no=8590&usuario=&sector=&fecha=2022&resuelve= HTTP/1.1" 200 1101
172.22.2.4 - - [21/May/2023:10:19:25 -0500] "HEAD /BLA/boletinlegal/ HTTP/1.1" 200 -
172.22.2.4 - - [21/May/2023:10:20:18 -0500] "GET /BLA/boletinlegal/ HTTP/1.1" 200 53561
172.22.2.4 - - [21/May/2023:10:22:17 -0500] "GET /BLA/boletinlegal/consulta_actos.php?tipo=autos&no=0525&usuario=&sector=&fecha=2023&resuelve= HTTP/1.1" 200 1110
157.55.39.210 - - [21/May/2023:10:23:07 -0500] "GET /BLA/resoluciones/AUTOS%202021/1672.pdf HTTP/1.1" 304 -
157.55.39.210 - - [21/May/2023:10:23:08 -0500] "GET /BLA/resoluciones/RESOLUCIONES%202022/0214.pdf HTTP/1.1" 304 -
201.245.192.253 - - [21/May/2023:10:24:03 -0500] "POST /kwsrmcab/Wsrmcab  HTTP/1.1" 200 213
172.22.2.4 - - [21/May/2023:10:24:26 -0500] "GET /BLA/boletinlegal/consulta_actos.php?tipo=autos&no=0595&usuario=&sector=&fecha=2023&resuelve= HTTP/1.1" 200 1075
216.245.221.92 - - [21/May/2023:10:25:01 -0500] "HEAD / HTTP/1.1" 200 -
172.22.2.4 - - [21/May/2023:10:25:35 -0500] "GET /BLA/boletinlegal/consulta_actos.php?tipo=autos&no=0645&usuario=&sector=&fecha=2023&resuelve= HTTP/1.1" 200 1071
40.77.167.146 - - [21/May/2023:10:26:00 -0500] "GET /BLA/resoluciones/AUTOS%202021/5983.pdf HTTP/1.1" 304 -
172.22.2.4 - - [21/May/2023:10:25:17 -0500] "HEAD /BLA/boletinlegal/ HTTP/1.1" 200 -
172.22.2.4 - - [21/May/2023:10:26:07 -0500] "GET /BLA/boletinlegal/ HTTP/1.1" 200 57561
172.22.2.4 - - [21/May/2023:10:27:51 -0500] "GET /BLA/boletinlegal/consulta_actos.php?tipo=autos&no=0589&usuario=&sector=&fecha=2023&resuelve= HTTP/1.1" 200 1085
201.245.192.253 - - [21/May/2023:10:28:34 -0500] "POST /kwsrmcab/Wsrmcab HTTP/1.1" 200 42044
201.245.192.253 - - [21/May/2023:10:28:37 -0500] "POST /kwsrmcab/Wsrmcab HTTP/1.1" 200 43701
201.245.192.253 - - [21/May/2023:10:29:02 -0500] "POST /kwsrmcab/Wsrmcab  HTTP/1.1" 200 213
216.245.221.92 - - [21/May/2023:10:30:01 -0500] "HEAD / HTTP/1.1" 200 -
40.77.167.255 - - [21/May/2023:10:30:14 -0500] "GET /bla/resoluciones/autos%202010/0152.pdf HTTP/1.1" 200 189871
168.119.252.243 - - [21/May/2023:10:31:05 -0500] "GET / HTTP/1.1" 200 319
40.77.167.146 - - [21/May/2023:10:31:50 -0500] "GET /BLA/resoluciones/AUTOS%202021/4111.pdf HTTP/1.1" 304 -
172.22.2.4 - - [21/May/2023:10:31:07 -0500] "HEAD /BLA/boletinlegal/ HTTP/1.1" 200 -
52.167.144.46 - - [21/May/2023:10:33:19 -0500] "GET /images/dia-educacion-ambiental26-enero-foto-principal.jpg HTTP/1.1" 200 45345
172.22.2.4 - - [21/May/2023:10:31:57 -0500] "GET /BLA/boletinlegal/ HTTP/1.1" 200 58663
201.245.192.253 - - [21/May/2023:10:34:01 -0500] "POST /kwsrmcab/Wsrmcab  HTTP/1.1" 200 213
216.245.221.92 - - [21/May/2023:10:35:01 -0500] "HEAD / HTTP/1.1" 200 -
201.245.192.253 - - [21/May/2023:10:38:34 -0500] "POST /kwsrmcab/Wsrmcab HTTP/1.1" 200 42044
172.22.2.4 - - [21/May/2023:10:36:57 -0500] "HEAD /BLA/boletinlegal/ HTTP/1.1" 200 -
201.245.192.253 - - [21/May/2023:10:38:36 -0500] "POST /kwsrmcab/Wsrmcab HTTP/1.1" 200 43701
201.245.192.253 - - [21/May/2023:10:39:00 -0500] "POST /kwsrmcab/Wsrmcab  HTTP/1.1" 200 213
172.22.2.4 - - [21/May/2023:10:37:47 -0500] "GET /BLA/boletinlegal/ HTTP/1.1" 200 59306
216.245.221.92 - - [21/May/2023:10:40:01 -0500] "HEAD / HTTP/1.1" 200 -
172.22.2.4 - - [21/May/2023:10:41:53 -0500] "GET /BLA/boletinlegal/jurisprudencia/analisis/analisis%20C-595-2010.doc HTTP/1.1" 200 39424
201.245.192.253 - - [21/May/2023:10:43:58 -0500] "POST /kwsrmcab/Wsrmcab  HTTP/1.1" 200 213
172.22.2.4 - - [21/May/2023:10:42:47 -0500] "HEAD /BLA/boletinlegal/ HTTP/1.1" 200 -
216.245.221.92 - - [21/May/2023:10:45:01 -0500] "HEAD / HTTP/1.1" 200 -
172.22.2.4 - - [21/May/2023:10:43:37 -0500] "GET /BLA/boletinlegal/ HTTP/1.1" 200 54424
190.84.119.147 - - [21/May/2023:10:46:23 -0500] "GET /BLA/resoluciones/index.php?dir=AUTOS+2016%2F HTTP/1.1" 200 329829
201.245.192.253 - - [21/May/2023:10:48:57 -0500] "POST /kwsrmcab/Wsrmcab  HTTP/1.1" 200 213
172.22.2.4 - - [21/May/2023:10:49:49 -0500] "GET /BLA/boletinlegal/styles2.css HTTP/1.1" 200 1838
172.22.2.4 - - [21/May/2023:10:49:50 -0500] "GET /BLA/boletinlegal/style.css HTTP/1.1" 200 9406
172.22.2.4 - - [21/May/2023:10:49:51 -0500] "GET /BLA/boletinlegal/js/jquery.scrollTo-min.js HTTP/1.1" 200 1150
172.22.2.4 - - [21/May/2023:10:49:51 -0500] "GET /BLA/boletinlegal/js/jquery.js HTTP/1.1" 200 57254
216.245.221.92 - - [21/May/2023:10:50:01 -0500] "HEAD / HTTP/1.1" 200 -
172.22.2.4 - - [21/May/2023:10:48:37 -0500] "HEAD /BLA/boletinlegal/ HTTP/1.1" 200 -
186.84.20.209 - - [21/May/2023:10:50:41 -0500] "GET /BLA/resoluciones/index.php?dir=AUTOS+2016%2F HTTP/1.1" 200 329829
186.84.20.209 - - [21/May/2023:10:50:59 -0500] "GET /BLA/resoluciones/AUTOS%202016/2319.pdf HTTP/1.1" 200 380320
40.77.167.85 - - [21/May/2023:10:51:03 -0500] "-" 408 -
172.22.2.4 - - [21/May/2023:10:49:27 -0500] "GET /BLA/boletinlegal/ HTTP/1.1" 200 54424
201.245.192.253 - - [21/May/2023:10:53:57 -0500] "POST /kwsrmcab/Wsrmcab  HTTP/1.1" 200 213
216.245.221.92 - - [21/May/2023:10:55:01 -0500] "HEAD / HTTP/1.1" 200 -
172.22.2.4 - - [21/May/2023:10:54:27 -0500] "HEAD /BLA/boletinlegal/ HTTP/1.1" 200 -
172.22.2.4 - - [21/May/2023:10:55:17 -0500] "GET /BLA/boletinlegal/ HTTP/1.1" 200 59306
173.252.87.1 - - [21/May/2023:10:58:52 -0500] "GET /images/caminatas-ecol\xc3\xb3gicas-marzo---1920x1080_optimized.jpg HTTP/1.1" 404 1034
201.245.192.253 - - [21/May/2023:10:58:56 -0500] "POST /kwsrmcab/Wsrmcab  HTTP/1.1" 200 213
172.22.2.4 - - [21/May/2023:10:59:55 -0500] "GET /BLA/boletinlegal/robots.txt HTTP/1.1" 404 1038
216.245.221.92 - - [21/May/2023:11:00:01 -0500] "HEAD / HTTP/1.1" 200 -
172.22.2.4 - - [21/May/2023:10:59:56 -0500] "GET /BLA/boletinlegal/ HTTP/1.1" 200 53561
172.22.2.4 - - [21/May/2023:11:00:17 -0500] "HEAD /BLA/boletinlegal/ HTTP/1.1" 200 -
172.22.2.4 - - [21/May/2023:11:01:07 -0500] "GET /BLA/boletinlegal/ HTTP/1.1" 200 55934
186.29.181.212 - - [21/May/2023:11:03:25 -0500] "GET /BLA/resoluciones/index.php?dir=AUTOS+2019%2F HTTP/1.1" 200 378368
201.245.192.253 - - [21/May/2023:11:03:54 -0500] "POST /kwsrmcab/Wsrmcab  HTTP/1.1" 200 213
216.245.221.92 - - [21/May/2023:11:05:01 -0500] "HEAD / HTTP/1.1" 200 -
172.22.2.4 - - [21/May/2023:11:06:07 -0500] "HEAD /BLA/boletinlegal/ HTTP/1.1" 200 -
123.125.109.125 - - [21/May/2023:11:08:37 -0500] "GET / HTTP/1.1" 200 319
172.22.2.4 - - [21/May/2023:11:06:57 -0500] "GET /BLA/boletinlegal/ HTTP/1.1" 200 51620
201.245.192.253 - - [21/May/2023:11:08:53 -0500] "POST /kwsrmcab/Wsrmcab  HTTP/1.1" 200 213
172.22.2.4 - - [21/May/2023:11:09:01 -0500] "GET /BLA/boletinlegal/version HTTP/1.1" 404 1018
216.245.221.92 - - [21/May/2023:11:10:00 -0500] "HEAD / HTTP/1.1" 200 -
172.22.2.4 - - [21/May/2023:11:08:23 -0500] "GET /BLA/boletinlegal/ HTTP/1.1" 200 61250
172.22.2.4 - - [21/May/2023:11:10:13 -0500] "GET /BLA/boletinlegal/js/jquery.js HTTP/1.1" 200 57254
172.22.2.4 - - [21/May/2023:11:10:13 -0500] "GET /BLA/boletinlegal/style.css HTTP/1.1" 200 9406
172.22.2.4 - - [21/May/2023:11:10:14 -0500] "GET /BLA/boletinlegal/styles2.css HTTP/1.1" 200 1838
172.22.2.4 - - [21/May/2023:11:10:18 -0500] "GET /BLA/boletinlegal/js/jquery.scrollTo-min.js HTTP/1.1" 200 1150
172.22.2.4 - - [21/May/2023:11:10:18 -0500] "GET /BLA/boletinlegal/js/jquery.scrollShow.js HTTP/1.1" 200 4586
162.55.167.166 - - [21/May/2023:11:11:25 -0500] "GET / HTTP/1.1" 200 319
172.22.2.4 - - [21/May/2023:11:11:57 -0500] "HEAD /BLA/boletinlegal/ HTTP/1.1" 200 -
201.245.192.253 - - [21/May/2023:11:13:52 -0500] "POST /kwsrmcab/Wsrmcab  HTTP/1.1" 200 213
172.22.2.4 - - [21/May/2023:11:12:52 -0500] "GET /BLA/boletinlegal/ HTTP/1.1" 200 57561
216.245.221.92 - - [21/May/2023:11:15:00 -0500] "HEAD / HTTP/1.1" 200 -
66.249.70.170 - - [21/May/2023:11:15:11 -0500] "-" 408 -
186.29.181.212 - - [21/May/2023:11:15:37 -0500] "GET /BLA/resoluciones/index.php?dir=AUTOS+2017%2F HTTP/1.1" 200 469299
186.29.181.212 - - [21/May/2023:11:15:54 -0500] "GET /BLA/resoluciones/AUTOS%202017/2364.pdf HTTP/1.1" 200 3826209
201.245.192.253 - - [21/May/2023:11:18:34 -0500] "POST /kwsrmcab/Wsrmcab HTTP/1.1" 200 41393
201.245.192.253 - - [21/May/2023:11:18:37 -0500] "POST /kwsrmcab/Wsrmcab HTTP/1.1" 200 43695
201.245.192.253 - - [21/May/2023:11:18:51 -0500] "POST /kwsrmcab/Wsrmcab  HTTP/1.1" 200 213
172.22.2.4 - - [21/May/2023:11:17:52 -0500] "HEAD /BLA/boletinlegal/ HTTP/1.1" 200 -
40.77.167.97 - - [21/May/2023:11:20:00 -0500] "GET /BLA/resoluciones/AUTOS%202014/2214.pdf HTTP/1.1" 304 -
216.245.221.92 - - [21/May/2023:11:20:01 -0500] "HEAD / HTTP/1.1" 200 -
172.22.2.4 - - [21/May/2023:11:18:42 -0500] "GET /BLA/boletinlegal/ HTTP/1.1" 200 57561
177.255.233.32 - - [21/May/2023:11:23:30 -0500] "GET /galeria/galeria/jquery.fancybox.css?v=2.1.5 HTTP/1.1" 200 4895
177.255.233.32 - - [21/May/2023:11:23:30 -0500] "GET /BLA/boletinlegal/js/jquery.scrollShow.js HTTP/1.1" 200 4586
177.255.233.32 - - [21/May/2023:11:23:31 -0500] "GET /galeria/galeria/jquery.fancybox.js?v=2.1.5 HTTP/1.1" 200 48706
64.125.238.74 - - [21/May/2023:11:23:51 -0500] "GET /galeria/galeria/fotos/Humedal-Tibanica4P.jpg HTTP/1.1" 200 26708
201.245.192.253 - - [21/May/2023:11:23:50 -0500] "POST /kwsrmcab/Wsrmcab  HTTP/1.1" 200 213
216.245.221.92 - - [21/May/2023:11:25:00 -0500] "HEAD / HTTP/1.1" 200 -
157.55.39.210 - - [21/May/2023:11:25:11 -0500] "GET /BLA/resoluciones/RESOLUCIONES%202018/3300.pdf HTTP/1.1" 200 337944
172.22.2.4 - - [21/May/2023:11:23:42 -0500] "HEAD /BLA/boletinlegal/ HTTP/1.1" 200 -
172.22.2.4 - - [21/May/2023:11:24:32 -0500] "GET /BLA/boletinlegal/ HTTP/1.1" 200 54808
201.245.192.253 - - [21/May/2023:11:28:34 -0500] "POST /kwsrmcab/Wsrmcab HTTP/1.1" 200 41393
201.245.192.253 - - [21/May/2023:11:28:37 -0500] "GET /kwsrmcab/Wsrmcab?wsdl HTTP/1.1" 200 6948
201.245.192.253 - - [21/May/2023:11:28:37 -0500] "POST /kwsrmcab/Wsrmcab HTTP/1.1" 200 43695
201.245.192.253 - - [21/May/2023:11:28:48 -0500] "POST /kwsrmcab/Wsrmcab  HTTP/1.1" 200 213
216.245.221.92 - - [21/May/2023:11:30:00 -0500] "HEAD / HTTP/1.1" 200 -
172.22.2.4 - - [21/May/2023:11:29:32 -0500] "HEAD /BLA/boletinlegal/ HTTP/1.1" 200 -
172.22.2.4 - - [21/May/2023:11:30:22 -0500] "GET /BLA/boletinlegal/ HTTP/1.1" 200 57151
201.245.192.253 - - [21/May/2023:11:33:47 -0500] "POST /kwsrmcab/Wsrmcab  HTTP/1.1" 200 213
216.245.221.92 - - [21/May/2023:11:35:00 -0500] "HEAD / HTTP/1.1" 200 -
40.77.167.255 - - [21/May/2023:11:36:20 -0500] "GET /BLA/resoluciones/AUTOS%202021/1844.pdf HTTP/1.1" 304 -
172.22.2.4 - - [21/May/2023:11:35:22 -0500] "HEAD /BLA/boletinlegal/ HTTP/1.1" 200 -
40.77.167.255 - - [21/May/2023:11:37:25 -0500] "GET /BLA/resoluciones/AUTOS%202022/0987.pdf HTTP/1.1" 304 -
172.22.2.4 - - [21/May/2023:11:36:12 -0500] "GET /BLA/boletinlegal/ HTTP/1.1" 200 58663
172.22.2.4 - - [21/May/2023:11:38:19 -0500] "GET /BLA/boletinlegal/config.properties HTTP/1.1" 404 1038
172.22.2.4 - - [21/May/2023:11:38:20 -0500] "GET /BLA/boletinlegal/ui_config.properties HTTP/1.1" 404 1038
172.22.2.4 - - [21/May/2023:11:38:20 -0500] "GET /BLA/boletinlegal/WEB-INF/classes/argo.properties HTTP/1.1" 404 1038
201.245.192.253 - - [21/May/2023:11:38:34 -0500] "POST /kwsrmcab/Wsrmcab HTTP/1.1" 200 41393
201.245.192.253 - - [21/May/2023:11:38:37 -0500] "POST /kwsrmcab/Wsrmcab HTTP/1.1" 200 43695
201.245.192.253 - - [21/May/2023:11:38:46 -0500] "POST /kwsrmcab/Wsrmcab  HTTP/1.1" 200 213
216.245.221.92 - - [21/May/2023:11:40:00 -0500] "HEAD / HTTP/1.1" 200 -
199.16.157.182 - - [21/May/2023:11:41:51 -0500] "GET /images/1%20de%20febrer%20Operativo%20hornos.jpg HTTP/1.1" 200 69569
199.16.157.182 - - [21/May/2023:11:41:51 -0500] "GET /images/Secretarias%20Fondo%20carga%206%20de%20febrero.jpeg HTTP/1.1" 200 55460
199.16.157.183 - - [21/May/2023:11:41:51 -0500] "GET /secretaria-de-ambiente-suspende-tres-hornos-crematorios-de-bogota-por-contaminacion-del-aire.html HTTP/1.1" 200 927
192.133.77.14 - - [21/May/2023:11:41:57 -0500] "GET /images/Secretarias%20Fondo%20carga%206%20de%20febrero.jpeg HTTP/1.1" 200 55460
172.22.2.4 - - [21/May/2023:11:41:11 -0500] "HEAD /BLA/boletinlegal/ HTTP/1.1" 200 -
172.22.2.4 - - [21/May/2023:11:42:02 -0500] "GET /BLA/boletinlegal/ HTTP/1.1" 200 57561
201.245.192.253 - - [21/May/2023:11:43:45 -0500] "POST /kwsrmcab/Wsrmcab  HTTP/1.1" 200 213
172.22.2.4 - - [21/May/2023:11:45:00 -0500] "GET /BLA/boletinlegal/Directivas/2017/Directiva%20No.%2001%20del%2027%20de%20Junio%20de%202018.pdf HTTP/1.1" 304 -
216.245.221.92 - - [21/May/2023:11:45:00 -0500] "HEAD / HTTP/1.1" 200 -
172.22.2.4 - - [21/May/2023:11:47:02 -0500] "HEAD /BLA/boletinlegal/ HTTP/1.1" 200 -
201.245.192.253 - - [21/May/2023:11:48:44 -0500] "POST /kwsrmcab/Wsrmcab  HTTP/1.1" 200 213
172.22.2.4 - - [21/May/2023:11:47:52 -0500] "GET /BLA/boletinlegal/ HTTP/1.1" 200 56754
216.245.221.92 - - [21/May/2023:11:50:00 -0500] "HEAD / HTTP/1.1" 200 -
190.131.253.179 - - [21/May/2023:11:51:25 -0500] "-" 408 -
186.29.181.212 - - [21/May/2023:11:51:59 -0500] "GET /BLA/resoluciones/ HTTP/1.1" 200 13502
186.29.181.212 - - [21/May/2023:11:52:02 -0500] "GET /BLA/resoluciones/index.php?dir=AUTOS+2016%2F HTTP/1.1" 200 329829
201.245.192.253 - - [21/May/2023:11:53:43 -0500] "POST /kwsrmcab/Wsrmcab  HTTP/1.1" 200 213
172.22.2.4 - - [21/May/2023:11:54:03 -0500] "GET /BLA/boletinlegal/.env HTTP/1.1" 404 1038
172.22.2.4 - - [21/May/2023:11:52:52 -0500] "HEAD /BLA/boletinlegal/ HTTP/1.1" 200 -
66.249.66.84 - - [21/May/2023:11:54:39 -0500] "-" 408 -
172.22.2.4 - - [21/May/2023:11:54:05 -0500] "POST /BLA/boletinlegal/ HTTP/1.1" 200 24523
216.245.221.92 - - [21/May/2023:11:55:00 -0500] "HEAD / HTTP/1.1" 200 -
172.22.2.4 - - [21/May/2023:11:53:42 -0500] "GET /BLA/boletinlegal/ HTTP/1.1" 200 55221
157.55.39.210 - - [21/May/2023:11:57:02 -0500] "GET /BLA/resoluciones/RESOLUCIONES%202021/4048.pdf HTTP/1.1" 304 -
173.252.79.10 - - [21/May/2023:11:57:02 -0500] "GET /images/caminos-de-los-cerros-1_optimized.jpeg HTTP/1.1" 200 49537
173.252.95.6 - - [21/May/2023:11:57:24 -0500] "GET /semana-santa-dias-y-horarios-para-visitar-el-camino-guadalupe-aguanoso.html HTTP/1.1" 206 943
173.252.95.5 - - [21/May/2023:11:57:30 -0500] "GET /semana-santa-dias-y-horarios-para-visitar-el-camino-guadalupe-aguanoso.html HTTP/1.1" 206 943
201.245.192.253 - - [21/May/2023:11:58:42 -0500] "POST /kwsrmcab/Wsrmcab  HTTP/1.1" 200 213
172.22.2.4 - - [21/May/2023:11:58:50 -0500] "GET /BLA/boletinlegal/robots.txt HTTP/1.1" 404 1037
172.22.2.4 - - [21/May/2023:11:58:51 -0500] "GET /BLA/boletinlegal/Circulares/2023/CIRCULAR%20No.%2000003%20DEL%2021%20DE%20FEBRERO%20DEL%202023.pdf HTTP/1.1" 304 -
186.86.33.16 - - [21/May/2023:11:58:54 -0500] "GET /galeria/galeria/jquery.fancybox.css?v=2.1.5 HTTP/1.1" 200 4895
186.86.33.16 - - [21/May/2023:11:58:54 -0500] "GET /BLA/boletinlegal/js/jquery.scrollShow.js HTTP/1.1" 200 4586
186.86.33.16 - - [21/May/2023:11:58:54 -0500] "GET /galeria/galeria/jquery.fancybox.js?v=2.1.5 HTTP/1.1" 200 48706
186.86.33.16 - - [21/May/2023:11:58:54 -0500] "GET /galeria/galeria/jquery.fancybox.css?v=2.1.5 HTTP/1.1" 200 4895
186.86.33.16 - - [21/May/2023:11:58:55 -0500] "GET /BLA/boletinlegal/js/jquery.scrollShow.js HTTP/1.1" 200 4586
186.86.33.16 - - [21/May/2023:11:58:55 -0500] "GET /galeria/galeria/jquery.fancybox.js?v=2.1.5 HTTP/1.1" 200 48706
216.245.221.92 - - [21/May/2023:12:00:00 -0500] "HEAD / HTTP/1.1" 200 -
172.22.2.4 - - [21/May/2023:11:58:42 -0500] "HEAD /BLA/boletinlegal/ HTTP/1.1" 200 -
173.252.107.1 - - [21/May/2023:12:00:22 -0500] "GET /images/Bogot\xc3\xa1-Regi\xc3\xb3n-unidos-por-el-cuidado-del-agua.jpeg HTTP/1.1" 404 1034
172.22.2.4 - - [21/May/2023:11:59:32 -0500] "GET /BLA/boletinlegal/ HTTP/1.1" 200 59306
172.22.2.4 - - [21/May/2023:12:01:17 -0500] "GET /BLA/boletinlegal/index.php HTTP/1.1" 200 61759
157.55.39.210 - - [21/May/2023:12:03:42 -0500] "GET /Publicaciones/2023EE63131.pdf HTTP/1.1" 404 227
201.245.192.253 - - [21/May/2023:12:03:41 -0500] "POST /kwsrmcab/Wsrmcab  HTTP/1.1" 200 213
216.245.221.92 - - [21/May/2023:12:05:00 -0500] "HEAD / HTTP/1.1" 200 -
172.22.2.4 - - [21/May/2023:12:04:31 -0500] "HEAD /BLA/boletinlegal/ HTTP/1.1" 200 -
157.55.39.210 - - [21/May/2023:12:06:18 -0500] "GET /BLA/resoluciones/AUTOS%202021/0796.pdf HTTP/1.1" 304 -
172.22.2.4 - - [21/May/2023:12:05:22 -0500] "GET /BLA/boletinlegal/ HTTP/1.1" 200 57561
191.156.40.214 - - [21/May/2023:12:08:23 -0500] "-" 408 -
201.245.192.253 - - [21/May/2023:12:08:40 -0500] "POST /kwsrmcab/Wsrmcab  HTTP/1.1" 200 213
168.119.252.243 - - [21/May/2023:12:09:54 -0500] "GET / HTTP/1.1" 200 319
216.245.221.92 - - [21/May/2023:12:10:00 -0500] "HEAD / HTTP/1.1" 200 -
157.55.39.210 - - [21/May/2023:12:10:13 -0500] "GET /BLA/resoluciones/AUTOS%202022/2167.pdf HTTP/1.1" 304 -
52.167.144.46 - - [21/May/2023:12:10:20 -0500] "GET /portaldeninos/los-arboles/tips/ HTTP/1.1" 200 87677
52.167.144.46 - - [21/May/2023:12:10:39 -0500] "GET /portaldeninos/wp-content/plugins/gallery-videos/CSS/Total-Soft-Gallery-Video-Widget.css?ver=4.9.8 HTTP/1.1" 200 51554
52.167.144.46 - - [21/May/2023:12:10:39 -0500] "GET /portaldeninos/wp-content/plugins/gallery-videos/CSS/totalsoft.css?ver=4.9.8 HTTP/1.1" 200 40622
52.167.144.46 - - [21/May/2023:12:10:40 -0500] "GET /portaldeninos/wp-content/plugins/gallery-videos/JS/modernizr.custom.js?ver=4.9.8 HTTP/1.1" 200 9019
52.167.144.46 - - [21/May/2023:12:10:40 -0500] "GET /portaldeninos/wp-content/themes/betheme/assets/jplayer/css/jplayer.blue.monday.css?ver=20.9.6 HTTP/1.1" 200 9834
52.167.144.46 - - [21/May/2023:12:10:40 -0500] "GET /portaldeninos/wp-content/themes/betheme/assets/ui/jquery.ui.all.css?ver=20.9.6 HTTP/1.1" 200 18765
52.167.144.46 - - [21/May/2023:12:10:40 -0500] "GET /portaldeninos/wp-content/themes/betheme/css/base.css?ver=20.9.6 HTTP/1.1" 200 57283
52.167.144.46 - - [21/May/2023:12:10:40 -0500] "GET /portaldeninos/wp-content/themes/betheme/css/layout.css?ver=20.9.6 HTTP/1.1" 200 116639
52.167.144.46 - - [21/May/2023:12:10:40 -0500] "GET /portaldeninos/wp-content/themes/betheme/css/responsive.css?ver=20.9.6 HTTP/1.1" 200 55740
52.167.144.46 - - [21/May/2023:12:10:41 -0500] "GET /portaldeninos/wp-content/themes/betheme/js/scripts.js?ver=20.9.6 HTTP/1.1" 200 77162
52.167.144.46 - - [21/May/2023:12:10:41 -0500] "GET /portaldeninos/wp-content/uploads/useanyfont/uaf.css?ver=1589905315 HTTP/1.1" 200 408
52.167.144.46 - - [21/May/2023:12:10:41 -0500] "GET /portaldeninos/wp-includes/js/jquery/jquery-migrate.min.js?ver=1.4.1 HTTP/1.1" 200 10056
52.167.144.46 - - [21/May/2023:12:10:41 -0500] "GET /portaldeninos/wp-includes/js/jquery/jquery.js?ver=1.12.4 HTTP/1.1" 200 97184
52.167.144.173 - - [21/May/2023:12:10:50 -0500] "GET /portaldeninos/wp-content/themes/betheme/assets/animations/animations.min.css?ver=20.9.6 HTTP/1.1" 200 58508
52.167.144.173 - - [21/May/2023:12:10:51 -0500] "GET /portaldeninos/wp-content/themes/betheme/js/menu.js?ver=20.9.6 HTTP/1.1" 200 2449
52.167.144.173 - - [21/May/2023:12:10:51 -0500] "GET /portaldeninos/wp-includes/js/jquery/ui/accordion.min.js?ver=1.11.4 HTTP/1.1" 200 8584
52.167.144.173 - - [21/May/2023:12:10:51 -0500] "GET /portaldeninos/wp-includes/js/jquery/ui/mouse.min.js?ver=1.11.4 HTTP/1.1" 200 3148
52.167.144.173 - - [21/May/2023:12:10:51 -0500] "GET /portaldeninos/wp-includes/js/jquery/ui/tabs.min.js?ver=1.11.4 HTTP/1.1" 200 12110
52.167.144.173 - - [21/May/2023:12:10:51 -0500] "GET /portaldeninos/wp-includes/js/wp-embed.min.js?ver=4.9.8 HTTP/1.1" 200 1398
52.167.144.173 - - [21/May/2023:12:10:51 -0500] "GET /portaldeninos/wp-includes/js/jquery/ui/widget.min.js?ver=1.11.4 HTTP/1.1" 200 6908
172.22.2.4 - - [21/May/2023:12:10:21 -0500] "HEAD /BLA/boletinlegal/ HTTP/1.1" 200 -
40.77.167.97 - - [21/May/2023:12:12:26 -0500] "GET /BLA/resoluciones/RESOLUCIONES%202021/5035.pdf HTTP/1.1" 200 359752
172.22.2.4 - - [21/May/2023:12:11:12 -0500] "GET /BLA/boletinlegal/ HTTP/1.1" 200 57561
201.245.192.253 - - [21/May/2023:12:13:39 -0500] "POST /kwsrmcab/Wsrmcab  HTTP/1.1" 200 213
173.252.95.1 - - [21/May/2023:12:14:03 -0500] "GET /30-tinguas-azules-volvieron-a-alzar-vuelo-en-el-humedal-jaboque-en-engativa.html HTTP/1.1" 206 1102
40.77.167.97 - - [21/May/2023:12:14:48 -0500] "GET /BLA/resoluciones/AUTOS%202022/2187.pdf HTTP/1.1" 304 -
216.245.221.92 - - [21/May/2023:12:15:00 -0500] "HEAD / HTTP/1.1" 200 -
191.95.52.14 - - [21/May/2023:12:16:26 -0500] "GET /galeria/galeria/jquery.fancybox.css?v=2.1.5 HTTP/1.1" 200 4895
191.95.52.14 - - [21/May/2023:12:16:26 -0500] "GET /BLA/boletinlegal/js/jquery.scrollShow.js HTTP/1.1" 200 4586
191.95.52.14 - - [21/May/2023:12:16:26 -0500] "GET /galeria/galeria/jquery.fancybox.js?v=2.1.5 HTTP/1.1" 200 48706
40.77.167.255 - - [21/May/2023:12:17:19 -0500] "GET /BLA/resoluciones/AUTOS%202013/0338.pdf HTTP/1.1" 200 603482
186.102.21.193 - - [21/May/2023:12:17:20 -0500] "GET /galeria/galeria/jquery.fancybox.css?v=2.1.5 HTTP/1.1" 200 4895
186.102.21.193 - - [21/May/2023:12:17:20 -0500] "GET /BLA/boletinlegal/js/jquery.scrollShow.js HTTP/1.1" 200 4586
186.102.21.193 - - [21/May/2023:12:17:20 -0500] "GET /galeria/galeria/jquery.fancybox.js?v=2.1.5 HTTP/1.1" 200 48706
52.167.144.71 - - [21/May/2023:12:17:33 -0500] "GET /portaldeninos/wp-content/themes/betheme/assets/animations/animations.min.js?ver=20.9.6 HTTP/1.1" 200 1896
52.167.144.71 - - [21/May/2023:12:17:33 -0500] "GET /portaldeninos/wp-content/themes/betheme/assets/jplayer/jplayer.min.js?ver=20.9.6 HTTP/1.1" 200 52702
52.167.144.71 - - [21/May/2023:12:17:33 -0500] "GET /portaldeninos/wp-content/themes/betheme/css/shortcodes.css?ver=20.9.6 HTTP/1.1" 200 138889
52.167.144.71 - - [21/May/2023:12:17:34 -0500] "GET /portaldeninos/wp-content/themes/betheme/js/plugins.js?ver=20.9.6 HTTP/1.1" 200 197151
52.167.144.71 - - [21/May/2023:12:17:34 -0500] "GET /portaldeninos/wp-content/themes/betheme/style.css?ver=20.9.6 HTTP/1.1" 200 287
52.167.144.71 - - [21/May/2023:12:17:34 -0500] "GET /portaldeninos/wp-includes/js/jquery/ui/core.min.js?ver=1.11.4 HTTP/1.1" 200 4000
52.167.144.71 - - [21/May/2023:12:17:34 -0500] "GET /portaldeninos/wp-includes/js/jquery/ui/sortable.min.js?ver=1.11.4 HTTP/1.1" 200 24899
52.167.144.71 - - [21/May/2023:12:17:35 -0500] "GET /portaldeninos/wp-includes/js/wp-emoji-release.min.js?ver=4.9.8 HTTP/1.1" 200 12026
172.22.2.4 - - [21/May/2023:12:16:11 -0500] "HEAD /BLA/boletinlegal/ HTTP/1.1" 200 -
190.125.127.105 - - [21/May/2023:12:18:13 -0500] "GET /postulate-al-programa-de-mujeres-por-el-cambio-climatico-en-bogota.html HTTP/1.1" 304 -
201.245.192.253 - - [21/May/2023:12:18:33 -0500] "POST /kwsrmcab/Wsrmcab HTTP/1.1" 200 42151
201.245.192.253 - - [21/May/2023:12:18:36 -0500] "POST /kwsrmcab/Wsrmcab HTTP/1.1" 200 43697
181.155.99.101 - - [21/May/2023:12:18:38 -0500] "GET /BLA/boletinlegal/js/jquery.scrollShow.js HTTP/1.1" 200 4586
181.155.99.101 - - [21/May/2023:12:18:38 -0500] "GET /galeria/galeria/jquery.fancybox.css?v=2.1.5 HTTP/1.1" 200 4895
181.155.99.101 - - [21/May/2023:12:18:38 -0500] "GET /galeria/galeria/jquery.fancybox.js?v=2.1.5 HTTP/1.1" 200 48706
201.245.192.253 - - [21/May/2023:12:18:38 -0500] "POST /kwsrmcab/Wsrmcab  HTTP/1.1" 200 213
172.22.2.4 - - [21/May/2023:12:17:02 -0500] "GET /BLA/boletinlegal/ HTTP/1.1" 200 55571
190.125.203.219 - - [21/May/2023:12:18:49 -0500] "GET /galeria/galeria/jquery.fancybox.css?v=2.1.5 HTTP/1.1" 200 4895
190.125.203.219 - - [21/May/2023:12:18:49 -0500] "GET /BLA/boletinlegal/js/jquery.scrollShow.js HTTP/1.1" 200 4586
190.125.203.219 - - [21/May/2023:12:18:49 -0500] "GET /galeria/galeria/jquery.fancybox.js?v=2.1.5 HTTP/1.1" 200 48706
186.102.34.218 - - [21/May/2023:12:18:51 -0500] "GET /galeria/galeria/jquery.fancybox.css?v=2.1.5 HTTP/1.1" 200 4895
186.102.34.218 - - [21/May/2023:12:18:51 -0500] "GET /BLA/boletinlegal/js/jquery.scrollShow.js HTTP/1.1" 200 4586
186.102.34.218 - - [21/May/2023:12:18:51 -0500] "GET /galeria/galeria/jquery.fancybox.js?v=2.1.5 HTTP/1.1" 200 48706
179.32.61.134 - - [21/May/2023:12:19:00 -0500] "GET /BLA/boletinlegal/js/jquery.scrollShow.js HTTP/1.1" 200 4586
179.32.61.134 - - [21/May/2023:12:19:00 -0500] "GET /galeria/galeria/jquery.fancybox.css?v=2.1.5 HTTP/1.1" 200 4895
179.32.61.134 - - [21/May/2023:12:19:00 -0500] "GET /galeria/galeria/jquery.fancybox.js?v=2.1.5 HTTP/1.1" 200 48706
216.245.221.92 - - [21/May/2023:12:20:00 -0500] "HEAD / HTTP/1.1" 200 -
190.27.57.15 - - [21/May/2023:12:20:53 -0500] "GET /sipse/faces/javax.faces.resource/theme.css?ln=primefaces-sipse HTTP/1.1" 304 -
190.27.57.15 - - [21/May/2023:12:20:54 -0500] "GET /sipse/faces/faces/faces/faces/faces/faces/autenticacion.xhtml HTTP/1.1" 200 12178
190.27.57.15 - - [21/May/2023:12:20:54 -0500] "GET /sipse/faces/javax.faces.resource/primefaces.css?ln=primefaces&v=4.0 HTTP/1.1" 304 -
190.27.57.15 - - [21/May/2023:12:20:54 -0500] "GET /sipse/faces/javax.faces.resource/theme.css?ln=primefaces-sipse HTTP/1.1" 304 -
190.27.57.15 - - [21/May/2023:12:20:54 -0500] "GET /sipse/faces/javax.faces.resource/layout/layout.css?ln=primefaces&v=4.0 HTTP/1.1" 304 -
190.27.57.15 - - [21/May/2023:12:20:54 -0500] "GET /sipse/faces/javax.faces.resource/jquery/jquery.js?ln=primefaces&v=4.0 HTTP/1.1" 200 105384
190.27.57.15 - - [21/May/2023:12:20:54 -0500] "GET /sipse/faces/javax.faces.resource/layout/layout.js?ln=primefaces&v=4.0 HTTP/1.1" 200 87560
190.27.57.15 - - [21/May/2023:12:20:54 -0500] "GET /sipse/faces/javax.faces.resource/jquery/jquery-plugins.js?ln=primefaces&v=4.0 HTTP/1.1" 200 220526
190.27.57.15 - - [21/May/2023:12:20:54 -0500] "GET /sipse/faces/javax.faces.resource/primefaces.js?ln=primefaces&v=4.0 HTTP/1.1" 200 276924
190.27.57.15 - - [21/May/2023:12:20:54 -0500] "GET /sipse/faces/javax.faces.resource/images/ui-icons_898989_256x240.png?ln=primefaces-aristo HTTP/1.1" 304 -
179.19.222.44 - - [21/May/2023:12:21:03 -0500] "GET /galeria/galeria/jquery.fancybox.css?v=2.1.5 HTTP/1.1" 200 4895
179.19.222.44 - - [21/May/2023:12:21:03 -0500] "GET /BLA/boletinlegal/js/jquery.scrollShow.js HTTP/1.1" 200 4586
179.19.222.44 - - [21/May/2023:12:21:03 -0500] "GET /galeria/galeria/jquery.fancybox.js?v=2.1.5 HTTP/1.1" 200 48706
201.245.192.253 - - [21/May/2023:12:23:36 -0500] "POST /kwsrmcab/Wsrmcab  HTTP/1.1" 200 213
172.22.2.4 - - [21/May/2023:12:22:01 -0500] "HEAD /BLA/boletinlegal/ HTTP/1.1" 200 -
172.22.2.4 - - [21/May/2023:12:22:52 -0500] "GET /BLA/boletinlegal/ HTTP/1.1" 200 58663
216.245.221.92 - - [21/May/2023:12:25:00 -0500] "HEAD / HTTP/1.1" 200 -
40.77.190.148 - - [21/May/2023:12:26:37 -0500] "GET /portaldeninos/wp-content/themes/betheme/fonts/mfn-icons.woff?93978679 HTTP/1.1" 200 80932
191.156.60.185 - - [21/May/2023:12:27:27 -0500] "GET /galeria/galeria/jquery.fancybox.js?v=2.1.5 HTTP/1.1" 200 48706
191.156.60.185 - - [21/May/2023:12:27:27 -0500] "GET /BLA/boletinlegal/js/jquery.scrollShow.js HTTP/1.1" 200 4586
191.156.53.45 - - [21/May/2023:12:27:27 -0500] "GET /galeria/galeria/jquery.fancybox.css?v=2.1.5 HTTP/1.1" 200 4895
167.0.130.100 - - [21/May/2023:12:27:44 -0500] "GET /BLA/boletinlegal/js/jquery.scrollShow.js HTTP/1.1" 200 4586
167.0.130.100 - - [21/May/2023:12:27:44 -0500] "GET /galeria/galeria/jquery.fancybox.js?v=2.1.5 HTTP/1.1" 200 48706
167.0.130.100 - - [21/May/2023:12:27:44 -0500] "GET /galeria/galeria/jquery.fancybox.css?v=2.1.5 HTTP/1.1" 200 4895
34.140.130.61 - - [21/May/2023:12:27:44 -0500] "GET / HTTP/1.1" 200 319
201.245.192.253 - - [21/May/2023:12:28:34 -0500] "POST /kwsrmcab/Wsrmcab HTTP/1.1" 200 42151
201.245.192.253 - - [21/May/2023:12:28:35 -0500] "POST /kwsrmcab/Wsrmcab  HTTP/1.1" 200 213
191.102.117.217 - - [21/May/2023:12:28:37 -0500] "GET /forest/ HTTP/1.1" 200 12041
201.245.192.253 - - [21/May/2023:12:28:37 -0500] "POST /kwsrmcab/Wsrmcab HTTP/1.1" 200 43697
191.102.117.217 - - [21/May/2023:12:28:41 -0500] "POST /forest/index.php HTTP/1.1" 200 12268
172.22.2.4 - - [21/May/2023:12:28:56 -0500] "GET /BLA/boletinlegal/normativa.php HTTP/1.1" 200 8343
172.22.2.4 - - [21/May/2023:12:28:56 -0500] "GET /BLA/boletinlegal/styles2.css HTTP/1.1" 200 1838
172.22.2.4 - - [21/May/2023:12:28:56 -0500] "GET /BLA/boletinlegal/js/ajax_normativa.js HTTP/1.1" 200 1154
172.22.2.4 - - [21/May/2023:12:28:56 -0500] "GET /BLA/boletinlegal/niceforms-default.css HTTP/1.1" 200 6694
172.22.2.4 - - [21/May/2023:12:28:56 -0500] "GET /BLA/boletinlegal/style.css HTTP/1.1" 200 9406
172.22.2.4 - - [21/May/2023:12:28:56 -0500] "GET /BLA/boletinlegal/niceforms.js HTTP/1.1" 200 22876
172.22.2.4 - - [21/May/2023:12:28:56 -0500] "GET /BLA/boletinlegal/images/cabezote%20BLEGAL.jpg HTTP/1.1" 200 118164
172.22.2.4 - - [21/May/2023:12:28:56 -0500] "GET /BLA/boletinlegal/images/historia.png HTTP/1.1" 200 52775
172.22.2.4 - - [21/May/2023:12:28:56 -0500] "GET /BLA/boletinlegal/images/subscribe-icon-big.png HTTP/1.1" 200 47702
172.22.2.4 - - [21/May/2023:12:28:56 -0500] "GET /BLA/boletinlegal/images/registro-usuarios.png HTTP/1.1" 200 8106
172.22.2.4 - - [21/May/2023:12:28:56 -0500] "GET /BLA/boletinlegal/images/tel.png HTTP/1.1" 200 14477
172.22.2.4 - - [21/May/2023:12:28:56 -0500] "GET /BLA/boletinlegal/images/menu_rght.gif HTTP/1.1" 200 1627
172.22.2.4 - - [21/May/2023:12:28:56 -0500] "GET /BLA/boletinlegal/images/body_bg.jpg HTTP/1.1" 200 1601
172.22.2.4 - - [21/May/2023:12:28:57 -0500] "GET /BLA/boletinlegal/images/menu_lft.gif HTTP/1.1" 200 1713
172.22.2.4 - - [21/May/2023:12:28:57 -0500] "GET /BLA/boletinlegal/images/bg_top.jpg HTTP/1.1" 200 522
172.22.2.4 - - [21/May/2023:12:28:57 -0500] "GET /BLA/boletinlegal/images/text.jpg HTTP/1.1" 200 568
172.22.2.4 - - [21/May/2023:12:28:57 -0500] "GET /BLA/boletinlegal/images/menu_bg.jpg HTTP/1.1" 200 620
172.22.2.4 - - [21/May/2023:12:28:57 -0500] "GET /BLA/boletinlegal/images/hover.jpg HTTP/1.1" 200 640
172.22.2.4 - - [21/May/2023:12:28:57 -0500] "GET /BLA/boletinlegal/images/footer_bg.jpg HTTP/1.1" 200 586
172.22.2.4 - - [21/May/2023:12:28:57 -0500] "GET /BLA/boletinlegal/images/icono-email.png HTTP/1.1" 200 5544
172.22.2.4 - - [21/May/2023:12:28:57 -0500] "GET /BLA/boletinlegal/images/footer_bg_l.jpg HTTP/1.1" 200 776
172.22.2.4 - - [21/May/2023:12:28:57 -0500] "GET /BLA/boletinlegal/img/0.png HTTP/1.1" 200 110
172.22.2.4 - - [21/May/2023:12:28:57 -0500] "GET /BLA/boletinlegal/img/select-left.png HTTP/1.1" 200 263
172.22.2.4 - - [21/May/2023:12:28:57 -0500] "GET /BLA/boletinlegal/img/select-right.png HTTP/1.1" 200 44019
172.22.2.4 - - [21/May/2023:12:28:57 -0500] "GET /BLA/boletinlegal/img/button.png HTTP/1.1" 200 43241
172.22.2.4 - - [21/May/2023:12:28:57 -0500] "GET /BLA/boletinlegal/img/button-right.png HTTP/1.1" 200 57878
172.22.2.4 - - [21/May/2023:12:28:57 -0500] "GET /BLA/boletinlegal/img/button-left.png HTTP/1.1" 200 57071
172.22.2.4 - - [21/May/2023:12:28:57 -0500] "GET /BLA/boletinlegal/favicon.ico HTTP/1.1" 404 1334
172.22.2.4 - - [21/May/2023:12:29:16 -0500] "GET /BLA/boletinlegal/consulta_normativa.php?tipo=&sector=publicidad&ano=&resuelve= HTTP/1.1" 200 28346
172.22.2.4 - - [21/May/2023:12:29:16 -0500] "GET /BLA/boletinlegal/images/docs.png HTTP/1.1" 200 10288
172.22.2.4 - - [21/May/2023:12:29:16 -0500] "GET /BLA/boletinlegal/images/background.gif HTTP/1.1" 200 -
172.22.2.4 - - [21/May/2023:12:27:51 -0500] "HEAD /BLA/boletinlegal/ HTTP/1.1" 200 -
216.245.221.92 - - [21/May/2023:12:30:00 -0500] "HEAD / HTTP/1.1" 200 -
172.22.2.4 - - [21/May/2023:12:28:42 -0500] "GET /BLA/boletinlegal/ HTTP/1.1" 200 53924
172.22.2.4 - - [21/May/2023:12:31:12 -0500] "GET /BLA/boletinlegal/consulta_normativa.php?tipo=&sector=publicidad&ano=&resuelve= HTTP/1.1" 200 28346
172.22.2.4 - - [21/May/2023:12:31:22 -0500] "GET /BLA/boletinlegal/consulta_normativa.php?tipo=&sector=publicidad&ano=2021&resuelve= HTTP/1.1" 200 454
172.22.2.4 - - [21/May/2023:12:31:28 -0500] "GET /BLA/boletinlegal/consulta_normativa.php?tipo=&sector=publicidad&ano=2022&resuelve= HTTP/1.1" 200 454
172.22.2.4 - - [21/May/2023:12:31:29 -0500] "GET /BLA/boletinlegal/consulta_normativa.php?tipo=&sector=publicidad&ano=2022&resuelve= HTTP/1.1" 200 454
172.22.2.4 - - [21/May/2023:12:31:34 -0500] "GET /BLA/boletinlegal/consulta_normativa.php?tipo=&sector=publicidad&ano=2020&resuelve= HTTP/1.1" 200 454
172.22.2.4 - - [21/May/2023:12:31:35 -0500] "GET /BLA/boletinlegal/consulta_normativa.php?tipo=&sector=publicidad&ano=2020&resuelve= HTTP/1.1" 200 454
172.22.2.4 - - [21/May/2023:12:31:36 -0500] "GET /BLA/boletinlegal/consulta_normativa.php?tipo=&sector=publicidad&ano=2020&resuelve= HTTP/1.1" 200 454
172.22.2.4 - - [21/May/2023:12:31:40 -0500] "GET /BLA/boletinlegal/consulta_normativa.php?tipo=&sector=publicidad&ano=2019&resuelve= HTTP/1.1" 200 1251
40.77.167.97 - - [21/May/2023:12:32:06 -0500] "GET /BLA/resoluciones/AUTOS%202013/0110.pdf HTTP/1.1" 200 1314671
201.245.192.253 - - [21/May/2023:12:33:34 -0500] "POST /kwsrmcab/Wsrmcab  HTTP/1.1" 200 213
172.22.2.4 - - [21/May/2023:12:33:36 -0500] "GET /BLA/boletinlegal/consulta_normativa.php?tipo=&sector=publicidad&ano=2000&resuelve= HTTP/1.1" 200 1308
172.22.2.4 - - [21/May/2023:12:34:02 -0500] "GET /BLA/boletinlegal/consulta_normativa.php?tipo=&sector=publicidad&ano=2022&resuelve= HTTP/1.1" 200 454
172.22.2.4 - - [21/May/2023:12:34:07 -0500] "GET /BLA/boletinlegal/consulta_normativa.php?tipo=&sector=publicidad&ano=2022&resuelve= HTTP/1.1" 200 454
172.22.2.4 - - [21/May/2023:12:34:30 -0500] "GET /BLA/boletinlegal/consulta_normativa.php?tipo=&sector=publicidad&ano=2003&resuelve= HTTP/1.1" 200 1661
216.245.221.92 - - [21/May/2023:12:35:00 -0500] "HEAD / HTTP/1.1" 200 -
172.22.2.4 - - [21/May/2023:12:33:41 -0500] "HEAD /BLA/boletinlegal/ HTTP/1.1" 200 -
172.22.2.4 - - [21/May/2023:12:34:32 -0500] "GET /BLA/boletinlegal/ HTTP/1.1" 200 53924
172.22.2.4 - - [21/May/2023:12:35:18 -0500] "GET /BLA/boletinlegal/ HTTP/1.1" 200 36811
172.22.2.4 - - [21/May/2023:12:36:34 -0500] "GET /BLA/boletinlegal/Circulares/2018/Circular%20No.%2010%20del%2021%20de%20Septiembre%20de%202018.pdf HTTP/1.1" 304 -
201.245.192.253 - - [21/May/2023:12:38:32 -0500] "POST /kwsrmcab/Wsrmcab  HTTP/1.1" 200 213
201.245.192.253 - - [21/May/2023:12:38:34 -0500] "POST /kwsrmcab/Wsrmcab HTTP/1.1" 200 42151
201.245.192.253 - - [21/May/2023:12:38:36 -0500] "POST /kwsrmcab/Wsrmcab HTTP/1.1" 200 43697
40.77.167.97 - - [21/May/2023:12:38:47 -0500] "GET /Publicaciones/2023EE70909.pdf HTTP/1.1" 404 227
216.245.221.92 - - [21/May/2023:12:40:00 -0500] "HEAD / HTTP/1.1" 200 -
172.22.2.4 - - [21/May/2023:12:39:31 -0500] "HEAD /BLA/boletinlegal/ HTTP/1.1" 200 -
186.29.181.212 - - [21/May/2023:12:41:32 -0500] "GET /BLA/resoluciones/index.php?dir=AUTOS+2016%2F HTTP/1.1" 200 329829
172.22.2.4 - - [21/May/2023:12:40:22 -0500] "GET /BLA/boletinlegal/ HTTP/1.1" 200 53114
201.245.192.253 - - [21/May/2023:12:43:31 -0500] "POST /kwsrmcab/Wsrmcab  HTTP/1.1" 200 213
52.167.144.71 - - [21/May/2023:12:43:36 -0500] "GET /portaldeninos/parque-mirador-de-los-nevados/ HTTP/1.1" 200 89855
172.22.2.4 - - [21/May/2023:12:42:50 -0500] "GET /BLA/boletinlegal/ HTTP/1.1" 200 61759
216.245.221.92 - - [21/May/2023:12:45:00 -0500] "HEAD / HTTP/1.1" 200 -
172.22.2.4 - - [21/May/2023:12:44:31 -0500] "GET /BLA/boletinlegal/ HTTP/1.1" 200 36811
130.44.212.126 - - [21/May/2023:12:46:29 -0500] "GET /galeria/galeria/fotos/Humedal-la-conejera4P.jpg HTTP/1.1" 200 33365
172.22.2.4 - - [21/May/2023:12:44:50 -0500] "GET /BLA/boletinlegal/ HTTP/1.1" 200 47199
172.22.2.4 - - [21/May/2023:12:46:30 -0500] "GET /BLA/boletinlegal/favicon.ico HTTP/1.1" 404 1038
172.22.2.4 - - [21/May/2023:12:45:21 -0500] "HEAD /BLA/boletinlegal/ HTTP/1.1" 200 -
172.22.2.4 - - [21/May/2023:12:46:12 -0500] "GET /BLA/boletinlegal/ HTTP/1.1" 200 54808
201.245.192.253 - - [21/May/2023:12:48:30 -0500] "POST /kwsrmcab/Wsrmcab  HTTP/1.1" 200 213
74.125.151.168 - - [21/May/2023:12:48:54 -0500] "GET / HTTP/1.1" 200 4720
216.245.221.92 - - [21/May/2023:12:50:00 -0500] "HEAD / HTTP/1.1" 200 -
181.61.47.180 - - [21/May/2023:12:51:27 -0500] "GET /galeria/galeria/jquery.fancybox.css?v=2.1.5 HTTP/1.1" 200 4895
181.61.47.180 - - [21/May/2023:12:51:27 -0500] "GET /BLA/boletinlegal/js/jquery.scrollShow.js HTTP/1.1" 200 4586
181.61.47.180 - - [21/May/2023:12:51:27 -0500] "GET /galeria/galeria/jquery.fancybox.js?v=2.1.5 HTTP/1.1" 200 48706
172.22.2.4 - - [21/May/2023:12:51:11 -0500] "HEAD /BLA/boletinlegal/ HTTP/1.1" 200 -
201.245.192.253 - - [21/May/2023:12:53:29 -0500] "POST /kwsrmcab/Wsrmcab  HTTP/1.1" 200 213
172.22.2.4 - - [21/May/2023:12:52:02 -0500] "GET /BLA/boletinlegal/ HTTP/1.1" 200 59306
216.245.221.92 - - [21/May/2023:12:55:00 -0500] "HEAD / HTTP/1.1" 200 -
201.245.192.253 - - [21/May/2023:12:58:28 -0500] "POST /kwsrmcab/Wsrmcab  HTTP/1.1" 200 213
172.22.2.4 - - [21/May/2023:12:57:01 -0500] "HEAD /BLA/boletinlegal/ HTTP/1.1" 200 -
172.22.2.4 - - [21/May/2023:12:57:52 -0500] "GET /BLA/boletinlegal/ HTTP/1.1" 200 59306
216.245.221.92 - - [21/May/2023:13:00:00 -0500] "HEAD / HTTP/1.1" 200 -
201.245.192.253 - - [21/May/2023:13:03:26 -0500] "POST /kwsrmcab/Wsrmcab  HTTP/1.1" 200 213
52.167.144.46 - - [21/May/2023:13:03:53 -0500] "GET /portaldeninos/humedal-la-conejera-2/ HTTP/1.1" 200 88020
157.55.39.210 - - [21/May/2023:13:03:59 -0500] "GET /BLA/resoluciones/AUTOS%202022/6728.pdf HTTP/1.1" 200 1462142
172.22.2.4 - - [21/May/2023:13:02:51 -0500] "HEAD /BLA/boletinlegal/ HTTP/1.1" 200 -
5.225.90.112 - - [21/May/2023:13:04:46 -0500] "GET /galeria/carrusel/Carrusel/jquery.thumbnailScroller.css HTTP/1.1" 200 2066
5.225.90.112 - - [21/May/2023:13:04:46 -0500] "GET /galeria/carrusel/Carrusel/jquery-ui-1.8.13.custom.min.js HTTP/1.1" 200 10800
5.225.90.112 - - [21/May/2023:13:04:46 -0500] "GET /galeria/carrusel/Carrusel/jquery.thumbnailScroller.js HTTP/1.1" 200 8157
5.225.90.112 - - [21/May/2023:13:04:46 -0500] "GET /galeria/nivo-slider/demo/banner.html HTTP/1.1" 200 5446
5.225.90.112 - - [21/May/2023:13:04:46 -0500] "GET /galeria/nivo-slider/themes/default/default.css HTTP/1.1" 200 1569
5.225.90.112 - - [21/May/2023:13:04:46 -0500] "GET /galeria/nivo-slider/themes/orman/orman.css HTTP/1.1" 200 2152
5.225.90.112 - - [21/May/2023:13:04:46 -0500] "GET /galeria/nivo-slider/themes/pascal/pascal.css HTTP/1.1" 200 2258
5.225.90.112 - - [21/May/2023:13:04:46 -0500] "GET /galeria/nivo-slider/nivo-slider.css HTTP/1.1" 200 1507
5.225.90.112 - - [21/May/2023:13:04:46 -0500] "GET /galeria/nivo-slider/demo/style.css HTTP/1.1" 200 2222
5.225.90.112 - - [21/May/2023:13:04:46 -0500] "GET /galeria/nivo-slider/demo/images/banneraire2021.jpg HTTP/1.1" 200 265101
5.225.90.112 - - [21/May/2023:13:04:47 -0500] "GET /galeria/nivo-slider/demo/images/Bannerplasticosseptiembre.jpg HTTP/1.1" 200 45633
5.225.90.112 - - [21/May/2023:13:04:47 -0500] "GET /galeria/nivo-slider/demo/images/bannerrutaesperanza.jpg HTTP/1.1" 200 55560
5.225.90.112 - - [21/May/2023:13:04:47 -0500] "GET /galeria/nivo-slider/demo/images/Bannersedeelectronica.jpg HTTP/1.1" 200 40383
5.225.90.112 - - [21/May/2023:13:04:47 -0500] "GET /galeria/nivo-slider/demo/images/bannerresiduoshospitalariosagosto.jpg HTTP/1.1" 200 36499
5.225.90.112 - - [21/May/2023:13:04:47 -0500] "GET /galeria/nivo-slider/demo/images/Bannermujeresquereverdecen.jpg HTTP/1.1" 200 46558
5.225.90.112 - - [21/May/2023:13:04:48 -0500] "GET /galeria/nivo-slider/demo/images/bannertrafico_optimized.jpg HTTP/1.1" 200 42578
5.225.90.112 - - [21/May/2023:13:04:48 -0500] "GET /galeria/nivo-slider/demo/scripts/jquery-1.7.1.min.js HTTP/1.1" 200 93868
5.225.90.112 - - [21/May/2023:13:04:48 -0500] "GET /galeria/nivo-slider/demo/images/4Simple_Slider.png HTTP/1.1" 200 11722
5.225.90.112 - - [21/May/2023:13:04:48 -0500] "GET /galeria/nivo-slider/demo/images/bannertortuga_optimized.jpg HTTP/1.1" 200 39066
5.225.90.112 - - [21/May/2023:13:04:48 -0500] "GET /galeria/nivo-slider/themes/default/loading.gif HTTP/1.1" 200 1737
5.225.90.112 - - [21/May/2023:13:04:48 -0500] "GET /galeria/nivo-slider/jquery.nivo.slider.pack.js HTTP/1.1" 200 11561
5.225.90.112 - - [21/May/2023:13:04:48 -0500] "GET /galeria/nivo-slider/demo/images/banneraccionpopularcrr68.jpg HTTP/1.1" 200 51887
5.225.90.112 - - [21/May/2023:13:04:48 -0500] "GET /galeria/nivo-slider/demo/images/banneraccionpopular.jpeg HTTP/1.1" 200 41707
5.225.90.112 - - [21/May/2023:13:04:48 -0500] "GET /galeria/nivo-slider/demo/images/bannerclases2021.jpg HTTP/1.1" 200 68230
5.225.90.112 - - [21/May/2023:13:04:48 -0500] "GET /galeria/nivo-slider/demo/images/bannercapacitacionesbogota.jpg HTTP/1.1" 200 42416
5.225.90.112 - - [21/May/2023:13:04:48 -0500] "GET /galeria/nivo-slider/demo/images/Bannerenvases.jpg HTTP/1.1" 200 37316
5.225.90.112 - - [21/May/2023:13:04:48 -0500] "GET /galeria/nivo-slider/demo/images/Bannervirtualescanales.jpg HTTP/1.1" 200 174544
5.225.90.112 - - [21/May/2023:13:04:49 -0500] "GET /galeria/nivo-slider/themes/default/arrows.png HTTP/1.1" 200 824
5.225.90.112 - - [21/May/2023:13:04:49 -0500] "GET /galeria/nivo-slider/themes/default/bullets.png HTTP/1.1" 200 1281
216.245.221.92 - - [21/May/2023:13:05:00 -0500] "HEAD / HTTP/1.1" 200 -
172.22.2.4 - - [21/May/2023:13:03:42 -0500] "GET /BLA/boletinlegal/ HTTP/1.1" 200 57561
52.167.144.71 - - [21/May/2023:13:06:08 -0500] "GET /portaldeninos/wp-content/themes/betheme/fonts/mfn-icons.ttf?93978679 HTTP/1.1" 200 124684
52.167.144.71 - - [21/May/2023:13:06:08 -0500] "GET /portaldeninos/wp-content/themes/betheme/assets/jplayer/jplayer.min.js?ver=20.9.6 HTTP/1.1" 200 52702
201.245.192.253 - - [21/May/2023:13:08:25 -0500] "POST /kwsrmcab/Wsrmcab  HTTP/1.1" 200 213
216.245.221.92 - - [21/May/2023:13:10:00 -0500] "HEAD / HTTP/1.1" 200 -
172.22.2.4 - - [21/May/2023:13:08:41 -0500] "HEAD /BLA/boletinlegal/ HTTP/1.1" 200 -
172.22.2.4 - - [21/May/2023:13:09:32 -0500] "GET /BLA/boletinlegal/ HTTP/1.1" 200 57945
