186.102.4.203 - - [22/May/2023:13:02:45 -0500] "GET /kwssiamovil/sm/acme/s?s=U2FsdGVkX19Hl0cbvSLpmor0GyzS8Rv43LgFfx2qoyng0lR8T6NHUMNoanLThi7Qt2VLe9M+XqGfvlXQy1qWeTnabYU6X8wCLNrLbKSD87K8xvQWirszNLoL+DnEpJ4RjnXos2lxajyBgK8BGONbPgAsAa3ndE2v2s+Za+43Qwxf0zIjEyJkP+syJkl4eErE4w6CpFjeCZq2GjhpSt+kHVu6Xegx6PGzh90zllYNlvaplfFBK/2bQybhZEtQboRk5AyIKmJMORyV85awSYGhKTomy7C4PeVsz5FxS9qBS6WlovXkkj0/MBoFD57gWHQWJ5mKvtE9HbVZ5qFxO71CzJdQZXl2PGVdIycOQ2mcM1P4h4ubk+P3msLIR3npQ6lG9y4uz0uEGZD6RinG148QZL0iU5IHiftakPprVTYi5T1eZx1YsOgoW2EA/qBarV4B1XLrvDNvnd8fBTpbJx7ut0fzfSo6CTdV8Nlkr/wH/NyQcKjBSepAAP+jWsjmKRtvTyrd7GGnbUeASvthhZyl0phtlCJZupguV8e6t6ejdrcjudTBJ0HGQHCNaGDa3tCJfzSftco1j7ptjrOlJi5YVHZnNrIntu0EGbWJd7VV5CgRjDUB5X7FFnRwwaHbKcz/of6T5drd/eEuxjNtc7xvth6fZ5gj5oT/aU8w7nO7JtT/wiKRFFw/fquvKly/jHXKs9e4xAq4Dss/cqF5yxjeN7MCCM5oo3YoQzzpkA1ycGu8gvqnFGpZV+4BPxkks8BP&u=U2FsdGVkX1/U316EdyeQL5w4qHICpvqit/VneOq4zlE=&y=U2FsdGVkX1/XcpaMhs8cSeSv0AhsWCeDhgcreHaSr7s= HTTP/1.1" 200 208
186.102.4.203 - - [22/May/2023:13:02:45 -0500] "GET /kwssiamovil/sm/cjson/pre?f=1&x=U2FsdGVkX1/A3mPAX2pecP3MxEKY+4FT6OOwYKsxlR1vyA8IJYTZmvKbRjBno2r8 HTTP/1.1" 200 31032
40.77.167.146 - - [22/May/2023:13:02:52 -0500] "GET /BLA/resoluciones/AUTOS%202021/6475.pdf HTTP/1.1" 304 -
172.22.2.4 - - [22/May/2023:13:02:59 -0500] "GET /BLA/boletinlegal/consulta_actos.php?tipo=resoluciones&no=2354&usuario=&sector=&fecha=2021&resuelve= HTTP/1.1" 200 1255
179.32.142.83 - - [22/May/2023:13:03:01 -0500] "GET /BLA/resoluciones/RESOLUCIONES%202021/2354.pdf HTTP/1.1" 200 1048615
201.245.192.253 - - [22/May/2023:13:03:19 -0500] "POST /kwsrmcab/Wsrmcab  HTTP/1.1" 200 43978
186.155.74.167 - - [22/May/2023:13:03:22 -0500] "GET /galeria/galeria/jquery.fancybox.css?v=2.1.5 HTTP/1.1" 200 4895
186.155.74.167 - - [22/May/2023:13:03:22 -0500] "GET /BLA/boletinlegal/js/jquery.scrollShow.js HTTP/1.1" 200 4586
186.155.74.167 - - [22/May/2023:13:03:22 -0500] "GET /galeria/galeria/jquery.fancybox.js?v=2.1.5 HTTP/1.1" 200 48706
216.245.221.92 - - [22/May/2023:13:05:57 -0500] "HEAD / HTTP/1.1" 200 -
66.249.66.84 - - [22/May/2023:13:06:03 -0500] "-" 408 -
172.22.2.4 - - [22/May/2023:13:05:07 -0500] "HEAD /BLA/boletinlegal/ HTTP/1.1" 200 -
157.55.39.210 - - [22/May/2023:13:07:24 -0500] "GET /BLA/resoluciones/AUTOS%202020/3301.pdf HTTP/1.1" 200 331536
172.22.2.4 - - [22/May/2023:13:05:57 -0500] "GET /BLA/boletinlegal/ HTTP/1.1" 200 53114
201.245.192.253 - - [22/May/2023:13:08:18 -0500] "POST /kwsrmcab/Wsrmcab  HTTP/1.1" 200 43978
40.77.167.97 - - [22/May/2023:13:09:02 -0500] "GET /BLA/resoluciones/AUTOS%202019/4069.pdf HTTP/1.1" 304 -
216.245.221.92 - - [22/May/2023:13:10:57 -0500] "HEAD / HTTP/1.1" 200 -
172.22.2.4 - - [22/May/2023:13:10:57 -0500] "HEAD /BLA/boletinlegal/ HTTP/1.1" 200 -
168.119.252.242 - - [22/May/2023:13:12:40 -0500] "GET / HTTP/1.1" 200 319
66.249.79.130 - - [22/May/2023:13:13:11 -0500] "-" 408 -
40.77.167.97 - - [22/May/2023:13:13:14 -0500] "GET /BLA/resoluciones/AUTOS%202021/1908.pdf HTTP/1.1" 304 -
201.245.192.253 - - [22/May/2023:13:13:17 -0500] "POST /kwsrmcab/Wsrmcab  HTTP/1.1" 200 43978
172.22.2.4 - - [22/May/2023:13:13:25 -0500] "GET /BLA/boletinlegal/consulta_actos.php?tipo=resoluciones&no=3113&usuario=&sector=&fecha=2019&resuelve= HTTP/1.1" 200 1155
179.32.142.83 - - [22/May/2023:13:13:27 -0500] "GET /BLA/resoluciones/RESOLUCIONES%202019/3113.pdf HTTP/1.1" 200 959332
172.22.2.4 - - [22/May/2023:13:11:47 -0500] "GET /BLA/boletinlegal/ HTTP/1.1" 200 59306
188.165.87.108 - - [22/May/2023:13:13:45 -0500] "GET /portaldeninos/ HTTP/1.1" 200 110197
216.245.221.92 - - [22/May/2023:13:15:57 -0500] "HEAD / HTTP/1.1" 200 -
94.102.61.10 - - [22/May/2023:13:17:15 -0500] "GET / HTTP/1.1" 200 319
201.245.192.253 - - [22/May/2023:13:18:15 -0500] "POST /kwsrmcab/Wsrmcab  HTTP/1.1" 200 43978
172.22.2.4 - - [22/May/2023:13:16:47 -0500] "HEAD /BLA/boletinlegal/ HTTP/1.1" 200 -
172.22.2.4 - - [22/May/2023:13:17:37 -0500] "GET /BLA/boletinlegal/ HTTP/1.1" 200 52326
201.245.192.253 - - [22/May/2023:13:19:30 -0500] "POST /kwsrmcab/Wsrmcab HTTP/1.1" 200 42819
201.245.192.253 - - [22/May/2023:13:19:33 -0500] "POST /kwsrmcab/Wsrmcab HTTP/1.1" 200 43691
40.77.167.97 - - [22/May/2023:13:20:05 -0500] "GET /BLA/resoluciones/AUTOS%202021/3225.pdf HTTP/1.1" 304 -
187.208.7.115 - - [22/May/2023:13:20:11 -0500] "GET /galeria/galeria/jquery.fancybox.css?v=2.1.5 HTTP/1.1" 200 4895
187.208.7.115 - - [22/May/2023:13:20:11 -0500] "GET /BLA/boletinlegal/js/jquery.scrollShow.js HTTP/1.1" 200 4586
187.208.7.115 - - [22/May/2023:13:20:12 -0500] "GET /galeria/galeria/jquery.fancybox.js?v=2.1.5 HTTP/1.1" 200 48706
216.245.221.92 - - [22/May/2023:13:20:57 -0500] "HEAD / HTTP/1.1" 200 -
201.245.192.253 - - [22/May/2023:13:23:14 -0500] "POST /kwsrmcab/Wsrmcab  HTTP/1.1" 200 43978
172.22.2.4 - - [22/May/2023:13:22:37 -0500] "HEAD /BLA/boletinlegal/ HTTP/1.1" 200 -
157.55.39.210 - - [22/May/2023:13:24:46 -0500] "GET /BLA/resoluciones/RESOLUCIONES%202019/0421.pdf HTTP/1.1" 200 234080
172.22.2.4 - - [22/May/2023:13:23:27 -0500] "GET /BLA/boletinlegal/ HTTP/1.1" 200 57945
52.167.144.46 - - [22/May/2023:13:25:38 -0500] "GET /images/abril-Rueda-de-prensa-Van-der-Hammen.jpeg HTTP/1.1" 200 89228
216.245.221.92 - - [22/May/2023:13:25:57 -0500] "HEAD / HTTP/1.1" 200 -
186.30.82.39 - - [22/May/2023:13:28:08 -0500] "GET /postulate-al-programa-de-mujeres-por-el-cambio-climatico-en-bogota.html HTTP/1.1" 200 856
201.245.192.253 - - [22/May/2023:13:28:13 -0500] "POST /kwsrmcab/Wsrmcab  HTTP/1.1" 200 43978
201.245.192.253 - - [22/May/2023:13:29:30 -0500] "POST /kwsrmcab/Wsrmcab HTTP/1.1" 200 42819
201.245.192.253 - - [22/May/2023:13:29:32 -0500] "POST /kwsrmcab/Wsrmcab HTTP/1.1" 200 43691
172.22.2.4 - - [22/May/2023:13:28:27 -0500] "HEAD /BLA/boletinlegal/ HTTP/1.1" 200 -
45.238.182.198 - - [22/May/2023:13:30:08 -0500] "GET /mujeres-que-reverdecen-secretaria-de-ambiente-anuncia-300-cupos-para-la-tercera-fase-del-programa.html HTTP/1.1" 200 823
172.22.2.4 - - [22/May/2023:13:30:34 -0500] "GET /BLA/boletinlegal/robots.txt HTTP/1.1" 404 1140
172.22.2.4 - - [22/May/2023:13:30:39 -0500] "GET /BLA/boletinlegal/consulta_actos.php?tipo=resoluciones&no=1923&usuario=&sector=&fecha=2021&resuelve= HTTP/1.1" 200 1257
179.32.142.83 - - [22/May/2023:13:30:44 -0500] "GET /BLA/resoluciones/RESOLUCIONES%202021/1923.pdf HTTP/1.1" 200 1380017
172.22.2.4 - - [22/May/2023:13:29:17 -0500] "GET /BLA/boletinlegal/ HTTP/1.1" 200 55934
216.245.221.92 - - [22/May/2023:13:30:57 -0500] "HEAD / HTTP/1.1" 200 -
66.249.79.233 - - [22/May/2023:13:32:40 -0500] "GET /mujeres-que-reverdecen-secretaria-de-ambiente-anuncia-300-cupos-para-la-tercera-fase-del-programa.html HTTP/1.1" 200 823
201.245.192.253 - - [22/May/2023:13:33:12 -0500] "POST /kwsrmcab/Wsrmcab  HTTP/1.1" 200 43978
186.28.61.22 - - [22/May/2023:13:33:24 -0500] "GET /BLA/resoluciones/index.php?dir=AUTOS+2016%2F HTTP/1.1" 200 12235
186.28.61.22 - - [22/May/2023:13:33:25 -0500] "GET /BLA/resoluciones/index.php?dir=AUTOS+2016%2F HTTP/1.1" 200 329829
186.28.61.22 - - [22/May/2023:13:33:41 -0500] "GET /BLA/resoluciones/AUTOS%202016/1526.pdf HTTP/1.1" 200 1768736
186.28.61.22 - - [22/May/2023:13:33:41 -0500] "GET /BLA/resoluciones/AUTOS%202016/1526.pdf HTTP/1.1" 200 1768736
186.28.61.22 - - [22/May/2023:13:33:41 -0500] "GET /BLA/resoluciones/AUTOS%202016/1526.pdf HTTP/1.1" 200 1768736
186.28.61.22 - - [22/May/2023:13:33:41 -0500] "GET /BLA/resoluciones/AUTOS%202016/1526.pdf HTTP/1.1" 206 1025
173.252.95.18 - - [22/May/2023:13:33:48 -0500] "GET /elabora-tu-jardin-vertical-y-contribuye-a-mitigar-los-efectos-del-cambio-climatico.html HTTP/1.1" 206 985
40.77.167.146 - - [22/May/2023:13:35:04 -0500] "GET /BLA/resoluciones/AUTOS%202021/5761.pdf HTTP/1.1" 304 -
172.22.2.4 - - [22/May/2023:13:34:16 -0500] "HEAD /BLA/boletinlegal/ HTTP/1.1" 200 -
216.245.221.92 - - [22/May/2023:13:35:57 -0500] "HEAD / HTTP/1.1" 200 -
40.77.167.97 - - [22/May/2023:13:36:25 -0500] "GET /BLA/resoluciones/AUTOS%202022/4230.pdf HTTP/1.1" 200 355202
172.22.2.4 - - [22/May/2023:13:35:07 -0500] "GET /BLA/boletinlegal/ HTTP/1.1" 200 52730
172.22.2.4 - - [22/May/2023:13:37:12 -0500] "GET /BLA/boletinlegal/Directivas/2009/Directiva%20No.%20del%2023%20de%20Diciembre%20de%202009.pdf HTTP/1.1" 304 -
201.245.192.253 - - [22/May/2023:13:38:11 -0500] "POST /kwsrmcab/Wsrmcab  HTTP/1.1" 200 43978
201.245.192.253 - - [22/May/2023:13:39:29 -0500] "POST /kwsrmcab/Wsrmcab HTTP/1.1" 200 42819
201.245.192.253 - - [22/May/2023:13:39:32 -0500] "POST /kwsrmcab/Wsrmcab HTTP/1.1" 200 43691
172.22.2.4 - - [22/May/2023:13:39:42 -0500] "GET /BLA/boletinlegal/consulta_actos.php?tipo=resoluciones&no=1540&usuario=&sector=&fecha=2021&resuelve= HTTP/1.1" 200 1101
179.32.142.83 - - [22/May/2023:13:39:45 -0500] "GET /BLA/resoluciones/RESOLUCIONES%202021/1540.pdf HTTP/1.1" 200 457842
216.245.221.92 - - [22/May/2023:13:40:57 -0500] "HEAD / HTTP/1.1" 200 -
172.22.2.4 - - [22/May/2023:13:40:06 -0500] "HEAD /BLA/boletinlegal/ HTTP/1.1" 200 -
181.59.3.54 - - [22/May/2023:13:41:59 -0500] "GET /mujeres-que-reverdecen-secretaria-de-ambiente-anuncia-300-cupos-para-la-tercera-fase-del-programa.html HTTP/1.1" 200 823
157.55.39.210 - - [22/May/2023:13:42:18 -0500] "GET /BLA/resoluciones/AUTOS%202021/6541.pdf HTTP/1.1" 304 -
172.22.2.4 - - [22/May/2023:13:40:59 -0500] "GET /BLA/boletinlegal/ HTTP/1.1" 200 57151
201.245.192.253 - - [22/May/2023:13:43:10 -0500] "POST /kwsrmcab/Wsrmcab  HTTP/1.1" 200 43978
172.22.2.4 - - [22/May/2023:13:44:05 -0500] "GET /BLA/boletinlegal/robots.txt HTTP/1.1" 404 1038
172.22.2.4 - - [22/May/2023:13:44:05 -0500] "GET /BLA/boletinlegal/Circulares/2009/Circular%20Instructiva%20-%20Memorando%202009IE24363.pdf HTTP/1.1" 200 1544636
172.22.2.4 - - [22/May/2023:13:44:07 -0500] "GET /BLA/boletinlegal/Circulares/2009/Circular%20No.%2035%20del%2024%20de%20Diciembre%20de%202009.pdf HTTP/1.1" 200 578234
172.22.2.4 - - [22/May/2023:13:44:07 -0500] "GET /BLA/boletinlegal/Circulares/2010/Circular%2001%20de%2018%20de%20febrero%20de%202010.pdf HTTP/1.1" 200 72083
172.22.2.4 - - [22/May/2023:13:44:07 -0500] "GET /BLA/boletinlegal/Circulares/2010/Circular%2002%20de%2025%20de%20febrero%20de%202010.pdf HTTP/1.1" 200 233254
172.22.2.4 - - [22/May/2023:13:44:07 -0500] "GET /BLA/boletinlegal/Circulares/2010/Circular%2003%20de%2015%20de%20marzo%20de%202010.pdf HTTP/1.1" 200 299174
172.22.2.4 - - [22/May/2023:13:44:07 -0500] "GET /BLA/boletinlegal/Circulares/2010/Circular%2004%20de%2021%20de%20abril%20de%202010.pdf HTTP/1.1" 200 682373
172.22.2.4 - - [22/May/2023:13:44:08 -0500] "GET /BLA/boletinlegal/Circulares/2010/Circular%2005%20de%208%20de%20septiembre%20de%202010.pdf HTTP/1.1" 200 2146608
172.22.2.4 - - [22/May/2023:13:44:08 -0500] "GET /BLA/boletinlegal/Circulares/2010/Circular%2006%20de%208%20de%20septiembre%20de%202010.pdf HTTP/1.1" 200 4657752
172.22.2.4 - - [22/May/2023:13:44:09 -0500] "GET /BLA/boletinlegal/Circulares/2011/Circular%20003%20de%20Febrero%20de%202011.pdf HTTP/1.1" 200 224758
172.22.2.4 - - [22/May/2023:13:44:09 -0500] "GET /BLA/boletinlegal/Circulares/2011/Circular%20No.%201%20del%2012%20de%20Abril%20de%202011.pdf HTTP/1.1" 200 366269
172.22.2.4 - - [22/May/2023:13:44:10 -0500] "GET /BLA/boletinlegal/Circulares/2011/Circular%20No.%201%20del%2023%20de%20Febrero%20de%202011.pdf HTTP/1.1" 200 540140
172.22.2.4 - - [22/May/2023:13:44:10 -0500] "GET /BLA/boletinlegal/Circulares/2011/Circular%20No.%202%20del%2026%20de%20Mayo%20de%202011.pdf HTTP/1.1" 200 644194
172.22.2.4 - - [22/May/2023:13:44:10 -0500] "GET /BLA/boletinlegal/Circulares/2011/Circular%20No.%202%20del%2031%20de%20Mayo%20de%202011.pdf HTTP/1.1" 200 496778
172.22.2.4 - - [22/May/2023:13:44:10 -0500] "GET /BLA/boletinlegal/Circulares/2011/Circular%20No.%203%20del%2016%20de%20Junio%20de%202011.pdf HTTP/1.1" 200 346378
172.22.2.4 - - [22/May/2023:13:44:10 -0500] "GET /BLA/boletinlegal/Circulares/2011/Circular%20No.%203%20del%2023%20de%20Junio%20de%202011.pdf HTTP/1.1" 200 1452758
172.22.2.4 - - [22/May/2023:13:44:11 -0500] "GET /BLA/boletinlegal/Circulares/2011/Circular%20No.%204%20del%2012%20de%20Agosto%20de%202011.pdf HTTP/1.1" 200 601047
172.22.2.4 - - [22/May/2023:13:44:11 -0500] "GET /BLA/boletinlegal/Circulares/2011/Circular%20No.%204%20del%2014%20de%20Julio%20de%202011.pdf HTTP/1.1" 200 399895
172.22.2.4 - - [22/May/2023:13:44:11 -0500] "GET /BLA/boletinlegal/Circulares/2011/Circular%20No.%205%20del%2012%20de%20Agosto%20de%202011.pdf HTTP/1.1" 200 431796
172.22.2.4 - - [22/May/2023:13:44:11 -0500] "GET /BLA/boletinlegal/Circulares/2011/Circular%20No.%205%20del%2014%20de%20Julio%20de%202011.pdf HTTP/1.1" 200 1488992
172.22.2.4 - - [22/May/2023:13:44:11 -0500] "GET /BLA/boletinlegal/Circulares/2011/Circular%20No.%206%20del%2023%20de%20Septiembre%20de%202011.pdf HTTP/1.1" 200 252800
172.22.2.4 - - [22/May/2023:13:44:12 -0500] "GET /BLA/boletinlegal/Circulares/2011/Circular%20No.%206%20del%2029%20de%20Julio%20de%202011.pdf HTTP/1.1" 200 262144
172.22.2.4 - - [22/May/2023:13:44:12 -0500] "GET /BLA/boletinlegal/Circulares/2011/Circular%20No.%207%20del%2015%20de%20Septiembre%20de%202011.pdf HTTP/1.1" 200 314873
172.22.2.4 - - [22/May/2023:13:44:12 -0500] "GET /BLA/boletinlegal/Circulares/2011/Circular%20No.%207%20del%2023%20de%20Diciembre%20de%202011.pdf HTTP/1.1" 200 1107785
172.22.2.4 - - [22/May/2023:13:44:12 -0500] "GET /BLA/boletinlegal/Circulares/2011/Circular%20No.%208%20del%2020%20de%20Septiembre%20de%202011.pdf HTTP/1.1" 200 285158
172.22.2.4 - - [22/May/2023:13:44:12 -0500] "GET /BLA/boletinlegal/Circulares/2011/Circular%20No.%209%20del%2003%20de%20Noviembre%20de%202011.pdf HTTP/1.1" 200 54568
172.22.2.4 - - [22/May/2023:13:44:13 -0500] "GET /BLA/boletinlegal/Circulares/2012/Circular%20No.%201%20del%2017%20de%20Enero%20de%202012.pdf HTTP/1.1" 200 1118749
172.22.2.4 - - [22/May/2023:13:44:13 -0500] "GET /BLA/boletinlegal/Circulares/2012/Circular%20No.%2010%20del%2022%20de%20Agosto%20de%202012.pdf HTTP/1.1" 200 1563219
172.22.2.4 - - [22/May/2023:13:44:13 -0500] "GET /BLA/boletinlegal/Circulares/2012/Circular%20No.%2010%20del%2026%20de%20Enero%20de%202012.pdf HTTP/1.1" 404 1038
172.22.2.4 - - [22/May/2023:13:44:13 -0500] "GET /BLA/boletinlegal/Circulares/2012/Circular%20No.%2011%20del%2027%20de%20Agosto%20de%202012.pdf HTTP/1.1" 200 526945
172.22.2.4 - - [22/May/2023:13:44:14 -0500] "GET /BLA/boletinlegal/Circulares/2012/Circular%20No.%2012%20del%2028%20de%20Agosto%20de%202012.pdf HTTP/1.1" 200 369945
172.22.2.4 - - [22/May/2023:13:44:14 -0500] "GET /BLA/boletinlegal/Circulares/2012/Circular%20No.%2013%20del%2006%20de%20Septiembre%20de%202012.pdf HTTP/1.1" 200 351421
172.22.2.4 - - [22/May/2023:13:44:14 -0500] "GET /BLA/boletinlegal/Circulares/2012/Circular%20No.%2014%20del%2011%20de%20Septiembre%20de%202012.pdf HTTP/1.1" 200 3427471
172.22.2.4 - - [22/May/2023:13:44:15 -0500] "GET /BLA/boletinlegal/Circulares/2012/Circular%20No.%2015%20del%2022%20de%20octubre%20de%202012.pdf HTTP/1.1" 200 486506
172.22.2.4 - - [22/May/2023:13:44:15 -0500] "GET /BLA/boletinlegal/Circulares/2012/Circular%20No.%2016%20del%2022%20de%20octubre%20de%202012.pdf HTTP/1.1" 200 381186
172.22.2.4 - - [22/May/2023:13:44:15 -0500] "GET /BLA/boletinlegal/Circulares/2012/Circular%20No.%202%20del%2014%20de%20Marzo%20de%202012.pdf HTTP/1.1" 200 113666
172.22.2.4 - - [22/May/2023:13:44:15 -0500] "GET /BLA/boletinlegal/Circulares/2012/Circular%20No.%203%20del%2023%20de%20Marzo%20de%202012.pdf HTTP/1.1" 200 572950
172.22.2.4 - - [22/May/2023:13:44:16 -0500] "GET /BLA/boletinlegal/Circulares/2012/Circular%20No.%204%20del%2019%20de%20abril%20de%202012.pdf HTTP/1.1" 200 253045
172.22.2.4 - - [22/May/2023:13:44:16 -0500] "GET /BLA/boletinlegal/Circulares/2012/Circular%20No.%205%20del%2027%20de%20Abril%20de%202012.pdf HTTP/1.1" 200 216613
172.22.2.4 - - [22/May/2023:13:44:16 -0500] "GET /BLA/boletinlegal/Circulares/2012/Circular%20No.%206%20del%2025%20de%20Mayo%20de%202012.pdf HTTP/1.1" 200 387391
172.22.2.4 - - [22/May/2023:13:44:16 -0500] "GET /BLA/boletinlegal/Circulares/2012/Circular%20No.%207%20del%2008%20de%20Agosto%20de%202012.pdf HTTP/1.1" 200 972955
172.22.2.4 - - [22/May/2023:13:44:17 -0500] "GET /BLA/boletinlegal/Circulares/2012/Circular%20No.%208%20del%2021%20de%20Agosto%20de%202012.pdf HTTP/1.1" 200 963197
172.22.2.4 - - [22/May/2023:13:44:17 -0500] "GET /BLA/boletinlegal/Circulares/2012/Circular%20No.%209%20del%2021%20de%20Agosto%20de%202012.pdf HTTP/1.1" 200 1402289
172.22.2.4 - - [22/May/2023:13:44:17 -0500] "GET /BLA/boletinlegal/Circulares/2013/Circular%20No.%201%20del%2014%20de%20enero%20de%202013.pdf HTTP/1.1" 200 1298384
172.22.2.4 - - [22/May/2023:13:44:18 -0500] "GET /BLA/boletinlegal/Circulares/2013/Circular%20No.%202%20del%2022%20de%20enero%20de%202013.pdf HTTP/1.1" 200 85466
172.22.2.4 - - [22/May/2023:13:44:18 -0500] "GET /BLA/boletinlegal/Circulares/2013/Circular%20No.%203%20del%2005%20de%20abril%20de%202013.pdf HTTP/1.1" 200 93580
172.22.2.4 - - [22/May/2023:13:44:18 -0500] "GET /BLA/boletinlegal/Circulares/2013/Circular%20No.%204%20del%2005%20de%20junio%20de%202013.pdf HTTP/1.1" 200 130461
172.22.2.4 - - [22/May/2023:13:44:18 -0500] "GET /BLA/boletinlegal/Circulares/2013/Circular%20No.%205%20del%2013%20de%20junio%20de%202013.pdf HTTP/1.1" 200 110904
172.22.2.4 - - [22/May/2023:13:44:18 -0500] "GET /BLA/boletinlegal/Circulares/2013/Circular%20No.%206%20del%2019%20de%20julio%20de%202013.pdf HTTP/1.1" 200 4210437
172.22.2.4 - - [22/May/2023:13:44:20 -0500] "GET /BLA/boletinlegal/Circulares/2013/Circular%20No.%207%20del%201%20de%20Agosto%20de%202013.pdf HTTP/1.1" 200 340934
172.22.2.4 - - [22/May/2023:13:44:21 -0500] "GET /BLA/boletinlegal/Circulares/2013/Circular%20No.%208%20del%201%20de%20Noviembre%20de%202013.pdf HTTP/1.1" 200 385156
172.22.2.4 - - [22/May/2023:13:44:21 -0500] "GET /BLA/boletinlegal/Circulares/2014/Circular%20No.%201%20del%2008%20de%20Mayo%20de%202014.pdf HTTP/1.1" 200 180124
172.22.2.4 - - [22/May/2023:13:44:21 -0500] "GET /BLA/boletinlegal/Circulares/2014/Circular%20No.%202%20del%2021%20de%20septiembre%20de%202014.pdf HTTP/1.1" 200 143376
172.22.2.4 - - [22/May/2023:13:44:21 -0500] "GET /BLA/boletinlegal/Circulares/2014/Circular%20No.%203%20del%2014%20de%20Noviembre%20de%202014.pdf HTTP/1.1" 200 104132
172.22.2.4 - - [22/May/2023:13:44:21 -0500] "GET /BLA/boletinlegal/Circulares/2015/Circular%20No.%201%20del%2010%20de%20Febrero%20de%202015.pdf HTTP/1.1" 200 660637
172.22.2.4 - - [22/May/2023:13:44:21 -0500] "GET /BLA/boletinlegal/Circulares/2015/Circular%20No.%202%20del%201%20de%20julio%20de%202015.pdf HTTP/1.1" 200 752890
172.22.2.4 - - [22/May/2023:13:44:22 -0500] "GET /BLA/boletinlegal/Circulares/2017/Circular%20No.%20011%20del%2005%20de%20julio%20de%202017.pdf HTTP/1.1" 200 965526
172.22.2.4 - - [22/May/2023:13:44:22 -0500] "GET /BLA/boletinlegal/Circulares/2017/Circular%20No.%2007%20del%2028%20de%20Abril%20de%202017.pdf HTTP/1.1" 200 309906
172.22.2.4 - - [22/May/2023:13:44:22 -0500] "GET /BLA/boletinlegal/Circulares/2017/Circular%20No.%201%20del%2030%20de%20Marzo%20de%202017.pdf HTTP/1.1" 200 668532
172.22.2.4 - - [22/May/2023:13:44:22 -0500] "GET /BLA/boletinlegal/Circulares/2017/Circular%20No.%202%20del%201%20de%20Septiembre%20de%202017.pdf HTTP/1.1" 200 152575
172.22.2.4 - - [22/May/2023:13:44:23 -0500] "GET /BLA/boletinlegal/Circulares/2018/CIRCULAR%20COJUNTA%20042%20DE%202018.pdf HTTP/1.1" 200 515008
172.22.2.4 - - [22/May/2023:13:44:23 -0500] "GET /BLA/boletinlegal/Circulares/2018/Circular%20No.%200015%20del%207%20de%20Diciembre%20de%202018.pdf HTTP/1.1" 200 165305
172.22.2.4 - - [22/May/2023:13:44:23 -0500] "GET /BLA/boletinlegal/Circulares/2018/Circular%20No.%2010%20del%2021%20de%20Septiembre%20de%202018.pdf HTTP/1.1" 200 163426
172.22.2.4 - - [22/May/2023:13:44:23 -0500] "GET /BLA/boletinlegal/Circulares/2018/Circular%20No.%2011%20del%2024%20de%20Septiembre%20de%202018.pdf HTTP/1.1" 200 169541
172.22.2.4 - - [22/May/2023:13:44:23 -0500] "GET /BLA/boletinlegal/Circulares/2019/.pdf HTTP/1.1" 404 1038
172.22.2.4 - - [22/May/2023:13:44:23 -0500] "GET /BLA/boletinlegal/Circulares/2019/Circular%2000018%20del%2020%20de%20noviembre%20de%202019.pdf HTTP/1.1" 200 158030
172.22.2.4 - - [22/May/2023:13:44:24 -0500] "GET /BLA/boletinlegal/Circulares/2019/Circular%2000020%20del%2020%20de%20diciembre%20de%202019.pdf HTTP/1.1" 200 145170
172.22.2.4 - - [22/May/2023:13:44:24 -0500] "GET /BLA/boletinlegal/Circulares/2019/Circular%20No.%200003%20del%2031%20de%20Enero%20de%202019.pdf HTTP/1.1" 200 164676
172.22.2.4 - - [22/May/2023:13:44:24 -0500] "GET /BLA/boletinlegal/Circulares/2019/Circular%20No.%200005%20del%2020%20de%20Marzo%20de%202019.pdf HTTP/1.1" 200 159877
172.22.2.4 - - [22/May/2023:13:44:24 -0500] "GET /BLA/boletinlegal/Circulares/2019/Circular%20No.%200015%20del%2003%20de%20Octubre%20de%202019.pdf HTTP/1.1" 200 165608
172.22.2.4 - - [22/May/2023:13:44:24 -0500] "GET /BLA/boletinlegal/Circulares/2019/Circular%20No.%20006%20del%2008%20de%20Febrero%20de%202019.pdf HTTP/1.1" 200 674401
172.22.2.4 - - [22/May/2023:13:44:25 -0500] "GET /BLA/boletinlegal/Circulares/2019/Circular%20No.%2012%20del%2014%20de%20Marzo%20de%202019.pdf HTTP/1.1" 200 344384
172.22.2.4 - - [22/May/2023:13:44:25 -0500] "GET /BLA/boletinlegal/Circulares/2020/CIRCULAR%20No.%2000014%20del%2001%20de%20septiembre%20del%202020.pdf HTTP/1.1" 200 320826
172.22.2.4 - - [22/May/2023:13:44:25 -0500] "GET /BLA/boletinlegal/Circulares/2020/CIRCULAR%20No.%2000019%20DEL%2018%20DE%20DICIEMBRE%20DEL%202020.pdf HTTP/1.1" 200 307959
172.22.2.4 - - [22/May/2023:13:44:25 -0500] "GET /BLA/boletinlegal/Circulares/2020/Circular%2000010%20del%2027%20de%20julio%20de%202020.pdf HTTP/1.1" 200 422655
172.22.2.4 - - [22/May/2023:13:44:25 -0500] "GET /BLA/boletinlegal/Circulares/2020/Circular%20No.%2000018%20del%2002%20de%20diciembre%20del%202020.pdf HTTP/1.1" 200 276868
172.22.2.4 - - [22/May/2023:13:44:26 -0500] "GET /BLA/boletinlegal/Circulares/2021/CIRCULAR%20No.%2000001%20del%2023%20de%20Febrero%20del%202021.pdf HTTP/1.1" 404 1038
172.22.2.4 - - [22/May/2023:13:44:26 -0500] "GET /BLA/boletinlegal/Circulares/2021/CIRCULAR%20No.%2000002%20del%2011%20de%20marzo%20del%202021.pdf HTTP/1.1" 404 1038
172.22.2.4 - - [22/May/2023:13:44:26 -0500] "GET /BLA/boletinlegal/Circulares/2021/CIRCULAR%20No.%2000003%20del%2009%20de%20Abril%20del%202021.pdf HTTP/1.1" 404 1038
172.22.2.4 - - [22/May/2023:13:44:26 -0500] "GET /BLA/boletinlegal/Circulares/2021/CIRCULAR%20No.%2000006%20DEL%2005%20DE%20AGOSTO%20DEL%202021.pdf HTTP/1.1" 200 249615
172.22.2.4 - - [22/May/2023:13:44:26 -0500] "GET /BLA/boletinlegal/Circulares/2021/CIRCULAR%20No.%2000007%20DEL%2010%20DE%20AGOSTO%20DEL%202021.pdf HTTP/1.1" 200 266364
172.22.2.4 - - [22/May/2023:13:44:26 -0500] "GET /BLA/boletinlegal/Circulares/2021/CIRCULAR%20No.%2000009%20DEL%2001%20DE%20OCTUBRE%20DEL%202021.pdf HTTP/1.1" 200 320793
172.22.2.4 - - [22/May/2023:13:44:27 -0500] "GET /BLA/boletinlegal/Circulares/2022/CIRCULAR%20No.%2000003%20DEL%2007%20DE%20MARZO%20DEL%202022.pdf HTTP/1.1" 200 311468
172.22.2.4 - - [22/May/2023:13:44:27 -0500] "GET /BLA/boletinlegal/Circulares/2022/CIRCULAR%20No.%2000004%20DEL%2019%20DE%20MAYO%20DEL%202022.pdf HTTP/1.1" 200 252981
172.22.2.4 - - [22/May/2023:13:44:27 -0500] "GET /BLA/boletinlegal/Circulares/2022/CIRCULAR%20No.%2000005%20DEL%2030%20DE%20JUNIO%20DEL%202022.pdf HTTP/1.1" 200 370015
172.22.2.4 - - [22/May/2023:13:44:27 -0500] "GET /BLA/boletinlegal/Circulares/2022/CIRCULAR%20No.%2000007%20DEL%2025%20DE%20JULIO%20DEL%202022.pdf HTTP/1.1" 200 277953
172.22.2.4 - - [22/May/2023:13:44:27 -0500] "GET /BLA/boletinlegal/Circulares/2022/CIRCULAR%20No.%2000009%20DEL%2010%20DE%20OCTUBRE%20DEL%202022.pdf HTTP/1.1" 200 292772
172.22.2.4 - - [22/May/2023:13:44:28 -0500] "GET /BLA/boletinlegal/Directivas/2009/Directiva%20No.%20del%2023%20de%20Diciembre%20de%202009.pdf HTTP/1.1" 200 1636862
172.22.2.4 - - [22/May/2023:13:44:28 -0500] "GET /BLA/boletinlegal/Directivas/2011/Directiva%20No.%201%20del%205%20de%20Abril%20de%202011.pdf HTTP/1.1" 200 971292
172.22.2.4 - - [22/May/2023:13:44:29 -0500] "GET /BLA/boletinlegal/Directivas/2011/Directiva%20No.%2010%20del%2028%20de%20Septiembre%20de%202011.pdf HTTP/1.1" 200 465887
172.22.2.4 - - [22/May/2023:13:44:29 -0500] "GET /BLA/boletinlegal/Directivas/2011/Directiva%20No.%2011%20del%2027%20de%20Diciembre%20de%202011.pdf HTTP/1.1" 200 303527
172.22.2.4 - - [22/May/2023:13:44:29 -0500] "GET /BLA/boletinlegal/Directivas/2011/Directiva%20No.%202%20del%2017%20de%20Mayo%20de%202011.pdf HTTP/1.1" 200 495382
172.22.2.4 - - [22/May/2023:13:44:29 -0500] "GET /BLA/boletinlegal/Directivas/2011/Directiva%20No.%203%20del%2027%20de%20Mayo%20de%202011.pdf HTTP/1.1" 200 910420
172.22.2.4 - - [22/May/2023:13:44:29 -0500] "GET /BLA/boletinlegal/Directivas/2011/Directiva%20No.%204%20del%2028%20de%20Junio%20de%202011.pdf HTTP/1.1" 200 960158
172.22.2.4 - - [22/May/2023:13:44:30 -0500] "GET /BLA/boletinlegal/Directivas/2011/Directiva%20No.%205%20del%2029%20de%20Agosto%20de%202011.pdf HTTP/1.1" 200 444404
172.22.2.4 - - [22/May/2023:13:44:30 -0500] "GET /BLA/boletinlegal/Directivas/2011/Directiva%20No.%206%20del%208%20de%20Septiembre%20de%202011.pdf HTTP/1.1" 200 996625
172.22.2.4 - - [22/May/2023:13:44:30 -0500] "GET /BLA/boletinlegal/Directivas/2011/Directiva%20No.%207%20del%2015%20de%20Septiembre%20de%202011.pdf HTTP/1.1" 200 268084
172.22.2.4 - - [22/May/2023:13:44:30 -0500] "GET /BLA/boletinlegal/Directivas/2011/Directiva%20No.%208%20del%2020%20de%20Septiembre%20de%202011.pdf HTTP/1.1" 200 727150
172.22.2.4 - - [22/May/2023:13:44:30 -0500] "GET /BLA/boletinlegal/Directivas/2011/Directiva%20No.%209%20del%2023%20de%20Septiembre%20de%202011.pdf HTTP/1.1" 200 326687
172.22.2.4 - - [22/May/2023:13:44:31 -0500] "GET /BLA/boletinlegal/Directivas/2012/Directiva%20No.%201%20del%2030%20de%20octubre%20de%202012.pdf HTTP/1.1" 200 1522771
172.22.2.4 - - [22/May/2023:13:44:31 -0500] "GET /BLA/boletinlegal/Directivas/2013/Directiva%20No.%201%20del%2004%20de%20Abril%20de%202013.pdf HTTP/1.1" 200 472003
172.22.2.4 - - [22/May/2023:13:44:32 -0500] "GET /BLA/boletinlegal/Directivas/2013/Directiva%20No.%202%20del%2004%20de%20Abril%20de%202013.pdf HTTP/1.1" 200 1182671
172.22.2.4 - - [22/May/2023:13:44:33 -0500] "GET /BLA/boletinlegal/Directivas/2013/Directiva%20No.%203%20del%2016%20de%20julio%20de%202013.pdf HTTP/1.1" 200 127414
172.22.2.4 - - [22/May/2023:13:44:33 -0500] "GET /BLA/boletinlegal/Directivas/2014/Directiva%20No.%201%20del%2010%20de%20Abril%20de%202014.pdf HTTP/1.1" 200 258865
172.22.2.4 - - [22/May/2023:13:44:33 -0500] "GET /BLA/boletinlegal/Directivas/2014/Directiva%20No.%202%20del%205%20de%20Mayo%20de%202014.pdf HTTP/1.1" 200 591315
172.22.2.4 - - [22/May/2023:13:44:33 -0500] "GET /BLA/boletinlegal/Directivas/2014/Directiva%20No.%203%20del%2020%20de%20Mayo%20de%202014.pdf HTTP/1.1" 200 504420
172.22.2.4 - - [22/May/2023:13:44:34 -0500] "GET /BLA/boletinlegal/Directivas/2014/Directiva%20No.%204%20del%2006%20de%20Junio%20de%202014.pdf HTTP/1.1" 200 236794
172.22.2.4 - - [22/May/2023:13:44:34 -0500] "GET /BLA/boletinlegal/Directivas/2014/Directiva%20No.%205%20del%2026%20de%20Diciembre%20de%202014.pdf HTTP/1.1" 200 3424865
172.22.2.4 - - [22/May/2023:13:44:34 -0500] "GET /BLA/boletinlegal/Directivas/2015/Directiva%20No.%2001%20del%2014%20de%20Enero%20de%202015.pdf HTTP/1.1" 200 1416322
172.22.2.4 - - [22/May/2023:13:44:35 -0500] "GET /BLA/boletinlegal/Directivas/2016/Directiva%20No.%2001%20del%2012%20de%20Abril%20de%202016.pdf HTTP/1.1" 200 868354
172.22.2.4 - - [22/May/2023:13:44:35 -0500] "GET /BLA/boletinlegal/Directivas/2016/Directiva%20No.%2002%20del%2019%20de%20Abril%20de%202016.pdf HTTP/1.1" 200 11898321
172.22.2.4 - - [22/May/2023:13:44:39 -0500] "GET /BLA/boletinlegal/Directivas/2016/Directiva%20No.%2003%20del%2026%20de%20Julio%20de%202016.pdf HTTP/1.1" 200 370200
172.22.2.4 - - [22/May/2023:13:44:39 -0500] "GET /BLA/boletinlegal/Directivas/2016/Directiva%20No.%2004%20del%2023%20de%20Diciembre%20de%202016.pdf HTTP/1.1" 200 327098
172.22.2.4 - - [22/May/2023:13:44:40 -0500] "GET /BLA/boletinlegal/Directivas/2017/Directiva%20No.%2001%20del%2017%20de%20Enero%20de%202017.pdf HTTP/1.1" 200 2804310
172.22.2.4 - - [22/May/2023:13:44:41 -0500] "GET /BLA/boletinlegal/Directivas/2017/Directiva%20No.%2001%20del%2027%20de%20Junio%20de%202018.pdf HTTP/1.1" 200 217496
172.22.2.4 - - [22/May/2023:13:44:41 -0500] "GET /BLA/boletinlegal/Directivas/2017/Directiva%20No.%2002%20del%2017%20de%20Enero%20de%202017.pdf HTTP/1.1" 200 3521427
172.22.2.4 - - [22/May/2023:13:44:41 -0500] "GET /BLA/boletinlegal/actos.php HTTP/1.1" 200 9682
172.22.2.4 - - [22/May/2023:13:44:42 -0500] "GET /BLA/boletinlegal/Directivas/2017/Directiva%20No.%2003%20del%2024%20de%20Febrero%20de%202017.pdf HTTP/1.1" 200 6911517
191.156.235.152 - - [22/May/2023:13:44:43 -0500] "GET /BLA/resoluciones/ HTTP/1.1" 200 13502
172.22.2.4 - - [22/May/2023:13:44:44 -0500] "GET /BLA/boletinlegal/Directivas/2017/Directiva%20No.%2004%20del%2028%20de%20Abril%20de%202017.pdf HTTP/1.1" 200 8194919
172.22.2.4 - - [22/May/2023:13:44:48 -0500] "GET /BLA/boletinlegal/Directivas/2017/Directiva%20No.%2005%20del%2013%20de%20Junio%20de%202017.pdf HTTP/1.1" 200 853105
172.22.2.4 - - [22/May/2023:13:44:49 -0500] "GET /BLA/boletinlegal/Directivas/2017/Directiva%20No.%2006%20del%2016%20de%20Agosto%20de%202017.pdf HTTP/1.1" 200 310598
172.22.2.4 - - [22/May/2023:13:44:49 -0500] "GET /BLA/boletinlegal/Directivas/2018/Directiva%20No.%2023%20del%2026%20de%20diciembre%20de%202018.pdf HTTP/1.1" 200 481134
172.22.2.4 - - [22/May/2023:13:44:49 -0500] "GET /BLA/boletinlegal/Directivas/2018/Directiva%20No.%2024%20del%2027%20de%20diciembre%20de%202018.pdf HTTP/1.1" 200 575948
172.22.2.4 - - [22/May/2023:13:44:50 -0500] "GET /BLA/boletinlegal/Directivas/2018/Directiva%20No.%2025%20del%2027%20de%20diciembre%20de%202018.pdf HTTP/1.1" 200 1351319
172.22.2.4 - - [22/May/2023:13:44:51 -0500] "GET /BLA/boletinlegal/Directivas/2018/Directiva%20No.%2026%20del%2028%20de%20diciembre%20de%202018.pdf HTTP/1.1" 200 332220
172.22.2.4 - - [22/May/2023:13:44:51 -0500] "GET /BLA/boletinlegal/Directivas/2018/Directiva%20No.%2027%20del%2028%20de%20diciembre%20de%202018.pdf HTTP/1.1" 200 2831879
172.22.2.4 - - [22/May/2023:13:44:53 -0500] "GET /BLA/boletinlegal/Directivas/2019/Directiva%20008%20del%2001%20de%20noviembre%20de%202019.pdf HTTP/1.1" 200 1382642
172.22.2.4 - - [22/May/2023:13:44:54 -0500] "GET /BLA/boletinlegal/Directivas/2019/Directiva%20No.%200001%20del%2011%20de%20junio%20de%202019.pdf HTTP/1.1" 200 228190
172.22.2.4 - - [22/May/2023:13:44:54 -0500] "GET /BLA/boletinlegal/Directivas/2022/DIRECTIVA%20No.%2000001%20DEL%2015%20DE%20JUNIO%20DEL%202022.pdf HTTP/1.1" 200 290944
172.22.2.4 - - [22/May/2023:13:44:54 -0500] "GET /BLA/boletinlegal/Directivas/2022/DIRECTIVA%20No.%2000002%20DEL%2022%20DE%20JUNIO%20DEL%202022.pdf HTTP/1.1" 200 384175
191.156.235.152 - - [22/May/2023:13:44:53 -0500] "GET /BLA/resoluciones/index.php?dir=AUTOS+2016%2F HTTP/1.1" 200 329829
172.22.2.4 - - [22/May/2023:13:44:55 -0500] "GET /BLA/boletinlegal/actas/079-2013.pdf HTTP/1.1" 200 1500109
172.22.2.4 - - [22/May/2023:13:44:55 -0500] "GET /BLA/boletinlegal/actas/097-2013.pdf HTTP/1.1" 200 164183
172.22.2.4 - - [22/May/2023:13:44:56 -0500] "GET /BLA/boletinlegal/actas/374122.pdf HTTP/1.1" 200 181942
172.22.2.4 - - [22/May/2023:13:44:56 -0500] "GET /BLA/boletinlegal/actas/463597.pdf HTTP/1.1" 200 250044
172.22.2.4 - - [22/May/2023:13:44:56 -0500] "GET /BLA/boletinlegal/actas/466-2017.pdf HTTP/1.1" 200 9170724
172.22.2.4 - - [22/May/2023:13:45:00 -0500] "GET /BLA/boletinlegal/actas/acta%20de%20acuerdo%2001%20adop%20regla%20inter%20CISPAER.pdf HTTP/1.1" 200 837068
172.22.2.4 - - [22/May/2023:13:45:00 -0500] "GET /BLA/boletinlegal/actas/acta%20de%20acuerdo%2002%20adop%20regla%20inter%20mesa%20salud%20ambie.pdf HTTP/1.1" 200 479782
172.22.2.4 - - [22/May/2023:13:45:01 -0500] "GET /BLA/boletinlegal/conceptos/2020/46.pdf HTTP/1.1" 200 350199
191.156.235.152 - - [22/May/2023:13:45:12 -0500] "GET /BLA/resoluciones/AUTOS%202016/2033.pdf HTTP/1.1" 200 591079
191.156.235.152 - - [22/May/2023:13:45:13 -0500] "GET /BLA/resoluciones/AUTOS%202016/2033.pdf HTTP/1.1" 200 591079
191.156.235.152 - - [22/May/2023:13:45:13 -0500] "GET /BLA/resoluciones/AUTOS%202016/2033.pdf HTTP/1.1" 206 1025
172.22.2.4 - - [22/May/2023:13:44:39 -0500] "GET /BLA/boletinlegal/ HTTP/1.1" 200 24523
191.156.235.152 - - [22/May/2023:13:45:20 -0500] "GET /BLA/resoluciones/AUTOS%202016/2033.pdf HTTP/1.1" 206 64512
216.245.221.92 - - [22/May/2023:13:45:57 -0500] "HEAD / HTTP/1.1" 200 -
186.84.20.220 - - [22/May/2023:13:47:17 -0500] "GET /galeria/galeria/jquery.fancybox.css?v=2.1.5 HTTP/1.1" 200 4895
186.84.20.220 - - [22/May/2023:13:47:17 -0500] "GET /BLA/boletinlegal/js/jquery.scrollShow.js HTTP/1.1" 200 4586
186.84.20.220 - - [22/May/2023:13:47:17 -0500] "GET /galeria/galeria/jquery.fancybox.js?v=2.1.5 HTTP/1.1" 200 48706
172.22.2.4 - - [22/May/2023:13:45:56 -0500] "HEAD /BLA/boletinlegal/ HTTP/1.1" 200 -
201.245.192.253 - - [22/May/2023:13:48:09 -0500] "POST /kwsrmcab/Wsrmcab  HTTP/1.1" 200 43978
172.22.2.4 - - [22/May/2023:13:46:47 -0500] "GET /BLA/boletinlegal/ HTTP/1.1" 200 59306
173.252.79.117 - - [22/May/2023:13:50:40 -0500] "GET /images/cr\xc3\xb3nica-29-nov-1_optimized.jpeg HTTP/1.1" 404 1034
216.245.221.92 - - [22/May/2023:13:50:57 -0500] "HEAD / HTTP/1.1" 200 -
40.77.167.146 - - [22/May/2023:13:51:16 -0500] "GET /BLA/resoluciones/AUTOS%202021/4137.pdf HTTP/1.1" 200 350234
201.245.192.253 - - [22/May/2023:13:53:08 -0500] "POST /kwsrmcab/Wsrmcab  HTTP/1.1" 200 43978
172.22.2.4 - - [22/May/2023:13:51:46 -0500] "HEAD /BLA/boletinlegal/ HTTP/1.1" 200 -
172.22.2.4 - - [22/May/2023:13:52:37 -0500] "GET /BLA/boletinlegal/ HTTP/1.1" 200 57945
216.245.221.92 - - [22/May/2023:13:55:57 -0500] "HEAD / HTTP/1.1" 200 -
186.86.32.27 - - [22/May/2023:13:56:59 -0500] "GET /galeria/galeria/jquery.fancybox.css?v=2.1.5 HTTP/1.1" 200 4895
186.86.32.27 - - [22/May/2023:13:56:59 -0500] "GET /BLA/boletinlegal/js/jquery.scrollShow.js HTTP/1.1" 200 4586
186.86.32.27 - - [22/May/2023:13:56:59 -0500] "GET /galeria/galeria/jquery.fancybox.js?v=2.1.5 HTTP/1.1" 200 48706
201.245.192.253 - - [22/May/2023:13:58:06 -0500] "POST /kwsrmcab/Wsrmcab  HTTP/1.1" 200 43978
66.249.79.235 - - [22/May/2023:13:58:11 -0500] "-" 408 -
181.55.222.252 - - [22/May/2023:13:58:54 -0500] "GET /galeria/galeria/jquery.fancybox.css?v=2.1.5 HTTP/1.1" 200 4895
181.55.222.252 - - [22/May/2023:13:58:54 -0500] "GET /BLA/boletinlegal/js/jquery.scrollShow.js HTTP/1.1" 200 4586
181.55.222.252 - - [22/May/2023:13:58:54 -0500] "GET /galeria/galeria/jquery.fancybox.js?v=2.1.5 HTTP/1.1" 200 48706
172.22.2.4 - - [22/May/2023:13:57:36 -0500] "HEAD /BLA/boletinlegal/ HTTP/1.1" 200 -
191.156.235.152 - - [22/May/2023:13:59:21 -0500] "GET /BLA/resoluciones/ HTTP/1.1" 200 13502
191.156.235.152 - - [22/May/2023:13:59:25 -0500] "GET /BLA/resoluciones/index.php?dir=AUTOS+2016%2F HTTP/1.1" 200 329829
191.156.235.152 - - [22/May/2023:13:59:56 -0500] "GET /BLA/resoluciones/AUTOS%202016/2016.pdf HTTP/1.1" 200 492903
191.156.235.152 - - [22/May/2023:13:59:56 -0500] "GET /BLA/resoluciones/AUTOS%202016/2016.pdf HTTP/1.1" 206 1025
191.156.235.152 - - [22/May/2023:13:59:56 -0500] "GET /BLA/resoluciones/AUTOS%202016/2016.pdf HTTP/1.1" 200 492903
191.156.235.152 - - [22/May/2023:13:59:57 -0500] "GET /BLA/resoluciones/AUTOS%202016/2016.pdf HTTP/1.1" 206 64512
191.156.235.152 - - [22/May/2023:14:00:07 -0500] "GET /BLA/resoluciones/ HTTP/1.1" 200 13502
172.22.2.4 - - [22/May/2023:13:58:27 -0500] "GET /BLA/boletinlegal/ HTTP/1.1" 200 57151
191.156.235.152 - - [22/May/2023:14:00:15 -0500] "GET /BLA/resoluciones/index.php?dir=AUTOS+2012%2F HTTP/1.1" 200 276152
216.245.221.92 - - [22/May/2023:14:00:57 -0500] "HEAD / HTTP/1.1" 200 -
40.77.167.97 - - [22/May/2023:14:01:06 -0500] "GET /BLA/resoluciones/AUTOS%202013/2352.pdf HTTP/1.1" 200 780219
40.77.167.97 - - [22/May/2023:14:01:26 -0500] "GET /BLA/resoluciones/RESOLUCIONES%202019/3113.pdf HTTP/1.1" 200 959332
186.29.248.107 - - [22/May/2023:14:01:36 -0500] "GET /galeria/galeria/jquery.fancybox.css?v=2.1.5 HTTP/1.1" 200 4895
186.29.248.107 - - [22/May/2023:14:01:36 -0500] "GET /galeria/galeria/jquery.fancybox.js?v=2.1.5 HTTP/1.1" 200 48706
186.29.248.107 - - [22/May/2023:14:01:36 -0500] "GET /BLA/boletinlegal/js/jquery.scrollShow.js HTTP/1.1" 200 4586
40.77.167.146 - - [22/May/2023:14:02:37 -0500] "GET /BLA/resoluciones/RESOLUCIONES%202018/1474.pdf HTTP/1.1" 304 -
201.245.192.253 - - [22/May/2023:14:03:05 -0500] "POST /kwsrmcab/Wsrmcab  HTTP/1.1" 200 43978
40.77.167.241 - - [22/May/2023:14:04:13 -0500] "GET /BLA/resoluciones/AUTOS%202020/3738.pdf HTTP/1.1" 200 268778
172.22.2.4 - - [22/May/2023:14:03:26 -0500] "HEAD /BLA/boletinlegal/ HTTP/1.1" 200 -
172.22.2.4 - - [22/May/2023:14:04:17 -0500] "GET /BLA/boletinlegal/ HTTP/1.1" 200 57945
216.245.221.92 - - [22/May/2023:14:05:57 -0500] "HEAD / HTTP/1.1" 200 -
34.139.211.50 - - [22/May/2023:14:08:04 -0500] "GET / HTTP/1.1" 200 319
34.139.211.50 - - [22/May/2023:14:08:04 -0500] "\x16\x03\x01" 400 226
34.139.211.50 - - [22/May/2023:14:08:05 -0500] "\x16\x03\x01" 400 226
34.139.211.50 - - [22/May/2023:14:08:05 -0500] "\x16\x03\x01" 400 226
201.245.192.253 - - [22/May/2023:14:08:04 -0500] "POST /kwsrmcab/Wsrmcab  HTTP/1.1" 200 43978
172.22.2.4 - - [22/May/2023:14:08:24 -0500] "GET /BLA/boletinlegal/actos.php HTTP/1.1" 200 9682
172.22.2.4 - - [22/May/2023:14:08:24 -0500] "GET /BLA/boletinlegal/js/ajax_actos.js HTTP/1.1" 200 1322
172.22.2.4 - - [22/May/2023:14:08:24 -0500] "GET /BLA/boletinlegal/styles2.css HTTP/1.1" 200 1838
172.22.2.4 - - [22/May/2023:14:08:24 -0500] "GET /BLA/boletinlegal/niceforms-default.css HTTP/1.1" 200 6694
172.22.2.4 - - [22/May/2023:14:08:24 -0500] "GET /BLA/boletinlegal/style.css HTTP/1.1" 200 9406
172.22.2.4 - - [22/May/2023:14:08:24 -0500] "GET /BLA/boletinlegal/niceforms.js HTTP/1.1" 200 22876
172.22.2.4 - - [22/May/2023:14:08:24 -0500] "GET /BLA/boletinlegal/js/lib.js HTTP/1.1" 200 6474
172.22.2.4 - - [22/May/2023:14:08:24 -0500] "GET /BLA/boletinlegal/js/popup.js HTTP/1.1" 200 1270
172.22.2.4 - - [22/May/2023:14:08:24 -0500] "GET /BLA/boletinlegal/js/jquery1.js HTTP/1.1" 200 29846
172.22.2.4 - - [22/May/2023:14:08:24 -0500] "GET /BLA/boletinlegal/images/cabezote%20BLEGAL.jpg HTTP/1.1" 200 118164
172.22.2.4 - - [22/May/2023:14:08:24 -0500] "GET /BLA/boletinlegal/images/subscribe-icon-big.png HTTP/1.1" 200 47702
172.22.2.4 - - [22/May/2023:14:08:24 -0500] "GET /BLA/boletinlegal/images/historia.png HTTP/1.1" 200 52775
172.22.2.4 - - [22/May/2023:14:08:24 -0500] "GET /BLA/boletinlegal/images/green-yellow-blue-pink-th.png HTTP/1.1" 200 7394
172.22.2.4 - - [22/May/2023:14:08:24 -0500] "GET /BLA/boletinlegal/images/registro-usuarios.png HTTP/1.1" 200 8106
172.22.2.4 - - [22/May/2023:14:08:24 -0500] "GET /BLA/boletinlegal/images/tel.png HTTP/1.1" 200 14477
172.22.2.4 - - [22/May/2023:14:08:24 -0500] "GET /BLA/boletinlegal/images/icono-email.png HTTP/1.1" 200 5544
172.22.2.4 - - [22/May/2023:14:08:24 -0500] "GET /BLA/boletinlegal/images/body_bg.jpg HTTP/1.1" 200 1601
172.22.2.4 - - [22/May/2023:14:08:24 -0500] "GET /BLA/boletinlegal/images/menu_lft.gif HTTP/1.1" 200 1713
172.22.2.4 - - [22/May/2023:14:08:24 -0500] "GET /BLA/boletinlegal/images/menu_rght.gif HTTP/1.1" 200 1627
172.22.2.4 - - [22/May/2023:14:08:24 -0500] "GET /BLA/boletinlegal/images/bg_top.jpg HTTP/1.1" 200 522
172.22.2.4 - - [22/May/2023:14:08:24 -0500] "GET /BLA/boletinlegal/images/footer_bg.jpg HTTP/1.1" 200 586
172.22.2.4 - - [22/May/2023:14:08:24 -0500] "GET /BLA/boletinlegal/images/menu_bg.jpg HTTP/1.1" 200 620
172.22.2.4 - - [22/May/2023:14:08:24 -0500] "GET /BLA/boletinlegal/images/text.jpg HTTP/1.1" 200 568
172.22.2.4 - - [22/May/2023:14:08:24 -0500] "GET /BLA/boletinlegal/images/hover.jpg HTTP/1.1" 200 640
172.22.2.4 - - [22/May/2023:14:08:24 -0500] "GET /BLA/boletinlegal/images/footer_bg_l.jpg HTTP/1.1" 200 776
172.22.2.4 - - [22/May/2023:14:08:24 -0500] "GET /BLA/boletinlegal/img/select-left.png HTTP/1.1" 200 263
172.22.2.4 - - [22/May/2023:14:08:24 -0500] "GET /BLA/boletinlegal/img/select-right.png HTTP/1.1" 200 44019
172.22.2.4 - - [22/May/2023:14:08:24 -0500] "GET /BLA/boletinlegal/img/0.png HTTP/1.1" 200 110
172.22.2.4 - - [22/May/2023:14:08:24 -0500] "GET /BLA/boletinlegal/img/button.png HTTP/1.1" 200 43241
172.22.2.4 - - [22/May/2023:14:08:24 -0500] "GET /BLA/boletinlegal/img/button-right.png HTTP/1.1" 200 57878
172.22.2.4 - - [22/May/2023:14:08:24 -0500] "GET /BLA/boletinlegal/img/button-left.png HTTP/1.1" 200 57071
172.22.2.4 - - [22/May/2023:14:08:24 -0500] "GET /BLA/boletinlegal/favicon.ico HTTP/1.1" 404 1326
181.54.228.54 - - [22/May/2023:14:08:27 -0500] "GET /BLA/resoluciones/ HTTP/1.1" 200 13502
181.54.228.54 - - [22/May/2023:14:08:27 -0500] "GET /BLA/resoluciones/dlf/styles.css HTTP/1.1" 200 3049
181.54.228.54 - - [22/May/2023:14:08:27 -0500] "GET /BLA/resoluciones/dlf/folder.png HTTP/1.1" 200 410
181.54.228.54 - - [22/May/2023:14:08:27 -0500] "GET /BLA/resoluciones/dlf/bg.gif HTTP/1.1" 200 54
181.54.228.54 - - [22/May/2023:14:08:28 -0500] "GET /favicon.ico HTTP/1.1" 200 7782
172.22.2.4 - - [22/May/2023:14:08:37 -0500] "GET /BLA/boletinlegal/jurisprudencia/analisis/AnalisisT-606-15.docx HTTP/1.1" 200 26698
172.22.2.4 - - [22/May/2023:14:08:37 -0500] "GET /BLA/boletinlegal/apple-touch-icon-120x120-precomposed.png HTTP/1.1" 404 1140
172.22.2.4 - - [22/May/2023:14:08:37 -0500] "GET /BLA/boletinlegal/apple-touch-icon-120x120.png HTTP/1.1" 404 1140
172.22.2.4 - - [22/May/2023:14:08:37 -0500] "GET /BLA/boletinlegal/apple-touch-icon-precomposed.png HTTP/1.1" 404 1140
172.22.2.4 - - [22/May/2023:14:08:37 -0500] "GET /BLA/boletinlegal/apple-touch-icon.png HTTP/1.1" 404 1140
172.22.2.4 - - [22/May/2023:14:08:37 -0500] "GET /BLA/boletinlegal/favicon.ico HTTP/1.1" 404 1140
172.22.2.4 - - [22/May/2023:14:08:38 -0500] "GET /BLA/boletinlegal/apple-touch-icon-120x120-precomposed.png HTTP/1.1" 404 1140
172.22.2.4 - - [22/May/2023:14:08:38 -0500] "GET /BLA/boletinlegal/apple-touch-icon-120x120.png HTTP/1.1" 404 1140
172.22.2.4 - - [22/May/2023:14:08:38 -0500] "GET /BLA/boletinlegal/apple-touch-icon-precomposed.png HTTP/1.1" 404 1140
172.22.2.4 - - [22/May/2023:14:08:38 -0500] "GET /BLA/boletinlegal/apple-touch-icon.png HTTP/1.1" 404 1140
172.22.2.4 - - [22/May/2023:14:08:38 -0500] "GET /BLA/boletinlegal/favicon.ico HTTP/1.1" 404 1140
181.54.228.54 - - [22/May/2023:14:08:53 -0500] "GET /BLA/resoluciones/dlf/dirup.png HTTP/1.1" 200 644
181.54.228.54 - - [22/May/2023:14:08:53 -0500] "GET /BLA/resoluciones/dlf/pdf.gif HTTP/1.1" 200 272
181.54.228.54 - - [22/May/2023:14:08:53 -0500] "GET /BLA/resoluciones/dlf/archive.png HTTP/1.1" 200 632
181.54.228.54 - - [22/May/2023:14:08:53 -0500] "GET /BLA/resoluciones/index.php?dir=AUTOS+2022%2F HTTP/1.1" 200 495903
156.59.196.10 - - [22/May/2023:14:09:41 -0500] "GET /galeria/galeria/fotos/mico1P.jpg HTTP/1.1" 200 28110
172.22.2.4 - - [22/May/2023:14:09:16 -0500] "HEAD /BLA/boletinlegal/ HTTP/1.1" 200 -
216.245.221.92 - - [22/May/2023:14:10:57 -0500] "HEAD / HTTP/1.1" 200 -
66.249.79.231 - - [22/May/2023:14:11:00 -0500] "GET /images/actividades-dia-de-la-tierra-2023.jpg HTTP/1.1" 200 85154
66.249.79.233 - - [22/May/2023:14:11:01 -0500] "GET /images/Di%CC%81a-de-la-Tierra-OPEL-banner.jpg HTTP/1.1" 404 1034
172.22.2.4 - - [22/May/2023:14:10:07 -0500] "GET /BLA/boletinlegal/ HTTP/1.1" 200 51977
201.245.192.253 - - [22/May/2023:14:13:03 -0500] "POST /kwsrmcab/Wsrmcab  HTTP/1.1" 200 43978
172.22.2.4 - - [22/May/2023:14:11:41 -0500] "GET /BLA/boletinlegal/ HTTP/1.1" 200 61250
199.16.157.183 - - [22/May/2023:14:14:53 -0500] "-" 408 -
199.16.157.183 - - [22/May/2023:14:14:53 -0500] "-" 408 -
216.245.221.92 - - [22/May/2023:14:15:57 -0500] "HEAD / HTTP/1.1" 200 -
172.22.2.4 - - [22/May/2023:14:16:05 -0500] "GET /BLA/boletinlegal/actos.php HTTP/1.1" 200 9682
172.22.2.4 - - [22/May/2023:14:16:05 -0500] "GET /BLA/boletinlegal/favicon.ico HTTP/1.1" 404 1326
172.22.2.4 - - [22/May/2023:14:16:41 -0500] "GET /BLA/boletinlegal/consulta_actos.php?tipo=autos&no=3115&usuario=&sector=&fecha=2022&resuelve= HTTP/1.1" 200 1067
172.22.2.4 - - [22/May/2023:14:15:06 -0500] "HEAD /BLA/boletinlegal/ HTTP/1.1" 200 -
172.22.2.4 - - [22/May/2023:14:16:03 -0500] "GET /BLA/boletinlegal/ HTTP/1.1" 200 24523
172.22.2.4 - - [22/May/2023:14:15:57 -0500] "GET /BLA/boletinlegal/ HTTP/1.1" 200 48659
201.245.192.253 - - [22/May/2023:14:18:02 -0500] "POST /kwsrmcab/Wsrmcab  HTTP/1.1" 200 43978
172.22.2.4 - - [22/May/2023:14:18:25 -0500] "GET /BLA/boletinlegal/consulta_actos.php?tipo=autos&no=&usuario=crisley%20del%20valle%20andrade%20fernan&sector=&fecha=2022&resuelve= HTTP/1.1" 200 1084
172.22.2.4 - - [22/May/2023:14:16:51 -0500] "GET /BLA/boletinlegal/ HTTP/1.1" 200 57151
201.245.192.253 - - [22/May/2023:14:19:29 -0500] "POST /kwsrmcab/Wsrmcab HTTP/1.1" 200 44107
201.245.192.253 - - [22/May/2023:14:19:32 -0500] "POST /kwsrmcab/Wsrmcab HTTP/1.1" 200 43700
40.77.167.97 - - [22/May/2023:14:20:41 -0500] "GET /BLA/resoluciones/AUTOS%202021/1871.pdf HTTP/1.1" 304 -
185.28.39.99 - - [22/May/2023:14:20:48 -0500] "GET / HTTP/1.0" 200 319
216.245.221.92 - - [22/May/2023:14:20:57 -0500] "HEAD / HTTP/1.1" 200 -
172.22.2.4 - - [22/May/2023:14:20:56 -0500] "HEAD /BLA/boletinlegal/ HTTP/1.1" 200 -
201.245.192.253 - - [22/May/2023:14:23:01 -0500] "POST /kwsrmcab/Wsrmcab  HTTP/1.1" 200 43978
172.22.2.4 - - [22/May/2023:14:21:47 -0500] "GET /BLA/boletinlegal/ HTTP/1.1" 200 55934
198.235.24.121 - - [22/May/2023:14:25:12 -0500] "GET / HTTP/1.0" 200 319
216.245.221.92 - - [22/May/2023:14:25:57 -0500] "HEAD / HTTP/1.1" 200 -
114.119.129.254 - - [22/May/2023:14:27:19 -0500] "-" 408 -
201.245.192.253 - - [22/May/2023:14:28:00 -0500] "POST /kwsrmcab/Wsrmcab  HTTP/1.1" 200 43978
172.22.2.4 - - [22/May/2023:14:26:46 -0500] "HEAD /BLA/boletinlegal/ HTTP/1.1" 200 -
172.22.2.4 - - [22/May/2023:14:27:37 -0500] "GET /BLA/boletinlegal/ HTTP/1.1" 200 59306
40.77.167.255 - - [22/May/2023:14:29:28 -0500] "GET /BLA/resoluciones/RESOLUCIONES%202018/3991.pdf HTTP/1.1" 304 -
201.245.192.253 - - [22/May/2023:14:29:29 -0500] "POST /kwsrmcab/Wsrmcab HTTP/1.1" 200 44107
201.245.192.253 - - [22/May/2023:14:29:32 -0500] "POST /kwsrmcab/Wsrmcab HTTP/1.1" 200 43700
216.245.221.92 - - [22/May/2023:14:30:57 -0500] "HEAD / HTTP/1.1" 200 -
181.61.209.153 - - [22/May/2023:14:32:17 -0500] "GET /BLA/resoluciones/RESOLUCIONES%202018/2418.pdf HTTP/1.1" 200 249141
201.245.192.253 - - [22/May/2023:14:32:59 -0500] "POST /kwsrmcab/Wsrmcab  HTTP/1.1" 200 43978
172.22.2.4 - - [22/May/2023:14:33:08 -0500] "GET /BLA/boletinlegal/actos.php HTTP/1.1" 200 9682
172.22.2.4 - - [22/May/2023:14:33:08 -0500] "GET /BLA/boletinlegal/favicon.ico HTTP/1.1" 404 1326
172.22.2.4 - - [22/May/2023:14:33:17 -0500] "GET /BLA/boletinlegal/consulta_actos.php?tipo=resoluciones&no=0028&usuario=&sector=&fecha=2023&resuelve= HTTP/1.1" 200 1309
181.61.209.153 - - [22/May/2023:14:33:20 -0500] "GET /BLA/resoluciones/RESOLUCIONES%202023/0028.pdf HTTP/1.1" 200 5883213
66.249.66.84 - - [22/May/2023:14:33:35 -0500] "-" 408 -
172.22.2.4 - - [22/May/2023:14:33:05 -0500] "GET /BLA/boletinlegal/ HTTP/1.1" 200 24523
40.77.167.146 - - [22/May/2023:14:33:49 -0500] "GET /BLA/resoluciones/AUTOS%202021/3809.pdf HTTP/1.1" 304 -
172.22.2.4 - - [22/May/2023:14:32:36 -0500] "HEAD /BLA/boletinlegal/ HTTP/1.1" 200 -
172.22.2.4 - - [22/May/2023:14:33:27 -0500] "GET /BLA/boletinlegal/ HTTP/1.1" 200 56287
200.118.62.0 - - [22/May/2023:14:35:56 -0500] "GET /BLA/resoluciones/ HTTP/1.1" 200 13502
216.245.221.92 - - [22/May/2023:14:35:57 -0500] "HEAD / HTTP/1.1" 200 -
200.118.62.0 - - [22/May/2023:14:35:59 -0500] "GET /BLA/resoluciones/index.php?dir=RESOLUCIONES+2015%2F HTTP/1.1" 200 130562
40.77.167.146 - - [22/May/2023:14:37:40 -0500] "GET /BLA/resoluciones/RESOLUCIONES%202019/0953.pdf HTTP/1.1" 304 -
201.245.192.253 - - [22/May/2023:14:37:58 -0500] "POST /kwsrmcab/Wsrmcab  HTTP/1.1" 200 43978
201.245.192.253 - - [22/May/2023:14:39:30 -0500] "POST /kwsrmcab/Wsrmcab HTTP/1.1" 200 44107
201.245.192.253 - - [22/May/2023:14:39:32 -0500] "POST /kwsrmcab/Wsrmcab HTTP/1.1" 200 43700
172.22.2.4 - - [22/May/2023:14:38:26 -0500] "HEAD /BLA/boletinlegal/ HTTP/1.1" 200 -
172.22.2.4 - - [22/May/2023:14:39:17 -0500] "GET /BLA/boletinlegal/ HTTP/1.1" 200 57151
216.245.221.92 - - [22/May/2023:14:40:57 -0500] "HEAD / HTTP/1.1" 200 -
172.22.2.4 - - [22/May/2023:14:41:15 -0500] "GET /BLA/boletinlegal/actos.php HTTP/1.1" 200 9682
172.22.2.4 - - [22/May/2023:14:41:28 -0500] "GET /BLA/boletinlegal/js/ajax_actos.js HTTP/1.1" 200 1322
186.84.90.231 - - [22/May/2023:14:41:35 -0500] "GET /galeria/galeria/jquery.fancybox.css?v=2.1.5 HTTP/1.1" 200 4895
186.84.90.231 - - [22/May/2023:14:41:35 -0500] "GET /BLA/boletinlegal/js/jquery.scrollShow.js HTTP/1.1" 200 4586
186.84.90.231 - - [22/May/2023:14:41:35 -0500] "GET /galeria/galeria/jquery.fancybox.js?v=2.1.5 HTTP/1.1" 200 48706
201.245.192.253 - - [22/May/2023:14:42:57 -0500] "POST /kwsrmcab/Wsrmcab  HTTP/1.1" 200 43978
40.77.167.146 - - [22/May/2023:14:43:30 -0500] "GET /BLA/resoluciones/AUTOS%202022/1744.pdf HTTP/1.1" 304 -
186.80.133.197 - - [22/May/2023:14:43:56 -0500] "GET /BLA/boletinlegal/js/jquery.scrollShow.js HTTP/1.1" 200 4586
186.80.133.197 - - [22/May/2023:14:43:56 -0500] "GET /galeria/galeria/jquery.fancybox.css?v=2.1.5 HTTP/1.1" 200 4895
186.80.133.197 - - [22/May/2023:14:43:56 -0500] "GET /galeria/galeria/jquery.fancybox.js?v=2.1.5 HTTP/1.1" 200 48706
199.16.157.180 - - [22/May/2023:14:45:37 -0500] "GET /con-pinceles-y-acuarelas-veronica-martinez-protege-la-biodiversidad.html HTTP/1.1" 200 990
199.16.157.181 - - [22/May/2023:14:45:38 -0500] "GET /images/cronica-mujer-biodiveridad-30-noviembre.jpg HTTP/1.1" 200 63270
172.22.2.4 - - [22/May/2023:14:44:16 -0500] "HEAD /BLA/boletinlegal/ HTTP/1.1" 200 -
216.245.221.92 - - [22/May/2023:14:45:57 -0500] "HEAD / HTTP/1.1" 200 -
172.22.2.4 - - [22/May/2023:14:45:07 -0500] "GET /BLA/boletinlegal/ HTTP/1.1" 200 58663
