172.22.2.4 - - [22/May/2023:06:40:51 -0500] "GET /BLA/boletinlegal/ HTTP/1.1" 200 52326
201.245.192.253 - - [22/May/2023:06:44:42 -0500] "POST /kwsrmcab/Wsrmcab  HTTP/1.1" 200 43978
216.245.221.92 - - [22/May/2023:06:45:58 -0500] "HEAD / HTTP/1.1" 200 -
172.22.2.4 - - [22/May/2023:06:45:51 -0500] "HEAD /BLA/boletinlegal/ HTTP/1.1" 200 -
172.22.2.4 - - [22/May/2023:06:46:41 -0500] "GET /BLA/boletinlegal/ HTTP/1.1" 200 57151
201.245.192.253 - - [22/May/2023:06:49:41 -0500] "POST /kwsrmcab/Wsrmcab  HTTP/1.1" 200 43978
216.245.221.92 - - [22/May/2023:06:50:58 -0500] "HEAD / HTTP/1.1" 200 -
52.167.144.46 - - [22/May/2023:06:51:51 -0500] "GET /mujeres-que-reverdecen-secretaria-de-ambiente-anuncia-300-cupos-para-la-tercera-fase-del-programa.html HTTP/1.1" 200 823
172.22.2.4 - - [22/May/2023:06:52:13 -0500] "GET /BLA/boletinlegal/robots.txt HTTP/1.1" 404 1037
172.22.2.4 - - [22/May/2023:06:52:13 -0500] "GET /BLA/boletinlegal/Circulares/2023/CIRCULAR%20No.%2000001%20DEL%2020%20DE%20FEBRERO%20DEL%202023.pdf HTTP/1.1" 304 -
172.22.2.4 - - [22/May/2023:06:51:40 -0500] "HEAD /BLA/boletinlegal/ HTTP/1.1" 200 -
172.22.2.4 - - [22/May/2023:06:52:31 -0500] "GET /BLA/boletinlegal/ HTTP/1.1" 200 57561
35.195.93.98 - - [22/May/2023:06:54:27 -0500] "GET / HTTP/1.1" 200 319
201.245.192.253 - - [22/May/2023:06:54:39 -0500] "POST /kwsrmcab/Wsrmcab  HTTP/1.1" 200 43978
216.245.221.92 - - [22/May/2023:06:55:58 -0500] "HEAD / HTTP/1.1" 200 -
172.22.2.4 - - [22/May/2023:06:57:30 -0500] "HEAD /BLA/boletinlegal/ HTTP/1.1" 200 -
201.245.192.253 - - [22/May/2023:06:59:38 -0500] "POST /kwsrmcab/Wsrmcab  HTTP/1.1" 200 43978
172.22.2.4 - - [22/May/2023:06:58:21 -0500] "GET /BLA/boletinlegal/ HTTP/1.1" 200 53924
190.24.73.188 - - [22/May/2023:07:00:29 -0500] "GET /BLA/resoluciones/index.php?dir= HTTP/1.1" 200 13502
190.24.73.188 - - [22/May/2023:07:00:40 -0500] "GET /BLA/resoluciones/index.php?dir=AUTOS+2020%2F HTTP/1.1" 200 328612
190.24.73.188 - - [22/May/2023:07:00:47 -0500] "GET /BLA/resoluciones/AUTOS%202020/1609.pdf HTTP/1.1" 200 973885
216.245.221.92 - - [22/May/2023:07:00:58 -0500] "HEAD / HTTP/1.1" 200 -
157.55.39.210 - - [22/May/2023:07:02:21 -0500] "GET /BLA/resoluciones/AUTOS%202021/2668.pdf HTTP/1.1" 304 -
201.245.192.253 - - [22/May/2023:07:04:37 -0500] "POST /kwsrmcab/Wsrmcab  HTTP/1.1" 200 43978
157.55.39.210 - - [22/May/2023:07:04:52 -0500] "GET /BLA/resoluciones/AUTOS%202021/2271.pdf HTTP/1.1" 304 -
172.22.2.4 - - [22/May/2023:07:03:20 -0500] "HEAD /BLA/boletinlegal/ HTTP/1.1" 200 -
172.22.2.4 - - [22/May/2023:07:04:11 -0500] "GET /BLA/boletinlegal/ HTTP/1.1" 200 52326
216.245.221.92 - - [22/May/2023:07:05:58 -0500] "HEAD / HTTP/1.1" 200 -
172.22.2.4 - - [22/May/2023:07:06:02 -0500] "GET /BLA/boletinlegal/index.php?s=/Index/\\think\\app/invokefunction&function=call_user_func_array&vars[0]=md5&vars[1][]=HelloThinkPHP21 HTTP/1.1" 200 28619
201.245.192.253 - - [22/May/2023:07:09:36 -0500] "POST /kwsrmcab/Wsrmcab  HTTP/1.1" 200 43978
172.22.2.4 - - [22/May/2023:07:09:10 -0500] "HEAD /BLA/boletinlegal/ HTTP/1.1" 200 -
216.245.221.92 - - [22/May/2023:07:10:58 -0500] "HEAD / HTTP/1.1" 200 -
172.22.2.4 - - [22/May/2023:07:10:01 -0500] "GET /BLA/boletinlegal/ HTTP/1.1" 200 53561
123.6.49.49 - - [22/May/2023:07:11:50 -0500] "\x16\x03\x01\x01,\x01" 400 226
183.136.225.32 - - [22/May/2023:07:13:33 -0500] "GET / HTTP/1.1" 200 319
201.245.192.253 - - [22/May/2023:07:14:35 -0500] "POST /kwsrmcab/Wsrmcab  HTTP/1.1" 200 43978
216.245.221.92 - - [22/May/2023:07:15:58 -0500] "HEAD / HTTP/1.1" 200 -
172.22.2.4 - - [22/May/2023:07:15:00 -0500] "HEAD /BLA/boletinlegal/ HTTP/1.1" 200 -
172.22.2.4 - - [22/May/2023:07:15:51 -0500] "GET /BLA/boletinlegal/ HTTP/1.1" 200 57151
101.198.0.188 - - [22/May/2023:07:18:41 -0500] "-" 408 -
172.22.2.4 - - [22/May/2023:07:18:53 -0500] "GET /BLA/boletinlegal/robots.txt HTTP/1.1" 404 1038
172.22.2.4 - - [22/May/2023:07:18:54 -0500] "GET /BLA/boletinlegal/Directivas/2018/Directiva%20No.%2025%20del%2027%20de%20diciembre%20de%202018.pdf HTTP/1.1" 200 1351319
201.245.192.253 - - [22/May/2023:07:19:30 -0500] "POST /kwsrmcab/Wsrmcab HTTP/1.1" 200 43406
201.245.192.253 - - [22/May/2023:07:19:33 -0500] "POST /kwsrmcab/Wsrmcab HTTP/1.1" 200 43424
201.245.192.253 - - [22/May/2023:07:19:34 -0500] "POST /kwsrmcab/Wsrmcab  HTTP/1.1" 200 43978
216.245.221.92 - - [22/May/2023:07:20:58 -0500] "HEAD / HTTP/1.1" 200 -
172.22.2.4 - - [22/May/2023:07:20:50 -0500] "HEAD /BLA/boletinlegal/ HTTP/1.1" 200 -
172.22.2.4 - - [22/May/2023:07:21:41 -0500] "GET /BLA/boletinlegal/ HTTP/1.1" 200 53561
201.245.192.253 - - [22/May/2023:07:24:32 -0500] "POST /kwsrmcab/Wsrmcab  HTTP/1.1" 200 43978
183.136.225.32 - - [22/May/2023:07:25:34 -0500] "GET / HTTP/1.1" 200 319
157.55.39.210 - - [22/May/2023:07:25:55 -0500] "GET /BLA/resoluciones/AUTOS%202021/5334.pdf HTTP/1.1" 304 -
216.245.221.92 - - [22/May/2023:07:25:58 -0500] "HEAD / HTTP/1.1" 200 -
172.22.2.4 - - [22/May/2023:07:26:40 -0500] "HEAD /BLA/boletinlegal/ HTTP/1.1" 200 -
180.163.220.45 - - [22/May/2023:07:28:32 -0500] "-" 408 -
172.22.2.4 - - [22/May/2023:07:27:31 -0500] "GET /BLA/boletinlegal/ HTTP/1.1" 200 55934
201.245.192.253 - - [22/May/2023:07:29:30 -0500] "POST /kwsrmcab/Wsrmcab HTTP/1.1" 200 43406
201.245.192.253 - - [22/May/2023:07:29:31 -0500] "POST /kwsrmcab/Wsrmcab  HTTP/1.1" 200 43978
201.245.192.253 - - [22/May/2023:07:29:33 -0500] "POST /kwsrmcab/Wsrmcab HTTP/1.1" 200 43424
216.245.221.92 - - [22/May/2023:07:30:58 -0500] "HEAD / HTTP/1.1" 200 -
114.119.135.158 - - [22/May/2023:07:31:47 -0500] "-" 408 -
172.22.2.4 - - [22/May/2023:07:32:30 -0500] "HEAD /BLA/boletinlegal/ HTTP/1.1" 200 -
201.245.192.253 - - [22/May/2023:07:34:30 -0500] "POST /kwsrmcab/Wsrmcab  HTTP/1.1" 200 43978
172.22.2.4 - - [22/May/2023:07:33:21 -0500] "GET /BLA/boletinlegal/ HTTP/1.1" 200 59306
190.24.73.188 - - [22/May/2023:07:35:10 -0500] "GET /BLA/resoluciones/index.php?dir=AUTOS+2018%2F HTTP/1.1" 200 458615
216.245.221.92 - - [22/May/2023:07:35:58 -0500] "HEAD / HTTP/1.1" 200 -
40.77.167.97 - - [22/May/2023:07:36:11 -0500] "GET /BLA/resoluciones/RESOLUCIONES%202021/4884.pdf HTTP/1.1" 304 -
172.22.2.4 - - [22/May/2023:07:37:09 -0500] "GET /BLA/boletinlegal/robots.txt HTTP/1.1" 404 1139
172.22.2.4 - - [22/May/2023:07:37:14 -0500] "GET /BLA/boletinlegal/conceptos.php HTTP/1.1" 200 7496
172.22.2.4 - - [22/May/2023:07:37:19 -0500] "GET /BLA/boletinlegal/js/ajax_conceptos.js HTTP/1.1" 200 1326
40.77.167.97 - - [22/May/2023:07:38:10 -0500] "GET /BLA/resoluciones/RESOLUCIONES%202015/0331.pdf HTTP/1.1" 304 -
172.22.2.4 - - [22/May/2023:07:39:27 -0500] "GET /BLA/boletinlegal/jurisprudencia.php HTTP/1.1" 200 17583
201.245.192.253 - - [22/May/2023:07:39:29 -0500] "POST /kwsrmcab/Wsrmcab  HTTP/1.1" 200 43978
201.245.192.253 - - [22/May/2023:07:39:31 -0500] "POST /kwsrmcab/Wsrmcab HTTP/1.1" 200 43406
201.245.192.253 - - [22/May/2023:07:39:34 -0500] "POST /kwsrmcab/Wsrmcab HTTP/1.1" 200 43424
172.22.2.4 - - [22/May/2023:07:39:40 -0500] "GET /BLA/boletinlegal/js/lib.js HTTP/1.1" 200 6474
172.22.2.4 - - [22/May/2023:07:39:50 -0500] "GET /BLA/boletinlegal/js/jquery1.js HTTP/1.1" 200 29846
172.22.2.4 - - [22/May/2023:07:39:50 -0500] "GET /BLA/boletinlegal/js/popup.js HTTP/1.1" 200 1270
172.22.2.4 - - [22/May/2023:07:38:20 -0500] "HEAD /BLA/boletinlegal/ HTTP/1.1" 200 -
40.77.167.97 - - [22/May/2023:07:40:42 -0500] "GET /BLA/resoluciones/RESOLUCIONES%202022/3410.pdf HTTP/1.1" 304 -
172.22.2.4 - - [22/May/2023:07:39:11 -0500] "GET /BLA/boletinlegal/ HTTP/1.1" 200 59656
216.245.221.92 - - [22/May/2023:07:40:58 -0500] "HEAD / HTTP/1.1" 200 -
40.77.167.97 - - [22/May/2023:07:42:23 -0500] "GET /BLA/resoluciones/AUTOS%202021/5808.pdf HTTP/1.1" 304 -
201.245.192.253 - - [22/May/2023:07:44:28 -0500] "POST /kwsrmcab/Wsrmcab  HTTP/1.1" 200 43978
172.22.2.4 - - [22/May/2023:07:44:10 -0500] "HEAD /BLA/boletinlegal/ HTTP/1.1" 200 -
216.245.221.92 - - [22/May/2023:07:45:58 -0500] "HEAD / HTTP/1.1" 200 -
69.171.251.6 - - [22/May/2023:07:46:01 -0500] "GET /images/jardines-verticales-plantas-24-mayo.jpg HTTP/1.1" 200 148288
69.171.251.5 - - [22/May/2023:07:46:01 -0500] "GET /images/jardines-verticales-plantas-24-mayo.jpg HTTP/1.1" 200 148288
172.22.2.4 - - [22/May/2023:07:45:01 -0500] "GET /BLA/boletinlegal/ HTTP/1.1" 200 53924
173.252.79.118 - - [22/May/2023:07:47:27 -0500] "GET /images/eficiencia-energetica-11-marzo.jpg HTTP/1.1" 200 46478
172.22.2.4 - - [22/May/2023:07:47:41 -0500] "GET /BLA/boletinlegal/?XDEBUG_SESSION_START=phpstorm HTTP/1.1" 200 28619
201.245.192.253 - - [22/May/2023:07:49:27 -0500] "POST /kwsrmcab/Wsrmcab  HTTP/1.1" 200 43978
216.245.221.92 - - [22/May/2023:07:50:58 -0500] "HEAD / HTTP/1.1" 200 -
172.22.2.4 - - [22/May/2023:07:50:00 -0500] "HEAD /BLA/boletinlegal/ HTTP/1.1" 200 -
157.55.39.210 - - [22/May/2023:07:51:45 -0500] "GET /Publicaciones/2022EE85800.pdf HTTP/1.1" 404 227
172.22.2.4 - - [22/May/2023:07:50:51 -0500] "GET /BLA/boletinlegal/ HTTP/1.1" 200 56754
157.55.39.210 - - [22/May/2023:07:53:35 -0500] "GET /BLA/resoluciones/AUTOS%202021/1660.pdf HTTP/1.1" 304 -
201.245.192.253 - - [22/May/2023:07:54:26 -0500] "POST /kwsrmcab/Wsrmcab  HTTP/1.1" 200 43978
216.245.221.92 - - [22/May/2023:07:55:58 -0500] "HEAD / HTTP/1.1" 200 -
173.252.95.19 - - [22/May/2023:07:56:23 -0500] "GET /images/negocios-verdes-mayo-2022.jpg HTTP/1.1" 200 48000
168.119.253.21 - - [22/May/2023:07:57:02 -0500] "GET / HTTP/1.1" 200 319
172.22.2.4 - - [22/May/2023:07:55:50 -0500] "HEAD /BLA/boletinlegal/ HTTP/1.1" 200 -
172.22.2.4 - - [22/May/2023:07:56:41 -0500] "GET /BLA/boletinlegal/ HTTP/1.1" 200 55571
201.245.192.253 - - [22/May/2023:07:59:25 -0500] "POST /kwsrmcab/Wsrmcab  HTTP/1.1" 200 43978
172.22.2.4 - - [22/May/2023:08:00:13 -0500] "GET /BLA/boletinlegal/xmlrpc.php HTTP/1.1" 404 1038
152.203.251.43 - - [22/May/2023:08:00:22 -0500] "GET /BLA/resoluciones/ HTTP/1.1" 200 13502
152.203.251.43 - - [22/May/2023:08:00:24 -0500] "GET /BLA/resoluciones/index.php?dir=AUTOS+2015%2F HTTP/1.1" 200 582049
152.203.251.43 - - [22/May/2023:08:00:31 -0500] "GET /BLA/resoluciones/AUTOS%202015/5548.pdf HTTP/1.1" 200 653185
216.245.221.92 - - [22/May/2023:08:00:58 -0500] "HEAD / HTTP/1.1" 200 -
114.119.146.38 - - [22/May/2023:08:02:48 -0500] "-" 408 -
172.22.2.4 - - [22/May/2023:08:01:40 -0500] "HEAD /BLA/boletinlegal/ HTTP/1.1" 200 -
172.22.2.4 - - [22/May/2023:08:02:31 -0500] "GET /BLA/boletinlegal/ HTTP/1.1" 200 52326
201.245.192.253 - - [22/May/2023:08:04:24 -0500] "POST /kwsrmcab/Wsrmcab  HTTP/1.1" 200 43978
157.55.39.210 - - [22/May/2023:08:05:16 -0500] "GET /BLA/resoluciones/RESOLUCIONES%202023/0707.pdf HTTP/1.1" 200 433336
216.245.221.92 - - [22/May/2023:08:05:58 -0500] "HEAD / HTTP/1.1" 200 -
186.85.65.113 - - [22/May/2023:08:06:41 -0500] "GET /postulate-al-programa-de-mujeres-por-el-cambio-climatico-en-bogota.html HTTP/1.1" 200 856
173.252.83.8 - - [22/May/2023:08:06:47 -0500] "GET /images/ecosistema-dia-internacional-tierra-21-abril.jpg HTTP/1.1" 200 30098
188.166.176.144 - - [22/May/2023:08:07:06 -0500] "GET / HTTP/1.1" 200 319
69.63.184.2 - - [22/May/2023:08:07:40 -0500] "GET /alista-tu-camara-y-participa-en-el-reto-naturalista-2023.html HTTP/1.1" 206 743
186.154.35.159 - - [22/May/2023:08:08:16 -0500] "GET /postulate-al-programa-de-mujeres-por-el-cambio-climatico-en-bogota.html HTTP/1.1" 304 -
40.77.167.146 - - [22/May/2023:08:08:35 -0500] "GET /BLA/resoluciones/AUTOS%202021/4594.pdf HTTP/1.1" 304 -
172.22.2.4 - - [22/May/2023:08:07:30 -0500] "HEAD /BLA/boletinlegal/ HTTP/1.1" 200 -
201.245.192.253 - - [22/May/2023:08:09:23 -0500] "POST /kwsrmcab/Wsrmcab  HTTP/1.1" 200 43978
172.22.2.4 - - [22/May/2023:08:09:43 -0500] "POST /BLA/boletinlegal/mifs/.;/services/LogService HTTP/1.1" 404 1158
172.22.2.4 - - [22/May/2023:08:08:21 -0500] "GET /BLA/boletinlegal/ HTTP/1.1" 200 52326
40.77.167.146 - - [22/May/2023:08:10:15 -0500] "GET /BLA/resoluciones/AUTOS%202021/1953.pdf HTTP/1.1" 200 397967
216.245.221.92 - - [22/May/2023:08:10:58 -0500] "HEAD / HTTP/1.1" 200 -
118.184.177.41 - - [22/May/2023:08:11:00 -0500] "GET / HTTP/1.1" 200 319
14.178.232.174 - - [22/May/2023:08:11:19 -0500] "HEAD / HTTP/1.1" 200 -
201.245.192.253 - - [22/May/2023:08:14:23 -0500] "POST /kwsrmcab/Wsrmcab  HTTP/1.1" 200 43978
172.22.2.4 - - [22/May/2023:08:13:20 -0500] "HEAD /BLA/boletinlegal/ HTTP/1.1" 200 -
172.22.2.4 - - [22/May/2023:08:14:11 -0500] "GET /BLA/boletinlegal/ HTTP/1.1" 200 57151
216.245.221.92 - - [22/May/2023:08:15:58 -0500] "HEAD / HTTP/1.1" 200 -
201.245.192.253 - - [22/May/2023:08:19:21 -0500] "POST /kwsrmcab/Wsrmcab  HTTP/1.1" 200 43978
201.245.192.253 - - [22/May/2023:08:19:30 -0500] "POST /kwsrmcab/Wsrmcab HTTP/1.1" 200 43845
201.245.192.253 - - [22/May/2023:08:19:33 -0500] "POST /kwsrmcab/Wsrmcab HTTP/1.1" 200 43427
35.203.211.112 - - [22/May/2023:08:20:18 -0500] "GET / HTTP/1.1" 200 319
172.22.2.4 - - [22/May/2023:08:19:10 -0500] "HEAD /BLA/boletinlegal/ HTTP/1.1" 200 -
216.245.221.92 - - [22/May/2023:08:20:58 -0500] "HEAD / HTTP/1.1" 200 -
172.22.2.4 - - [22/May/2023:08:20:01 -0500] "GET /BLA/boletinlegal/ HTTP/1.1" 200 52326
52.167.144.71 - - [22/May/2023:08:22:14 -0500] "GET /portaldeninos/wp-content/uploads/2020/01/Fauna-gif.gif HTTP/1.1" 200 3779027
172.22.2.4 - - [22/May/2023:08:22:46 -0500] "GET /BLA/boletinlegal/owa/auth/logon.aspx?url=https%3a%2f%2f1%2fecp%2f HTTP/1.1" 404 1018
201.245.192.253 - - [22/May/2023:08:24:20 -0500] "POST /kwsrmcab/Wsrmcab  HTTP/1.1" 200 43978
172.22.2.4 - - [22/May/2023:08:24:31 -0500] "GET /BLA/boletinlegal/ HTTP/1.1" 200 20427
186.102.80.61 - - [22/May/2023:08:25:32 -0500] "OPTIONS /kwssiamovil/sm/setfile/f? HTTP/1.1" 200 13
157.55.39.210 - - [22/May/2023:08:25:48 -0500] "GET /BLA/resoluciones/AUTOS%202021/4133.pdf HTTP/1.1" 304 -
186.102.80.61 - - [22/May/2023:08:25:32 -0500] "POST /kwssiamovil/sm/setfile/f? HTTP/1.1" 200 381
216.245.221.92 - - [22/May/2023:08:25:58 -0500] "HEAD / HTTP/1.1" 200 -
186.102.80.61 - - [22/May/2023:08:26:07 -0500] "GET /kwssiamovil/sm/acme/a?s=U2FsdGVkX1/qzhi9oI9Bdywi+I0DU5TbGMM31M3t3mhuOPEuYQdJBA3S0EKW/5wLEPVg1fsEcsfmzBF3MQjn9/KsQd+IxRlLZ9aej7M+Zh9wxYAN0dGwr66Lo7xOCz0ltjxr0b7KhUsCZ+sWoDsBIHIcrYIUl6s/m4ujXXd5oRQCTGdohmDrJdeNhs5r1ZxsTnzJ9PVGUBXtOpVQwjhrGDyZZ3MtulZi6aBJ/Z9vrjRzcQWEYAgQLvdMCKVllyGfuQ+oCoLLMzFALLB0gGRdMg==&u=U2FsdGVkX18jpoAHxkm58Pua+fMR62o5CNdq2SlvyYFC2ZZR8qQ6dY/YsOZVCfjW&y=U2FsdGVkX18vDRdrkWa7EmuqNcoM1hvUCRveh+Hxmn2B8jgtS/Iqdes0uSrGlx/U HTTP/1.1" 200 26
186.102.80.61 - - [22/May/2023:08:26:07 -0500] "GET /kwssiamovil/sm/acme/a?s=U2FsdGVkX1825pt712nmTmFQej09XUOu1r8CKHr2s9H3fw/yj7pORLdd2GD0U/t3lBGWaIen5yOnIjEykkeNzDQDNhA/a2dK0FCwowH9EuI1/BdBWaNeNwQNoiAC4jYoTtrsYcWnUBCaAenBwX5B9eLl+Odk/f4NU6cjSDDLwSEAwYIJfCTK47Ry6/sq8ACvaEjzqhl7Kj0Jribaewr/VPIzAiClYntKy+kyOxZpbTeTFw9yWFh1BaLDx/LzFlvmW1ABzczWd4CFsUTjzZMm+6PcHB27/8w3xt8N+4NggNRV7xLa5b2+4TfZQ04QlsXle7RdSw2YgPK4b0lpyNH29zXhRRCEqqPPkaY+YVT86Y+aie5rVxmTm2837RnfYmv72gHuzEq8V9/thvyjsWRaUoB+QQy6RrOJibaMPZei5zRR89K2kN4w8GDosclTBumbqYr7ap7w/5JyZ3+t52qR0HqDrc8tpyObU7pQ7Qq6mfky0RIxawgQIQjj6EoZGIApRg9muAdSL3F+pOpFg+z4hqi3moSFRggTuDKA31a17RGiZ5ZqBhGkJYApSmq1BBNa7xtwGgFmAYsVSNkKgI47bsT2AGi1jnw68gcXkRTyTO/C/eDX0ngHaemk0QhvPQkhVTDeVLO2Mm2emMn+srXToH8kRHe9ejCIMbgnHTYNlnj+HfGLBvPqdYhuYPuzAUHw73G2jzMQISttKsybo6CvA0/BT5uwTr/aYYa1cPR3sK+esAZ9Mnqt29KpvYyPgmwAJfcs6RLB7bIJgO8RN1rB2BEzL2gv8Ifd3V4fNZBbQPZnfwoNy29SiGoP4VC37UKwnCUI7yMLPF3et742gR2RTe3E2JwngKHtDTrgdMw/Mf6Qx8KZpafEeNNJjcLy9qwWEk1ki0b4pRVPgHtmMzK8CpTfEglFMS2dLgz8xZ6D/KSMLDFKbQGV74YOIs+sNG8R+LNAa407K5cVVMXj5/ivUdTjAPLD6nOHO9KV26YiZvskieZy/T7OK+imPj+DIsTxZ6g6kjzmeetm4bfaymRJa0mlBnnBROVVQWxO9pnN9lhNpCKLQyagowSkXIQkXGGHbn9clGG+jNbPKm6llYmC8IYu6sizDUF4lGOPcZNkOmA97c7bMBaVSrsJdmzKsrVBsFE8SrRg1z40gQ9JtKP4tt/Dn/0KfvdldPs0d6LPwhgooLI84YnDtDvwUjke4QT15YER9qjoF4ds3b8+mNLMTsr0cLqWuHfzYj04Hixo/Nizf01zwwSum0g1kPlAoRiWqjmEDoMXL1+1pskkuXDjVdzPucTlcD1pACIBwIJmZO5ke6FzjeG1nMgDFKzomWYY/08WODcTpCKOoxBgY4+Q0g==&u=U2FsdGVkX18jpoAHxkm58Pua+fMR62o5CNdq2SlvyYFC2ZZR8qQ6dY/YsOZVCfjW&y=U2FsdGVkX18vDRdrkWa7EmuqNcoM1hvUCRveh+Hxmn2B8jgtS/Iqdes0uSrGlx/U HTTP/1.1" 200 26
186.102.80.61 - - [22/May/2023:08:26:08 -0500] "GET /kwssiamovil/sm/acme/a?s=U2FsdGVkX1/5ZGEVrV6WgS7atGAsMdfeZbyU/RXcIqW2rdD0FYPYRjkjzr/T7R9llPsuG3rmJs0JVeg/8tCgu55B1BaeLQY0VLLp6rWC3mTkcUqwKFxC4noXj8ZKi6DRpagfnO/1+ukFzR13xQikW2WuKx8+f/g0l8ItUKnIQjU=&u=U2FsdGVkX18jpoAHxkm58Pua+fMR62o5CNdq2SlvyYFC2ZZR8qQ6dY/YsOZVCfjW&y=U2FsdGVkX18vDRdrkWa7EmuqNcoM1hvUCRveh+Hxmn2B8jgtS/Iqdes0uSrGlx/U HTTP/1.1" 200 26
186.102.80.61 - - [22/May/2023:08:26:08 -0500] "GET /kwssiamovil/sm/acme/a?s=U2FsdGVkX1+JFL4CH39FW+7thZK1rT0yaCNnT1nhx0KvI6dUDj8Q9OLkN6SHrc7b1zF6mynUibkFpPtjOBSXR15gAhIPWBp/k7w97AzMEnEUIECXqFc7UCbJDv7eTUdC3AUhbZhrVol6GcB1fiJFIN9yCbu5sv4u+Es/+YBI7Z0=&u=U2FsdGVkX18jpoAHxkm58Pua+fMR62o5CNdq2SlvyYFC2ZZR8qQ6dY/YsOZVCfjW&y=U2FsdGVkX18vDRdrkWa7EmuqNcoM1hvUCRveh+Hxmn2B8jgtS/Iqdes0uSrGlx/U HTTP/1.1" 200 26
186.102.80.61 - - [22/May/2023:08:26:08 -0500] "GET /kwssiamovil/sm/acme/a?s=U2FsdGVkX1+F//Nx5t0m6PxnY4WU4lggi+Xptj4fP+FMU01A8rT/a+VFxQeWu08B2Hxzfky24CFiIIiKtRq7+4TR2ZaIKenWyUw+l+QecpdCOOme/qEYwp1cNJ9Dr+AWqfHn3codvd/XA5jI7PG8Gsjvk2NnD9/Y2gkupPOq2SY=&u=U2FsdGVkX18jpoAHxkm58Pua+fMR62o5CNdq2SlvyYFC2ZZR8qQ6dY/YsOZVCfjW&y=U2FsdGVkX18vDRdrkWa7EmuqNcoM1hvUCRveh+Hxmn2B8jgtS/Iqdes0uSrGlx/U HTTP/1.1" 200 26
186.102.80.61 - - [22/May/2023:08:26:08 -0500] "GET /kwssiamovil/sm/acme/a?s=U2FsdGVkX18qxniCVgVLEFq/ZMgR7MK0u8UxznTweME/eXCaSzpFVDJSkXK9pWpLDkWqA029uUZJFAvbOiFp9VKM7imOWKdXkwMYo41RFv9QbFr3QSoeWXFBCaof1uajx5q9rBzh74mtu0OcXzSaw4QE6FV0xR46qOl8jb8fmrfSFOcMOA/GqoPJxxFZgsph2zyh3qwg23Rk9cTG9PyRtg==&u=U2FsdGVkX18jpoAHxkm58Pua+fMR62o5CNdq2SlvyYFC2ZZR8qQ6dY/YsOZVCfjW&y=U2FsdGVkX18vDRdrkWa7EmuqNcoM1hvUCRveh+Hxmn2B8jgtS/Iqdes0uSrGlx/U HTTP/1.1" 200 26
186.102.80.61 - - [22/May/2023:08:26:08 -0500] "GET /kwssiamovil/sm/acme/a?s=U2FsdGVkX18MHAzumwGDEHHNE77fXIrPb3zSiuyotmnI1LDdMvRkrJjUjWXUI1ei4mM89IhK2B3UPTHSYjIveGn5DzuQhOfuXz3KP2/25AfvcEJRwhe70LU8CxAAmF6GXNHJ3glmJ1dRFsPkXaJiahEU1qxZWCnVWc/Ry4cWR3OdgqrYEiZuiWYQkB4qFGDjnxQh+C6mZLoHrBLVAVxODQ==&u=U2FsdGVkX18jpoAHxkm58Pua+fMR62o5CNdq2SlvyYFC2ZZR8qQ6dY/YsOZVCfjW&y=U2FsdGVkX18vDRdrkWa7EmuqNcoM1hvUCRveh+Hxmn2B8jgtS/Iqdes0uSrGlx/U HTTP/1.1" 200 26
186.102.80.61 - - [22/May/2023:08:26:09 -0500] "GET /kwssiamovil/sm/acme/a?s=U2FsdGVkX19A3umiqJLnkY2weMaFGmUMlj/bnHgWVPVEr0Tb9b6rAZRUk8kqrvgOqRfqRbpdboBVbpLe3i18XMzaMHvS8sJd7g68mn/WeAz2Zy4WS+4IjjDUoLvwYA4gKFAzrwf9cFfnHJNKCVMOhVViflPfZWPGdqU9CuQvv94wywmlYMMyl7QD/1Ev1JPO&u=U2FsdGVkX18jpoAHxkm58Pua+fMR62o5CNdq2SlvyYFC2ZZR8qQ6dY/YsOZVCfjW&y=U2FsdGVkX18vDRdrkWa7EmuqNcoM1hvUCRveh+Hxmn2B8jgtS/Iqdes0uSrGlx/U HTTP/1.1" 200 26
172.22.2.4 - - [22/May/2023:08:25:00 -0500] "HEAD /BLA/boletinlegal/ HTTP/1.1" 200 -
172.22.2.4 - - [22/May/2023:08:25:51 -0500] "GET /BLA/boletinlegal/ HTTP/1.1" 200 54808
40.77.167.255 - - [22/May/2023:08:27:35 -0500] "GET /BLA/resoluciones/AUTOS%202021/1624.pdf HTTP/1.1" 304 -
201.245.192.253 - - [22/May/2023:08:29:19 -0500] "POST /kwsrmcab/Wsrmcab  HTTP/1.1" 200 43978
201.245.192.253 - - [22/May/2023:08:29:30 -0500] "POST /kwsrmcab/Wsrmcab HTTP/1.1" 200 43845
201.245.192.253 - - [22/May/2023:08:29:33 -0500] "POST /kwsrmcab/Wsrmcab HTTP/1.1" 200 43427
69.171.249.11 - - [22/May/2023:08:30:41 -0500] "GET /cuco-americano-otra-ave-que-esta-en-epoca-de-migracion.html HTTP/1.1" 200 914
69.171.249.9 - - [22/May/2023:08:30:41 -0500] "GET /secretaria-de-ambiente-rescata-perezoso-y-lo-traslada-al-departamento-de-antioquia-para-su-rehabilitacion.html HTTP/1.1" 206 1059
216.245.221.92 - - [22/May/2023:08:30:58 -0500] "HEAD / HTTP/1.1" 200 -
172.22.2.4 - - [22/May/2023:08:30:50 -0500] "HEAD /BLA/boletinlegal/ HTTP/1.1" 200 -
172.22.2.4 - - [22/May/2023:08:31:41 -0500] "GET /BLA/boletinlegal/ HTTP/1.1" 200 57151
201.245.192.253 - - [22/May/2023:08:34:18 -0500] "POST /kwsrmcab/Wsrmcab  HTTP/1.1" 200 43978
172.22.2.4 - - [22/May/2023:08:35:33 -0500] "GET /BLA/boletinlegal/jurisprudencia/analisis/SENTENCIA%20C-703%20DE%202010.xls HTTP/1.1" 200 38912
216.245.221.92 - - [22/May/2023:08:35:58 -0500] "HEAD / HTTP/1.1" 200 -
172.22.2.4 - - [22/May/2023:08:36:40 -0500] "HEAD /BLA/boletinlegal/ HTTP/1.1" 200 -
172.22.2.4 - - [22/May/2023:08:37:31 -0500] "GET /BLA/boletinlegal/ HTTP/1.1" 200 55934
201.245.192.253 - - [22/May/2023:08:39:16 -0500] "POST /kwsrmcab/Wsrmcab  HTTP/1.1" 200 43978
201.245.192.253 - - [22/May/2023:08:39:31 -0500] "POST /kwsrmcab/Wsrmcab HTTP/1.1" 200 43845
201.245.192.253 - - [22/May/2023:08:39:33 -0500] "POST /kwsrmcab/Wsrmcab HTTP/1.1" 200 43427
216.245.221.92 - - [22/May/2023:08:40:58 -0500] "HEAD / HTTP/1.1" 200 -
40.77.167.146 - - [22/May/2023:08:41:58 -0500] "GET /BLA/boletinlegal/notificaciones.php HTTP/1.1" 200 4109
172.22.2.4 - - [22/May/2023:08:43:58 -0500] "GET /BLA/boletinlegal/console/ HTTP/1.1" 404 1018
172.22.2.4 - - [22/May/2023:08:42:30 -0500] "HEAD /BLA/boletinlegal/ HTTP/1.1" 200 -
201.245.192.253 - - [22/May/2023:08:44:15 -0500] "POST /kwsrmcab/Wsrmcab  HTTP/1.1" 200 43978
190.27.182.224 - - [22/May/2023:08:44:38 -0500] "GET /favicon.ico HTTP/1.1" 200 7782
172.22.2.4 - - [22/May/2023:08:43:21 -0500] "GET /BLA/boletinlegal/ HTTP/1.1" 200 57561
190.27.182.224 - - [22/May/2023:08:45:35 -0500] "GET /BLA/resoluciones/index.php?dir=AUTOS+2019%2F HTTP/1.1" 200 378368
190.27.182.224 - - [22/May/2023:08:45:50 -0500] "GET /BLA/resoluciones/AUTOS%202019/3588.pdf HTTP/1.1" 200 694437
216.245.221.92 - - [22/May/2023:08:45:58 -0500] "HEAD / HTTP/1.1" 200 -
156.59.198.138 - - [22/May/2023:08:46:02 -0500] "GET /portaldeninos/wp-content/uploads/2019/06/CabezoteAMBIENTIC.mp4 HTTP/1.1" 200 14620
52.167.144.71 - - [22/May/2023:08:47:37 -0500] "GET /images/pieza-dia-humedales-31-enero.jpg HTTP/1.1" 200 29095
172.22.2.4 - - [22/May/2023:08:47:19 -0500] "GET /BLA/boletinlegal/ HTTP/1.1" 200 28619
69.171.251.6 - - [22/May/2023:08:48:01 -0500] "GET /images/Puntos%20calientes%2024%20de%20febrero.jpeg HTTP/1.1" 200 42626
201.245.192.253 - - [22/May/2023:08:49:14 -0500] "POST /kwsrmcab/Wsrmcab  HTTP/1.1" 200 43978
172.22.2.4 - - [22/May/2023:08:48:20 -0500] "HEAD /BLA/boletinlegal/ HTTP/1.1" 200 -
40.77.167.146 - - [22/May/2023:08:50:29 -0500] "GET /BLA/resoluciones/RESOLUCIONES%202016/0455.pdf HTTP/1.1" 200 922836
172.22.2.4 - - [22/May/2023:08:49:11 -0500] "GET /BLA/boletinlegal/ HTTP/1.1" 200 58307
216.245.221.92 - - [22/May/2023:08:50:58 -0500] "HEAD / HTTP/1.1" 200 -
51.159.214.49 - - [22/May/2023:08:52:17 -0500] "GET / HTTP/1.1" 200 319
51.159.214.49 - - [22/May/2023:08:52:17 -0500] "GET /favicon.ico HTTP/1.1" 200 7782
123.6.49.9 - - [22/May/2023:08:52:23 -0500] "-" 408 -
66.249.66.86 - - [22/May/2023:08:53:16 -0500] "-" 408 -
157.55.39.210 - - [22/May/2023:08:53:22 -0500] "GET /BLA/resoluciones/AUTOS%202021/2874.pdf HTTP/1.1" 304 -
201.245.192.253 - - [22/May/2023:08:54:13 -0500] "POST /kwsrmcab/Wsrmcab  HTTP/1.1" 200 43978
172.22.2.4 - - [22/May/2023:08:54:10 -0500] "HEAD /BLA/boletinlegal/ HTTP/1.1" 200 -
216.245.221.92 - - [22/May/2023:08:55:58 -0500] "HEAD / HTTP/1.1" 200 -
172.22.2.4 - - [22/May/2023:08:55:01 -0500] "GET /BLA/boletinlegal/ HTTP/1.1" 200 59306
172.22.2.4 - - [22/May/2023:08:57:39 -0500] "GET /BLA/boletinlegal/autodiscover/autodiscover.json?@zdi/Powershell HTTP/1.1" 404 1018
40.77.190.136 - - [22/May/2023:08:57:51 -0500] "GET /BLA/boletinlegal/styles2.css HTTP/1.1" 200 1838
40.77.190.136 - - [22/May/2023:08:57:51 -0500] "GET /BLA/boletinlegal/js/jquery.js HTTP/1.1" 200 57254
40.77.190.136 - - [22/May/2023:08:57:51 -0500] "GET /BLA/boletinlegal/js/jquery.scrollTo-min.js HTTP/1.1" 200 1150
186.84.90.74 - - [22/May/2023:08:58:22 -0500] "GET /kwssiamovil/sm/ldap/au?x=U2FsdGVkX18rxrCxeB/oNaiaEbvhPzetkiPYl12/Pe8KfWIZEv/kzd27+93QbrqR&y=U2FsdGVkX1+73L58gsg4H8BSzx+hGFEnxcy3sDmoZhIyXa8sGc0MUhMJoeMs0A5l HTTP/1.1" 200 30
186.84.90.74 - - [22/May/2023:08:58:22 -0500] "GET /kwssiamovil/sm/acme/s?s=U2FsdGVkX19ytiB7KCU9c/mGMboOMh7hadm6zdsDcwfeJd2IhHBMGXl5E5YOdLkYC6GnLs9nEIQNHgB7NlSsjEZDgvFho45Ra9JZK7v5K9g=&u=U2FsdGVkX19fad0qsTlJNknyGaB5EQHR5LdCVQcE9Lk=&y=U2FsdGVkX1+73L58gsg4H8BSzx+hGFEnxcy3sDmoZhIyXa8sGc0MUhMJoeMs0A5l HTTP/1.1" 200 97
186.84.90.74 - - [22/May/2023:08:58:22 -0500] "GET /kwssiamovil/sm/acme/s?s=U2FsdGVkX1/md/ja9OK3fldywDWbqOXv2QOplTS/FWlxEFJvq3OWAphzLx20uTkvB9iVWXnscRfo6esFXU5YyDIP2snyIAlCmOcKUVzFjhyVRQceFwgfOw28q+ljwjMJstb0KAbGf1tmuAiz7xxa2yI+Wf+h2v75OpCvhB5UpirSUmg5kNV6P7m+K716HYpGPWBPmVTbYklRZRUqxRKUFUi5bTahRgtaX3eaqNoWxt8jkHs1Ti/v5IcEeG+98QPQ/m+IXFZ+CZGeijibZvs5R8RsS+lPGZzfB6WIIQqkoPLzjs7a7B4FsrHoo4ADW2sL3sEnijMzFrPPpFRHihnzSq/daVW6FBKVMVpRZDGd1JoeAsVwS4m//ZwIWIUrVV6VcP6uvgwm6xkvFdBS9y6+vVRwSWYuXy5m3Zdjt+QjTzkDunYIA62BCuucvq0CNAZoajPefVEddmxLdtJ45pHI1fjjbfZ7DvxsO40Ix1LsUvq01rM1DboZvhVo7QMXQTXZEw8af3y+DvmpCNNHitiHrGISkq9oiDFIeE65Q/OPnf45VrAAeRYl+WCHhYle3jD8lbSOF3kebFl4VSgywgUBIJYA8ZG9tUyf07aurh06AiZ4XvODFxGEAzkL05ekwzFkI032TV16Q2XsEkxLmWVw6LdlAHI4ovGahesMvTJA3uUyNRTQS142eHfUvZDHKDlp0jzzD0Rj8+jSKr7ogZAFbCNln1s16rqSffk3lrGLxn9TvfOtZZ9qYJG8e54JUz1+/YdIOGXGAkcEtTJjp9zIjgeEToRZ1qlTSkqBAYYZl1Qp4Qb3u7u4+vOtvv8NvJ70hcHS73PUbRK+OOZsMBhPEZoMm4e6kBBOD7o04GNdfDhWYdXh7kw38u9SAskbtLLuyb+tshBPIHPAD/VhjsrmgQGdGS/mcFO9yWkCOrISh7g4G64GMvJ3H4PRFx2nsY9PXW5RLKjuddrO62vHz/lk5FUKXg7GYsBN9QBUxkvJ1XD/su4p666pg7DBbIPfN92yaBYeyGTcV+T9sE72pqkgrjE4FIhD247lRn7n3BNaiaR5qYr1dJHyU0qsE49ZLatO9zXbXVqy0kd/BYbjmgD+tT3Otlip4Qc1tq31AiOfkVylax+iw2Q1G6aRgZcq8+EO8KQGWMFbZV+ujpLtmbgMnNBbQkACeahC/ld6o8LEvsczKNAsBdnjHrHtP5ketNUHmh2XMFa3/QZ9HMMRra5qb6uC4wuXp0KxgR711y80iTdlGH9IWX+YQB9YN3FvDIQuH1Y3JvDXtCcXgpu8xh4w0hPhh9mUi+D/1vKPQQihaBZJD0w4efo3d4N/+LTdpLOuqz6retKSYqnH9mfbPX3UCiVthYQw/6bONuqVm2zIEqmsbDPZp3KjWx70a1Tou8gsmk6wGXUMgFa3J26yii+5N2AZRYQn4j4xDca/mSdJkDM=&u=U2FsdGVkX19fad0qsTlJNknyGaB5EQHR5LdCVQcE9Lk=&y=U2FsdGVkX1+73L58gsg4H8BSzx+hGFEnxcy3sDmoZhIyXa8sGc0MUhMJoeMs0A5l HTTP/1.1" 200 368
186.84.90.74 - - [22/May/2023:08:58:22 -0500] "GET /kwssiamovil/sm/acme/s?s=U2FsdGVkX1/+wVC2MqT0B0eKdOzIXatbysoyKKm99puqNKTGjp+2o4UDXZuFjY67bRhYpBwYPidNZWdK3snLEwLAVkwRvOnhMSdgV6xJubRoHkXJbNM+YkGvgZDiGIWevySYfhhfoCqjMgbA6XkegufRwnS3t9RBFHdndAHP96yxF0qI9DpgVOs+bxrlqlMD8kjtW1zWkVhTK3zRyf6TXq3yoU2OXDk0SasybWHqPcW67ZVe94c3LYg3R8/rTTCLhosx2mL3wzN/ENzE3ceHKDWtMwfYDmiNifrgY/U4J26bX7JFa3mflY8MxCdHBucf7T5dpj8vlAbVF6iYC/2nHFmVBE9dXV/TsZTGfIQJiQQ=&u=U2FsdGVkX19fad0qsTlJNknyGaB5EQHR5LdCVQcE9Lk=&y=U2FsdGVkX1+73L58gsg4H8BSzx+hGFEnxcy3sDmoZhIyXa8sGc0MUhMJoeMs0A5l HTTP/1.1" 200 196
186.84.90.74 - - [22/May/2023:08:58:22 -0500] "GET /kwssiamovil/sm/cjson/pre?f=1&x=U2FsdGVkX18rxrCxeB/oNaiaEbvhPzetkiPYl12/Pe8KfWIZEv/kzd27+93QbrqR HTTP/1.1" 200 31032
201.245.192.253 - - [22/May/2023:08:59:13 -0500] "POST /kwsrmcab/Wsrmcab  HTTP/1.1" 200 43978
216.245.221.92 - - [22/May/2023:09:00:58 -0500] "HEAD / HTTP/1.1" 200 -
172.22.2.4 - - [22/May/2023:09:00:45 -0500] "GET /BLA/boletinlegal/ HTTP/1.1" 200 24523
172.22.2.4 - - [22/May/2023:09:00:00 -0500] "HEAD /BLA/boletinlegal/ HTTP/1.1" 200 -
186.84.90.74 - - [22/May/2023:09:02:03 -0500] "GET /kwssiamovil/sm/acme/a?s=U2FsdGVkX19Of6gLqTKmlCxqtPpxHsMfdmCwUKHiT56OCatQKefzk4Ok/8XYuehQuhiXT1dsZLJnjygaikaoJ9IBH0YBP9X0ODcZS1dl8LJpCTKdu+iRWp3lf4wySyUGzl8fwhCJ3l8V30kRtUdtk2MDbOnD1jdtMvvbPYCaKQA9/NpkFdbLrcE2f0/sxyPfDlU7LgB5q/2K7wd4yDNDByBwamO9mVRpE+CbqVCPbZdUknK9rUjq1PWljrqzURoflmQ5H88CXPNwpppZG29QLA==&u=U2FsdGVkX19fad0qsTlJNknyGaB5EQHR5LdCVQcE9Lk=&y=U2FsdGVkX1+73L58gsg4H8BSzx+hGFEnxcy3sDmoZhIyXa8sGc0MUhMJoeMs0A5l HTTP/1.1" 200 26
186.84.90.74 - - [22/May/2023:09:02:04 -0500] "GET /kwssiamovil/sm/acme/a?s=U2FsdGVkX1+bZI3taa6D/ygKH4Mlczfd5rxB2Rkh3nYmMydUO15lzxjJ8uNrGsdrbEKP1raMWPXkt70gnJle1Rd7ZJPN2O/nZCmuLK24Imynb2UFT1rZBWxKgxIBMnASJ93NhzPKIj2hWjI0ta1hNQq9jSzlKdR5CNMLZbTMjSIRxeeWm36U51h3zJwBaDIxShfupqCuNxV2s3QHpU+W2lErk0WZvSk0B8wsa5nhwLP9SzeoR/CQEFw4VS5NvZXi4eVvAGfh3vhJdlY2SD/P9lk6QyWVY8Wpg9HjvjaUAkdXVdpgoocQRNwOCXjfJisq1IsRA9mZFau25fO2XTUyEdcmD0lyBkokCdsmDyipFvNyCu6KFVx3k58PmeXjwwxsiF4OcaQ8Pwbg06KXOhO4BvSpGp/67rdLnc+aH3XUe0DILOF3aRfETwk7xPz1wITnwL3hb5evizutQ0oYoNhqF8ai8jW84SxlBgOEE51dVM2IBWxUxTmYUtjbvFhTuf/FehdkIIoKtuQHhR4MZ5rYCXX9S1rrqn9yFBvwVKvmM+HbSP1REMxQNJ5QFy7rLCfc8704+/jRWvHaCW5i3q1zpXJ1PbD4EaLguRjzWBZWxmY4J3ypXdZNHjGEtACB2U/urxhmaLy4LZfzF5ojHcy9uj62BaUmSNJTZkLhq7/xb5FC1pgGENxR44tbPB8q5x7UxoE8h9+b5WaKe+e0+Jranb61Gacu2rqO1j+nj1ctetFuiLA/hYGDdklah9x8gz+BCYMjc43mAzbhJMEQpjUxYud+6RnrPDI3l03dHb8IYVKumQWiFAgnd+jcR5QPAEFve7GcwhdD1C/j5o+Y0SvuiZ3nUdeMKeP/5w8ynCBxhX3At/AVFKFevGi4G69YTn2WvkBeVgrbwZrThL1+DEzg7BnCsJgi4oW+iY/opme+7ZQ5ueaXLrSav7BSLNcSRdW4ag4TAE25ZLPusMSas8yBteWGDDoiF9qsDGAMoToe6A19ZPjyGJ5GmCztqbevMXopqAidGoayZWMZ50zeXcun7hUuwee5KaiDBncxdC/CNv+7mGsPFrtnQygIlWBUhilpHXEu0D9SNGV0ogn6Ejiy5BVLeJWWLkTtBNnsH8RM19zH90/fzu4AQOtqCz8Nae7H398upKJw0cxAqi1ANj/IcMYh8ypNiwwyqY8SnfGc2yn4JulIlOuTMMnmUT0oSevP4brvUJvazmKC4ylLCDjgO+GFXu0fGreg5sL+wev+Mc/pTq7BsZmo1sLIEhqM59g7bb6pF/POx7cMqs9LUXBgItKyEzun+ohjrRjWh6V6qjpwgZPQUuhPukFL/vXhYSBIaZmSRP7eSj7sQFSNI0NyITyGjpWcv/UzjS3oeIAOgBRq8e+2tNRlu7q181lWZ9GOGf4H9wQjIDsK43APbp40k2KN3goV6H0+h7NZg1CYQ4fffiN8XeQ0Us2NZxc4gPCZWe4/SLnd3ug73mACOBEylRtH8hv74CNZMCqXZEgcZQQo9OpbJ/pcko8w/IRlNQNFu/6I997xKEGr887K0rAo+wCDcjtSK2X0fmkumRc9fvWHbYlCWCVGHohkHrRzWA2q1CFwwzIIzqhacOC27nXlepCDgNkOlb1RKwWXOLOy7HnrRFIEO7wgFXySsokfv3VwBbFVzyUs6XuIoMbtim8ZJEcoEt7oCOrVYQ3R8HfSsWCeDGSw5nNzNs2RXBzvxSRwFfm1nw4+/Wzd79vUEmPm8fRcizwL97Scf/BUkfjc2j4KHBQ5nY3guGeA00K30bpZGPDu+exHNh/clSf4XQnzujL42J+JYfZpp5HeaFwfR+lM9afz5/GbxcLzmBtfaXxaufFmwaXsxc5Xw4FzeslvtuW6S1FPq6CfZJ/ry3t37kqPW2vBpeLDPjkOoXDe6oDa/srFfKjenpcOs9m1CvoAMoHsFinIVIauWVpGqi/16QneThBZavAom4/99/wCiQtudPxX8v04BNPV4/ll59r/7EFM7z/0OiBFXM2kWjgYwjOXsMx8q75lGRjjgggLInBC042l1uUOOHc7Y68O72A6PcFVcS9MeRsxXBcdai6JzjpJ+GmRoNQkenNPWGKyhl2913RSYGY5nwtTDXbgWfpLJ1lGowNjirhzH2yAMzkciwXW2OmoPfUvl9lhkAHzZF+6sVIE+2GdEuY9o9kfRmDW3hxfmn3g905SJ1KVzMpX7eg1fVlfELcYxr7Nd+T04tAEuX4nVAr/H/xDySXtNWAYSOBceap07h/ggdQFieGZoYuj7GTIVKsnF1I1ZB5/E+jT&u=U2FsdGVkX19fad0qsTlJNknyGaB5EQHR5LdCVQcE9Lk=&y=U2FsdGVkX1+73L58gsg4H8BSzx+hGFEnxcy3sDmoZhIyXa8sGc0MUhMJoeMs0A5l HTTP/1.1" 200 26
186.84.90.74 - - [22/May/2023:09:02:04 -0500] "GET /kwssiamovil/sm/acme/a?s=U2FsdGVkX18u2iMgEW7rzbiNytszmsdt7pYSEHRhDn54gTU+4WQA7SY573qsMwOwFRflAKJjBZ8BMtmnKAgxnZmOk72iNEXnRi+LcINHZ1QS1AfqA1cNnqCLwVV/9qnqM903MD7AIYibPRhosUzA5CihcK0ynbTsw4IQMubB+uM=&u=U2FsdGVkX19fad0qsTlJNknyGaB5EQHR5LdCVQcE9Lk=&y=U2FsdGVkX1+73L58gsg4H8BSzx+hGFEnxcy3sDmoZhIyXa8sGc0MUhMJoeMs0A5l HTTP/1.1" 200 26
186.84.90.74 - - [22/May/2023:09:02:04 -0500] "GET /kwssiamovil/sm/acme/a?s=U2FsdGVkX19mE5iAPc8V//Htj0S8INEPzfllhFuNtx6kN1w7v2NMildj7HBV6Y9pWWoxEqHp89SkcZuiRj7nC2OyCxNA8xcMf+3O5Vj4sp+sXXpDNrQ6mIucr7Z4wnTjZTEqm0hB4mkFZLBqYNjCp2LrMAgjKXiyGXvlxxCvMPg=&u=U2FsdGVkX19fad0qsTlJNknyGaB5EQHR5LdCVQcE9Lk=&y=U2FsdGVkX1+73L58gsg4H8BSzx+hGFEnxcy3sDmoZhIyXa8sGc0MUhMJoeMs0A5l HTTP/1.1" 200 26
186.84.90.74 - - [22/May/2023:09:02:04 -0500] "GET /kwssiamovil/sm/acme/a?s=U2FsdGVkX199jv6r5P+DoeowZoUsiX4BBWEQ/xxqqPuV+Rdl3nq7sfvAE1NcYJnXzN4LPc+6ef7suk1UaGxnaktQDqFvWg4MTHHt/0AwFN3y1wvL0rAZ2xkMEDa5crtpmy48yoUr1PYAuFsQKM+0eU2XUmv3DtnFNxGfkHLWH5Q=&u=U2FsdGVkX19fad0qsTlJNknyGaB5EQHR5LdCVQcE9Lk=&y=U2FsdGVkX1+73L58gsg4H8BSzx+hGFEnxcy3sDmoZhIyXa8sGc0MUhMJoeMs0A5l HTTP/1.1" 200 26
186.84.90.74 - - [22/May/2023:09:02:05 -0500] "GET /kwssiamovil/sm/acme/a?s=U2FsdGVkX19nZwp/sXgQYfo/kt2aCzX5dmTTKMyyTsREzz0+uQsYasGmOBDfqiS3wspHRSyaOIuvZx9ZRlf8+Te4rmlKgVc0nHaqtNZ2LDnVq2NzzFExnV1RD39ALb/OuLY/XmFdYzrI5xewQLUeOSWVUbHnG/TYhWuM6F4dnREJAKRH/YGxu8EcpZYeuj6KruEm+pJFi4qr2bZ2oVXy3Q==&u=U2FsdGVkX19fad0qsTlJNknyGaB5EQHR5LdCVQcE9Lk=&y=U2FsdGVkX1+73L58gsg4H8BSzx+hGFEnxcy3sDmoZhIyXa8sGc0MUhMJoeMs0A5l HTTP/1.1" 200 26
172.22.2.4 - - [22/May/2023:09:00:51 -0500] "GET /BLA/boletinlegal/ HTTP/1.1" 200 52730
201.245.192.253 - - [22/May/2023:09:04:11 -0500] "POST /kwsrmcab/Wsrmcab  HTTP/1.1" 200 43978
216.245.221.92 - - [22/May/2023:09:05:58 -0500] "HEAD / HTTP/1.1" 200 -
183.136.225.32 - - [22/May/2023:09:06:00 -0500] "-" 408 -
157.55.39.210 - - [22/May/2023:09:07:11 -0500] "GET /BLA/resoluciones/AUTOS%202021/1486.pdf HTTP/1.1" 304 -
172.22.2.4 - - [22/May/2023:09:07:14 -0500] "GET /BLA/boletinlegal/jurisprudencia/analisis/ANALISIST-257-96.docx HTTP/1.1" 304 -
172.22.2.4 - - [22/May/2023:09:05:50 -0500] "HEAD /BLA/boletinlegal/ HTTP/1.1" 200 -
172.22.2.4 - - [22/May/2023:09:06:42 -0500] "GET /BLA/boletinlegal/ HTTP/1.1" 200 57561
66.249.66.84 - - [22/May/2023:09:09:07 -0500] "-" 408 -
201.245.192.253 - - [22/May/2023:09:09:10 -0500] "POST /kwsrmcab/Wsrmcab  HTTP/1.1" 200 43978
40.77.167.255 - - [22/May/2023:09:09:33 -0500] "GET /BLA/resoluciones/AUTOS%202021/3854.pdf HTTP/1.1" 304 -
216.245.221.92 - - [22/May/2023:09:10:58 -0500] "HEAD / HTTP/1.1" 200 -
40.77.167.97 - - [22/May/2023:09:12:02 -0500] "GET /BLA/resoluciones/index.php?dir=RESOLUCIONES+2002%2FRES+2002+151-200%2F HTTP/1.1" 200 12570
172.22.2.4 - - [22/May/2023:09:11:41 -0500] "HEAD /BLA/boletinlegal/ HTTP/1.1" 200 -
201.245.192.253 - - [22/May/2023:09:14:09 -0500] "POST /kwsrmcab/Wsrmcab  HTTP/1.1" 200 43978
172.22.2.4 - - [22/May/2023:09:12:32 -0500] "GET /BLA/boletinlegal/ HTTP/1.1" 200 56754
172.22.2.4 - - [22/May/2023:09:15:31 -0500] "GET /BLA/boletinlegal/jurisprudencia/analisis/AnalisisT-095-16.docx HTTP/1.1" 200 20284
216.245.221.92 - - [22/May/2023:09:15:58 -0500] "HEAD / HTTP/1.1" 200 -
172.22.2.4 - - [22/May/2023:09:17:46 -0500] "GET /BLA/boletinlegal/Directivas/2022/DIRECTIVA%20No.%2000001%20DEL%2015%20DE%20JUNIO%20DEL%202022.pdf HTTP/1.1" 304 -
201.245.192.253 - - [22/May/2023:09:19:08 -0500] "POST /kwsrmcab/Wsrmcab  HTTP/1.1" 200 43978
172.22.2.4 - - [22/May/2023:09:17:31 -0500] "HEAD /BLA/boletinlegal/ HTTP/1.1" 200 -
201.245.192.253 - - [22/May/2023:09:19:30 -0500] "POST /kwsrmcab/Wsrmcab HTTP/1.1" 200 43838
201.245.192.253 - - [22/May/2023:09:19:33 -0500] "POST /kwsrmcab/Wsrmcab HTTP/1.1" 200 43425
191.102.221.49 - - [22/May/2023:09:19:40 -0500] "GET /galeria/galeria/jquery.fancybox.css?v=2.1.5 HTTP/1.1" 200 4895
191.102.221.49 - - [22/May/2023:09:19:42 -0500] "GET /BLA/boletinlegal/js/jquery.scrollShow.js HTTP/1.1" 200 4586
191.102.221.49 - - [22/May/2023:09:19:42 -0500] "GET /galeria/galeria/jquery.fancybox.js?v=2.1.5 HTTP/1.1" 200 48706
172.22.2.4 - - [22/May/2023:09:18:22 -0500] "GET /BLA/boletinlegal/ HTTP/1.1" 200 55571
66.220.149.24 - - [22/May/2023:09:20:20 -0500] "GET /images/red-de-calidad-hidrica-de-bogota.jpg HTTP/1.1" 200 74958
31.13.127.31 - - [22/May/2023:09:20:21 -0500] "GET /red-de-calidad-hidrica-de-bogota-una-herramienta-para-monitorear-la-calidad-del-agua.html HTTP/1.1" 206 817
190.25.106.56 - - [22/May/2023:09:20:55 -0500] "GET /BLA/boletinlegal/style.css HTTP/1.1" 200 9406
190.25.106.56 - - [22/May/2023:09:20:55 -0500] "GET /BLA/boletinlegal/styles2.css HTTP/1.1" 200 1838
190.25.106.56 - - [22/May/2023:09:20:55 -0500] "GET /BLA/boletinlegal/js/jquery.js HTTP/1.1" 200 57254
190.25.106.56 - - [22/May/2023:09:20:55 -0500] "GET /BLA/boletinlegal/js/jquery.scrollTo-min.js HTTP/1.1" 200 1150
190.25.106.56 - - [22/May/2023:09:20:55 -0500] "GET /BLA/boletinlegal/js/jquery.scrollShow.js HTTP/1.1" 200 4586
190.25.106.56 - - [22/May/2023:09:20:56 -0500] "GET /BLA/boletinlegal/images/subscribe-icon-big.png HTTP/1.1" 200 47702
190.25.106.56 - - [22/May/2023:09:20:56 -0500] "GET /BLA/boletinlegal/images/cabezote%20BLEGAL.jpg HTTP/1.1" 200 118164
190.25.106.56 - - [22/May/2023:09:20:56 -0500] "GET /BLA/boletinlegal/images/historia.png HTTP/1.1" 200 52775
190.25.106.56 - - [22/May/2023:09:20:56 -0500] "GET /BLA/boletinlegal/images/registro-usuarios.png HTTP/1.1" 200 8106
190.25.106.56 - - [22/May/2023:09:20:56 -0500] "GET /BLA/boletinlegal/images/arr_l.jpg HTTP/1.1" 200 1979
190.25.106.56 - - [22/May/2023:09:20:56 -0500] "GET /BLA/boletinlegal/images/body_bg.jpg HTTP/1.1" 200 1601
190.25.106.56 - - [22/May/2023:09:20:56 -0500] "GET /BLA/boletinlegal/images/menu_rght.gif HTTP/1.1" 200 1627
190.25.106.56 - - [22/May/2023:09:20:56 -0500] "GET /BLA/boletinlegal/images/menu_lft.gif HTTP/1.1" 200 1713
190.25.106.56 - - [22/May/2023:09:20:56 -0500] "GET /BLA/boletinlegal/images/bg_top.jpg HTTP/1.1" 200 522
190.25.106.56 - - [22/May/2023:09:20:56 -0500] "GET /BLA/boletinlegal/images/menu_bg.jpg HTTP/1.1" 200 620
190.25.106.56 - - [22/May/2023:09:20:56 -0500] "GET /BLA/boletinlegal/images/hover.jpg HTTP/1.1" 200 640
190.25.106.56 - - [22/May/2023:09:20:56 -0500] "GET /BLA/boletinlegal/images/text.jpg HTTP/1.1" 200 568
190.25.106.56 - - [22/May/2023:09:20:56 -0500] "GET /BLA/boletinlegal/images/screen_1.png HTTP/1.1" 200 202547
190.25.106.56 - - [22/May/2023:09:20:56 -0500] "GET /BLA/boletinlegal/images/launch.jpg HTTP/1.1" 200 14577
190.25.106.56 - - [22/May/2023:09:20:57 -0500] "GET /BLA/boletinlegal/actos.php HTTP/1.1" 200 9682
190.25.106.56 - - [22/May/2023:09:20:57 -0500] "GET /BLA/boletinlegal/js/ajax_actos.js HTTP/1.1" 200 1322
190.25.106.56 - - [22/May/2023:09:20:58 -0500] "GET /BLA/boletinlegal/niceforms.js HTTP/1.1" 200 22876
190.25.106.56 - - [22/May/2023:09:20:58 -0500] "GET /BLA/boletinlegal/niceforms-default.css HTTP/1.1" 200 6694
190.25.106.56 - - [22/May/2023:09:20:58 -0500] "GET /BLA/boletinlegal/js/lib.js HTTP/1.1" 200 6474
190.25.106.56 - - [22/May/2023:09:20:58 -0500] "GET /BLA/boletinlegal/js/popup.js HTTP/1.1" 200 1270
190.25.106.56 - - [22/May/2023:09:20:58 -0500] "GET /BLA/boletinlegal/js/jquery1.js HTTP/1.1" 200 29846
190.25.106.56 - - [22/May/2023:09:20:58 -0500] "GET /BLA/boletinlegal/images/green-yellow-blue-pink-th.png HTTP/1.1" 200 7394
190.25.106.56 - - [22/May/2023:09:20:58 -0500] "GET /BLA/boletinlegal/images/tel.png HTTP/1.1" 200 14477
190.25.106.56 - - [22/May/2023:09:20:58 -0500] "GET /BLA/boletinlegal/images/icono-email.png HTTP/1.1" 200 5544
190.25.106.56 - - [22/May/2023:09:20:58 -0500] "GET /BLA/boletinlegal/images/footer_bg.jpg HTTP/1.1" 200 586
190.25.106.56 - - [22/May/2023:09:20:58 -0500] "GET /BLA/boletinlegal/images/footer_bg_l.jpg HTTP/1.1" 200 776
190.25.106.56 - - [22/May/2023:09:20:58 -0500] "GET /BLA/boletinlegal/img/0.png HTTP/1.1" 200 110
190.25.106.56 - - [22/May/2023:09:20:58 -0500] "GET /BLA/boletinlegal/img/select-left.png HTTP/1.1" 200 263
190.25.106.56 - - [22/May/2023:09:20:58 -0500] "GET /BLA/boletinlegal/img/button.png HTTP/1.1" 200 43241
190.25.106.56 - - [22/May/2023:09:20:58 -0500] "GET /BLA/boletinlegal/img/select-right.png HTTP/1.1" 200 44019
190.25.106.56 - - [22/May/2023:09:20:58 -0500] "GET /BLA/boletinlegal/img/button-left.png HTTP/1.1" 200 57071
190.25.106.56 - - [22/May/2023:09:20:58 -0500] "GET /BLA/boletinlegal/img/button-right.png HTTP/1.1" 200 57878
216.245.221.92 - - [22/May/2023:09:20:58 -0500] "HEAD / HTTP/1.1" 200 -
190.25.106.56 - - [22/May/2023:09:21:00 -0500] "GET /BLA/resoluciones/ HTTP/1.1" 200 13502
190.25.106.56 - - [22/May/2023:09:20:55 -0500] "GET /BLA/boletinlegal/ HTTP/1.1" 200 16331
190.25.106.56 - - [22/May/2023:09:21:19 -0500] "GET /BLA/resoluciones/index.php?dir=RESOLUCIONES+2005%2F HTTP/1.1" 200 49518
190.25.106.56 - - [22/May/2023:09:21:23 -0500] "GET /BLA/resoluciones/index.php?dir=RESOLUCIONES+2005%2FRES+2005+801-850%2F HTTP/1.1" 200 12246
190.25.106.56 - - [22/May/2023:09:21:25 -0500] "GET /BLA/resoluciones/RESOLUCIONES%202005/RES%202005%20801-850/00000808.tif HTTP/1.1" 200 272898
172.22.2.4 - - [22/May/2023:09:21:26 -0500] "GET /BLA/boletinlegal/robots.txt HTTP/1.1" 404 1038
172.22.2.4 - - [22/May/2023:09:21:26 -0500] "GET /BLA/boletinlegal/index.php HTTP/1.1" 200 57291
201.245.192.253 - - [22/May/2023:09:24:07 -0500] "POST /kwsrmcab/Wsrmcab  HTTP/1.1" 200 43978
161.18.159.99 - - [22/May/2023:09:24:20 -0500] "GET /BLA/boletinlegal/js/jquery.scrollShow.js HTTP/1.1" 200 4586
161.18.159.99 - - [22/May/2023:09:24:20 -0500] "GET /galeria/galeria/jquery.fancybox.css?v=2.1.5 HTTP/1.1" 200 4895
161.18.159.99 - - [22/May/2023:09:24:20 -0500] "GET /galeria/galeria/jquery.fancybox.js?v=2.1.5 HTTP/1.1" 200 48706
172.22.2.4 - - [22/May/2023:09:23:21 -0500] "HEAD /BLA/boletinlegal/ HTTP/1.1" 200 -
172.22.2.4 - - [22/May/2023:09:24:12 -0500] "GET /BLA/boletinlegal/ HTTP/1.1" 200 59306
216.245.221.92 - - [22/May/2023:09:25:58 -0500] "HEAD / HTTP/1.1" 200 -
190.25.106.56 - - [22/May/2023:09:27:10 -0500] "GET /BLA/resoluciones/index.php HTTP/1.1" 200 13502
190.25.106.56 - - [22/May/2023:09:27:23 -0500] "GET /BLA/resoluciones/index.php?dir=AUTOS+2009%2F HTTP/1.1" 200 399860
190.25.106.56 - - [22/May/2023:09:27:35 -0500] "GET /BLA/resoluciones/AUTOS%202009/1253.pdf HTTP/1.1" 200 171446
190.25.106.56 - - [22/May/2023:09:28:10 -0500] "GET /BLA/resoluciones/ HTTP/1.1" 200 13502
190.25.106.56 - - [22/May/2023:09:28:14 -0500] "GET /BLA/resoluciones/index.php?dir=RESOLUCIONES+2006%2F HTTP/1.1" 200 38542
190.25.106.56 - - [22/May/2023:09:28:25 -0500] "GET /BLA/resoluciones/index.php?dir=RESOLUCIONES+2006%2FRES+2006+951-1000%2F HTTP/1.1" 200 12308
190.25.106.56 - - [22/May/2023:09:28:27 -0500] "GET /BLA/resoluciones/RESOLUCIONES%202006/RES%202006%20951-1000/00000951.tif HTTP/1.1" 200 214732
201.245.192.253 - - [22/May/2023:09:29:06 -0500] "POST /kwsrmcab/Wsrmcab  HTTP/1.1" 200 43978
201.245.192.253 - - [22/May/2023:09:29:31 -0500] "POST /kwsrmcab/Wsrmcab HTTP/1.1" 200 43838
201.245.192.253 - - [22/May/2023:09:29:33 -0500] "POST /kwsrmcab/Wsrmcab HTTP/1.1" 200 43425
172.22.2.4 - - [22/May/2023:09:29:11 -0500] "HEAD /BLA/boletinlegal/ HTTP/1.1" 200 -
216.245.221.92 - - [22/May/2023:09:30:58 -0500] "HEAD / HTTP/1.1" 200 -
40.77.167.97 - - [22/May/2023:09:31:03 -0500] "GET /BLA/resoluciones/AUTOS%202021/2041.pdf HTTP/1.1" 304 -
172.22.2.4 - - [22/May/2023:09:30:02 -0500] "GET /BLA/boletinlegal/ HTTP/1.1" 200 57945
173.252.107.18 - - [22/May/2023:09:32:44 -0500] "GET /postulate-al-programa-de-mujeres-por-el-cambio-climatico-en-bogota.html HTTP/1.1" 206 856
173.252.107.117 - - [22/May/2023:09:32:44 -0500] "GET /postulate-al-programa-de-mujeres-por-el-cambio-climatico-en-bogota.html HTTP/1.1" 206 856
157.55.39.210 - - [22/May/2023:09:32:45 -0500] "GET /BLA/resoluciones/AUTOS%202022/0116.pdf HTTP/1.1" 200 382821
201.245.192.253 - - [22/May/2023:09:34:05 -0500] "POST /kwsrmcab/Wsrmcab  HTTP/1.1" 200 43978
216.245.221.92 - - [22/May/2023:09:35:58 -0500] "HEAD / HTTP/1.1" 200 -
128.14.134.170 - - [22/May/2023:09:36:25 -0500] "GET /portaldeninos/ HTTP/1.1" 200 110197
172.22.2.4 - - [22/May/2023:09:35:01 -0500] "HEAD /BLA/boletinlegal/ HTTP/1.1" 200 -
172.22.2.4 - - [22/May/2023:09:35:52 -0500] "GET /BLA/boletinlegal/ HTTP/1.1" 200 55221
201.245.192.253 - - [22/May/2023:09:39:04 -0500] "POST /kwsrmcab/Wsrmcab  HTTP/1.1" 200 43978
172.22.2.4 - - [22/May/2023:09:39:31 -0500] "GET /BLA/boletinlegal/actos.php HTTP/1.1" 200 9682
201.245.192.253 - - [22/May/2023:09:39:30 -0500] "POST /kwsrmcab/Wsrmcab HTTP/1.1" 200 43838
201.245.192.253 - - [22/May/2023:09:39:33 -0500] "POST /kwsrmcab/Wsrmcab HTTP/1.1" 200 43425
186.155.120.137 - - [22/May/2023:09:39:38 -0500] "GET /BLA/resoluciones/ HTTP/1.1" 200 13502
186.155.120.137 - - [22/May/2023:09:39:41 -0500] "GET /BLA/resoluciones/index.php?dir=AUTOS+2017%2F HTTP/1.1" 200 469299
186.155.120.137 - - [22/May/2023:09:39:54 -0500] "GET /BLA/resoluciones/AUTOS%202017/4355.pdf HTTP/1.1" 200 994065
172.22.2.4 - - [22/May/2023:09:39:28 -0500] "GET /BLA/boletinlegal/ HTTP/1.1" 200 24523
173.252.127.18 - - [22/May/2023:09:40:54 -0500] "GET /images/reunion-planta-termovalorizacion-11-mayo.jpg HTTP/1.1" 200 34782
216.245.221.92 - - [22/May/2023:09:40:58 -0500] "HEAD / HTTP/1.1" 200 -
172.22.2.4 - - [22/May/2023:09:41:33 -0500] "GET /BLA/boletinlegal/actos.php HTTP/1.1" 200 9682
172.22.2.4 - - [22/May/2023:09:40:55 -0500] "GET /BLA/boletinlegal/ HTTP/1.1" 200 40907
172.22.2.4 - - [22/May/2023:09:42:21 -0500] "GET /BLA/boletinlegal/consulta_actos.php?tipo=resoluciones&no=2440&usuario=&sector=&fecha=2021&resuelve= HTTP/1.1" 200 1244
157.55.39.210 - - [22/May/2023:09:42:25 -0500] "GET /BLA/resoluciones/AUTOS%202020/1458.pdf HTTP/1.1" 200 747130
172.22.2.4 - - [22/May/2023:09:40:51 -0500] "HEAD /BLA/boletinlegal/ HTTP/1.1" 200 -
172.22.2.4 - - [22/May/2023:09:41:42 -0500] "GET /BLA/boletinlegal/ HTTP/1.1" 200 55571
186.84.20.209 - - [22/May/2023:09:43:22 -0500] "GET /BLA/resoluciones/index.php?dir=AUTOS+2016%2F HTTP/1.1" 200 329829
186.84.20.209 - - [22/May/2023:09:43:50 -0500] "GET /BLA/resoluciones/AUTOS%202016/2379.pdf HTTP/1.1" 200 461851
201.245.192.253 - - [22/May/2023:09:44:03 -0500] "POST /kwsrmcab/Wsrmcab  HTTP/1.1" 200 43978
40.77.167.146 - - [22/May/2023:09:44:33 -0500] "GET /BLA/resoluciones/RESOLUCIONES%202018/3971.pdf HTTP/1.1" 304 -
186.84.90.74 - - [22/May/2023:09:45:55 -0500] "GET /kwssiamovil/sm/acme/a?s=U2FsdGVkX18DAv4Und1bi5Zt+uMWK2+lgcdzwkRfzppmTbT79ZgF1aR2NwW24nC/QLCqrbODRj2mHoritc0cKSlDsSJZfZF7w3d41yL/IB96tVmKqn1m4seHDCtG7WITlukOe2M0sZ2PA2iNl3eHTHvQn/GM8XDB7QAvLsA/uAFZrIjp/zwwZsxMiUBOmPM17SR3FnEI8DycBsspoLMhERG1anhrEL/KTUlrPDJppXamxtaJNKkPa/WtVfufVmXYsATru3WQyjSPNLPTmr5ouA==&u=U2FsdGVkX19fad0qsTlJNknyGaB5EQHR5LdCVQcE9Lk=&y=U2FsdGVkX1+73L58gsg4H8BSzx+hGFEnxcy3sDmoZhIyXa8sGc0MUhMJoeMs0A5l HTTP/1.1" 200 26
186.84.90.74 - - [22/May/2023:09:45:56 -0500] "GET /kwssiamovil/sm/acme/a?s=U2FsdGVkX1967n2fcShh4PdQfC+3fjXmJ2Z/jcMy+ZNqwOFnniINjLmmu3+XCe8BOuNh4XhTWYJE7Uh6GaPj13rFIUISa9Cen5rg43bO2Sys17v8kNdPLTO14tDkex04bTB23oavHN0RIRyEiCwg18XdZTEqIn9E8HK7xf+2+BNUHTAJKrPukb4+9Io0D7H9TdtzAfM6MZrmXBCSfto3HbwFJ+hiWgZx8qTUuZ3K+VzKf9dQq5HPftERZS+9NG2qk2+9SoewYBSV1ZshzjvFLrzaLoRb/LK55QJmlMKfuPRoaD+K6yQ3+vKrQ0U3SNR2PoQCaDMCkqoiN5ef08almrpbxsdpb77brzktD46MhZyaL5JFCd4L7dnwI2AOp4MkUtmnQd24ddtHN3+i+1gtuyDKY+Vcu/t+Qf2rBcxPA6b6hfLsaZrZCgANLRl9pLKJ+Q9EHoFh+LDnStxi9OhNiO53GLzOXDNEIFNN0xgAUvAFdlx3VFYsNn4Z1tBdzb3tbpzVMxHjpL6e2vHMEpW1YjOyqJ++bSiu1ne/X8VPMELEtHcMv9klyWGj4Zcu5kj7Nt01FMsw3XzQgb914u3nYD1RWU6YHIGL2BuRqhlGyH7+AcZS3so/kB1SZwY855Ti0r+kOUVLmPB5S+yxDH/R6tz7U3WScwd3n2RddIswSrYkFW3yIqc8OY7vaQw1dqSwjH4QKcnf+SFOR2hca2Z5niVw4OZvVETa1nFechK7chbtC98Kf3JL7NoZX3aVSLPtjA+mI3kPy2T9wxLKOLbVvNd48N6kQCvkYG20v0+S19YHfpqUXO/fWQ6ueJUme7eiSXLEUfOaeMERDUquuHheMKQeUxagE5DMeczl0lJHykMzreZPfTrxhlX9/tAQU807K65ZeROkkaOSr4hwDi/0RT0U+m8cG/baeFcOZg1f1IAYWdPhxkOEWZMNTa6t9ce+tI3/EVzhLxfh+G7hNtPtLYab07S9f0yzKjOrBWNt9rgMPy7+x0seW0LpKmU1fcmE+Jnl8R51/rgYESGWKm0JAyohgnDRnomJDTa2qCKJf3LbTUJoUofHOPnPSVCNWMGYVuY0Vd4fXrZZy3WO9fIAp7U5AHpGbh+Nhp6d4pQ6FBdv3BrtZ2lo1FO/9ws69X3Ie+WwjaSZv6SbOiVItxchqmuQW442DtGYOiSwEouAQiYUzaZAA3HzSWfgBJQbiJX5mFZTrySA/3zgn0TWYxkysYv3cPwWWBhBmQfWNLb4QExo+sXnavj7p+dt3+Fhk/FBtDxMjtrPfprj5a+tXDU6DqrkaMrPViJagbCLUyo4PlaKv2zf5iQJXL2sq+cxTIeq6O5s21gGDQeXVDBg+S6bVoKu0Hq8nV3sBF/SnKNsvPAVIG6+juwK3db2nfDY65Vg/2B1bebxBaOQdyJcZRPK0bfWFjk8lzt7CMQYmZv4xaxKpDOUqWndAfAiKdQHdmmkFSLyJQoc/bwiVdA9oj0IDAqyIppCbO58B8F600Z9pUELax1n3AWgUM5xBRalxYgReWdASk4ybJaGCJofz8fFiUP8Vpd6GNe1bIVnHzeik5o6bE822FFiZxeAGQuGmCJdWOS0BiFXsMRhrVS2fy/U6p1ulLhyjCHZbMnPlAkY6ivkON3K2Wj3jqKaWtrw6AkynLZfd6oJ3C3iJlBc/WX/yN+5E1wMTpO8zJNZtjyggk/Nn0GA0lSjfiEkVDeGodUh2YwBLWoF93bLb3HKCJGssGL48D8w1j1f3aHGJxVEv2THQy9Wy5AXhKew8C7ZJh8W5qu0sOTaYydY7iJ4af74F2/vDkZ+ghK6ZtVMwTYW+1uZ/vZFxVWkSwvh2PzpSu5qjv6irq7xl+2kTB1J6+Aw0OJQh+HZntlcv1MPh2UnLecji4dAmHZTUBT9Fo5uOFqg33iLh9v7cibs1IgPeufE32ofokmqY38OM93t7TuCc3lVn25Ph3LH2k4d3fvQ4Bhe5xjIpTy1sH5JyiDcsO0yQSVf+CIJ97Q1tK41xEwQqiGfPQEb5mEhc3k0HdGuhT77OGincGJifCKLC3FFmmYQVNtFF8TmM9ftJguY6Um7WQ7uB//jJsnddFKymr5LR1NsjvKmm4LScpeVOqYoSi/L9ZO/8BSg6CMzBQInThsvuolzdR9OYK7bF0sisyOqgwxlpQIzZB7/Ph/YknwHVqHDFQvONyWgdFFLsFyETcOfilAB2yM9zFCXEq1a5097H2fGK2M+F/ZSfE4Mx+uTrGZ82TUv8zLvndwIImculCQZ9fSSO6MJIdTokB++kvsSuXD980zWHQv3Ih2O7vuf/gNrVEwSCTDY2JA8z5yw5V9OmoAtrvgUQ0FCwYFlDHX57JjW+otfpP7lZBuvQddkdi4spscPVNml+u1rL0yyaiamYSxyHCbXSw9F45R8FTyaBmD07q143P/HwL+/gOINZR4akfczyIinPT/J8OyfR2loCs6ZLwx3rnUWGUgfzr49SOCI+GErYZTt9jdw5q5+PsUoeUlc0sxRba3zER35SnwdwT+5dz85MBm1KRa5DSpOQ9dg02QXDv+7s4XutWN209PVnAPazRIh3bchk27fjA7wBvGmEtk94PxG41Xh1weSm+uR1EynVj2j8IwBkQOedFDU19vGCU93w0ryBVF11V7IhDhWYNaQmLPGkLf6xoMsNzhY6tLuMtvLBZQOvl69YoCXntI+VpvX72oCCULW2JNz0IxQ3AHkfWWkgzdcTNX9KlX8OWUl9E4SbX5h8uw40ic0TLE1NaY84GDTd0qoaND8v/UX07CQdceqHE4YaoNa0h/klzjOs3p/B2/vlgrdI14s8svQjixdSYQpGvXQAQq3o6geV+vwag6NDJJJ+5c8AcorSd2ZQNHLoQjd9VkQr9S9l6q2IqdTS/2ZVL6Mi5r7q5ML6XcA50P8QMUTNX8bQL/ZXlvqp2G+N3i7YCN/zTxZ1xTVnWuhfQ0kAZYjk3pHfIMUJSsfRBvaaO5AHzFYVKshFUh/HbJLyLAiYTykLEcVCLJEtvSy7FnoNddVq1eYmfZoJ0Ui870EekUFFipoh0i+zct4XtyS8lce1JdhZ0QpSw==&u=U2FsdGVkX19fad0qsTlJNknyGaB5EQHR5LdCVQcE9Lk=&y=U2FsdGVkX1+73L58gsg4H8BSzx+hGFEnxcy3sDmoZhIyXa8sGc0MUhMJoeMs0A5l HTTP/1.1" 200 26
186.84.90.74 - - [22/May/2023:09:45:56 -0500] "GET /kwssiamovil/sm/acme/a?s=U2FsdGVkX1/dRRrq3jQcIA71F4vQOv9FhWIbIrs59KaJSFhKJEn1nrmIlB8R11J2VAV6737+ngSU6JczFS7HzGwCDjG0Jxtef3lZoAHKIq7yNugkrGt6II5adNHbeE0aOniMaGsmWX55+FobpqXzGiCUMS4jRg1iMC2V+pV/OTQ=&u=U2FsdGVkX19fad0qsTlJNknyGaB5EQHR5LdCVQcE9Lk=&y=U2FsdGVkX1+73L58gsg4H8BSzx+hGFEnxcy3sDmoZhIyXa8sGc0MUhMJoeMs0A5l HTTP/1.1" 200 26
186.84.90.74 - - [22/May/2023:09:45:57 -0500] "GET /kwssiamovil/sm/acme/a?s=U2FsdGVkX18S/EQIWrUv/ziI3o2adLsSJs8FCtOGhSxDxzDSo8zI9VSL23qXE6cj2cwGDFsLdwRGywAZBT4LAXCHkcvjPvZm20dx6VuRc2NEBLHCHEFAjdvm8mm8b7+gHUoLdnp/Q8vucduch/8GzEitpOQP3toQd8wQYGDAZK4=&u=U2FsdGVkX19fad0qsTlJNknyGaB5EQHR5LdCVQcE9Lk=&y=U2FsdGVkX1+73L58gsg4H8BSzx+hGFEnxcy3sDmoZhIyXa8sGc0MUhMJoeMs0A5l HTTP/1.1" 200 26
186.84.90.74 - - [22/May/2023:09:45:57 -0500] "GET /kwssiamovil/sm/acme/a?s=U2FsdGVkX1+LPpu/LXiGONkjjjvctWfPbzV7Z16MdvHzwaJC6P1cDM1hHMtA9vafXRfgLKmHYdO3ABZGF70cN8982DW8hDg7NrY0Vo9bWtmdaFxTKFebnniKa2gLcKV4qb3TKY/ipeEjA3KaSBD5c5PXPTNSgRHkOnODkEbEfq0=&u=U2FsdGVkX19fad0qsTlJNknyGaB5EQHR5LdCVQcE9Lk=&y=U2FsdGVkX1+73L58gsg4H8BSzx+hGFEnxcy3sDmoZhIyXa8sGc0MUhMJoeMs0A5l HTTP/1.1" 200 26
186.84.90.74 - - [22/May/2023:09:45:57 -0500] "GET /kwssiamovil/sm/acme/a?s=U2FsdGVkX1/L+yagnnwtGunhCRZ51seAWVk1dJAhYqzN/YVEcfiGlk2q/s0nxoUbVtRFqlgZC1zcTG7YDLIHYnAY5KkBRlD9OE+CduVD5L7QFwq6tyUff4MqM2+wCwPiJHP1bhfRKOfHF+X4BYuC0EVcZ1Pv9kk4N+g94ruBywSzpK6JeChpKY4BWt7iL2WXf18qP3y/P9JO3n7wqYXd5g==&u=U2FsdGVkX19fad0qsTlJNknyGaB5EQHR5LdCVQcE9Lk=&y=U2FsdGVkX1+73L58gsg4H8BSzx+hGFEnxcy3sDmoZhIyXa8sGc0MUhMJoeMs0A5l HTTP/1.1" 200 26
216.245.221.92 - - [22/May/2023:09:45:58 -0500] "HEAD / HTTP/1.1" 200 -
172.22.2.4 - - [22/May/2023:09:47:21 -0500] "GET /BLA/boletinlegal/ HTTP/1.1" 200 28619
172.22.2.4 - - [22/May/2023:09:46:41 -0500] "HEAD /BLA/boletinlegal/ HTTP/1.1" 200 -
201.245.192.253 - - [22/May/2023:09:49:02 -0500] "POST /kwsrmcab/Wsrmcab  HTTP/1.1" 200 43978
172.22.2.4 - - [22/May/2023:09:47:32 -0500] "GET /BLA/boletinlegal/ HTTP/1.1" 200 55934
162.55.166.12 - - [22/May/2023:09:49:27 -0500] "GET / HTTP/1.1" 200 319
