172.22.2.4 - - [22/May/2023:14:47:30 -0500] "GET /BLA/boletinlegal/actos.php HTTP/1.1" 200 9682
172.22.2.4 - - [22/May/2023:14:47:31 -0500] "GET /BLA/boletinlegal/styles2.css HTTP/1.1" 200 1838
172.22.2.4 - - [22/May/2023:14:47:31 -0500] "GET /BLA/boletinlegal/js/ajax_actos.js HTTP/1.1" 200 1322
172.22.2.4 - - [22/May/2023:14:47:31 -0500] "GET /BLA/boletinlegal/niceforms-default.css HTTP/1.1" 200 6694
172.22.2.4 - - [22/May/2023:14:47:31 -0500] "GET /BLA/boletinlegal/style.css HTTP/1.1" 200 9406
172.22.2.4 - - [22/May/2023:14:47:31 -0500] "GET /BLA/boletinlegal/niceforms.js HTTP/1.1" 200 22876
172.22.2.4 - - [22/May/2023:14:47:31 -0500] "GET /BLA/boletinlegal/js/lib.js HTTP/1.1" 200 6474
172.22.2.4 - - [22/May/2023:14:47:31 -0500] "GET /BLA/boletinlegal/js/popup.js HTTP/1.1" 200 1270
172.22.2.4 - - [22/May/2023:14:47:32 -0500] "GET /BLA/boletinlegal/js/jquery1.js HTTP/1.1" 200 29846
172.22.2.4 - - [22/May/2023:14:47:33 -0500] "GET /BLA/boletinlegal/images/subscribe-icon-big.png HTTP/1.1" 200 47702
172.22.2.4 - - [22/May/2023:14:47:33 -0500] "GET /BLA/boletinlegal/images/cabezote%20BLEGAL.jpg HTTP/1.1" 200 118164
172.22.2.4 - - [22/May/2023:14:47:34 -0500] "GET /BLA/boletinlegal/images/historia.png HTTP/1.1" 200 52775
172.22.2.4 - - [22/May/2023:14:47:34 -0500] "GET /BLA/boletinlegal/images/registro-usuarios.png HTTP/1.1" 200 8106
172.22.2.4 - - [22/May/2023:14:47:34 -0500] "GET /BLA/boletinlegal/images/tel.png HTTP/1.1" 200 14477
172.22.2.4 - - [22/May/2023:14:47:34 -0500] "GET /BLA/boletinlegal/images/green-yellow-blue-pink-th.png HTTP/1.1" 200 7394
172.22.2.4 - - [22/May/2023:14:47:34 -0500] "GET /BLA/boletinlegal/images/icono-email.png HTTP/1.1" 200 5544
172.22.2.4 - - [22/May/2023:14:47:34 -0500] "GET /BLA/boletinlegal/images/body_bg.jpg HTTP/1.1" 200 1601
172.22.2.4 - - [22/May/2023:14:47:34 -0500] "GET /BLA/boletinlegal/images/menu_lft.gif HTTP/1.1" 200 1713
172.22.2.4 - - [22/May/2023:14:47:34 -0500] "GET /BLA/boletinlegal/images/bg_top.jpg HTTP/1.1" 200 522
172.22.2.4 - - [22/May/2023:14:47:34 -0500] "GET /BLA/boletinlegal/images/menu_rght.gif HTTP/1.1" 200 1627
172.22.2.4 - - [22/May/2023:14:47:34 -0500] "GET /BLA/boletinlegal/images/menu_bg.jpg HTTP/1.1" 200 620
172.22.2.4 - - [22/May/2023:14:47:34 -0500] "GET /BLA/boletinlegal/images/hover.jpg HTTP/1.1" 200 640
172.22.2.4 - - [22/May/2023:14:47:34 -0500] "GET /BLA/boletinlegal/images/text.jpg HTTP/1.1" 200 568
172.22.2.4 - - [22/May/2023:14:47:35 -0500] "GET /BLA/boletinlegal/images/footer_bg.jpg HTTP/1.1" 200 586
172.22.2.4 - - [22/May/2023:14:47:35 -0500] "GET /BLA/boletinlegal/images/footer_bg_l.jpg HTTP/1.1" 200 776
172.22.2.4 - - [22/May/2023:14:47:36 -0500] "GET /BLA/boletinlegal/img/0.png HTTP/1.1" 200 110
172.22.2.4 - - [22/May/2023:14:47:36 -0500] "GET /BLA/boletinlegal/img/select-left.png HTTP/1.1" 200 263
172.22.2.4 - - [22/May/2023:14:47:36 -0500] "GET /BLA/boletinlegal/img/select-right.png HTTP/1.1" 200 44019
172.22.2.4 - - [22/May/2023:14:47:36 -0500] "GET /BLA/boletinlegal/img/button-left.png HTTP/1.1" 200 57071
172.22.2.4 - - [22/May/2023:14:47:36 -0500] "GET /BLA/boletinlegal/img/button.png HTTP/1.1" 200 43241
172.22.2.4 - - [22/May/2023:14:47:36 -0500] "GET /BLA/boletinlegal/img/button-right.png HTTP/1.1" 200 57878
172.22.2.4 - - [22/May/2023:14:47:36 -0500] "GET /BLA/boletinlegal/favicon.ico HTTP/1.1" 404 1326
172.22.2.4 - - [22/May/2023:14:47:38 -0500] "GET /BLA/boletinlegal/actos.php HTTP/1.1" 200 9682
186.84.22.225 - - [22/May/2023:14:47:43 -0500] "GET /BLA/resoluciones/ HTTP/1.1" 200 13502
186.84.22.225 - - [22/May/2023:14:47:45 -0500] "GET /BLA/resoluciones/dlf/styles.css HTTP/1.1" 200 3049
186.84.22.225 - - [22/May/2023:14:47:45 -0500] "GET /BLA/resoluciones/dlf/folder.png HTTP/1.1" 200 410
186.84.22.225 - - [22/May/2023:14:47:48 -0500] "GET /BLA/resoluciones/dlf/bg.gif HTTP/1.1" 200 54
186.84.22.225 - - [22/May/2023:14:47:49 -0500] "GET /favicon.ico HTTP/1.1" 200 7782
201.245.192.253 - - [22/May/2023:14:47:56 -0500] "POST /kwsrmcab/Wsrmcab  HTTP/1.1" 200 43978
186.84.22.225 - - [22/May/2023:14:48:13 -0500] "GET /BLA/resoluciones/index.php?dir=RESOLUCIONES+2012%2F HTTP/1.1" 200 140066
186.84.22.225 - - [22/May/2023:14:48:13 -0500] "GET /BLA/resoluciones/dlf/dirup.png HTTP/1.1" 200 644
186.84.22.225 - - [22/May/2023:14:48:14 -0500] "GET /BLA/resoluciones/dlf/pdf.gif HTTP/1.1" 200 272
186.84.22.225 - - [22/May/2023:14:48:31 -0500] "GET /BLA/resoluciones/RESOLUCIONES%202012/1744.pdf HTTP/1.1" 200 3312506
172.22.2.4 - - [22/May/2023:14:48:44 -0500] "GET /BLA/boletinlegal/Circulares/2022/CIRCULAR%20No.%2000004%20DEL%2019%20DE%20MAYO%20DEL%202022.pdf HTTP/1.1" 200 252981
216.245.221.92 - - [22/May/2023:14:50:57 -0500] "HEAD / HTTP/1.1" 200 -
172.22.2.4 - - [22/May/2023:14:50:06 -0500] "HEAD /BLA/boletinlegal/ HTTP/1.1" 200 -
172.22.2.4 - - [22/May/2023:14:50:57 -0500] "GET /BLA/boletinlegal/ HTTP/1.1" 200 52326
201.245.192.253 - - [22/May/2023:14:52:54 -0500] "POST /kwsrmcab/Wsrmcab  HTTP/1.1" 200 43978
172.22.2.4 - - [22/May/2023:14:54:56 -0500] "GET /BLA/boletinlegal/Circulares/2020/Circular%2000010%20del%2027%20de%20julio%20de%202020.pdf HTTP/1.1" 304 -
190.27.182.224 - - [22/May/2023:14:55:42 -0500] "GET /BLA/resoluciones/index.php?dir=AUTOS+2020%2F HTTP/1.1" 200 328612
216.245.221.92 - - [22/May/2023:14:55:57 -0500] "HEAD / HTTP/1.1" 200 -
66.249.79.233 - - [22/May/2023:14:56:01 -0500] "GET /images/Secretaria-d%C3%ADa-del-arbol-2023-abril.jpg HTTP/1.1" 404 1034
190.27.182.224 - - [22/May/2023:14:56:09 -0500] "GET /BLA/resoluciones/AUTOS%202020/1534.pdf HTTP/1.1" 200 692915
172.22.2.4 - - [22/May/2023:14:56:41 -0500] "GET /BLA/boletinlegal/consulta_actos.php?tipo=autos&no=1210&usuario=&sector=&fecha=2021&resuelve= HTTP/1.1" 200 1082
179.32.142.83 - - [22/May/2023:14:56:45 -0500] "GET /BLA/resoluciones/AUTOS%202021/1210.pdf HTTP/1.1" 200 396451
172.22.2.4 - - [22/May/2023:14:55:56 -0500] "HEAD /BLA/boletinlegal/ HTTP/1.1" 200 -
201.245.192.253 - - [22/May/2023:14:57:53 -0500] "POST /kwsrmcab/Wsrmcab  HTTP/1.1" 200 43978
190.27.182.224 - - [22/May/2023:14:58:17 -0500] "GET /BLA/resoluciones/index.php?dir=AUTOS+2019%2F HTTP/1.1" 200 378368
172.22.2.4 - - [22/May/2023:14:56:47 -0500] "GET /BLA/boletinlegal/ HTTP/1.1" 200 53114
173.252.127.11 - - [22/May/2023:14:59:05 -0500] "GET /images/Acuerdos%2001%20(1)%20(1).jpeg HTTP/1.1" 200 32884
216.245.221.92 - - [22/May/2023:15:00:57 -0500] "HEAD / HTTP/1.1" 200 -
191.156.190.7 - - [22/May/2023:15:02:25 -0500] "GET /BLA/resoluciones/RESOLUCIONES%202021/2903.pdf HTTP/1.1" 200 474460
191.156.186.1 - - [22/May/2023:15:02:26 -0500] "GET /favicon.ico HTTP/1.1" 200 7782
201.245.192.253 - - [22/May/2023:15:02:52 -0500] "POST /kwsrmcab/Wsrmcab  HTTP/1.1" 200 43978
172.22.2.4 - - [22/May/2023:15:01:46 -0500] "HEAD /BLA/boletinlegal/ HTTP/1.1" 200 -
172.22.2.4 - - [22/May/2023:15:02:37 -0500] "GET /BLA/boletinlegal/ HTTP/1.1" 200 54808
216.245.221.92 - - [22/May/2023:15:05:57 -0500] "HEAD / HTTP/1.1" 200 -
201.245.192.253 - - [22/May/2023:15:07:51 -0500] "POST /kwsrmcab/Wsrmcab  HTTP/1.1" 200 43978
157.90.209.79 - - [22/May/2023:15:08:02 -0500] "-" 408 -
172.22.2.4 - - [22/May/2023:15:08:09 -0500] "GET /BLA/boletinlegal/actos.php HTTP/1.1" 200 9682
162.55.171.94 - - [22/May/2023:15:08:23 -0500] "GET / HTTP/1.1" 200 319
172.22.2.4 - - [22/May/2023:15:07:36 -0500] "HEAD /BLA/boletinlegal/ HTTP/1.1" 200 -
172.22.2.4 - - [22/May/2023:15:08:27 -0500] "GET /BLA/boletinlegal/ HTTP/1.1" 200 53561
52.167.144.46 - - [22/May/2023:15:10:38 -0500] "GET /images/vertimiento-Comprimida%20(1).png HTTP/1.1" 200 22870
216.245.221.92 - - [22/May/2023:15:10:57 -0500] "HEAD / HTTP/1.1" 200 -
93.124.123.174 - - [22/May/2023:15:11:27 -0500] "GET / HTTP/1.0" 200 319
201.245.192.253 - - [22/May/2023:15:12:50 -0500] "POST /kwsrmcab/Wsrmcab  HTTP/1.1" 200 43978
172.22.2.4 - - [22/May/2023:15:12:59 -0500] "GET /BLA/boletinlegal/jurisprudencia/analisis/AnalisisT-095-16.docx HTTP/1.1" 200 20284
40.77.167.146 - - [22/May/2023:15:14:14 -0500] "GET /BLA/resoluciones/AUTOS%202022/1033.pdf HTTP/1.1" 304 -
95.108.213.227 - - [22/May/2023:15:14:32 -0500] "GET /caminatas-ecologicas-en-bogota-inscribete-y-participa-en-los-recorridos-de-abril.html HTTP/1.1" 200 868
172.22.2.4 - - [22/May/2023:15:13:26 -0500] "HEAD /BLA/boletinlegal/ HTTP/1.1" 200 -
172.22.2.4 - - [22/May/2023:15:14:17 -0500] "GET /BLA/boletinlegal/ HTTP/1.1" 200 55934
216.245.221.92 - - [22/May/2023:15:15:57 -0500] "HEAD / HTTP/1.1" 200 -
201.245.192.253 - - [22/May/2023:15:17:49 -0500] "POST /kwsrmcab/Wsrmcab  HTTP/1.1" 200 43978
177.253.41.193 - - [22/May/2023:15:19:16 -0500] "GET /galeria/galeria/jquery.fancybox.css?v=2.1.5 HTTP/1.1" 200 4895
177.253.41.193 - - [22/May/2023:15:19:17 -0500] "GET /BLA/boletinlegal/js/jquery.scrollShow.js HTTP/1.1" 200 4586
177.253.41.193 - - [22/May/2023:15:19:17 -0500] "GET /galeria/galeria/jquery.fancybox.js?v=2.1.5 HTTP/1.1" 200 48706
201.245.192.253 - - [22/May/2023:15:19:29 -0500] "POST /kwsrmcab/Wsrmcab HTTP/1.1" 200 44120
201.245.192.253 - - [22/May/2023:15:19:32 -0500] "POST /kwsrmcab/Wsrmcab HTTP/1.1" 200 43690
172.22.2.4 - - [22/May/2023:15:19:16 -0500] "HEAD /BLA/boletinlegal/ HTTP/1.1" 200 -
216.245.221.92 - - [22/May/2023:15:20:57 -0500] "HEAD / HTTP/1.1" 200 -
172.22.2.4 - - [22/May/2023:15:20:07 -0500] "GET /BLA/boletinlegal/ HTTP/1.1" 200 57151
201.245.192.253 - - [22/May/2023:15:22:47 -0500] "POST /kwsrmcab/Wsrmcab  HTTP/1.1" 200 43978
156.59.196.10 - - [22/May/2023:15:23:38 -0500] "GET /galeria/galeria/fotos/Humedal-Tibanica3P.jpg HTTP/1.1" 200 28016
181.59.3.54 - - [22/May/2023:15:23:41 -0500] "-" 408 -
181.59.3.54 - - [22/May/2023:15:23:43 -0500] "-" 408 -
40.77.167.146 - - [22/May/2023:15:24:05 -0500] "GET /BLA/resoluciones/AUTOS%202021/5116.pdf HTTP/1.1" 304 -
173.252.83.3 - - [22/May/2023:15:25:31 -0500] "GET /images/jardines-verticales-4-marzo.jpg HTTP/1.1" 200 54804
216.245.221.92 - - [22/May/2023:15:25:57 -0500] "HEAD / HTTP/1.1" 200 -
192.133.77.16 - - [22/May/2023:15:26:05 -0500] "GET /secretaria-de-ambiente-otorgo-reconocimiento-a-80-empresas-vinculadas-al-pacto-unidos-por-un-nuevo-aire.html HTTP/1.1" 200 964
192.133.77.18 - - [22/May/2023:15:26:06 -0500] "GET /images/Archivo%20pacto%20aire%2023%20enero.jpeg HTTP/1.1" 200 28889
172.22.2.4 - - [22/May/2023:15:25:06 -0500] "HEAD /BLA/boletinlegal/ HTTP/1.1" 200 -
172.22.2.4 - - [22/May/2023:15:25:57 -0500] "GET /BLA/boletinlegal/ HTTP/1.1" 200 54808
201.245.192.253 - - [22/May/2023:15:27:46 -0500] "POST /kwsrmcab/Wsrmcab  HTTP/1.1" 200 43978
102.165.51.104 - - [22/May/2023:15:28:24 -0500] "HEAD /adminer.php HTTP/1.1" 404 -
102.165.51.104 - - [22/May/2023:15:28:25 -0500] "GET /adminer.php HTTP/1.1" 404 1034
172.22.2.4 - - [22/May/2023:15:29:13 -0500] "GET /BLA/boletinlegal/js/ajax.js HTTP/1.1" 200 772
172.22.2.4 - - [22/May/2023:15:29:13 -0500] "GET /BLA/boletinlegal/swfobject.js HTTP/1.1" 200 9763
201.245.192.253 - - [22/May/2023:15:29:30 -0500] "POST /kwsrmcab/Wsrmcab HTTP/1.1" 200 44120
201.245.192.253 - - [22/May/2023:15:29:32 -0500] "POST /kwsrmcab/Wsrmcab HTTP/1.1" 200 43690
157.55.39.210 - - [22/May/2023:15:30:08 -0500] "GET /bla/resoluciones/resoluciones%202022/0039.pdf HTTP/1.1" 304 -
216.245.221.92 - - [22/May/2023:15:30:57 -0500] "HEAD / HTTP/1.1" 200 -
172.22.2.4 - - [22/May/2023:15:30:56 -0500] "HEAD /BLA/boletinlegal/ HTTP/1.1" 200 -
201.245.192.253 - - [22/May/2023:15:32:45 -0500] "POST /kwsrmcab/Wsrmcab  HTTP/1.1" 200 43978
172.22.2.4 - - [22/May/2023:15:31:47 -0500] "GET /BLA/boletinlegal/ HTTP/1.1" 200 59306
199.16.157.183 - - [22/May/2023:15:34:00 -0500] "GET /images/cronica-amanda-rodriguez-30-abril.jpg HTTP/1.1" 200 26304
172.22.2.4 - - [22/May/2023:15:33:51 -0500] "GET /BLA/boletinlegal/ HTTP/1.1" 200 62212
216.245.221.92 - - [22/May/2023:15:35:57 -0500] "HEAD / HTTP/1.1" 200 -
172.22.2.4 - - [22/May/2023:15:37:40 -0500] "GET /BLA/boletinlegal/Circulares/2023/CIRCULAR%20No.%2000002%20DEL%2020%20DE%20FEBRERO%20DEL%202023.pdf HTTP/1.1" 200 333231
201.245.192.253 - - [22/May/2023:15:37:44 -0500] "POST /kwsrmcab/Wsrmcab  HTTP/1.1" 200 43978
172.22.2.4 - - [22/May/2023:15:37:49 -0500] "GET /BLA/boletinlegal/Circulares/2019/.pdf HTTP/1.1" 404 1218
172.22.2.4 - - [22/May/2023:15:37:56 -0500] "GET /BLA/boletinlegal/Circulares/2012/Circular%20No.%2010%20del%2026%20de%20Enero%20de%202012.pdf HTTP/1.1" 404 1218
172.22.2.4 - - [22/May/2023:15:36:46 -0500] "HEAD /BLA/boletinlegal/ HTTP/1.1" 200 -
172.22.2.4 - - [22/May/2023:15:37:37 -0500] "GET /BLA/boletinlegal/ HTTP/1.1" 200 52326
201.245.192.253 - - [22/May/2023:15:39:29 -0500] "POST /kwsrmcab/Wsrmcab HTTP/1.1" 200 44120
201.245.192.253 - - [22/May/2023:15:39:32 -0500] "POST /kwsrmcab/Wsrmcab HTTP/1.1" 200 43690
186.29.181.212 - - [22/May/2023:15:40:10 -0500] "GET /BLA/resoluciones/index.php?dir=AUTOS+2016%2F HTTP/1.1" 200 329829
216.245.221.92 - - [22/May/2023:15:40:57 -0500] "HEAD / HTTP/1.1" 200 -
186.29.105.75 - - [22/May/2023:15:42:17 -0500] "GET /BLA/resoluciones/ HTTP/1.1" 200 13502
201.245.192.253 - - [22/May/2023:15:42:44 -0500] "POST /kwsrmcab/Wsrmcab  HTTP/1.1" 200 43978
186.29.105.75 - - [22/May/2023:15:43:34 -0500] "GET /BLA/resoluciones/index.php?dir=AUTOS+2018%2F HTTP/1.1" 200 458615
172.22.2.4 - - [22/May/2023:15:42:36 -0500] "HEAD /BLA/boletinlegal/ HTTP/1.1" 200 -
172.22.2.4 - - [22/May/2023:15:43:27 -0500] "GET /BLA/boletinlegal/ HTTP/1.1" 200 54424
216.245.221.92 - - [22/May/2023:15:45:57 -0500] "HEAD / HTTP/1.1" 200 -
172.22.2.4 - - [22/May/2023:15:46:23 -0500] "GET /BLA/boletinlegal/actos.php HTTP/1.1" 200 9682
186.84.22.225 - - [22/May/2023:15:46:36 -0500] "GET /BLA/resoluciones/ HTTP/1.1" 200 13502
40.77.167.146 - - [22/May/2023:15:46:47 -0500] "GET /BLA/resoluciones/AUTOS%202021/4112.pdf HTTP/1.1" 304 -
201.245.192.253 - - [22/May/2023:15:47:43 -0500] "POST /kwsrmcab/Wsrmcab  HTTP/1.1" 200 43978
201.221.172.207 - - [22/May/2023:15:49:33 -0500] "GET /postulate-al-programa-de-mujeres-por-el-cambio-climatico-en-bogota.html HTTP/1.1" 200 856
40.77.167.146 - - [22/May/2023:15:49:56 -0500] "GET /sipse/faces/faces/autenticacion.xhtml HTTP/1.1" 200 12498
172.22.2.4 - - [22/May/2023:15:48:26 -0500] "HEAD /BLA/boletinlegal/ HTTP/1.1" 200 -
172.22.2.4 - - [22/May/2023:15:49:17 -0500] "GET /BLA/boletinlegal/ HTTP/1.1" 200 57561
216.245.221.92 - - [22/May/2023:15:50:57 -0500] "HEAD / HTTP/1.1" 200 -
201.245.192.253 - - [22/May/2023:15:52:41 -0500] "POST /kwsrmcab/Wsrmcab  HTTP/1.1" 200 43978
205.210.31.201 - - [22/May/2023:15:53:49 -0500] "\x16\x03\x01" 400 226
162.55.38.160 - - [22/May/2023:15:54:29 -0500] "GET / HTTP/1.1" 200 319
66.220.149.19 - - [22/May/2023:15:54:41 -0500] "GET /images/cr\xc3\xb3nica-29-nov-1_optimized.jpeg HTTP/1.1" 404 1034
66.220.149.19 - - [22/May/2023:15:54:41 -0500] "GET /images/cr\xc3\xb3nica-29-nov-1_optimized.jpeg HTTP/1.1" 404 1034
172.22.2.4 - - [22/May/2023:15:54:16 -0500] "HEAD /BLA/boletinlegal/ HTTP/1.1" 200 -
216.245.221.92 - - [22/May/2023:15:55:57 -0500] "HEAD / HTTP/1.1" 200 -
173.252.107.17 - - [22/May/2023:15:56:08 -0500] "GET /las-mujeres-reverdecen-bogota-en-el-dia-mundial-de-los-humedales.html HTTP/1.1" 206 900
69.171.251.5 - - [22/May/2023:15:56:08 -0500] "GET /images/mujeres-reverdecen-humedales-2-febrero.jpg HTTP/1.1" 200 47327
172.22.2.4 - - [22/May/2023:15:55:07 -0500] "GET /BLA/boletinlegal/ HTTP/1.1" 200 52326
186.84.22.225 - - [22/May/2023:15:57:10 -0500] "GET /BLA/resoluciones/index.php?dir=RESOLUCIONES+2009%2F HTTP/1.1" 200 1694101
201.245.192.253 - - [22/May/2023:15:57:40 -0500] "POST /kwsrmcab/Wsrmcab  HTTP/1.1" 200 43978
40.77.167.146 - - [22/May/2023:15:58:58 -0500] "GET /BLA/resoluciones/RESOLUCIONES%202021/3104.pdf HTTP/1.1" 304 -
186.84.22.225 - - [22/May/2023:15:59:01 -0500] "GET /BLA/resoluciones/RESOLUCIONES%202009/2680.pdf HTTP/1.1" 200 418728
190.27.24.152 - - [22/May/2023:15:59:24 -0500] "GET /appsia/controlador HTTP/1.1" 200 4799
190.27.24.152 - - [22/May/2023:15:59:24 -0500] "GET /appsia/controlador HTTP/1.1" 200 4799
190.27.24.152 - - [22/May/2023:15:59:24 -0500] "GET /appsia/scripts/validarIngreso.js HTTP/1.1" 200 851
190.27.24.152 - - [22/May/2023:15:59:24 -0500] "GET /appsia/css/estilos.css HTTP/1.1" 200 4804
190.27.24.152 - - [22/May/2023:15:59:24 -0500] "GET /appsia/images/logo_bogota_p.png HTTP/1.1" 200 14951
190.27.24.152 - - [22/May/2023:15:59:24 -0500] "GET /appsia/images/cabezoteHojaVida.png HTTP/1.1" 200 32493
190.27.24.152 - - [22/May/2023:15:59:28 -0500] "POST /appsia/controlador HTTP/1.1" 200 5437
190.27.24.152 - - [22/May/2023:15:59:30 -0500] "POST /appsia/controlador HTTP/1.1" 200 7775
190.27.24.152 - - [22/May/2023:15:59:32 -0500] "POST /appsia/controlador HTTP/1.1" 200 5234
190.27.24.152 - - [22/May/2023:15:59:38 -0500] "GET /appsia/controlador?comando=regresar&id=52171566&funcionario=VIVIANA+VANEGAS+VASQUEZ&desde=52171566&hasta=52171566&version=52171566 HTTP/1.1" 200 7775
190.27.24.152 - - [22/May/2023:15:59:42 -0500] "POST /appsia/controlador HTTP/1.1" 200 6640
190.27.24.152 - - [22/May/2023:15:59:43 -0500] "POST /appsia/controlador HTTP/1.1" 200 11298
181.61.35.65 - - [22/May/2023:16:00:04 -0500] "GET /galeria/galeria/jquery.fancybox.css?v=2.1.5 HTTP/1.1" 200 4895
181.61.35.65 - - [22/May/2023:16:00:05 -0500] "GET /BLA/boletinlegal/js/jquery.scrollShow.js HTTP/1.1" 200 4586
181.61.35.65 - - [22/May/2023:16:00:05 -0500] "GET /galeria/galeria/jquery.fancybox.js?v=2.1.5 HTTP/1.1" 200 48706
216.245.221.92 - - [22/May/2023:16:00:57 -0500] "HEAD / HTTP/1.1" 200 -
157.55.39.210 - - [22/May/2023:16:01:02 -0500] "GET /BLA/resoluciones/AUTOS%202022/0502.pdf HTTP/1.1" 200 367685
172.22.2.4 - - [22/May/2023:16:00:06 -0500] "HEAD /BLA/boletinlegal/ HTTP/1.1" 200 -
173.252.95.120 - - [22/May/2023:16:02:12 -0500] "GET /images/Sello%201%20JA-2.jpeg HTTP/1.1" 200 42236
172.22.2.4 - - [22/May/2023:16:00:57 -0500] "GET /BLA/boletinlegal/ HTTP/1.1" 200 57561
201.245.192.253 - - [22/May/2023:16:02:39 -0500] "POST /kwsrmcab/Wsrmcab  HTTP/1.1" 200 43978
66.249.66.85 - - [22/May/2023:16:04:33 -0500] "-" 408 -
216.245.221.92 - - [22/May/2023:16:05:57 -0500] "HEAD / HTTP/1.1" 200 -
157.55.39.210 - - [22/May/2023:16:06:23 -0500] "GET /BLA/resoluciones/RESOLUCIONES%202013/1705.pdf HTTP/1.1" 304 -
172.22.2.4 - - [22/May/2023:16:05:56 -0500] "HEAD /BLA/boletinlegal/ HTTP/1.1" 200 -
201.245.192.253 - - [22/May/2023:16:07:38 -0500] "POST /kwsrmcab/Wsrmcab  HTTP/1.1" 200 43978
172.22.2.4 - - [22/May/2023:16:06:47 -0500] "GET /BLA/boletinlegal/ HTTP/1.1" 200 47624
186.29.105.75 - - [22/May/2023:16:08:49 -0500] "GET /BLA/resoluciones/index.php?dir=AUTOS+2019%2F HTTP/1.1" 200 378368
172.22.2.4 - - [22/May/2023:16:09:54 -0500] "GET /BLA/boletinlegal/style.css HTTP/1.1" 200 9406
172.22.2.4 - - [22/May/2023:16:09:54 -0500] "GET /BLA/boletinlegal/styles2.css HTTP/1.1" 200 1838
172.22.2.4 - - [22/May/2023:16:09:54 -0500] "GET /BLA/boletinlegal/js/jquery.js HTTP/1.1" 200 57254
172.22.2.4 - - [22/May/2023:16:09:54 -0500] "GET /BLA/boletinlegal/js/jquery.scrollTo-min.js HTTP/1.1" 200 1150
172.22.2.4 - - [22/May/2023:16:09:54 -0500] "GET /BLA/boletinlegal/js/jquery.scrollShow.js HTTP/1.1" 200 4586
172.22.2.4 - - [22/May/2023:16:09:54 -0500] "GET /BLA/boletinlegal/images/cabezote%20BLEGAL.jpg HTTP/1.1" 200 118164
172.22.2.4 - - [22/May/2023:16:09:54 -0500] "GET /BLA/boletinlegal/images/subscribe-icon-big.png HTTP/1.1" 200 47702
172.22.2.4 - - [22/May/2023:16:09:54 -0500] "GET /BLA/boletinlegal/images/arr_l.jpg HTTP/1.1" 200 1979
172.22.2.4 - - [22/May/2023:16:09:54 -0500] "GET /BLA/boletinlegal/images/registro-usuarios.png HTTP/1.1" 200 8106
172.22.2.4 - - [22/May/2023:16:09:54 -0500] "GET /BLA/boletinlegal/images/historia.png HTTP/1.1" 200 52775
172.22.2.4 - - [22/May/2023:16:09:55 -0500] "GET /BLA/boletinlegal/images/body_bg.jpg HTTP/1.1" 200 1601
172.22.2.4 - - [22/May/2023:16:09:55 -0500] "GET /BLA/boletinlegal/images/menu_rght.gif HTTP/1.1" 200 1627
172.22.2.4 - - [22/May/2023:16:09:55 -0500] "GET /BLA/boletinlegal/images/menu_lft.gif HTTP/1.1" 200 1713
172.22.2.4 - - [22/May/2023:16:09:55 -0500] "GET /BLA/boletinlegal/images/bg_top.jpg HTTP/1.1" 200 522
172.22.2.4 - - [22/May/2023:16:09:55 -0500] "GET /BLA/boletinlegal/images/menu_bg.jpg HTTP/1.1" 200 620
172.22.2.4 - - [22/May/2023:16:09:55 -0500] "GET /BLA/boletinlegal/images/text.jpg HTTP/1.1" 200 568
172.22.2.4 - - [22/May/2023:16:09:55 -0500] "GET /BLA/boletinlegal/images/hover.jpg HTTP/1.1" 200 640
172.22.2.4 - - [22/May/2023:16:09:55 -0500] "GET /BLA/boletinlegal/images/screen_1.png HTTP/1.1" 200 202547
172.22.2.4 - - [22/May/2023:16:09:55 -0500] "GET /BLA/boletinlegal/images/launch.jpg HTTP/1.1" 200 14577
172.22.2.4 - - [22/May/2023:16:09:57 -0500] "GET /BLA/boletinlegal/actos.php HTTP/1.1" 200 9682
172.22.2.4 - - [22/May/2023:16:09:57 -0500] "GET /BLA/boletinlegal/js/ajax_actos.js HTTP/1.1" 200 1322
172.22.2.4 - - [22/May/2023:16:09:57 -0500] "GET /BLA/boletinlegal/js/popup.js HTTP/1.1" 200 1270
172.22.2.4 - - [22/May/2023:16:09:57 -0500] "GET /BLA/boletinlegal/js/lib.js HTTP/1.1" 200 6474
172.22.2.4 - - [22/May/2023:16:09:57 -0500] "GET /BLA/boletinlegal/niceforms.js HTTP/1.1" 200 22876
172.22.2.4 - - [22/May/2023:16:09:57 -0500] "GET /BLA/boletinlegal/niceforms-default.css HTTP/1.1" 200 6694
172.22.2.4 - - [22/May/2023:16:09:57 -0500] "GET /BLA/boletinlegal/js/jquery1.js HTTP/1.1" 200 29846
172.22.2.4 - - [22/May/2023:16:09:57 -0500] "GET /BLA/boletinlegal/images/green-yellow-blue-pink-th.png HTTP/1.1" 200 7394
172.22.2.4 - - [22/May/2023:16:09:57 -0500] "GET /BLA/boletinlegal/images/tel.png HTTP/1.1" 200 14477
172.22.2.4 - - [22/May/2023:16:09:57 -0500] "GET /BLA/boletinlegal/images/icono-email.png HTTP/1.1" 200 5544
172.22.2.4 - - [22/May/2023:16:09:57 -0500] "GET /BLA/boletinlegal/images/footer_bg_l.jpg HTTP/1.1" 200 776
172.22.2.4 - - [22/May/2023:16:09:57 -0500] "GET /BLA/boletinlegal/images/footer_bg.jpg HTTP/1.1" 200 586
172.22.2.4 - - [22/May/2023:16:09:57 -0500] "GET /BLA/boletinlegal/img/button-left.png HTTP/1.1" 200 57071
172.22.2.4 - - [22/May/2023:16:09:57 -0500] "GET /BLA/boletinlegal/img/select-right.png HTTP/1.1" 200 44019
172.22.2.4 - - [22/May/2023:16:09:57 -0500] "GET /BLA/boletinlegal/img/0.png HTTP/1.1" 200 110
172.22.2.4 - - [22/May/2023:16:09:57 -0500] "GET /BLA/boletinlegal/img/button-right.png HTTP/1.1" 200 57878
172.22.2.4 - - [22/May/2023:16:09:57 -0500] "GET /BLA/boletinlegal/img/button.png HTTP/1.1" 200 43241
172.22.2.4 - - [22/May/2023:16:09:57 -0500] "GET /BLA/boletinlegal/img/select-left.png HTTP/1.1" 200 263
172.22.2.4 - - [22/May/2023:16:09:58 -0500] "GET /BLA/boletinlegal/favicon.ico HTTP/1.1" 404 1326
172.22.2.4 - - [22/May/2023:16:10:03 -0500] "GET /BLA/boletinlegal/actos.php HTTP/1.1" 200 9682
191.156.154.38 - - [22/May/2023:16:10:07 -0500] "GET /BLA/resoluciones/dlf/styles.css HTTP/1.1" 200 3049
191.156.154.38 - - [22/May/2023:16:10:07 -0500] "GET /BLA/resoluciones/dlf/folder.png HTTP/1.1" 200 410
191.156.154.8 - - [22/May/2023:16:10:06 -0500] "GET /BLA/resoluciones/ HTTP/1.1" 200 13502
191.156.154.38 - - [22/May/2023:16:10:07 -0500] "GET /BLA/resoluciones/dlf/bg.gif HTTP/1.1" 200 54
191.156.154.38 - - [22/May/2023:16:10:07 -0500] "GET /favicon.ico HTTP/1.1" 200 7782
191.156.154.8 - - [22/May/2023:16:10:10 -0500] "GET /BLA/resoluciones/dlf/dirup.png HTTP/1.1" 200 644
191.156.154.38 - - [22/May/2023:16:10:10 -0500] "GET /BLA/resoluciones/dlf/pdf.gif HTTP/1.1" 200 272
191.156.154.8 - - [22/May/2023:16:10:11 -0500] "GET /BLA/resoluciones/dlf/unknown.png HTTP/1.1" 200 266
191.156.154.38 - - [22/May/2023:16:10:10 -0500] "GET /BLA/resoluciones/index.php?dir=AUTOS+2015%2F HTTP/1.1" 200 582049
172.22.2.4 - - [22/May/2023:16:09:54 -0500] "GET /BLA/boletinlegal/ HTTP/1.1" 200 24523
172.22.2.4 - - [22/May/2023:16:10:02 -0500] "GET /BLA/boletinlegal/index.php HTTP/1.1" 200 24523
216.245.221.92 - - [22/May/2023:16:10:57 -0500] "HEAD / HTTP/1.1" 200 -
201.245.192.253 - - [22/May/2023:16:12:37 -0500] "POST /kwsrmcab/Wsrmcab  HTTP/1.1" 200 43978
172.22.2.4 - - [22/May/2023:16:11:46 -0500] "HEAD /BLA/boletinlegal/ HTTP/1.1" 200 -
172.22.2.4 - - [22/May/2023:16:12:37 -0500] "GET /BLA/boletinlegal/ HTTP/1.1" 200 51977
172.22.2.4 - - [22/May/2023:16:12:39 -0500] "GET /BLA/boletinlegal/ HTTP/1.1" 200 51977
216.245.221.92 - - [22/May/2023:16:15:57 -0500] "HEAD / HTTP/1.1" 200 -
201.245.192.253 - - [22/May/2023:16:17:36 -0500] "POST /kwsrmcab/Wsrmcab  HTTP/1.1" 200 43978
172.22.2.4 - - [22/May/2023:16:18:11 -0500] "GET /BLA/boletinlegal/jurisprudencia/analisis/AnalisisT-606-15.docx HTTP/1.1" 200 26698
172.22.2.4 - - [22/May/2023:16:18:12 -0500] "GET /BLA/boletinlegal/apple-touch-icon-120x120-precomposed.png HTTP/1.1" 404 1140
172.22.2.4 - - [22/May/2023:16:18:12 -0500] "GET /BLA/boletinlegal/apple-touch-icon-120x120.png HTTP/1.1" 404 1140
172.22.2.4 - - [22/May/2023:16:18:12 -0500] "GET /BLA/boletinlegal/apple-touch-icon-precomposed.png HTTP/1.1" 404 1140
172.22.2.4 - - [22/May/2023:16:18:12 -0500] "GET /BLA/boletinlegal/apple-touch-icon.png HTTP/1.1" 404 1140
172.22.2.4 - - [22/May/2023:16:18:12 -0500] "GET /BLA/boletinlegal/favicon.ico HTTP/1.1" 404 1140
172.22.2.4 - - [22/May/2023:16:18:12 -0500] "GET /BLA/boletinlegal/apple-touch-icon-120x120-precomposed.png HTTP/1.1" 404 1140
172.22.2.4 - - [22/May/2023:16:18:12 -0500] "GET /BLA/boletinlegal/apple-touch-icon-120x120.png HTTP/1.1" 404 1140
172.22.2.4 - - [22/May/2023:16:18:12 -0500] "GET /BLA/boletinlegal/apple-touch-icon-precomposed.png HTTP/1.1" 404 1140
172.22.2.4 - - [22/May/2023:16:18:12 -0500] "GET /BLA/boletinlegal/apple-touch-icon.png HTTP/1.1" 404 1140
172.22.2.4 - - [22/May/2023:16:18:12 -0500] "GET /BLA/boletinlegal/favicon.ico HTTP/1.1" 404 1140
40.77.167.97 - - [22/May/2023:16:18:20 -0500] "GET /BLA/resoluciones/AUTOS%202021/6390.pdf HTTP/1.1" 304 -
172.22.2.4 - - [22/May/2023:16:17:36 -0500] "HEAD /BLA/boletinlegal/ HTTP/1.1" 200 -
201.245.192.253 - - [22/May/2023:16:19:29 -0500] "POST /kwsrmcab/Wsrmcab HTTP/1.1" 200 44119
201.245.192.253 - - [22/May/2023:16:19:32 -0500] "POST /kwsrmcab/Wsrmcab HTTP/1.1" 200 43700
172.22.2.4 - - [22/May/2023:16:18:27 -0500] "GET /BLA/boletinlegal/ HTTP/1.1" 200 59306
216.245.221.92 - - [22/May/2023:16:20:57 -0500] "HEAD / HTTP/1.1" 200 -
201.245.192.253 - - [22/May/2023:16:22:35 -0500] "POST /kwsrmcab/Wsrmcab  HTTP/1.1" 200 43978
172.22.2.4 - - [22/May/2023:16:22:35 -0500] "GET /BLA/boletinlegal/ HTTP/1.1" 200 28619
66.249.66.86 - - [22/May/2023:16:24:31 -0500] "-" 408 -
162.55.175.24 - - [22/May/2023:16:24:47 -0500] "GET / HTTP/1.1" 200 319
172.22.2.4 - - [22/May/2023:16:23:26 -0500] "HEAD /BLA/boletinlegal/ HTTP/1.1" 200 -
199.16.157.180 - - [22/May/2023:16:25:33 -0500] "-" 408 -
172.22.2.4 - - [22/May/2023:16:24:17 -0500] "GET /BLA/boletinlegal/ HTTP/1.1" 200 52326
216.245.221.92 - - [22/May/2023:16:25:57 -0500] "HEAD / HTTP/1.1" 200 -
157.55.39.210 - - [22/May/2023:16:26:23 -0500] "GET /BLA/resoluciones/AUTOS%202022/1792.pdf HTTP/1.1" 304 -
186.28.61.22 - - [22/May/2023:16:26:29 -0500] "GET /BLA/resoluciones/index.php?dir=AUTOS+2015%2F HTTP/1.1" 200 12235
186.28.61.22 - - [22/May/2023:16:26:29 -0500] "GET /BLA/resoluciones/index.php?dir=AUTOS+2015%2F HTTP/1.1" 200 582049
40.77.167.146 - - [22/May/2023:16:26:40 -0500] "GET /BLA/resoluciones/AUTOS%202021/2435.pdf HTTP/1.1" 304 -
201.245.192.253 - - [22/May/2023:16:27:34 -0500] "POST /kwsrmcab/Wsrmcab  HTTP/1.1" 200 43978
201.245.192.253 - - [22/May/2023:16:29:29 -0500] "POST /kwsrmcab/Wsrmcab HTTP/1.1" 200 44119
201.245.192.253 - - [22/May/2023:16:29:32 -0500] "POST /kwsrmcab/Wsrmcab HTTP/1.1" 200 43700
172.22.2.4 - - [22/May/2023:16:29:16 -0500] "HEAD /BLA/boletinlegal/ HTTP/1.1" 200 -
216.245.221.92 - - [22/May/2023:16:30:57 -0500] "HEAD / HTTP/1.1" 200 -
172.22.2.4 - - [22/May/2023:16:30:08 -0500] "GET /BLA/boletinlegal/ HTTP/1.1" 200 59656
201.245.192.253 - - [22/May/2023:16:32:33 -0500] "POST /kwsrmcab/Wsrmcab  HTTP/1.1" 200 43978
173.252.79.3 - - [22/May/2023:16:33:21 -0500] "GET /images/cr\xc3\xb3nica-29-nov-1_optimized.jpeg HTTP/1.1" 404 1034
173.252.79.14 - - [22/May/2023:16:33:58 -0500] "GET /images/mercados-campesinos-5-mayo.jpg HTTP/1.1" 200 95848
40.77.167.146 - - [22/May/2023:16:34:20 -0500] "GET /BLA/resoluciones/AUTOS%202022/2150.pdf HTTP/1.1" 304 -
172.22.2.4 - - [22/May/2023:16:33:32 -0500] "GET /BLA/boletinlegal/ HTTP/1.1" 200 60886
216.245.221.92 - - [22/May/2023:16:35:57 -0500] "HEAD / HTTP/1.1" 200 -
172.22.2.4 - - [22/May/2023:16:35:06 -0500] "HEAD /BLA/boletinlegal/ HTTP/1.1" 200 -
172.22.2.4 - - [22/May/2023:16:37:27 -0500] "GET /BLA/boletinlegal/Circulares/2019/.pdf HTTP/1.1" 404 1218
201.245.192.253 - - [22/May/2023:16:37:31 -0500] "POST /kwsrmcab/Wsrmcab  HTTP/1.1" 200 43978
172.22.2.4 - - [22/May/2023:16:37:36 -0500] "GET /BLA/boletinlegal/Circulares/2012/Circular%20No.%2010%20del%2026%20de%20Enero%20de%202012.pdf HTTP/1.1" 404 1218
172.22.2.4 - - [22/May/2023:16:35:57 -0500] "GET /BLA/boletinlegal/ HTTP/1.1" 200 57561
186.28.61.22 - - [22/May/2023:16:37:52 -0500] "GET /BLA/resoluciones/AUTOS%202015/5744.pdf HTTP/1.1" 200 671191
186.28.61.22 - - [22/May/2023:16:37:53 -0500] "GET /BLA/resoluciones/AUTOS%202015/5744.pdf HTTP/1.1" 200 671191
186.28.61.22 - - [22/May/2023:16:37:53 -0500] "GET /BLA/resoluciones/AUTOS%202015/5744.pdf HTTP/1.1" 206 1025
201.245.192.253 - - [22/May/2023:16:39:29 -0500] "POST /kwsrmcab/Wsrmcab HTTP/1.1" 200 44119
201.245.192.253 - - [22/May/2023:16:39:31 -0500] "POST /kwsrmcab/Wsrmcab HTTP/1.1" 200 43700
66.249.66.84 - - [22/May/2023:16:40:01 -0500] "-" 408 -
40.77.167.97 - - [22/May/2023:16:40:50 -0500] "GET /Publicaciones/2023EE68171.pdf HTTP/1.1" 404 227
216.245.221.92 - - [22/May/2023:16:40:57 -0500] "HEAD / HTTP/1.1" 200 -
52.167.144.46 - - [22/May/2023:16:41:47 -0500] "GET / HTTP/1.1" 200 319
40.77.167.146 - - [22/May/2023:16:42:12 -0500] "GET /BLA/resoluciones/AUTOS%202022/1994.pdf HTTP/1.1" 304 -
40.77.167.97 - - [22/May/2023:16:42:22 -0500] "GET /BLA/resoluciones/AUTOS%202021/2298.pdf HTTP/1.1" 304 -
201.245.192.253 - - [22/May/2023:16:42:30 -0500] "POST /kwsrmcab/Wsrmcab  HTTP/1.1" 200 43978
172.22.2.4 - - [22/May/2023:16:40:56 -0500] "HEAD /BLA/boletinlegal/ HTTP/1.1" 200 -
172.22.2.4 - - [22/May/2023:16:41:47 -0500] "GET /BLA/boletinlegal/ HTTP/1.1" 200 59306
173.252.95.117 - - [22/May/2023:16:43:32 -0500] "GET /dia-mundial-del-medio-ambiente-con-3-500-beneficiarias-comienza-la-segunda-fase-de-mujeres-que-reverdecen.html HTTP/1.1" 206 845
216.245.221.92 - - [22/May/2023:16:45:57 -0500] "HEAD / HTTP/1.1" 200 -
201.245.192.253 - - [22/May/2023:16:47:29 -0500] "POST /kwsrmcab/Wsrmcab  HTTP/1.1" 200 43978
172.22.2.4 - - [22/May/2023:16:46:46 -0500] "HEAD /BLA/boletinlegal/ HTTP/1.1" 200 -
172.22.2.4 - - [22/May/2023:16:47:36 -0500] "GET /BLA/boletinlegal/ HTTP/1.1" 200 57151
172.22.2.4 - - [22/May/2023:16:49:51 -0500] "GET /BLA/boletinlegal/robots.txt HTTP/1.1" 404 1038
216.245.221.92 - - [22/May/2023:16:50:57 -0500] "HEAD / HTTP/1.1" 200 -
66.220.149.14 - - [22/May/2023:16:51:34 -0500] "GET /images/negocios-verdes-mayo-2022.jpg HTTP/1.1" 200 48000
172.22.2.4 - - [22/May/2023:16:49:58 -0500] "GET /BLA/boletinlegal/ HTTP/1.1" 200 61759
201.245.192.253 - - [22/May/2023:16:52:28 -0500] "POST /kwsrmcab/Wsrmcab  HTTP/1.1" 200 43978
172.22.2.4 - - [22/May/2023:16:52:36 -0500] "HEAD /BLA/boletinlegal/ HTTP/1.1" 200 -
66.249.79.231 - - [22/May/2023:16:54:22 -0500] "GET /bogota-fashion-week-una-ventana-para-la-sostenibilidad-en-bogota.html HTTP/1.1" 200 754
95.108.213.214 - - [22/May/2023:16:54:26 -0500] "-" 408 -
172.22.2.4 - - [22/May/2023:16:53:28 -0500] "GET /BLA/boletinlegal/ HTTP/1.1" 200 45003
172.22.2.4 - - [22/May/2023:16:53:26 -0500] "GET /BLA/boletinlegal/ HTTP/1.1" 200 49754
74.125.213.54 - - [22/May/2023:16:55:33 -0500] "GET /images/jardines-verticales_optimized.jpeg HTTP/1.1" 200 138197
94.102.61.10 - - [22/May/2023:16:55:51 -0500] "GET /portaldeninos/ HTTP/1.1" 200 110197
216.245.221.92 - - [22/May/2023:16:55:57 -0500] "HEAD / HTTP/1.1" 200 -
181.237.16.116 - - [22/May/2023:16:56:01 -0500] "GET /%C3%82%C2%BFquieres-aprender-sobre-jardines-verticales-esta-es-tu-oportunidad.html HTTP/1.1" 304 -
201.245.192.253 - - [22/May/2023:16:57:27 -0500] "POST /kwsrmcab/Wsrmcab  HTTP/1.1" 200 43978
40.77.167.97 - - [22/May/2023:16:57:43 -0500] "GET /BLA/resoluciones/AUTOS%202021/4436.pdf HTTP/1.1" 304 -
186.170.72.156 - - [22/May/2023:16:58:45 -0500] "GET /BLA/resoluciones/index.php?dir=AUTOS+2017%2F HTTP/1.1" 200 469299
186.170.72.156 - - [22/May/2023:16:58:53 -0500] "GET /BLA/resoluciones/AUTOS%202017/1305.pdf HTTP/1.1" 200 358442
172.22.2.4 - - [22/May/2023:16:58:26 -0500] "HEAD /BLA/boletinlegal/ HTTP/1.1" 200 -
172.22.2.4 - - [22/May/2023:17:00:19 -0500] "GET /BLA/boletinlegal/images/screen_2.png HTTP/1.1" 200 362502
172.22.2.4 - - [22/May/2023:17:00:19 -0500] "GET /BLA/boletinlegal/images/screen_5.png HTTP/1.1" 200 368876
172.22.2.4 - - [22/May/2023:17:00:19 -0500] "GET /BLA/boletinlegal/images/arr_r.jpg HTTP/1.1" 200 1998
172.22.2.4 - - [22/May/2023:17:00:19 -0500] "GET /BLA/boletinlegal/images/screen_3.png HTTP/1.1" 200 210620
172.22.2.4 - - [22/May/2023:17:00:47 -0500] "GET /BLA/boletinlegal/actos.php HTTP/1.1" 200 9682
172.22.2.4 - - [22/May/2023:16:59:16 -0500] "GET /BLA/boletinlegal/ HTTP/1.1" 200 46402
216.245.221.92 - - [22/May/2023:17:00:57 -0500] "HEAD / HTTP/1.1" 200 -
172.22.2.4 - - [22/May/2023:17:01:08 -0500] "GET /BLA/boletinlegal/consulta_actos.php?tipo=resoluciones&no=0227&usuario=&sector=&fecha=2021&resuelve= HTTP/1.1" 200 1165
172.22.2.4 - - [22/May/2023:17:00:08 -0500] "GET /BLA/boletinlegal/ HTTP/1.1" 200 36811
172.22.2.4 - - [22/May/2023:17:01:50 -0500] "GET /BLA/boletinlegal/consulta_actos.php?tipo=resoluciones&no=2277&usuario=&sector=&fecha=2021&resuelve= HTTP/1.1" 200 1101
191.156.182.217 - - [22/May/2023:17:01:53 -0500] "GET /BLA/resoluciones/RESOLUCIONES%202021/2277.pdf HTTP/1.1" 200 513932
181.71.25.144 - - [22/May/2023:17:02:02 -0500] "GET /galeria/galeria/jquery.fancybox.css?v=2.1.5 HTTP/1.1" 200 4895
181.71.25.144 - - [22/May/2023:17:02:02 -0500] "GET /BLA/boletinlegal/js/jquery.scrollShow.js HTTP/1.1" 200 4586
181.71.25.144 - - [22/May/2023:17:02:02 -0500] "GET /galeria/galeria/jquery.fancybox.js?v=2.1.5 HTTP/1.1" 200 48706
52.167.144.46 - - [22/May/2023:17:02:03 -0500] "GET /alista-tu-camara-y-participa-en-el-reto-naturalista-2023.html HTTP/1.1" 200 743
201.245.192.253 - - [22/May/2023:17:02:26 -0500] "POST /kwsrmcab/Wsrmcab  HTTP/1.1" 200 43978
190.61.45.158 - - [22/May/2023:17:04:23 -0500] "GET /BLA/resoluciones/Notificaciones/AUTOS%202023/0521.pdf HTTP/1.1" 200 3938368
190.61.45.158 - - [22/May/2023:17:04:23 -0500] "GET /favicon.ico HTTP/1.1" 200 7782
172.22.2.4 - - [22/May/2023:17:04:24 -0500] "GET /BLA/boletinlegal/consulta_actos.php?tipo=resoluciones&no=3108&usuario=&sector=&fecha=2019&resuelve= HTTP/1.1" 200 1156
191.156.189.251 - - [22/May/2023:17:04:27 -0500] "GET /BLA/resoluciones/RESOLUCIONES%202019/3108.pdf HTTP/1.1" 200 845333
190.61.45.158 - - [22/May/2023:17:05:05 -0500] "GET /BLA/resoluciones/Notificaciones/AUTOS%202023/0528.pdf HTTP/1.1" 404 1120
190.61.45.158 - - [22/May/2023:17:05:07 -0500] "GET /BLA/resoluciones/Notificaciones/AUTOS%202023/0528.pdf HTTP/1.1" 404 1120
40.77.167.97 - - [22/May/2023:17:05:13 -0500] "GET /BLA/resoluciones/AUTOS%202021/0484.pdf HTTP/1.1" 304 -
190.61.45.158 - - [22/May/2023:17:05:14 -0500] "GET /BLA/resoluciones/Notificaciones/AUTOS%202023/0528.pdf HTTP/1.1" 404 1120
172.22.2.4 - - [22/May/2023:17:04:16 -0500] "HEAD /BLA/boletinlegal/ HTTP/1.1" 200 -
216.245.221.92 - - [22/May/2023:17:05:57 -0500] "HEAD / HTTP/1.1" 200 -
157.55.39.210 - - [22/May/2023:17:06:46 -0500] "GET /BLA/resoluciones/AUTOS%202021/4087.pdf HTTP/1.1" 304 -
172.22.2.4 - - [22/May/2023:17:05:06 -0500] "GET /BLA/boletinlegal/ HTTP/1.1" 200 57151
172.22.2.4 - - [22/May/2023:17:06:49 -0500] "GET /BLA/boletinlegal/consulta_actos.php?tipo=resoluciones&no=2010&usuario=&sector=&fecha=2021&resuelve= HTTP/1.1" 200 1255
172.22.2.4 - - [22/May/2023:17:06:50 -0500] "GET /BLA/boletinlegal/consulta_actos.php?tipo=resoluciones&no=2010&usuario=&sector=&fecha=2021&resuelve= HTTP/1.1" 200 1255
168.232.15.138 - - [22/May/2023:17:06:50 -0500] "GET / HTTP/1.1" 200 319
191.156.180.49 - - [22/May/2023:17:06:52 -0500] "GET /BLA/resoluciones/RESOLUCIONES%202021/2010.pdf HTTP/1.1" 200 1164744
66.249.66.85 - - [22/May/2023:17:07:11 -0500] "-" 408 -
201.245.192.253 - - [22/May/2023:17:07:25 -0500] "POST /kwsrmcab/Wsrmcab  HTTP/1.1" 200 43978
173.252.107.1 - - [22/May/2023:17:09:29 -0500] "GET /todo-un-exito-la-primera-jornada-de-adopcion-en-la-santamaria-15-perros-y-gatos-encontraron-un-nuevo-hogar-en-bogota.html HTTP/1.1" 206 994
216.245.221.92 - - [22/May/2023:17:10:57 -0500] "HEAD / HTTP/1.1" 200 -
34.23.144.151 - - [22/May/2023:17:10:58 -0500] "GET / HTTP/1.1" 200 319
34.23.144.151 - - [22/May/2023:17:10:58 -0500] "\x16\x03\x01" 400 226
34.23.144.151 - - [22/May/2023:17:10:58 -0500] "\x16\x03\x01" 400 226
34.23.144.151 - - [22/May/2023:17:10:58 -0500] "\x16\x03\x01" 400 226
172.22.2.4 - - [22/May/2023:17:10:06 -0500] "HEAD /BLA/boletinlegal/ HTTP/1.1" 200 -
172.22.2.4 - - [22/May/2023:17:12:23 -0500] "GET /BLA/boletinlegal/consulta_actos.php?tipo=resoluciones&no=3108&usuario=&sector=&fecha=2019&resuelve= HTTP/1.1" 200 1156
201.245.192.253 - - [22/May/2023:17:12:24 -0500] "POST /kwsrmcab/Wsrmcab  HTTP/1.1" 200 43978
172.22.2.4 - - [22/May/2023:17:10:56 -0500] "GET /BLA/boletinlegal/ HTTP/1.1" 200 56287
186.30.7.15 - - [22/May/2023:17:13:38 -0500] "GET /BLA/boletinlegal/js/jquery.scrollShow.js HTTP/1.1" 200 4586
186.30.7.15 - - [22/May/2023:17:13:38 -0500] "GET /galeria/galeria/jquery.fancybox.css?v=2.1.5 HTTP/1.1" 200 4895
186.30.7.15 - - [22/May/2023:17:13:38 -0500] "GET /galeria/galeria/jquery.fancybox.js?v=2.1.5 HTTP/1.1" 200 48706
199.16.157.183 - - [22/May/2023:17:14:03 -0500] "-" 408 -
66.249.66.84 - - [22/May/2023:17:14:45 -0500] "-" 408 -
216.245.221.92 - - [22/May/2023:17:15:57 -0500] "HEAD / HTTP/1.1" 200 -
201.245.192.253 - - [22/May/2023:17:17:23 -0500] "POST /kwsrmcab/Wsrmcab  HTTP/1.1" 200 43978
172.22.2.4 - - [22/May/2023:17:15:56 -0500] "HEAD /BLA/boletinlegal/ HTTP/1.1" 200 -
172.22.2.4 - - [22/May/2023:17:16:46 -0500] "GET /BLA/boletinlegal/ HTTP/1.1" 200 52730
201.245.192.253 - - [22/May/2023:17:19:29 -0500] "POST /kwsrmcab/Wsrmcab HTTP/1.1" 200 43926
201.245.192.253 - - [22/May/2023:17:19:32 -0500] "POST /kwsrmcab/Wsrmcab HTTP/1.1" 200 43549
216.245.221.92 - - [22/May/2023:17:20:57 -0500] "HEAD / HTTP/1.1" 200 -
40.77.167.255 - - [22/May/2023:17:21:12 -0500] "GET /BLA/resoluciones/AUTOS%202021/3852.pdf HTTP/1.1" 304 -
201.245.192.253 - - [22/May/2023:17:22:22 -0500] "POST /kwsrmcab/Wsrmcab  HTTP/1.1" 200 43978
152.203.33.234 - - [22/May/2023:17:22:53 -0500] "GET /sipse/faces/faces/index.xhtml HTTP/1.1" 200 677
152.203.33.234 - - [22/May/2023:17:22:53 -0500] "GET /sipse/faces/presentacion/financiero/solicitudProceso/crearModificarSolicitudProceso.xhtml HTTP/1.1" 302 -
152.203.33.234 - - [22/May/2023:17:22:53 -0500] "GET /sipse/faces/javax.faces.resource/theme.css?ln=primefaces-sipse HTTP/1.1" 304 -
152.203.33.234 - - [22/May/2023:17:22:53 -0500] "GET /sipse/faces/autenticacion.xhtml HTTP/1.1" 200 12176
152.203.33.234 - - [22/May/2023:17:22:54 -0500] "GET /sipse/faces/javax.faces.resource/theme.css?ln=primefaces-sipse HTTP/1.1" 304 -
152.203.33.234 - - [22/May/2023:17:22:54 -0500] "GET /sipse/faces/javax.faces.resource/layout/layout.css?ln=primefaces&v=4.0 HTTP/1.1" 304 -
152.203.33.234 - - [22/May/2023:17:22:54 -0500] "GET /sipse/css/custom_css_sg.css HTTP/1.1" 304 -
152.203.33.234 - - [22/May/2023:17:22:54 -0500] "GET /sipse/faces/javax.faces.resource/layout/layout.js?ln=primefaces&v=4.0 HTTP/1.1" 304 -
152.203.33.234 - - [22/May/2023:17:22:54 -0500] "GET /sipse/faces/javax.faces.resource/primefaces.css?ln=primefaces&v=4.0 HTTP/1.1" 304 -
152.203.33.234 - - [22/May/2023:17:22:54 -0500] "GET /sipse/js/funciones.js HTTP/1.1" 304 -
152.203.33.234 - - [22/May/2023:17:22:54 -0500] "GET /sipse/css/custom_css_sg_prime_login.css HTTP/1.1" 304 -
152.203.33.234 - - [22/May/2023:17:22:54 -0500] "GET /sipse/js/disable_browser_buttons.js HTTP/1.1" 304 -
152.203.33.234 - - [22/May/2023:17:22:54 -0500] "GET /sipse/faces/javax.faces.resource/jquery/jquery-plugins.js?ln=primefaces&v=4.0 HTTP/1.1" 304 -
152.203.33.234 - - [22/May/2023:17:22:54 -0500] "GET /sipse/faces/javax.faces.resource/jquery/jquery.js?ln=primefaces&v=4.0 HTTP/1.1" 304 -
152.203.33.234 - - [22/May/2023:17:22:54 -0500] "GET /sipse/faces/javax.faces.resource/primefaces.js?ln=primefaces&v=4.0 HTTP/1.1" 304 -
152.203.33.234 - - [22/May/2023:17:22:54 -0500] "GET /sipse/faces/faces/faces/autenticacion.xhtml HTTP/1.1" 200 12176
152.203.33.234 - - [22/May/2023:17:22:54 -0500] "GET /sipse/css/imagen/loginimg.png HTTP/1.1" 304 -
152.203.33.234 - - [22/May/2023:17:22:54 -0500] "GET /sipse/css/imagen/logoSDG.png HTTP/1.1" 304 -
152.203.33.234 - - [22/May/2023:17:22:54 -0500] "GET /sipse/faces/javax.faces.resource/images/ui-icons_898989_256x240.png?ln=primefaces-aristo HTTP/1.1" 304 -
152.203.33.234 - - [22/May/2023:17:22:54 -0500] "GET /sipse/css/custom_css_sg.css HTTP/1.1" 304 -
152.203.33.234 - - [22/May/2023:17:22:54 -0500] "GET /sipse/js/funciones.js HTTP/1.1" 304 -
152.203.33.234 - - [22/May/2023:17:22:54 -0500] "GET /sipse/js/disable_browser_buttons.js HTTP/1.1" 304 -
152.203.33.234 - - [22/May/2023:17:22:54 -0500] "GET /sipse/css/custom_css_sg_prime_login.css HTTP/1.1" 304 -
152.203.33.234 - - [22/May/2023:17:22:54 -0500] "GET /sipse/faces/javax.faces.resource/theme.css?ln=primefaces-sipse HTTP/1.1" 304 -
152.203.33.234 - - [22/May/2023:17:22:54 -0500] "GET /sipse/faces/javax.faces.resource/primefaces.css?ln=primefaces&v=4.0 HTTP/1.1" 304 -
152.203.33.234 - - [22/May/2023:17:22:54 -0500] "GET /sipse/faces/javax.faces.resource/jquery/jquery.js?ln=primefaces&v=4.0 HTTP/1.1" 304 -
152.203.33.234 - - [22/May/2023:17:22:54 -0500] "GET /sipse/faces/javax.faces.resource/layout/layout.css?ln=primefaces&v=4.0 HTTP/1.1" 304 -
152.203.33.234 - - [22/May/2023:17:22:54 -0500] "GET /sipse/faces/javax.faces.resource/jquery/jquery-plugins.js?ln=primefaces&v=4.0 HTTP/1.1" 304 -
152.203.33.234 - - [22/May/2023:17:22:54 -0500] "GET /sipse/faces/javax.faces.resource/primefaces.js?ln=primefaces&v=4.0 HTTP/1.1" 304 -
152.203.33.234 - - [22/May/2023:17:22:54 -0500] "GET /sipse/faces/javax.faces.resource/layout/layout.js?ln=primefaces&v=4.0 HTTP/1.1" 304 -
152.203.33.234 - - [22/May/2023:17:22:54 -0500] "GET /sipse/css/imagen/loginimg.png HTTP/1.1" 304 -
152.203.33.234 - - [22/May/2023:17:22:54 -0500] "GET /sipse/css/imagen/logoSDG.png HTTP/1.1" 304 -
152.203.33.234 - - [22/May/2023:17:22:54 -0500] "GET /sipse/faces/javax.faces.resource/images/ui-icons_898989_256x240.png?ln=primefaces-aristo HTTP/1.1" 304 -
152.203.33.234 - - [22/May/2023:17:22:54 -0500] "GET /sipse/faces/index.xhtml HTTP/1.1" 200 677
152.203.33.234 - - [22/May/2023:17:22:54 -0500] "GET /sipse/faces/javax.faces.resource/theme.css?ln=primefaces-sipse HTTP/1.1" 304 -
152.203.33.234 - - [22/May/2023:17:22:54 -0500] "GET /sipse/faces/faces/autenticacion.xhtml HTTP/1.1" 200 12176
152.203.33.234 - - [22/May/2023:17:22:54 -0500] "GET /sipse/faces/javax.faces.resource/theme.css?ln=primefaces-sipse HTTP/1.1" 304 -
152.203.33.234 - - [22/May/2023:17:22:54 -0500] "GET /sipse/faces/javax.faces.resource/layout/layout.css?ln=primefaces&v=4.0 HTTP/1.1" 304 -
152.203.33.234 - - [22/May/2023:17:22:54 -0500] "GET /sipse/faces/javax.faces.resource/primefaces.css?ln=primefaces&v=4.0 HTTP/1.1" 304 -
152.203.33.234 - - [22/May/2023:17:22:54 -0500] "GET /sipse/faces/javax.faces.resource/primefaces.js?ln=primefaces&v=4.0 HTTP/1.1" 304 -
152.203.33.234 - - [22/May/2023:17:22:54 -0500] "GET /sipse/faces/javax.faces.resource/jquery/jquery.js?ln=primefaces&v=4.0 HTTP/1.1" 304 -
152.203.33.234 - - [22/May/2023:17:22:54 -0500] "GET /sipse/faces/javax.faces.resource/jquery/jquery-plugins.js?ln=primefaces&v=4.0 HTTP/1.1" 304 -
152.203.33.234 - - [22/May/2023:17:22:54 -0500] "GET /sipse/faces/javax.faces.resource/layout/layout.js?ln=primefaces&v=4.0 HTTP/1.1" 304 -
152.203.33.234 - - [22/May/2023:17:22:54 -0500] "GET /sipse/faces/javax.faces.resource/images/ui-icons_898989_256x240.png?ln=primefaces-aristo HTTP/1.1" 304 -
152.203.33.234 - - [22/May/2023:17:23:01 -0500] "POST /sipse/faces/autenticacion.xhtml HTTP/1.1" 200 2224
152.203.33.234 - - [22/May/2023:17:23:01 -0500] "GET /sipse/faces/javax.faces.resource/messages/messages.png?ln=primefaces&v=4.0 HTTP/1.1" 304 -
152.203.33.234 - - [22/May/2023:17:23:02 -0500] "GET /sipse/faces/javax.faces.resource/images/ui-icons_898989_256x240.png?ln=primefaces-aristo HTTP/1.1" 304 -
152.203.33.234 - - [22/May/2023:17:23:02 -0500] "POST /sipse/faces/autenticacion.xhtml HTTP/1.1" 200 16370
152.203.33.234 - - [22/May/2023:17:23:02 -0500] "GET /sipse/faces/javax.faces.resource/primefaces.css?ln=primefaces&v=4.0 HTTP/1.1" 304 -
152.203.33.234 - - [22/May/2023:17:23:02 -0500] "GET /sipse/faces/javax.faces.resource/theme.css?ln=primefaces-sipse HTTP/1.1" 304 -
152.203.33.234 - - [22/May/2023:17:23:02 -0500] "GET /sipse/js/jquery.min.js HTTP/1.1" 304 -
152.203.33.234 - - [22/May/2023:17:23:02 -0500] "GET /sipse/faces/javax.faces.resource/layout/layout.css?ln=primefaces&v=4.0 HTTP/1.1" 304 -
152.203.33.234 - - [22/May/2023:17:23:02 -0500] "GET /sipse/css/custom_css_sg_prime.css HTTP/1.1" 304 -
152.203.33.234 - - [22/May/2023:17:23:02 -0500] "GET /sipse/faces/javax.faces.resource/jquery/jquery.js?ln=primefaces&v=4.0 HTTP/1.1" 304 -
152.203.33.234 - - [22/May/2023:17:23:02 -0500] "GET /sipse/faces/javax.faces.resource/jquery/jquery-plugins.js?ln=primefaces&v=4.0 HTTP/1.1" 304 -
152.203.33.234 - - [22/May/2023:17:23:02 -0500] "GET /sipse/faces/javax.faces.resource/primefaces.js?ln=primefaces&v=4.0 HTTP/1.1" 304 -
152.203.33.234 - - [22/May/2023:17:23:03 -0500] "GET /sipse/faces/javax.faces.resource/layout/layout.js?ln=primefaces&v=4.0 HTTP/1.1" 304 -
152.203.33.234 - - [22/May/2023:17:23:03 -0500] "GET /sipse/imagenes/logoAplicacion.jpg HTTP/1.1" 304 -
152.203.33.234 - - [22/May/2023:17:23:03 -0500] "GET /sipse/imagenes/cargando.gif HTTP/1.1" 304 -
152.203.33.234 - - [22/May/2023:17:23:03 -0500] "GET /sipse/css/imagen/contrasena.png HTTP/1.1" 304 -
152.203.33.234 - - [22/May/2023:17:23:03 -0500] "GET /sipse/faces/javax.faces.resource/images/ui-icons_898989_256x240.png?ln=primefaces-aristo HTTP/1.1" 304 -
152.203.33.234 - - [22/May/2023:17:23:06 -0500] "GET /sipse/faces/javax.faces.resource/images/ui-bg_flat_0_2d5972_40x100.png?ln=primefaces-aristo HTTP/1.1" 304 -
152.203.33.234 - - [22/May/2023:17:23:06 -0500] "POST /sipse/faces/bienvenido.xhtml HTTP/1.1" 200 2658
152.203.33.234 - - [22/May/2023:17:23:07 -0500] "POST /sipse/faces/bienvenido.xhtml HTTP/1.1" 200 65525
152.203.33.234 - - [22/May/2023:17:23:08 -0500] "GET /sipse/faces/javax.faces.resource/layout/layout.css?ln=primefaces&v=4.0 HTTP/1.1" 304 -
152.203.33.234 - - [22/May/2023:17:23:08 -0500] "GET /sipse/faces/javax.faces.resource/theme.css?ln=primefaces-sipse HTTP/1.1" 304 -
152.203.33.234 - - [22/May/2023:17:23:08 -0500] "GET /sipse/faces/javax.faces.resource/primefaces.css?ln=primefaces&v=4.0 HTTP/1.1" 304 -
152.203.33.234 - - [22/May/2023:17:23:08 -0500] "GET /sipse/faces/javax.faces.resource/jquery/jquery.js?ln=primefaces&v=4.0 HTTP/1.1" 304 -
152.203.33.234 - - [22/May/2023:17:23:08 -0500] "GET /sipse/faces/javax.faces.resource/jquery/jquery-plugins.js?ln=primefaces&v=4.0 HTTP/1.1" 304 -
152.203.33.234 - - [22/May/2023:17:23:09 -0500] "GET /sipse/faces/javax.faces.resource/primefaces.js?ln=primefaces&v=4.0 HTTP/1.1" 304 -
152.203.33.234 - - [22/May/2023:17:23:09 -0500] "GET /sipse/faces/javax.faces.resource/layout/layout.js?ln=primefaces&v=4.0 HTTP/1.1" 304 -
152.203.33.234 - - [22/May/2023:17:23:09 -0500] "GET /sipse/faces/javax.faces.resource/images/ui-icons_898989_256x240.png?ln=primefaces-aristo HTTP/1.1" 304 -
152.203.33.234 - - [22/May/2023:17:23:09 -0500] "POST /sipse/faces/presentacion/financiero/solicitudProceso/listarSolicitudProceso.xhtml HTTP/1.1" 200 1556
66.249.66.84 - - [22/May/2023:17:23:22 -0500] "-" 408 -
186.28.61.22 - - [22/May/2023:17:23:22 -0500] "GET /BLA/resoluciones/AUTOS%202015/5576.pdf HTTP/1.1" 200 628028
186.28.61.22 - - [22/May/2023:17:23:23 -0500] "GET /BLA/resoluciones/AUTOS%202015/5576.pdf HTTP/1.1" 206 1025
186.28.61.22 - - [22/May/2023:17:23:23 -0500] "GET /BLA/resoluciones/AUTOS%202015/5576.pdf HTTP/1.1" 200 628028
172.22.2.4 - - [22/May/2023:17:21:46 -0500] "HEAD /BLA/boletinlegal/ HTTP/1.1" 200 -
186.28.61.22 - - [22/May/2023:17:23:27 -0500] "GET /BLA/resoluciones/AUTOS%202015/5576.pdf HTTP/1.1" 206 64512
186.28.61.22 - - [22/May/2023:17:23:54 -0500] "GET /BLA/resoluciones/AUTOS%202015/5576.pdf HTTP/1.1" 200 628028
186.28.61.22 - - [22/May/2023:17:23:54 -0500] "GET /BLA/resoluciones/AUTOS%202015/5576.pdf HTTP/1.1" 200 628028
172.22.2.4 - - [22/May/2023:17:22:37 -0500] "GET /BLA/boletinlegal/ HTTP/1.1" 200 57561
216.245.221.92 - - [22/May/2023:17:25:57 -0500] "HEAD / HTTP/1.1" 200 -
201.245.192.253 - - [22/May/2023:17:27:21 -0500] "POST /kwsrmcab/Wsrmcab  HTTP/1.1" 200 43978
191.156.50.50 - - [22/May/2023:17:28:07 -0500] "GET /galeria/galeria/jquery.fancybox.css?v=2.1.5 HTTP/1.1" 200 4895
191.156.50.50 - - [22/May/2023:17:28:24 -0500] "GET /BLA/boletinlegal/js/jquery.scrollShow.js HTTP/1.1" 200 4586
191.156.50.50 - - [22/May/2023:17:28:28 -0500] "GET /galeria/galeria/jquery.fancybox.js?v=2.1.5 HTTP/1.1" 200 48706
172.22.2.4 - - [22/May/2023:17:27:36 -0500] "HEAD /BLA/boletinlegal/ HTTP/1.1" 200 -
201.245.192.253 - - [22/May/2023:17:29:29 -0500] "POST /kwsrmcab/Wsrmcab HTTP/1.1" 200 43926
201.245.192.253 - - [22/May/2023:17:29:31 -0500] "POST /kwsrmcab/Wsrmcab HTTP/1.1" 200 43549
172.22.2.4 - - [22/May/2023:17:28:27 -0500] "GET /BLA/boletinlegal/ HTTP/1.1" 200 57561
172.22.2.4 - - [22/May/2023:17:30:15 -0500] "GET /BLA/boletinlegal/jurisprudencia/analisis/ANALISIST-672-14.docx HTTP/1.1" 304 -
216.245.221.92 - - [22/May/2023:17:30:57 -0500] "HEAD / HTTP/1.1" 200 -
