40.77.188.252 - - [22/May/2023:19:32:51 -0500] "GET /portaldeninos/wp-includes/js/jquery/jquery.js?ver=1.12.4 HTTP/1.1" 200 97184
40.77.189.176 - - [22/May/2023:19:32:51 -0500] "GET /portaldeninos/wp-content/plugins/gallery-videos/JS/modernizr.custom.js?ver=4.9.8 HTTP/1.1" 200 9019
40.77.189.118 - - [22/May/2023:19:32:52 -0500] "GET /portaldeninos/wp-includes/js/comment-reply.min.js?ver=4.9.8 HTTP/1.1" 200 1078
40.77.188.252 - - [22/May/2023:19:32:52 -0500] "GET /portaldeninos/wp-content/themes/betheme/js/scripts.js?ver=20.9.6 HTTP/1.1" 200 77162
40.77.189.253 - - [22/May/2023:19:32:52 -0500] "GET /portaldeninos/wp-content/themes/betheme/fonts/mfn-icons.woff?93978679 HTTP/1.1" 200 80932
172.22.2.4 - - [22/May/2023:19:31:26 -0500] "GET /BLA/boletinlegal/ HTTP/1.1" 200 48260
172.22.2.4 - - [22/May/2023:19:34:46 -0500] "GET /BLA/boletinlegal/actos.php HTTP/1.1" 200 9682
172.22.2.4 - - [22/May/2023:19:34:47 -0500] "GET /BLA/boletinlegal/styles2.css HTTP/1.1" 200 1838
172.22.2.4 - - [22/May/2023:19:34:47 -0500] "GET /BLA/boletinlegal/js/ajax_actos.js HTTP/1.1" 200 1322
172.22.2.4 - - [22/May/2023:19:34:47 -0500] "GET /BLA/boletinlegal/niceforms-default.css HTTP/1.1" 200 6694
172.22.2.4 - - [22/May/2023:19:34:47 -0500] "GET /BLA/boletinlegal/style.css HTTP/1.1" 200 9406
172.22.2.4 - - [22/May/2023:19:34:47 -0500] "GET /BLA/boletinlegal/niceforms.js HTTP/1.1" 200 22876
172.22.2.4 - - [22/May/2023:19:34:47 -0500] "GET /BLA/boletinlegal/js/lib.js HTTP/1.1" 200 6474
172.22.2.4 - - [22/May/2023:19:34:47 -0500] "GET /BLA/boletinlegal/js/popup.js HTTP/1.1" 200 1270
172.22.2.4 - - [22/May/2023:19:34:47 -0500] "GET /BLA/boletinlegal/js/jquery1.js HTTP/1.1" 200 29846
172.22.2.4 - - [22/May/2023:19:34:47 -0500] "GET /BLA/boletinlegal/images/cabezote%20BLEGAL.jpg HTTP/1.1" 200 118164
172.22.2.4 - - [22/May/2023:19:34:47 -0500] "GET /BLA/boletinlegal/images/historia.png HTTP/1.1" 200 52775
172.22.2.4 - - [22/May/2023:19:34:47 -0500] "GET /BLA/boletinlegal/images/subscribe-icon-big.png HTTP/1.1" 200 47702
172.22.2.4 - - [22/May/2023:19:34:47 -0500] "GET /BLA/boletinlegal/images/registro-usuarios.png HTTP/1.1" 200 8106
172.22.2.4 - - [22/May/2023:19:34:47 -0500] "GET /BLA/boletinlegal/images/icono-email.png HTTP/1.1" 200 5544
172.22.2.4 - - [22/May/2023:19:34:47 -0500] "GET /BLA/boletinlegal/images/tel.png HTTP/1.1" 200 14477
172.22.2.4 - - [22/May/2023:19:34:47 -0500] "GET /BLA/boletinlegal/images/green-yellow-blue-pink-th.png HTTP/1.1" 200 7394
172.22.2.4 - - [22/May/2023:19:34:47 -0500] "GET /BLA/boletinlegal/images/menu_bg.jpg HTTP/1.1" 200 620
172.22.2.4 - - [22/May/2023:19:34:47 -0500] "GET /BLA/boletinlegal/images/body_bg.jpg HTTP/1.1" 200 1601
172.22.2.4 - - [22/May/2023:19:34:47 -0500] "GET /BLA/boletinlegal/images/bg_top.jpg HTTP/1.1" 200 522
172.22.2.4 - - [22/May/2023:19:34:47 -0500] "GET /BLA/boletinlegal/images/menu_lft.gif HTTP/1.1" 200 1713
172.22.2.4 - - [22/May/2023:19:34:47 -0500] "GET /BLA/boletinlegal/images/menu_rght.gif HTTP/1.1" 200 1627
172.22.2.4 - - [22/May/2023:19:34:47 -0500] "GET /BLA/boletinlegal/images/footer_bg.jpg HTTP/1.1" 200 586
172.22.2.4 - - [22/May/2023:19:34:47 -0500] "GET /BLA/boletinlegal/images/text.jpg HTTP/1.1" 200 568
172.22.2.4 - - [22/May/2023:19:34:47 -0500] "GET /BLA/boletinlegal/images/footer_bg_l.jpg HTTP/1.1" 200 776
172.22.2.4 - - [22/May/2023:19:34:47 -0500] "GET /BLA/boletinlegal/images/hover.jpg HTTP/1.1" 200 640
172.22.2.4 - - [22/May/2023:19:34:47 -0500] "GET /BLA/boletinlegal/img/0.png HTTP/1.1" 200 110
172.22.2.4 - - [22/May/2023:19:34:47 -0500] "GET /BLA/boletinlegal/img/select-right.png HTTP/1.1" 200 44019
172.22.2.4 - - [22/May/2023:19:34:47 -0500] "GET /BLA/boletinlegal/img/select-left.png HTTP/1.1" 200 263
172.22.2.4 - - [22/May/2023:19:34:47 -0500] "GET /BLA/boletinlegal/favicon.ico HTTP/1.1" 404 1326
172.22.2.4 - - [22/May/2023:19:34:47 -0500] "GET /BLA/boletinlegal/img/button-left.png HTTP/1.1" 200 57071
172.22.2.4 - - [22/May/2023:19:34:47 -0500] "GET /BLA/boletinlegal/img/button.png HTTP/1.1" 200 43241
172.22.2.4 - - [22/May/2023:19:34:47 -0500] "GET /BLA/boletinlegal/img/button-right.png HTTP/1.1" 200 57878
172.22.2.4 - - [22/May/2023:19:34:48 -0500] "GET /BLA/boletinlegal/actos.php HTTP/1.1" 200 9682
172.22.2.4 - - [22/May/2023:19:35:07 -0500] "GET /BLA/boletinlegal/consulta_actos.php?tipo=resoluciones&no=3594&usuario=&sector=&fecha=2021&resuelve= HTTP/1.1" 200 1129
172.22.2.4 - - [22/May/2023:19:35:22 -0500] "GET /BLA/boletinlegal/consulta_actos.php?tipo=resoluciones&no=1404&usuario=&sector=&fecha=2020&resuelve= HTTP/1.1" 200 1101
191.156.180.160 - - [22/May/2023:19:35:34 -0500] "GET /BLA/resoluciones/RESOLUCIONES%202020/1404.pdf HTTP/1.1" 200 539290
186.155.18.57 - - [22/May/2023:19:35:52 -0500] "GET /sipse/faces/faces/autenticacion.xhtml HTTP/1.1" 200 12176
186.155.18.57 - - [22/May/2023:19:35:52 -0500] "GET /sipse/js/disable_browser_buttons.js HTTP/1.1" 200 3230
186.155.18.57 - - [22/May/2023:19:35:52 -0500] "GET /sipse/js/funciones.js HTTP/1.1" 200 12592
186.155.18.57 - - [22/May/2023:19:35:52 -0500] "GET /sipse/css/custom_css_sg.css HTTP/1.1" 200 9694
186.155.18.57 - - [22/May/2023:19:35:52 -0500] "GET /sipse/faces/javax.faces.resource/layout/layout.css?ln=primefaces&v=4.0 HTTP/1.1" 304 -
186.155.18.57 - - [22/May/2023:19:35:52 -0500] "GET /sipse/faces/javax.faces.resource/jquery/jquery.js?ln=primefaces&v=4.0 HTTP/1.1" 200 105384
186.155.18.57 - - [22/May/2023:19:35:52 -0500] "GET /sipse/faces/javax.faces.resource/theme.css?ln=primefaces-sipse HTTP/1.1" 200 50058
186.155.18.57 - - [22/May/2023:19:35:52 -0500] "GET /sipse/faces/javax.faces.resource/primefaces.css?ln=primefaces&v=4.0 HTTP/1.1" 200 53295
186.155.18.57 - - [22/May/2023:19:35:52 -0500] "GET /sipse/faces/javax.faces.resource/jquery/jquery-plugins.js?ln=primefaces&v=4.0 HTTP/1.1" 200 220526
186.155.18.57 - - [22/May/2023:19:35:52 -0500] "GET /sipse/faces/javax.faces.resource/layout/layout.js?ln=primefaces&v=4.0 HTTP/1.1" 200 87560
186.155.18.57 - - [22/May/2023:19:35:52 -0500] "GET /sipse/faces/javax.faces.resource/primefaces.js?ln=primefaces&v=4.0 HTTP/1.1" 200 276924
186.155.18.57 - - [22/May/2023:19:35:53 -0500] "GET /sipse/faces/javax.faces.resource/images/ui-icons_898989_256x240.png?ln=primefaces-aristo HTTP/1.1" 200 5355
186.155.18.57 - - [22/May/2023:19:35:53 -0500] "GET /sipse/css/imagen/logoSDG.png HTTP/1.1" 200 53064
186.155.18.57 - - [22/May/2023:19:35:53 -0500] "GET /sipse/css/imagen/loginimg.png HTTP/1.1" 200 71635
186.155.18.57 - - [22/May/2023:19:35:53 -0500] "GET /sipse/faces/faces/index.xhtml HTTP/1.1" 200 677
186.155.18.57 - - [22/May/2023:19:35:53 -0500] "GET /sipse/faces/javax.faces.resource/theme.css?ln=primefaces-sipse HTTP/1.1" 304 -
186.155.18.57 - - [22/May/2023:19:35:53 -0500] "GET /sipse/faces/faces/faces/autenticacion.xhtml HTTP/1.1" 200 12176
186.155.18.57 - - [22/May/2023:19:35:53 -0500] "GET /sipse/faces/javax.faces.resource/primefaces.css?ln=primefaces&v=4.0 HTTP/1.1" 304 -
186.155.18.57 - - [22/May/2023:19:35:53 -0500] "GET /sipse/faces/javax.faces.resource/theme.css?ln=primefaces-sipse HTTP/1.1" 304 -
186.155.18.57 - - [22/May/2023:19:35:53 -0500] "GET /sipse/faces/javax.faces.resource/layout/layout.css?ln=primefaces&v=4.0 HTTP/1.1" 304 -
186.155.18.57 - - [22/May/2023:19:35:53 -0500] "GET /sipse/faces/javax.faces.resource/jquery/jquery.js?ln=primefaces&v=4.0 HTTP/1.1" 304 -
186.155.18.57 - - [22/May/2023:19:35:53 -0500] "GET /sipse/faces/javax.faces.resource/jquery/jquery-plugins.js?ln=primefaces&v=4.0 HTTP/1.1" 304 -
186.155.18.57 - - [22/May/2023:19:35:53 -0500] "GET /sipse/faces/javax.faces.resource/primefaces.js?ln=primefaces&v=4.0 HTTP/1.1" 304 -
186.155.18.57 - - [22/May/2023:19:35:53 -0500] "GET /sipse/faces/javax.faces.resource/layout/layout.js?ln=primefaces&v=4.0 HTTP/1.1" 304 -
186.155.18.57 - - [22/May/2023:19:35:56 -0500] "POST /sipse/faces/autenticacion.xhtml HTTP/1.1" 200 2225
186.155.18.57 - - [22/May/2023:19:35:56 -0500] "GET /sipse/faces/javax.faces.resource/messages/messages.png?ln=primefaces&v=4.0 HTTP/1.1" 200 27209
186.155.18.57 - - [22/May/2023:19:35:56 -0500] "GET /sipse/faces/javax.faces.resource/images/ui-icons_898989_256x240.png?ln=primefaces-aristo HTTP/1.1" 304 -
216.245.221.92 - - [22/May/2023:19:35:57 -0500] "HEAD / HTTP/1.1" 200 -
186.155.18.57 - - [22/May/2023:19:35:57 -0500] "POST /sipse/faces/autenticacion.xhtml HTTP/1.1" 200 16360
186.155.18.57 - - [22/May/2023:19:35:57 -0500] "GET /sipse/css/custom_css_sg_prime.css HTTP/1.1" 200 5201
186.155.18.57 - - [22/May/2023:19:35:57 -0500] "GET /sipse/faces/javax.faces.resource/primefaces.css?ln=primefaces&v=4.0 HTTP/1.1" 304 -
186.155.18.57 - - [22/May/2023:19:35:57 -0500] "GET /sipse/faces/javax.faces.resource/theme.css?ln=primefaces-sipse HTTP/1.1" 304 -
186.155.18.57 - - [22/May/2023:19:35:57 -0500] "GET /sipse/faces/javax.faces.resource/layout/layout.css?ln=primefaces&v=4.0 HTTP/1.1" 304 -
186.155.18.57 - - [22/May/2023:19:35:57 -0500] "GET /sipse/js/jquery.min.js HTTP/1.1" 200 85582
186.155.18.57 - - [22/May/2023:19:35:57 -0500] "GET /sipse/faces/javax.faces.resource/jquery/jquery.js?ln=primefaces&v=4.0 HTTP/1.1" 304 -
186.155.18.57 - - [22/May/2023:19:35:57 -0500] "GET /sipse/faces/javax.faces.resource/jquery/jquery-plugins.js?ln=primefaces&v=4.0 HTTP/1.1" 304 -
186.155.18.57 - - [22/May/2023:19:35:57 -0500] "GET /sipse/faces/javax.faces.resource/primefaces.js?ln=primefaces&v=4.0 HTTP/1.1" 304 -
186.155.18.57 - - [22/May/2023:19:35:57 -0500] "GET /sipse/faces/javax.faces.resource/layout/layout.js?ln=primefaces&v=4.0 HTTP/1.1" 304 -
186.155.18.57 - - [22/May/2023:19:35:57 -0500] "GET /sipse/css/imagen/contrasena.png HTTP/1.1" 404 383
186.155.18.57 - - [22/May/2023:19:35:57 -0500] "GET /sipse/imagenes/cargando.gif HTTP/1.1" 200 36959
186.155.18.57 - - [22/May/2023:19:35:57 -0500] "GET /sipse/imagenes/logoAplicacion.jpg HTTP/1.1" 200 155084
186.155.18.57 - - [22/May/2023:19:35:59 -0500] "GET /sipse/faces/javax.faces.resource/images/ui-bg_flat_0_2d5972_40x100.png?ln=primefaces-aristo HTTP/1.1" 304 -
186.155.18.57 - - [22/May/2023:19:35:59 -0500] "POST /sipse/faces/bienvenido.xhtml HTTP/1.1" 200 2658
186.155.18.57 - - [22/May/2023:19:36:00 -0500] "POST /sipse/faces/bienvenido.xhtml HTTP/1.1" 200 63912
186.155.18.57 - - [22/May/2023:19:36:00 -0500] "GET /sipse/faces/javax.faces.resource/theme.css?ln=primefaces-sipse HTTP/1.1" 304 -
186.155.18.57 - - [22/May/2023:19:36:00 -0500] "GET /sipse/faces/javax.faces.resource/primefaces.css?ln=primefaces&v=4.0 HTTP/1.1" 304 -
186.155.18.57 - - [22/May/2023:19:36:00 -0500] "GET /sipse/faces/javax.faces.resource/jquery/jquery.js?ln=primefaces&v=4.0 HTTP/1.1" 304 -
186.155.18.57 - - [22/May/2023:19:36:00 -0500] "GET /sipse/faces/javax.faces.resource/layout/layout.css?ln=primefaces&v=4.0 HTTP/1.1" 304 -
186.155.18.57 - - [22/May/2023:19:36:00 -0500] "GET /sipse/faces/javax.faces.resource/jquery/jquery-plugins.js?ln=primefaces&v=4.0 HTTP/1.1" 304 -
186.155.18.57 - - [22/May/2023:19:36:00 -0500] "GET /sipse/faces/javax.faces.resource/primefaces.js?ln=primefaces&v=4.0 HTTP/1.1" 304 -
186.155.18.57 - - [22/May/2023:19:36:00 -0500] "GET /sipse/faces/javax.faces.resource/layout/layout.js?ln=primefaces&v=4.0 HTTP/1.1" 304 -
186.155.18.57 - - [22/May/2023:19:36:01 -0500] "POST /sipse/faces/presentacion/financiero/solicitudProceso/listarSolicitudProceso.xhtml HTTP/1.1" 200 1556
172.22.2.4 - - [22/May/2023:19:36:16 -0500] "GET /BLA/boletinlegal/consulta_actos.php?tipo=resoluciones&no=3530&usuario=&sector=&fecha=2019&resuelve= HTTP/1.1" 200 1047
172.22.2.4 - - [22/May/2023:19:36:17 -0500] "GET /BLA/boletinlegal/consulta_actos.php?tipo=resoluciones&no=3530&usuario=&sector=&fecha=2019&resuelve= HTTP/1.1" 200 1047
191.156.186.1 - - [22/May/2023:19:36:22 -0500] "GET /BLA/resoluciones/RESOLUCIONES%202019/3530. HTTP/1.1" 404 1120
172.22.2.4 - - [22/May/2023:19:36:28 -0500] "GET /BLA/boletinlegal/consulta_actos.php?tipo=resoluciones&no=3530&usuario=&sector=&fecha=2019&resuelve= HTTP/1.1" 200 1047
172.22.2.4 - - [22/May/2023:19:34:54 -0500] "GET /BLA/boletinlegal/ HTTP/1.1" 200 58307
201.245.192.253 - - [22/May/2023:19:36:53 -0500] "POST /kwsrmcab/Wsrmcab  HTTP/1.1" 200 43978
186.155.18.57 - - [22/May/2023:19:37:00 -0500] "POST /sipse/faces/presentacion/financiero/solicitudProceso/listarSolicitudProceso.xhtml HTTP/1.1" 200 57180
186.155.18.57 - - [22/May/2023:19:37:00 -0500] "POST /sipse/faces/presentacion/financiero/solicitudProceso/listarSolicitudProceso.xhtml HTTP/1.1" 200 57180
186.155.18.57 - - [22/May/2023:19:37:01 -0500] "POST /sipse/faces/presentacion/financiero/solicitudProceso/listarSolicitudProceso.xhtml HTTP/1.1" 200 1556
186.155.18.57 - - [22/May/2023:19:37:01 -0500] "POST /sipse/faces/presentacion/financiero/solicitudProceso/listarSolicitudProceso.xhtml HTTP/1.1" 200 1548
172.22.2.4 - - [22/May/2023:19:35:59 -0500] "HEAD /BLA/boletinlegal/ HTTP/1.1" 200 -
172.22.2.4 - - [22/May/2023:19:36:49 -0500] "GET /BLA/boletinlegal/ HTTP/1.1" 200 57561
172.22.2.4 - - [22/May/2023:19:38:32 -0500] "GET /BLA/boletinlegal/jurisprudencia/analisis/AnalisisT-606-15.docx HTTP/1.1" 200 26698
172.22.2.4 - - [22/May/2023:19:38:32 -0500] "GET /BLA/boletinlegal/apple-touch-icon-120x120-precomposed.png HTTP/1.1" 404 1140
172.22.2.4 - - [22/May/2023:19:38:32 -0500] "GET /BLA/boletinlegal/apple-touch-icon-120x120.png HTTP/1.1" 404 1140
172.22.2.4 - - [22/May/2023:19:38:32 -0500] "GET /BLA/boletinlegal/apple-touch-icon-precomposed.png HTTP/1.1" 404 1140
172.22.2.4 - - [22/May/2023:19:38:32 -0500] "GET /BLA/boletinlegal/apple-touch-icon.png HTTP/1.1" 404 1140
172.22.2.4 - - [22/May/2023:19:38:33 -0500] "GET /BLA/boletinlegal/favicon.ico HTTP/1.1" 404 1140
172.22.2.4 - - [22/May/2023:19:38:33 -0500] "GET /BLA/boletinlegal/apple-touch-icon-120x120-precomposed.png HTTP/1.1" 404 1140
172.22.2.4 - - [22/May/2023:19:38:33 -0500] "GET /BLA/boletinlegal/apple-touch-icon-120x120.png HTTP/1.1" 404 1140
172.22.2.4 - - [22/May/2023:19:38:33 -0500] "GET /BLA/boletinlegal/apple-touch-icon-precomposed.png HTTP/1.1" 404 1140
172.22.2.4 - - [22/May/2023:19:38:33 -0500] "GET /BLA/boletinlegal/apple-touch-icon.png HTTP/1.1" 404 1140
172.22.2.4 - - [22/May/2023:19:38:33 -0500] "GET /BLA/boletinlegal/favicon.ico HTTP/1.1" 404 1140
172.22.2.4 - - [22/May/2023:19:38:48 -0500] "GET /BLA/boletinlegal/Circulares/2019/.pdf HTTP/1.1" 404 1218
172.22.2.4 - - [22/May/2023:19:39:20 -0500] "GET /BLA/boletinlegal/consulta_actos.php?tipo=resoluciones&no=2713&usuario=&sector=&fecha=2020&resuelve= HTTP/1.1" 200 1073
191.156.190.87 - - [22/May/2023:19:39:24 -0500] "GET /BLA/resoluciones/RESOLUCIONES%202020/2713.pdf HTTP/1.1" 200 514991
201.245.192.253 - - [22/May/2023:19:39:29 -0500] "POST /kwsrmcab/Wsrmcab HTTP/1.1" 200 44110
201.245.192.253 - - [22/May/2023:19:39:31 -0500] "POST /kwsrmcab/Wsrmcab HTTP/1.1" 200 43695
173.252.83.1 - - [22/May/2023:19:40:32 -0500] "GET /engativa-tendra-jornada-de-recoleccion-de-llantas-este-miercoles.html HTTP/1.1" 206 933
216.245.221.92 - - [22/May/2023:19:40:57 -0500] "HEAD / HTTP/1.1" 200 -
173.252.83.23 - - [22/May/2023:19:41:38 -0500] "GET /mas-de-570-llantas-fueron-recolectadas-en-la-llantaton-de-bosa.html HTTP/1.1" 200 907
173.252.83.11 - - [22/May/2023:19:41:38 -0500] "GET /mas-de-570-llantas-fueron-recolectadas-en-la-llantaton-de-bosa.html HTTP/1.1" 200 907
201.245.192.253 - - [22/May/2023:19:41:51 -0500] "POST /kwsrmcab/Wsrmcab  HTTP/1.1" 200 43978
190.27.182.224 - - [22/May/2023:19:43:01 -0500] "GET /BLA/resoluciones/index.php?dir=AUTOS+2019%2F HTTP/1.1" 200 378368
190.27.182.224 - - [22/May/2023:19:43:25 -0500] "GET /BLA/resoluciones/AUTOS%202019/3435.pdf HTTP/1.1" 200 2326404
172.22.2.4 - - [22/May/2023:19:41:49 -0500] "HEAD /BLA/boletinlegal/ HTTP/1.1" 200 -
172.22.2.4 - - [22/May/2023:19:42:47 -0500] "GET /BLA/boletinlegal/ HTTP/1.1" 200 24523
173.252.107.3 - - [22/May/2023:19:44:15 -0500] "GET /alcaldesa-claudia-lopez-encabezo-encuentro-con-las-mujeres-que-reverdecen-a-bogota.html HTTP/1.1" 206 1069
172.22.2.4 - - [22/May/2023:19:42:39 -0500] "GET /BLA/boletinlegal/ HTTP/1.1" 200 52326
66.249.79.134 - - [22/May/2023:19:45:15 -0500] "GET /moda-circular-manos-reparadoras-la-estrategia-del-distrito-para-restaurar-prendas-usadas.html HTTP/1.1" 200 901
172.22.2.4 - - [22/May/2023:19:45:54 -0500] "GET /BLA/boletinlegal/images/screen_1.png HTTP/1.1" 200 202547
216.245.221.92 - - [22/May/2023:19:45:57 -0500] "HEAD / HTTP/1.1" 200 -
201.245.192.253 - - [22/May/2023:19:46:50 -0500] "POST /kwsrmcab/Wsrmcab  HTTP/1.1" 200 43978
186.80.52.193 - - [22/May/2023:19:48:05 -0500] "GET /galeria/galeria/jquery.fancybox.css?v=2.1.5 HTTP/1.1" 200 4895
186.80.52.193 - - [22/May/2023:19:48:05 -0500] "GET /galeria/galeria/jquery.fancybox.js?v=2.1.5 HTTP/1.1" 200 48706
186.80.52.193 - - [22/May/2023:19:48:05 -0500] "GET /BLA/boletinlegal/js/jquery.scrollShow.js HTTP/1.1" 200 4586
52.151.201.131 - - [22/May/2023:19:48:24 -0500] "GET /images/Foto%20Di%C3%8C%C2%81a%20Mundial%20del%20Agua%20(1)%20(1).jpeg HTTP/1.1" 200 41770
40.77.167.146 - - [22/May/2023:19:48:38 -0500] "GET /BLA/resoluciones/AUTOS%202022/2181.pdf HTTP/1.1" 304 -
52.167.144.173 - - [22/May/2023:19:49:07 -0500] "GET /actividades-para-celebrar-el-dia-del-rio-bogota.html HTTP/1.1" 200 805
40.77.167.146 - - [22/May/2023:19:49:19 -0500] "GET /BLA/resoluciones/AUTOS%202014/1929.pdf HTTP/1.1" 200 2465512
172.22.2.4 - - [22/May/2023:19:47:39 -0500] "HEAD /BLA/boletinlegal/ HTTP/1.1" 200 -
172.22.2.4 - - [22/May/2023:19:48:29 -0500] "GET /BLA/boletinlegal/ HTTP/1.1" 200 58663
186.28.61.22 - - [22/May/2023:19:50:24 -0500] "GET /BLA/resoluciones/index.php?dir=AUTOS+2016%2F HTTP/1.1" 200 329829
216.245.221.92 - - [22/May/2023:19:50:57 -0500] "HEAD / HTTP/1.1" 200 -
172.22.2.4 - - [22/May/2023:19:50:55 -0500] "GET /BLA/boletinlegal/ HTTP/1.1" 200 28619
40.77.167.97 - - [22/May/2023:19:51:50 -0500] "GET /BLA/resoluciones/AUTOS%202021/4207.pdf HTTP/1.1" 304 -
201.245.192.253 - - [22/May/2023:19:51:49 -0500] "POST /kwsrmcab/Wsrmcab  HTTP/1.1" 200 43978
186.102.71.204 - - [22/May/2023:19:53:47 -0500] "GET /kwssiamovil/sm/ldap/au?x=U2FsdGVkX18LyM/zITXU+r2OAugMyjyJn9IxREk90khmvY+Dke4F4nnPRr9b7Kf3&y=U2FsdGVkX1/qF36Tk3MoNXBi1hOk5CrCE9J+dNyvN7kP+fFYqWS/AYSgAAxQSsra HTTP/1.1" 200 30
186.102.71.204 - - [22/May/2023:19:53:47 -0500] "GET /kwssiamovil/sm/acme/s?s=U2FsdGVkX1+oq+0VmxPYU9yU0+MHDXKgSM54u7lkZoiVORLs21P/eo+C8BRXuIvvh7TLx8f97pvRDxhOrXYuvfvDV+7fVdMGuWzWyIeaI/w=&u=U2FsdGVkX19fJAV7LPnG5nmMrQ6KwGLAEEdb0Whwic4=&y=U2FsdGVkX1/qF36Tk3MoNXBi1hOk5CrCE9J+dNyvN7kP+fFYqWS/AYSgAAxQSsra HTTP/1.1" 200 97
186.102.71.204 - - [22/May/2023:19:53:47 -0500] "GET /kwssiamovil/sm/acme/s?s=U2FsdGVkX18Nr1Ps05S/YGnDoIpA5ToL85TvsB6Hg8s+FamqVbERDLAQFiU4NizpIounM+451Ka2SgTXcGPtskrLFaOpj5el/zYTC5N1yp5p7bGU6UbUhIOBoCqLte2Je2kK3TXnD+RZhGBqodNdSwQpiNU6ctp5BkHaIBYMCHwTr5MP+5QcJ9lf4cOqteYv4vhr/o07K/PP3BjkUPlAnnrQfv09UsMtBzKZXmeib1zyHF2Ozs73RKO7zx2dZk8BVTcNXf+1auWelSmBHIGA9nZ2RzsZ3zJYwX+G3iIDi3gfONVmO5XBvv3AFfXFfO+tS5Di36Hi0GnqhZu0fqk1CW8M/O3ve5KIM4Ub3BP577PHXBndTmYCU9fyV8e4ZsIZw2s4jv/pRi8BaTeIIPYMgAwDhgffP29IVlr0t0i4VgU66yX107JnG/xnyAc6ZTmwlDGnZo92De5ywkAkih69qF1ITMn/qWrWEyhF92B58Bd+zvF9AN+TZ1A6LKKCceJ1wQU/+Ac8aA5oBlAJJmgwYGxeca0dWMAlEF6KhxtUCy/SkAWhS+5DFJBkm67Eu1EfZ3giR8PG8lrUVaJWOyKf/4Y0xbAJVU+exU5Q73C/b/piBTMWrxtl05R8qgOCvUbdha6Caj2S+aoRYSVZDstIt6guqZKxevlMdO+Zi21ktsuTsaTFQp2YqNRuo6UdxK4y2koB4OCV0q8aipb8H/q5Qn1+c+9XFKlsh9ZntR1q1eTUFfsGA67xtj27if++mL4UgdXU8QZF4vrVaGUqm1bWdusE16eYpuqP2BmOuFwcA1j2kqfQdIro9kd3vU6+0QTp8jX0bo3AYFHxrYpQIWpv+yY6U1OSjFBn78zg8Bo6WCsKofZ19pLOAvHRWe05Fq9ElGs/WiO/2Xjq+jim/DSivNSERAX+XbqU0gCPqVN64fnq6WH8uYcccPQGZCxGF1epDLLuevH7HzSpEbOFzlocMOwmwY7RymQqSzo5PkleMnai1Wkc+nl5Ak1vbfh+mDDLPlMaJ+L8g8jPMuUafPDfGyPkt2P1LwEnWZ9TKfTo1Lcd+phLrVdjtpnqFKJntn/hgxXHSDxHysOAUmFUgjrzbYDy3pQW+gKRTmDQikKgMnIBo1G5ZG6NvFUFI0EBuhApiGdorNtDAwwqOkxddbYO6P9RJYI+6eMNKyZUY79tsPrAWUbgseDpjF5pnyKNewI2qiov6vS+/uNCPlw3syQypWju9ZOiZvcBuvGv/01Tz1kDyMNfRoyAjWcbB5l2Az6aZ8lgKh9AGOio4zCrZnLi/fx8tVEy/Mbke+3YJhbBAvL88i4xnpHngLhjVomHbtWobnNoqmkDzyy29RYZNwjNiyMuz5s+O6nFD1vTHmVlFtCxnODeav8xgTOu8Y/QauuutePgkwYn3xPdE3PiPGJ9iL4wep9XRiY58pPvwnUAZYfIktZjRmOzg8RYl/8sv6LwfjiBWWYgG3X5ujnlqyOnNUYPIsyh5PRcA9LTcjLuQ6OR4ig9UolKyWAjCY7RtNIa92fwT9/0E9GTL9yEZJRBaTcFDwiNLgLWBe+SNnlzjU0pkTgz7UbIq2VG7w7VK1gv9zlzM8BoTxCjjp7PMX2xNtWZfX8LE+pTXw4PLhO0Z2eAeZHa46YoyWGeGj0W84o1L9h/XJT/o3UgUhsOzCnKeElf91kFQUQEzPmRUYspEgu9xGcJbqtNzxqq3GjRVgM871ULPugAWZLPpLvUh1BabLqyyeaVeGGVKw1KnV0fSG4=&u=U2FsdGVkX19fJAV7LPnG5nmMrQ6KwGLAEEdb0Whwic4=&y=U2FsdGVkX1/qF36Tk3MoNXBi1hOk5CrCE9J+dNyvN7kP+fFYqWS/AYSgAAxQSsra HTTP/1.1" 200 4163
186.102.71.204 - - [22/May/2023:19:53:47 -0500] "GET /kwssiamovil/sm/acme/s?s=U2FsdGVkX184Hkxd82P5HGUxjVVP8Gkx1igPCgfiIDRy5zZHId1tnn0rE4n2uUzzp0f0BifJXJKphmjjmfQs4a8W4RHXyQmgTp+L2SdVx+u/CzYlsSqMqMO+C4ty/f/CrCvWG6iwF5kDzN/GGigHQYxPDMVAlFVhzrRZN71pBarnE0v6MWIo6kqwkngEWykpxLABmQC4uhwNTyzcqZHk5YL1bhSCAkFvCI55SaG6rVLNHbGbuSHseBFhIvXh7Z6gfQMZMcFIri50d1zExOykuf6RL5Wlp5+0eKYDWQR7ZxSIfdL02OQcUPQCqubGL72BS2BMLP7lQViICD3LawCsSnOyEGkeFukO5dXazDzcWu1Oh3rHSVeOnqDU5nkO5XMkv4HTIuQgjW17sZCpnwY7bzujYhySrugIQZRSkKkcjm4dKp2P/+BfcCYJi+DNxwfyPuf5m66qxcqnTjYUriJHvZkt9Q4mY+Bsq2MotwDjyfm1CMr8kTDFvM8LQofC53OY+v0CdsTr2Oi8usKbsNsNjrwIH7jKPPQGkQfIDNIiux+M81ki/JTt9AUxppZmQqds/02RFSWOu2kOXgeYpjfTVzmDuY3om/uc2Wk04o4uskqnYJp3pgF7oj0t973FWx6/n9fhAif68/BGs/whVZoe3YqlE1h/F3B65QtWIuNdPOYPQQqlEJz8wEa8EubJ5GvLNccRAgdlseLuJQczPHdsegMrlSgWIW6TUfpDWk1G7TU1hpTa1xt8FyBe7VvprRgT&u=U2FsdGVkX19fJAV7LPnG5nmMrQ6KwGLAEEdb0Whwic4=&y=U2FsdGVkX1/qF36Tk3MoNXBi1hOk5CrCE9J+dNyvN7kP+fFYqWS/AYSgAAxQSsra HTTP/1.1" 200 208
186.102.71.204 - - [22/May/2023:19:53:48 -0500] "GET /kwssiamovil/sm/cjson/pre?f=1&x=U2FsdGVkX18LyM/zITXU+r2OAugMyjyJn9IxREk90khmvY+Dke4F4nnPRr9b7Kf3 HTTP/1.1" 200 31032
172.22.2.4 - - [22/May/2023:19:55:03 -0500] "GET /BLA/boletinlegal/style.css HTTP/1.1" 200 9406
172.22.2.4 - - [22/May/2023:19:55:03 -0500] "GET /BLA/boletinlegal/styles2.css HTTP/1.1" 200 1838
172.22.2.4 - - [22/May/2023:19:55:03 -0500] "GET /BLA/boletinlegal/js/jquery.scrollTo-min.js HTTP/1.1" 200 1150
172.22.2.4 - - [22/May/2023:19:55:03 -0500] "GET /BLA/boletinlegal/js/jquery.js HTTP/1.1" 200 57254
172.22.2.4 - - [22/May/2023:19:55:03 -0500] "GET /BLA/boletinlegal/js/jquery.scrollShow.js HTTP/1.1" 200 4586
172.22.2.4 - - [22/May/2023:19:55:03 -0500] "GET /BLA/boletinlegal/images/subscribe-icon-big.png HTTP/1.1" 200 47702
172.22.2.4 - - [22/May/2023:19:55:03 -0500] "GET /BLA/boletinlegal/images/screen_1.png HTTP/1.1" 200 202547
172.22.2.4 - - [22/May/2023:19:55:03 -0500] "GET /BLA/boletinlegal/images/arr_l.jpg HTTP/1.1" 200 1979
172.22.2.4 - - [22/May/2023:19:55:03 -0500] "GET /BLA/boletinlegal/images/historia.png HTTP/1.1" 200 52775
172.22.2.4 - - [22/May/2023:19:55:03 -0500] "GET /BLA/boletinlegal/images/registro-usuarios.png HTTP/1.1" 200 8106
172.22.2.4 - - [22/May/2023:19:55:04 -0500] "GET /BLA/boletinlegal/images/cabezote%20BLEGAL.jpg HTTP/1.1" 200 118164
172.22.2.4 - - [22/May/2023:19:55:04 -0500] "GET /BLA/boletinlegal/images/launch.jpg HTTP/1.1" 200 14577
172.22.2.4 - - [22/May/2023:19:55:04 -0500] "GET /BLA/boletinlegal/images/body_bg.jpg HTTP/1.1" 200 1601
172.22.2.4 - - [22/May/2023:19:55:04 -0500] "GET /BLA/boletinlegal/images/menu_rght.gif HTTP/1.1" 200 1627
172.22.2.4 - - [22/May/2023:19:55:04 -0500] "GET /BLA/boletinlegal/images/menu_lft.gif HTTP/1.1" 200 1713
172.22.2.4 - - [22/May/2023:19:55:04 -0500] "GET /BLA/boletinlegal/images/bg_top.jpg HTTP/1.1" 200 522
172.22.2.4 - - [22/May/2023:19:55:04 -0500] "GET /BLA/boletinlegal/images/menu_bg.jpg HTTP/1.1" 200 620
172.22.2.4 - - [22/May/2023:19:55:04 -0500] "GET /BLA/boletinlegal/images/text.jpg HTTP/1.1" 200 568
172.22.2.4 - - [22/May/2023:19:55:04 -0500] "GET /BLA/boletinlegal/images/hover.jpg HTTP/1.1" 200 640
172.22.2.4 - - [22/May/2023:19:55:05 -0500] "GET /BLA/boletinlegal/favicon.ico HTTP/1.1" 404 1308
172.22.2.4 - - [22/May/2023:19:53:29 -0500] "HEAD /BLA/boletinlegal/ HTTP/1.1" 200 -
172.22.2.4 - - [22/May/2023:19:55:10 -0500] "GET /BLA/boletinlegal/actos.php HTTP/1.1" 200 9682
172.22.2.4 - - [22/May/2023:19:55:10 -0500] "GET /BLA/boletinlegal/js/ajax_actos.js HTTP/1.1" 200 1322
172.22.2.4 - - [22/May/2023:19:55:10 -0500] "GET /BLA/boletinlegal/niceforms.js HTTP/1.1" 200 22876
172.22.2.4 - - [22/May/2023:19:55:10 -0500] "GET /BLA/boletinlegal/js/jquery1.js HTTP/1.1" 200 29846
172.22.2.4 - - [22/May/2023:19:55:10 -0500] "GET /BLA/boletinlegal/js/lib.js HTTP/1.1" 200 6474
172.22.2.4 - - [22/May/2023:19:55:10 -0500] "GET /BLA/boletinlegal/niceforms-default.css HTTP/1.1" 200 6694
172.22.2.4 - - [22/May/2023:19:55:10 -0500] "GET /BLA/boletinlegal/js/popup.js HTTP/1.1" 200 1270
172.22.2.4 - - [22/May/2023:19:55:10 -0500] "GET /BLA/boletinlegal/images/icono-email.png HTTP/1.1" 200 5544
172.22.2.4 - - [22/May/2023:19:55:10 -0500] "GET /BLA/boletinlegal/images/green-yellow-blue-pink-th.png HTTP/1.1" 200 7394
172.22.2.4 - - [22/May/2023:19:55:10 -0500] "GET /BLA/boletinlegal/images/tel.png HTTP/1.1" 200 14477
172.22.2.4 - - [22/May/2023:19:55:11 -0500] "GET /BLA/boletinlegal/images/footer_bg.jpg HTTP/1.1" 200 586
172.22.2.4 - - [22/May/2023:19:55:11 -0500] "GET /BLA/boletinlegal/images/footer_bg_l.jpg HTTP/1.1" 200 776
172.22.2.4 - - [22/May/2023:19:55:11 -0500] "GET /BLA/boletinlegal/img/0.png HTTP/1.1" 200 110
172.22.2.4 - - [22/May/2023:19:55:11 -0500] "GET /BLA/boletinlegal/img/button.png HTTP/1.1" 200 43241
172.22.2.4 - - [22/May/2023:19:55:11 -0500] "GET /BLA/boletinlegal/img/select-left.png HTTP/1.1" 200 263
172.22.2.4 - - [22/May/2023:19:55:11 -0500] "GET /BLA/boletinlegal/img/select-right.png HTTP/1.1" 200 44019
172.22.2.4 - - [22/May/2023:19:55:11 -0500] "GET /BLA/boletinlegal/img/button-left.png HTTP/1.1" 200 57071
172.22.2.4 - - [22/May/2023:19:55:11 -0500] "GET /BLA/boletinlegal/img/button-right.png HTTP/1.1" 200 57878
172.22.2.4 - - [22/May/2023:19:55:31 -0500] "GET /BLA/boletinlegal/consulta_actos.php?tipo=resoluciones&no=0500&usuario=&sector=&fecha=2020&resuelve= HTTP/1.1" 200 1108
172.22.2.4 - - [22/May/2023:19:55:31 -0500] "GET /BLA/boletinlegal/images/pdf.gif HTTP/1.1" 200 567
181.57.13.90 - - [22/May/2023:19:55:37 -0500] "GET /BLA/resoluciones/RESOLUCIONES%202020/0500.pdf HTTP/1.1" 200 620964
181.57.13.90 - - [22/May/2023:19:55:38 -0500] "GET /favicon.ico HTTP/1.1" 200 7782
181.57.13.90 - - [22/May/2023:19:55:38 -0500] "GET /BLA/resoluciones/RESOLUCIONES%202020/0500.pdf HTTP/1.1" 206 31140
172.22.2.4 - - [22/May/2023:19:55:03 -0500] "GET /BLA/boletinlegal/ HTTP/1.1" 200 24523
216.245.221.92 - - [22/May/2023:19:55:56 -0500] "HEAD / HTTP/1.1" 200 -
172.22.2.4 - - [22/May/2023:19:54:19 -0500] "GET /BLA/boletinlegal/ HTTP/1.1" 200 55571
201.245.192.253 - - [22/May/2023:19:56:48 -0500] "POST /kwsrmcab/Wsrmcab  HTTP/1.1" 200 43978
172.22.2.4 - - [22/May/2023:19:58:10 -0500] "GET /BLA/boletinlegal/Circulares/2022/CIRCULAR%20No.%2000003%20DEL%2007%20DE%20MARZO%20DEL%202022.pdf HTTP/1.1" 200 311468
172.22.2.4 - - [22/May/2023:19:58:12 -0500] "GET /BLA/boletinlegal/favicon.ico HTTP/1.1" 404 1498
172.22.2.4 - - [22/May/2023:19:58:26 -0500] "GET /BLA/boletinlegal/Circulares/2022/CIRCULAR%20No.%2000003%20DEL%2007%20DE%20MARZO%20DEL%202022.pdf HTTP/1.1" 200 311468
172.22.2.4 - - [22/May/2023:19:58:27 -0500] "GET /BLA/boletinlegal/Circulares/2022/CIRCULAR%20No.%2000003%20DEL%2007%20DE%20MARZO%20DEL%202022.pdf HTTP/1.1" 200 311468
172.22.2.4 - - [22/May/2023:20:00:46 -0500] "GET /BLA/boletinlegal/robots.txt HTTP/1.1" 404 1038
172.22.2.4 - - [22/May/2023:20:00:47 -0500] "GET /BLA/boletinlegal/Circulares/2011/Circular%20No.%206%20del%2023%20de%20Septiembre%20de%202011.pdf HTTP/1.1" 200 252800
216.245.221.92 - - [22/May/2023:20:00:56 -0500] "HEAD / HTTP/1.1" 200 -
172.22.2.4 - - [22/May/2023:19:59:19 -0500] "HEAD /BLA/boletinlegal/ HTTP/1.1" 200 -
172.22.2.4 - - [22/May/2023:20:00:09 -0500] "GET /BLA/boletinlegal/ HTTP/1.1" 200 58663
201.245.192.253 - - [22/May/2023:20:01:47 -0500] "POST /kwsrmcab/Wsrmcab  HTTP/1.1" 200 43978
186.28.61.22 - - [22/May/2023:20:03:57 -0500] "GET /BLA/resoluciones/AUTOS%202016/3186.pdf HTTP/1.1" 200 617805
186.28.61.22 - - [22/May/2023:20:03:57 -0500] "GET /BLA/resoluciones/AUTOS%202016/3186.pdf HTTP/1.1" 200 617805
186.28.61.22 - - [22/May/2023:20:03:57 -0500] "GET /BLA/resoluciones/AUTOS%202016/3186.pdf HTTP/1.1" 206 1025
186.155.148.92 - - [22/May/2023:20:04:33 -0500] "GET /galeria/galeria/jquery.fancybox.css?v=2.1.5 HTTP/1.1" 200 4895
186.155.148.92 - - [22/May/2023:20:04:33 -0500] "GET /galeria/galeria/jquery.fancybox.js?v=2.1.5 HTTP/1.1" 200 48706
186.155.148.92 - - [22/May/2023:20:04:33 -0500] "GET /BLA/boletinlegal/js/jquery.scrollShow.js HTTP/1.1" 200 4586
200.118.60.252 - - [22/May/2023:20:05:19 -0500] "GET /favicon.ico HTTP/1.1" 200 7782
216.245.221.92 - - [22/May/2023:20:05:56 -0500] "HEAD / HTTP/1.1" 200 -
201.245.192.253 - - [22/May/2023:20:06:46 -0500] "POST /kwsrmcab/Wsrmcab  HTTP/1.1" 200 43978
172.22.2.4 - - [22/May/2023:20:05:09 -0500] "HEAD /BLA/boletinlegal/ HTTP/1.1" 200 -
172.22.2.4 - - [22/May/2023:20:05:59 -0500] "GET /BLA/boletinlegal/ HTTP/1.1" 200 57561
52.167.144.173 - - [22/May/2023:20:07:57 -0500] "GET /images/humedal-principal-santa-maria-7-febrero.jpg HTTP/1.1" 200 86406
40.77.167.97 - - [22/May/2023:20:08:00 -0500] "GET /galeria/carrusel/Carrusel/jquery-ui-1.8.13.custom.min.js HTTP/1.1" 200 10800
40.77.167.97 - - [22/May/2023:20:08:00 -0500] "GET /galeria/carrusel/Carrusel/jquery.thumbnailScroller.css HTTP/1.1" 200 2066
40.77.167.97 - - [22/May/2023:20:08:00 -0500] "GET /galeria/nivo-slider/demo/banner.html HTTP/1.1" 200 5446
157.55.39.210 - - [22/May/2023:20:08:04 -0500] "GET /galeria/carrusel/Carrusel/jquery.thumbnailScroller.js HTTP/1.1" 200 8157
181.51.120.106 - - [22/May/2023:20:08:51 -0500] "GET /galeria/galeria/jquery.fancybox.css?v=2.1.5 HTTP/1.1" 200 4895
181.51.120.106 - - [22/May/2023:20:08:51 -0500] "GET /BLA/boletinlegal/js/jquery.scrollShow.js HTTP/1.1" 200 4586
181.51.120.106 - - [22/May/2023:20:08:52 -0500] "GET /galeria/galeria/jquery.fancybox.js?v=2.1.5 HTTP/1.1" 200 48706
216.245.221.92 - - [22/May/2023:20:10:56 -0500] "HEAD / HTTP/1.1" 200 -
201.245.192.253 - - [22/May/2023:20:11:44 -0500] "POST /kwsrmcab/Wsrmcab  HTTP/1.1" 200 43978
172.22.2.4 - - [22/May/2023:20:10:59 -0500] "HEAD /BLA/boletinlegal/ HTTP/1.1" 200 -
172.22.2.4 - - [22/May/2023:20:11:49 -0500] "GET /BLA/boletinlegal/ HTTP/1.1" 200 57561
172.22.2.4 - - [22/May/2023:20:13:52 -0500] "GET /BLA/boletinlegal/actos.php HTTP/1.1" 200 9682
181.56.64.186 - - [22/May/2023:20:14:06 -0500] "GET /BLA/resoluciones/ HTTP/1.1" 200 13502
181.56.64.186 - - [22/May/2023:20:14:12 -0500] "GET /BLA/resoluciones/index.php?dir=AUTOS+2018%2F HTTP/1.1" 200 458615
172.22.2.4 - - [22/May/2023:20:13:49 -0500] "GET /BLA/boletinlegal/ HTTP/1.1" 200 24523
162.55.166.12 - - [22/May/2023:20:15:37 -0500] "GET / HTTP/1.1" 200 319
216.245.221.92 - - [22/May/2023:20:15:56 -0500] "HEAD / HTTP/1.1" 200 -
201.245.192.253 - - [22/May/2023:20:16:43 -0500] "POST /kwsrmcab/Wsrmcab  HTTP/1.1" 200 43978
172.22.2.4 - - [22/May/2023:20:17:28 -0500] "GET /BLA/boletinlegal/robots.txt HTTP/1.1" 404 1037
138.201.48.205 - - [22/May/2023:20:17:55 -0500] "-" 408 -
172.22.2.4 - - [22/May/2023:20:16:49 -0500] "HEAD /BLA/boletinlegal/ HTTP/1.1" 200 -
172.22.2.4 - - [22/May/2023:20:17:28 -0500] "GET /BLA/boletinlegal/ HTTP/1.1" 200 49141
172.22.2.4 - - [22/May/2023:20:17:39 -0500] "GET /BLA/boletinlegal/ HTTP/1.1" 200 50283
201.245.192.253 - - [22/May/2023:20:19:28 -0500] "POST /kwsrmcab/Wsrmcab HTTP/1.1" 200 43736
201.245.192.253 - - [22/May/2023:20:19:31 -0500] "POST /kwsrmcab/Wsrmcab HTTP/1.1" 200 43973
216.245.221.92 - - [22/May/2023:20:20:56 -0500] "HEAD / HTTP/1.1" 200 -
201.245.192.253 - - [22/May/2023:20:21:43 -0500] "POST /kwsrmcab/Wsrmcab  HTTP/1.1" 200 43978
40.77.189.105 - - [22/May/2023:20:23:56 -0500] "GET /galeria/nivo-slider/themes/default/default.css HTTP/1.1" 200 1569
40.77.189.9 - - [22/May/2023:20:23:56 -0500] "GET /galeria/nivo-slider/themes/pascal/pascal.css HTTP/1.1" 200 2258
40.77.189.63 - - [22/May/2023:20:23:56 -0500] "GET /galeria/nivo-slider/themes/orman/orman.css HTTP/1.1" 200 2152
40.77.189.246 - - [22/May/2023:20:23:56 -0500] "GET /galeria/nivo-slider/nivo-slider.css HTTP/1.1" 200 1507
40.77.189.63 - - [22/May/2023:20:23:57 -0500] "GET /galeria/nivo-slider/demo/scripts/jquery-1.7.1.min.js HTTP/1.1" 200 93868
40.77.190.225 - - [22/May/2023:20:23:57 -0500] "GET /galeria/nivo-slider/demo/style.css HTTP/1.1" 200 2222
40.77.188.157 - - [22/May/2023:20:23:57 -0500] "GET /galeria/nivo-slider/jquery.nivo.slider.pack.js HTTP/1.1" 200 11561
172.22.2.4 - - [22/May/2023:20:22:39 -0500] "HEAD /BLA/boletinlegal/ HTTP/1.1" 200 -
172.22.2.4 - - [22/May/2023:20:23:29 -0500] "GET /BLA/boletinlegal/ HTTP/1.1" 200 57561
172.22.2.4 - - [22/May/2023:20:25:11 -0500] "GET /BLA/boletinlegal/images/screen_5.png HTTP/1.1" 200 368876
216.245.221.92 - - [22/May/2023:20:25:56 -0500] "HEAD / HTTP/1.1" 200 -
201.245.192.253 - - [22/May/2023:20:26:42 -0500] "POST /kwsrmcab/Wsrmcab  HTTP/1.1" 200 43978
40.77.167.255 - - [22/May/2023:20:27:11 -0500] "GET /bla/resoluciones/notificaciones/autos%202017/04919.pdf HTTP/1.1" 200 276473
40.77.167.146 - - [22/May/2023:20:29:12 -0500] "GET /BLA/resoluciones/Notificaciones/AUTOS%202023/75.pdf HTTP/1.1" 200 385058
201.245.192.253 - - [22/May/2023:20:29:29 -0500] "POST /kwsrmcab/Wsrmcab HTTP/1.1" 200 43736
201.245.192.253 - - [22/May/2023:20:29:31 -0500] "POST /kwsrmcab/Wsrmcab HTTP/1.1" 200 43973
181.137.163.17 - - [22/May/2023:20:30:04 -0500] "GET /galeria/galeria/jquery.fancybox.css?v=2.1.5 HTTP/1.1" 200 4895
181.137.163.17 - - [22/May/2023:20:30:04 -0500] "GET /BLA/boletinlegal/js/jquery.scrollShow.js HTTP/1.1" 200 4586
181.137.163.17 - - [22/May/2023:20:30:04 -0500] "GET /galeria/galeria/jquery.fancybox.js?v=2.1.5 HTTP/1.1" 200 48706
172.22.2.4 - - [22/May/2023:20:28:28 -0500] "HEAD /BLA/boletinlegal/ HTTP/1.1" 200 -
216.245.221.92 - - [22/May/2023:20:30:56 -0500] "HEAD / HTTP/1.1" 200 -
172.22.2.4 - - [22/May/2023:20:29:19 -0500] "GET /BLA/boletinlegal/ HTTP/1.1" 200 52730
201.245.192.253 - - [22/May/2023:20:31:41 -0500] "POST /kwsrmcab/Wsrmcab  HTTP/1.1" 200 43978
172.22.2.4 - - [22/May/2023:20:33:36 -0500] "GET /BLA/boletinlegal/ HTTP/1.1" 200 56287
216.245.221.92 - - [22/May/2023:20:35:56 -0500] "HEAD / HTTP/1.1" 200 -
172.22.2.4 - - [22/May/2023:20:34:18 -0500] "HEAD /BLA/boletinlegal/ HTTP/1.1" 200 -
186.155.18.57 - - [22/May/2023:20:36:30 -0500] "GET /sipse/faces/faces/autenticacion.xhtml HTTP/1.1" 200 12186
186.155.18.57 - - [22/May/2023:20:36:31 -0500] "GET /sipse/faces/javax.faces.resource/theme.css?ln=primefaces-sipse HTTP/1.1" 304 -
186.155.18.57 - - [22/May/2023:20:36:31 -0500] "GET /sipse/faces/javax.faces.resource/primefaces.css?ln=primefaces&v=4.0 HTTP/1.1" 304 -
186.155.18.57 - - [22/May/2023:20:36:31 -0500] "GET /sipse/faces/javax.faces.resource/layout/layout.css?ln=primefaces&v=4.0 HTTP/1.1" 304 -
186.155.18.57 - - [22/May/2023:20:36:31 -0500] "GET /sipse/faces/javax.faces.resource/jquery/jquery.js?ln=primefaces&v=4.0 HTTP/1.1" 304 -
186.155.18.57 - - [22/May/2023:20:36:31 -0500] "GET /sipse/faces/javax.faces.resource/jquery/jquery-plugins.js?ln=primefaces&v=4.0 HTTP/1.1" 304 -
186.155.18.57 - - [22/May/2023:20:36:31 -0500] "GET /sipse/faces/javax.faces.resource/layout/layout.js?ln=primefaces&v=4.0 HTTP/1.1" 304 -
186.155.18.57 - - [22/May/2023:20:36:31 -0500] "GET /sipse/faces/javax.faces.resource/primefaces.js?ln=primefaces&v=4.0 HTTP/1.1" 304 -
186.155.18.57 - - [22/May/2023:20:36:31 -0500] "GET /sipse/faces/javax.faces.resource/images/ui-icons_898989_256x240.png?ln=primefaces-aristo HTTP/1.1" 304 -
186.155.18.57 - - [22/May/2023:20:36:31 -0500] "GET /sipse/faces/faces/index.xhtml HTTP/1.1" 200 677
186.155.18.57 - - [22/May/2023:20:36:31 -0500] "GET /sipse/faces/javax.faces.resource/theme.css?ln=primefaces-sipse HTTP/1.1" 304 -
186.155.18.57 - - [22/May/2023:20:36:31 -0500] "GET /sipse/faces/faces/faces/autenticacion.xhtml HTTP/1.1" 200 12186
186.155.18.57 - - [22/May/2023:20:36:31 -0500] "GET /sipse/faces/javax.faces.resource/theme.css?ln=primefaces-sipse HTTP/1.1" 304 -
186.155.18.57 - - [22/May/2023:20:36:31 -0500] "GET /sipse/faces/javax.faces.resource/primefaces.js?ln=primefaces&v=4.0 HTTP/1.1" 304 -
186.155.18.57 - - [22/May/2023:20:36:31 -0500] "GET /sipse/faces/javax.faces.resource/layout/layout.js?ln=primefaces&v=4.0 HTTP/1.1" 304 -
186.155.18.57 - - [22/May/2023:20:36:31 -0500] "GET /sipse/faces/javax.faces.resource/primefaces.css?ln=primefaces&v=4.0 HTTP/1.1" 304 -
186.155.18.57 - - [22/May/2023:20:36:31 -0500] "GET /sipse/faces/javax.faces.resource/layout/layout.css?ln=primefaces&v=4.0 HTTP/1.1" 304 -
186.155.18.57 - - [22/May/2023:20:36:31 -0500] "GET /sipse/faces/javax.faces.resource/jquery/jquery.js?ln=primefaces&v=4.0 HTTP/1.1" 304 -
186.155.18.57 - - [22/May/2023:20:36:31 -0500] "GET /sipse/faces/javax.faces.resource/jquery/jquery-plugins.js?ln=primefaces&v=4.0 HTTP/1.1" 304 -
186.155.18.57 - - [22/May/2023:20:36:34 -0500] "POST /sipse/faces/autenticacion.xhtml HTTP/1.1" 200 2225
186.155.18.57 - - [22/May/2023:20:36:34 -0500] "GET /sipse/faces/javax.faces.resource/messages/messages.png?ln=primefaces&v=4.0 HTTP/1.1" 304 -
186.155.18.57 - - [22/May/2023:20:36:35 -0500] "GET /sipse/faces/javax.faces.resource/images/ui-icons_898989_256x240.png?ln=primefaces-aristo HTTP/1.1" 304 -
186.155.18.57 - - [22/May/2023:20:36:35 -0500] "POST /sipse/faces/autenticacion.xhtml HTTP/1.1" 200 16392
186.155.18.57 - - [22/May/2023:20:36:35 -0500] "GET /sipse/faces/javax.faces.resource/theme.css?ln=primefaces-sipse HTTP/1.1" 304 -
186.155.18.57 - - [22/May/2023:20:36:35 -0500] "GET /sipse/faces/javax.faces.resource/primefaces.css?ln=primefaces&v=4.0 HTTP/1.1" 304 -
186.155.18.57 - - [22/May/2023:20:36:35 -0500] "GET /sipse/faces/javax.faces.resource/layout/layout.css?ln=primefaces&v=4.0 HTTP/1.1" 304 -
186.155.18.57 - - [22/May/2023:20:36:35 -0500] "GET /sipse/faces/javax.faces.resource/jquery/jquery.js?ln=primefaces&v=4.0 HTTP/1.1" 304 -
186.155.18.57 - - [22/May/2023:20:36:35 -0500] "GET /sipse/faces/javax.faces.resource/jquery/jquery-plugins.js?ln=primefaces&v=4.0 HTTP/1.1" 304 -
186.155.18.57 - - [22/May/2023:20:36:35 -0500] "GET /sipse/faces/javax.faces.resource/primefaces.js?ln=primefaces&v=4.0 HTTP/1.1" 304 -
186.155.18.57 - - [22/May/2023:20:36:35 -0500] "GET /sipse/faces/javax.faces.resource/layout/layout.js?ln=primefaces&v=4.0 HTTP/1.1" 304 -
186.155.18.57 - - [22/May/2023:20:36:35 -0500] "GET /sipse/css/imagen/contrasena.png HTTP/1.1" 404 383
186.155.18.57 - - [22/May/2023:20:36:37 -0500] "GET /sipse/faces/javax.faces.resource/images/ui-bg_flat_0_2d5972_40x100.png?ln=primefaces-aristo HTTP/1.1" 304 -
186.155.18.57 - - [22/May/2023:20:36:37 -0500] "POST /sipse/faces/bienvenido.xhtml HTTP/1.1" 200 2658
186.155.18.57 - - [22/May/2023:20:36:38 -0500] "POST /sipse/faces/bienvenido.xhtml HTTP/1.1" 200 63912
186.155.18.57 - - [22/May/2023:20:36:38 -0500] "GET /sipse/faces/javax.faces.resource/primefaces.css?ln=primefaces&v=4.0 HTTP/1.1" 304 -
186.155.18.57 - - [22/May/2023:20:36:38 -0500] "GET /sipse/faces/javax.faces.resource/layout/layout.css?ln=primefaces&v=4.0 HTTP/1.1" 304 -
186.155.18.57 - - [22/May/2023:20:36:38 -0500] "GET /sipse/faces/javax.faces.resource/theme.css?ln=primefaces-sipse HTTP/1.1" 304 -
186.155.18.57 - - [22/May/2023:20:36:38 -0500] "GET /sipse/faces/javax.faces.resource/jquery/jquery.js?ln=primefaces&v=4.0 HTTP/1.1" 304 -
186.155.18.57 - - [22/May/2023:20:36:38 -0500] "GET /sipse/faces/javax.faces.resource/jquery/jquery-plugins.js?ln=primefaces&v=4.0 HTTP/1.1" 304 -
186.155.18.57 - - [22/May/2023:20:36:38 -0500] "GET /sipse/faces/javax.faces.resource/primefaces.js?ln=primefaces&v=4.0 HTTP/1.1" 304 -
186.155.18.57 - - [22/May/2023:20:36:39 -0500] "GET /sipse/faces/javax.faces.resource/layout/layout.js?ln=primefaces&v=4.0 HTTP/1.1" 304 -
186.155.18.57 - - [22/May/2023:20:36:39 -0500] "POST /sipse/faces/presentacion/financiero/solicitudProceso/listarSolicitudProceso.xhtml HTTP/1.1" 200 1556
201.245.192.253 - - [22/May/2023:20:36:39 -0500] "POST /kwsrmcab/Wsrmcab  HTTP/1.1" 200 43978
172.22.2.4 - - [22/May/2023:20:35:09 -0500] "GET /BLA/boletinlegal/ HTTP/1.1" 200 57945
172.22.2.4 - - [22/May/2023:20:37:30 -0500] "GET /BLA/boletinlegal/Circulares/2019/.pdf HTTP/1.1" 404 1218
66.249.66.86 - - [22/May/2023:20:39:05 -0500] "-" 408 -
201.245.192.253 - - [22/May/2023:20:39:28 -0500] "POST /kwsrmcab/Wsrmcab HTTP/1.1" 200 43736
201.245.192.253 - - [22/May/2023:20:39:31 -0500] "POST /kwsrmcab/Wsrmcab HTTP/1.1" 200 43973
216.245.221.92 - - [22/May/2023:20:40:56 -0500] "HEAD / HTTP/1.1" 200 -
201.245.192.253 - - [22/May/2023:20:41:37 -0500] "POST /kwsrmcab/Wsrmcab  HTTP/1.1" 200 43978
172.22.2.4 - - [22/May/2023:20:40:08 -0500] "HEAD /BLA/boletinlegal/ HTTP/1.1" 200 -
186.28.61.22 - - [22/May/2023:20:42:30 -0500] "GET /BLA/resoluciones/AUTOS%202016/2797.pdf HTTP/1.1" 200 422896
186.28.61.22 - - [22/May/2023:20:42:30 -0500] "GET /BLA/resoluciones/AUTOS%202016/2797.pdf HTTP/1.1" 200 422896
186.28.61.22 - - [22/May/2023:20:42:30 -0500] "GET /BLA/resoluciones/AUTOS%202016/2797.pdf HTTP/1.1" 206 1025
186.28.61.22 - - [22/May/2023:20:42:32 -0500] "GET /BLA/resoluciones/AUTOS%202016/2797.pdf HTTP/1.1" 206 64512
172.22.2.4 - - [22/May/2023:20:40:59 -0500] "GET /BLA/boletinlegal/ HTTP/1.1" 200 52326
186.170.72.156 - - [22/May/2023:20:44:14 -0500] "GET /BLA/resoluciones/AUTOS%202019/1414.pdf HTTP/1.1" 200 567265
191.156.191.1 - - [22/May/2023:20:44:45 -0500] "GET /css/textos.css HTTP/1.1" 404 1254
191.156.182.225 - - [22/May/2023:20:44:45 -0500] "GET /css/fondos.css HTTP/1.1" 404 1254
191.156.190.88 - - [22/May/2023:20:44:45 -0500] "GET /css/date_blue.css HTTP/1.1" 404 1254
191.156.190.88 - - [22/May/2023:20:44:52 -0500] "GET /css/bordes.css HTTP/1.1" 404 1254
172.22.2.4 - - [22/May/2023:20:45:15 -0500] "GET /BLA/boletinlegal/js/jquery.js HTTP/1.1" 200 57254
172.22.2.4 - - [22/May/2023:20:45:15 -0500] "GET /BLA/boletinlegal/js/jquery.scrollTo-min.js HTTP/1.1" 200 1150
172.22.2.4 - - [22/May/2023:20:45:15 -0500] "GET /BLA/boletinlegal/js/jquery.scrollShow.js HTTP/1.1" 200 4586
172.22.2.4 - - [22/May/2023:20:45:15 -0500] "GET /BLA/boletinlegal/images/arr_l.jpg HTTP/1.1" 200 1979
172.22.2.4 - - [22/May/2023:20:45:15 -0500] "GET /BLA/boletinlegal/images/screen_1.png HTTP/1.1" 200 202547
172.22.2.4 - - [22/May/2023:20:45:15 -0500] "GET /BLA/boletinlegal/images/launch.jpg HTTP/1.1" 200 14577
172.22.2.4 - - [22/May/2023:20:45:17 -0500] "GET /BLA/boletinlegal/actos.php HTTP/1.1" 200 9682
186.170.72.156 - - [22/May/2023:20:45:22 -0500] "GET /BLA/resoluciones/ HTTP/1.1" 200 13502
152.203.251.43 - - [22/May/2023:20:45:28 -0500] "GET /BLA/resoluciones/ HTTP/1.1" 200 13502
186.170.72.156 - - [22/May/2023:20:45:29 -0500] "GET /BLA/resoluciones/index.php?dir=AUTOS+2019%2F HTTP/1.1" 200 378368
152.203.251.43 - - [22/May/2023:20:45:30 -0500] "GET /BLA/resoluciones/index.php?dir=AUTOS+2015%2F HTTP/1.1" 200 582049
172.22.2.4 - - [22/May/2023:20:45:15 -0500] "GET /BLA/boletinlegal/ HTTP/1.1" 200 24523
172.22.2.4 - - [22/May/2023:20:45:54 -0500] "GET /BLA/boletinlegal/consulta_actos.php?tipo=resoluciones&no=1414&usuario=&sector=&fecha=2019&resuelve= HTTP/1.1" 200 626
216.245.221.92 - - [22/May/2023:20:45:56 -0500] "HEAD / HTTP/1.1" 200 -
172.22.2.4 - - [22/May/2023:20:46:02 -0500] "GET /BLA/boletinlegal/consulta_actos.php?tipo=autos&no=3115&usuario=&sector=&fecha=2019&resuelve= HTTP/1.1" 200 1375
179.32.142.83 - - [22/May/2023:20:46:08 -0500] "GET /BLA/resoluciones/AUTOS%202019/3115.pdf HTTP/1.1" 200 254498
201.245.192.253 - - [22/May/2023:20:46:37 -0500] "POST /kwsrmcab/Wsrmcab  HTTP/1.1" 200 43978
172.22.2.4 - - [22/May/2023:20:46:50 -0500] "GET /BLA/boletinlegal/consulta_actos.php?tipo=resoluciones&no=3115&usuario=&sector=&fecha=2019&resuelve= HTTP/1.1" 200 1161
179.32.142.83 - - [22/May/2023:20:46:53 -0500] "GET /BLA/resoluciones/RESOLUCIONES%202019/3115.pdf HTTP/1.1" 200 600763
172.22.2.4 - - [22/May/2023:20:45:59 -0500] "HEAD /BLA/boletinlegal/ HTTP/1.1" 200 -
172.22.2.4 - - [22/May/2023:20:46:49 -0500] "GET /BLA/boletinlegal/ HTTP/1.1" 200 57151
216.245.221.92 - - [22/May/2023:20:50:56 -0500] "HEAD / HTTP/1.1" 200 -
201.245.192.253 - - [22/May/2023:20:51:36 -0500] "POST /kwsrmcab/Wsrmcab  HTTP/1.1" 200 43978
172.22.2.4 - - [22/May/2023:20:51:49 -0500] "HEAD /BLA/boletinlegal/ HTTP/1.1" 200 -
69.171.231.112 - - [22/May/2023:20:53:46 -0500] "GET /en-el-dia-mundial-de-la-educacion-ambiental-bogota-condecora-a-docentes-lideres-artistas-organizaciones-y-empresas.html HTTP/1.1" 206 1075
40.77.167.97 - - [22/May/2023:20:54:05 -0500] "GET /BLA/resoluciones/RESOLUCIONES%202010/2605.pdf HTTP/1.1" 304 -
172.22.2.4 - - [22/May/2023:20:52:39 -0500] "GET /BLA/boletinlegal/ HTTP/1.1" 200 57561
52.167.144.173 - - [22/May/2023:20:54:22 -0500] "GET /images/pieza-reciclaton-findesemana-febrero-15.jpg HTTP/1.1" 200 35558
172.22.2.4 - - [22/May/2023:20:55:11 -0500] "GET /BLA/boletinlegal/actos.php HTTP/1.1" 200 9682
172.22.2.4 - - [22/May/2023:20:55:27 -0500] "GET /BLA/boletinlegal/consulta_actos.php?tipo=resoluciones&no=0287&usuario=&sector=&fecha=2023&resuelve= HTTP/1.1" 200 1098
191.156.190.7 - - [22/May/2023:20:55:31 -0500] "GET /BLA/resoluciones/RESOLUCIONES%202023/0287.pdf HTTP/1.1" 200 493184
172.22.2.4 - - [22/May/2023:20:55:07 -0500] "GET /BLA/boletinlegal/ HTTP/1.1" 200 24523
216.245.221.92 - - [22/May/2023:20:55:56 -0500] "HEAD / HTTP/1.1" 200 -
201.245.192.253 - - [22/May/2023:20:56:35 -0500] "POST /kwsrmcab/Wsrmcab  HTTP/1.1" 200 43978
186.170.72.156 - - [22/May/2023:20:57:00 -0500] "GET /BLA/resoluciones/index.php?dir=AUTOS+2019%2F HTTP/1.1" 200 378368
186.170.72.156 - - [22/May/2023:20:57:08 -0500] "GET /BLA/resoluciones/AUTOS%202019/2084.pdf HTTP/1.1" 200 363363
181.54.228.54 - - [22/May/2023:20:57:23 -0500] "GET /BLA/resoluciones/ HTTP/1.1" 200 13502
181.54.228.54 - - [22/May/2023:20:57:23 -0500] "GET /BLA/resoluciones/dlf/folder.png HTTP/1.1" 200 410
181.54.228.54 - - [22/May/2023:20:57:25 -0500] "GET /BLA/resoluciones/dlf/unknown.png HTTP/1.1" 200 266
181.54.228.54 - - [22/May/2023:20:57:24 -0500] "GET /BLA/resoluciones/index.php?dir=AUTOS+2021%2F HTTP/1.1" 200 397891
200.119.151.213 - - [22/May/2023:20:57:45 -0500] "GET /galeria/galeria/jquery.fancybox.css?v=2.1.5 HTTP/1.1" 200 4895
200.119.151.213 - - [22/May/2023:20:57:45 -0500] "GET /BLA/boletinlegal/js/jquery.scrollShow.js HTTP/1.1" 200 4586
200.119.151.213 - - [22/May/2023:20:57:45 -0500] "GET /galeria/galeria/jquery.fancybox.js?v=2.1.5 HTTP/1.1" 200 48706
40.77.167.97 - - [22/May/2023:20:58:14 -0500] "GET /BLA/resoluciones/AUTOS%202014/1388.pdf HTTP/1.1" 200 774352
157.55.39.210 - - [22/May/2023:20:59:00 -0500] "GET /BLA/resoluciones/RESOLUCIONES%202017/2824.pdf HTTP/1.1" 304 -
172.22.2.4 - - [22/May/2023:20:57:38 -0500] "HEAD /BLA/boletinlegal/ HTTP/1.1" 200 -
172.22.2.4 - - [22/May/2023:20:59:36 -0500] "GET /BLA/boletinlegal/jurisprudencia/analisis/analisis%20C-595-2010.doc HTTP/1.1" 200 39424
17.246.15.215 - - [22/May/2023:20:59:50 -0500] "-" 408 -
172.22.2.4 - - [22/May/2023:20:58:29 -0500] "GET /BLA/boletinlegal/ HTTP/1.1" 200 57561
216.245.221.92 - - [22/May/2023:21:00:56 -0500] "HEAD / HTTP/1.1" 200 -
207.46.13.216 - - [22/May/2023:21:01:10 -0500] "GET /BLA/boletinlegal/Circulares/2010/Circular%2006%20de%208%20de%20septiembre%20de%202010.pdf HTTP/1.1" 200 4657752
40.77.167.146 - - [22/May/2023:21:01:15 -0500] "GET /BLA/resoluciones/AUTOS%202021/2700.pdf HTTP/1.1" 304 -
201.245.192.253 - - [22/May/2023:21:01:34 -0500] "POST /kwsrmcab/Wsrmcab  HTTP/1.1" 200 43978
157.55.39.210 - - [22/May/2023:21:04:28 -0500] "GET /Publicaciones/2022EE27013.pdf HTTP/1.1" 404 227
172.22.2.4 - - [22/May/2023:21:03:28 -0500] "HEAD /BLA/boletinlegal/ HTTP/1.1" 200 -
216.245.221.92 - - [22/May/2023:21:05:56 -0500] "HEAD / HTTP/1.1" 200 -
172.22.2.4 - - [22/May/2023:21:04:19 -0500] "GET /BLA/boletinlegal/ HTTP/1.1" 200 57151
201.245.192.253 - - [22/May/2023:21:06:32 -0500] "POST /kwsrmcab/Wsrmcab  HTTP/1.1" 200 43978
172.22.2.4 - - [22/May/2023:21:06:42 -0500] "GET /BLA/boletinlegal/actos.php HTTP/1.1" 200 9682
172.22.2.4 - - [22/May/2023:21:06:42 -0500] "GET /BLA/boletinlegal/styles2.css HTTP/1.1" 200 1838
172.22.2.4 - - [22/May/2023:21:06:42 -0500] "GET /BLA/boletinlegal/js/ajax_actos.js HTTP/1.1" 200 1322
172.22.2.4 - - [22/May/2023:21:06:42 -0500] "GET /BLA/boletinlegal/niceforms-default.css HTTP/1.1" 200 6694
172.22.2.4 - - [22/May/2023:21:06:42 -0500] "GET /BLA/boletinlegal/style.css HTTP/1.1" 200 9406
172.22.2.4 - - [22/May/2023:21:06:43 -0500] "GET /BLA/boletinlegal/niceforms.js HTTP/1.1" 200 22876
172.22.2.4 - - [22/May/2023:21:06:43 -0500] "GET /BLA/boletinlegal/js/lib.js HTTP/1.1" 200 6474
172.22.2.4 - - [22/May/2023:21:06:43 -0500] "GET /BLA/boletinlegal/js/popup.js HTTP/1.1" 200 1270
172.22.2.4 - - [22/May/2023:21:06:43 -0500] "GET /BLA/boletinlegal/js/jquery1.js HTTP/1.1" 200 29846
172.22.2.4 - - [22/May/2023:21:06:43 -0500] "GET /BLA/boletinlegal/images/cabezote%20BLEGAL.jpg HTTP/1.1" 200 118164
172.22.2.4 - - [22/May/2023:21:06:43 -0500] "GET /BLA/boletinlegal/images/green-yellow-blue-pink-th.png HTTP/1.1" 200 7394
172.22.2.4 - - [22/May/2023:21:06:43 -0500] "GET /BLA/boletinlegal/images/subscribe-icon-big.png HTTP/1.1" 200 47702
172.22.2.4 - - [22/May/2023:21:06:43 -0500] "GET /BLA/boletinlegal/images/historia.png HTTP/1.1" 200 52775
172.22.2.4 - - [22/May/2023:21:06:43 -0500] "GET /BLA/boletinlegal/images/tel.png HTTP/1.1" 200 14477
172.22.2.4 - - [22/May/2023:21:06:43 -0500] "GET /BLA/boletinlegal/images/registro-usuarios.png HTTP/1.1" 200 8106
172.22.2.4 - - [22/May/2023:21:06:43 -0500] "GET /BLA/boletinlegal/images/icono-email.png HTTP/1.1" 200 5544
172.22.2.4 - - [22/May/2023:21:06:43 -0500] "GET /BLA/boletinlegal/images/body_bg.jpg HTTP/1.1" 200 1601
172.22.2.4 - - [22/May/2023:21:06:43 -0500] "GET /BLA/boletinlegal/images/footer_bg.jpg HTTP/1.1" 200 586
172.22.2.4 - - [22/May/2023:21:06:43 -0500] "GET /BLA/boletinlegal/images/menu_rght.gif HTTP/1.1" 200 1627
