186.30.125.254 - - [22/May/2023:11:26:34 -0500] "GET /sipse/faces/javax.faces.resource/layout/layout.js?ln=primefaces&v=4.0 HTTP/1.1" 304 -
186.30.125.254 - - [22/May/2023:11:26:34 -0500] "GET /sipse/faces/javax.faces.resource/jquery/jquery.js?ln=primefaces&v=4.0 HTTP/1.1" 304 -
186.30.125.254 - - [22/May/2023:11:26:34 -0500] "GET /sipse/css/custom_css_sg_prime_login.css HTTP/1.1" 304 -
186.30.125.254 - - [22/May/2023:11:26:34 -0500] "GET /sipse/css/imagen/loginimg.png HTTP/1.1" 304 -
186.30.125.254 - - [22/May/2023:11:26:34 -0500] "GET /sipse/css/imagen/logoSDG.png HTTP/1.1" 304 -
186.30.125.254 - - [22/May/2023:11:26:34 -0500] "GET /sipse/faces/javax.faces.resource/images/ui-icons_898989_256x240.png?ln=primefaces-aristo HTTP/1.1" 304 -
186.30.125.254 - - [22/May/2023:11:26:50 -0500] "POST /sipse/faces/autenticacion.xhtml HTTP/1.1" 200 2224
186.30.125.254 - - [22/May/2023:11:26:50 -0500] "GET /sipse/faces/javax.faces.resource/messages/messages.png?ln=primefaces&v=4.0 HTTP/1.1" 304 -
186.30.125.254 - - [22/May/2023:11:26:51 -0500] "POST /sipse/faces/autenticacion.xhtml HTTP/1.1" 200 16359
186.30.125.254 - - [22/May/2023:11:26:51 -0500] "GET /sipse/css/custom_css_sg_prime.css HTTP/1.1" 304 -
186.30.125.254 - - [22/May/2023:11:26:51 -0500] "GET /sipse/faces/javax.faces.resource/theme.css?ln=primefaces-sipse HTTP/1.1" 304 -
186.30.125.254 - - [22/May/2023:11:26:51 -0500] "GET /sipse/js/jquery.min.js HTTP/1.1" 304 -
186.30.125.254 - - [22/May/2023:11:26:51 -0500] "GET /sipse/faces/javax.faces.resource/layout/layout.css?ln=primefaces&v=4.0 HTTP/1.1" 304 -
186.30.125.254 - - [22/May/2023:11:26:51 -0500] "GET /sipse/faces/javax.faces.resource/primefaces.css?ln=primefaces&v=4.0 HTTP/1.1" 304 -
186.30.125.254 - - [22/May/2023:11:26:51 -0500] "GET /sipse/faces/javax.faces.resource/jquery/jquery.js?ln=primefaces&v=4.0 HTTP/1.1" 304 -
186.30.125.254 - - [22/May/2023:11:26:51 -0500] "GET /sipse/faces/javax.faces.resource/jquery/jquery-plugins.js?ln=primefaces&v=4.0 HTTP/1.1" 304 -
186.30.125.254 - - [22/May/2023:11:26:51 -0500] "GET /sipse/faces/javax.faces.resource/primefaces.js?ln=primefaces&v=4.0 HTTP/1.1" 304 -
186.30.125.254 - - [22/May/2023:11:26:51 -0500] "GET /sipse/faces/javax.faces.resource/layout/layout.js?ln=primefaces&v=4.0 HTTP/1.1" 304 -
186.30.125.254 - - [22/May/2023:11:26:51 -0500] "GET /sipse/css/imagen/contrasena.png HTTP/1.1" 404 383
186.30.125.254 - - [22/May/2023:11:26:51 -0500] "GET /sipse/imagenes/cargando.gif HTTP/1.1" 304 -
186.30.125.254 - - [22/May/2023:11:26:51 -0500] "GET /sipse/imagenes/logoAplicacion.jpg HTTP/1.1" 304 -
186.30.125.254 - - [22/May/2023:11:26:54 -0500] "GET /sipse/faces/javax.faces.resource/images/ui-bg_flat_0_2d5972_40x100.png?ln=primefaces-aristo HTTP/1.1" 304 -
186.30.125.254 - - [22/May/2023:11:26:54 -0500] "POST /sipse/faces/bienvenido.xhtml HTTP/1.1" 200 2073
186.30.125.254 - - [22/May/2023:11:26:55 -0500] "POST /sipse/faces/bienvenido.xhtml HTTP/1.1" 200 39100
186.30.125.254 - - [22/May/2023:11:26:55 -0500] "GET /sipse/faces/javax.faces.resource/theme.css?ln=primefaces-sipse HTTP/1.1" 304 -
186.30.125.254 - - [22/May/2023:11:26:55 -0500] "GET /sipse/faces/javax.faces.resource/primefaces.css?ln=primefaces&v=4.0 HTTP/1.1" 304 -
186.30.125.254 - - [22/May/2023:11:26:55 -0500] "GET /sipse/faces/javax.faces.resource/layout/layout.css?ln=primefaces&v=4.0 HTTP/1.1" 304 -
186.30.125.254 - - [22/May/2023:11:26:55 -0500] "GET /sipse/faces/javax.faces.resource/jquery/jquery.js?ln=primefaces&v=4.0 HTTP/1.1" 304 -
186.30.125.254 - - [22/May/2023:11:26:55 -0500] "GET /sipse/faces/javax.faces.resource/jquery/jquery-plugins.js?ln=primefaces&v=4.0 HTTP/1.1" 304 -
186.30.125.254 - - [22/May/2023:11:26:55 -0500] "GET /sipse/faces/javax.faces.resource/primefaces.js?ln=primefaces&v=4.0 HTTP/1.1" 304 -
186.30.125.254 - - [22/May/2023:11:26:55 -0500] "GET /sipse/faces/javax.faces.resource/layout/layout.js?ln=primefaces&v=4.0 HTTP/1.1" 304 -
186.30.125.254 - - [22/May/2023:11:26:59 -0500] "POST /sipse/faces/presentacion/financiero/solicitudProceso/consultar.xhtml HTTP/1.1" 200 12957
186.30.125.254 - - [22/May/2023:11:27:03 -0500] "POST /sipse/faces/presentacion/financiero/solicitudProceso/consultar.xhtml HTTP/1.1" 200 146412
186.30.125.254 - - [22/May/2023:11:27:04 -0500] "GET /sipse/faces/javax.faces.resource/primefaces.css?ln=primefaces&v=4.0 HTTP/1.1" 304 -
186.30.125.254 - - [22/May/2023:11:27:04 -0500] "GET /sipse/faces/javax.faces.resource/theme.css?ln=primefaces-sipse HTTP/1.1" 304 -
186.30.125.254 - - [22/May/2023:11:27:04 -0500] "GET /sipse/faces/javax.faces.resource/layout/layout.css?ln=primefaces&v=4.0 HTTP/1.1" 304 -
186.30.125.254 - - [22/May/2023:11:27:04 -0500] "GET /sipse/faces/javax.faces.resource/jquery/jquery.js?ln=primefaces&v=4.0 HTTP/1.1" 304 -
186.30.125.254 - - [22/May/2023:11:27:04 -0500] "GET /sipse/faces/javax.faces.resource/jquery/jquery-plugins.js?ln=primefaces&v=4.0 HTTP/1.1" 304 -
186.30.125.254 - - [22/May/2023:11:27:04 -0500] "GET /sipse/faces/javax.faces.resource/primefaces.js?ln=primefaces&v=4.0 HTTP/1.1" 304 -
186.30.125.254 - - [22/May/2023:11:27:04 -0500] "GET /sipse/faces/javax.faces.resource/layout/layout.js?ln=primefaces&v=4.0 HTTP/1.1" 304 -
186.30.125.254 - - [22/May/2023:11:27:12 -0500] "POST /sipse/faces/presentacion/financiero/solicitudProceso/consultarSolicitudProceso.xhtml HTTP/1.1" 200 41382
186.30.125.254 - - [22/May/2023:11:27:13 -0500] "GET /sipse/faces/javax.faces.resource/theme.css?ln=primefaces-sipse HTTP/1.1" 304 -
186.30.125.254 - - [22/May/2023:11:27:13 -0500] "GET /sipse/faces/javax.faces.resource/layout/layout.css?ln=primefaces&v=4.0 HTTP/1.1" 304 -
186.30.125.254 - - [22/May/2023:11:27:13 -0500] "GET /sipse/faces/javax.faces.resource/primefaces.css?ln=primefaces&v=4.0 HTTP/1.1" 304 -
186.30.125.254 - - [22/May/2023:11:27:13 -0500] "GET /sipse/faces/javax.faces.resource/jquery/jquery.js?ln=primefaces&v=4.0 HTTP/1.1" 304 -
186.30.125.254 - - [22/May/2023:11:27:13 -0500] "GET /sipse/faces/javax.faces.resource/primefaces.js?ln=primefaces&v=4.0 HTTP/1.1" 304 -
186.30.125.254 - - [22/May/2023:11:27:13 -0500] "GET /sipse/faces/javax.faces.resource/jquery/jquery-plugins.js?ln=primefaces&v=4.0 HTTP/1.1" 304 -
186.30.125.254 - - [22/May/2023:11:27:13 -0500] "GET /sipse/faces/javax.faces.resource/layout/layout.js?ln=primefaces&v=4.0 HTTP/1.1" 304 -
172.22.2.4 - - [22/May/2023:11:25:51 -0500] "HEAD /BLA/boletinlegal/ HTTP/1.1" 200 -
66.249.66.84 - - [22/May/2023:11:27:47 -0500] "-" 408 -
172.22.2.4 - - [22/May/2023:11:26:41 -0500] "GET /BLA/boletinlegal/ HTTP/1.1" 200 59306
201.245.192.253 - - [22/May/2023:11:28:39 -0500] "POST /kwsrmcab/Wsrmcab  HTTP/1.1" 200 43978
201.245.192.253 - - [22/May/2023:11:29:30 -0500] "POST /kwsrmcab/Wsrmcab HTTP/1.1" 200 41897
201.245.192.253 - - [22/May/2023:11:29:33 -0500] "POST /kwsrmcab/Wsrmcab HTTP/1.1" 200 43691
216.245.221.92 - - [22/May/2023:11:30:58 -0500] "HEAD / HTTP/1.1" 200 -
213.204.198.154 - - [22/May/2023:11:31:36 -0500] "GET / HTTP/1.1" 200 319
172.22.2.4 - - [22/May/2023:11:31:41 -0500] "HEAD /BLA/boletinlegal/ HTTP/1.1" 200 -
66.249.66.84 - - [22/May/2023:11:33:38 -0500] "-" 408 -
201.245.192.253 - - [22/May/2023:11:33:38 -0500] "POST /kwsrmcab/Wsrmcab  HTTP/1.1" 200 43978
172.22.2.4 - - [22/May/2023:11:32:31 -0500] "GET /BLA/boletinlegal/ HTTP/1.1" 200 59306
216.245.221.92 - - [22/May/2023:11:35:58 -0500] "HEAD / HTTP/1.1" 200 -
89.178.157.232 - - [22/May/2023:11:36:03 -0500] "GET /portaldeninos/ HTTP/1.1" 200 110197
181.50.63.188 - - [22/May/2023:11:36:10 -0500] "GET /galeria/galeria/jquery.fancybox.css?v=2.1.5 HTTP/1.1" 200 4895
181.50.63.188 - - [22/May/2023:11:36:10 -0500] "GET /BLA/boletinlegal/js/jquery.scrollShow.js HTTP/1.1" 200 4586
181.50.63.188 - - [22/May/2023:11:36:10 -0500] "GET /galeria/galeria/jquery.fancybox.js?v=2.1.5 HTTP/1.1" 200 48706
172.22.2.4 - - [22/May/2023:11:36:05 -0500] "GET /BLA/boletinlegal/ HTTP/1.1" 200 24523
186.170.72.156 - - [22/May/2023:11:38:25 -0500] "GET /BLA/resoluciones/dlf/archive.png HTTP/1.1" 200 632
186.170.72.156 - - [22/May/2023:11:38:19 -0500] "GET /BLA/resoluciones/index.php?dir=AUTOS+2019%2F HTTP/1.1" 200 378368
201.245.192.253 - - [22/May/2023:11:38:37 -0500] "POST /kwsrmcab/Wsrmcab  HTTP/1.1" 200 43978
172.22.2.4 - - [22/May/2023:11:37:31 -0500] "HEAD /BLA/boletinlegal/ HTTP/1.1" 200 -
66.249.66.84 - - [22/May/2023:11:39:22 -0500] "-" 408 -
201.245.192.253 - - [22/May/2023:11:39:30 -0500] "GET /kwsrmcab/Wsrmcab?wsdl HTTP/1.1" 200 6948
201.245.192.253 - - [22/May/2023:11:39:30 -0500] "POST /kwsrmcab/Wsrmcab HTTP/1.1" 200 41897
201.245.192.253 - - [22/May/2023:11:39:32 -0500] "POST /kwsrmcab/Wsrmcab HTTP/1.1" 200 43691
172.22.2.4 - - [22/May/2023:11:38:21 -0500] "GET /BLA/boletinlegal/ HTTP/1.1" 200 53924
216.245.221.92 - - [22/May/2023:11:40:58 -0500] "HEAD / HTTP/1.1" 200 -
40.77.167.97 - - [22/May/2023:11:41:43 -0500] "GET /galeria/galeria/jquery.fancybox.js?v=2.1.5 HTTP/1.1" 200 48706
40.77.167.146 - - [22/May/2023:11:41:47 -0500] "GET /BLA/boletinlegal/js/jquery.scrollShow.js HTTP/1.1" 200 4586
40.77.167.146 - - [22/May/2023:11:41:47 -0500] "GET /galeria/galeria/jquery.fancybox.css?v=2.1.5 HTTP/1.1" 200 4895
157.55.39.210 - - [22/May/2023:11:42:46 -0500] "GET /BLA/resoluciones/AUTOS%202021/0446.pdf HTTP/1.1" 304 -
66.249.79.134 - - [22/May/2023:11:43:11 -0500] "-" 408 -
66.249.66.84 - - [22/May/2023:11:43:28 -0500] "-" 408 -
201.245.192.253 - - [22/May/2023:11:43:36 -0500] "POST /kwsrmcab/Wsrmcab  HTTP/1.1" 200 43978
181.50.63.188 - - [22/May/2023:11:44:25 -0500] "GET /galeria/carrusel/Carrusel/jquery.thumbnailScroller.css HTTP/1.1" 200 2066
181.50.63.188 - - [22/May/2023:11:44:25 -0500] "GET /galeria/carrusel/Carrusel/jquery-ui-1.8.13.custom.min.js HTTP/1.1" 200 10800
181.50.63.188 - - [22/May/2023:11:44:25 -0500] "GET /galeria/carrusel/Carrusel/jquery.thumbnailScroller.js HTTP/1.1" 200 8157
181.50.63.188 - - [22/May/2023:11:44:28 -0500] "GET /galeria/nivo-slider/demo/banner.html HTTP/1.1" 200 5446
181.50.63.188 - - [22/May/2023:11:44:28 -0500] "GET /galeria/nivo-slider/themes/default/default.css HTTP/1.1" 200 1569
181.50.63.188 - - [22/May/2023:11:44:28 -0500] "GET /galeria/nivo-slider/demo/scripts/jquery-1.7.1.min.js HTTP/1.1" 200 93868
181.50.63.188 - - [22/May/2023:11:44:28 -0500] "GET /galeria/nivo-slider/themes/orman/orman.css HTTP/1.1" 200 2152
181.50.63.188 - - [22/May/2023:11:44:28 -0500] "GET /galeria/nivo-slider/themes/pascal/pascal.css HTTP/1.1" 200 2258
181.50.63.188 - - [22/May/2023:11:44:28 -0500] "GET /galeria/nivo-slider/nivo-slider.css HTTP/1.1" 200 1507
181.50.63.188 - - [22/May/2023:11:44:28 -0500] "GET /galeria/nivo-slider/demo/style.css HTTP/1.1" 200 2222
181.50.63.188 - - [22/May/2023:11:44:28 -0500] "GET /galeria/nivo-slider/themes/default/loading.gif HTTP/1.1" 200 1737
181.50.63.188 - - [22/May/2023:11:44:28 -0500] "GET /galeria/nivo-slider/demo/images/bannertortuga_optimized.jpg HTTP/1.1" 200 39066
181.50.63.188 - - [22/May/2023:11:44:28 -0500] "GET /galeria/nivo-slider/demo/images/Bannermujeresquereverdecen.jpg HTTP/1.1" 200 46558
181.50.63.188 - - [22/May/2023:11:44:28 -0500] "GET /galeria/nivo-slider/jquery.nivo.slider.pack.js HTTP/1.1" 200 11561
181.50.63.188 - - [22/May/2023:11:44:28 -0500] "GET /galeria/nivo-slider/demo/images/bannertrafico_optimized.jpg HTTP/1.1" 200 42578
181.50.63.188 - - [22/May/2023:11:44:28 -0500] "GET /galeria/nivo-slider/demo/images/Bannersedeelectronica.jpg HTTP/1.1" 200 40383
181.50.63.188 - - [22/May/2023:11:44:28 -0500] "GET /galeria/nivo-slider/demo/images/bannerrutaesperanza.jpg HTTP/1.1" 200 55560
181.50.63.188 - - [22/May/2023:11:44:28 -0500] "GET /galeria/nivo-slider/demo/images/banneraire2021.jpg HTTP/1.1" 200 265101
181.50.63.188 - - [22/May/2023:11:44:28 -0500] "GET /galeria/nivo-slider/demo/images/Bannerplasticosseptiembre.jpg HTTP/1.1" 200 45633
181.50.63.188 - - [22/May/2023:11:44:28 -0500] "GET /galeria/nivo-slider/demo/images/bannerresiduoshospitalariosagosto.jpg HTTP/1.1" 200 36499
181.50.63.188 - - [22/May/2023:11:44:28 -0500] "GET /galeria/nivo-slider/demo/images/banneraccionpopularcrr68.jpg HTTP/1.1" 200 51887
181.50.63.188 - - [22/May/2023:11:44:28 -0500] "GET /galeria/nivo-slider/demo/images/banneraccionpopular.jpeg HTTP/1.1" 200 41707
181.50.63.188 - - [22/May/2023:11:44:29 -0500] "GET /galeria/nivo-slider/demo/images/bannerclases2021.jpg HTTP/1.1" 200 68230
181.50.63.188 - - [22/May/2023:11:44:29 -0500] "GET /galeria/nivo-slider/demo/images/bannercapacitacionesbogota.jpg HTTP/1.1" 200 42416
181.50.63.188 - - [22/May/2023:11:44:29 -0500] "GET /galeria/nivo-slider/demo/images/Bannerenvases.jpg HTTP/1.1" 200 37316
181.50.63.188 - - [22/May/2023:11:44:29 -0500] "GET /galeria/nivo-slider/demo/images/Bannervirtualescanales.jpg HTTP/1.1" 200 174544
181.50.63.188 - - [22/May/2023:11:44:30 -0500] "GET /galeria/nivo-slider/demo/images/4Simple_Slider.png HTTP/1.1" 200 11722
181.50.63.188 - - [22/May/2023:11:44:31 -0500] "GET /galeria/nivo-slider/themes/default/arrows.png HTTP/1.1" 200 824
181.50.63.188 - - [22/May/2023:11:44:31 -0500] "GET /galeria/nivo-slider/themes/default/bullets.png HTTP/1.1" 200 1281
173.252.83.17 - - [22/May/2023:11:44:46 -0500] "GET /images/negocios-verdes-mayo-2022.jpg HTTP/1.1" 200 48000
172.22.2.4 - - [22/May/2023:11:43:21 -0500] "HEAD /BLA/boletinlegal/ HTTP/1.1" 200 -
172.22.2.4 - - [22/May/2023:11:45:04 -0500] "GET /BLA/boletinlegal/Circulares/2013/Circular%20No.%203%20del%2005%20de%20abril%20de%202013.pdf HTTP/1.1" 304 -
172.22.2.4 - - [22/May/2023:11:45:46 -0500] "GET /BLA/boletinlegal/consulta_actos.php?tipo=autos&no=4664&usuario=&sector=&fecha=2019&resuelve= HTTP/1.1" 200 1313
179.32.142.83 - - [22/May/2023:11:45:48 -0500] "GET /BLA/resoluciones/AUTOS%202019/4664.pdf HTTP/1.1" 200 313319
172.22.2.4 - - [22/May/2023:11:44:11 -0500] "GET /BLA/boletinlegal/ HTTP/1.1" 200 52730
216.245.221.92 - - [22/May/2023:11:45:58 -0500] "HEAD / HTTP/1.1" 200 -
40.77.167.97 - - [22/May/2023:11:46:15 -0500] "GET /BLA/resoluciones/RESOLUCIONES%202008/0923.pdf HTTP/1.1" 304 -
186.29.181.212 - - [22/May/2023:11:47:19 -0500] "GET /BLA/resoluciones/index.php?dir=AUTOS+2017%2F HTTP/1.1" 200 469299
157.55.39.210 - - [22/May/2023:11:47:57 -0500] "GET /BLA/resoluciones/AUTOS%202021/2665.pdf HTTP/1.1" 304 -
201.245.192.253 - - [22/May/2023:11:48:35 -0500] "POST /kwsrmcab/Wsrmcab  HTTP/1.1" 200 43978
66.249.66.84 - - [22/May/2023:11:49:30 -0500] "-" 408 -
40.77.167.97 - - [22/May/2023:11:50:15 -0500] "GET /BLA/resoluciones/AUTOS%202018/0329.pdf HTTP/1.1" 200 275070
172.22.2.4 - - [22/May/2023:11:50:30 -0500] "GET /BLA/boletinlegal/consulta_actos.php?tipo=resoluciones&no=1917&usuario=&sector=&fecha=2021&resuelve= HTTP/1.1" 200 1272
179.32.142.83 - - [22/May/2023:11:50:35 -0500] "GET /BLA/resoluciones/RESOLUCIONES%202021/1917.pdf HTTP/1.1" 200 928590
172.22.2.4 - - [22/May/2023:11:49:11 -0500] "HEAD /BLA/boletinlegal/ HTTP/1.1" 200 -
186.30.82.21 - - [22/May/2023:11:50:57 -0500] "GET /BLA/resoluciones/RESOLUCIONES%202022/4519.pdf HTTP/1.1" 200 941131
216.245.221.92 - - [22/May/2023:11:50:58 -0500] "HEAD / HTTP/1.1" 200 -
172.22.2.4 - - [22/May/2023:11:50:07 -0500] "GET /BLA/boletinlegal/ HTTP/1.1" 200 59656
201.245.192.253 - - [22/May/2023:11:53:33 -0500] "POST /kwsrmcab/Wsrmcab  HTTP/1.1" 200 43978
172.22.2.4 - - [22/May/2023:11:53:58 -0500] "GET /BLA/boletinlegal/Circulares/2010/Circular%2006%20de%208%20de%20septiembre%20de%202010.pdf HTTP/1.1" 200 4657752
172.22.2.4 - - [22/May/2023:11:53:58 -0500] "GET /BLA/boletinlegal/favicon.ico HTTP/1.1" 404 1384
200.119.59.226 - - [22/May/2023:11:55:29 -0500] "GET /postulate-al-programa-de-mujeres-por-el-cambio-climatico-en-bogota.html HTTP/1.1" 200 856
66.249.66.84 - - [22/May/2023:11:55:37 -0500] "-" 408 -
216.245.221.92 - - [22/May/2023:11:55:58 -0500] "HEAD / HTTP/1.1" 200 -
40.77.167.97 - - [22/May/2023:11:56:26 -0500] "GET /BLA/resoluciones/AUTOS%202021/6401.pdf HTTP/1.1" 304 -
172.22.2.4 - - [22/May/2023:11:55:07 -0500] "HEAD /BLA/boletinlegal/ HTTP/1.1" 200 -
172.22.2.4 - - [22/May/2023:11:55:57 -0500] "GET /BLA/boletinlegal/ HTTP/1.1" 200 52326
201.245.192.253 - - [22/May/2023:11:58:32 -0500] "POST /kwsrmcab/Wsrmcab  HTTP/1.1" 200 43978
172.22.2.4 - - [22/May/2023:11:58:54 -0500] "GET /BLA/boletinlegal/actos.php HTTP/1.1" 200 9682
172.22.2.4 - - [22/May/2023:11:58:55 -0500] "GET /BLA/boletinlegal/favicon.ico HTTP/1.1" 404 1326
181.56.64.186 - - [22/May/2023:11:59:10 -0500] "GET /BLA/resoluciones/ HTTP/1.1" 200 13502
181.56.64.186 - - [22/May/2023:11:59:14 -0500] "GET /BLA/resoluciones/index.php?dir=AUTOS+2016%2F HTTP/1.1" 200 329829
172.22.2.4 - - [22/May/2023:11:58:51 -0500] "GET /BLA/boletinlegal/ HTTP/1.1" 200 24523
181.56.64.186 - - [22/May/2023:11:59:54 -0500] "GET /BLA/resoluciones/AUTOS%202016/2279.pdf HTTP/1.1" 200 475073
172.22.2.4 - - [22/May/2023:12:00:33 -0500] "GET /BLA/boletinlegal/consulta_actos.php?tipo=resoluciones&no=3104&usuario=&sector=&fecha=2019&resuelve= HTTP/1.1" 200 1161
179.32.142.83 - - [22/May/2023:12:00:39 -0500] "GET /BLA/resoluciones/RESOLUCIONES%202019/3104.pdf HTTP/1.1" 200 650800
216.245.221.92 - - [22/May/2023:12:00:58 -0500] "HEAD / HTTP/1.1" 200 -
186.170.72.156 - - [22/May/2023:12:02:09 -0500] "GET /BLA/resoluciones/ HTTP/1.1" 200 13502
186.170.72.156 - - [22/May/2023:12:02:13 -0500] "GET /BLA/resoluciones/index.php?dir=AUTOS+2018%2F HTTP/1.1" 200 458615
172.22.2.4 - - [22/May/2023:12:00:57 -0500] "HEAD /BLA/boletinlegal/ HTTP/1.1" 200 -
186.170.72.156 - - [22/May/2023:12:02:40 -0500] "GET /BLA/resoluciones/index.php?dir=AUTOS+2019%2F HTTP/1.1" 200 378368
157.55.39.210 - - [22/May/2023:12:03:19 -0500] "GET /BLA/resoluciones/AUTOS%202013/2404.pdf HTTP/1.1" 200 1263321
172.22.2.4 - - [22/May/2023:12:01:47 -0500] "GET /BLA/boletinlegal/ HTTP/1.1" 200 56754
201.245.192.253 - - [22/May/2023:12:03:31 -0500] "POST /kwsrmcab/Wsrmcab  HTTP/1.1" 200 43978
156.59.196.10 - - [22/May/2023:12:05:07 -0500] "GET /portaldeninos/wp-content/uploads/2021/07/Parque-entrenubes.mp4 HTTP/1.1" 200 14621
216.245.221.92 - - [22/May/2023:12:05:58 -0500] "HEAD / HTTP/1.1" 200 -
66.249.66.84 - - [22/May/2023:12:06:17 -0500] "-" 408 -
191.156.146.73 - - [22/May/2023:12:06:31 -0500] "GET /BLA/boletinlegal/js/jquery.scrollShow.js HTTP/1.1" 200 4586
191.156.146.73 - - [22/May/2023:12:06:31 -0500] "GET /galeria/galeria/jquery.fancybox.css?v=2.1.5 HTTP/1.1" 200 4895
191.156.146.73 - - [22/May/2023:12:06:31 -0500] "GET /galeria/galeria/jquery.fancybox.js?v=2.1.5 HTTP/1.1" 200 48706
186.30.82.21 - - [22/May/2023:12:07:34 -0500] "GET /BLA/resoluciones/RESOLUCIONES%202022/4427.pdf HTTP/1.1" 200 579762
172.22.2.4 - - [22/May/2023:12:06:47 -0500] "HEAD /BLA/boletinlegal/ HTTP/1.1" 200 -
201.245.192.253 - - [22/May/2023:12:08:30 -0500] "POST /kwsrmcab/Wsrmcab  HTTP/1.1" 200 43978
186.29.181.212 - - [22/May/2023:12:08:37 -0500] "GET /BLA/resoluciones/index.php?dir=AUTOS+2018%2F HTTP/1.1" 200 458615
172.22.2.4 - - [22/May/2023:12:07:12 -0500] "GET /BLA/boletinlegal/ HTTP/1.1" 200 49141
172.22.2.4 - - [22/May/2023:12:08:53 -0500] "GET /BLA/boletinlegal/Circulares/2022/CIRCULAR%20No.%2000003%20DEL%2007%20DE%20MARZO%20DEL%202022.pdf HTTP/1.1" 304 -
172.22.2.4 - - [22/May/2023:12:07:37 -0500] "GET /BLA/boletinlegal/ HTTP/1.1" 200 51977
172.22.2.4 - - [22/May/2023:12:09:47 -0500] "GET /BLA/boletinlegal/normativa.php HTTP/1.1" 200 8343
66.249.79.134 - - [22/May/2023:12:10:06 -0500] "-" 408 -
172.22.2.4 - - [22/May/2023:12:10:08 -0500] "GET /BLA/boletinlegal/consulta_actos.php?tipo=autos&no=4666&usuario=&sector=&fecha=2019&resuelve= HTTP/1.1" 200 1313
179.32.142.83 - - [22/May/2023:12:10:12 -0500] "GET /BLA/resoluciones/AUTOS%202019/4666.pdf HTTP/1.1" 200 313564
186.170.72.156 - - [22/May/2023:12:10:51 -0500] "GET /BLA/resoluciones/index.php?dir=AUTOS+2019%2F HTTP/1.1" 200 378368
216.245.221.92 - - [22/May/2023:12:10:58 -0500] "HEAD / HTTP/1.1" 200 -
116.28.50.111 - - [22/May/2023:12:12:33 -0500] "-" 408 -
201.245.192.253 - - [22/May/2023:12:13:30 -0500] "POST /kwsrmcab/Wsrmcab  HTTP/1.1" 200 43978
172.22.2.4 - - [22/May/2023:12:12:37 -0500] "HEAD /BLA/boletinlegal/ HTTP/1.1" 200 -
172.22.2.4 - - [22/May/2023:12:14:27 -0500] "GET /BLA/boletinlegal/style.css HTTP/1.1" 200 9406
172.22.2.4 - - [22/May/2023:12:14:27 -0500] "GET /BLA/boletinlegal/styles2.css HTTP/1.1" 200 1838
172.22.2.4 - - [22/May/2023:12:14:27 -0500] "GET /BLA/boletinlegal/js/jquery.scrollTo-min.js HTTP/1.1" 200 1150
172.22.2.4 - - [22/May/2023:12:14:27 -0500] "GET /BLA/boletinlegal/js/jquery.js HTTP/1.1" 200 57254
172.22.2.4 - - [22/May/2023:12:14:27 -0500] "GET /BLA/boletinlegal/js/jquery.scrollShow.js HTTP/1.1" 200 4586
172.22.2.4 - - [22/May/2023:12:14:27 -0500] "GET /BLA/boletinlegal/images/cabezote%20BLEGAL.jpg HTTP/1.1" 200 118164
172.22.2.4 - - [22/May/2023:12:14:27 -0500] "GET /BLA/boletinlegal/images/subscribe-icon-big.png HTTP/1.1" 200 47702
172.22.2.4 - - [22/May/2023:12:14:27 -0500] "GET /BLA/boletinlegal/images/historia.png HTTP/1.1" 200 52775
172.22.2.4 - - [22/May/2023:12:14:27 -0500] "GET /BLA/boletinlegal/images/registro-usuarios.png HTTP/1.1" 200 8106
172.22.2.4 - - [22/May/2023:12:14:27 -0500] "GET /BLA/boletinlegal/images/launch.jpg HTTP/1.1" 200 14577
172.22.2.4 - - [22/May/2023:12:14:28 -0500] "GET /BLA/boletinlegal/images/menu_lft.gif HTTP/1.1" 200 1713
172.22.2.4 - - [22/May/2023:12:14:28 -0500] "GET /BLA/boletinlegal/images/menu_bg.jpg HTTP/1.1" 200 620
172.22.2.4 - - [22/May/2023:12:14:28 -0500] "GET /BLA/boletinlegal/images/text.jpg HTTP/1.1" 200 568
172.22.2.4 - - [22/May/2023:12:14:28 -0500] "GET /BLA/boletinlegal/images/arr_l.jpg HTTP/1.1" 200 1979
172.22.2.4 - - [22/May/2023:12:14:28 -0500] "GET /BLA/boletinlegal/images/menu_rght.gif HTTP/1.1" 200 1627
172.22.2.4 - - [22/May/2023:12:14:28 -0500] "GET /BLA/boletinlegal/images/hover.jpg HTTP/1.1" 200 640
172.22.2.4 - - [22/May/2023:12:14:28 -0500] "GET /BLA/boletinlegal/images/bg_top.jpg HTTP/1.1" 200 522
172.22.2.4 - - [22/May/2023:12:14:28 -0500] "GET /BLA/boletinlegal/images/body_bg.jpg HTTP/1.1" 200 1601
172.22.2.4 - - [22/May/2023:12:14:28 -0500] "GET /BLA/boletinlegal/images/screen_1.png HTTP/1.1" 200 202547
172.22.2.4 - - [22/May/2023:12:14:36 -0500] "GET /BLA/boletinlegal/normativa.php HTTP/1.1" 200 8343
172.22.2.4 - - [22/May/2023:12:14:36 -0500] "GET /BLA/boletinlegal/js/ajax_normativa.js HTTP/1.1" 200 1154
172.22.2.4 - - [22/May/2023:12:14:36 -0500] "GET /BLA/boletinlegal/niceforms-default.css HTTP/1.1" 200 6694
172.22.2.4 - - [22/May/2023:12:14:36 -0500] "GET /BLA/boletinlegal/images/tel.png HTTP/1.1" 200 14477
172.22.2.4 - - [22/May/2023:12:14:36 -0500] "GET /BLA/boletinlegal/niceforms.js HTTP/1.1" 200 22876
172.22.2.4 - - [22/May/2023:12:14:36 -0500] "GET /BLA/boletinlegal/images/footer_bg.jpg HTTP/1.1" 200 586
172.22.2.4 - - [22/May/2023:12:14:36 -0500] "GET /BLA/boletinlegal/images/icono-email.png HTTP/1.1" 200 5544
172.22.2.4 - - [22/May/2023:12:14:36 -0500] "GET /BLA/boletinlegal/images/footer_bg_l.jpg HTTP/1.1" 200 776
172.22.2.4 - - [22/May/2023:12:14:36 -0500] "GET /BLA/boletinlegal/img/0.png HTTP/1.1" 200 110
172.22.2.4 - - [22/May/2023:12:14:36 -0500] "GET /BLA/boletinlegal/img/select-right.png HTTP/1.1" 200 44019
172.22.2.4 - - [22/May/2023:12:14:36 -0500] "GET /BLA/boletinlegal/img/select-left.png HTTP/1.1" 200 263
172.22.2.4 - - [22/May/2023:12:14:36 -0500] "GET /BLA/boletinlegal/img/button-left.png HTTP/1.1" 200 57071
172.22.2.4 - - [22/May/2023:12:14:36 -0500] "GET /BLA/boletinlegal/favicon.ico HTTP/1.1" 404 1334
172.22.2.4 - - [22/May/2023:12:14:36 -0500] "GET /BLA/boletinlegal/img/button.png HTTP/1.1" 200 43241
172.22.2.4 - - [22/May/2023:12:14:36 -0500] "GET /BLA/boletinlegal/img/button-right.png HTTP/1.1" 200 57878
172.22.2.4 - - [22/May/2023:12:14:44 -0500] "GET /BLA/boletinlegal/consulta_normativa.php?tipo=&sector=Aire&ano=2022&resuelve= HTTP/1.1" 200 454
172.22.2.4 - - [22/May/2023:12:14:49 -0500] "GET /BLA/boletinlegal/consulta_normativa.php?tipo=&sector=competencia-estructura&ano=2022&resuelve= HTTP/1.1" 200 454
172.22.2.4 - - [22/May/2023:12:14:54 -0500] "GET /BLA/boletinlegal/consulta_normativa.php?tipo=&sector=competencia-estructura&ano=2022&resuelve= HTTP/1.1" 200 454
172.22.2.4 - - [22/May/2023:12:14:59 -0500] "GET /BLA/boletinlegal/consulta_normativa.php?tipo=&sector=emisiones&ano=2022&resuelve= HTTP/1.1" 200 454
172.22.2.4 - - [22/May/2023:12:15:05 -0500] "GET /BLA/boletinlegal/consulta_normativa.php?tipo=&sector=emisiones&ano=2022&resuelve= HTTP/1.1" 200 454
172.22.2.4 - - [22/May/2023:12:13:27 -0500] "GET /BLA/boletinlegal/ HTTP/1.1" 200 50664
172.22.2.4 - - [22/May/2023:12:15:12 -0500] "GET /BLA/boletinlegal/consulta_normativa.php?tipo=&sector=fauna&ano=2022&resuelve= HTTP/1.1" 200 454
172.22.2.4 - - [22/May/2023:12:14:27 -0500] "GET /BLA/boletinlegal/ HTTP/1.1" 200 24523
172.22.2.4 - - [22/May/2023:12:15:16 -0500] "GET /BLA/boletinlegal/consulta_normativa.php?tipo=&sector=flora&ano=2022&resuelve= HTTP/1.1" 200 454
172.22.2.4 - - [22/May/2023:12:15:20 -0500] "GET /BLA/boletinlegal/consulta_normativa.php?tipo=&sector=hidrocarburos&ano=2022&resuelve= HTTP/1.1" 200 454
172.22.2.4 - - [22/May/2023:12:15:27 -0500] "GET /BLA/boletinlegal/consulta_normativa.php?tipo=&sector=humedales&ano=2022&resuelve= HTTP/1.1" 200 454
172.22.2.4 - - [22/May/2023:12:15:31 -0500] "GET /BLA/boletinlegal/consulta_normativa.php?tipo=&sector=licencia&ano=2022&resuelve= HTTP/1.1" 200 454
172.22.2.4 - - [22/May/2023:12:15:34 -0500] "GET /BLA/boletinlegal/consulta_normativa.php?tipo=&sector=licencia&ano=2022&resuelve= HTTP/1.1" 200 454
172.22.2.4 - - [22/May/2023:12:15:38 -0500] "GET /BLA/boletinlegal/consulta_normativa.php?tipo=&sector=mineria&ano=2022&resuelve= HTTP/1.1" 200 454
172.22.2.4 - - [22/May/2023:12:15:45 -0500] "GET /BLA/boletinlegal/consulta_normativa.php?tipo=&sector=pma&ano=2022&resuelve= HTTP/1.1" 200 454
172.22.2.4 - - [22/May/2023:12:15:48 -0500] "GET /BLA/boletinlegal/consulta_normativa.php?tipo=&sector=publicidad&ano=2022&resuelve= HTTP/1.1" 200 454
172.22.2.4 - - [22/May/2023:12:15:56 -0500] "GET /BLA/boletinlegal/consulta_normativa.php?tipo=&sector=residuos&ano=2022&resuelve= HTTP/1.1" 200 454
216.245.221.92 - - [22/May/2023:12:15:58 -0500] "HEAD / HTTP/1.1" 200 -
172.22.2.4 - - [22/May/2023:12:16:03 -0500] "GET /BLA/boletinlegal/consulta_normativa.php?tipo=&sector=ruido&ano=2022&resuelve= HTTP/1.1" 200 454
172.22.2.4 - - [22/May/2023:12:16:06 -0500] "GET /BLA/boletinlegal/consulta_normativa.php?tipo=&sector=salvoconductos&ano=2022&resuelve= HTTP/1.1" 200 454
172.22.2.4 - - [22/May/2023:12:16:09 -0500] "GET /BLA/boletinlegal/consulta_normativa.php?tipo=&sector=silvicultura&ano=2022&resuelve= HTTP/1.1" 200 454
172.22.2.4 - - [22/May/2023:12:16:12 -0500] "GET /BLA/boletinlegal/consulta_normativa.php?tipo=&sector=vertimientos&ano=2022&resuelve= HTTP/1.1" 200 885
172.22.2.4 - - [22/May/2023:12:16:13 -0500] "GET /BLA/boletinlegal/images/docs.png HTTP/1.1" 200 10288
66.249.66.84 - - [22/May/2023:12:16:32 -0500] "-" 408 -
179.1.98.98 - - [22/May/2023:12:16:38 -0500] "GET /Publicaciones/2022EE142374.pdf HTTP/1.1" 404 228
179.1.98.98 - - [22/May/2023:12:16:38 -0500] "GET /favicon.ico HTTP/1.1" 200 7782
179.1.98.98 - - [22/May/2023:12:16:47 -0500] "GET /Publicaciones/2022EE142374.pdf HTTP/1.1" 404 228
172.22.2.4 - - [22/May/2023:12:17:17 -0500] "GET /BLA/boletinlegal/wp-content/themes/classic/inc/index.php HTTP/1.1" 404 1038
201.245.192.253 - - [22/May/2023:12:18:29 -0500] "POST /kwsrmcab/Wsrmcab  HTTP/1.1" 200 43978
201.245.192.253 - - [22/May/2023:12:19:29 -0500] "POST /kwsrmcab/Wsrmcab HTTP/1.1" 200 41560
201.245.192.253 - - [22/May/2023:12:19:33 -0500] "POST /kwsrmcab/Wsrmcab HTTP/1.1" 200 43672
172.22.2.4 - - [22/May/2023:12:18:27 -0500] "HEAD /BLA/boletinlegal/ HTTP/1.1" 200 -
66.249.79.231 - - [22/May/2023:12:20:54 -0500] "GET /pagos-por-servicios-ambientales-hidricos-una-iniciativa-para-la-conservacion-de-este-recurso.html HTTP/1.1" 304 -
172.22.2.4 - - [22/May/2023:12:19:17 -0500] "GET /BLA/boletinlegal/ HTTP/1.1" 200 56287
216.245.221.92 - - [22/May/2023:12:20:58 -0500] "HEAD / HTTP/1.1" 200 -
201.245.192.253 - - [22/May/2023:12:23:27 -0500] "POST /kwsrmcab/Wsrmcab  HTTP/1.1" 200 43978
172.22.2.4 - - [22/May/2023:12:24:17 -0500] "HEAD /BLA/boletinlegal/ HTTP/1.1" 200 -
216.245.221.92 - - [22/May/2023:12:25:58 -0500] "HEAD / HTTP/1.1" 200 -
66.249.66.84 - - [22/May/2023:12:25:59 -0500] "-" 408 -
172.22.2.4 - - [22/May/2023:12:25:07 -0500] "GET /BLA/boletinlegal/ HTTP/1.1" 200 53924
172.22.2.4 - - [22/May/2023:12:26:06 -0500] "GET /BLA/boletinlegal/ HTTP/1.1" 200 36811
66.249.79.130 - - [22/May/2023:12:28:11 -0500] "-" 408 -
201.245.192.253 - - [22/May/2023:12:28:26 -0500] "POST /kwsrmcab/Wsrmcab  HTTP/1.1" 200 43978
201.245.192.253 - - [22/May/2023:12:29:30 -0500] "POST /kwsrmcab/Wsrmcab HTTP/1.1" 200 41560
201.245.192.253 - - [22/May/2023:12:29:33 -0500] "POST /kwsrmcab/Wsrmcab HTTP/1.1" 200 43672
216.245.221.92 - - [22/May/2023:12:30:58 -0500] "HEAD / HTTP/1.1" 200 -
40.77.167.146 - - [22/May/2023:12:31:39 -0500] "GET /BLA/resoluciones/AUTOS%202013/0775.pdf HTTP/1.1" 200 979549
172.22.2.4 - - [22/May/2023:12:30:07 -0500] "HEAD /BLA/boletinlegal/ HTTP/1.1" 200 -
172.22.2.4 - - [22/May/2023:12:30:57 -0500] "GET /BLA/boletinlegal/ HTTP/1.1" 200 59306
186.30.82.21 - - [22/May/2023:12:32:59 -0500] "GET /BLA/resoluciones/RESOLUCIONES%202022/4100.pdf HTTP/1.1" 200 510551
186.30.82.21 - - [22/May/2023:12:33:08 -0500] "GET /BLA/resoluciones/RESOLUCIONES%202022/4100.pdf HTTP/1.1" 206 1
186.30.82.21 - - [22/May/2023:12:33:09 -0500] "GET /BLA/resoluciones/RESOLUCIONES%202022/4100.pdf HTTP/1.1" 206 1171
35.187.98.121 - - [22/May/2023:12:33:24 -0500] "GET / HTTP/1.1" 200 319
201.245.192.253 - - [22/May/2023:12:33:25 -0500] "POST /kwsrmcab/Wsrmcab  HTTP/1.1" 200 43978
66.240.236.116 - - [22/May/2023:12:33:35 -0500] "GET / HTTP/1.1" 200 319
66.249.66.84 - - [22/May/2023:12:34:12 -0500] "-" 408 -
172.22.2.4 - - [22/May/2023:12:34:29 -0500] "GET /BLA/boletinlegal/consulta_actos.php?tipo=resoluciones&no=2203&usuario=&sector=&fecha=2021&resuelve= HTTP/1.1" 200 1270
199.16.157.183 - - [22/May/2023:12:34:58 -0500] "GET /una-mujer-que-trabaja-por-la-equidad-de-genero-y-la-proteccion-del-ambiente-asi-es-amanda-rodriguez.html HTTP/1.1" 200 935
199.16.157.183 - - [22/May/2023:12:34:58 -0500] "GET /images/cronica-amanda-rodriguez-30-abril.jpg HTTP/1.1" 200 26304
179.32.142.83 - - [22/May/2023:12:35:14 -0500] "GET /BLA/resoluciones/RESOLUCIONES%202021/2203.pdf HTTP/1.1" 200 763232
216.245.221.92 - - [22/May/2023:12:35:58 -0500] "HEAD / HTTP/1.1" 200 -
172.22.2.4 - - [22/May/2023:12:36:10 -0500] "GET /BLA/boletinlegal/wp-content/themes/classic/inc/index.php HTTP/1.1" 404 1038
173.252.83.8 - - [22/May/2023:12:36:28 -0500] "GET /images/reunion-planta-termovalorizacion-11-mayo.jpg HTTP/1.1" 200 34782
172.22.2.4 - - [22/May/2023:12:36:31 -0500] "GET /BLA/boletinlegal/consulta_actos.php?tipo=autos&no=&usuario=&sector=SILVICULTURA&fecha=2022&resuelve= HTTP/1.1" 200 243186
172.22.2.4 - - [22/May/2023:12:36:33 -0500] "GET /BLA/boletinlegal/consulta_actos.php?tipo=autos&no=&usuario=&sector=SILVICULTURA&fecha=2022&resuelve= HTTP/1.1" 200 243186
172.22.2.4 - - [22/May/2023:12:36:51 -0500] "GET /BLA/boletinlegal/consulta_actos.php?tipo=autos&no=&usuario=&sector=COMPETENCIA&fecha=2022&resuelve= HTTP/1.1" 200 24954
172.22.2.4 - - [22/May/2023:12:37:19 -0500] "GET /BLA/boletinlegal/consulta_actos.php?tipo=resoluciones&no=&usuario=&sector=INFRAESTRUCTURA&fecha=2022&resuelve= HTTP/1.1" 200 1987
172.22.2.4 - - [22/May/2023:12:37:19 -0500] "GET /BLA/boletinlegal/consulta_actos.php?tipo=autos&no=&usuario=&sector=INFRAESTRUCTURA&fecha=2022&resuelve= HTTP/1.1" 200 626
172.22.2.4 - - [22/May/2023:12:37:19 -0500] "GET /BLA/boletinlegal/consulta_actos.php?tipo=autos&no=&usuario=&sector=INFRAESTRUCTURA&fecha=2022&resuelve= HTTP/1.1" 200 626
172.22.2.4 - - [22/May/2023:12:37:19 -0500] "GET /BLA/boletinlegal/consulta_actos.php?tipo=resoluciones&no=&usuario=&sector=SILVICULTURA&fecha=2022&resuelve= HTTP/1.1" 200 235172
186.30.82.21 - - [22/May/2023:12:37:33 -0500] "GET /BLA/resoluciones/RESOLUCIONES%202022/4280.pdf HTTP/1.1" 200 360856
172.22.2.4 - - [22/May/2023:12:35:57 -0500] "HEAD /BLA/boletinlegal/ HTTP/1.1" 200 -
201.245.192.253 - - [22/May/2023:12:38:24 -0500] "POST /kwsrmcab/Wsrmcab  HTTP/1.1" 200 43978
172.22.2.4 - - [22/May/2023:12:36:47 -0500] "GET /BLA/boletinlegal/ HTTP/1.1" 200 57561
201.245.192.253 - - [22/May/2023:12:39:30 -0500] "POST /kwsrmcab/Wsrmcab HTTP/1.1" 200 41560
201.245.192.253 - - [22/May/2023:12:39:32 -0500] "POST /kwsrmcab/Wsrmcab HTTP/1.1" 200 43672
186.30.82.21 - - [22/May/2023:12:40:02 -0500] "GET /BLA/resoluciones/RESOLUCIONES%202022/3919.pdf HTTP/1.1" 200 383619
66.249.66.84 - - [22/May/2023:12:40:27 -0500] "-" 408 -
216.245.221.92 - - [22/May/2023:12:40:58 -0500] "HEAD / HTTP/1.1" 200 -
172.22.2.4 - - [22/May/2023:12:41:30 -0500] "GET /BLA/boletinlegal/actos.php HTTP/1.1" 200 9682
172.22.2.4 - - [22/May/2023:12:41:31 -0500] "GET /BLA/boletinlegal/favicon.ico HTTP/1.1" 404 1326
191.156.235.152 - - [22/May/2023:12:41:33 -0500] "GET /BLA/resoluciones/ HTTP/1.1" 200 13502
172.22.2.4 - - [22/May/2023:12:42:02 -0500] "GET /BLA/boletinlegal/consulta_actos.php?tipo=resoluciones&no=1917&usuario=&sector=&fecha=2021&resuelve= HTTP/1.1" 200 1272
172.22.2.4 - - [22/May/2023:12:41:28 -0500] "GET /BLA/boletinlegal/ HTTP/1.1" 200 24523
191.156.235.152 - - [22/May/2023:12:42:12 -0500] "GET /BLA/resoluciones/index.php?dir=RESOLUCIONES+2023%2F HTTP/1.1" 200 23812
186.28.61.22 - - [22/May/2023:12:42:17 -0500] "GET /BLA/resoluciones/AUTOS%202015/2282.pdf HTTP/1.1" 200 767167
186.28.61.22 - - [22/May/2023:12:42:17 -0500] "GET /BLA/resoluciones/AUTOS%202015/2282.pdf HTTP/1.1" 206 1
186.28.61.22 - - [22/May/2023:12:42:17 -0500] "GET /BLA/resoluciones/AUTOS%202015/2282.pdf HTTP/1.1" 206 736639
186.28.61.22 - - [22/May/2023:12:42:17 -0500] "GET /BLA/resoluciones/AUTOS%202015/2282.pdf HTTP/1.1" 206 1025
186.28.61.22 - - [22/May/2023:12:42:17 -0500] "GET /BLA/resoluciones/AUTOS%202015/2282.pdf HTTP/1.1" 200 767167
186.28.61.22 - - [22/May/2023:12:42:19 -0500] "GET /BLA/resoluciones/AUTOS%202015/2282.pdf HTTP/1.1" 206 64512
186.28.61.22 - - [22/May/2023:12:42:36 -0500] "GET /BLA/resoluciones/AUTOS%202015/2282.pdf HTTP/1.1" 206 1
186.28.61.22 - - [22/May/2023:12:42:36 -0500] "GET /BLA/resoluciones/AUTOS%202015/2282.pdf HTTP/1.1" 200 767167
201.245.192.253 - - [22/May/2023:12:43:23 -0500] "POST /kwsrmcab/Wsrmcab  HTTP/1.1" 200 43978
172.22.2.4 - - [22/May/2023:12:41:47 -0500] "HEAD /BLA/boletinlegal/ HTTP/1.1" 200 -
172.22.2.4 - - [22/May/2023:12:42:37 -0500] "GET /BLA/boletinlegal/ HTTP/1.1" 200 59306
186.86.32.114 - - [22/May/2023:12:45:14 -0500] "GET /BLA/boletinlegal/js/jquery.scrollShow.js HTTP/1.1" 200 4586
186.86.32.114 - - [22/May/2023:12:45:14 -0500] "GET /galeria/galeria/jquery.fancybox.css?v=2.1.5 HTTP/1.1" 200 4895
186.86.32.114 - - [22/May/2023:12:45:14 -0500] "GET /galeria/galeria/jquery.fancybox.js?v=2.1.5 HTTP/1.1" 200 48706
216.245.221.92 - - [22/May/2023:12:45:58 -0500] "HEAD / HTTP/1.1" 200 -
172.22.2.4 - - [22/May/2023:12:46:34 -0500] "GET /BLA/boletinlegal/consulta_actos.php?tipo=resoluciones&no=3106&usuario=&sector=&fecha=2019&resuelve= HTTP/1.1" 200 1161
179.32.142.83 - - [22/May/2023:12:46:37 -0500] "GET /BLA/resoluciones/RESOLUCIONES%202019/3106.pdf HTTP/1.1" 200 668799
66.249.66.84 - - [22/May/2023:12:46:41 -0500] "-" 408 -
201.245.192.253 - - [22/May/2023:12:48:22 -0500] "POST /kwsrmcab/Wsrmcab  HTTP/1.1" 200 43978
156.59.196.10 - - [22/May/2023:12:48:52 -0500] "GET /galeria/galeria/fotos/2humedal-Burro2P.jpg HTTP/1.1" 200 8996
172.22.2.4 - - [22/May/2023:12:47:37 -0500] "HEAD /BLA/boletinlegal/ HTTP/1.1" 200 -
172.22.2.4 - - [22/May/2023:12:47:37 -0500] "GET /BLA/boletinlegal/ HTTP/1.1" 200 52730
173.252.95.8 - - [22/May/2023:12:50:00 -0500] "GET /mujeres-que-trabajan-por-el-medioambiente-de-bogota.html HTTP/1.1" 206 724
66.220.149.119 - - [22/May/2023:12:50:01 -0500] "GET /images/mujeres-cultura-31.jpg HTTP/1.1" 200 33736
172.22.2.4 - - [22/May/2023:12:48:27 -0500] "GET /BLA/boletinlegal/ HTTP/1.1" 200 55221
173.252.95.16 - - [22/May/2023:12:50:23 -0500] "GET /si-te-gusta-la-pintura-el-dibujo-o-la-fotografia-el-concurso-a-vuelo-de-pajaro-es-para-ti.html HTTP/1.1" 206 861
190.121.155.162 - - [22/May/2023:12:50:53 -0500] "GET /portaldeninos/parque-ecologico-distrital-humedal-santa-maria-del-lago/ HTTP/1.1" 200 90199
190.121.155.162 - - [22/May/2023:12:50:54 -0500] "GET /portaldeninos/wp-content/uploads/useanyfont/uaf.css?ver=1589905315 HTTP/1.1" 200 408
190.121.155.162 - - [22/May/2023:12:50:54 -0500] "GET /portaldeninos/wp-content/themes/betheme/style.css?ver=20.9.6 HTTP/1.1" 200 287
190.121.155.162 - - [22/May/2023:12:50:54 -0500] "GET /portaldeninos/wp-content/plugins/gallery-videos/CSS/totalsoft.css?ver=4.9.8 HTTP/1.1" 200 40622
190.121.155.162 - - [22/May/2023:12:50:54 -0500] "GET /portaldeninos/wp-content/plugins/gallery-videos/CSS/Total-Soft-Gallery-Video-Widget.css?ver=4.9.8 HTTP/1.1" 200 51554
190.121.155.162 - - [22/May/2023:12:50:54 -0500] "GET /portaldeninos/wp-content/themes/betheme/css/base.css?ver=20.9.6 HTTP/1.1" 200 57283
190.121.155.162 - - [22/May/2023:12:50:54 -0500] "GET /portaldeninos/wp-content/themes/betheme/assets/ui/jquery.ui.all.css?ver=20.9.6 HTTP/1.1" 200 18765
190.121.155.162 - - [22/May/2023:12:50:54 -0500] "GET /portaldeninos/wp-content/themes/betheme/assets/jplayer/css/jplayer.blue.monday.css?ver=20.9.6 HTTP/1.1" 200 9834
190.121.155.162 - - [22/May/2023:12:50:54 -0500] "GET /portaldeninos/wp-content/themes/betheme/assets/animations/animations.min.css?ver=20.9.6 HTTP/1.1" 200 58508
190.121.155.162 - - [22/May/2023:12:50:54 -0500] "GET /portaldeninos/wp-content/plugins/google-analytics-for-wordpress/assets/js/frontend-gtag.min.js?ver=8.5.0 HTTP/1.1" 200 11801
190.121.155.162 - - [22/May/2023:12:50:54 -0500] "GET /portaldeninos/wp-includes/js/jquery/jquery-migrate.min.js?ver=1.4.1 HTTP/1.1" 200 10056
190.121.155.162 - - [22/May/2023:12:50:54 -0500] "GET /portaldeninos/wp-content/themes/betheme/css/layout.css?ver=20.9.6 HTTP/1.1" 200 116639
190.121.155.162 - - [22/May/2023:12:50:54 -0500] "GET /portaldeninos/wp-content/themes/betheme/css/responsive.css?ver=20.9.6 HTTP/1.1" 200 55740
190.121.155.162 - - [22/May/2023:12:50:54 -0500] "GET /portaldeninos/wp-includes/js/jquery/ui/core.min.js?ver=1.11.4 HTTP/1.1" 200 4000
190.121.155.162 - - [22/May/2023:12:50:54 -0500] "GET /portaldeninos/wp-content/plugins/gallery-videos/JS/modernizr.custom.js?ver=4.9.8 HTTP/1.1" 200 9019
190.121.155.162 - - [22/May/2023:12:50:54 -0500] "GET /portaldeninos/wp-content/themes/betheme/css/shortcodes.css?ver=20.9.6 HTTP/1.1" 200 138889
190.121.155.162 - - [22/May/2023:12:50:54 -0500] "GET /portaldeninos/wp-includes/js/jquery/jquery.js?ver=1.12.4 HTTP/1.1" 200 97184
190.121.155.162 - - [22/May/2023:12:50:54 -0500] "GET /portaldeninos/wp-content/plugins/gallery-videos/JS/Total-Soft-Gallery-Video-Widget.js?ver=4.9.8 HTTP/1.1" 200 80264
190.121.155.162 - - [22/May/2023:12:50:55 -0500] "GET /portaldeninos/wp-includes/js/jquery/ui/widget.min.js?ver=1.11.4 HTTP/1.1" 200 6908
190.121.155.162 - - [22/May/2023:12:50:55 -0500] "GET /portaldeninos/wp-includes/js/jquery/ui/mouse.min.js?ver=1.11.4 HTTP/1.1" 200 3148
190.121.155.162 - - [22/May/2023:12:50:55 -0500] "GET /portaldeninos/wp-includes/js/jquery/ui/accordion.min.js?ver=1.11.4 HTTP/1.1" 200 8584
190.121.155.162 - - [22/May/2023:12:50:55 -0500] "GET /portaldeninos/wp-content/themes/betheme/js/menu.js?ver=20.9.6 HTTP/1.1" 200 2449
190.121.155.162 - - [22/May/2023:12:50:55 -0500] "GET /portaldeninos/wp-includes/js/jquery/ui/tabs.min.js?ver=1.11.4 HTTP/1.1" 200 12110
190.121.155.162 - - [22/May/2023:12:50:55 -0500] "GET /portaldeninos/wp-content/themes/betheme/assets/animations/animations.min.js?ver=20.9.6 HTTP/1.1" 200 1896
190.121.155.162 - - [22/May/2023:12:50:55 -0500] "GET /portaldeninos/wp-includes/js/jquery/ui/sortable.min.js?ver=1.11.4 HTTP/1.1" 200 24899
190.121.155.162 - - [22/May/2023:12:50:55 -0500] "GET /portaldeninos/wp-includes/js/wp-embed.min.js?ver=4.9.8 HTTP/1.1" 200 1398
190.121.155.162 - - [22/May/2023:12:50:55 -0500] "GET /portaldeninos/wp-content/themes/betheme/assets/jplayer/jplayer.min.js?ver=20.9.6 HTTP/1.1" 200 52702
190.121.155.162 - - [22/May/2023:12:50:55 -0500] "GET /portaldeninos/wp-content/themes/betheme/js/scripts.js?ver=20.9.6 HTTP/1.1" 200 77162
190.121.155.162 - - [22/May/2023:12:50:55 -0500] "GET /portaldeninos/wp-content/themes/betheme/js/plugins.js?ver=20.9.6 HTTP/1.1" 200 197151
190.121.155.162 - - [22/May/2023:12:50:55 -0500] "GET /portaldeninos/wp-includes/js/wp-emoji-release.min.js?ver=4.9.8 HTTP/1.1" 200 12026
190.121.155.162 - - [22/May/2023:12:50:55 -0500] "GET /portaldeninos/wp-content/uploads/2021/07/imagenes-con-marcos-pa%CC%81gina-de-nin%CC%83os-humedal-santa-mari%CC%81a-del-lago.jpg HTTP/1.1" 200 29226
190.121.155.162 - - [22/May/2023:12:50:55 -0500] "GET /portaldeninos/wp-content/themes/betheme/images/box_shadow.png HTTP/1.1" 200 108
190.121.155.162 - - [22/May/2023:12:50:55 -0500] "GET /portaldeninos/wp-content/uploads/2021/07/Banners-pa%CC%81gina-de-nin%CC%83os2.jpg HTTP/1.1" 200 33818
190.121.155.162 - - [22/May/2023:12:50:55 -0500] "GET /portaldeninos/wp-content/themes/betheme/fonts/mfn-icons.woff?93978679 HTTP/1.1" 200 80932
190.121.155.162 - - [22/May/2023:12:50:55 -0500] "GET /portaldeninos/wp-content/uploads/2019/08/Logo-Ambientic.png HTTP/1.1" 200 22941
216.245.221.92 - - [22/May/2023:12:50:58 -0500] "HEAD / HTTP/1.1" 200 -
190.121.155.162 - - [22/May/2023:12:50:55 -0500] "GET /portaldeninos/wp-content/uploads/2021/07/Humedal-Santa-Maria-del-Lago.mp4 HTTP/1.1" 206 8861927
172.22.2.4 - - [22/May/2023:12:52:19 -0500] "GET /BLA/boletinlegal/consulta_actos.php?tipo=autos&no=4668&usuario=&sector=&fecha=2019&resuelve= HTTP/1.1" 200 1313
179.32.142.83 - - [22/May/2023:12:52:28 -0500] "GET /BLA/resoluciones/AUTOS%202019/4668.pdf HTTP/1.1" 200 314716
201.245.192.253 - - [22/May/2023:12:53:21 -0500] "POST /kwsrmcab/Wsrmcab  HTTP/1.1" 200 43978
66.249.66.84 - - [22/May/2023:12:53:30 -0500] "-" 408 -
172.22.2.4 - - [22/May/2023:12:53:27 -0500] "HEAD /BLA/boletinlegal/ HTTP/1.1" 200 -
172.22.2.4 - - [22/May/2023:12:54:17 -0500] "GET /BLA/boletinlegal/ HTTP/1.1" 200 52730
216.245.221.92 - - [22/May/2023:12:55:57 -0500] "HEAD / HTTP/1.1" 200 -
66.249.88.57 - - [22/May/2023:12:56:29 -0500] "GET /galeria/mapa/3MapaBogot%C3%A1.jpg HTTP/1.1" 200 688183
40.77.167.97 - - [22/May/2023:12:58:21 -0500] "GET /bla/resoluciones/notificaciones/registros%202020/00737.pdf HTTP/1.1" 304 -
201.245.192.253 - - [22/May/2023:12:58:19 -0500] "POST /kwsrmcab/Wsrmcab  HTTP/1.1" 200 43978
172.22.2.4 - - [22/May/2023:12:59:17 -0500] "HEAD /BLA/boletinlegal/ HTTP/1.1" 200 -
216.245.221.92 - - [22/May/2023:13:00:58 -0500] "HEAD / HTTP/1.1" 200 -
31.13.103.4 - - [22/May/2023:13:01:00 -0500] "GET /images/20%20de%20febrero%20panor%C3%A1mica%20de%20Bogot%C3%A1%20(1)%20(1).jpeg HTTP/1.1" 404 1034
31.13.103.2 - - [22/May/2023:13:01:01 -0500] "GET /images/20%20de%20febrero%20panor\xc3\xa1mica%20de%20Bogot\xc3\xa1%20(1)%20(1).jpeg HTTP/1.1" 404 1034
40.77.167.146 - - [22/May/2023:13:01:32 -0500] "GET /BLA/resoluciones/AUTOS%202019/4886.pdf HTTP/1.1" 200 1078402
186.102.4.203 - - [22/May/2023:13:01:33 -0500] "GET /kwssiamovil/sm/ldap/au?x=U2FsdGVkX183cSLXtNsDlZ0tjF/4w3Yu8tobnG1uzjdZhPPX+zcuCBPtq5rwJsNF&y=U2FsdGVkX19xytyfxSXXVCreUawFDinmEhKjUwc2CCk= HTTP/1.1" 200 30
186.102.4.203 - - [22/May/2023:13:01:34 -0500] "GET /kwssiamovil/sm/acme/s?s=U2FsdGVkX1/zebUrZxB3samuUrA1mjRkbIT8o8ChEP4nxhe+Ud1X2/OrbGD7DJRD3jEbsI4PpiBxaEG6jELYKTSDFdWblYKwEDeuwzEDBh4=&u=U2FsdGVkX1+r3oboGPKun/2FASoJ1gGVOHXFCEs/p44=&y=U2FsdGVkX19xytyfxSXXVCreUawFDinmEhKjUwc2CCk= HTTP/1.1" 200 97
186.102.4.203 - - [22/May/2023:13:01:34 -0500] "GET /kwssiamovil/sm/acme/s?s=U2FsdGVkX1+dWbqxjSGt5JFk+eBtNJ9BWlaPFCRP2FaU2dtpz5xL9mMT645CSFvJj47Z3YjnWCh/RHOfjv6vDb/bhpr2Go1k9c3L9ho2P/MsARQxl3aooRX6EJiijYk2hFWp4jqEULa+ZEYjnuFsjzaHWhOKI1jHgVxtw8OtoaSM4NJ+e32TIuZx6gwJ4J3oA04MaYxtCGgDBRypTS72CgeIRR1eeGO/aKOM2D93Ct4DhTHddNYl/Ht/7/2ti32vq9R1o3A+l2rZWWfODr2PevewIW2JfzYaSwkHWiIuV3DIcrmIfH56tkImNdwGjM0Dj/KvtNkmOD4fU0MSm14l5AGGahIvzG7Uj/xifrPQYHV26l3hpF39Y9ZMFaajIROwlr0Y42qA9PxUvCDFYqoKZDvEOU2U83CHnugY3ekKrMJhSYA/JvSl87ljdgC7jUjHE/CAlcYB2XC4X7qGIIhEJgn1eI/y0Bc+LJUffomH8JADf5ZeOfTm7hHpVXXBIN5Qw+NNW8sTsTGd/RKHEhk48H8yecnQXFdpHoR17IMgcueSLdmkUTbXTp8Efbx5B2gLwZV7KYPcsupAzSlG0Wv7ZTEdQDuUUsreQqUPsZU/gDB9+pcdW6d7JVSWe6iVTHBhZPmDZF5coSo+gB8xP97bwc5xyK1X2A4iV6Em6tJ3lV2wUiPKrE9xFJfJF74nFA86I4ZAiUE+9eGiaF7J5F9gfG8OjnZ0xa8a7c606c1dZuSofoj/r38vTrAPwFM1uw5SrcMpgO8udOjz5dRxsHCZDhEJLf+qAyu2StSymDUyLbpr6u8qfweEFFSp2UrkWkFRGG/Q2Ku2S7vUmh97nZ3MixsXTrHtNcd+3QIvzQ6AaPApkNde50U6RQhrBeedQjz3k2SK04UANriUS1LCXLicKfR1MyjepcJebCtKltsBF7Xoo09JgOHoQRfD5gxL/TJkAOU4LN2DtZlck+R7rQ5W8A9uhXbTqELD7EVggk+O18stEda1jf1coM3YY6qqnmvcRnu6TxaX45D5cnJYV5fhoCpGgHSb0SiiCze3qw1vmLyOc5tV5KU9BYBHsDRHjKWWUr850n+rMsIt5Z80cYJrBfig3Zp91YDlNVzvIQao63tn1Jgfzxda3/C+M9sCW0NoSL+wC1KiQtzCtvdQIlRYVigJcHw0jfYNaLIkC/Yhk7Djz6w03H4mLFWULFj4NpZNk/jjUi9XjuT68X6RXALeCADhao8hJ2gAt5mjev5v77bTPAOoMEU4pqr9rk0Y0e9xwanUT2j/x97Ye29/JtvCOefSPDp7PV7383i6sXGAlEh9AL2IfBoBrqouuXS0RT/j5Uy7CZ/croctIKq30AzxwUBTgNJkwf4VY98uK3nUoMHh9hfZe2YnyrMONTfYKZ63YqH/5pB6FwCSNUpb4SOGZq+4kd89Ne74OOnrS8/AGQbBpHrGDhIFVK5whJUZ9oW+Zt0GEfakzh+qy4JmB+zjiIV8QOY9YBjhI28ev/CfnpcGjZY7fBB98AOZoE23D/WhK4cxuurtQqF/qpBKYAKOasIivdXA25PiLOPzuJcX3/dFkt15/HwZaa2jWD8htt2nwIyfBnr3IBZCitgdXE+jBkAKtUYyWujH9UoXziSmvhNRTrY1vTopdZUaSAQAx6/QY6bFV69/j2U2pMT3YDWLKEoyTBT/FsAZVTChGck1ggO3QgveBvHBW5fFmsShaRzdavDnpau0eUcLVkv5IC6hzuLPECTE/Y0xgVTHFc3lSDc=&u=U2FsdGVkX1+r3oboGPKun/2FASoJ1gGVOHXFCEs/p44=&y=U2FsdGVkX19xytyfxSXXVCreUawFDinmEhKjUwc2CCk= HTTP/1.1" 200 807
186.102.4.203 - - [22/May/2023:13:01:34 -0500] "GET /kwssiamovil/sm/acme/s?s=U2FsdGVkX18NwiKtR/j86/I15UKCceWniQKTCSuQ5/r1NJtcQ9H6gcZ12GYT/fFB+GL2fxuwFcbzEf+EvVKG0hwuYK6GyO0vZUjSdVSHmvDV7SqKreUp7vN+TvK28YaoacMUhDaq8Kwff30wFvHssPTBFggsG7gAhKSFU2MNwkTrQU4DqOzzKS5yWe+VPMEdH4Oz43aOjz9l6Mf0fLjJFFOLC9N1TpE1ARQpMownaPlz8s/rPWKH+pvkiN12z0YmyLpGTHOI+HYrreFEnulSTzmgsMx4+tlEcO/wL4oULgPZ8VP04/gsBd83nwj/HUW4SdMYoKKbuhU9FUnocF1AgHyW54qcPoaCQS2tawxnS3RtNpujyb01dlChP2tmlnqZhmqKNo1byvxDU5FJHMs+ZN21tRdaZ7sX9bjfI3JM9gwAE9YdCNLLmrMPWZp8/T1F1PsuiQixVqjr1dKxzWCuXEZs8worYEywmsRBjEGU5OLE/c7F/xy3GqkO5qZdirriYnoUGDSZYd6CGN6876bVdrFsAlnDReoem3mBsHssS9TGEKa5uQOkWyarjFWns8zn2gjtZkppDYRpzTyFbgXgqb6s8Zim9/tRH7xLsBUmQi7LvuLgaAyx5PmDd77U0FFmPzhNwcG6c4waERY9VBHzkD1nWxYvQ8rZD2j4vZipHek7V5lFNKBBnjRRbob4VY+/PTo7xsrxlTVpuRzq0zqzThd10iBHGIUJZ8Ioz5nk9sMSahxwqTcQCnsPOPVYXizv&u=U2FsdGVkX1+r3oboGPKun/2FASoJ1gGVOHXFCEs/p44=&y=U2FsdGVkX19xytyfxSXXVCreUawFDinmEhKjUwc2CCk= HTTP/1.1" 200 208
186.102.4.203 - - [22/May/2023:13:01:34 -0500] "GET /kwssiamovil/sm/cjson/pre?f=1&x=U2FsdGVkX183cSLXtNsDlZ0tjF/4w3Yu8tobnG1uzjdZhPPX+zcuCBPtq5rwJsNF HTTP/1.1" 200 31032
172.22.2.4 - - [22/May/2023:13:00:07 -0500] "GET /BLA/boletinlegal/ HTTP/1.1" 200 53924
186.102.4.203 - - [22/May/2023:13:02:45 -0500] "GET /kwssiamovil/sm/ldap/au?x=U2FsdGVkX1/A3mPAX2pecP3MxEKY+4FT6OOwYKsxlR1vyA8IJYTZmvKbRjBno2r8&y=U2FsdGVkX1/XcpaMhs8cSeSv0AhsWCeDhgcreHaSr7s= HTTP/1.1" 200 30
186.102.4.203 - - [22/May/2023:13:02:45 -0500] "GET /kwssiamovil/sm/acme/s?s=U2FsdGVkX1/Ado6RGUbyxRUqodkKqZ8d+i5h1xMhXItQil+vgAlkUq/lXtptvJWprIU/ZzhfbO6da57BbN8S5HZSB5XyVf8MFS4G6Kj8zgs=&u=U2FsdGVkX1/U316EdyeQL5w4qHICpvqit/VneOq4zlE=&y=U2FsdGVkX1/XcpaMhs8cSeSv0AhsWCeDhgcreHaSr7s= HTTP/1.1" 200 97
186.102.4.203 - - [22/May/2023:13:02:45 -0500] "GET /kwssiamovil/sm/acme/s?s=U2FsdGVkX1+n4cDF6OQLre8alq1/QKk2VIhuKIMvMt8N1h2pkRk9tAaLvx+gQ+WLy4NF2rbpIpqr77QAofWK6RHiaF3X2YRY8wReYkN86ZEFEAM0jQ4Ad07JfYximj/95+s8e100fVZPblTDoI6fgW70lYrWyuqOf3D6klPFevV9ByG5gjSYyqt5RLvh/1/oRvpEBtrztDYnTJkIG6ojPZCnIYXEaaKxvZ72+dkNyYSUffzJiveZ1xKwd3/wAFURDvsy30LkQl3x6rbKY8ZHv4oYSk8WWKfhhxkqobe13k5vsxll1spIhTR3ERaRtmlO3mom4PkeTUYhnEoTFImOK0lHV2AuoZlUOqdg17XEwZsrUhLUmgXMk9Sdvg4FSS7IQwc4xhdmmMmHLo9rB3h0bvk2dnBekHk6nzBG8uPHiAnqta10I0S+HFb6S2gzGc3MQRGYgB6LztjVZY47TBqmAZjuDQG1QHSw5O2WT+WnbDaFZrtD4p7GAMFDBWvT9VQNwBbmjPYvrK0SUctXPsAvTZV8lAUVTu0XmwOrUolypZi5c6GqQvmMgC9lBixAhxpvXfXr6Qez1igzdXVDjW+mdOIwhRYjL4VJBjp/r6VAQAXQ8Bwwuisq1dyV+dFWn6wPEo1x/tniMYLNiVBfgMd+xJas8LRwYstryRsdyZzTo8B/pKAduG4SFO2sQTZhhVgBWlUyu1oI2TCIZo6oK0kdw5RHUtmJ4hhFTjcjR3Fj7L+g9K466dK9WkwutfF9+pkM4SwDsdTaNiFs5vibL9oyGgvTq9/DklnVFVN5X7tyXxFvvVsRvrETntfCBES4zSSQd4SV0dLhTxzB75pE0jj1koaLfp/wPcInj5RXHcoh7vQqImvJoAiD9k7fEiCbaSqNuEVzzdDtETH5fNsTBISfGkt61pibFuEsoq/vFX7LsdycR4//jXO6IEF4C/YrvyHKsOO4xAd9RufnipZNepgUOkiQMuvmyACWt8CVC5GWLVZ3FW87lgYeSyKHcUDKJti4BOjfXeI37zi7752s0l39efhDNeCLOWDcOzDppH6u8rYG+NAhzM8a4ZSQNO+KJPsEmH3/hWaCmWN109hOp1ZOAzjw8puDGOIGa8bCBQ6/s7vN0ShHc3IVLtMgZYnb7xx3/EcQ8rWrZcGNrhW3AxsG2z8gFqNJd8V2XXsoN7bR0EMbuuZZz63kLsLdy6tJqPu4C0umNHwUvPii8zcF7kWx3pYYnhMiV8Q8X93PN+u2CyifcSoXUBGsn4pQv4xiEljoA1mG9jaC114GGznwfb9pDt8Ew8XorOUd9KuGvSJ9vTv93LmEkFsinBZFkZDClELka5n3WXpZ8OaDHCDq2mFWA9DcWVguCt/yRcL8ZA3uoAo2UJaCu4CXZ8JIE0hCkimozEayAIsDww5MoEyhgHzb8BjXCYH2/CYDtuJAeG24kOnNAJBsBaFMBussm2voLKVp8eiVaE9vAEHESFuECC2fHCPpQMwrWGBOr9mJ8jyXwhf0CoelwERcRVlhN8pVmyTUuFRnsI9kCusBl9I30K1gvw/fvT2oXi/Sis1LL/J2byOnc+JWlrIhy8Sl0H5UF5nY8X3xlWtzo6+Cy7rZfJnXdoog6NnI9CMLg5sHjBRSX4F3WVLepMosbXAG5RCpCC6J3NNf6YSuYmIvd/tgnz1nKUn5CzC+uoVYpNyJYrwircPtH6RysnflwgbkNmtTowSKKomiEK6fZd1MdmL3snnA3RNya6xEe9kMyBuuUfZUu/8=&u=U2FsdGVkX1/U316EdyeQL5w4qHICpvqit/VneOq4zlE=&y=U2FsdGVkX1/XcpaMhs8cSeSv0AhsWCeDhgcreHaSr7s= HTTP/1.1" 200 807
