40.77.167.146 - - [23/May/2023:05:32:11 -0500] "GET /BLA/resoluciones/RESOLUCIONES%202023/0663.pdf HTTP/1.1" 200 385962
172.22.2.4 - - [23/May/2023:05:31:00 -0500] "HEAD /BLA/boletinlegal/ HTTP/1.1" 200 -
172.22.2.4 - - [23/May/2023:05:31:51 -0500] "GET /BLA/boletinlegal/ HTTP/1.1" 200 55221
201.245.192.253 - - [23/May/2023:05:34:39 -0500] "POST /kwsrmcab/Wsrmcab  HTTP/1.1" 200 43978
66.249.66.84 - - [23/May/2023:05:34:50 -0500] "-" 408 -
168.119.253.85 - - [23/May/2023:05:35:10 -0500] "GET / HTTP/1.1" 200 319
52.167.144.55 - - [23/May/2023:05:35:38 -0500] "-" 408 -
216.245.221.92 - - [23/May/2023:05:35:55 -0500] "HEAD / HTTP/1.1" 200 -
172.22.2.4 - - [23/May/2023:05:36:50 -0500] "HEAD /BLA/boletinlegal/ HTTP/1.1" 200 -
172.22.2.4 - - [23/May/2023:05:37:41 -0500] "GET /BLA/boletinlegal/ HTTP/1.1" 200 57151
201.245.192.253 - - [23/May/2023:05:39:26 -0500] "POST /kwsrmcab/Wsrmcab HTTP/1.1" 200 43797
201.245.192.253 - - [23/May/2023:05:39:29 -0500] "POST /kwsrmcab/Wsrmcab HTTP/1.1" 200 43824
201.245.192.253 - - [23/May/2023:05:39:39 -0500] "POST /kwsrmcab/Wsrmcab  HTTP/1.1" 200 43978
186.84.88.128 - - [23/May/2023:05:40:42 -0500] "GET /catalogoisis/ HTTP/1.1" 200 8575
186.84.88.128 - - [23/May/2023:05:40:42 -0500] "GET /catalogoisis/Css/Busqueda.css HTTP/1.1" 200 1995
186.84.88.128 - - [23/May/2023:05:40:42 -0500] "GET /catalogoisis/Js/Remote.js HTTP/1.1" 200 436
186.84.88.128 - - [23/May/2023:05:40:42 -0500] "GET /catalogoisis/Js/Cookies.js HTTP/1.1" 200 1369
186.84.88.128 - - [23/May/2023:05:40:42 -0500] "GET /catalogoisis/Js/AceptarLimpiar.js HTTP/1.1" 200 331
186.84.88.128 - - [23/May/2023:05:40:42 -0500] "GET /catalogoisis/Js/LimpiarCombinada.js HTTP/1.1" 200 207
186.84.88.128 - - [23/May/2023:05:40:42 -0500] "GET /catalogoisis/Js/CriterioCombinada.js HTTP/1.1" 200 1843
186.84.88.128 - - [23/May/2023:05:40:43 -0500] "GET /catalogoisis/Js/Go.js HTTP/1.1" 200 364
186.84.88.128 - - [23/May/2023:05:40:43 -0500] "GET /catalogoisis/Js/Numero.js HTTP/1.1" 200 398
186.84.88.128 - - [23/May/2023:05:40:43 -0500] "GET /catalogoisis/Js/Enter.js HTTP/1.1" 200 1208
186.84.88.128 - - [23/May/2023:05:40:43 -0500] "GET /catalogoisis/imagenes/Header.gif HTTP/1.1" 200 30313
186.84.88.128 - - [23/May/2023:05:40:43 -0500] "GET /catalogoisis/imagenes/br1c1.gif HTTP/1.1" 200 172
186.84.88.128 - - [23/May/2023:05:40:43 -0500] "GET /catalogoisis/imagenes/br1c3.gif HTTP/1.1" 200 302
186.84.88.128 - - [23/May/2023:05:40:43 -0500] "GET /catalogoisis/imagenes/Turnbo1.gif HTTP/1.1" 200 227
186.84.88.128 - - [23/May/2023:05:40:43 -0500] "GET /catalogoisis/imagenes/limpiar1.gif HTTP/1.1" 200 606
186.84.88.128 - - [23/May/2023:05:40:43 -0500] "GET /catalogoisis/imagenes/aceptar1.gif HTTP/1.1" 200 604
186.84.88.128 - - [23/May/2023:05:40:43 -0500] "GET /catalogoisis/imagenes/br3c1.gif HTTP/1.1" 200 177
186.84.88.128 - - [23/May/2023:05:40:43 -0500] "GET /catalogoisis/imagenes/br3c2.gif HTTP/1.1" 200 285
186.84.88.128 - - [23/May/2023:05:40:43 -0500] "GET /catalogoisis/imagenes/br1c2.gif HTTP/1.1" 200 297
186.84.88.128 - - [23/May/2023:05:40:43 -0500] "GET /catalogoisis/imagenes/br3c3.gif HTTP/1.1" 200 186
186.84.88.128 - - [23/May/2023:05:40:43 -0500] "GET /catalogoisis/imagenes/br2c1.gif HTTP/1.1" 200 297
186.84.88.128 - - [23/May/2023:05:40:43 -0500] "GET /catalogoisis/imagenes/br2c2.gif HTTP/1.1" 200 302
186.84.88.128 - - [23/May/2023:05:40:43 -0500] "GET /catalogoisis/imagenes/br2c3.gif HTTP/1.1" 200 416
186.84.88.128 - - [23/May/2023:05:40:43 -0500] "GET /favicon.ico HTTP/1.1" 200 7782
216.245.221.92 - - [23/May/2023:05:40:55 -0500] "HEAD / HTTP/1.1" 200 -
157.55.39.210 - - [23/May/2023:05:40:56 -0500] "GET /BLA/resoluciones/RESOLUCIONES%202023/0221.pdf HTTP/1.1" 200 393562
186.84.88.128 - - [23/May/2023:05:41:54 -0500] "GET /catalogoisis/imagenes/aceptar2.gif HTTP/1.1" 200 586
186.84.88.128 - - [23/May/2023:05:41:58 -0500] "GET /catalogoisis/Diccionario.php?i=5&form=0&element=9&prefix=&first=yes HTTP/1.1" 200 4194
186.84.88.128 - - [23/May/2023:05:41:58 -0500] "GET /catalogoisis/Css/Diccionario.css HTTP/1.1" 200 1478
186.84.88.128 - - [23/May/2023:05:41:58 -0500] "GET /catalogoisis/Js/CriterioDiccionario.js HTTP/1.1" 200 608
186.84.88.128 - - [23/May/2023:05:41:58 -0500] "GET /catalogoisis/Js/LimpiarDiccionario.js HTTP/1.1" 200 98
186.84.88.128 - - [23/May/2023:05:41:58 -0500] "GET /catalogoisis/Js/Diccionario.js HTTP/1.1" 200 999
186.84.88.128 - - [23/May/2023:05:42:02 -0500] "GET /catalogoisis/imagenes/limpiar2.gif HTTP/1.1" 200 589
66.249.66.84 - - [23/May/2023:05:43:08 -0500] "-" 408 -
172.22.2.4 - - [23/May/2023:05:42:40 -0500] "HEAD /BLA/boletinlegal/ HTTP/1.1" 200 -
201.245.192.253 - - [23/May/2023:05:44:38 -0500] "POST /kwsrmcab/Wsrmcab  HTTP/1.1" 200 43978
172.22.2.4 - - [23/May/2023:05:43:31 -0500] "GET /BLA/boletinlegal/ HTTP/1.1" 200 52326
216.245.221.92 - - [23/May/2023:05:45:55 -0500] "HEAD / HTTP/1.1" 200 -
191.95.58.149 - - [23/May/2023:05:48:32 -0500] "GET /galeria/galeria/jquery.fancybox.css?v=2.1.5 HTTP/1.1" 200 4895
191.95.58.149 - - [23/May/2023:05:48:33 -0500] "GET /BLA/boletinlegal/js/jquery.scrollShow.js HTTP/1.1" 200 4586
191.95.58.149 - - [23/May/2023:05:48:33 -0500] "GET /galeria/galeria/jquery.fancybox.js?v=2.1.5 HTTP/1.1" 200 48706
157.55.39.210 - - [23/May/2023:05:49:36 -0500] "GET /BLA/resoluciones/AUTOS%202021/0826.pdf HTTP/1.1" 304 -
201.245.192.253 - - [23/May/2023:05:49:37 -0500] "POST /kwsrmcab/Wsrmcab  HTTP/1.1" 200 43978
172.22.2.4 - - [23/May/2023:05:48:30 -0500] "HEAD /BLA/boletinlegal/ HTTP/1.1" 200 -
216.245.221.92 - - [23/May/2023:05:50:55 -0500] "HEAD / HTTP/1.1" 200 -
172.22.2.4 - - [23/May/2023:05:49:21 -0500] "GET /BLA/boletinlegal/ HTTP/1.1" 200 57151
117.29.42.121 - - [23/May/2023:05:51:55 -0500] "HEAD /portaldeninos/ HTTP/1.1" 200 -
117.29.42.121 - - [23/May/2023:05:51:57 -0500] "GET /portaldeninos/ HTTP/1.1" 200 110197
117.29.42.121 - - [23/May/2023:05:52:03 -0500] "HEAD /portaldeninos/ HTTP/1.1" 200 -
117.29.42.121 - - [23/May/2023:05:52:05 -0500] "GET /portaldeninos/ HTTP/1.1" 200 110197
173.252.107.17 - - [23/May/2023:05:52:49 -0500] "GET /soratama-en-los-cerros-orientales-un-rincon-ideal-para-los-mamiferos.html HTTP/1.1" 206 804
172.22.2.4 - - [23/May/2023:05:53:46 -0500] "GET /BLA/boletinlegal/images/screen_2.png HTTP/1.1" 200 362502
172.22.2.4 - - [23/May/2023:05:53:46 -0500] "GET /BLA/boletinlegal/images/screen_3.png HTTP/1.1" 200 210620
172.22.2.4 - - [23/May/2023:05:53:46 -0500] "GET /BLA/boletinlegal/images/screen_5.png HTTP/1.1" 200 368876
172.22.2.4 - - [23/May/2023:05:53:46 -0500] "GET /BLA/boletinlegal/images/arr_r.jpg HTTP/1.1" 200 1998
172.22.2.4 - - [23/May/2023:05:53:47 -0500] "GET /BLA/boletinlegal/actos.php HTTP/1.1" 200 9682
172.22.2.4 - - [23/May/2023:05:53:48 -0500] "GET /BLA/boletinlegal/favicon.ico HTTP/1.1" 404 1326
66.249.66.84 - - [23/May/2023:05:54:04 -0500] "-" 408 -
181.48.84.90 - - [23/May/2023:05:54:08 -0500] "GET /bogota-se-prepara-para-tres-fines-de-semana-de-adopciones.html HTTP/1.1" 200 821
172.22.2.4 - - [23/May/2023:05:53:39 -0500] "GET /BLA/boletinlegal/ HTTP/1.1" 200 28619
201.245.192.253 - - [23/May/2023:05:54:35 -0500] "POST /kwsrmcab/Wsrmcab  HTTP/1.1" 200 43978
216.245.221.92 - - [23/May/2023:05:55:55 -0500] "HEAD / HTTP/1.1" 200 -
172.22.2.4 - - [23/May/2023:05:54:20 -0500] "HEAD /BLA/boletinlegal/ HTTP/1.1" 200 -
172.22.2.4 - - [23/May/2023:05:55:11 -0500] "GET /BLA/boletinlegal/ HTTP/1.1" 200 52326
172.22.2.4 - - [23/May/2023:05:58:25 -0500] "GET /BLA/boletinlegal/actos.php HTTP/1.1" 200 9682
186.80.199.188 - - [23/May/2023:05:58:51 -0500] "GET /BLA/resoluciones/ HTTP/1.1" 200 13502
172.22.2.4 - - [23/May/2023:05:58:22 -0500] "GET /BLA/boletinlegal/ HTTP/1.1" 200 24523
186.80.199.188 - - [23/May/2023:05:58:58 -0500] "GET /BLA/resoluciones/index.php?dir=AUTOS+2019%2F HTTP/1.1" 200 378368
186.80.199.188 - - [23/May/2023:05:58:59 -0500] "GET /BLA/resoluciones/dlf/archive.png HTTP/1.1" 200 632
201.245.192.253 - - [23/May/2023:05:59:34 -0500] "POST /kwsrmcab/Wsrmcab  HTTP/1.1" 200 43978
186.80.199.188 - - [23/May/2023:06:00:06 -0500] "GET /BLA/resoluciones/index.php?dir=AUTOS+2017%2F HTTP/1.1" 200 469299
216.245.221.92 - - [23/May/2023:06:00:55 -0500] "HEAD / HTTP/1.1" 200 -
172.22.2.4 - - [23/May/2023:06:01:14 -0500] "GET /BLA/boletinlegal/Circulares/2022/CIRCULAR%20No.%2000003%20DEL%2007%20DE%20MARZO%20DEL%202022.pdf HTTP/1.1" 304 -
172.22.2.4 - - [23/May/2023:06:00:10 -0500] "HEAD /BLA/boletinlegal/ HTTP/1.1" 200 -
172.22.2.4 - - [23/May/2023:06:01:00 -0500] "GET /BLA/boletinlegal/ HTTP/1.1" 200 57561
66.249.66.84 - - [23/May/2023:06:02:41 -0500] "-" 408 -
173.252.107.118 - - [23/May/2023:06:03:01 -0500] "GET /secretaria-de-ambiente-y-universidad-de-la-salle-firman-acuerdo-de-conservacion-en-17-hectareas.html HTTP/1.1" 206 990
201.245.192.253 - - [23/May/2023:06:04:33 -0500] "POST /kwsrmcab/Wsrmcab  HTTP/1.1" 200 43978
40.77.167.97 - - [23/May/2023:06:04:35 -0500] "GET / HTTP/1.1" 200 319
157.55.39.210 - - [23/May/2023:06:05:18 -0500] "GET /Publicaciones/2022EE01390.pdf HTTP/1.1" 404 227
216.245.221.92 - - [23/May/2023:06:05:55 -0500] "HEAD / HTTP/1.1" 200 -
172.22.2.4 - - [23/May/2023:06:06:00 -0500] "HEAD /BLA/boletinlegal/ HTTP/1.1" 200 -
139.177.246.48 - - [23/May/2023:06:08:17 -0500] "GET /portaldeninos/wp-content/uploads/2020/06/mapa-humedales-de-bogot%C3%A1-1.jpg HTTP/1.1" 200 1170768
66.249.66.84 - - [23/May/2023:06:08:27 -0500] "-" 408 -
172.22.2.4 - - [23/May/2023:06:06:51 -0500] "GET /BLA/boletinlegal/ HTTP/1.1" 200 52326
66.249.79.132 - - [23/May/2023:06:08:40 -0500] "GET /postulate-al-programa-de-mujeres-por-el-cambio-climatico-en-bogota.html HTTP/1.1" 200 856
201.245.192.253 - - [23/May/2023:06:09:32 -0500] "POST /kwsrmcab/Wsrmcab  HTTP/1.1" 200 43978
216.245.221.92 - - [23/May/2023:06:10:55 -0500] "HEAD / HTTP/1.1" 200 -
46.105.57.120 - - [23/May/2023:06:12:03 -0500] "GET /.env HTTP/1.1" 404 1018
46.105.57.120 - - [23/May/2023:06:12:15 -0500] "GET /190.27.245.106/.env HTTP/1.1" 404 1018
46.105.57.120 - - [23/May/2023:06:12:27 -0500] "GET /.aws/credentials HTTP/1.1" 404 1018
46.105.57.120 - - [23/May/2023:06:12:39 -0500] "GET /190.27.245.106/.env HTTP/1.1" 404 1018
46.105.57.120 - - [23/May/2023:06:12:49 -0500] "GET /.env.www HTTP/1.1" 404 1018
46.105.57.120 - - [23/May/2023:06:13:07 -0500] "GET /190.27.245.106/.env HTTP/1.1" 404 1018
46.105.57.120 - - [23/May/2023:06:13:20 -0500] "GET /.env_1 HTTP/1.1" 404 1018
172.22.2.4 - - [23/May/2023:06:11:50 -0500] "HEAD /BLA/boletinlegal/ HTTP/1.1" 200 -
46.105.57.120 - - [23/May/2023:06:13:33 -0500] "GET /190.27.245.106/.env HTTP/1.1" 404 1018
46.105.57.120 - - [23/May/2023:06:13:52 -0500] "GET /.env_sample HTTP/1.1" 404 1018
46.105.57.120 - - [23/May/2023:06:14:05 -0500] "GET /190.27.245.106/.env HTTP/1.1" 404 1018
46.105.57.120 - - [23/May/2023:06:14:17 -0500] "GET /.aws/credentials HTTP/1.1" 404 1018
172.22.2.4 - - [23/May/2023:06:12:41 -0500] "GET /BLA/boletinlegal/ HTTP/1.1" 200 57561
46.105.57.120 - - [23/May/2023:06:14:30 -0500] "GET /190.27.245.106/.env HTTP/1.1" 404 1018
201.245.192.253 - - [23/May/2023:06:14:31 -0500] "POST /kwsrmcab/Wsrmcab  HTTP/1.1" 200 43978
66.249.66.84 - - [23/May/2023:06:14:34 -0500] "-" 408 -
46.105.57.120 - - [23/May/2023:06:14:39 -0500] "GET /_static/.env HTTP/1.1" 404 1018
46.105.57.120 - - [23/May/2023:06:14:50 -0500] "GET /190.27.245.106/.env HTTP/1.1" 404 1018
46.105.57.120 - - [23/May/2023:06:15:16 -0500] "GET /.c9/metadata/environment/.env HTTP/1.1" 404 1018
46.105.57.120 - - [23/May/2023:06:15:41 -0500] "GET /190.27.245.106/.env HTTP/1.1" 404 1018
216.245.221.92 - - [23/May/2023:06:15:55 -0500] "HEAD / HTTP/1.1" 200 -
46.105.57.120 - - [23/May/2023:06:15:59 -0500] "GET /.docker/.env HTTP/1.1" 404 1018
46.105.57.120 - - [23/May/2023:06:16:19 -0500] "GET /190.27.245.106/.env HTTP/1.1" 404 1018
46.105.57.120 - - [23/May/2023:06:16:33 -0500] "GET /.env.backup HTTP/1.1" 404 1018
178.79.132.118 - - [23/May/2023:06:16:35 -0500] "\x16\x03\x01" 400 226
178.79.132.118 - - [23/May/2023:06:16:35 -0500] "\x16\x03\x01" 400 226
178.79.132.118 - - [23/May/2023:06:16:36 -0500] "\x16\x03\x01" 400 226
46.105.57.120 - - [23/May/2023:06:16:50 -0500] "GET /190.27.245.106/.env HTTP/1.1" 404 1018
46.105.57.120 - - [23/May/2023:06:17:05 -0500] "GET /.env.dev HTTP/1.1" 404 1018
46.105.57.120 - - [23/May/2023:06:17:14 -0500] "GET /190.27.245.106/.env HTTP/1.1" 404 1018
46.105.57.120 - - [23/May/2023:06:17:24 -0500] "GET /shop/.env HTTP/1.1" 404 1018
46.105.57.120 - - [23/May/2023:06:17:33 -0500] "GET /190.27.245.106/.env HTTP/1.1" 404 1018
46.105.57.120 - - [23/May/2023:06:17:43 -0500] "GET /dashboard/.env HTTP/1.1" 404 1018
46.105.57.120 - - [23/May/2023:06:17:56 -0500] "GET /190.27.245.106/.env HTTP/1.1" 404 1018
46.105.57.120 - - [23/May/2023:06:18:06 -0500] "GET /public/.env HTTP/1.1" 404 1018
46.105.57.120 - - [23/May/2023:06:18:21 -0500] "GET /190.27.245.106/.env HTTP/1.1" 404 1018
46.105.57.120 - - [23/May/2023:06:18:34 -0500] "GET /app/.env HTTP/1.1" 404 1018
46.105.57.120 - - [23/May/2023:06:18:42 -0500] "GET /vendor/phpunit/phpunit/src/Util/PHP/eval-stdin.php HTTP/1.1" 404 1018
172.22.2.4 - - [23/May/2023:06:17:40 -0500] "HEAD /BLA/boletinlegal/ HTTP/1.1" 200 -
201.245.192.253 - - [23/May/2023:06:19:26 -0500] "POST /kwsrmcab/Wsrmcab HTTP/1.1" 200 43844
201.245.192.253 - - [23/May/2023:06:19:29 -0500] "POST /kwsrmcab/Wsrmcab HTTP/1.1" 200 43843
201.245.192.253 - - [23/May/2023:06:19:30 -0500] "POST /kwsrmcab/Wsrmcab  HTTP/1.1" 200 43978
172.22.2.4 - - [23/May/2023:06:18:31 -0500] "GET /BLA/boletinlegal/ HTTP/1.1" 200 52326
52.167.144.0 - - [23/May/2023:06:20:52 -0500] "GET /secretaria-de-ambiente-incrementa-evaluacion-y-seguimiento-al-arbolado-urbano.html HTTP/1.1" 200 933
216.245.221.92 - - [23/May/2023:06:20:55 -0500] "HEAD / HTTP/1.1" 200 -
66.249.66.84 - - [23/May/2023:06:21:34 -0500] "-" 408 -
52.167.144.0 - - [23/May/2023:06:22:14 -0500] "GET /red-de-calidad-hidrica-de-bogota-una-herramienta-para-monitorear-la-calidad-del-agua.html HTTP/1.1" 200 817
172.22.2.4 - - [23/May/2023:06:22:29 -0500] "GET /BLA/boletinlegal/js/popup.js HTTP/1.1" 200 1270
172.22.2.4 - - [23/May/2023:06:23:45 -0500] "GET /BLA/boletinlegal/js/jquery1.js HTTP/1.1" 200 29846
201.245.192.253 - - [23/May/2023:06:24:28 -0500] "POST /kwsrmcab/Wsrmcab  HTTP/1.1" 200 43978
172.22.2.4 - - [23/May/2023:06:23:30 -0500] "HEAD /BLA/boletinlegal/ HTTP/1.1" 200 -
40.77.167.146 - - [23/May/2023:06:25:16 -0500] "GET /BLA/resoluciones/AUTOS%202021/3143.pdf HTTP/1.1" 304 -
216.245.221.92 - - [23/May/2023:06:25:55 -0500] "HEAD / HTTP/1.1" 200 -
172.22.2.4 - - [23/May/2023:06:24:21 -0500] "GET /BLA/boletinlegal/ HTTP/1.1" 200 58663
173.252.107.24 - - [23/May/2023:06:27:34 -0500] "GET /secretaria-de-ambiente-adelanta-rehabilitacion-de-un-tayra-mamifero-entregado-en-bogota.html HTTP/1.1" 206 786
201.245.192.253 - - [23/May/2023:06:29:26 -0500] "POST /kwsrmcab/Wsrmcab HTTP/1.1" 200 43844
201.245.192.253 - - [23/May/2023:06:29:26 -0500] "POST /kwsrmcab/Wsrmcab  HTTP/1.1" 200 43978
201.245.192.253 - - [23/May/2023:06:29:29 -0500] "POST /kwsrmcab/Wsrmcab HTTP/1.1" 200 43843
172.22.2.4 - - [23/May/2023:06:29:44 -0500] "GET /BLA/boletinlegal/actos.php HTTP/1.1" 200 9682
172.22.2.4 - - [23/May/2023:06:30:01 -0500] "GET /BLA/boletinlegal/consulta_actos.php?tipo=resoluciones&no=1412&usuario=&sector=SILVICULTURA&fecha=2022&resuelve= HTTP/1.1" 200 1118
172.22.2.4 - - [23/May/2023:06:29:24 -0500] "GET /BLA/boletinlegal/ HTTP/1.1" 200 36811
216.245.221.92 - - [23/May/2023:06:30:55 -0500] "HEAD / HTTP/1.1" 200 -
172.22.2.4 - - [23/May/2023:06:29:20 -0500] "HEAD /BLA/boletinlegal/ HTTP/1.1" 200 -
172.22.2.4 - - [23/May/2023:06:30:11 -0500] "GET /BLA/boletinlegal/ HTTP/1.1" 200 57561
154.16.192.185 - - [23/May/2023:06:33:41 -0500] "GET /wp-login.php HTTP/1.1" 404 1018
201.245.192.253 - - [23/May/2023:06:34:25 -0500] "POST /kwsrmcab/Wsrmcab  HTTP/1.1" 200 43978
216.245.221.92 - - [23/May/2023:06:35:55 -0500] "HEAD / HTTP/1.1" 200 -
172.22.2.4 - - [23/May/2023:06:35:10 -0500] "HEAD /BLA/boletinlegal/ HTTP/1.1" 200 -
172.22.2.4 - - [23/May/2023:06:36:00 -0500] "GET /BLA/boletinlegal/ HTTP/1.1" 200 52326
201.245.192.253 - - [23/May/2023:06:39:24 -0500] "POST /kwsrmcab/Wsrmcab  HTTP/1.1" 200 43978
201.245.192.253 - - [23/May/2023:06:39:26 -0500] "POST /kwsrmcab/Wsrmcab HTTP/1.1" 200 43844
201.245.192.253 - - [23/May/2023:06:39:28 -0500] "POST /kwsrmcab/Wsrmcab HTTP/1.1" 200 43843
77.8.21.55 - - [23/May/2023:06:40:02 -0500] "GET /sipse/faces/index.xhtml HTTP/1.1" 200 677
77.8.21.55 - - [23/May/2023:06:40:02 -0500] "GET /sipse/faces/javax.faces.resource/theme.css?ln=primefaces-sipse HTTP/1.1" 304 -
77.8.21.55 - - [23/May/2023:06:40:02 -0500] "GET /sipse/faces/faces/autenticacion.xhtml HTTP/1.1" 200 12177
77.8.21.55 - - [23/May/2023:06:40:02 -0500] "GET /sipse/js/disable_browser_buttons.js HTTP/1.1" 304 -
77.8.21.55 - - [23/May/2023:06:40:03 -0500] "GET /sipse/css/custom_css_sg.css HTTP/1.1" 304 -
77.8.21.55 - - [23/May/2023:06:40:03 -0500] "GET /sipse/css/custom_css_sg_prime_login.css HTTP/1.1" 304 -
77.8.21.55 - - [23/May/2023:06:40:03 -0500] "GET /sipse/faces/javax.faces.resource/theme.css?ln=primefaces-sipse HTTP/1.1" 304 -
77.8.21.55 - - [23/May/2023:06:40:03 -0500] "GET /sipse/faces/javax.faces.resource/layout/layout.css?ln=primefaces&v=4.0 HTTP/1.1" 304 -
77.8.21.55 - - [23/May/2023:06:40:03 -0500] "GET /sipse/faces/javax.faces.resource/primefaces.css?ln=primefaces&v=4.0 HTTP/1.1" 304 -
77.8.21.55 - - [23/May/2023:06:40:03 -0500] "GET /sipse/js/funciones.js HTTP/1.1" 304 -
77.8.21.55 - - [23/May/2023:06:40:03 -0500] "GET /sipse/faces/javax.faces.resource/jquery/jquery.js?ln=primefaces&v=4.0 HTTP/1.1" 304 -
77.8.21.55 - - [23/May/2023:06:40:03 -0500] "GET /sipse/faces/javax.faces.resource/jquery/jquery-plugins.js?ln=primefaces&v=4.0 HTTP/1.1" 304 -
77.8.21.55 - - [23/May/2023:06:40:03 -0500] "GET /sipse/faces/javax.faces.resource/primefaces.js?ln=primefaces&v=4.0 HTTP/1.1" 304 -
77.8.21.55 - - [23/May/2023:06:40:03 -0500] "GET /sipse/faces/javax.faces.resource/layout/layout.js?ln=primefaces&v=4.0 HTTP/1.1" 304 -
77.8.21.55 - - [23/May/2023:06:40:03 -0500] "GET /sipse/css/imagen/loginimg.png HTTP/1.1" 304 -
77.8.21.55 - - [23/May/2023:06:40:03 -0500] "GET /sipse/css/imagen/logoSDG.png HTTP/1.1" 304 -
77.8.21.55 - - [23/May/2023:06:40:03 -0500] "GET /sipse/faces/javax.faces.resource/images/ui-icons_898989_256x240.png?ln=primefaces-aristo HTTP/1.1" 304 -
77.8.21.55 - - [23/May/2023:06:40:07 -0500] "POST /sipse/faces/autenticacion.xhtml HTTP/1.1" 200 2224
77.8.21.55 - - [23/May/2023:06:40:08 -0500] "GET /sipse/faces/javax.faces.resource/messages/messages.png?ln=primefaces&v=4.0 HTTP/1.1" 304 -
77.8.21.55 - - [23/May/2023:06:40:09 -0500] "POST /sipse/faces/autenticacion.xhtml HTTP/1.1" 200 16371
77.8.21.55 - - [23/May/2023:06:40:09 -0500] "GET /sipse/css/custom_css_sg_prime.css HTTP/1.1" 304 -
77.8.21.55 - - [23/May/2023:06:40:09 -0500] "GET /sipse/faces/javax.faces.resource/layout/layout.css?ln=primefaces&v=4.0 HTTP/1.1" 304 -
77.8.21.55 - - [23/May/2023:06:40:09 -0500] "GET /sipse/faces/javax.faces.resource/theme.css?ln=primefaces-sipse HTTP/1.1" 304 -
77.8.21.55 - - [23/May/2023:06:40:09 -0500] "GET /sipse/faces/javax.faces.resource/primefaces.css?ln=primefaces&v=4.0 HTTP/1.1" 304 -
77.8.21.55 - - [23/May/2023:06:40:09 -0500] "GET /sipse/js/jquery.min.js HTTP/1.1" 304 -
77.8.21.55 - - [23/May/2023:06:40:10 -0500] "GET /sipse/faces/javax.faces.resource/jquery/jquery.js?ln=primefaces&v=4.0 HTTP/1.1" 304 -
77.8.21.55 - - [23/May/2023:06:40:10 -0500] "GET /sipse/faces/javax.faces.resource/jquery/jquery-plugins.js?ln=primefaces&v=4.0 HTTP/1.1" 304 -
77.8.21.55 - - [23/May/2023:06:40:10 -0500] "GET /sipse/faces/javax.faces.resource/primefaces.js?ln=primefaces&v=4.0 HTTP/1.1" 304 -
77.8.21.55 - - [23/May/2023:06:40:10 -0500] "GET /sipse/faces/javax.faces.resource/layout/layout.js?ln=primefaces&v=4.0 HTTP/1.1" 304 -
77.8.21.55 - - [23/May/2023:06:40:11 -0500] "GET /sipse/imagenes/cargando.gif HTTP/1.1" 304 -
77.8.21.55 - - [23/May/2023:06:40:11 -0500] "GET /sipse/css/imagen/contrasena.png HTTP/1.1" 404 383
77.8.21.55 - - [23/May/2023:06:40:11 -0500] "GET /sipse/imagenes/logoAplicacion.jpg HTTP/1.1" 304 -
77.8.21.55 - - [23/May/2023:06:40:13 -0500] "GET /sipse/faces/javax.faces.resource/images/ui-bg_flat_0_2d5972_40x100.png?ln=primefaces-aristo HTTP/1.1" 304 -
77.8.21.55 - - [23/May/2023:06:40:13 -0500] "POST /sipse/faces/bienvenido.xhtml HTTP/1.1" 200 2658
77.8.21.55 - - [23/May/2023:06:40:14 -0500] "POST /sipse/faces/bienvenido.xhtml HTTP/1.1" 200 65526
77.8.21.55 - - [23/May/2023:06:40:16 -0500] "GET /sipse/faces/javax.faces.resource/layout/layout.css?ln=primefaces&v=4.0 HTTP/1.1" 304 -
77.8.21.55 - - [23/May/2023:06:40:16 -0500] "GET /sipse/faces/javax.faces.resource/theme.css?ln=primefaces-sipse HTTP/1.1" 304 -
77.8.21.55 - - [23/May/2023:06:40:16 -0500] "GET /sipse/faces/javax.faces.resource/primefaces.css?ln=primefaces&v=4.0 HTTP/1.1" 304 -
77.8.21.55 - - [23/May/2023:06:40:16 -0500] "GET /sipse/faces/javax.faces.resource/jquery/jquery.js?ln=primefaces&v=4.0 HTTP/1.1" 304 -
77.8.21.55 - - [23/May/2023:06:40:16 -0500] "GET /sipse/faces/javax.faces.resource/jquery/jquery-plugins.js?ln=primefaces&v=4.0 HTTP/1.1" 304 -
77.8.21.55 - - [23/May/2023:06:40:17 -0500] "GET /sipse/faces/javax.faces.resource/primefaces.js?ln=primefaces&v=4.0 HTTP/1.1" 304 -
77.8.21.55 - - [23/May/2023:06:40:17 -0500] "GET /sipse/faces/javax.faces.resource/layout/layout.js?ln=primefaces&v=4.0 HTTP/1.1" 304 -
77.8.21.55 - - [23/May/2023:06:40:17 -0500] "POST /sipse/faces/presentacion/financiero/solicitudProceso/listarSolicitudProceso.xhtml HTTP/1.1" 200 1556
77.8.21.55 - - [23/May/2023:06:40:23 -0500] "POST /sipse/faces/presentacion/financiero/solicitudProceso/listarSolicitudProceso.xhtml HTTP/1.1" 200 44565
77.8.21.55 - - [23/May/2023:06:40:24 -0500] "POST /sipse/faces/presentacion/financiero/solicitudProceso/listarSolicitudProceso.xhtml HTTP/1.1" 200 44561
77.8.21.55 - - [23/May/2023:06:40:26 -0500] "POST /sipse/faces/presentacion/financiero/solicitudProceso/listarSolicitudProceso.xhtml HTTP/1.1" 200 17658
77.8.21.55 - - [23/May/2023:06:40:30 -0500] "POST /sipse/faces/presentacion/financiero/solicitudProceso/listarSolicitudProceso.xhtml HTTP/1.1" 200 164426
77.8.21.55 - - [23/May/2023:06:40:32 -0500] "GET /sipse/faces/javax.faces.resource/theme.css?ln=primefaces-sipse HTTP/1.1" 304 -
77.8.21.55 - - [23/May/2023:06:40:32 -0500] "GET /sipse/faces/javax.faces.resource/jquery/jquery.js?ln=primefaces&v=4.0 HTTP/1.1" 304 -
77.8.21.55 - - [23/May/2023:06:40:32 -0500] "GET /sipse/faces/javax.faces.resource/primefaces.css?ln=primefaces&v=4.0 HTTP/1.1" 304 -
77.8.21.55 - - [23/May/2023:06:40:32 -0500] "GET /sipse/faces/javax.faces.resource/layout/layout.css?ln=primefaces&v=4.0 HTTP/1.1" 304 -
77.8.21.55 - - [23/May/2023:06:40:32 -0500] "GET /sipse/faces/javax.faces.resource/jquery/jquery-plugins.js?ln=primefaces&v=4.0 HTTP/1.1" 304 -
77.8.21.55 - - [23/May/2023:06:40:33 -0500] "GET /sipse/faces/javax.faces.resource/primefaces.js?ln=primefaces&v=4.0 HTTP/1.1" 304 -
77.8.21.55 - - [23/May/2023:06:40:33 -0500] "GET /sipse/faces/javax.faces.resource/layout/layout.js?ln=primefaces&v=4.0 HTTP/1.1" 304 -
77.8.21.55 - - [23/May/2023:06:40:38 -0500] "POST /sipse/faces/presentacion/financiero/solicitudProceso/consultarSolicitudProceso.xhtml HTTP/1.1" 200 392482
216.245.221.92 - - [23/May/2023:06:40:55 -0500] "HEAD / HTTP/1.1" 200 -
157.55.39.210 - - [23/May/2023:06:41:11 -0500] "GET /BLA/resoluciones/AUTOS%202021/6558.pdf HTTP/1.1" 304 -
77.8.21.55 - - [23/May/2023:06:42:15 -0500] "POST /sipse/faces/presentacion/financiero/solicitudProceso/consultarSolicitudProceso.xhtml HTTP/1.1" 200 392482
69.63.184.116 - - [23/May/2023:06:42:32 -0500] "GET /postulate-al-programa-de-mujeres-por-el-cambio-climatico-en-bogota.html HTTP/1.1" 206 856
190.27.104.233 - - [23/May/2023:06:42:32 -0500] "GET /postulate-al-programa-de-mujeres-por-el-cambio-climatico-en-bogota.html?fbclid=IwAR1M5khonSOAdbOhhwpxFWri7CLkDjamFh-4eDK4gsP4eBMaY_uxu8adji0 HTTP/1.1" 200 856
69.63.184.1 - - [23/May/2023:06:42:33 -0500] "GET /postulate-al-programa-de-mujeres-por-el-cambio-climatico-en-bogota.html HTTP/1.1" 206 856
201.184.66.98 - - [23/May/2023:06:42:35 -0500] "GET /BLA/resoluciones/AUTOS%202023/1405.pdf HTTP/1.1" 200 2448085
201.184.66.98 - - [23/May/2023:06:42:39 -0500] "GET /BLA/resoluciones/AUTOS%202023/7216.pdf HTTP/1.1" 200 348845
172.22.2.4 - - [23/May/2023:06:41:00 -0500] "HEAD /BLA/boletinlegal/ HTTP/1.1" 200 -
172.22.2.4 - - [23/May/2023:06:42:44 -0500] "GET /BLA/boletinlegal/actos.php HTTP/1.1" 200 9682
172.22.2.4 - - [23/May/2023:06:42:44 -0500] "GET /BLA/boletinlegal/js/ajax_actos.js HTTP/1.1" 200 1322
172.22.2.4 - - [23/May/2023:06:42:44 -0500] "GET /BLA/boletinlegal/niceforms.js HTTP/1.1" 200 22876
172.22.2.4 - - [23/May/2023:06:42:44 -0500] "GET /BLA/boletinlegal/niceforms-default.css HTTP/1.1" 200 6694
172.22.2.4 - - [23/May/2023:06:42:44 -0500] "GET /BLA/boletinlegal/styles2.css HTTP/1.1" 200 1838
172.22.2.4 - - [23/May/2023:06:42:44 -0500] "GET /BLA/boletinlegal/style.css HTTP/1.1" 200 9406
172.22.2.4 - - [23/May/2023:06:42:44 -0500] "GET /BLA/boletinlegal/js/lib.js HTTP/1.1" 200 6474
172.22.2.4 - - [23/May/2023:06:42:44 -0500] "GET /BLA/boletinlegal/js/popup.js HTTP/1.1" 200 1270
172.22.2.4 - - [23/May/2023:06:42:44 -0500] "GET /BLA/boletinlegal/js/jquery1.js HTTP/1.1" 200 29846
172.22.2.4 - - [23/May/2023:06:42:44 -0500] "GET /BLA/boletinlegal/images/cabezote%20BLEGAL.jpg HTTP/1.1" 200 118164
172.22.2.4 - - [23/May/2023:06:42:44 -0500] "GET /BLA/boletinlegal/images/subscribe-icon-big.png HTTP/1.1" 200 47702
172.22.2.4 - - [23/May/2023:06:42:44 -0500] "GET /BLA/boletinlegal/images/historia.png HTTP/1.1" 200 52775
172.22.2.4 - - [23/May/2023:06:42:44 -0500] "GET /BLA/boletinlegal/images/registro-usuarios.png HTTP/1.1" 200 8106
172.22.2.4 - - [23/May/2023:06:42:44 -0500] "GET /BLA/boletinlegal/images/green-yellow-blue-pink-th.png HTTP/1.1" 200 7394
172.22.2.4 - - [23/May/2023:06:42:44 -0500] "GET /BLA/boletinlegal/images/tel.png HTTP/1.1" 200 14477
172.22.2.4 - - [23/May/2023:06:42:44 -0500] "GET /BLA/boletinlegal/images/icono-email.png HTTP/1.1" 200 5544
172.22.2.4 - - [23/May/2023:06:42:45 -0500] "GET /BLA/boletinlegal/images/body_bg.jpg HTTP/1.1" 200 1601
172.22.2.4 - - [23/May/2023:06:42:45 -0500] "GET /BLA/boletinlegal/images/menu_lft.gif HTTP/1.1" 200 1713
172.22.2.4 - - [23/May/2023:06:42:45 -0500] "GET /BLA/boletinlegal/images/footer_bg.jpg HTTP/1.1" 200 586
172.22.2.4 - - [23/May/2023:06:42:45 -0500] "GET /BLA/boletinlegal/images/menu_rght.gif HTTP/1.1" 200 1627
172.22.2.4 - - [23/May/2023:06:42:45 -0500] "GET /BLA/boletinlegal/images/bg_top.jpg HTTP/1.1" 200 522
172.22.2.4 - - [23/May/2023:06:42:45 -0500] "GET /BLA/boletinlegal/images/text.jpg HTTP/1.1" 200 568
172.22.2.4 - - [23/May/2023:06:42:45 -0500] "GET /BLA/boletinlegal/images/menu_bg.jpg HTTP/1.1" 200 620
172.22.2.4 - - [23/May/2023:06:42:45 -0500] "GET /BLA/boletinlegal/images/hover.jpg HTTP/1.1" 200 640
172.22.2.4 - - [23/May/2023:06:42:45 -0500] "GET /BLA/boletinlegal/images/footer_bg_l.jpg HTTP/1.1" 200 776
172.22.2.4 - - [23/May/2023:06:42:45 -0500] "GET /BLA/boletinlegal/img/0.png HTTP/1.1" 200 110
172.22.2.4 - - [23/May/2023:06:42:45 -0500] "GET /BLA/boletinlegal/img/select-left.png HTTP/1.1" 200 263
172.22.2.4 - - [23/May/2023:06:42:45 -0500] "GET /BLA/boletinlegal/img/select-right.png HTTP/1.1" 200 44019
172.22.2.4 - - [23/May/2023:06:42:45 -0500] "GET /BLA/boletinlegal/img/button.png HTTP/1.1" 200 43241
172.22.2.4 - - [23/May/2023:06:42:45 -0500] "GET /BLA/boletinlegal/img/button-right.png HTTP/1.1" 200 57878
172.22.2.4 - - [23/May/2023:06:42:45 -0500] "GET /BLA/boletinlegal/img/button-left.png HTTP/1.1" 200 57071
172.22.2.4 - - [23/May/2023:06:42:45 -0500] "GET /BLA/boletinlegal/favicon.ico HTTP/1.1" 404 1326
77.8.21.55 - - [23/May/2023:06:43:24 -0500] "GET /sipse/faces/javax.faces.resource/theme.css?ln=primefaces-sipse HTTP/1.1" 304 -
77.8.21.55 - - [23/May/2023:06:43:24 -0500] "GET /sipse/faces/javax.faces.resource/primefaces.css?ln=primefaces&v=4.0 HTTP/1.1" 304 -
77.8.21.55 - - [23/May/2023:06:43:24 -0500] "GET /sipse/faces/javax.faces.resource/layout/layout.css?ln=primefaces&v=4.0 HTTP/1.1" 304 -
77.8.21.55 - - [23/May/2023:06:43:24 -0500] "GET /sipse/faces/javax.faces.resource/jquery/jquery-plugins.js?ln=primefaces&v=4.0 HTTP/1.1" 304 -
77.8.21.55 - - [23/May/2023:06:43:24 -0500] "GET /sipse/faces/javax.faces.resource/jquery/jquery.js?ln=primefaces&v=4.0 HTTP/1.1" 304 -
77.8.21.55 - - [23/May/2023:06:43:24 -0500] "GET /sipse/faces/javax.faces.resource/primefaces.js?ln=primefaces&v=4.0 HTTP/1.1" 304 -
77.8.21.55 - - [23/May/2023:06:43:23 -0500] "POST /sipse/faces/presentacion/financiero/solicitudProceso/consultarSolicitudProceso.xhtml HTTP/1.1" 200 40883
77.8.21.55 - - [23/May/2023:06:43:24 -0500] "GET /sipse/faces/javax.faces.resource/layout/layout.js?ln=primefaces&v=4.0 HTTP/1.1" 304 -
77.8.21.55 - - [23/May/2023:06:43:25 -0500] "POST /sipse/faces/presentacion/financiero/solicitudProceso/listarSolicitudProceso.xhtml HTTP/1.1" 200 1392
77.8.21.55 - - [23/May/2023:06:43:26 -0500] "POST /sipse/faces/presentacion/financiero/solicitudProceso/listarSolicitudProceso.xhtml HTTP/1.1" 200 1400
77.8.21.55 - - [23/May/2023:06:43:30 -0500] "POST /sipse/faces/presentacion/financiero/solicitudProceso/listarSolicitudProceso.xhtml HTTP/1.1" 200 17647
172.22.2.4 - - [23/May/2023:06:41:50 -0500] "GET /BLA/boletinlegal/ HTTP/1.1" 200 57945
77.8.21.55 - - [23/May/2023:06:43:38 -0500] "POST /sipse/faces/presentacion/financiero/solicitudProceso/listarSolicitudProceso.xhtml HTTP/1.1" 200 17627
173.252.83.2 - - [23/May/2023:06:43:42 -0500] "GET /images/calidad-aire-2-marzo-1_optimized.jpeg HTTP/1.1" 200 51562
69.63.184.5 - - [23/May/2023:06:44:06 -0500] "GET /distrito-levanta-alerta-fase-1-por-calidad-del-aire-en-bogota-llamado-a-no-bajar-la-guardia-y-seguir-reduciendo-emisiones.html HTTP/1.1" 200 908
201.245.192.253 - - [23/May/2023:06:44:23 -0500] "POST /kwsrmcab/Wsrmcab  HTTP/1.1" 200 43978
172.22.2.4 - - [23/May/2023:06:44:41 -0500] "GET /BLA/boletinlegal/ HTTP/1.1" 200 20427
40.77.167.97 - - [23/May/2023:06:45:59 -0500] "GET /BLA/resoluciones/AUTOS%202022/2178.pdf HTTP/1.1" 304 -
77.8.21.55 - - [23/May/2023:06:46:02 -0500] "POST /sipse/faces/presentacion/financiero/solicitudProceso/listarSolicitudProceso.xhtml HTTP/1.1" 200 44627
77.8.21.55 - - [23/May/2023:06:46:04 -0500] "POST /sipse/faces/presentacion/financiero/solicitudProceso/listarSolicitudProceso.xhtml HTTP/1.1" 200 44603
77.8.21.55 - - [23/May/2023:06:46:05 -0500] "POST /sipse/faces/presentacion/financiero/solicitudProceso/listarSolicitudProceso.xhtml HTTP/1.1" 200 44209
77.8.21.55 - - [23/May/2023:06:46:06 -0500] "POST /sipse/faces/presentacion/financiero/solicitudProceso/listarSolicitudProceso.xhtml HTTP/1.1" 200 44603
77.8.21.55 - - [23/May/2023:06:46:10 -0500] "POST /sipse/faces/presentacion/financiero/solicitudProceso/listarSolicitudProceso.xhtml HTTP/1.1" 200 17675
172.22.2.4 - - [23/May/2023:06:46:50 -0500] "HEAD /BLA/boletinlegal/ HTTP/1.1" 200 -
157.55.39.210 - - [23/May/2023:06:48:32 -0500] "GET /BLA/resoluciones/AUTOS%202020/1960.pdf HTTP/1.1" 200 377005
190.73.145.250 - - [23/May/2023:06:48:45 -0500] "GET /galeria/galeria/jquery.fancybox.css?v=2.1.5 HTTP/1.1" 200 4895
190.73.145.250 - - [23/May/2023:06:48:45 -0500] "GET /galeria/galeria/jquery.fancybox.js?v=2.1.5 HTTP/1.1" 200 48706
136.243.11.34 - - [23/May/2023:06:49:04 -0500] "GET /ciudadana-recupera-en-vias-de-cundinamarca-halcon-herido-y-lo-entrega-a-las-autoridades-en-bogota.html HTTP/1.1" 200 739
172.22.2.4 - - [23/May/2023:06:47:40 -0500] "GET /BLA/boletinlegal/ HTTP/1.1" 200 53924
201.245.192.253 - - [23/May/2023:06:49:22 -0500] "POST /kwsrmcab/Wsrmcab  HTTP/1.1" 200 43978
216.245.221.92 - - [23/May/2023:06:50:27 -0500] "HEAD / HTTP/1.1" 200 -
52.167.144.46 - - [23/May/2023:06:51:23 -0500] "GET /mujeres-que-reverdecen-secretaria-de-ambiente-anuncia-300-cupos-para-la-tercera-fase-del-programa.html HTTP/1.1" 200 823
40.77.167.146 - - [23/May/2023:06:51:59 -0500] "GET /BLA/resoluciones/AUTOS%202010/2284.pdf HTTP/1.1" 304 -
52.167.144.71 - - [23/May/2023:06:53:48 -0500] "GET /images/servicios-ambientales_optimized.jpeg HTTP/1.1" 200 195222
172.22.2.4 - - [23/May/2023:06:52:40 -0500] "HEAD /BLA/boletinlegal/ HTTP/1.1" 200 -
201.245.192.253 - - [23/May/2023:06:54:21 -0500] "POST /kwsrmcab/Wsrmcab  HTTP/1.1" 200 43978
172.22.2.4 - - [23/May/2023:06:53:30 -0500] "GET /BLA/boletinlegal/ HTTP/1.1" 200 57561
216.245.221.92 - - [23/May/2023:06:55:27 -0500] "HEAD / HTTP/1.1" 200 -
40.77.167.146 - - [23/May/2023:06:55:59 -0500] "GET /BLA/resoluciones/index.php?dir=RESOLUCIONES+2005%2FRES+2005++1601-1650%2F HTTP/1.1" 200 12426
157.55.39.210 - - [23/May/2023:06:56:13 -0500] "GET /BLA/resoluciones/dlf/styles.css HTTP/1.1" 200 3049
172.22.2.4 - - [23/May/2023:06:55:50 -0500] "GET /BLA/boletinlegal/ HTTP/1.1" 200 61759
201.245.192.253 - - [23/May/2023:06:57:35 -0500] "GET /sipse/js/disable_browser_buttons.js HTTP/1.1" 304 -
201.245.192.253 - - [23/May/2023:06:57:35 -0500] "GET /sipse/js/funciones.js HTTP/1.1" 304 -
201.245.192.253 - - [23/May/2023:06:57:35 -0500] "GET /sipse/css/custom_css_sg.css HTTP/1.1" 304 -
201.245.192.253 - - [23/May/2023:06:57:36 -0500] "GET /sipse/css/custom_css_sg_prime_login.css HTTP/1.1" 304 -
201.245.192.253 - - [23/May/2023:06:57:36 -0500] "GET /sipse/faces/javax.faces.resource/theme.css?ln=primefaces-sipse HTTP/1.1" 304 -
201.245.192.253 - - [23/May/2023:06:57:36 -0500] "GET /sipse/faces/javax.faces.resource/primefaces.css?ln=primefaces&v=4.0 HTTP/1.1" 304 -
201.245.192.253 - - [23/May/2023:06:57:36 -0500] "GET /sipse/faces/javax.faces.resource/layout/layout.css?ln=primefaces&v=4.0 HTTP/1.1" 304 -
201.245.192.253 - - [23/May/2023:06:57:36 -0500] "GET /sipse/faces/javax.faces.resource/jquery/jquery.js?ln=primefaces&v=4.0 HTTP/1.1" 304 -
201.245.192.253 - - [23/May/2023:06:57:36 -0500] "GET /sipse/faces/javax.faces.resource/jquery/jquery-plugins.js?ln=primefaces&v=4.0 HTTP/1.1" 304 -
201.245.192.253 - - [23/May/2023:06:57:36 -0500] "GET /sipse/faces/javax.faces.resource/primefaces.js?ln=primefaces&v=4.0 HTTP/1.1" 304 -
201.245.192.253 - - [23/May/2023:06:57:36 -0500] "GET /sipse/faces/javax.faces.resource/layout/layout.js?ln=primefaces&v=4.0 HTTP/1.1" 304 -
201.245.192.253 - - [23/May/2023:06:57:36 -0500] "GET /sipse/css/imagen/logoSDG.png HTTP/1.1" 304 -
201.245.192.253 - - [23/May/2023:06:57:36 -0500] "GET /sipse/css/imagen/loginimg.png HTTP/1.1" 304 -
201.245.192.253 - - [23/May/2023:06:57:36 -0500] "GET /sipse/faces/javax.faces.resource/images/ui-icons_898989_256x240.png?ln=primefaces-aristo HTTP/1.1" 304 -
201.245.192.253 - - [23/May/2023:06:57:37 -0500] "GET /sipse/faces/faces/faces/faces/faces/index.xhtml HTTP/1.1" 200 677
201.245.192.253 - - [23/May/2023:06:57:38 -0500] "GET /sipse/faces/javax.faces.resource/theme.css?ln=primefaces-sipse HTTP/1.1" 304 -
201.245.192.253 - - [23/May/2023:06:57:38 -0500] "GET /sipse/faces/faces/faces/faces/faces/faces/autenticacion.xhtml HTTP/1.1" 200 12177
201.245.192.253 - - [23/May/2023:06:57:39 -0500] "GET /sipse/faces/javax.faces.resource/theme.css?ln=primefaces-sipse HTTP/1.1" 304 -
201.245.192.253 - - [23/May/2023:06:57:39 -0500] "GET /sipse/faces/javax.faces.resource/primefaces.css?ln=primefaces&v=4.0 HTTP/1.1" 304 -
201.245.192.253 - - [23/May/2023:06:57:39 -0500] "GET /sipse/faces/javax.faces.resource/layout/layout.css?ln=primefaces&v=4.0 HTTP/1.1" 304 -
201.245.192.253 - - [23/May/2023:06:57:39 -0500] "GET /sipse/faces/javax.faces.resource/jquery/jquery.js?ln=primefaces&v=4.0 HTTP/1.1" 304 -
201.245.192.253 - - [23/May/2023:06:57:39 -0500] "GET /sipse/faces/javax.faces.resource/layout/layout.js?ln=primefaces&v=4.0 HTTP/1.1" 304 -
201.245.192.253 - - [23/May/2023:06:57:39 -0500] "GET /sipse/faces/javax.faces.resource/primefaces.js?ln=primefaces&v=4.0 HTTP/1.1" 304 -
201.245.192.253 - - [23/May/2023:06:57:39 -0500] "GET /sipse/faces/javax.faces.resource/jquery/jquery-plugins.js?ln=primefaces&v=4.0 HTTP/1.1" 304 -
201.245.192.253 - - [23/May/2023:06:57:39 -0500] "GET /sipse/faces/javax.faces.resource/images/ui-icons_898989_256x240.png?ln=primefaces-aristo HTTP/1.1" 304 -
201.245.192.253 - - [23/May/2023:06:58:09 -0500] "GET /sipse/faces/faces/faces/autenticacion.xhtml HTTP/1.1" 200 12177
201.245.192.253 - - [23/May/2023:06:58:09 -0500] "GET /sipse/faces/javax.faces.resource/primefaces.css?ln=primefaces&v=4.0 HTTP/1.1" 304 -
201.245.192.253 - - [23/May/2023:06:58:09 -0500] "GET /sipse/faces/javax.faces.resource/theme.css?ln=primefaces-sipse HTTP/1.1" 304 -
201.245.192.253 - - [23/May/2023:06:58:09 -0500] "GET /sipse/faces/javax.faces.resource/layout/layout.css?ln=primefaces&v=4.0 HTTP/1.1" 304 -
201.245.192.253 - - [23/May/2023:06:58:09 -0500] "GET /sipse/faces/javax.faces.resource/jquery/jquery.js?ln=primefaces&v=4.0 HTTP/1.1" 304 -
201.245.192.253 - - [23/May/2023:06:58:09 -0500] "GET /sipse/faces/javax.faces.resource/jquery/jquery-plugins.js?ln=primefaces&v=4.0 HTTP/1.1" 304 -
201.245.192.253 - - [23/May/2023:06:58:09 -0500] "GET /sipse/faces/javax.faces.resource/primefaces.js?ln=primefaces&v=4.0 HTTP/1.1" 304 -
201.245.192.253 - - [23/May/2023:06:58:09 -0500] "GET /sipse/faces/javax.faces.resource/layout/layout.js?ln=primefaces&v=4.0 HTTP/1.1" 304 -
201.245.192.253 - - [23/May/2023:06:58:09 -0500] "GET /sipse/faces/javax.faces.resource/images/ui-icons_898989_256x240.png?ln=primefaces-aristo HTTP/1.1" 304 -
201.245.192.253 - - [23/May/2023:06:58:09 -0500] "GET /sipse/faces/faces/faces/index.xhtml HTTP/1.1" 200 677
201.245.192.253 - - [23/May/2023:06:58:10 -0500] "GET /sipse/faces/javax.faces.resource/theme.css?ln=primefaces-sipse HTTP/1.1" 304 -
201.245.192.253 - - [23/May/2023:06:58:10 -0500] "GET /sipse/faces/faces/faces/faces/autenticacion.xhtml HTTP/1.1" 200 12177
201.245.192.253 - - [23/May/2023:06:58:10 -0500] "GET /sipse/faces/javax.faces.resource/theme.css?ln=primefaces-sipse HTTP/1.1" 304 -
201.245.192.253 - - [23/May/2023:06:58:10 -0500] "GET /sipse/faces/javax.faces.resource/primefaces.css?ln=primefaces&v=4.0 HTTP/1.1" 304 -
201.245.192.253 - - [23/May/2023:06:58:10 -0500] "GET /sipse/faces/javax.faces.resource/jquery/jquery.js?ln=primefaces&v=4.0 HTTP/1.1" 304 -
201.245.192.253 - - [23/May/2023:06:58:10 -0500] "GET /sipse/faces/javax.faces.resource/layout/layout.css?ln=primefaces&v=4.0 HTTP/1.1" 304 -
201.245.192.253 - - [23/May/2023:06:58:10 -0500] "GET /sipse/faces/javax.faces.resource/primefaces.js?ln=primefaces&v=4.0 HTTP/1.1" 304 -
201.245.192.253 - - [23/May/2023:06:58:10 -0500] "GET /sipse/faces/javax.faces.resource/jquery/jquery-plugins.js?ln=primefaces&v=4.0 HTTP/1.1" 304 -
201.245.192.253 - - [23/May/2023:06:58:10 -0500] "GET /sipse/faces/javax.faces.resource/layout/layout.js?ln=primefaces&v=4.0 HTTP/1.1" 304 -
201.245.192.253 - - [23/May/2023:06:58:10 -0500] "GET /sipse/faces/javax.faces.resource/images/ui-icons_898989_256x240.png?ln=primefaces-aristo HTTP/1.1" 304 -
172.22.2.4 - - [23/May/2023:06:58:17 -0500] "GET /BLA/boletinlegal/aab9 HTTP/1.1" 404 1018
172.22.2.4 - - [23/May/2023:06:58:17 -0500] "GET /BLA/boletinlegal/aaa9 HTTP/1.1" 404 1018
201.245.192.253 - - [23/May/2023:06:58:18 -0500] "POST /sipse/faces/autenticacion.xhtml HTTP/1.1" 200 2224
201.245.192.253 - - [23/May/2023:06:58:18 -0500] "GET /sipse/faces/javax.faces.resource/messages/messages.png?ln=primefaces&v=4.0 HTTP/1.1" 304 -
201.245.192.253 - - [23/May/2023:06:58:19 -0500] "POST /sipse/faces/autenticacion.xhtml HTTP/1.1" 200 16371
201.245.192.253 - - [23/May/2023:06:58:19 -0500] "GET /sipse/css/custom_css_sg_prime.css HTTP/1.1" 304 -
201.245.192.253 - - [23/May/2023:06:58:19 -0500] "GET /sipse/faces/javax.faces.resource/theme.css?ln=primefaces-sipse HTTP/1.1" 304 -
201.245.192.253 - - [23/May/2023:06:58:19 -0500] "GET /sipse/faces/javax.faces.resource/layout/layout.css?ln=primefaces&v=4.0 HTTP/1.1" 304 -
201.245.192.253 - - [23/May/2023:06:58:19 -0500] "GET /sipse/faces/javax.faces.resource/primefaces.css?ln=primefaces&v=4.0 HTTP/1.1" 304 -
201.245.192.253 - - [23/May/2023:06:58:19 -0500] "GET /sipse/js/jquery.min.js HTTP/1.1" 304 -
201.245.192.253 - - [23/May/2023:06:58:20 -0500] "GET /sipse/faces/javax.faces.resource/jquery/jquery.js?ln=primefaces&v=4.0 HTTP/1.1" 304 -
201.245.192.253 - - [23/May/2023:06:58:20 -0500] "GET /sipse/faces/javax.faces.resource/jquery/jquery-plugins.js?ln=primefaces&v=4.0 HTTP/1.1" 304 -
201.245.192.253 - - [23/May/2023:06:58:20 -0500] "GET /sipse/faces/javax.faces.resource/primefaces.js?ln=primefaces&v=4.0 HTTP/1.1" 304 -
201.245.192.253 - - [23/May/2023:06:58:20 -0500] "GET /sipse/faces/javax.faces.resource/layout/layout.js?ln=primefaces&v=4.0 HTTP/1.1" 304 -
201.245.192.253 - - [23/May/2023:06:58:20 -0500] "GET /sipse/imagenes/cargando.gif HTTP/1.1" 304 -
201.245.192.253 - - [23/May/2023:06:58:20 -0500] "GET /sipse/imagenes/logoAplicacion.jpg HTTP/1.1" 304 -
201.245.192.253 - - [23/May/2023:06:58:20 -0500] "GET /sipse/css/imagen/contrasena.png HTTP/1.1" 404 383
201.245.192.253 - - [23/May/2023:06:58:22 -0500] "GET /sipse/faces/javax.faces.resource/images/ui-bg_flat_0_2d5972_40x100.png?ln=primefaces-aristo HTTP/1.1" 304 -
201.245.192.253 - - [23/May/2023:06:58:22 -0500] "POST /sipse/faces/bienvenido.xhtml HTTP/1.1" 200 2658
201.245.192.253 - - [23/May/2023:06:58:22 -0500] "POST /sipse/faces/bienvenido.xhtml HTTP/1.1" 200 65526
201.245.192.253 - - [23/May/2023:06:58:24 -0500] "GET /sipse/faces/javax.faces.resource/theme.css?ln=primefaces-sipse HTTP/1.1" 304 -
201.245.192.253 - - [23/May/2023:06:58:24 -0500] "GET /sipse/faces/javax.faces.resource/layout/layout.css?ln=primefaces&v=4.0 HTTP/1.1" 304 -
201.245.192.253 - - [23/May/2023:06:58:24 -0500] "GET /sipse/faces/javax.faces.resource/primefaces.css?ln=primefaces&v=4.0 HTTP/1.1" 304 -
201.245.192.253 - - [23/May/2023:06:58:24 -0500] "GET /sipse/faces/javax.faces.resource/jquery/jquery.js?ln=primefaces&v=4.0 HTTP/1.1" 304 -
201.245.192.253 - - [23/May/2023:06:58:24 -0500] "GET /sipse/faces/javax.faces.resource/jquery/jquery-plugins.js?ln=primefaces&v=4.0 HTTP/1.1" 304 -
201.245.192.253 - - [23/May/2023:06:58:24 -0500] "GET /sipse/faces/javax.faces.resource/primefaces.js?ln=primefaces&v=4.0 HTTP/1.1" 304 -
201.245.192.253 - - [23/May/2023:06:58:24 -0500] "GET /sipse/faces/javax.faces.resource/layout/layout.js?ln=primefaces&v=4.0 HTTP/1.1" 304 -
201.245.192.253 - - [23/May/2023:06:58:24 -0500] "POST /sipse/faces/presentacion/financiero/solicitudProceso/listarSolicitudProceso.xhtml HTTP/1.1" 200 1556
172.22.2.4 - - [23/May/2023:06:58:17 -0500] "GET /BLA/boletinlegal/ HTTP/1.1" 200 24523
172.22.2.4 - - [23/May/2023:06:58:57 -0500] "GET /BLA/boletinlegal/ab2g HTTP/1.1" 404 1018
172.22.2.4 - - [23/May/2023:06:58:58 -0500] "GET /BLA/boletinlegal/ab2h HTTP/1.1" 404 1018
172.22.2.4 - - [23/May/2023:06:59:17 -0500] "GET /BLA/boletinlegal/t4 HTTP/1.1" 404 1018
172.22.2.4 - - [23/May/2023:06:59:19 -0500] "GET /BLA/boletinlegal/favicon.ico HTTP/1.1" 404 1018
201.245.192.253 - - [23/May/2023:06:59:20 -0500] "POST /kwsrmcab/Wsrmcab  HTTP/1.1" 200 43978
172.22.2.4 - - [23/May/2023:06:59:06 -0500] "GET /BLA/boletinlegal/ HTTP/1.1" 200 28619
172.22.2.4 - - [23/May/2023:06:58:30 -0500] "HEAD /BLA/boletinlegal/ HTTP/1.1" 200 -
216.245.221.92 - - [23/May/2023:07:00:27 -0500] "HEAD / HTTP/1.1" 200 -
172.22.2.4 - - [23/May/2023:06:59:20 -0500] "GET /BLA/boletinlegal/ HTTP/1.1" 200 55221
192.168.171.117 - - [23/May/2023:07:01:18 -0500] "GET /BLA/boletinlegal/actos.php HTTP/1.1" 200 9682
192.168.171.117 - - [23/May/2023:07:01:17 -0500] "GET /BLA/boletinlegal/index.php HTTP/1.1" 200 16331
40.77.167.146 - - [23/May/2023:07:03:20 -0500] "GET /BLA/resoluciones/AUTOS%202018/0239.pdf HTTP/1.1" 304 -
162.55.167.166 - - [23/May/2023:07:03:46 -0500] "GET / HTTP/1.1" 200 319
201.245.192.253 - - [23/May/2023:07:04:19 -0500] "POST /kwsrmcab/Wsrmcab  HTTP/1.1" 200 43978
77.8.21.55 - - [23/May/2023:07:04:54 -0500] "POST /sipse/faces/presentacion/financiero/solicitudProceso/listarSolicitudProceso.xhtml HTTP/1.1" 200 44553
77.8.21.55 - - [23/May/2023:07:04:55 -0500] "POST /sipse/faces/presentacion/financiero/solicitudProceso/listarSolicitudProceso.xhtml HTTP/1.1" 200 44573
77.8.21.55 - - [23/May/2023:07:04:56 -0500] "POST /sipse/faces/presentacion/financiero/solicitudProceso/listarSolicitudProceso.xhtml HTTP/1.1" 200 17686
77.8.21.55 - - [23/May/2023:07:05:03 -0500] "POST /sipse/faces/presentacion/financiero/solicitudProceso/listarSolicitudProceso.xhtml HTTP/1.1" 200 137516
77.8.21.55 - - [23/May/2023:07:05:04 -0500] "GET /sipse/faces/javax.faces.resource/theme.css?ln=primefaces-sipse HTTP/1.1" 304 -
77.8.21.55 - - [23/May/2023:07:05:05 -0500] "GET /sipse/faces/javax.faces.resource/jquery/jquery.js?ln=primefaces&v=4.0 HTTP/1.1" 304 -
77.8.21.55 - - [23/May/2023:07:05:05 -0500] "GET /sipse/faces/javax.faces.resource/primefaces.css?ln=primefaces&v=4.0 HTTP/1.1" 304 -
77.8.21.55 - - [23/May/2023:07:05:05 -0500] "GET /sipse/css/imagen/contrasena.png HTTP/1.1" 404 383
77.8.21.55 - - [23/May/2023:07:05:05 -0500] "GET /sipse/faces/javax.faces.resource/layout/layout.css?ln=primefaces&v=4.0 HTTP/1.1" 304 -
77.8.21.55 - - [23/May/2023:07:05:05 -0500] "GET /sipse/faces/javax.faces.resource/jquery/jquery-plugins.js?ln=primefaces&v=4.0 HTTP/1.1" 304 -
77.8.21.55 - - [23/May/2023:07:05:05 -0500] "GET /sipse/faces/javax.faces.resource/primefaces.js?ln=primefaces&v=4.0 HTTP/1.1" 304 -
77.8.21.55 - - [23/May/2023:07:05:05 -0500] "GET /sipse/faces/javax.faces.resource/layout/layout.js?ln=primefaces&v=4.0 HTTP/1.1" 304 -
77.8.21.55 - - [23/May/2023:07:05:06 -0500] "GET /sipse/faces/javax.faces.resource/images/ui-icons_898989_256x240.png?ln=primefaces-aristo HTTP/1.1" 304 -
77.8.21.55 - - [23/May/2023:07:05:14 -0500] "GET /sipse/faces/javax.faces.resource/primefaces.css?ln=primefaces&v=4.0 HTTP/1.1" 304 -
77.8.21.55 - - [23/May/2023:07:05:14 -0500] "GET /sipse/faces/javax.faces.resource/theme.css?ln=primefaces-sipse HTTP/1.1" 304 -
77.8.21.55 - - [23/May/2023:07:05:14 -0500] "GET /sipse/faces/javax.faces.resource/layout/layout.css?ln=primefaces&v=4.0 HTTP/1.1" 304 -
77.8.21.55 - - [23/May/2023:07:05:14 -0500] "GET /sipse/faces/javax.faces.resource/jquery/jquery.js?ln=primefaces&v=4.0 HTTP/1.1" 304 -
77.8.21.55 - - [23/May/2023:07:05:14 -0500] "GET /sipse/faces/javax.faces.resource/jquery/jquery-plugins.js?ln=primefaces&v=4.0 HTTP/1.1" 304 -
77.8.21.55 - - [23/May/2023:07:05:14 -0500] "GET /sipse/faces/javax.faces.resource/layout/layout.js?ln=primefaces&v=4.0 HTTP/1.1" 304 -
77.8.21.55 - - [23/May/2023:07:05:14 -0500] "GET /sipse/faces/javax.faces.resource/primefaces.js?ln=primefaces&v=4.0 HTTP/1.1" 304 -
77.8.21.55 - - [23/May/2023:07:05:15 -0500] "GET /sipse/css/imagen/contrasena.png HTTP/1.1" 404 383
77.8.21.55 - - [23/May/2023:07:05:14 -0500] "POST /sipse/faces/presentacion/financiero/solicitudProceso/consultarSolicitudProceso.xhtml HTTP/1.1" 200 37683
77.8.21.55 - - [23/May/2023:07:05:37 -0500] "GET /sipse/faces/javax.faces.resource/images/ui-icons_898989_256x240.png?ln=primefaces-aristo HTTP/1.1" 304 -
77.8.21.55 - - [23/May/2023:07:05:38 -0500] "GET /sipse/faces/javax.faces.resource/primefaces.css?ln=primefaces&v=4.0 HTTP/1.1" 304 -
77.8.21.55 - - [23/May/2023:07:05:38 -0500] "GET /sipse/faces/javax.faces.resource/theme.css?ln=primefaces-sipse HTTP/1.1" 304 -
77.8.21.55 - - [23/May/2023:07:05:38 -0500] "GET /sipse/faces/javax.faces.resource/layout/layout.css?ln=primefaces&v=4.0 HTTP/1.1" 304 -
77.8.21.55 - - [23/May/2023:07:05:38 -0500] "GET /sipse/faces/javax.faces.resource/jquery/jquery.js?ln=primefaces&v=4.0 HTTP/1.1" 304 -
77.8.21.55 - - [23/May/2023:07:05:38 -0500] "GET /sipse/faces/javax.faces.resource/jquery/jquery-plugins.js?ln=primefaces&v=4.0 HTTP/1.1" 304 -
77.8.21.55 - - [23/May/2023:07:05:38 -0500] "GET /sipse/faces/javax.faces.resource/primefaces.js?ln=primefaces&v=4.0 HTTP/1.1" 304 -
77.8.21.55 - - [23/May/2023:07:05:38 -0500] "GET /sipse/faces/javax.faces.resource/layout/layout.js?ln=primefaces&v=4.0 HTTP/1.1" 304 -
77.8.21.55 - - [23/May/2023:07:05:37 -0500] "POST /sipse/faces/presentacion/financiero/solicitudProceso/consultarHistorialSolProceso.xhtml HTTP/1.1" 200 181582
77.8.21.55 - - [23/May/2023:07:05:49 -0500] "GET /sipse/faces/javax.faces.resource/layout/layout.css?ln=primefaces&v=4.0 HTTP/1.1" 304 -
77.8.21.55 - - [23/May/2023:07:05:49 -0500] "GET /sipse/faces/javax.faces.resource/primefaces.css?ln=primefaces&v=4.0 HTTP/1.1" 304 -
77.8.21.55 - - [23/May/2023:07:05:49 -0500] "GET /sipse/faces/javax.faces.resource/jquery/jquery-plugins.js?ln=primefaces&v=4.0 HTTP/1.1" 304 -
77.8.21.55 - - [23/May/2023:07:05:49 -0500] "GET /sipse/faces/javax.faces.resource/theme.css?ln=primefaces-sipse HTTP/1.1" 304 -
77.8.21.55 - - [23/May/2023:07:05:49 -0500] "GET /sipse/faces/javax.faces.resource/jquery/jquery.js?ln=primefaces&v=4.0 HTTP/1.1" 304 -
77.8.21.55 - - [23/May/2023:07:05:48 -0500] "POST /sipse/faces/presentacion/financiero/solicitudProceso/consultarSolicitudProceso.xhtml HTTP/1.1" 200 40923
77.8.21.55 - - [23/May/2023:07:05:50 -0500] "GET /sipse/faces/javax.faces.resource/primefaces.js?ln=primefaces&v=4.0 HTTP/1.1" 304 -
77.8.21.55 - - [23/May/2023:07:05:50 -0500] "GET /sipse/faces/javax.faces.resource/layout/layout.js?ln=primefaces&v=4.0 HTTP/1.1" 304 -
77.8.21.55 - - [23/May/2023:07:05:50 -0500] "GET /sipse/faces/javax.faces.resource/images/ui-bg_flat_0_2d5972_40x100.png?ln=primefaces-aristo HTTP/1.1" 304 -
77.8.21.55 - - [23/May/2023:07:05:50 -0500] "POST /sipse/faces/presentacion/financiero/solicitudProceso/listarSolicitudProceso.xhtml HTTP/1.1" 200 1392
77.8.21.55 - - [23/May/2023:07:05:51 -0500] "POST /sipse/faces/presentacion/financiero/solicitudProceso/listarSolicitudProceso.xhtml HTTP/1.1" 200 1400
77.8.21.55 - - [23/May/2023:07:05:53 -0500] "POST /sipse/faces/presentacion/financiero/solicitudProceso/listarSolicitudProceso.xhtml HTTP/1.1" 200 20661
