186.28.205.240 - - [23/May/2023:10:43:04 -0500] "GET /sipse/faces/javax.faces.resource/layout/layout.css?ln=primefaces&v=4.0 HTTP/1.1" 304 -
186.28.205.240 - - [23/May/2023:10:43:04 -0500] "GET /sipse/faces/javax.faces.resource/primefaces.css?ln=primefaces&v=4.0 HTTP/1.1" 304 -
186.28.205.240 - - [23/May/2023:10:43:04 -0500] "GET /sipse/faces/javax.faces.resource/jquery/jquery.js?ln=primefaces&v=4.0 HTTP/1.1" 304 -
186.28.205.240 - - [23/May/2023:10:43:04 -0500] "GET /sipse/faces/javax.faces.resource/jquery/jquery-plugins.js?ln=primefaces&v=4.0 HTTP/1.1" 304 -
186.28.205.240 - - [23/May/2023:10:43:04 -0500] "GET /sipse/faces/javax.faces.resource/primefaces.js?ln=primefaces&v=4.0 HTTP/1.1" 304 -
186.28.205.240 - - [23/May/2023:10:43:04 -0500] "GET /sipse/faces/javax.faces.resource/layout/layout.js?ln=primefaces&v=4.0 HTTP/1.1" 304 -
172.22.2.4 - - [23/May/2023:10:43:09 -0500] "GET /BLA/boletinlegal/consulta_actos.php?tipo=autos&no=1965&usuario=&sector=&fecha=2018&resuelve= HTTP/1.1" 200 1125
172.22.2.4 - - [23/May/2023:10:43:19 -0500] "GET /BLA/boletinlegal/actos.php HTTP/1.1" 200 9682
172.22.2.4 - - [23/May/2023:10:43:20 -0500] "GET /BLA/boletinlegal/favicon.ico HTTP/1.1" 404 1326
190.249.21.140 - - [23/May/2023:10:43:21 -0500] "POST /sipse/faces/presentacion/financiero/solicitudProceso/listarSolicitudProceso.xhtml HTTP/1.1" 200 120021
190.249.21.140 - - [23/May/2023:10:43:21 -0500] "GET /sipse/faces/javax.faces.resource/theme.css?ln=primefaces-sipse HTTP/1.1" 304 -
190.249.21.140 - - [23/May/2023:10:43:21 -0500] "GET /sipse/faces/javax.faces.resource/layout/layout.css?ln=primefaces&v=4.0 HTTP/1.1" 304 -
190.249.21.140 - - [23/May/2023:10:43:21 -0500] "GET /sipse/faces/javax.faces.resource/primefaces.css?ln=primefaces&v=4.0 HTTP/1.1" 304 -
190.249.21.140 - - [23/May/2023:10:43:21 -0500] "GET /sipse/faces/javax.faces.resource/jquery/jquery.js?ln=primefaces&v=4.0 HTTP/1.1" 304 -
190.249.21.140 - - [23/May/2023:10:43:21 -0500] "GET /sipse/faces/javax.faces.resource/jquery/jquery-plugins.js?ln=primefaces&v=4.0 HTTP/1.1" 304 -
201.245.192.253 - - [23/May/2023:10:43:21 -0500] "GET /BLA/resoluciones/ HTTP/1.1" 200 13502
190.249.21.140 - - [23/May/2023:10:43:21 -0500] "GET /sipse/faces/javax.faces.resource/primefaces.js?ln=primefaces&v=4.0 HTTP/1.1" 304 -
190.249.21.140 - - [23/May/2023:10:43:22 -0500] "GET /sipse/faces/javax.faces.resource/layout/layout.js?ln=primefaces&v=4.0 HTTP/1.1" 304 -
201.245.192.253 - - [23/May/2023:10:43:27 -0500] "GET /BLA/resoluciones/index.php?dir=RESOLUCIONES+2007%2F HTTP/1.1" 200 35450
201.245.192.253 - - [23/May/2023:10:43:27 -0500] "POST /kwsrmcab/Wsrmcab  HTTP/1.1" 200 43526
190.249.21.140 - - [23/May/2023:10:43:30 -0500] "POST /sipse/faces/presentacion/financiero/solicitudProceso/consultarSolicitudProceso.xhtml HTTP/1.1" 200 46158
190.249.21.140 - - [23/May/2023:10:43:30 -0500] "GET /sipse/faces/javax.faces.resource/theme.css?ln=primefaces-sipse HTTP/1.1" 304 -
190.249.21.140 - - [23/May/2023:10:43:30 -0500] "GET /sipse/faces/javax.faces.resource/primefaces.css?ln=primefaces&v=4.0 HTTP/1.1" 304 -
190.249.21.140 - - [23/May/2023:10:43:30 -0500] "GET /sipse/faces/javax.faces.resource/layout/layout.css?ln=primefaces&v=4.0 HTTP/1.1" 304 -
190.249.21.140 - - [23/May/2023:10:43:30 -0500] "GET /sipse/faces/javax.faces.resource/jquery/jquery.js?ln=primefaces&v=4.0 HTTP/1.1" 304 -
190.249.21.140 - - [23/May/2023:10:43:30 -0500] "GET /sipse/faces/javax.faces.resource/jquery/jquery-plugins.js?ln=primefaces&v=4.0 HTTP/1.1" 304 -
190.249.21.140 - - [23/May/2023:10:43:30 -0500] "GET /sipse/faces/javax.faces.resource/primefaces.js?ln=primefaces&v=4.0 HTTP/1.1" 304 -
190.249.21.140 - - [23/May/2023:10:43:30 -0500] "GET /sipse/faces/javax.faces.resource/layout/layout.js?ln=primefaces&v=4.0 HTTP/1.1" 304 -
172.22.2.4 - - [23/May/2023:10:43:34 -0500] "GET /BLA/boletinlegal/consulta_actos.php?tipo=autos&no=1967&usuario=&sector=&fecha=2018&resuelve= HTTP/1.1" 200 1050
190.249.21.140 - - [23/May/2023:10:43:35 -0500] "POST /sipse/faces/presentacion/financiero/estudioPrevio/personalSolicitado/personalSolicitadoSolicitudProceso.xhtml HTTP/1.1" 200 7055
201.245.192.253 - - [23/May/2023:10:43:38 -0500] "GET /BLA/resoluciones/AUTOS%202018/1967.pdf HTTP/1.1" 200 264727
172.22.2.4 - - [23/May/2023:10:42:02 -0500] "HEAD /BLA/boletinlegal/ HTTP/1.1" 200 -
216.245.221.92 - - [23/May/2023:10:43:50 -0500] "HEAD / HTTP/1.1" 200 -
172.22.2.4 - - [23/May/2023:10:43:11 -0500] "GET /BLA/boletinlegal/ HTTP/1.1" 200 24523
172.22.2.4 - - [23/May/2023:10:44:26 -0500] "GET /BLA/boletinlegal/consulta_actos.php?tipo=autos&no=1967&usuario=&sector=&fecha=2018&resuelve= HTTP/1.1" 200 1050
172.22.2.4 - - [23/May/2023:10:42:53 -0500] "GET /BLA/boletinlegal/ HTTP/1.1" 200 51977
172.22.2.4 - - [23/May/2023:10:44:39 -0500] "GET /BLA/boletinlegal/consulta_actos.php?tipo=resoluciones&no=1987&usuario=&sector=&fecha=2022&resuelve= HTTP/1.1" 200 1104
201.245.192.253 - - [23/May/2023:10:44:41 -0500] "GET /BLA/resoluciones/RESOLUCIONES%202022/1987.pdf HTTP/1.1" 200 572014
201.245.192.253 - - [23/May/2023:10:44:41 -0500] "GET /BLA/resoluciones/RESOLUCIONES%202022/1987.pdf HTTP/1.1" 206 1025
201.245.192.253 - - [23/May/2023:10:44:41 -0500] "GET /BLA/resoluciones/RESOLUCIONES%202022/1987.pdf HTTP/1.1" 200 572014
172.22.2.4 - - [23/May/2023:10:44:48 -0500] "GET /BLA/boletinlegal/consulta_actos.php?tipo=autos&no=1967&usuario=&sector=&fecha=2018&resuelve= HTTP/1.1" 200 1050
172.22.2.4 - - [23/May/2023:10:44:49 -0500] "GET /BLA/boletinlegal/consulta_actos.php?tipo=autos&no=1967&usuario=&sector=&fecha=2018&resuelve= HTTP/1.1" 200 1050
40.77.167.97 - - [23/May/2023:10:44:49 -0500] "GET /BLA/resoluciones/RESOLUCIONES%202021/2734.pdf HTTP/1.1" 304 -
172.22.2.4 - - [23/May/2023:10:44:49 -0500] "GET /BLA/boletinlegal/consulta_actos.php?tipo=autos&no=1967&usuario=&sector=&fecha=2018&resuelve= HTTP/1.1" 200 1050
190.249.21.140 - - [23/May/2023:10:44:59 -0500] "POST /sipse/faces/presentacion/financiero/estudioPrevio/personalSolicitado/personalSolicitadoSolicitudProceso.xhtml HTTP/1.1" 200 36878
190.249.21.140 - - [23/May/2023:10:45:00 -0500] "GET /sipse/faces/javax.faces.resource/theme.css?ln=primefaces-sipse HTTP/1.1" 304 -
190.249.21.140 - - [23/May/2023:10:45:00 -0500] "GET /sipse/faces/javax.faces.resource/primefaces.css?ln=primefaces&v=4.0 HTTP/1.1" 304 -
190.249.21.140 - - [23/May/2023:10:45:00 -0500] "GET /sipse/faces/javax.faces.resource/layout/layout.css?ln=primefaces&v=4.0 HTTP/1.1" 304 -
190.249.21.140 - - [23/May/2023:10:45:00 -0500] "GET /sipse/faces/javax.faces.resource/jquery/jquery.js?ln=primefaces&v=4.0 HTTP/1.1" 304 -
190.249.21.140 - - [23/May/2023:10:45:00 -0500] "GET /sipse/faces/javax.faces.resource/jquery/jquery-plugins.js?ln=primefaces&v=4.0 HTTP/1.1" 304 -
190.249.21.140 - - [23/May/2023:10:45:00 -0500] "GET /sipse/faces/javax.faces.resource/primefaces.js?ln=primefaces&v=4.0 HTTP/1.1" 304 -
190.249.21.140 - - [23/May/2023:10:45:00 -0500] "GET /sipse/faces/javax.faces.resource/layout/layout.js?ln=primefaces&v=4.0 HTTP/1.1" 304 -
201.245.192.253 - - [23/May/2023:10:45:02 -0500] "POST /sipse/faces/presentacion/financiero/solicitudProceso/consultarSolicitudProceso.xhtml HTTP/1.1" 200 3216227
172.22.2.4 - - [23/May/2023:10:45:05 -0500] "GET /BLA/boletinlegal/consulta_actos.php?tipo=autos&no=1968&usuario=&sector=&fecha=2018&resuelve= HTTP/1.1" 200 626
190.249.21.140 - - [23/May/2023:10:45:06 -0500] "POST /sipse/faces/presentacion/financiero/estudioPrevio/personalSolicitado/asociarProfesionPersonalSolicitado.xhtml HTTP/1.1" 200 21037
186.28.205.240 - - [23/May/2023:10:45:09 -0500] "POST /sipse/faces/presentacion/financiero/solicitudProceso/consultarSolicitudProceso.xhtml HTTP/1.1" 200 85279
190.249.21.140 - - [23/May/2023:10:45:11 -0500] "POST /sipse/faces/presentacion/financiero/estudioPrevio/personalSolicitado/asociarProfesionPersonalSolicitado.xhtml HTTP/1.1" 200 21028
190.249.21.140 - - [23/May/2023:10:45:15 -0500] "POST /sipse/faces/presentacion/financiero/estudioPrevio/personalSolicitado/asociarProfesionPersonalSolicitado.xhtml HTTP/1.1" 200 21033
190.249.21.140 - - [23/May/2023:10:45:16 -0500] "POST /sipse/faces/presentacion/financiero/estudioPrevio/personalSolicitado/asociarProfesionPersonalSolicitado.xhtml HTTP/1.1" 200 21033
190.249.21.140 - - [23/May/2023:10:45:17 -0500] "POST /sipse/faces/presentacion/financiero/estudioPrevio/personalSolicitado/asociarProfesionPersonalSolicitado.xhtml HTTP/1.1" 200 21033
172.22.2.4 - - [23/May/2023:10:45:17 -0500] "GET /BLA/boletinlegal/consulta_actos.php?tipo=resoluciones&no=4562&usuario=&sector=&fecha=2022&resuelve= HTTP/1.1" 200 1100
172.22.2.4 - - [23/May/2023:10:45:18 -0500] "GET /BLA/boletinlegal/consulta_actos.php?tipo=resoluciones&no=4562&usuario=&sector=&fecha=2022&resuelve= HTTP/1.1" 200 1100
190.249.21.140 - - [23/May/2023:10:45:19 -0500] "POST /sipse/faces/presentacion/financiero/estudioPrevio/personalSolicitado/asociarProfesionPersonalSolicitado.xhtml HTTP/1.1" 200 20965
201.245.192.253 - - [23/May/2023:10:45:19 -0500] "GET /BLA/resoluciones/RESOLUCIONES%202022/4562.pdf HTTP/1.1" 200 503956
201.245.192.253 - - [23/May/2023:10:45:20 -0500] "GET /BLA/resoluciones/RESOLUCIONES%202022/4562.pdf HTTP/1.1" 200 503956
201.245.192.253 - - [23/May/2023:10:45:20 -0500] "GET /BLA/resoluciones/RESOLUCIONES%202022/4562.pdf HTTP/1.1" 206 1025
201.245.192.253 - - [23/May/2023:10:45:21 -0500] "GET /BLA/resoluciones/RESOLUCIONES%202022/4562.pdf HTTP/1.1" 206 64512
190.249.21.140 - - [23/May/2023:10:45:21 -0500] "POST /sipse/faces/presentacion/financiero/estudioPrevio/personalSolicitado/asociarProfesionPersonalSolicitado.xhtml HTTP/1.1" 200 21326
190.249.21.140 - - [23/May/2023:10:45:24 -0500] "POST /sipse/faces/presentacion/financiero/estudioPrevio/personalSolicitado/asociarProfesionPersonalSolicitado.xhtml HTTP/1.1" 200 21326
190.249.21.140 - - [23/May/2023:10:45:24 -0500] "POST /sipse/faces/presentacion/financiero/estudioPrevio/personalSolicitado/asociarProfesionPersonalSolicitado.xhtml HTTP/1.1" 200 21326
190.249.21.140 - - [23/May/2023:10:45:25 -0500] "POST /sipse/faces/presentacion/financiero/estudioPrevio/personalSolicitado/asociarProfesionPersonalSolicitado.xhtml HTTP/1.1" 200 21326
190.249.21.140 - - [23/May/2023:10:45:26 -0500] "POST /sipse/faces/presentacion/financiero/estudioPrevio/personalSolicitado/asociarProfesionPersonalSolicitado.xhtml HTTP/1.1" 200 21326
201.245.192.253 - - [23/May/2023:10:45:29 -0500] "POST /sipse/faces/presentacion/financiero/solicitudProceso/listarSolicitudProceso.xhtml HTTP/1.1" 200 132606
201.245.192.253 - - [23/May/2023:10:45:30 -0500] "GET /sipse/faces/javax.faces.resource/jquery/jquery.js?ln=primefaces&v=4.0 HTTP/1.1" 304 -
201.245.192.253 - - [23/May/2023:10:45:30 -0500] "GET /sipse/faces/javax.faces.resource/jquery/jquery-plugins.js?ln=primefaces&v=4.0 HTTP/1.1" 304 -
201.245.192.253 - - [23/May/2023:10:45:30 -0500] "GET /sipse/faces/javax.faces.resource/primefaces.js?ln=primefaces&v=4.0 HTTP/1.1" 304 -
201.245.192.253 - - [23/May/2023:10:45:31 -0500] "GET /sipse/faces/javax.faces.resource/layout/layout.js?ln=primefaces&v=4.0 HTTP/1.1" 304 -
201.245.192.253 - - [23/May/2023:10:45:34 -0500] "POST /sipse/faces/presentacion/financiero/solicitudProceso/consultarSolicitudProceso.xhtml HTTP/1.1" 200 66286
201.245.192.253 - - [23/May/2023:10:45:34 -0500] "GET /sipse/faces/javax.faces.resource/jquery/jquery.js?ln=primefaces&v=4.0 HTTP/1.1" 304 -
201.245.192.253 - - [23/May/2023:10:45:34 -0500] "GET /sipse/faces/javax.faces.resource/jquery/jquery-plugins.js?ln=primefaces&v=4.0 HTTP/1.1" 304 -
201.245.192.253 - - [23/May/2023:10:45:34 -0500] "GET /sipse/faces/javax.faces.resource/primefaces.js?ln=primefaces&v=4.0 HTTP/1.1" 304 -
201.245.192.253 - - [23/May/2023:10:45:34 -0500] "GET /sipse/faces/javax.faces.resource/layout/layout.js?ln=primefaces&v=4.0 HTTP/1.1" 304 -
201.245.192.253 - - [23/May/2023:10:45:35 -0500] "POST /sipse/faces/presentacion/financiero/solicitudProceso/listarSolicitudProceso.xhtml HTTP/1.1" 200 59568
201.245.192.253 - - [23/May/2023:10:45:35 -0500] "POST /sipse/faces/presentacion/financiero/solicitudProceso/listarSolicitudProceso.xhtml HTTP/1.1" 200 59568
201.245.192.253 - - [23/May/2023:10:45:35 -0500] "POST /sipse/faces/presentacion/financiero/solicitudProceso/listarSolicitudProceso.xhtml HTTP/1.1" 200 59568
201.245.192.253 - - [23/May/2023:10:45:35 -0500] "POST /sipse/faces/presentacion/financiero/solicitudProceso/listarSolicitudProceso.xhtml HTTP/1.1" 200 59568
201.245.192.253 - - [23/May/2023:10:45:36 -0500] "POST /sipse/faces/presentacion/financiero/solicitudProceso/listarSolicitudProceso.xhtml HTTP/1.1" 200 59568
201.245.192.253 - - [23/May/2023:10:45:36 -0500] "POST /sipse/faces/presentacion/financiero/solicitudProceso/listarSolicitudProceso.xhtml HTTP/1.1" 200 59568
201.245.192.253 - - [23/May/2023:10:45:36 -0500] "POST /sipse/faces/presentacion/financiero/solicitudProceso/listarSolicitudProceso.xhtml HTTP/1.1" 200 59568
201.245.192.253 - - [23/May/2023:10:45:36 -0500] "POST /sipse/faces/presentacion/financiero/solicitudProceso/listarSolicitudProceso.xhtml HTTP/1.1" 200 59568
201.245.192.253 - - [23/May/2023:10:45:36 -0500] "POST /sipse/faces/presentacion/financiero/solicitudProceso/listarSolicitudProceso.xhtml HTTP/1.1" 200 59568
201.245.192.253 - - [23/May/2023:10:45:37 -0500] "POST /sipse/faces/presentacion/financiero/solicitudProceso/listarSolicitudProceso.xhtml HTTP/1.1" 200 59568
201.245.192.253 - - [23/May/2023:10:45:37 -0500] "POST /sipse/faces/presentacion/financiero/solicitudProceso/listarSolicitudProceso.xhtml HTTP/1.1" 200 1556
201.245.192.253 - - [23/May/2023:10:45:37 -0500] "POST /sipse/faces/presentacion/financiero/solicitudProceso/listarSolicitudProceso.xhtml HTTP/1.1" 200 1548
201.245.192.253 - - [23/May/2023:10:45:37 -0500] "POST /sipse/faces/presentacion/financiero/solicitudProceso/listarSolicitudProceso.xhtml HTTP/1.1" 200 1564
201.245.192.253 - - [23/May/2023:10:45:37 -0500] "POST /sipse/faces/presentacion/financiero/solicitudProceso/listarSolicitudProceso.xhtml HTTP/1.1" 200 1548
201.245.192.253 - - [23/May/2023:10:45:38 -0500] "POST /sipse/faces/presentacion/financiero/solicitudProceso/listarSolicitudProceso.xhtml HTTP/1.1" 200 1564
201.245.192.253 - - [23/May/2023:10:45:38 -0500] "POST /sipse/faces/presentacion/financiero/solicitudProceso/listarSolicitudProceso.xhtml HTTP/1.1" 200 1548
172.22.2.4 - - [23/May/2023:10:45:38 -0500] "GET /BLA/boletinlegal/consulta_actos.php?tipo=autos&no=1968&usuario=&sector=&fecha=2018&resuelve= HTTP/1.1" 200 626
201.245.192.253 - - [23/May/2023:10:45:38 -0500] "POST /sipse/faces/presentacion/financiero/solicitudProceso/listarSolicitudProceso.xhtml HTTP/1.1" 200 1564
190.249.21.140 - - [23/May/2023:10:45:38 -0500] "POST /sipse/faces/presentacion/financiero/estudioPrevio/personalSolicitado/asociarProfesionPersonalSolicitado.xhtml HTTP/1.1" 200 50874
190.249.21.140 - - [23/May/2023:10:45:39 -0500] "GET /sipse/faces/javax.faces.resource/jquery/jquery-plugins.js?ln=primefaces&v=4.0 HTTP/1.1" 304 -
190.249.21.140 - - [23/May/2023:10:45:39 -0500] "GET /sipse/faces/javax.faces.resource/primefaces.js?ln=primefaces&v=4.0 HTTP/1.1" 304 -
190.249.21.140 - - [23/May/2023:10:45:39 -0500] "GET /sipse/faces/javax.faces.resource/layout/layout.css?ln=primefaces&v=4.0 HTTP/1.1" 304 -
190.249.21.140 - - [23/May/2023:10:45:39 -0500] "GET /sipse/faces/javax.faces.resource/primefaces.css?ln=primefaces&v=4.0 HTTP/1.1" 304 -
190.249.21.140 - - [23/May/2023:10:45:39 -0500] "GET /sipse/faces/javax.faces.resource/theme.css?ln=primefaces-sipse HTTP/1.1" 304 -
190.249.21.140 - - [23/May/2023:10:45:39 -0500] "GET /sipse/faces/javax.faces.resource/jquery/jquery.js?ln=primefaces&v=4.0 HTTP/1.1" 304 -
201.245.192.253 - - [23/May/2023:10:45:39 -0500] "POST /sipse/faces/presentacion/financiero/solicitudProceso/listarSolicitudProceso.xhtml HTTP/1.1" 200 1548
190.249.21.140 - - [23/May/2023:10:45:39 -0500] "GET /sipse/faces/javax.faces.resource/layout/layout.js?ln=primefaces&v=4.0 HTTP/1.1" 304 -
201.245.192.253 - - [23/May/2023:10:45:39 -0500] "POST /sipse/faces/presentacion/financiero/solicitudProceso/listarSolicitudProceso.xhtml HTTP/1.1" 200 1564
201.245.192.253 - - [23/May/2023:10:45:39 -0500] "POST /sipse/faces/presentacion/financiero/solicitudProceso/listarSolicitudProceso.xhtml HTTP/1.1" 200 1548
201.245.192.253 - - [23/May/2023:10:45:39 -0500] "POST /sipse/faces/presentacion/financiero/solicitudProceso/listarSolicitudProceso.xhtml HTTP/1.1" 200 1564
172.22.2.4 - - [23/May/2023:10:45:44 -0500] "GET /BLA/boletinlegal/consulta_actos.php?tipo=resoluciones&no=4415&usuario=&sector=&fecha=2022&resuelve= HTTP/1.1" 200 1104
190.249.21.140 - - [23/May/2023:10:45:45 -0500] "POST /sipse/faces/presentacion/financiero/estudioPrevio/personalSolicitado/personalSolicitadoSolicitudProceso.xhtml HTTP/1.1" 200 36882
190.249.21.140 - - [23/May/2023:10:45:45 -0500] "GET /sipse/faces/javax.faces.resource/theme.css?ln=primefaces-sipse HTTP/1.1" 304 -
190.249.21.140 - - [23/May/2023:10:45:45 -0500] "GET /sipse/faces/javax.faces.resource/layout/layout.css?ln=primefaces&v=4.0 HTTP/1.1" 304 -
190.249.21.140 - - [23/May/2023:10:45:45 -0500] "GET /sipse/faces/javax.faces.resource/primefaces.css?ln=primefaces&v=4.0 HTTP/1.1" 304 -
190.249.21.140 - - [23/May/2023:10:45:45 -0500] "GET /sipse/faces/javax.faces.resource/jquery/jquery.js?ln=primefaces&v=4.0 HTTP/1.1" 304 -
190.249.21.140 - - [23/May/2023:10:45:45 -0500] "GET /sipse/faces/javax.faces.resource/jquery/jquery-plugins.js?ln=primefaces&v=4.0 HTTP/1.1" 304 -
190.249.21.140 - - [23/May/2023:10:45:45 -0500] "GET /sipse/faces/javax.faces.resource/primefaces.js?ln=primefaces&v=4.0 HTTP/1.1" 304 -
190.249.21.140 - - [23/May/2023:10:45:45 -0500] "GET /sipse/faces/javax.faces.resource/layout/layout.js?ln=primefaces&v=4.0 HTTP/1.1" 304 -
201.245.192.253 - - [23/May/2023:10:45:48 -0500] "GET /BLA/resoluciones/RESOLUCIONES%202022/4415.pdf HTTP/1.1" 200 603077
201.245.192.253 - - [23/May/2023:10:45:48 -0500] "GET /BLA/resoluciones/RESOLUCIONES%202022/4415.pdf HTTP/1.1" 200 603077
201.245.192.253 - - [23/May/2023:10:45:48 -0500] "GET /BLA/resoluciones/RESOLUCIONES%202022/4415.pdf HTTP/1.1" 206 1025
201.245.192.253 - - [23/May/2023:10:45:49 -0500] "GET /BLA/resoluciones/RESOLUCIONES%202022/4415.pdf HTTP/1.1" 206 64512
172.22.2.4 - - [23/May/2023:10:45:50 -0500] "GET /BLA/boletinlegal/consulta_actos.php?tipo=autos&no=1969&usuario=&sector=&fecha=2018&resuelve= HTTP/1.1" 200 626
190.249.21.140 - - [23/May/2023:10:45:49 -0500] "POST /sipse/faces/presentacion/financiero/estudioPrevio/personalSolicitado/asociarProfesionPersonalSolicitado.xhtml HTTP/1.1" 200 7399
172.22.2.4 - - [23/May/2023:10:45:51 -0500] "GET /BLA/boletinlegal/consulta_actos.php?tipo=autos&no=1969&usuario=&sector=&fecha=2018&resuelve= HTTP/1.1" 200 626
172.22.2.4 - - [23/May/2023:10:45:51 -0500] "GET /BLA/boletinlegal/consulta_actos.php?tipo=autos&no=1969&usuario=&sector=&fecha=2018&resuelve= HTTP/1.1" 200 626
172.22.2.4 - - [23/May/2023:10:45:51 -0500] "GET /BLA/boletinlegal/consulta_actos.php?tipo=autos&no=1969&usuario=&sector=&fecha=2018&resuelve= HTTP/1.1" 200 626
190.249.21.140 - - [23/May/2023:10:45:56 -0500] "GET /sipse/faces/javax.faces.resource/theme.css?ln=primefaces-sipse HTTP/1.1" 304 -
190.249.21.140 - - [23/May/2023:10:45:56 -0500] "POST /sipse/faces/presentacion/financiero/estudioPrevio/personalSolicitado/asociarProfesionPersonalSolicitado.xhtml HTTP/1.1" 200 52157
190.249.21.140 - - [23/May/2023:10:45:56 -0500] "GET /sipse/faces/javax.faces.resource/primefaces.css?ln=primefaces&v=4.0 HTTP/1.1" 304 -
190.249.21.140 - - [23/May/2023:10:45:56 -0500] "GET /sipse/faces/javax.faces.resource/layout/layout.css?ln=primefaces&v=4.0 HTTP/1.1" 304 -
190.249.21.140 - - [23/May/2023:10:45:56 -0500] "GET /sipse/faces/javax.faces.resource/jquery/jquery.js?ln=primefaces&v=4.0 HTTP/1.1" 304 -
190.249.21.140 - - [23/May/2023:10:45:56 -0500] "GET /sipse/faces/javax.faces.resource/jquery/jquery-plugins.js?ln=primefaces&v=4.0 HTTP/1.1" 304 -
190.249.21.140 - - [23/May/2023:10:45:56 -0500] "GET /sipse/faces/javax.faces.resource/primefaces.js?ln=primefaces&v=4.0 HTTP/1.1" 304 -
190.249.21.140 - - [23/May/2023:10:45:56 -0500] "GET /sipse/faces/javax.faces.resource/layout/layout.js?ln=primefaces&v=4.0 HTTP/1.1" 304 -
190.249.21.140 - - [23/May/2023:10:46:06 -0500] "POST /sipse/faces/presentacion/financiero/estudioPrevio/personalSolicitado/personalSolicitadoSolicitudProceso.xhtml HTTP/1.1" 200 36886
190.249.21.140 - - [23/May/2023:10:46:06 -0500] "GET /sipse/faces/javax.faces.resource/theme.css?ln=primefaces-sipse HTTP/1.1" 304 -
190.249.21.140 - - [23/May/2023:10:46:06 -0500] "GET /sipse/faces/javax.faces.resource/layout/layout.css?ln=primefaces&v=4.0 HTTP/1.1" 304 -
190.249.21.140 - - [23/May/2023:10:46:06 -0500] "GET /sipse/faces/javax.faces.resource/primefaces.css?ln=primefaces&v=4.0 HTTP/1.1" 304 -
190.249.21.140 - - [23/May/2023:10:46:06 -0500] "GET /sipse/faces/javax.faces.resource/jquery/jquery.js?ln=primefaces&v=4.0 HTTP/1.1" 304 -
190.249.21.140 - - [23/May/2023:10:46:06 -0500] "GET /sipse/faces/javax.faces.resource/jquery/jquery-plugins.js?ln=primefaces&v=4.0 HTTP/1.1" 304 -
190.249.21.140 - - [23/May/2023:10:46:06 -0500] "GET /sipse/faces/javax.faces.resource/primefaces.js?ln=primefaces&v=4.0 HTTP/1.1" 304 -
190.249.21.140 - - [23/May/2023:10:46:07 -0500] "GET /sipse/faces/javax.faces.resource/layout/layout.js?ln=primefaces&v=4.0 HTTP/1.1" 304 -
172.22.2.4 - - [23/May/2023:10:46:09 -0500] "GET /BLA/boletinlegal/consulta_actos.php?tipo=resoluciones&no=5016&usuario=&sector=&fecha=2022&resuelve= HTTP/1.1" 200 1104
190.249.21.140 - - [23/May/2023:10:46:10 -0500] "POST /sipse/faces/presentacion/financiero/estudioPrevio/personalSolicitado/asociarProfesionPersonalSolicitado.xhtml HTTP/1.1" 200 20794
190.249.21.140 - - [23/May/2023:10:46:10 -0500] "POST /sipse/faces/presentacion/financiero/estudioPrevio/personalSolicitado/asociarProfesionPersonalSolicitado.xhtml HTTP/1.1" 200 20794
201.245.192.253 - - [23/May/2023:10:46:11 -0500] "GET /BLA/resoluciones/RESOLUCIONES%202022/5016.pdf HTTP/1.1" 200 510557
201.245.192.253 - - [23/May/2023:10:46:11 -0500] "POST /sipse/faces/presentacion/financiero/solicitudProceso/listarSolicitudProceso.xhtml HTTP/1.1" 200 32708
201.245.192.253 - - [23/May/2023:10:46:11 -0500] "GET /BLA/resoluciones/RESOLUCIONES%202022/5016.pdf HTTP/1.1" 200 510557
201.245.192.253 - - [23/May/2023:10:46:11 -0500] "GET /BLA/resoluciones/RESOLUCIONES%202022/5016.pdf HTTP/1.1" 206 1025
201.245.192.253 - - [23/May/2023:10:46:11 -0500] "POST /sipse/faces/presentacion/financiero/solicitudProceso/listarSolicitudProceso.xhtml HTTP/1.1" 200 45217
201.245.192.253 - - [23/May/2023:10:46:12 -0500] "POST /sipse/faces/presentacion/financiero/solicitudProceso/listarSolicitudProceso.xhtml HTTP/1.1" 200 32712
201.245.192.253 - - [23/May/2023:10:46:13 -0500] "GET /BLA/resoluciones/RESOLUCIONES%202022/5016.pdf HTTP/1.1" 206 64512
190.249.21.140 - - [23/May/2023:10:46:14 -0500] "POST /sipse/faces/presentacion/financiero/estudioPrevio/personalSolicitado/asociarProfesionPersonalSolicitado.xhtml HTTP/1.1" 200 53428
190.249.21.140 - - [23/May/2023:10:46:14 -0500] "GET /sipse/faces/javax.faces.resource/theme.css?ln=primefaces-sipse HTTP/1.1" 304 -
190.249.21.140 - - [23/May/2023:10:46:14 -0500] "GET /sipse/faces/javax.faces.resource/primefaces.css?ln=primefaces&v=4.0 HTTP/1.1" 304 -
190.249.21.140 - - [23/May/2023:10:46:14 -0500] "GET /sipse/faces/javax.faces.resource/jquery/jquery-plugins.js?ln=primefaces&v=4.0 HTTP/1.1" 304 -
190.249.21.140 - - [23/May/2023:10:46:14 -0500] "GET /sipse/faces/javax.faces.resource/layout/layout.css?ln=primefaces&v=4.0 HTTP/1.1" 304 -
190.249.21.140 - - [23/May/2023:10:46:14 -0500] "GET /sipse/faces/javax.faces.resource/primefaces.js?ln=primefaces&v=4.0 HTTP/1.1" 304 -
190.249.21.140 - - [23/May/2023:10:46:14 -0500] "GET /sipse/faces/javax.faces.resource/jquery/jquery.js?ln=primefaces&v=4.0 HTTP/1.1" 304 -
190.249.21.140 - - [23/May/2023:10:46:14 -0500] "GET /sipse/faces/javax.faces.resource/layout/layout.js?ln=primefaces&v=4.0 HTTP/1.1" 304 -
201.245.192.253 - - [23/May/2023:10:46:15 -0500] "POST /sipse/faces/presentacion/financiero/solicitudProceso/listarSolicitudProceso.xhtml HTTP/1.1" 200 32968
201.245.192.253 - - [23/May/2023:10:46:17 -0500] "POST /sipse/faces/presentacion/financiero/solicitudProceso/listarSolicitudProceso.xhtml HTTP/1.1" 200 32837
201.245.192.253 - - [23/May/2023:10:46:18 -0500] "POST /sipse/faces/presentacion/financiero/solicitudProceso/listarSolicitudProceso.xhtml HTTP/1.1" 200 32633
190.249.21.140 - - [23/May/2023:10:46:19 -0500] "POST /sipse/faces/presentacion/financiero/estudioPrevio/personalSolicitado/personalSolicitadoSolicitudProceso.xhtml HTTP/1.1" 200 36889
190.249.21.140 - - [23/May/2023:10:46:19 -0500] "GET /sipse/faces/javax.faces.resource/theme.css?ln=primefaces-sipse HTTP/1.1" 304 -
190.249.21.140 - - [23/May/2023:10:46:19 -0500] "GET /sipse/faces/javax.faces.resource/layout/layout.css?ln=primefaces&v=4.0 HTTP/1.1" 304 -
190.249.21.140 - - [23/May/2023:10:46:19 -0500] "GET /sipse/faces/javax.faces.resource/primefaces.css?ln=primefaces&v=4.0 HTTP/1.1" 304 -
190.249.21.140 - - [23/May/2023:10:46:19 -0500] "GET /sipse/faces/javax.faces.resource/jquery/jquery.js?ln=primefaces&v=4.0 HTTP/1.1" 304 -
190.249.21.140 - - [23/May/2023:10:46:19 -0500] "GET /sipse/faces/javax.faces.resource/jquery/jquery-plugins.js?ln=primefaces&v=4.0 HTTP/1.1" 304 -
190.249.21.140 - - [23/May/2023:10:46:19 -0500] "GET /sipse/faces/javax.faces.resource/primefaces.js?ln=primefaces&v=4.0 HTTP/1.1" 304 -
190.249.21.140 - - [23/May/2023:10:46:19 -0500] "GET /sipse/faces/javax.faces.resource/layout/layout.js?ln=primefaces&v=4.0 HTTP/1.1" 304 -
201.245.192.253 - - [23/May/2023:10:46:20 -0500] "POST /sipse/faces/presentacion/financiero/solicitudProceso/listarSolicitudProceso.xhtml HTTP/1.1" 200 32579
201.245.192.253 - - [23/May/2023:10:46:21 -0500] "POST /sipse/faces/presentacion/financiero/solicitudProceso/listarSolicitudProceso.xhtml HTTP/1.1" 200 32828
190.249.21.140 - - [23/May/2023:10:46:22 -0500] "POST /sipse/faces/presentacion/financiero/estudioPrevio/personalSolicitado/asociarProfesionPersonalSolicitado.xhtml HTTP/1.1" 200 21145
172.22.2.4 - - [23/May/2023:10:46:24 -0500] "GET /BLA/boletinlegal/consulta_actos.php?tipo=autos&no=1970&usuario=&sector=&fecha=2018&resuelve= HTTP/1.1" 200 626
190.249.21.140 - - [23/May/2023:10:46:24 -0500] "POST /sipse/faces/presentacion/financiero/estudioPrevio/personalSolicitado/asociarProfesionPersonalSolicitado.xhtml HTTP/1.1" 200 1423
190.249.21.140 - - [23/May/2023:10:46:26 -0500] "POST /sipse/faces/presentacion/financiero/estudioPrevio/personalSolicitado/asociarProfesionPersonalSolicitado.xhtml HTTP/1.1" 200 1415
190.249.21.140 - - [23/May/2023:10:46:27 -0500] "POST /sipse/faces/presentacion/financiero/estudioPrevio/personalSolicitado/asociarProfesionPersonalSolicitado.xhtml HTTP/1.1" 200 1415
190.249.21.140 - - [23/May/2023:10:46:28 -0500] "POST /sipse/faces/presentacion/financiero/estudioPrevio/personalSolicitado/asociarProfesionPersonalSolicitado.xhtml HTTP/1.1" 200 21145
190.249.21.140 - - [23/May/2023:10:46:30 -0500] "POST /sipse/faces/presentacion/financiero/estudioPrevio/personalSolicitado/asociarProfesionPersonalSolicitado.xhtml HTTP/1.1" 200 21164
190.249.21.140 - - [23/May/2023:10:46:32 -0500] "POST /sipse/faces/presentacion/financiero/estudioPrevio/personalSolicitado/asociarProfesionPersonalSolicitado.xhtml HTTP/1.1" 200 1431
190.249.21.140 - - [23/May/2023:10:46:33 -0500] "POST /sipse/faces/presentacion/financiero/estudioPrevio/personalSolicitado/asociarProfesionPersonalSolicitado.xhtml HTTP/1.1" 200 21164
190.249.21.140 - - [23/May/2023:10:46:35 -0500] "POST /sipse/faces/presentacion/financiero/estudioPrevio/personalSolicitado/asociarProfesionPersonalSolicitado.xhtml HTTP/1.1" 200 21184
201.245.192.253 - - [23/May/2023:10:46:37 -0500] "POST /sipse/faces/presentacion/financiero/solicitudProceso/consultar.xhtml HTTP/1.1" 200 13057
201.245.192.253 - - [23/May/2023:10:46:39 -0500] "POST /sipse/faces/presentacion/financiero/solicitudProceso/consultar.xhtml HTTP/1.1" 200 66158
201.245.192.253 - - [23/May/2023:10:46:40 -0500] "GET /sipse/faces/javax.faces.resource/theme.css?ln=primefaces-sipse HTTP/1.1" 304 -
201.245.192.253 - - [23/May/2023:10:46:40 -0500] "GET /sipse/faces/javax.faces.resource/primefaces.css?ln=primefaces&v=4.0 HTTP/1.1" 304 -
201.245.192.253 - - [23/May/2023:10:46:40 -0500] "GET /sipse/faces/javax.faces.resource/layout/layout.css?ln=primefaces&v=4.0 HTTP/1.1" 304 -
172.22.2.4 - - [23/May/2023:10:46:40 -0500] "GET /BLA/boletinlegal/consulta_actos.php?tipo=autos&no=1973&usuario=&sector=&fecha=2018&resuelve= HTTP/1.1" 200 626
201.245.192.253 - - [23/May/2023:10:46:40 -0500] "GET /sipse/faces/javax.faces.resource/jquery/jquery.js?ln=primefaces&v=4.0 HTTP/1.1" 304 -
201.245.192.253 - - [23/May/2023:10:46:40 -0500] "GET /sipse/faces/javax.faces.resource/jquery/jquery-plugins.js?ln=primefaces&v=4.0 HTTP/1.1" 304 -
201.245.192.253 - - [23/May/2023:10:46:40 -0500] "GET /sipse/faces/javax.faces.resource/primefaces.js?ln=primefaces&v=4.0 HTTP/1.1" 304 -
201.245.192.253 - - [23/May/2023:10:46:40 -0500] "GET /sipse/faces/javax.faces.resource/layout/layout.js?ln=primefaces&v=4.0 HTTP/1.1" 304 -
201.245.192.253 - - [23/May/2023:10:46:40 -0500] "POST /sipse/faces/presentacion/financiero/solicitudProceso/listarSolicitudProceso.xhtml HTTP/1.1" 200 59426
201.245.192.253 - - [23/May/2023:10:46:40 -0500] "POST /sipse/faces/presentacion/financiero/solicitudProceso/listarSolicitudProceso.xhtml HTTP/1.1" 200 59426
201.245.192.253 - - [23/May/2023:10:46:40 -0500] "POST /sipse/faces/presentacion/financiero/solicitudProceso/listarSolicitudProceso.xhtml HTTP/1.1" 200 59426
201.245.192.253 - - [23/May/2023:10:46:41 -0500] "POST /sipse/faces/presentacion/financiero/solicitudProceso/listarSolicitudProceso.xhtml HTTP/1.1" 200 1556
201.245.192.253 - - [23/May/2023:10:46:41 -0500] "POST /sipse/faces/presentacion/financiero/solicitudProceso/listarSolicitudProceso.xhtml HTTP/1.1" 200 1548
201.245.192.253 - - [23/May/2023:10:46:42 -0500] "POST /sipse/faces/presentacion/financiero/solicitudProceso/listarSolicitudProceso.xhtml HTTP/1.1" 200 1564
201.245.192.253 - - [23/May/2023:10:46:42 -0500] "POST /sipse/faces/presentacion/financiero/solicitudProceso/listarSolicitudProceso.xhtml HTTP/1.1" 200 1548
190.249.21.140 - - [23/May/2023:10:46:44 -0500] "POST /sipse/faces/presentacion/financiero/estudioPrevio/personalSolicitado/asociarProfesionPersonalSolicitado.xhtml HTTP/1.1" 200 54703
190.249.21.140 - - [23/May/2023:10:46:44 -0500] "GET /sipse/faces/javax.faces.resource/theme.css?ln=primefaces-sipse HTTP/1.1" 304 -
190.249.21.140 - - [23/May/2023:10:46:44 -0500] "GET /sipse/faces/javax.faces.resource/layout/layout.css?ln=primefaces&v=4.0 HTTP/1.1" 304 -
190.249.21.140 - - [23/May/2023:10:46:44 -0500] "GET /sipse/faces/javax.faces.resource/primefaces.js?ln=primefaces&v=4.0 HTTP/1.1" 304 -
190.249.21.140 - - [23/May/2023:10:46:44 -0500] "GET /sipse/faces/javax.faces.resource/primefaces.css?ln=primefaces&v=4.0 HTTP/1.1" 304 -
190.249.21.140 - - [23/May/2023:10:46:44 -0500] "GET /sipse/faces/javax.faces.resource/jquery/jquery-plugins.js?ln=primefaces&v=4.0 HTTP/1.1" 304 -
190.249.21.140 - - [23/May/2023:10:46:44 -0500] "GET /sipse/faces/javax.faces.resource/jquery/jquery.js?ln=primefaces&v=4.0 HTTP/1.1" 304 -
190.249.21.140 - - [23/May/2023:10:46:44 -0500] "GET /sipse/faces/javax.faces.resource/layout/layout.js?ln=primefaces&v=4.0 HTTP/1.1" 304 -
49.7.20.107 - - [23/May/2023:10:46:47 -0500] "GET / HTTP/1.1" 200 319
190.249.21.140 - - [23/May/2023:10:46:48 -0500] "POST /sipse/faces/presentacion/financiero/estudioPrevio/personalSolicitado/personalSolicitadoSolicitudProceso.xhtml HTTP/1.1" 200 36907
190.249.21.140 - - [23/May/2023:10:46:48 -0500] "GET /sipse/faces/javax.faces.resource/theme.css?ln=primefaces-sipse HTTP/1.1" 304 -
190.249.21.140 - - [23/May/2023:10:46:48 -0500] "GET /sipse/faces/javax.faces.resource/layout/layout.css?ln=primefaces&v=4.0 HTTP/1.1" 304 -
190.249.21.140 - - [23/May/2023:10:46:48 -0500] "GET /sipse/faces/javax.faces.resource/primefaces.css?ln=primefaces&v=4.0 HTTP/1.1" 304 -
190.249.21.140 - - [23/May/2023:10:46:48 -0500] "GET /sipse/faces/javax.faces.resource/jquery/jquery.js?ln=primefaces&v=4.0 HTTP/1.1" 304 -
190.249.21.140 - - [23/May/2023:10:46:48 -0500] "GET /sipse/faces/javax.faces.resource/jquery/jquery-plugins.js?ln=primefaces&v=4.0 HTTP/1.1" 304 -
190.249.21.140 - - [23/May/2023:10:46:48 -0500] "GET /sipse/faces/javax.faces.resource/primefaces.js?ln=primefaces&v=4.0 HTTP/1.1" 304 -
190.249.21.140 - - [23/May/2023:10:46:48 -0500] "GET /sipse/faces/javax.faces.resource/layout/layout.js?ln=primefaces&v=4.0 HTTP/1.1" 304 -
190.249.21.140 - - [23/May/2023:10:46:51 -0500] "POST /sipse/faces/presentacion/financiero/estudioPrevio/personalSolicitado/asociarProfesionPersonalSolicitado.xhtml HTTP/1.1" 200 21182
172.22.2.4 - - [23/May/2023:10:46:52 -0500] "GET /BLA/boletinlegal/consulta_actos.php?tipo=resoluciones&no=4119&usuario=&sector=&fecha=2021&resuelve= HTTP/1.1" 200 626
190.249.21.140 - - [23/May/2023:10:46:53 -0500] "POST /sipse/faces/presentacion/financiero/estudioPrevio/personalSolicitado/asociarProfesionPersonalSolicitado.xhtml HTTP/1.1" 200 1423
157.90.244.54 - - [23/May/2023:10:46:54 -0500] "GET / HTTP/1.1" 200 319
172.22.2.4 - - [23/May/2023:10:46:55 -0500] "GET /BLA/boletinlegal/consulta_actos.php?tipo=autos&no=1974&usuario=&sector=&fecha=2018&resuelve= HTTP/1.1" 200 626
190.249.21.140 - - [23/May/2023:10:46:55 -0500] "POST /sipse/faces/presentacion/financiero/estudioPrevio/personalSolicitado/asociarProfesionPersonalSolicitado.xhtml HTTP/1.1" 200 20978
201.245.192.253 - - [23/May/2023:10:46:55 -0500] "POST /sipse/faces/presentacion/financiero/solicitudProceso/listarSolicitudProceso.xhtml HTTP/1.1" 200 106942
201.245.192.253 - - [23/May/2023:10:46:56 -0500] "GET /sipse/faces/javax.faces.resource/theme.css?ln=primefaces-sipse HTTP/1.1" 304 -
201.245.192.253 - - [23/May/2023:10:46:56 -0500] "GET /sipse/faces/javax.faces.resource/layout/layout.css?ln=primefaces&v=4.0 HTTP/1.1" 304 -
201.245.192.253 - - [23/May/2023:10:46:56 -0500] "GET /sipse/faces/javax.faces.resource/primefaces.css?ln=primefaces&v=4.0 HTTP/1.1" 304 -
201.245.192.253 - - [23/May/2023:10:46:56 -0500] "GET /sipse/faces/javax.faces.resource/jquery/jquery.js?ln=primefaces&v=4.0 HTTP/1.1" 304 -
201.245.192.253 - - [23/May/2023:10:46:56 -0500] "GET /sipse/faces/javax.faces.resource/jquery/jquery-plugins.js?ln=primefaces&v=4.0 HTTP/1.1" 304 -
201.245.192.253 - - [23/May/2023:10:46:56 -0500] "GET /sipse/faces/javax.faces.resource/primefaces.js?ln=primefaces&v=4.0 HTTP/1.1" 304 -
201.245.192.253 - - [23/May/2023:10:46:56 -0500] "GET /sipse/faces/javax.faces.resource/layout/layout.js?ln=primefaces&v=4.0 HTTP/1.1" 304 -
190.249.21.140 - - [23/May/2023:10:46:57 -0500] "POST /sipse/faces/presentacion/financiero/estudioPrevio/personalSolicitado/asociarProfesionPersonalSolicitado.xhtml HTTP/1.1" 200 21342
190.249.21.140 - - [23/May/2023:10:46:58 -0500] "POST /sipse/faces/presentacion/financiero/estudioPrevio/personalSolicitado/asociarProfesionPersonalSolicitado.xhtml HTTP/1.1" 200 21342
172.22.2.4 - - [23/May/2023:10:46:59 -0500] "GET /BLA/boletinlegal/consulta_actos.php?tipo=autos&no=1975&usuario=&sector=&fecha=2018&resuelve= HTTP/1.1" 200 626
190.249.21.140 - - [23/May/2023:10:47:02 -0500] "POST /sipse/faces/presentacion/financiero/estudioPrevio/personalSolicitado/asociarProfesionPersonalSolicitado.xhtml HTTP/1.1" 200 21419
190.249.21.140 - - [23/May/2023:10:47:04 -0500] "POST /sipse/faces/presentacion/financiero/estudioPrevio/personalSolicitado/asociarProfesionPersonalSolicitado.xhtml HTTP/1.1" 200 21413
190.249.21.140 - - [23/May/2023:10:47:04 -0500] "POST /sipse/faces/presentacion/financiero/estudioPrevio/personalSolicitado/asociarProfesionPersonalSolicitado.xhtml HTTP/1.1" 200 21413
172.22.2.4 - - [23/May/2023:10:47:07 -0500] "GET /BLA/boletinlegal/consulta_actos.php?tipo=autos&no=1976&usuario=&sector=&fecha=2018&resuelve= HTTP/1.1" 200 626
190.249.21.140 - - [23/May/2023:10:47:07 -0500] "POST /sipse/faces/presentacion/financiero/estudioPrevio/personalSolicitado/asociarProfesionPersonalSolicitado.xhtml HTTP/1.1" 200 13368
186.28.205.240 - - [23/May/2023:10:47:07 -0500] "POST /sipse/faces/presentacion/financiero/solicitudProceso/consultarSolicitudProceso.xhtml HTTP/1.1" 200 170654
186.28.205.240 - - [23/May/2023:10:47:08 -0500] "GET /sipse/faces/javax.faces.resource/primefaces.css?ln=primefaces&v=4.0 HTTP/1.1" 304 -
186.28.205.240 - - [23/May/2023:10:47:08 -0500] "GET /sipse/faces/javax.faces.resource/theme.css?ln=primefaces-sipse HTTP/1.1" 304 -
186.28.205.240 - - [23/May/2023:10:47:08 -0500] "GET /sipse/faces/javax.faces.resource/primefaces.js?ln=primefaces&v=4.0 HTTP/1.1" 304 -
186.28.205.240 - - [23/May/2023:10:47:08 -0500] "GET /sipse/faces/javax.faces.resource/layout/layout.css?ln=primefaces&v=4.0 HTTP/1.1" 304 -
186.28.205.240 - - [23/May/2023:10:47:08 -0500] "GET /sipse/faces/javax.faces.resource/jquery/jquery-plugins.js?ln=primefaces&v=4.0 HTTP/1.1" 304 -
186.28.205.240 - - [23/May/2023:10:47:08 -0500] "GET /sipse/faces/javax.faces.resource/jquery/jquery.js?ln=primefaces&v=4.0 HTTP/1.1" 304 -
186.28.205.240 - - [23/May/2023:10:47:08 -0500] "GET /sipse/faces/javax.faces.resource/layout/layout.js?ln=primefaces&v=4.0 HTTP/1.1" 304 -
172.22.2.4 - - [23/May/2023:10:47:08 -0500] "GET /BLA/boletinlegal/consulta_actos.php?tipo=autos&no=1976&usuario=&sector=&fecha=2018&resuelve= HTTP/1.1" 200 626
190.249.21.140 - - [23/May/2023:10:47:09 -0500] "POST /sipse/faces/presentacion/financiero/estudioPrevio/personalSolicitado/asociarProfesionPersonalSolicitado.xhtml HTTP/1.1" 200 13368
190.249.21.140 - - [23/May/2023:10:47:17 -0500] "POST /sipse/faces/presentacion/financiero/estudioPrevio/personalSolicitado/asociarProfesionPersonalSolicitado.xhtml HTTP/1.1" 200 55991
190.249.21.140 - - [23/May/2023:10:47:17 -0500] "GET /sipse/faces/javax.faces.resource/theme.css?ln=primefaces-sipse HTTP/1.1" 304 -
190.249.21.140 - - [23/May/2023:10:47:17 -0500] "GET /sipse/faces/javax.faces.resource/primefaces.css?ln=primefaces&v=4.0 HTTP/1.1" 304 -
190.249.21.140 - - [23/May/2023:10:47:17 -0500] "GET /sipse/faces/javax.faces.resource/layout/layout.css?ln=primefaces&v=4.0 HTTP/1.1" 304 -
190.249.21.140 - - [23/May/2023:10:47:17 -0500] "GET /sipse/faces/javax.faces.resource/jquery/jquery.js?ln=primefaces&v=4.0 HTTP/1.1" 304 -
190.249.21.140 - - [23/May/2023:10:47:17 -0500] "GET /sipse/faces/javax.faces.resource/layout/layout.js?ln=primefaces&v=4.0 HTTP/1.1" 304 -
190.249.21.140 - - [23/May/2023:10:47:17 -0500] "GET /sipse/faces/javax.faces.resource/primefaces.js?ln=primefaces&v=4.0 HTTP/1.1" 304 -
190.249.21.140 - - [23/May/2023:10:47:17 -0500] "GET /sipse/faces/javax.faces.resource/jquery/jquery-plugins.js?ln=primefaces&v=4.0 HTTP/1.1" 304 -
172.22.2.4 - - [23/May/2023:10:47:18 -0500] "GET /BLA/boletinlegal/consulta_actos.php?tipo=autos&no=1978&usuario=&sector=&fecha=2018&resuelve= HTTP/1.1" 200 626
172.22.2.4 - - [23/May/2023:10:47:21 -0500] "GET /BLA/boletinlegal/consulta_actos.php?tipo=resoluciones&no=3984&usuario=&sector=&fecha=2021&resuelve= HTTP/1.1" 200 1341
201.245.192.253 - - [23/May/2023:10:47:22 -0500] "GET /BLA/resoluciones/RESOLUCIONES%202021/3984.pdf HTTP/1.1" 200 622369
201.245.192.253 - - [23/May/2023:10:47:23 -0500] "GET /BLA/resoluciones/RESOLUCIONES%202021/3984.pdf HTTP/1.1" 200 622369
201.245.192.253 - - [23/May/2023:10:47:23 -0500] "GET /BLA/resoluciones/RESOLUCIONES%202021/3984.pdf HTTP/1.1" 206 1025
201.245.192.253 - - [23/May/2023:10:47:24 -0500] "GET /BLA/resoluciones/RESOLUCIONES%202021/3984.pdf HTTP/1.1" 206 64512
186.28.205.240 - - [23/May/2023:10:47:23 -0500] "POST /sipse/faces/presentacion/financiero/solicitudProceso/consultarSolicitudProceso.xhtml HTTP/1.1" 200 24032
186.28.205.240 - - [23/May/2023:10:47:24 -0500] "GET /sipse/faces/javax.faces.resource/theme.css?ln=primefaces-sipse HTTP/1.1" 304 -
186.28.205.240 - - [23/May/2023:10:47:24 -0500] "GET /sipse/faces/javax.faces.resource/primefaces.css?ln=primefaces&v=4.0 HTTP/1.1" 304 -
186.28.205.240 - - [23/May/2023:10:47:24 -0500] "GET /sipse/faces/javax.faces.resource/layout/layout.css?ln=primefaces&v=4.0 HTTP/1.1" 304 -
186.28.205.240 - - [23/May/2023:10:47:24 -0500] "GET /sipse/faces/javax.faces.resource/jquery/jquery.js?ln=primefaces&v=4.0 HTTP/1.1" 304 -
186.28.205.240 - - [23/May/2023:10:47:24 -0500] "GET /sipse/faces/javax.faces.resource/jquery/jquery-plugins.js?ln=primefaces&v=4.0 HTTP/1.1" 304 -
186.28.205.240 - - [23/May/2023:10:47:24 -0500] "GET /sipse/faces/javax.faces.resource/primefaces.js?ln=primefaces&v=4.0 HTTP/1.1" 304 -
186.28.205.240 - - [23/May/2023:10:47:24 -0500] "GET /sipse/faces/javax.faces.resource/layout/layout.js?ln=primefaces&v=4.0 HTTP/1.1" 304 -
172.22.2.4 - - [23/May/2023:10:47:41 -0500] "GET /BLA/boletinlegal/consulta_actos.php?tipo=autos&no=3415&usuario=&sector=&fecha=2017&resuelve= HTTP/1.1" 200 1087
181.58.60.135 - - [23/May/2023:10:47:46 -0500] "GET /BLA/resoluciones/AUTOS%202017/3415.pdf HTTP/1.1" 200 696675
172.22.2.4 - - [23/May/2023:10:47:55 -0500] "GET /BLA/boletinlegal/consulta_actos.php?tipo=resoluciones&no=2430&usuario=&sector=&fecha=2020&resuelve= HTTP/1.1" 200 1150
190.249.21.140 - - [23/May/2023:10:47:57 -0500] "POST /sipse/faces/presentacion/financiero/estudioPrevio/personalSolicitado/personalSolicitadoSolicitudProceso.xhtml HTTP/1.1" 200 33668
190.249.21.140 - - [23/May/2023:10:47:57 -0500] "GET /sipse/faces/javax.faces.resource/theme.css?ln=primefaces-sipse HTTP/1.1" 304 -
190.249.21.140 - - [23/May/2023:10:47:57 -0500] "GET /sipse/faces/javax.faces.resource/primefaces.css?ln=primefaces&v=4.0 HTTP/1.1" 304 -
190.249.21.140 - - [23/May/2023:10:47:57 -0500] "GET /sipse/faces/javax.faces.resource/layout/layout.css?ln=primefaces&v=4.0 HTTP/1.1" 304 -
190.249.21.140 - - [23/May/2023:10:47:57 -0500] "GET /sipse/faces/javax.faces.resource/jquery/jquery.js?ln=primefaces&v=4.0 HTTP/1.1" 304 -
190.249.21.140 - - [23/May/2023:10:47:57 -0500] "GET /sipse/faces/javax.faces.resource/jquery/jquery-plugins.js?ln=primefaces&v=4.0 HTTP/1.1" 304 -
190.249.21.140 - - [23/May/2023:10:47:57 -0500] "GET /sipse/faces/javax.faces.resource/primefaces.js?ln=primefaces&v=4.0 HTTP/1.1" 304 -
190.249.21.140 - - [23/May/2023:10:47:57 -0500] "GET /sipse/faces/javax.faces.resource/layout/layout.js?ln=primefaces&v=4.0 HTTP/1.1" 304 -
190.249.21.140 - - [23/May/2023:10:48:01 -0500] "POST /sipse/faces/presentacion/financiero/estudioPrevio/personalSolicitado/asociarEspecializacionPersonalSolicitado.xhtml HTTP/1.1" 200 5585
181.58.60.135 - - [23/May/2023:10:48:05 -0500] "GET /BLA/resoluciones/ HTTP/1.1" 200 13502
190.249.21.140 - - [23/May/2023:10:48:06 -0500] "POST /sipse/faces/presentacion/financiero/estudioPrevio/personalSolicitado/asociarEspecializacionPersonalSolicitado.xhtml HTTP/1.1" 200 5589
181.58.60.135 - - [23/May/2023:10:48:07 -0500] "GET /BLA/resoluciones/index.php?dir=AUTOS+2017%2F HTTP/1.1" 200 469299
190.249.21.140 - - [23/May/2023:10:48:09 -0500] "POST /sipse/faces/presentacion/financiero/estudioPrevio/personalSolicitado/asociarEspecializacionPersonalSolicitado.xhtml HTTP/1.1" 200 17887
190.249.21.140 - - [23/May/2023:10:48:11 -0500] "POST /sipse/faces/presentacion/financiero/estudioPrevio/personalSolicitado/asociarEspecializacionPersonalSolicitado.xhtml HTTP/1.1" 200 18240
190.249.21.140 - - [23/May/2023:10:48:12 -0500] "POST /sipse/faces/presentacion/financiero/estudioPrevio/personalSolicitado/asociarEspecializacionPersonalSolicitado.xhtml HTTP/1.1" 200 17887
190.249.21.140 - - [23/May/2023:10:48:14 -0500] "POST /sipse/faces/presentacion/financiero/estudioPrevio/personalSolicitado/asociarEspecializacionPersonalSolicitado.xhtml HTTP/1.1" 200 18213
172.22.2.4 - - [23/May/2023:10:48:15 -0500] "GET /BLA/boletinlegal/consulta_actos.php?tipo=autos&no=1979&usuario=&sector=&fecha=2018&resuelve= HTTP/1.1" 200 626
190.249.21.140 - - [23/May/2023:10:48:15 -0500] "POST /sipse/faces/presentacion/financiero/estudioPrevio/personalSolicitado/asociarEspecializacionPersonalSolicitado.xhtml HTTP/1.1" 200 17887
190.249.21.140 - - [23/May/2023:10:48:17 -0500] "POST /sipse/faces/presentacion/financiero/estudioPrevio/personalSolicitado/asociarEspecializacionPersonalSolicitado.xhtml HTTP/1.1" 200 18213
190.249.21.140 - - [23/May/2023:10:48:18 -0500] "POST /sipse/faces/presentacion/financiero/estudioPrevio/personalSolicitado/asociarEspecializacionPersonalSolicitado.xhtml HTTP/1.1" 200 18213
190.249.21.140 - - [23/May/2023:10:48:19 -0500] "POST /sipse/faces/presentacion/financiero/estudioPrevio/personalSolicitado/asociarEspecializacionPersonalSolicitado.xhtml HTTP/1.1" 200 17887
190.249.21.140 - - [23/May/2023:10:48:20 -0500] "POST /sipse/faces/presentacion/financiero/estudioPrevio/personalSolicitado/asociarEspecializacionPersonalSolicitado.xhtml HTTP/1.1" 200 18192
190.249.21.140 - - [23/May/2023:10:48:22 -0500] "POST /sipse/faces/presentacion/financiero/estudioPrevio/personalSolicitado/asociarEspecializacionPersonalSolicitado.xhtml HTTP/1.1" 200 1438
190.249.21.140 - - [23/May/2023:10:48:23 -0500] "POST /sipse/faces/presentacion/financiero/estudioPrevio/personalSolicitado/asociarEspecializacionPersonalSolicitado.xhtml HTTP/1.1" 200 1438
172.22.2.4 - - [23/May/2023:10:48:23 -0500] "GET /BLA/boletinlegal/consulta_actos.php?tipo=resoluciones&no=2217&usuario=&sector=&fecha=2019&resuelve= HTTP/1.1" 200 1072
190.249.21.140 - - [23/May/2023:10:48:24 -0500] "POST /sipse/faces/presentacion/financiero/estudioPrevio/personalSolicitado/asociarEspecializacionPersonalSolicitado.xhtml HTTP/1.1" 200 1438
181.237.252.159 - - [23/May/2023:10:48:26 -0500] "GET /BLA/resoluciones/RESOLUCIONES%202019/2217.pdf HTTP/1.1" 200 367037
190.249.21.140 - - [23/May/2023:10:48:26 -0500] "POST /sipse/faces/presentacion/financiero/estudioPrevio/personalSolicitado/asociarEspecializacionPersonalSolicitado.xhtml HTTP/1.1" 200 1438
190.249.21.140 - - [23/May/2023:10:48:27 -0500] "POST /sipse/faces/presentacion/financiero/estudioPrevio/personalSolicitado/asociarEspecializacionPersonalSolicitado.xhtml HTTP/1.1" 200 1438
201.245.192.253 - - [23/May/2023:10:48:26 -0500] "POST /kwsrmcab/Wsrmcab  HTTP/1.1" 200 43526
190.249.21.140 - - [23/May/2023:10:48:28 -0500] "POST /sipse/faces/presentacion/financiero/estudioPrevio/personalSolicitado/asociarEspecializacionPersonalSolicitado.xhtml HTTP/1.1" 200 18213
190.249.21.140 - - [23/May/2023:10:48:32 -0500] "POST /sipse/faces/presentacion/financiero/estudioPrevio/personalSolicitado/asociarEspecializacionPersonalSolicitado.xhtml HTTP/1.1" 200 18228
190.63.112.194 - - [23/May/2023:10:48:33 -0500] "GET /galeria/galeria/jquery.fancybox.js?v=2.1.5 HTTP/1.1" 200 48706
190.63.112.194 - - [23/May/2023:10:48:33 -0500] "GET /BLA/boletinlegal/js/jquery.scrollShow.js HTTP/1.1" 200 4586
190.63.112.194 - - [23/May/2023:10:48:33 -0500] "GET /galeria/galeria/jquery.fancybox.css?v=2.1.5 HTTP/1.1" 200 4895
190.249.21.140 - - [23/May/2023:10:48:34 -0500] "POST /sipse/faces/presentacion/financiero/estudioPrevio/personalSolicitado/asociarEspecializacionPersonalSolicitado.xhtml HTTP/1.1" 200 18312
172.22.2.4 - - [23/May/2023:10:48:36 -0500] "GET /BLA/boletinlegal/consulta_actos.php?tipo=autos&no=1980&usuario=&sector=&fecha=2018&resuelve= HTTP/1.1" 200 626
190.249.21.140 - - [23/May/2023:10:48:38 -0500] "POST /sipse/faces/presentacion/financiero/estudioPrevio/personalSolicitado/asociarEspecializacionPersonalSolicitado.xhtml HTTP/1.1" 200 18334
186.28.205.240 - - [23/May/2023:10:48:40 -0500] "POST /sipse/faces/presentacion/financiero/viabilidad/expedirViabilidad.xhtml HTTP/1.1" 200 125731
186.28.205.240 - - [23/May/2023:10:48:40 -0500] "GET /sipse/faces/javax.faces.resource/theme.css?ln=primefaces-sipse HTTP/1.1" 304 -
186.28.205.240 - - [23/May/2023:10:48:40 -0500] "GET /sipse/faces/javax.faces.resource/layout/layout.css?ln=primefaces&v=4.0 HTTP/1.1" 304 -
186.28.205.240 - - [23/May/2023:10:48:40 -0500] "GET /sipse/faces/javax.faces.resource/primefaces.css?ln=primefaces&v=4.0 HTTP/1.1" 304 -
186.28.205.240 - - [23/May/2023:10:48:40 -0500] "GET /sipse/faces/javax.faces.resource/jquery/jquery.js?ln=primefaces&v=4.0 HTTP/1.1" 304 -
186.28.205.240 - - [23/May/2023:10:48:40 -0500] "GET /sipse/faces/javax.faces.resource/jquery/jquery-plugins.js?ln=primefaces&v=4.0 HTTP/1.1" 304 -
186.28.205.240 - - [23/May/2023:10:48:40 -0500] "GET /sipse/faces/javax.faces.resource/primefaces.js?ln=primefaces&v=4.0 HTTP/1.1" 304 -
186.28.205.240 - - [23/May/2023:10:48:40 -0500] "GET /sipse/faces/javax.faces.resource/layout/layout.js?ln=primefaces&v=4.0 HTTP/1.1" 304 -
172.22.2.4 - - [23/May/2023:10:48:43 -0500] "GET /BLA/boletinlegal/consulta_actos.php?tipo=autos&no=1984&usuario=&sector=&fecha=2018&resuelve= HTTP/1.1" 200 626
172.22.2.4 - - [23/May/2023:10:48:44 -0500] "GET /BLA/boletinlegal/consulta_actos.php?tipo=autos&no=1984&usuario=&sector=&fecha=2018&resuelve= HTTP/1.1" 200 626
172.22.2.4 - - [23/May/2023:10:48:45 -0500] "GET /BLA/boletinlegal/consulta_actos.php?tipo=autos&no=1984&usuario=&sector=&fecha=2018&resuelve= HTTP/1.1" 200 626
181.58.60.135 - - [23/May/2023:10:48:47 -0500] "GET /BLA/resoluciones/ HTTP/1.1" 200 13502
186.28.205.240 - - [23/May/2023:10:48:47 -0500] "POST /sipse/faces/presentacion/financiero/solicitudProceso/consultarSolicitudProceso.xhtml HTTP/1.1" 200 36221
186.28.205.240 - - [23/May/2023:10:48:49 -0500] "GET /sipse/faces/javax.faces.resource/primefaces.css?ln=primefaces&v=4.0 HTTP/1.1" 304 -
186.28.205.240 - - [23/May/2023:10:48:49 -0500] "GET /sipse/faces/javax.faces.resource/theme.css?ln=primefaces-sipse HTTP/1.1" 304 -
186.28.205.240 - - [23/May/2023:10:48:49 -0500] "GET /sipse/faces/javax.faces.resource/layout/layout.css?ln=primefaces&v=4.0 HTTP/1.1" 304 -
