201.245.192.253 - - [24/May/2023:12:14:30 -0500] "GET /sipse/faces/javax.faces.resource/jquery/jquery-plugins.js?ln=primefaces&v=4.0 HTTP/1.1" 200 220526
201.245.192.253 - - [24/May/2023:12:14:30 -0500] "GET /sipse/faces/javax.faces.resource/primefaces.css?ln=primefaces&v=4.0 HTTP/1.1" 200 53295
201.245.192.253 - - [24/May/2023:12:14:30 -0500] "GET /sipse/faces/javax.faces.resource/jquery/jquery.js?ln=primefaces&v=4.0 HTTP/1.1" 200 105384
201.245.192.253 - - [24/May/2023:12:14:30 -0500] "GET /sipse/faces/javax.faces.resource/images/ui-icons_898989_256x240.png?ln=primefaces-aristo HTTP/1.1" 304 -
172.22.2.4 - - [24/May/2023:12:12:57 -0500] "HEAD /BLA/boletinlegal/ HTTP/1.1" 200 -
201.245.192.253 - - [24/May/2023:12:14:40 -0500] "GET /sipsesda/ HTTP/1.1" 200 1477
201.245.192.253 - - [24/May/2023:12:14:40 -0500] "GET /css/segobdis.css HTTP/1.1" 404 1264
201.245.192.253 - - [24/May/2023:12:14:40 -0500] "GET /favicon.ico HTTP/1.1" 200 7782
201.245.192.253 - - [24/May/2023:12:14:40 -0500] "GET /sipsesda/faces/login.jspx HTTP/1.1" 200 6860
172.22.2.4 - - [24/May/2023:12:14:44 -0500] "GET /BLA/boletinlegal/consulta_actos.php?tipo=autos&no=2472&usuario=&sector=&fecha=2018&resuelve= HTTP/1.1" 200 626
172.22.2.4 - - [24/May/2023:12:14:45 -0500] "GET /BLA/boletinlegal/consulta_actos.php?tipo=autos&no=2472&usuario=&sector=&fecha=2018&resuelve= HTTP/1.1" 200 626
201.245.192.253 - - [24/May/2023:12:14:51 -0500] "POST /sipsesda/faces/login.jspx HTTP/1.1" 200 5764
201.245.192.253 - - [24/May/2023:12:14:51 -0500] "GET /favicon.ico HTTP/1.1" 200 7782
201.245.192.253 - - [24/May/2023:12:14:54 -0500] "POST /sipsesda/faces/vista/sistema/seleccionRol.jspx HTTP/1.1" 200 32827
201.245.192.253 - - [24/May/2023:12:14:55 -0500] "GET /sipsesda/js/menu.js HTTP/1.1" 200 5358
201.245.192.253 - - [24/May/2023:12:14:55 -0500] "GET /sipsesda/js/menu13_compact.js HTTP/1.1" 200 22980
201.245.192.253 - - [24/May/2023:12:14:55 -0500] "GET /sipsesda/imagenes/logoAplicacion.jpg HTTP/1.1" 200 155084
201.245.192.253 - - [24/May/2023:12:14:55 -0500] "GET /favicon.ico HTTP/1.1" 200 7782
201.245.192.253 - - [24/May/2023:12:14:55 -0500] "GET /sipsesda/faces/imagenes/vinetaAbajo.gif HTTP/1.1" 200 72
201.245.192.253 - - [24/May/2023:12:14:55 -0500] "GET /sipsesda/faces/imagenes/vinetaDerecha.gif HTTP/1.1" 200 107
201.245.192.253 - - [24/May/2023:12:14:55 -0500] "POST /kwsrmcab/Wsrmcab  HTTP/1.1" 200 43526
190.27.57.15 - - [24/May/2023:12:14:57 -0500] "POST /sipse/faces/presentacion/financiero/solicitudProceso/listarSolicitudProceso.xhtml HTTP/1.1" 200 28272
190.27.57.15 - - [24/May/2023:12:14:57 -0500] "POST /sipse/faces/presentacion/financiero/solicitudProceso/listarSolicitudProceso.xhtml HTTP/1.1" 200 28272
190.27.57.15 - - [24/May/2023:12:14:58 -0500] "POST /sipse/faces/presentacion/financiero/solicitudProceso/listarSolicitudProceso.xhtml HTTP/1.1" 200 28272
190.27.57.15 - - [24/May/2023:12:14:58 -0500] "POST /sipse/faces/presentacion/financiero/solicitudProceso/listarSolicitudProceso.xhtml HTTP/1.1" 200 28272
201.245.192.253 - - [24/May/2023:12:14:58 -0500] "GET /sipsesda/faces/vista/sistema/cargarMenu.jspx?accionMenu=listadoFuncionario&menuID=18 HTTP/1.1" 200 33034
190.27.57.15 - - [24/May/2023:12:14:58 -0500] "POST /sipse/faces/presentacion/financiero/solicitudProceso/listarSolicitudProceso.xhtml HTTP/1.1" 200 28272
201.245.192.253 - - [24/May/2023:12:14:58 -0500] "GET /sipsesda/imagenes/cargando.gif HTTP/1.1" 200 1287
201.245.192.253 - - [24/May/2023:12:14:58 -0500] "GET /favicon.ico HTTP/1.1" 200 7782
201.245.192.253 - - [24/May/2023:12:14:58 -0500] "POST /sipsesda/faces/vista/sistema/cargarMenu.jspx HTTP/1.1" 200 36929
190.27.57.15 - - [24/May/2023:12:14:58 -0500] "POST /sipse/faces/presentacion/financiero/solicitudProceso/listarSolicitudProceso.xhtml HTTP/1.1" 200 28272
190.27.57.15 - - [24/May/2023:12:14:58 -0500] "POST /sipse/faces/presentacion/financiero/solicitudProceso/listarSolicitudProceso.xhtml HTTP/1.1" 200 1392
190.27.57.15 - - [24/May/2023:12:14:58 -0500] "POST /sipse/faces/presentacion/financiero/solicitudProceso/listarSolicitudProceso.xhtml HTTP/1.1" 200 1400
190.27.57.15 - - [24/May/2023:12:14:59 -0500] "POST /sipse/faces/presentacion/financiero/solicitudProceso/listarSolicitudProceso.xhtml HTTP/1.1" 200 1400
190.27.57.15 - - [24/May/2023:12:14:59 -0500] "POST /sipse/faces/presentacion/financiero/solicitudProceso/listarSolicitudProceso.xhtml HTTP/1.1" 200 1400
190.27.57.15 - - [24/May/2023:12:14:59 -0500] "POST /sipse/faces/presentacion/financiero/solicitudProceso/listarSolicitudProceso.xhtml HTTP/1.1" 200 1400
190.27.57.15 - - [24/May/2023:12:14:59 -0500] "POST /sipse/faces/presentacion/financiero/solicitudProceso/listarSolicitudProceso.xhtml HTTP/1.1" 200 1400
190.27.57.15 - - [24/May/2023:12:15:01 -0500] "POST /sipse/faces/presentacion/financiero/solicitudProceso/listarSolicitudProceso.xhtml HTTP/1.1" 200 117077
190.27.57.15 - - [24/May/2023:12:15:02 -0500] "GET /sipse/faces/javax.faces.resource/theme.css?ln=primefaces-sipse HTTP/1.1" 304 -
190.27.57.15 - - [24/May/2023:12:15:02 -0500] "GET /sipse/faces/javax.faces.resource/layout/layout.css?ln=primefaces&v=4.0 HTTP/1.1" 304 -
190.27.57.15 - - [24/May/2023:12:15:02 -0500] "GET /sipse/faces/javax.faces.resource/primefaces.css?ln=primefaces&v=4.0 HTTP/1.1" 304 -
190.27.57.15 - - [24/May/2023:12:15:02 -0500] "GET /sipse/faces/javax.faces.resource/jquery/jquery.js?ln=primefaces&v=4.0 HTTP/1.1" 304 -
190.27.57.15 - - [24/May/2023:12:15:02 -0500] "GET /sipse/faces/javax.faces.resource/jquery/jquery-plugins.js?ln=primefaces&v=4.0 HTTP/1.1" 304 -
190.27.57.15 - - [24/May/2023:12:15:02 -0500] "GET /sipse/faces/javax.faces.resource/primefaces.js?ln=primefaces&v=4.0 HTTP/1.1" 304 -
190.27.57.15 - - [24/May/2023:12:15:02 -0500] "GET /sipse/faces/javax.faces.resource/layout/layout.js?ln=primefaces&v=4.0 HTTP/1.1" 304 -
190.27.57.15 - - [24/May/2023:12:15:08 -0500] "POST /sipse/faces/presentacion/financiero/solicitudProceso/consultarSolicitudProceso.xhtml HTTP/1.1" 200 3877383
201.245.192.253 - - [24/May/2023:12:15:11 -0500] "POST /forms/lservlet;jsessionid=ac16012b30d6f182a9abbd2e49678a1c98b57cd26f77.e3iSbxaKaheRe34MchqTb30Ta3z0n6jAmljGr5XDqQLvpAe HTTP/1.1" 200 2
172.22.2.4 - - [24/May/2023:12:15:14 -0500] "GET /BLA/boletinlegal/consulta_actos.php?tipo=autos&no=2473&usuario=&sector=&fecha=2018&resuelve= HTTP/1.1" 200 626
201.245.192.253 - - [24/May/2023:12:15:17 -0500] "POST /sipse/faces/presentacion/financiero/solicitudProceso/consultarSolicitudProceso.xhtml HTTP/1.1" 200 65568
190.27.57.15 - - [24/May/2023:12:15:17 -0500] "POST /sipse/faces/presentacion/financiero/solicitudProceso/consultarSolicitudProceso.xhtml HTTP/1.1" 200 86822
201.245.192.253 - - [24/May/2023:12:15:18 -0500] "GET /sipse/faces/javax.faces.resource/theme.css?ln=primefaces-sipse HTTP/1.1" 304 -
201.245.192.253 - - [24/May/2023:12:15:18 -0500] "GET /sipse/faces/javax.faces.resource/primefaces.css?ln=primefaces&v=4.0 HTTP/1.1" 304 -
201.245.192.253 - - [24/May/2023:12:15:18 -0500] "GET /sipse/faces/javax.faces.resource/layout/layout.css?ln=primefaces&v=4.0 HTTP/1.1" 304 -
201.245.192.253 - - [24/May/2023:12:15:18 -0500] "GET /sipse/faces/javax.faces.resource/jquery/jquery.js?ln=primefaces&v=4.0 HTTP/1.1" 304 -
201.245.192.253 - - [24/May/2023:12:15:18 -0500] "GET /sipse/faces/javax.faces.resource/jquery/jquery-plugins.js?ln=primefaces&v=4.0 HTTP/1.1" 304 -
201.245.192.253 - - [24/May/2023:12:15:18 -0500] "GET /sipse/faces/javax.faces.resource/primefaces.js?ln=primefaces&v=4.0 HTTP/1.1" 304 -
201.245.192.253 - - [24/May/2023:12:15:18 -0500] "GET /sipse/faces/javax.faces.resource/layout/layout.js?ln=primefaces&v=4.0 HTTP/1.1" 304 -
201.245.192.253 - - [24/May/2023:12:15:18 -0500] "POST /sipse/faces/presentacion/financiero/solicitudProceso/listarSolicitudProceso.xhtml HTTP/1.1" 200 58848
201.245.192.253 - - [24/May/2023:12:15:19 -0500] "POST /sipse/faces/presentacion/financiero/solicitudProceso/listarSolicitudProceso.xhtml HTTP/1.1" 200 58848
201.245.192.253 - - [24/May/2023:12:15:19 -0500] "POST /sipse/faces/presentacion/financiero/solicitudProceso/listarSolicitudProceso.xhtml HTTP/1.1" 200 58848
201.245.192.253 - - [24/May/2023:12:15:19 -0500] "POST /sipse/faces/presentacion/financiero/solicitudProceso/listarSolicitudProceso.xhtml HTTP/1.1" 200 1556
201.245.192.253 - - [24/May/2023:12:15:19 -0500] "POST /sipse/faces/presentacion/financiero/solicitudProceso/listarSolicitudProceso.xhtml HTTP/1.1" 200 1548
201.245.192.253 - - [24/May/2023:12:15:20 -0500] "POST /sipse/faces/presentacion/financiero/solicitudProceso/listarSolicitudProceso.xhtml HTTP/1.1" 200 1564
201.245.192.253 - - [24/May/2023:12:15:20 -0500] "POST /sipse/faces/presentacion/financiero/solicitudProceso/listarSolicitudProceso.xhtml HTTP/1.1" 200 1548
201.245.192.253 - - [24/May/2023:12:15:22 -0500] "POST /sipse/faces/presentacion/financiero/solicitudProceso/listarSolicitudProceso.xhtml HTTP/1.1" 200 16517
172.22.2.4 - - [24/May/2023:12:13:47 -0500] "GET /BLA/boletinlegal/ HTTP/1.1" 200 57561
172.22.2.4 - - [24/May/2023:12:15:27 -0500] "GET /BLA/boletinlegal/consulta_actos.php?tipo=autos&no=2474&usuario=&sector=&fecha=2018&resuelve= HTTP/1.1" 200 626
201.245.192.253 - - [24/May/2023:12:15:29 -0500] "POST /sipse/faces/presentacion/financiero/solicitudProceso/listarSolicitudProceso.xhtml HTTP/1.1" 200 2861
201.245.192.253 - - [24/May/2023:12:15:29 -0500] "POST /sipse/faces/presentacion/financiero/solicitudProceso/listarSolicitudProceso.xhtml HTTP/1.1" 200 40850
201.245.192.253 - - [24/May/2023:12:15:29 -0500] "GET /sipse/faces/javax.faces.resource/theme.css?ln=primefaces-sipse HTTP/1.1" 304 -
201.245.192.253 - - [24/May/2023:12:15:29 -0500] "GET /sipse/faces/javax.faces.resource/primefaces.css?ln=primefaces&v=4.0 HTTP/1.1" 304 -
201.245.192.253 - - [24/May/2023:12:15:29 -0500] "GET /sipse/faces/javax.faces.resource/layout/layout.css?ln=primefaces&v=4.0 HTTP/1.1" 304 -
201.245.192.253 - - [24/May/2023:12:15:30 -0500] "GET /sipse/faces/javax.faces.resource/jquery/jquery.js?ln=primefaces&v=4.0 HTTP/1.1" 304 -
201.245.192.253 - - [24/May/2023:12:15:30 -0500] "GET /sipse/faces/javax.faces.resource/jquery/jquery-plugins.js?ln=primefaces&v=4.0 HTTP/1.1" 304 -
201.245.192.253 - - [24/May/2023:12:15:30 -0500] "GET /sipse/faces/javax.faces.resource/primefaces.js?ln=primefaces&v=4.0 HTTP/1.1" 304 -
201.245.192.253 - - [24/May/2023:12:15:30 -0500] "GET /sipse/faces/javax.faces.resource/layout/layout.js?ln=primefaces&v=4.0 HTTP/1.1" 304 -
201.245.192.253 - - [24/May/2023:12:15:30 -0500] "POST /sipse/faces/presentacion/financiero/solicitudProceso/consultar.xhtml HTTP/1.1" 200 34153
190.27.57.15 - - [24/May/2023:12:15:30 -0500] "POST /sipse/faces/presentacion/financiero/solicitudProceso/consultarSolicitudProceso.xhtml HTTP/1.1" 200 322098
201.245.192.253 - - [24/May/2023:12:15:33 -0500] "POST /sipse/faces/presentacion/financiero/solicitudProceso/consultar.xhtml HTTP/1.1" 200 12822
201.245.192.253 - - [24/May/2023:12:15:34 -0500] "POST /sipse/faces/presentacion/financiero/solicitudProceso/listarSolicitudProceso.xhtml HTTP/1.1" 200 128251
201.245.192.253 - - [24/May/2023:12:15:35 -0500] "GET /sipse/faces/javax.faces.resource/theme.css?ln=primefaces-sipse HTTP/1.1" 304 -
201.245.192.253 - - [24/May/2023:12:15:35 -0500] "GET /sipse/faces/javax.faces.resource/primefaces.css?ln=primefaces&v=4.0 HTTP/1.1" 304 -
201.245.192.253 - - [24/May/2023:12:15:35 -0500] "GET /sipse/faces/javax.faces.resource/layout/layout.css?ln=primefaces&v=4.0 HTTP/1.1" 304 -
201.245.192.253 - - [24/May/2023:12:15:35 -0500] "GET /sipse/faces/javax.faces.resource/jquery/jquery.js?ln=primefaces&v=4.0 HTTP/1.1" 304 -
201.245.192.253 - - [24/May/2023:12:15:35 -0500] "GET /sipse/faces/javax.faces.resource/jquery/jquery-plugins.js?ln=primefaces&v=4.0 HTTP/1.1" 304 -
201.245.192.253 - - [24/May/2023:12:15:35 -0500] "GET /sipse/faces/javax.faces.resource/primefaces.js?ln=primefaces&v=4.0 HTTP/1.1" 304 -
201.245.192.253 - - [24/May/2023:12:15:35 -0500] "GET /sipse/faces/javax.faces.resource/layout/layout.js?ln=primefaces&v=4.0 HTTP/1.1" 304 -
172.22.2.4 - - [24/May/2023:12:15:35 -0500] "GET /BLA/boletinlegal/consulta_actos.php?tipo=autos&no=2475&usuario=&sector=&fecha=2018&resuelve= HTTP/1.1" 200 626
201.245.192.253 - - [24/May/2023:12:15:36 -0500] "POST /sipse/faces/presentacion/financiero/solicitudProceso/listarSolicitudProceso.xhtml HTTP/1.1" 200 59579
201.245.192.253 - - [24/May/2023:12:15:36 -0500] "POST /sipse/faces/presentacion/financiero/solicitudProceso/listarSolicitudProceso.xhtml HTTP/1.1" 200 59579
201.245.192.253 - - [24/May/2023:12:15:36 -0500] "POST /sipse/faces/presentacion/financiero/solicitudProceso/listarSolicitudProceso.xhtml HTTP/1.1" 200 59579
201.245.192.253 - - [24/May/2023:12:15:36 -0500] "POST /sipse/faces/presentacion/financiero/solicitudProceso/listarSolicitudProceso.xhtml HTTP/1.1" 200 59579
201.245.192.253 - - [24/May/2023:12:15:37 -0500] "POST /sipse/faces/presentacion/financiero/solicitudProceso/listarSolicitudProceso.xhtml HTTP/1.1" 200 59579
201.245.192.253 - - [24/May/2023:12:15:37 -0500] "POST /sipse/faces/presentacion/financiero/solicitudProceso/listarSolicitudProceso.xhtml HTTP/1.1" 200 59579
201.245.192.253 - - [24/May/2023:12:15:37 -0500] "POST /sipse/faces/presentacion/financiero/solicitudProceso/listarSolicitudProceso.xhtml HTTP/1.1" 200 1556
201.245.192.253 - - [24/May/2023:12:15:37 -0500] "POST /sipse/faces/presentacion/financiero/solicitudProceso/listarSolicitudProceso.xhtml HTTP/1.1" 200 1548
201.245.192.253 - - [24/May/2023:12:15:37 -0500] "POST /sipse/faces/presentacion/financiero/solicitudProceso/listarSolicitudProceso.xhtml HTTP/1.1" 200 1564
201.245.192.253 - - [24/May/2023:12:15:38 -0500] "POST /sipse/faces/presentacion/financiero/solicitudProceso/listarSolicitudProceso.xhtml HTTP/1.1" 200 1548
201.245.192.253 - - [24/May/2023:12:15:38 -0500] "POST /sipse/faces/presentacion/financiero/solicitudProceso/listarSolicitudProceso.xhtml HTTP/1.1" 200 1564
201.245.192.253 - - [24/May/2023:12:15:38 -0500] "POST /sipse/faces/presentacion/financiero/solicitudProceso/listarSolicitudProceso.xhtml HTTP/1.1" 200 1548
172.22.2.4 - - [24/May/2023:12:15:38 -0500] "GET /BLA/boletinlegal/actos.php HTTP/1.1" 200 9682
172.22.2.4 - - [24/May/2023:12:15:39 -0500] "GET /BLA/boletinlegal/favicon.ico HTTP/1.1" 404 1326
201.245.192.253 - - [24/May/2023:12:15:38 -0500] "POST /sipse/faces/presentacion/financiero/solicitudProceso/consultar.xhtml HTTP/1.1" 200 149171
201.245.192.253 - - [24/May/2023:12:15:40 -0500] "GET /sipse/faces/javax.faces.resource/primefaces.css?ln=primefaces&v=4.0 HTTP/1.1" 304 -
201.245.192.253 - - [24/May/2023:12:15:40 -0500] "GET /sipse/faces/javax.faces.resource/layout/layout.css?ln=primefaces&v=4.0 HTTP/1.1" 304 -
201.245.192.253 - - [24/May/2023:12:15:40 -0500] "GET /sipse/faces/javax.faces.resource/theme.css?ln=primefaces-sipse HTTP/1.1" 304 -
201.245.192.253 - - [24/May/2023:12:15:40 -0500] "GET /sipse/faces/javax.faces.resource/jquery/jquery.js?ln=primefaces&v=4.0 HTTP/1.1" 304 -
201.245.192.253 - - [24/May/2023:12:15:40 -0500] "GET /sipse/faces/javax.faces.resource/jquery/jquery-plugins.js?ln=primefaces&v=4.0 HTTP/1.1" 304 -
201.245.192.253 - - [24/May/2023:12:15:40 -0500] "GET /sipse/faces/javax.faces.resource/primefaces.js?ln=primefaces&v=4.0 HTTP/1.1" 304 -
201.245.192.253 - - [24/May/2023:12:15:40 -0500] "GET /sipse/faces/javax.faces.resource/layout/layout.js?ln=primefaces&v=4.0 HTTP/1.1" 304 -
190.27.57.15 - - [24/May/2023:12:15:39 -0500] "POST /sipse/faces/presentacion/financiero/solicitudProceso/consultarSolicitudProceso.xhtml HTTP/1.1" 200 168993
181.61.204.215 - - [24/May/2023:12:15:41 -0500] "GET /BLA/resoluciones/ HTTP/1.1" 200 13502
181.61.204.215 - - [24/May/2023:12:15:44 -0500] "GET /BLA/resoluciones/index.php?dir=AUTOS+2017%2F HTTP/1.1" 200 469299
172.22.2.4 - - [24/May/2023:12:15:45 -0500] "GET /BLA/boletinlegal/consulta_actos.php?tipo=autos&no=2476&usuario=&sector=&fecha=2018&resuelve= HTTP/1.1" 200 626
190.27.57.15 - - [24/May/2023:12:15:45 -0500] "POST /sipse/faces/presentacion/financiero/solicitudProceso/consultarSolicitudProceso.xhtml HTTP/1.1" 200 286805
172.22.2.4 - - [24/May/2023:12:15:45 -0500] "GET /BLA/boletinlegal/consulta_actos.php?tipo=autos&no=2476&usuario=&sector=&fecha=2018&resuelve= HTTP/1.1" 200 626
190.27.57.15 - - [24/May/2023:12:15:51 -0500] "POST /sipse/faces/presentacion/financiero/solicitudProceso/consultarSolicitudProceso.xhtml HTTP/1.1" 200 5002888
172.22.2.4 - - [24/May/2023:12:15:58 -0500] "GET /BLA/boletinlegal/consulta_actos.php?tipo=autos&no=2477&usuario=&sector=&fecha=2018&resuelve= HTTP/1.1" 200 1098
201.245.192.253 - - [24/May/2023:12:15:58 -0500] "POST /forms/lservlet;jsessionid=ac16012b30d698b53ff7ddca4ad78af9da5925749c03.e3iSbxaKaheRe34MchqTb30Ta3z0n6jAmljGr5XDqQLvpAe HTTP/1.1" 200 2
201.245.192.253 - - [24/May/2023:12:15:58 -0500] "POST /sipse/faces/presentacion/financiero/solicitudProceso/consultarSolicitudProceso.xhtml HTTP/1.1" 200 108571
190.27.57.15 - - [24/May/2023:12:16:01 -0500] "POST /sipse/faces/presentacion/financiero/solicitudProceso/consultarSolicitudProceso.xhtml HTTP/1.1" 200 734208
201.245.192.253 - - [24/May/2023:12:16:02 -0500] "GET /BLA/resoluciones/AUTOS%202018/2477.pdf HTTP/1.1" 200 288613
201.245.192.253 - - [24/May/2023:12:16:02 -0500] "POST /sipse/faces/presentacion/financiero/solicitudProceso/listarSolicitudProceso.xhtml HTTP/1.1" 200 139878
201.245.192.253 - - [24/May/2023:12:16:03 -0500] "GET /sipse/faces/javax.faces.resource/jquery/jquery.js?ln=primefaces&v=4.0 HTTP/1.1" 304 -
201.245.192.253 - - [24/May/2023:12:16:03 -0500] "GET /sipse/faces/javax.faces.resource/jquery/jquery-plugins.js?ln=primefaces&v=4.0 HTTP/1.1" 304 -
201.245.192.253 - - [24/May/2023:12:16:03 -0500] "GET /sipse/faces/javax.faces.resource/primefaces.js?ln=primefaces&v=4.0 HTTP/1.1" 304 -
201.245.192.253 - - [24/May/2023:12:16:04 -0500] "GET /sipse/faces/javax.faces.resource/layout/layout.js?ln=primefaces&v=4.0 HTTP/1.1" 304 -
172.22.2.4 - - [24/May/2023:12:16:24 -0500] "GET /BLA/boletinlegal/consulta_actos.php?tipo=autos&no=2478&usuario=&sector=&fecha=2018&resuelve= HTTP/1.1" 200 626
201.245.192.253 - - [24/May/2023:12:16:33 -0500] "POST /sipse/faces/presentacion/financiero/solicitudProceso/consultarSolicitudProceso.xhtml HTTP/1.1" 200 66356
201.245.192.253 - - [24/May/2023:12:16:33 -0500] "GET /sipse/faces/javax.faces.resource/jquery/jquery.js?ln=primefaces&v=4.0 HTTP/1.1" 304 -
201.245.192.253 - - [24/May/2023:12:16:33 -0500] "GET /sipse/faces/javax.faces.resource/jquery/jquery-plugins.js?ln=primefaces&v=4.0 HTTP/1.1" 304 -
201.245.192.253 - - [24/May/2023:12:16:33 -0500] "GET /sipse/faces/javax.faces.resource/primefaces.js?ln=primefaces&v=4.0 HTTP/1.1" 304 -
201.245.192.253 - - [24/May/2023:12:16:33 -0500] "GET /sipse/faces/javax.faces.resource/layout/layout.js?ln=primefaces&v=4.0 HTTP/1.1" 304 -
201.245.192.253 - - [24/May/2023:12:16:34 -0500] "POST /sipse/faces/presentacion/financiero/solicitudProceso/listarSolicitudProceso.xhtml HTTP/1.1" 200 59634
172.22.2.4 - - [24/May/2023:12:16:34 -0500] "GET /BLA/boletinlegal/consulta_actos.php?tipo=autos&no=2479&usuario=&sector=&fecha=2018&resuelve= HTTP/1.1" 200 626
201.245.192.253 - - [24/May/2023:12:16:34 -0500] "POST /sipse/faces/presentacion/financiero/solicitudProceso/listarSolicitudProceso.xhtml HTTP/1.1" 200 59634
201.245.192.253 - - [24/May/2023:12:16:34 -0500] "POST /sipse/faces/presentacion/financiero/solicitudProceso/listarSolicitudProceso.xhtml HTTP/1.1" 200 59634
201.245.192.253 - - [24/May/2023:12:16:34 -0500] "POST /sipse/faces/presentacion/financiero/solicitudProceso/listarSolicitudProceso.xhtml HTTP/1.1" 200 59634
201.245.192.253 - - [24/May/2023:12:16:35 -0500] "POST /sipse/faces/presentacion/financiero/solicitudProceso/listarSolicitudProceso.xhtml HTTP/1.1" 200 59634
201.245.192.253 - - [24/May/2023:12:16:35 -0500] "POST /sipse/faces/presentacion/financiero/solicitudProceso/listarSolicitudProceso.xhtml HTTP/1.1" 200 59634
201.245.192.253 - - [24/May/2023:12:16:35 -0500] "POST /sipse/faces/presentacion/financiero/solicitudProceso/listarSolicitudProceso.xhtml HTTP/1.1" 200 1556
201.245.192.253 - - [24/May/2023:12:16:35 -0500] "POST /sipse/faces/presentacion/financiero/solicitudProceso/listarSolicitudProceso.xhtml HTTP/1.1" 200 1548
201.245.192.253 - - [24/May/2023:12:16:35 -0500] "POST /sipse/faces/presentacion/financiero/solicitudProceso/listarSolicitudProceso.xhtml HTTP/1.1" 200 1564
201.245.192.253 - - [24/May/2023:12:16:36 -0500] "POST /sipse/faces/presentacion/financiero/solicitudProceso/listarSolicitudProceso.xhtml HTTP/1.1" 200 1548
201.245.192.253 - - [24/May/2023:12:16:36 -0500] "POST /sipse/faces/presentacion/financiero/solicitudProceso/listarSolicitudProceso.xhtml HTTP/1.1" 200 1564
201.245.192.253 - - [24/May/2023:12:16:36 -0500] "POST /sipse/faces/presentacion/financiero/solicitudProceso/listarSolicitudProceso.xhtml HTTP/1.1" 200 1548
201.245.192.253 - - [24/May/2023:12:16:36 -0500] "POST /sipse/faces/presentacion/financiero/solicitudProceso/listarSolicitudProceso.xhtml HTTP/1.1" 200 1564
201.245.192.253 - - [24/May/2023:12:16:40 -0500] "POST /sipse/faces/presentacion/financiero/solicitudProceso/consultarSolicitudProceso.xhtml HTTP/1.1" 200 5507
201.245.192.253 - - [24/May/2023:12:16:40 -0500] "POST /sipse/faces/presentacion/financiero/solicitudProceso/listarSolicitudProceso.xhtml HTTP/1.1" 200 134566
201.245.192.253 - - [24/May/2023:12:16:41 -0500] "GET /sipse/faces/javax.faces.resource/jquery/jquery.js?ln=primefaces&v=4.0 HTTP/1.1" 304 -
201.245.192.253 - - [24/May/2023:12:16:41 -0500] "GET /sipse/faces/javax.faces.resource/jquery/jquery-plugins.js?ln=primefaces&v=4.0 HTTP/1.1" 304 -
201.245.192.253 - - [24/May/2023:12:16:42 -0500] "GET /sipse/faces/javax.faces.resource/primefaces.js?ln=primefaces&v=4.0 HTTP/1.1" 304 -
201.245.192.253 - - [24/May/2023:12:16:42 -0500] "GET /sipse/faces/javax.faces.resource/layout/layout.js?ln=primefaces&v=4.0 HTTP/1.1" 304 -
201.245.192.253 - - [24/May/2023:12:16:45 -0500] "POST /sipse/faces/presentacion/financiero/solicitudProceso/consultarSolicitudProceso.xhtml HTTP/1.1" 200 66338
201.245.192.253 - - [24/May/2023:12:16:45 -0500] "GET /sipse/faces/javax.faces.resource/jquery/jquery.js?ln=primefaces&v=4.0 HTTP/1.1" 304 -
201.245.192.253 - - [24/May/2023:12:16:45 -0500] "GET /sipse/faces/javax.faces.resource/jquery/jquery-plugins.js?ln=primefaces&v=4.0 HTTP/1.1" 304 -
201.245.192.253 - - [24/May/2023:12:16:46 -0500] "GET /sipse/faces/javax.faces.resource/primefaces.js?ln=primefaces&v=4.0 HTTP/1.1" 304 -
201.245.192.253 - - [24/May/2023:12:16:46 -0500] "GET /sipse/faces/javax.faces.resource/layout/layout.js?ln=primefaces&v=4.0 HTTP/1.1" 304 -
201.245.192.253 - - [24/May/2023:12:16:46 -0500] "POST /sipse/faces/presentacion/financiero/solicitudProceso/listarSolicitudProceso.xhtml HTTP/1.1" 200 59552
201.245.192.253 - - [24/May/2023:12:16:46 -0500] "POST /sipse/faces/presentacion/financiero/solicitudProceso/listarSolicitudProceso.xhtml HTTP/1.1" 200 59552
201.245.192.253 - - [24/May/2023:12:16:46 -0500] "POST /sipse/faces/presentacion/financiero/solicitudProceso/listarSolicitudProceso.xhtml HTTP/1.1" 200 59552
201.245.192.253 - - [24/May/2023:12:16:47 -0500] "POST /sipse/faces/presentacion/financiero/solicitudProceso/listarSolicitudProceso.xhtml HTTP/1.1" 200 59552
201.245.192.253 - - [24/May/2023:12:16:47 -0500] "POST /sipse/faces/presentacion/financiero/solicitudProceso/listarSolicitudProceso.xhtml HTTP/1.1" 200 59552
201.245.192.253 - - [24/May/2023:12:16:47 -0500] "POST /sipse/faces/presentacion/financiero/solicitudProceso/listarSolicitudProceso.xhtml HTTP/1.1" 200 59552
201.245.192.253 - - [24/May/2023:12:16:47 -0500] "POST /sipse/faces/presentacion/financiero/solicitudProceso/listarSolicitudProceso.xhtml HTTP/1.1" 200 59552
201.245.192.253 - - [24/May/2023:12:16:47 -0500] "POST /sipse/faces/presentacion/financiero/solicitudProceso/listarSolicitudProceso.xhtml HTTP/1.1" 200 59552
201.245.192.253 - - [24/May/2023:12:16:48 -0500] "POST /sipse/faces/presentacion/financiero/solicitudProceso/listarSolicitudProceso.xhtml HTTP/1.1" 200 1556
201.245.192.253 - - [24/May/2023:12:16:48 -0500] "POST /sipse/faces/presentacion/financiero/solicitudProceso/listarSolicitudProceso.xhtml HTTP/1.1" 200 1548
201.245.192.253 - - [24/May/2023:12:16:48 -0500] "POST /sipse/faces/presentacion/financiero/solicitudProceso/listarSolicitudProceso.xhtml HTTP/1.1" 200 1564
201.245.192.253 - - [24/May/2023:12:16:48 -0500] "POST /sipse/faces/presentacion/financiero/solicitudProceso/listarSolicitudProceso.xhtml HTTP/1.1" 200 1548
201.245.192.253 - - [24/May/2023:12:16:48 -0500] "POST /sipse/faces/presentacion/financiero/solicitudProceso/listarSolicitudProceso.xhtml HTTP/1.1" 200 1564
201.245.192.253 - - [24/May/2023:12:16:48 -0500] "POST /sipse/faces/presentacion/financiero/solicitudProceso/listarSolicitudProceso.xhtml HTTP/1.1" 200 1548
201.245.192.253 - - [24/May/2023:12:16:49 -0500] "POST /sipse/faces/presentacion/financiero/solicitudProceso/listarSolicitudProceso.xhtml HTTP/1.1" 200 1564
201.245.192.253 - - [24/May/2023:12:16:49 -0500] "POST /sipse/faces/presentacion/financiero/solicitudProceso/listarSolicitudProceso.xhtml HTTP/1.1" 200 1548
201.245.192.253 - - [24/May/2023:12:16:49 -0500] "POST /sipse/faces/presentacion/financiero/solicitudProceso/listarSolicitudProceso.xhtml HTTP/1.1" 200 1564
172.22.2.4 - - [24/May/2023:12:16:50 -0500] "GET /BLA/boletinlegal/consulta_actos.php?tipo=autos&no=2480&usuario=&sector=&fecha=2018&resuelve= HTTP/1.1" 200 626
201.245.192.253 - - [24/May/2023:12:16:51 -0500] "POST /sipse/faces/presentacion/financiero/solicitudProceso/listarSolicitudProceso.xhtml HTTP/1.1" 200 34282
201.245.192.253 - - [24/May/2023:12:16:51 -0500] "POST /sipse/faces/presentacion/financiero/solicitudProceso/listarSolicitudProceso.xhtml HTTP/1.1" 200 47431
201.245.192.253 - - [24/May/2023:12:16:52 -0500] "POST /sipse/faces/presentacion/financiero/solicitudProceso/listarSolicitudProceso.xhtml HTTP/1.1" 200 34278
172.22.2.4 - - [24/May/2023:12:16:57 -0500] "GET /BLA/boletinlegal/consulta_actos.php?tipo=autos&no=2481&usuario=&sector=&fecha=2018&resuelve= HTTP/1.1" 200 626
172.22.2.4 - - [24/May/2023:12:17:04 -0500] "GET /BLA/boletinlegal/consulta_actos.php?tipo=autos&no=2482&usuario=&sector=&fecha=2018&resuelve= HTTP/1.1" 200 626
201.245.192.253 - - [24/May/2023:12:17:11 -0500] "POST /forms/lservlet;jsessionid=ac16012b30d6f182a9abbd2e49678a1c98b57cd26f77.e3iSbxaKaheRe34MchqTb30Ta3z0n6jAmljGr5XDqQLvpAe HTTP/1.1" 200 2
201.245.192.253 - - [24/May/2023:12:17:15 -0500] "POST /sipse/faces/presentacion/financiero/solicitudProceso/listarSolicitudProceso.xhtml HTTP/1.1" 200 34290
190.24.110.230 - - [24/May/2023:12:17:16 -0500] "GET /BLA/resoluciones/index.php?dir=AUTOS+2018%2F HTTP/1.1" 200 459267
190.24.110.230 - - [24/May/2023:12:17:17 -0500] "GET /BLA/resoluciones/dlf/archive.png HTTP/1.1" 200 632
172.22.2.4 - - [24/May/2023:12:17:18 -0500] "GET /BLA/boletinlegal/consulta_actos.php?tipo=autos&no=2483&usuario=&sector=&fecha=2018&resuelve= HTTP/1.1" 200 626
216.245.221.92 - - [24/May/2023:12:17:20 -0500] "HEAD / HTTP/1.1" 200 -
172.22.2.4 - - [24/May/2023:12:17:23 -0500] "GET /BLA/boletinlegal/consulta_actos.php?tipo=autos&no=2484&usuario=&sector=&fecha=2018&resuelve= HTTP/1.1" 200 1283
35.195.93.98 - - [24/May/2023:12:17:26 -0500] "GET / HTTP/1.1" 200 319
201.245.192.253 - - [24/May/2023:12:17:26 -0500] "GET /BLA/resoluciones/AUTOS%202018/2484.pdf HTTP/1.1" 200 420131
201.245.192.253 - - [24/May/2023:12:17:58 -0500] "POST /forms/lservlet;jsessionid=ac16012b30d698b53ff7ddca4ad78af9da5925749c03.e3iSbxaKaheRe34MchqTb30Ta3z0n6jAmljGr5XDqQLvpAe HTTP/1.1" 200 2
172.22.2.4 - - [24/May/2023:12:18:33 -0500] "GET /BLA/boletinlegal/consulta_actos.php?tipo=autos&no=2483&usuario=&sector=&fecha=2018&resuelve= HTTP/1.1" 200 626
40.77.167.97 - - [24/May/2023:12:18:55 -0500] "GET /BLA/resoluciones/AUTOS%202021/6163.pdf HTTP/1.1" 304 -
172.22.2.4 - - [24/May/2023:12:19:01 -0500] "GET /BLA/boletinlegal/consulta_actos.php?tipo=autos&no=2485&usuario=&sector=&fecha=2018&resuelve= HTTP/1.1" 200 626
172.22.2.4 - - [24/May/2023:12:19:02 -0500] "GET /BLA/boletinlegal/consulta_actos.php?tipo=autos&no=2485&usuario=&sector=&fecha=2018&resuelve= HTTP/1.1" 200 626
201.245.192.253 - - [24/May/2023:12:19:02 -0500] "POST /sipse/faces/presentacion/financiero/solicitudProceso/consultarSolicitudProceso.xhtml HTTP/1.1" 200 86146
172.22.2.4 - - [24/May/2023:12:19:02 -0500] "GET /BLA/boletinlegal/consulta_actos.php?tipo=autos&no=2485&usuario=&sector=&fecha=2018&resuelve= HTTP/1.1" 200 626
172.22.2.4 - - [24/May/2023:12:19:02 -0500] "GET /BLA/boletinlegal/consulta_actos.php?tipo=autos&no=2485&usuario=&sector=&fecha=2018&resuelve= HTTP/1.1" 200 626
172.22.2.4 - - [24/May/2023:12:19:02 -0500] "GET /BLA/boletinlegal/actos.php HTTP/1.1" 200 9682
172.22.2.4 - - [24/May/2023:12:19:03 -0500] "GET /BLA/boletinlegal/favicon.ico HTTP/1.1" 404 1326
172.22.2.4 - - [24/May/2023:12:19:09 -0500] "GET /BLA/boletinlegal/consulta_actos.php?tipo=autos&no=2486&usuario=&sector=&fecha=2018&resuelve= HTTP/1.1" 200 626
201.245.192.253 - - [24/May/2023:12:19:11 -0500] "POST /forms/lservlet;jsessionid=ac16012b30d6f182a9abbd2e49678a1c98b57cd26f77.e3iSbxaKaheRe34MchqTb30Ta3z0n6jAmljGr5XDqQLvpAe HTTP/1.1" 200 2
172.22.2.4 - - [24/May/2023:12:19:14 -0500] "GET /BLA/boletinlegal/consulta_actos.php?tipo=autos&no=2487&usuario=&sector=&fecha=2018&resuelve= HTTP/1.1" 200 1368
201.245.192.253 - - [24/May/2023:12:19:20 -0500] "GET /kwsrmcab/Wsrmcab?wsdl HTTP/1.1" 200 6948
201.245.192.253 - - [24/May/2023:12:19:20 -0500] "POST /kwsrmcab/Wsrmcab HTTP/1.1" 200 44117
201.245.192.253 - - [24/May/2023:12:19:23 -0500] "GET /BLA/resoluciones/AUTOS%202015/2621.pdf HTTP/1.1" 200 688172
201.245.192.253 - - [24/May/2023:12:19:25 -0500] "GET /BLA/resoluciones/AUTOS%202018/2487.pdf HTTP/1.1" 200 246222
201.245.192.253 - - [24/May/2023:12:19:23 -0500] "POST /kwsrmcab/Wsrmcab HTTP/1.1" 200 42906
172.22.2.4 - - [24/May/2023:12:19:28 -0500] "GET /BLA/boletinlegal/consulta_actos.php?tipo=resoluciones&no=5339&usuario=&sector=&fecha=2022&resuelve= HTTP/1.1" 200 1285
74.125.212.192 - - [24/May/2023:12:19:39 -0500] "GET /Publicaciones/SSFFS-16331-2021.zip HTTP/1.1" 404 232
201.245.192.253 - - [24/May/2023:12:19:54 -0500] "POST /kwsrmcab/Wsrmcab  HTTP/1.1" 200 43526
172.22.2.4 - - [24/May/2023:12:19:58 -0500] "GET /BLA/boletinlegal/consulta_actos.php?tipo=autos&no=2488&usuario=&sector=&fecha=2018&resuelve= HTTP/1.1" 200 1067
201.245.192.253 - - [24/May/2023:12:19:58 -0500] "POST /forms/lservlet;jsessionid=ac16012b30d698b53ff7ddca4ad78af9da5925749c03.e3iSbxaKaheRe34MchqTb30Ta3z0n6jAmljGr5XDqQLvpAe HTTP/1.1" 200 2
201.245.192.253 - - [24/May/2023:12:20:02 -0500] "GET /BLA/resoluciones/AUTOS%202018/2488.pdf HTTP/1.1" 200 287141
172.22.2.4 - - [24/May/2023:12:20:22 -0500] "GET /BLA/boletinlegal/consulta_actos.php?tipo=autos&no=2489&usuario=&sector=&fecha=2018&resuelve= HTTP/1.1" 200 626
172.22.2.4 - - [24/May/2023:12:18:47 -0500] "HEAD /BLA/boletinlegal/ HTTP/1.1" 200 -
172.22.2.4 - - [24/May/2023:12:20:31 -0500] "GET /BLA/boletinlegal/consulta_actos.php?tipo=autos&no=2490&usuario=&sector=&fecha=2018&resuelve= HTTP/1.1" 200 626
172.22.2.4 - - [24/May/2023:12:20:32 -0500] "GET /BLA/boletinlegal/consulta_actos.php?tipo=autos&no=2490&usuario=&sector=&fecha=2018&resuelve= HTTP/1.1" 200 626
172.22.2.4 - - [24/May/2023:12:20:33 -0500] "GET /BLA/boletinlegal/consulta_actos.php?tipo=autos&no=2490&usuario=&sector=&fecha=2018&resuelve= HTTP/1.1" 200 626
172.22.2.4 - - [24/May/2023:12:20:33 -0500] "GET /BLA/boletinlegal/consulta_actos.php?tipo=autos&no=2490&usuario=&sector=&fecha=2018&resuelve= HTTP/1.1" 200 626
172.22.2.4 - - [24/May/2023:12:20:33 -0500] "GET /BLA/boletinlegal/consulta_actos.php?tipo=autos&no=2490&usuario=&sector=&fecha=2018&resuelve= HTTP/1.1" 200 626
172.22.2.4 - - [24/May/2023:12:20:33 -0500] "GET /BLA/boletinlegal/consulta_actos.php?tipo=autos&no=2490&usuario=&sector=&fecha=2018&resuelve= HTTP/1.1" 200 626
201.245.192.253 - - [24/May/2023:12:20:33 -0500] "POST /sipse/faces/presentacion/financiero/solicitudProceso/consultarSolicitudProceso.xhtml HTTP/1.1" 200 5507
74.125.212.192 - - [24/May/2023:12:20:34 -0500] "GET /Publicaciones/SSFFS-03761-2017.zip HTTP/1.1" 404 232
172.22.2.4 - - [24/May/2023:12:20:40 -0500] "GET /BLA/boletinlegal/consulta_actos.php?tipo=autos&no=2491&usuario=&sector=&fecha=2018&resuelve= HTTP/1.1" 200 626
172.22.2.4 - - [24/May/2023:12:20:41 -0500] "GET /BLA/boletinlegal/consulta_actos.php?tipo=autos&no=2491&usuario=&sector=&fecha=2018&resuelve= HTTP/1.1" 200 626
186.155.15.166 - - [24/May/2023:12:20:41 -0500] "GET /sipse/faces/faces/index.xhtml HTTP/1.1" 200 677
186.155.15.166 - - [24/May/2023:12:20:42 -0500] "GET /sipse/faces/javax.faces.resource/theme.css?ln=primefaces-sipse HTTP/1.1" 304 -
186.155.15.166 - - [24/May/2023:12:20:42 -0500] "GET /sipse/faces/faces/faces/autenticacion.xhtml HTTP/1.1" 200 12190
186.155.15.166 - - [24/May/2023:12:20:42 -0500] "GET /sipse/faces/javax.faces.resource/theme.css?ln=primefaces-sipse HTTP/1.1" 304 -
186.155.15.166 - - [24/May/2023:12:20:42 -0500] "GET /sipse/faces/javax.faces.resource/primefaces.css?ln=primefaces&v=4.0 HTTP/1.1" 304 -
186.155.15.166 - - [24/May/2023:12:20:42 -0500] "GET /sipse/faces/javax.faces.resource/jquery/jquery-plugins.js?ln=primefaces&v=4.0 HTTP/1.1" 304 -
186.155.15.166 - - [24/May/2023:12:20:42 -0500] "GET /sipse/faces/javax.faces.resource/layout/layout.css?ln=primefaces&v=4.0 HTTP/1.1" 304 -
186.155.15.166 - - [24/May/2023:12:20:42 -0500] "GET /sipse/faces/javax.faces.resource/jquery/jquery.js?ln=primefaces&v=4.0 HTTP/1.1" 304 -
186.155.15.166 - - [24/May/2023:12:20:42 -0500] "GET /sipse/faces/javax.faces.resource/primefaces.js?ln=primefaces&v=4.0 HTTP/1.1" 304 -
186.155.15.166 - - [24/May/2023:12:20:42 -0500] "GET /sipse/faces/javax.faces.resource/layout/layout.js?ln=primefaces&v=4.0 HTTP/1.1" 304 -
186.155.15.166 - - [24/May/2023:12:20:43 -0500] "GET /sipse/faces/javax.faces.resource/images/ui-icons_898989_256x240.png?ln=primefaces-aristo HTTP/1.1" 304 -
186.155.15.166 - - [24/May/2023:12:20:44 -0500] "POST /sipse/faces/autenticacion.xhtml HTTP/1.1" 200 2224
186.155.15.166 - - [24/May/2023:12:20:44 -0500] "GET /sipse/faces/javax.faces.resource/messages/messages.png?ln=primefaces&v=4.0 HTTP/1.1" 304 -
186.155.15.166 - - [24/May/2023:12:20:45 -0500] "POST /sipse/faces/autenticacion.xhtml HTTP/1.1" 200 16409
186.155.15.166 - - [24/May/2023:12:20:45 -0500] "GET /sipse/faces/javax.faces.resource/jquery/jquery.js?ln=primefaces&v=4.0 HTTP/1.1" 304 -
186.155.15.166 - - [24/May/2023:12:20:45 -0500] "GET /sipse/faces/javax.faces.resource/jquery/jquery-plugins.js?ln=primefaces&v=4.0 HTTP/1.1" 304 -
186.155.15.166 - - [24/May/2023:12:20:45 -0500] "GET /sipse/faces/javax.faces.resource/primefaces.js?ln=primefaces&v=4.0 HTTP/1.1" 304 -
186.155.15.166 - - [24/May/2023:12:20:45 -0500] "GET /sipse/faces/javax.faces.resource/layout/layout.js?ln=primefaces&v=4.0 HTTP/1.1" 304 -
186.155.15.166 - - [24/May/2023:12:20:47 -0500] "GET /sipse/faces/javax.faces.resource/images/ui-bg_flat_0_2d5972_40x100.png?ln=primefaces-aristo HTTP/1.1" 304 -
186.155.15.166 - - [24/May/2023:12:20:47 -0500] "POST /sipse/faces/bienvenido.xhtml HTTP/1.1" 200 2658
172.22.2.4 - - [24/May/2023:12:20:48 -0500] "GET /BLA/boletinlegal/consulta_actos.php?tipo=autos&no=2492&usuario=&sector=&fecha=2018&resuelve= HTTP/1.1" 200 626
186.155.15.166 - - [24/May/2023:12:20:48 -0500] "POST /sipse/faces/bienvenido.xhtml HTTP/1.1" 200 184
186.155.15.166 - - [24/May/2023:12:20:48 -0500] "GET /sipse/faces/javax.faces.resource/theme.css?ln=primefaces-sipse HTTP/1.1" 304 -
186.155.15.166 - - [24/May/2023:12:20:48 -0500] "GET /sipse/faces/javax.faces.resource/layout/layout.css?ln=primefaces&v=4.0 HTTP/1.1" 304 -
186.155.15.166 - - [24/May/2023:12:20:48 -0500] "GET /sipse/faces/javax.faces.resource/primefaces.css?ln=primefaces&v=4.0 HTTP/1.1" 304 -
186.155.15.166 - - [24/May/2023:12:20:48 -0500] "GET /sipse/faces/presentacion/financiero/solicitudAnulacion/solicitudAnulacion.xhtml HTTP/1.1" 200 36533
186.155.15.166 - - [24/May/2023:12:20:49 -0500] "GET /sipse/faces/javax.faces.resource/jquery/jquery.js?ln=primefaces&v=4.0 HTTP/1.1" 304 -
186.155.15.166 - - [24/May/2023:12:20:49 -0500] "GET /sipse/faces/javax.faces.resource/jquery/jquery-plugins.js?ln=primefaces&v=4.0 HTTP/1.1" 304 -
186.155.15.166 - - [24/May/2023:12:20:49 -0500] "GET /sipse/faces/javax.faces.resource/primefaces.js?ln=primefaces&v=4.0 HTTP/1.1" 304 -
186.155.15.166 - - [24/May/2023:12:20:49 -0500] "GET /sipse/faces/javax.faces.resource/layout/layout.js?ln=primefaces&v=4.0 HTTP/1.1" 304 -
186.155.15.166 - - [24/May/2023:12:20:49 -0500] "GET /sipse/faces/javax.faces.resource/images/ui-icons_898989_256x240.png?ln=primefaces-aristo HTTP/1.1" 304 -
186.155.15.166 - - [24/May/2023:12:20:49 -0500] "GET /sipse/faces/javax.faces.resource/images/ui-bg_flat_0_2d5972_40x100.png?ln=primefaces-aristo HTTP/1.1" 304 -
186.155.15.166 - - [24/May/2023:12:20:49 -0500] "POST /sipse/faces/presentacion/financiero/solicitudAnulacion/solicitudAnulacion.xhtml HTTP/1.1" 200 14785
213.186.1.243 - - [24/May/2023:12:21:02 -0500] "GET /reciclaton-empresarial-2023-como-inscribirse-a-la-primera-jornada-del-ano.html HTTP/1.1" 200 705
66.249.66.15 - - [24/May/2023:12:21:08 -0500] "-" 408 -
201.245.192.253 - - [24/May/2023:12:21:11 -0500] "POST /forms/lservlet;jsessionid=ac16012b30d6f182a9abbd2e49678a1c98b57cd26f77.e3iSbxaKaheRe34MchqTb30Ta3z0n6jAmljGr5XDqQLvpAe HTTP/1.1" 200 2
201.245.192.253 - - [24/May/2023:12:21:14 -0500] "POST /sipse/faces/presentacion/financiero/solicitudProceso/consultarSolicitudProceso.xhtml HTTP/1.1" 200 5529
201.245.192.253 - - [24/May/2023:12:21:14 -0500] "GET /sipse/faces/javax.faces.resource/dynamiccontent.properties?ln=primefaces&pfdrid=XjOR5%2F%2FfPAZAuY9TpWQeCiM0BhlXxYRBGKi%2FQcXXfeA%3D&pfdrid_c=false HTTP/1.1" 200 104914
172.22.2.4 - - [24/May/2023:12:19:37 -0500] "GET /BLA/boletinlegal/ HTTP/1.1" 200 53924
201.245.192.253 - - [24/May/2023:12:21:18 -0500] "POST /sipse/faces/presentacion/financiero/solicitudProceso/consultarSolicitudProceso.xhtml HTTP/1.1" 200 38869
201.245.192.253 - - [24/May/2023:12:21:18 -0500] "GET /sipse/faces/javax.faces.resource/theme.css?ln=primefaces-sipse HTTP/1.1" 304 -
201.245.192.253 - - [24/May/2023:12:21:18 -0500] "GET /sipse/faces/javax.faces.resource/primefaces.css?ln=primefaces&v=4.0 HTTP/1.1" 304 -
201.245.192.253 - - [24/May/2023:12:21:18 -0500] "GET /sipse/faces/javax.faces.resource/jquery/jquery.js?ln=primefaces&v=4.0 HTTP/1.1" 304 -
201.245.192.253 - - [24/May/2023:12:21:18 -0500] "GET /sipse/faces/javax.faces.resource/layout/layout.css?ln=primefaces&v=4.0 HTTP/1.1" 304 -
201.245.192.253 - - [24/May/2023:12:21:18 -0500] "GET /sipse/faces/javax.faces.resource/primefaces.js?ln=primefaces&v=4.0 HTTP/1.1" 304 -
201.245.192.253 - - [24/May/2023:12:21:18 -0500] "GET /sipse/faces/javax.faces.resource/jquery/jquery-plugins.js?ln=primefaces&v=4.0 HTTP/1.1" 304 -
201.245.192.253 - - [24/May/2023:12:21:18 -0500] "GET /sipse/faces/javax.faces.resource/layout/layout.js?ln=primefaces&v=4.0 HTTP/1.1" 304 -
201.245.192.253 - - [24/May/2023:12:21:18 -0500] "GET /sipse/css/imagen/contrasena.png HTTP/1.1" 404 383
201.245.192.253 - - [24/May/2023:12:21:18 -0500] "GET /sipse/faces/javax.faces.resource/images/ui-icons_898989_256x240.png?ln=primefaces-aristo HTTP/1.1" 304 -
172.22.2.4 - - [24/May/2023:12:21:19 -0500] "GET /BLA/boletinlegal/consulta_actos.php?tipo=autos&no=2493&usuario=&sector=&fecha=2018&resuelve= HTTP/1.1" 200 626
74.125.210.209 - - [24/May/2023:12:21:24 -0500] "GET /Publicaciones/SSFFS-12587-2018.zip HTTP/1.1" 404 232
201.245.192.253 - - [24/May/2023:12:21:31 -0500] "POST /sipse/faces/presentacion/financiero/solicitudProceso/consultarSolicitudProceso.xhtml HTTP/1.1" 200 26125
201.245.192.253 - - [24/May/2023:12:21:31 -0500] "GET /sipse/faces/javax.faces.resource/primefaces.css?ln=primefaces&v=4.0 HTTP/1.1" 304 -
201.245.192.253 - - [24/May/2023:12:21:31 -0500] "GET /sipse/faces/javax.faces.resource/theme.css?ln=primefaces-sipse HTTP/1.1" 304 -
201.245.192.253 - - [24/May/2023:12:21:31 -0500] "GET /sipse/faces/javax.faces.resource/layout/layout.css?ln=primefaces&v=4.0 HTTP/1.1" 304 -
201.245.192.253 - - [24/May/2023:12:21:31 -0500] "GET /sipse/faces/javax.faces.resource/jquery/jquery.js?ln=primefaces&v=4.0 HTTP/1.1" 304 -
201.245.192.253 - - [24/May/2023:12:21:31 -0500] "GET /sipse/faces/javax.faces.resource/primefaces.js?ln=primefaces&v=4.0 HTTP/1.1" 304 -
201.245.192.253 - - [24/May/2023:12:21:31 -0500] "GET /sipse/faces/javax.faces.resource/jquery/jquery-plugins.js?ln=primefaces&v=4.0 HTTP/1.1" 304 -
201.245.192.253 - - [24/May/2023:12:21:31 -0500] "GET /sipse/faces/javax.faces.resource/layout/layout.js?ln=primefaces&v=4.0 HTTP/1.1" 304 -
201.245.192.253 - - [24/May/2023:12:21:32 -0500] "GET /sipse/css/imagen/contrasena.png HTTP/1.1" 404 383
201.245.192.253 - - [24/May/2023:12:21:32 -0500] "GET /sipse/faces/javax.faces.resource/images/ui-icons_898989_256x240.png?ln=primefaces-aristo HTTP/1.1" 304 -
172.22.2.4 - - [24/May/2023:12:21:36 -0500] "GET /BLA/boletinlegal/consulta_actos.php?tipo=autos&no=2494&usuario=&sector=&fecha=2018&resuelve= HTTP/1.1" 200 626
172.22.2.4 - - [24/May/2023:12:21:45 -0500] "GET /BLA/boletinlegal/consulta_actos.php?tipo=autos&no=2495&usuario=&sector=&fecha=2018&resuelve= HTTP/1.1" 200 626
201.245.192.253 - - [24/May/2023:12:21:53 -0500] "GET /sipse/faces/javax.faces.resource/images/ui-bg_flat_0_2d5972_40x100.png?ln=primefaces-aristo HTTP/1.1" 304 -
201.245.192.253 - - [24/May/2023:12:21:53 -0500] "POST /sipse/faces/presentacion/financiero/solicitudProceso/registrarAnotacion.xhtml HTTP/1.1" 200 128273
201.245.192.253 - - [24/May/2023:12:21:53 -0500] "GET /sipse/faces/javax.faces.resource/theme.css?ln=primefaces-sipse HTTP/1.1" 304 -
201.245.192.253 - - [24/May/2023:12:21:53 -0500] "GET /sipse/faces/javax.faces.resource/primefaces.css?ln=primefaces&v=4.0 HTTP/1.1" 304 -
201.245.192.253 - - [24/May/2023:12:21:53 -0500] "GET /sipse/faces/javax.faces.resource/layout/layout.css?ln=primefaces&v=4.0 HTTP/1.1" 304 -
201.245.192.253 - - [24/May/2023:12:21:53 -0500] "GET /sipse/faces/javax.faces.resource/jquery/jquery.js?ln=primefaces&v=4.0 HTTP/1.1" 304 -
201.245.192.253 - - [24/May/2023:12:21:53 -0500] "GET /sipse/faces/javax.faces.resource/jquery/jquery-plugins.js?ln=primefaces&v=4.0 HTTP/1.1" 304 -
201.245.192.253 - - [24/May/2023:12:21:53 -0500] "GET /sipse/faces/javax.faces.resource/primefaces.js?ln=primefaces&v=4.0 HTTP/1.1" 304 -
201.245.192.253 - - [24/May/2023:12:21:53 -0500] "GET /sipse/faces/javax.faces.resource/layout/layout.js?ln=primefaces&v=4.0 HTTP/1.1" 304 -
201.245.192.253 - - [24/May/2023:12:21:54 -0500] "GET /sipse/faces/javax.faces.resource/dynamiccontent.properties?ln=primefaces&pfdrid=XjOR5%2F%2FfPAZAuY9TpWQeCiM0BhlXxYRBGKi%2FQcXXfeA%3D&pfdrid_c=false HTTP/1.1" 500 383
172.22.2.4 - - [24/May/2023:12:21:56 -0500] "GET /BLA/boletinlegal/consulta_actos.php?tipo=autos&no=2496&usuario=&sector=&fecha=2018&resuelve= HTTP/1.1" 200 626
201.245.192.253 - - [24/May/2023:12:21:58 -0500] "POST /forms/lservlet;jsessionid=ac16012b30d698b53ff7ddca4ad78af9da5925749c03.e3iSbxaKaheRe34MchqTb30Ta3z0n6jAmljGr5XDqQLvpAe HTTP/1.1" 200 2
35.187.98.121 - - [24/May/2023:12:21:59 -0500] "GET / HTTP/1.1" 200 319
201.245.192.253 - - [24/May/2023:12:21:59 -0500] "POST /sipse/faces/presentacion/financiero/solicitudProceso/consultarSolicitudProceso.xhtml HTTP/1.1" 200 66065
201.245.192.253 - - [24/May/2023:12:22:01 -0500] "GET /sipse/faces/javax.faces.resource/theme.css?ln=primefaces-sipse HTTP/1.1" 304 -
201.245.192.253 - - [24/May/2023:12:22:01 -0500] "GET /sipse/faces/javax.faces.resource/layout/layout.css?ln=primefaces&v=4.0 HTTP/1.1" 304 -
201.245.192.253 - - [24/May/2023:12:22:01 -0500] "GET /sipse/faces/javax.faces.resource/primefaces.css?ln=primefaces&v=4.0 HTTP/1.1" 304 -
201.245.192.253 - - [24/May/2023:12:22:01 -0500] "GET /sipse/faces/javax.faces.resource/jquery/jquery.js?ln=primefaces&v=4.0 HTTP/1.1" 304 -
201.245.192.253 - - [24/May/2023:12:22:01 -0500] "GET /sipse/faces/javax.faces.resource/jquery/jquery-plugins.js?ln=primefaces&v=4.0 HTTP/1.1" 304 -
201.245.192.253 - - [24/May/2023:12:22:01 -0500] "GET /sipse/faces/javax.faces.resource/primefaces.js?ln=primefaces&v=4.0 HTTP/1.1" 304 -
201.245.192.253 - - [24/May/2023:12:22:01 -0500] "GET /sipse/faces/javax.faces.resource/layout/layout.js?ln=primefaces&v=4.0 HTTP/1.1" 304 -
201.245.192.253 - - [24/May/2023:12:22:01 -0500] "GET /sipse/faces/javax.faces.resource/messages/messages.png?ln=primefaces&v=4.0 HTTP/1.1" 304 -
201.245.192.253 - - [24/May/2023:12:22:01 -0500] "POST /sipse/faces/presentacion/financiero/solicitudProceso/listarSolicitudProceso.xhtml HTTP/1.1" 200 1556
201.245.192.253 - - [24/May/2023:12:22:02 -0500] "POST /sipse/faces/presentacion/financiero/solicitudProceso/listarSolicitudProceso.xhtml HTTP/1.1" 200 5801
172.22.2.4 - - [24/May/2023:12:22:03 -0500] "GET /BLA/boletinlegal/consulta_actos.php?tipo=autos&no=2497&usuario=&sector=&fecha=2018&resuelve= HTTP/1.1" 200 626
201.245.192.253 - - [24/May/2023:12:22:04 -0500] "POST /sipse/faces/presentacion/financiero/solicitudProceso/listarSolicitudProceso.xhtml HTTP/1.1" 200 45622
201.245.192.253 - - [24/May/2023:12:22:04 -0500] "GET /sipse/faces/javax.faces.resource/primefaces.css?ln=primefaces&v=4.0 HTTP/1.1" 304 -
201.245.192.253 - - [24/May/2023:12:22:04 -0500] "GET /sipse/faces/javax.faces.resource/theme.css?ln=primefaces-sipse HTTP/1.1" 304 -
201.245.192.253 - - [24/May/2023:12:22:04 -0500] "GET /sipse/faces/javax.faces.resource/layout/layout.css?ln=primefaces&v=4.0 HTTP/1.1" 304 -
201.245.192.253 - - [24/May/2023:12:22:04 -0500] "GET /sipse/faces/javax.faces.resource/jquery/jquery.js?ln=primefaces&v=4.0 HTTP/1.1" 304 -
201.245.192.253 - - [24/May/2023:12:22:04 -0500] "GET /sipse/faces/javax.faces.resource/jquery/jquery-plugins.js?ln=primefaces&v=4.0 HTTP/1.1" 304 -
201.245.192.253 - - [24/May/2023:12:22:04 -0500] "GET /sipse/faces/javax.faces.resource/primefaces.js?ln=primefaces&v=4.0 HTTP/1.1" 304 -
201.245.192.253 - - [24/May/2023:12:22:04 -0500] "GET /sipse/faces/javax.faces.resource/layout/layout.js?ln=primefaces&v=4.0 HTTP/1.1" 304 -
201.245.192.253 - - [24/May/2023:12:22:04 -0500] "POST /sipse/faces/presentacion/financiero/solicitudProceso/consultar.xhtml HTTP/1.1" 200 38928
201.245.192.253 - - [24/May/2023:12:22:04 -0500] "POST /sipse/faces/presentacion/financiero/solicitudProceso/consultar.xhtml HTTP/1.1" 200 38928
201.245.192.253 - - [24/May/2023:12:22:09 -0500] "POST /sipse/faces/presentacion/financiero/solicitudProceso/consultar.xhtml HTTP/1.1" 200 12910
172.22.2.4 - - [24/May/2023:12:22:10 -0500] "GET /BLA/boletinlegal/consulta_actos.php?tipo=autos&no=2498&usuario=&sector=&fecha=2018&resuelve= HTTP/1.1" 200 626
201.244.139.102 - - [24/May/2023:12:22:14 -0500] "GET / HTTP/1.1" 200 4720
201.244.139.102 - - [24/May/2023:12:22:14 -0500] "GET /js/url.js HTTP/1.1" 404 1294
172.22.2.4 - - [24/May/2023:12:22:16 -0500] "GET /BLA/boletinlegal/consulta_actos.php?tipo=autos&no=2499&usuario=&sector=&fecha=2018&resuelve= HTTP/1.1" 200 1052
201.245.192.253 - - [24/May/2023:12:22:16 -0500] "POST /sipse/faces/presentacion/financiero/solicitudProceso/consultar.xhtml HTTP/1.1" 200 129534
201.245.192.253 - - [24/May/2023:12:22:17 -0500] "GET /sipse/faces/javax.faces.resource/theme.css?ln=primefaces-sipse HTTP/1.1" 304 -
201.245.192.253 - - [24/May/2023:12:22:17 -0500] "GET /sipse/faces/javax.faces.resource/primefaces.css?ln=primefaces&v=4.0 HTTP/1.1" 304 -
201.245.192.253 - - [24/May/2023:12:22:17 -0500] "GET /sipse/faces/javax.faces.resource/layout/layout.css?ln=primefaces&v=4.0 HTTP/1.1" 304 -
201.245.192.253 - - [24/May/2023:12:22:17 -0500] "GET /sipse/faces/javax.faces.resource/jquery/jquery.js?ln=primefaces&v=4.0 HTTP/1.1" 304 -
201.245.192.253 - - [24/May/2023:12:22:17 -0500] "GET /sipse/faces/javax.faces.resource/jquery/jquery-plugins.js?ln=primefaces&v=4.0 HTTP/1.1" 304 -
201.245.192.253 - - [24/May/2023:12:22:17 -0500] "GET /sipse/faces/javax.faces.resource/primefaces.js?ln=primefaces&v=4.0 HTTP/1.1" 304 -
201.245.192.253 - - [24/May/2023:12:22:17 -0500] "GET /sipse/faces/javax.faces.resource/layout/layout.js?ln=primefaces&v=4.0 HTTP/1.1" 304 -
201.245.192.253 - - [24/May/2023:12:22:17 -0500] "GET /sipse/faces/javax.faces.resource/dynamiccontent.properties?ln=primefaces&pfdrid=XjOR5%2F%2FfPAZAuY9TpWQeCiM0BhlXxYRBGKi%2FQcXXfeA%3D&pfdrid_c=false HTTP/1.1" 500 383
216.245.221.92 - - [24/May/2023:12:22:20 -0500] "HEAD / HTTP/1.1" 200 -
201.245.192.253 - - [24/May/2023:12:22:25 -0500] "GET /sipse/faces/javax.faces.resource/theme.css?ln=primefaces-sipse HTTP/1.1" 304 -
201.245.192.253 - - [24/May/2023:12:22:25 -0500] "GET /sipse/faces/javax.faces.resource/primefaces.css?ln=primefaces&v=4.0 HTTP/1.1" 304 -
201.245.192.253 - - [24/May/2023:12:22:25 -0500] "GET /sipse/faces/javax.faces.resource/layout/layout.css?ln=primefaces&v=4.0 HTTP/1.1" 304 -
201.245.192.253 - - [24/May/2023:12:22:25 -0500] "GET /sipse/faces/javax.faces.resource/jquery/jquery.js?ln=primefaces&v=4.0 HTTP/1.1" 304 -
201.245.192.253 - - [24/May/2023:12:22:25 -0500] "GET /sipse/faces/javax.faces.resource/jquery/jquery-plugins.js?ln=primefaces&v=4.0 HTTP/1.1" 304 -
201.245.192.253 - - [24/May/2023:12:22:25 -0500] "GET /sipse/faces/javax.faces.resource/primefaces.js?ln=primefaces&v=4.0 HTTP/1.1" 304 -
201.245.192.253 - - [24/May/2023:12:22:25 -0500] "GET /sipse/faces/javax.faces.resource/layout/layout.js?ln=primefaces&v=4.0 HTTP/1.1" 304 -
201.245.192.253 - - [24/May/2023:12:22:25 -0500] "GET /sipse/css/imagen/contrasena.png HTTP/1.1" 404 383
201.245.192.253 - - [24/May/2023:12:22:24 -0500] "POST /sipse/faces/presentacion/financiero/solicitudProceso/consultarSolicitudProceso.xhtml HTTP/1.1" 200 36303
