216.245.221.92 - - [26/May/2023:01:53:12 -0500] "HEAD / HTTP/1.1" 200 -
172.22.2.4 - - [26/May/2023:01:51:59 -0500] "GET /BLA/boletinlegal/ HTTP/1.1" 200 55934
66.249.66.84 - - [26/May/2023:01:54:35 -0500] "-" 408 -
201.245.192.253 - - [26/May/2023:01:54:35 -0500] "POST /kwsrmcab/Wsrmcab  HTTP/1.1" 200 43526
216.245.221.92 - - [26/May/2023:01:58:12 -0500] "HEAD / HTTP/1.1" 200 -
172.22.2.4 - - [26/May/2023:01:56:58 -0500] "HEAD /BLA/boletinlegal/ HTTP/1.1" 200 -
172.22.2.4 - - [26/May/2023:01:57:49 -0500] "GET /BLA/boletinlegal/ HTTP/1.1" 200 56754
201.245.192.253 - - [26/May/2023:01:59:34 -0500] "POST /kwsrmcab/Wsrmcab  HTTP/1.1" 200 43526
216.245.221.92 - - [26/May/2023:02:03:12 -0500] "HEAD / HTTP/1.1" 200 -
61.135.159.136 - - [26/May/2023:02:03:52 -0500] "GET / HTTP/1.1" 200 319
172.22.2.4 - - [26/May/2023:02:02:48 -0500] "HEAD /BLA/boletinlegal/ HTTP/1.1" 200 -
201.245.192.253 - - [26/May/2023:02:04:33 -0500] "POST /kwsrmcab/Wsrmcab  HTTP/1.1" 200 43526
172.22.2.4 - - [26/May/2023:02:03:39 -0500] "GET /BLA/boletinlegal/ HTTP/1.1" 200 57561
40.77.167.255 - - [26/May/2023:02:07:06 -0500] "GET /BLA/resoluciones/AUTOS%202021/4327.pdf HTTP/1.1" 304 -
66.249.79.134 - - [26/May/2023:02:07:54 -0500] "-" 408 -
216.245.221.92 - - [26/May/2023:02:08:12 -0500] "HEAD / HTTP/1.1" 200 -
40.77.167.146 - - [26/May/2023:02:08:43 -0500] "GET /Publicaciones/2023EE67747.pdf HTTP/1.1" 404 227
201.245.192.253 - - [26/May/2023:02:09:32 -0500] "POST /kwsrmcab/Wsrmcab  HTTP/1.1" 200 43526
172.22.2.4 - - [26/May/2023:02:08:38 -0500] "HEAD /BLA/boletinlegal/ HTTP/1.1" 200 -
40.77.167.97 - - [26/May/2023:02:10:29 -0500] "GET /Publicaciones/2023EE66722.pdf HTTP/1.1" 404 227
172.22.2.4 - - [26/May/2023:02:09:29 -0500] "GET /BLA/boletinlegal/ HTTP/1.1" 200 53924
216.245.221.92 - - [26/May/2023:02:13:12 -0500] "HEAD / HTTP/1.1" 200 -
201.245.192.253 - - [26/May/2023:02:14:31 -0500] "POST /kwsrmcab/Wsrmcab  HTTP/1.1" 200 43526
186.155.17.192 - - [26/May/2023:02:15:47 -0500] "GET /cerca-de-20-actividades-al-abrigo-de-las-aves-no-te-pierdas-la-jornada-cultural-jardin-de-noche.html HTTP/1.1" 200 793
172.22.2.4 - - [26/May/2023:02:14:28 -0500] "HEAD /BLA/boletinlegal/ HTTP/1.1" 200 -
172.22.2.4 - - [26/May/2023:02:15:19 -0500] "GET /BLA/boletinlegal/ HTTP/1.1" 200 55571
66.249.79.130 - - [26/May/2023:02:17:00 -0500] "-" 408 -
216.245.221.92 - - [26/May/2023:02:18:12 -0500] "HEAD / HTTP/1.1" 200 -
66.249.66.86 - - [26/May/2023:02:18:28 -0500] "-" 408 -
40.77.167.146 - - [26/May/2023:02:19:03 -0500] "GET /Publicaciones/2023EE65644.pdf HTTP/1.1" 404 227
201.245.192.253 - - [26/May/2023:02:19:13 -0500] "POST /kwsrmcab/Wsrmcab HTTP/1.1" 200 43373
201.245.192.253 - - [26/May/2023:02:19:15 -0500] "POST /kwsrmcab/Wsrmcab HTTP/1.1" 200 40853
201.245.192.253 - - [26/May/2023:02:19:30 -0500] "POST /kwsrmcab/Wsrmcab  HTTP/1.1" 200 43526
40.77.167.97 - - [26/May/2023:02:20:30 -0500] "GET /BLA/resoluciones/AUTOS%202021/0794.pdf HTTP/1.1" 304 -
172.22.2.4 - - [26/May/2023:02:20:18 -0500] "HEAD /BLA/boletinlegal/ HTTP/1.1" 200 -
172.22.2.4 - - [26/May/2023:02:21:08 -0500] "GET /BLA/boletinlegal/ HTTP/1.1" 200 52326
216.245.221.92 - - [26/May/2023:02:23:12 -0500] "HEAD / HTTP/1.1" 200 -
201.245.192.253 - - [26/May/2023:02:24:29 -0500] "POST /kwsrmcab/Wsrmcab  HTTP/1.1" 200 43526
172.22.2.4 - - [26/May/2023:02:25:58 -0500] "GET /BLA/boletinlegal/Circulares/2023/CIRCULAR%20No.%2000002%20DEL%2020%20DE%20FEBRERO%20DEL%202023.pdf HTTP/1.1" 304 -
172.22.2.4 - - [26/May/2023:02:26:08 -0500] "HEAD /BLA/boletinlegal/ HTTP/1.1" 200 -
216.245.221.92 - - [26/May/2023:02:28:12 -0500] "HEAD / HTTP/1.1" 200 -
172.22.2.4 - - [26/May/2023:02:26:58 -0500] "GET /BLA/boletinlegal/ HTTP/1.1" 200 58307
201.245.192.253 - - [26/May/2023:02:29:13 -0500] "POST /kwsrmcab/Wsrmcab HTTP/1.1" 200 43373
201.245.192.253 - - [26/May/2023:02:29:15 -0500] "POST /kwsrmcab/Wsrmcab HTTP/1.1" 200 40853
201.245.192.253 - - [26/May/2023:02:29:28 -0500] "POST /kwsrmcab/Wsrmcab  HTTP/1.1" 200 43526
66.249.79.130 - - [26/May/2023:02:31:46 -0500] "-" 408 -
216.245.221.92 - - [26/May/2023:02:33:12 -0500] "HEAD / HTTP/1.1" 200 -
172.22.2.4 - - [26/May/2023:02:31:58 -0500] "HEAD /BLA/boletinlegal/ HTTP/1.1" 200 -
172.22.2.4 - - [26/May/2023:02:32:49 -0500] "GET /BLA/boletinlegal/ HTTP/1.1" 200 59656
201.245.192.253 - - [26/May/2023:02:34:27 -0500] "POST /kwsrmcab/Wsrmcab  HTTP/1.1" 200 43526
40.77.167.97 - - [26/May/2023:02:35:13 -0500] "GET /BLA/resoluciones/RESOLUCIONES%202022/4449.pdf HTTP/1.1" 304 -
159.65.62.109 - - [26/May/2023:02:36:16 -0500] "\x16\x03\x01\x01\xfd\x01" 400 226
35.203.211.98 - - [26/May/2023:02:37:52 -0500] "GET / HTTP/1.1" 200 319
216.245.221.92 - - [26/May/2023:02:38:12 -0500] "HEAD / HTTP/1.1" 200 -
201.245.192.253 - - [26/May/2023:02:39:12 -0500] "POST /kwsrmcab/Wsrmcab HTTP/1.1" 200 43373
201.245.192.253 - - [26/May/2023:02:39:15 -0500] "POST /kwsrmcab/Wsrmcab HTTP/1.1" 200 40853
201.245.192.253 - - [26/May/2023:02:39:26 -0500] "POST /kwsrmcab/Wsrmcab  HTTP/1.1" 200 43526
172.22.2.4 - - [26/May/2023:02:37:48 -0500] "HEAD /BLA/boletinlegal/ HTTP/1.1" 200 -
45.40.57.19 - - [26/May/2023:02:39:53 -0500] "\x16\x03\x01\x01\t\x01" 400 226
45.40.57.19 - - [26/May/2023:02:40:05 -0500] "GET / HTTP/1.1" 200 319
172.22.2.4 - - [26/May/2023:02:38:38 -0500] "GET /BLA/boletinlegal/ HTTP/1.1" 200 58307
45.40.57.19 - - [26/May/2023:02:40:23 -0500] "GET /favicon.ico HTTP/1.1" 200 7782
66.249.79.130 - - [26/May/2023:02:40:41 -0500] "-" 408 -
45.40.57.19 - - [26/May/2023:02:40:46 -0500] "GET /sitemap.xml HTTP/1.1" 404 1018
216.245.221.92 - - [26/May/2023:02:43:12 -0500] "HEAD / HTTP/1.1" 200 -
201.245.192.253 - - [26/May/2023:02:44:24 -0500] "POST /kwsrmcab/Wsrmcab  HTTP/1.1" 200 43526
172.22.2.4 - - [26/May/2023:02:43:38 -0500] "HEAD /BLA/boletinlegal/ HTTP/1.1" 200 -
138.201.48.205 - - [26/May/2023:02:46:04 -0500] "GET /colegios-de-bogota-unidos-por-la-proteccion-de-la-fauna-silvestre.html HTTP/1.1" 200 765
172.22.2.4 - - [26/May/2023:02:44:28 -0500] "GET /BLA/boletinlegal/ HTTP/1.1" 200 53924
216.245.221.92 - - [26/May/2023:02:48:12 -0500] "HEAD / HTTP/1.1" 200 -
66.249.66.85 - - [26/May/2023:02:48:27 -0500] "-" 408 -
201.245.192.253 - - [26/May/2023:02:49:22 -0500] "POST /kwsrmcab/Wsrmcab  HTTP/1.1" 200 43526
40.77.167.146 - - [26/May/2023:02:49:41 -0500] "GET /BLA/resoluciones/AUTOS%202021/2750.pdf HTTP/1.1" 304 -
157.55.39.210 - - [26/May/2023:02:50:01 -0500] "GET /BLA/resoluciones/AUTOS%202021/2615.pdf HTTP/1.1" 304 -
172.22.2.4 - - [26/May/2023:02:49:28 -0500] "HEAD /BLA/boletinlegal/ HTTP/1.1" 200 -
172.22.2.4 - - [26/May/2023:02:50:18 -0500] "GET /BLA/boletinlegal/ HTTP/1.1" 200 53924
172.22.2.4 - - [26/May/2023:02:52:03 -0500] "GET /BLA/boletinlegal/robots.txt HTTP/1.1" 404 1038
172.22.2.4 - - [26/May/2023:02:51:14 -0500] "GET /BLA/boletinlegal/ HTTP/1.1" 200 36811
40.77.167.254 - - [26/May/2023:02:52:40 -0500] "GET /BLA/resoluciones/AUTOS%202021/5975.pdf HTTP/1.1" 304 -
172.22.2.4 - - [26/May/2023:02:52:45 -0500] "GET /BLA/boletinlegal/jurisprudencia/analisis/CUADRO%20SENTENCIA%20T-299%20DE%202008.doc HTTP/1.1" 304 -
216.245.221.92 - - [26/May/2023:02:53:12 -0500] "HEAD / HTTP/1.1" 200 -
172.22.2.4 - - [26/May/2023:02:52:04 -0500] "GET /BLA/boletinlegal/ HTTP/1.1" 200 61250
201.245.192.253 - - [26/May/2023:02:54:21 -0500] "POST /kwsrmcab/Wsrmcab  HTTP/1.1" 200 43526
172.22.2.4 - - [26/May/2023:02:55:18 -0500] "HEAD /BLA/boletinlegal/ HTTP/1.1" 200 -
172.22.2.4 - - [26/May/2023:02:56:08 -0500] "GET /BLA/boletinlegal/ HTTP/1.1" 200 57151
216.245.221.92 - - [26/May/2023:02:58:12 -0500] "HEAD / HTTP/1.1" 200 -
40.77.167.97 - - [26/May/2023:02:58:13 -0500] "GET /BLA/resoluciones/AUTOS%202021/0251.pdf HTTP/1.1" 304 -
201.245.192.253 - - [26/May/2023:02:59:20 -0500] "POST /kwsrmcab/Wsrmcab  HTTP/1.1" 200 43526
168.119.100.88 - - [26/May/2023:02:59:31 -0500] "GET / HTTP/1.1" 200 319
157.55.39.210 - - [26/May/2023:02:59:54 -0500] "GET /BLA/resoluciones/AUTOS%202021/2350.pdf HTTP/1.1" 304 -
168.119.253.32 - - [26/May/2023:03:00:24 -0500] "GET / HTTP/1.1" 200 319
40.77.167.146 - - [26/May/2023:03:02:19 -0500] "GET /Publicaciones/2023EE57458.pdf HTTP/1.1" 404 227
172.22.2.4 - - [26/May/2023:03:01:08 -0500] "HEAD /BLA/boletinlegal/ HTTP/1.1" 200 -
216.245.221.92 - - [26/May/2023:03:03:12 -0500] "HEAD / HTTP/1.1" 200 -
172.22.2.4 - - [26/May/2023:03:01:58 -0500] "GET /BLA/boletinlegal/ HTTP/1.1" 200 53114
201.245.192.253 - - [26/May/2023:03:04:19 -0500] "POST /kwsrmcab/Wsrmcab  HTTP/1.1" 200 43526
173.252.95.23 - - [26/May/2023:03:04:23 -0500] "GET /cerca-de-20-actividades-al-abrigo-de-las-aves-no-te-pierdas-la-jornada-cultural-jardin-de-noche.html?fbclid=IwAR0jwOAfAE7Zd_pw7z6MxW6cghsLHanfiGjrcAEbHEQetFKueseHdSXqDHk HTTP/1.1" 200 793
40.77.167.97 - - [26/May/2023:03:05:36 -0500] "GET /BLA/resoluciones/RESOLUCIONES%202023/0053.pdf HTTP/1.1" 304 -
216.245.221.92 - - [26/May/2023:03:08:12 -0500] "HEAD / HTTP/1.1" 200 -
172.22.2.4 - - [26/May/2023:03:06:58 -0500] "HEAD /BLA/boletinlegal/ HTTP/1.1" 200 -
201.245.192.253 - - [26/May/2023:03:09:19 -0500] "POST /kwsrmcab/Wsrmcab  HTTP/1.1" 200 43526
172.22.2.4 - - [26/May/2023:03:07:48 -0500] "GET /BLA/boletinlegal/ HTTP/1.1" 200 59306
190.84.96.190 - - [26/May/2023:03:13:11 -0500] "GET /mujeres-secretaria-de-ambiente-abre-nueva-convocatoria-para-aprender-sobre-el-cuidado-de-los-humedales.html HTTP/1.1" 200 853
216.245.221.92 - - [26/May/2023:03:13:12 -0500] "HEAD / HTTP/1.1" 200 -
172.22.2.4 - - [26/May/2023:03:13:32 -0500] "GET /BLA/boletinlegal/Directivas/2017/Directiva%20No.%2002%20del%2017%20de%20Enero%20de%202017.pdf HTTP/1.1" 200 3521427
172.22.2.4 - - [26/May/2023:03:13:33 -0500] "GET /BLA/boletinlegal/Directivas/2018/Directiva%20No.%2026%20del%2028%20de%20diciembre%20de%202018.pdf HTTP/1.1" 200 332220
201.245.192.253 - - [26/May/2023:03:14:18 -0500] "POST /kwsrmcab/Wsrmcab  HTTP/1.1" 200 43526
172.22.2.4 - - [26/May/2023:03:12:48 -0500] "HEAD /BLA/boletinlegal/ HTTP/1.1" 200 -
172.22.2.4 - - [26/May/2023:03:13:38 -0500] "GET /BLA/boletinlegal/ HTTP/1.1" 200 57151
216.245.221.92 - - [26/May/2023:03:18:12 -0500] "HEAD / HTTP/1.1" 200 -
66.249.66.84 - - [26/May/2023:03:18:27 -0500] "-" 408 -
201.245.192.253 - - [26/May/2023:03:19:12 -0500] "POST /kwsrmcab/Wsrmcab HTTP/1.1" 200 43379
201.245.192.253 - - [26/May/2023:03:19:14 -0500] "POST /kwsrmcab/Wsrmcab HTTP/1.1" 200 40991
201.245.192.253 - - [26/May/2023:03:19:16 -0500] "POST /kwsrmcab/Wsrmcab  HTTP/1.1" 200 43526
172.22.2.4 - - [26/May/2023:03:18:38 -0500] "HEAD /BLA/boletinlegal/ HTTP/1.1" 200 -
172.22.2.4 - - [26/May/2023:03:19:28 -0500] "GET /BLA/boletinlegal/ HTTP/1.1" 200 57151
40.77.167.146 - - [26/May/2023:03:21:10 -0500] "GET /BLA/resoluciones/AUTOS%202013/1593.pdf HTTP/1.1" 200 1725992
216.245.221.92 - - [26/May/2023:03:23:12 -0500] "HEAD / HTTP/1.1" 200 -
40.77.167.146 - - [26/May/2023:03:23:40 -0500] "GET /Publicaciones/2023EE73594.pdf HTTP/1.1" 404 227
201.245.192.253 - - [26/May/2023:03:24:14 -0500] "POST /kwsrmcab/Wsrmcab  HTTP/1.1" 200 43526
172.22.2.4 - - [26/May/2023:03:25:26 -0500] "GET /BLA/boletinlegal/Directivas/2014/Directiva%20No.%202%20del%205%20de%20Mayo%20de%202014.pdf HTTP/1.1" 304 -
172.22.2.4 - - [26/May/2023:03:24:28 -0500] "HEAD /BLA/boletinlegal/ HTTP/1.1" 200 -
45.238.182.56 - - [26/May/2023:03:26:27 -0500] "GET /mujeres-secretaria-de-ambiente-abre-nueva-convocatoria-para-aprender-sobre-el-cuidado-de-los-humedales.html HTTP/1.1" 200 853
157.55.39.210 - - [26/May/2023:03:26:45 -0500] "GET /BLA/resoluciones/AUTOS%202021/6745.pdf HTTP/1.1" 304 -
172.22.2.4 - - [26/May/2023:03:25:18 -0500] "GET /BLA/boletinlegal/ HTTP/1.1" 200 52326
216.245.221.92 - - [26/May/2023:03:28:12 -0500] "HEAD / HTTP/1.1" 200 -
201.245.192.253 - - [26/May/2023:03:29:12 -0500] "POST /kwsrmcab/Wsrmcab HTTP/1.1" 200 43379
201.245.192.253 - - [26/May/2023:03:29:13 -0500] "POST /kwsrmcab/Wsrmcab  HTTP/1.1" 200 43526
201.245.192.253 - - [26/May/2023:03:29:15 -0500] "POST /kwsrmcab/Wsrmcab HTTP/1.1" 200 40991
172.22.2.4 - - [26/May/2023:03:30:18 -0500] "HEAD /BLA/boletinlegal/ HTTP/1.1" 200 -
172.22.2.4 - - [26/May/2023:03:31:08 -0500] "GET /BLA/boletinlegal/ HTTP/1.1" 200 55934
216.245.221.92 - - [26/May/2023:03:33:12 -0500] "HEAD / HTTP/1.1" 200 -
201.245.192.253 - - [26/May/2023:03:34:12 -0500] "POST /kwsrmcab/Wsrmcab  HTTP/1.1" 200 43526
190.24.57.30 - - [26/May/2023:03:37:40 -0500] "GET /mujeres-secretaria-de-ambiente-abre-nueva-convocatoria-para-aprender-sobre-el-cuidado-de-los-humedales.html HTTP/1.1" 200 853
172.22.2.4 - - [26/May/2023:03:36:08 -0500] "HEAD /BLA/boletinlegal/ HTTP/1.1" 200 -
216.245.221.92 - - [26/May/2023:03:38:12 -0500] "HEAD / HTTP/1.1" 200 -
172.22.2.4 - - [26/May/2023:03:36:58 -0500] "GET /BLA/boletinlegal/ HTTP/1.1" 200 52326
201.245.192.253 - - [26/May/2023:03:39:11 -0500] "POST /kwsrmcab/Wsrmcab  HTTP/1.1" 200 43526
201.245.192.253 - - [26/May/2023:03:39:12 -0500] "POST /kwsrmcab/Wsrmcab HTTP/1.1" 200 43379
201.245.192.253 - - [26/May/2023:03:39:14 -0500] "POST /kwsrmcab/Wsrmcab HTTP/1.1" 200 40991
185.220.100.242 - - [26/May/2023:03:40:32 -0500] "GET /wp-content/plugins/woocommerce/readme.txt HTTP/1.1" 404 1035
40.77.167.146 - - [26/May/2023:03:43:11 -0500] "GET /BLA/resoluciones/AUTOS%202021/2780.pdf HTTP/1.1" 304 -
216.245.221.92 - - [26/May/2023:03:43:12 -0500] "HEAD / HTTP/1.1" 200 -
172.22.2.4 - - [26/May/2023:03:41:58 -0500] "HEAD /BLA/boletinlegal/ HTTP/1.1" 200 -
201.245.192.253 - - [26/May/2023:03:44:10 -0500] "POST /kwsrmcab/Wsrmcab  HTTP/1.1" 200 43526
172.22.2.4 - - [26/May/2023:03:42:48 -0500] "GET /BLA/boletinlegal/ HTTP/1.1" 200 57561
40.77.167.146 - - [26/May/2023:03:47:42 -0500] "GET /galeria/galeria/jquery.fancybox.css?v=2.1.5 HTTP/1.1" 200 4895
40.77.167.97 - - [26/May/2023:03:47:47 -0500] "GET /galeria/galeria/jquery.fancybox.js?v=2.1.5 HTTP/1.1" 200 48706
216.245.221.92 - - [26/May/2023:03:48:12 -0500] "HEAD / HTTP/1.1" 200 -
64.233.172.35 - - [26/May/2023:03:48:14 -0500] "GET /BLA/boletinlegal/js/jquery.scrollShow.js HTTP/1.1" 200 4586
64.233.172.35 - - [26/May/2023:03:48:15 -0500] "GET /galeria/galeria/jquery.fancybox.js?v=2.1.5 HTTP/1.1" 200 48706
64.233.172.32 - - [26/May/2023:03:48:15 -0500] "GET /galeria/galeria/jquery.fancybox.css?v=2.1.5 HTTP/1.1" 200 4895
66.249.84.73 - - [26/May/2023:03:48:16 -0500] "GET /BLA/boletinlegal/js/jquery.scrollShow.js HTTP/1.1" 200 4586
66.249.84.77 - - [26/May/2023:03:48:16 -0500] "GET /galeria/galeria/jquery.fancybox.js?v=2.1.5 HTTP/1.1" 200 48706
66.249.84.75 - - [26/May/2023:03:48:16 -0500] "GET /galeria/galeria/jquery.fancybox.css?v=2.1.5 HTTP/1.1" 200 4895
64.233.172.32 - - [26/May/2023:03:48:19 -0500] "GET /galeria/carrusel/Carrusel/jquery.thumbnailScroller.css HTTP/1.1" 200 2066
64.233.172.63 - - [26/May/2023:03:48:19 -0500] "GET /galeria/carrusel/Carrusel/jquery-ui-1.8.13.custom.min.js HTTP/1.1" 200 10800
64.233.172.63 - - [26/May/2023:03:48:19 -0500] "GET /galeria/carrusel/Carrusel/jquery.thumbnailScroller.js HTTP/1.1" 200 8157
64.233.172.32 - - [26/May/2023:03:48:20 -0500] "GET /galeria/nivo-slider/demo/banner.html HTTP/1.1" 200 5446
64.233.172.63 - - [26/May/2023:03:48:21 -0500] "GET /galeria/nivo-slider/nivo-slider.css HTTP/1.1" 200 1507
64.233.172.35 - - [26/May/2023:03:48:21 -0500] "GET /galeria/nivo-slider/themes/pascal/pascal.css HTTP/1.1" 200 2258
64.233.172.32 - - [26/May/2023:03:48:21 -0500] "GET /galeria/nivo-slider/themes/orman/orman.css HTTP/1.1" 200 2152
64.233.172.63 - - [26/May/2023:03:48:21 -0500] "GET /galeria/nivo-slider/demo/style.css HTTP/1.1" 200 2222
64.233.172.35 - - [26/May/2023:03:48:21 -0500] "GET /galeria/nivo-slider/demo/scripts/jquery-1.7.1.min.js HTTP/1.1" 200 93868
64.233.172.35 - - [26/May/2023:03:48:22 -0500] "GET /galeria/nivo-slider/themes/default/default.css HTTP/1.1" 200 1569
64.233.172.32 - - [26/May/2023:03:48:22 -0500] "GET /galeria/nivo-slider/demo/images/4Simple_Slider.png HTTP/1.1" 200 11722
64.233.172.35 - - [26/May/2023:03:48:22 -0500] "GET /galeria/nivo-slider/demo/images/Bannersedeelectronica.jpg HTTP/1.1" 200 40383
64.233.172.35 - - [26/May/2023:03:48:22 -0500] "GET /galeria/nivo-slider/jquery.nivo.slider.pack.js HTTP/1.1" 200 11561
64.233.172.35 - - [26/May/2023:03:48:22 -0500] "GET /galeria/nivo-slider/demo/images/bannerrutaesperanza.jpg HTTP/1.1" 200 55560
64.233.172.32 - - [26/May/2023:03:48:22 -0500] "GET /galeria/nivo-slider/demo/images/bannertortuga_optimized.jpg HTTP/1.1" 200 39066
64.233.172.63 - - [26/May/2023:03:48:22 -0500] "GET /galeria/nivo-slider/demo/images/Bannerplasticosseptiembre.jpg HTTP/1.1" 200 45633
64.233.172.63 - - [26/May/2023:03:48:22 -0500] "GET /galeria/nivo-slider/demo/images/Bannermujeresquereverdecen.jpg HTTP/1.1" 200 46558
64.233.172.32 - - [26/May/2023:03:48:22 -0500] "GET /galeria/nivo-slider/demo/images/banneraire2021.jpg HTTP/1.1" 200 265101
64.233.172.32 - - [26/May/2023:03:48:22 -0500] "GET /galeria/nivo-slider/demo/images/banneraccionpopularcrr68.jpg HTTP/1.1" 200 51887
64.233.172.32 - - [26/May/2023:03:48:22 -0500] "GET /galeria/nivo-slider/demo/images/bannerresiduoshospitalariosagosto.jpg HTTP/1.1" 200 36499
64.233.172.35 - - [26/May/2023:03:48:23 -0500] "GET /galeria/nivo-slider/demo/images/banneraccionpopular.jpeg HTTP/1.1" 200 41707
64.233.172.63 - - [26/May/2023:03:48:23 -0500] "GET /galeria/nivo-slider/demo/images/bannerclases2021.jpg HTTP/1.1" 200 68230
64.233.172.63 - - [26/May/2023:03:48:23 -0500] "GET /galeria/nivo-slider/demo/images/bannercapacitacionesbogota.jpg HTTP/1.1" 200 42416
64.233.172.32 - - [26/May/2023:03:48:23 -0500] "GET /galeria/nivo-slider/demo/images/Bannerenvases.jpg HTTP/1.1" 200 37316
64.233.172.35 - - [26/May/2023:03:48:23 -0500] "GET /galeria/nivo-slider/demo/images/Bannervirtualescanales.jpg HTTP/1.1" 200 174544
64.233.172.63 - - [26/May/2023:03:48:23 -0500] "GET /galeria/nivo-slider/themes/default/loading.gif HTTP/1.1" 200 1737
64.233.172.35 - - [26/May/2023:03:48:23 -0500] "GET /galeria/nivo-slider/demo/images/bannertrafico_optimized.jpg HTTP/1.1" 200 42578
64.233.172.63 - - [26/May/2023:03:48:26 -0500] "GET /galeria/nivo-slider/themes/default/arrows.png HTTP/1.1" 200 824
64.233.172.63 - - [26/May/2023:03:48:26 -0500] "GET /galeria/nivo-slider/themes/default/bullets.png HTTP/1.1" 200 1281
66.249.66.86 - - [26/May/2023:03:48:27 -0500] "-" 408 -
201.245.192.253 - - [26/May/2023:03:49:09 -0500] "POST /kwsrmcab/Wsrmcab  HTTP/1.1" 200 43526
172.22.2.4 - - [26/May/2023:03:47:48 -0500] "HEAD /BLA/boletinlegal/ HTTP/1.1" 200 -
172.22.2.4 - - [26/May/2023:03:48:38 -0500] "GET /BLA/boletinlegal/ HTTP/1.1" 200 57561
172.22.2.4 - - [26/May/2023:03:51:31 -0500] "GET /BLA/boletinlegal/robots.txt HTTP/1.1" 404 1037
172.22.2.4 - - [26/May/2023:03:51:31 -0500] "GET /BLA/boletinlegal/robots.txt HTTP/1.1" 404 1037
172.22.2.4 - - [26/May/2023:03:51:33 -0500] "GET /BLA/boletinlegal/conceptos.php HTTP/1.1" 200 7496
216.245.221.92 - - [26/May/2023:03:53:12 -0500] "HEAD / HTTP/1.1" 200 -
201.245.192.253 - - [26/May/2023:03:54:08 -0500] "POST /kwsrmcab/Wsrmcab  HTTP/1.1" 200 43526
172.22.2.4 - - [26/May/2023:03:53:38 -0500] "HEAD /BLA/boletinlegal/ HTTP/1.1" 200 -
172.22.2.4 - - [26/May/2023:03:54:28 -0500] "GET /BLA/boletinlegal/ HTTP/1.1" 200 57151
40.77.167.254 - - [26/May/2023:03:56:36 -0500] "GET /BLA/resoluciones/AUTOS%202021/1484.pdf HTTP/1.1" 304 -
40.77.167.245 - - [26/May/2023:03:57:17 -0500] "GET /dos-mamiferos-y-63-aves-volvieron-a-la-libertad-en-el-humedal-la-conejera.html HTTP/1.1" 200 877
216.245.221.92 - - [26/May/2023:03:58:12 -0500] "HEAD / HTTP/1.1" 200 -
162.55.175.24 - - [26/May/2023:03:58:32 -0500] "GET / HTTP/1.1" 200 319
201.245.192.253 - - [26/May/2023:03:59:06 -0500] "POST /kwsrmcab/Wsrmcab  HTTP/1.1" 200 43526
162.55.41.96 - - [26/May/2023:03:59:34 -0500] "GET / HTTP/1.1" 200 319
172.22.2.4 - - [26/May/2023:04:00:57 -0500] "GET /BLA/boletinlegal/Directivas/2013/Directiva%20No.%202%20del%2004%20de%20Abril%20de%202013.pdf HTTP/1.1" 200 1182671
172.22.2.4 - - [26/May/2023:03:59:28 -0500] "HEAD /BLA/boletinlegal/ HTTP/1.1" 200 -
173.252.79.6 - - [26/May/2023:04:02:53 -0500] "GET /secretaria-de-ambiente-sensibiliza-a-ciudadanos-sobre-la-importancia-de-proteger-la-fauna-silvestre.html HTTP/1.1" 200 819
216.245.221.92 - - [26/May/2023:04:03:12 -0500] "HEAD / HTTP/1.1" 200 -
172.22.2.4 - - [26/May/2023:04:01:47 -0500] "GET /BLA/boletinlegal/ HTTP/1.1" 200 42868
172.22.2.4 - - [26/May/2023:04:01:48 -0500] "GET /BLA/boletinlegal/ HTTP/1.1" 200 42868
201.245.192.253 - - [26/May/2023:04:04:05 -0500] "POST /kwsrmcab/Wsrmcab  HTTP/1.1" 200 43526
172.22.2.4 - - [26/May/2023:04:05:18 -0500] "HEAD /BLA/boletinlegal/ HTTP/1.1" 200 -
172.22.2.4 - - [26/May/2023:04:06:12 -0500] "GET /BLA/boletinlegal/ HTTP/1.1" 200 55221
216.245.221.92 - - [26/May/2023:04:08:12 -0500] "HEAD / HTTP/1.1" 200 -
201.245.192.253 - - [26/May/2023:04:09:05 -0500] "POST /kwsrmcab/Wsrmcab  HTTP/1.1" 200 43526
172.22.2.4 - - [26/May/2023:04:08:29 -0500] "GET /BLA/boletinlegal/ HTTP/1.1" 200 40907
172.22.2.4 - - [26/May/2023:04:10:38 -0500] "GET /BLA/boletinlegal/index.php?s=/Index/\\think\\app/invokefunction&function=call_user_func_array&vars[0]=md5&vars[1][]=HelloThinkPHP21 HTTP/1.1" 200 36811
172.22.2.4 - - [26/May/2023:04:12:29 -0500] "GET /BLA/boletinlegal/Directivas/2013/Directiva%20No.%201%20del%2004%20de%20Abril%20de%202013.pdf HTTP/1.1" 304 -
40.77.167.205 - - [26/May/2023:04:12:38 -0500] "GET /el-plan-de-accion-climatica-de-bogota-inspirador-para-otras-ciudades-del-mundo.html HTTP/1.1" 200 876
172.22.2.4 - - [26/May/2023:04:11:08 -0500] "HEAD /BLA/boletinlegal/ HTTP/1.1" 200 -
216.245.221.92 - - [26/May/2023:04:13:12 -0500] "HEAD / HTTP/1.1" 200 -
40.77.167.97 - - [26/May/2023:04:13:30 -0500] "GET /Publicaciones/2023EE72587.pdf HTTP/1.1" 404 227
172.22.2.4 - - [26/May/2023:04:12:15 -0500] "GET /BLA/boletinlegal/ HTTP/1.1" 200 55934
201.245.192.253 - - [26/May/2023:04:14:04 -0500] "POST /kwsrmcab/Wsrmcab  HTTP/1.1" 200 43526
186.154.36.76 - - [26/May/2023:04:14:55 -0500] "GET /mujeres-secretaria-de-ambiente-abre-nueva-convocatoria-para-aprender-sobre-el-cuidado-de-los-humedales.html HTTP/1.1" 200 853
157.55.39.210 - - [26/May/2023:04:15:30 -0500] "GET /BLA/resoluciones/AUTOS%202022/2102.pdf HTTP/1.1" 304 -
216.245.221.92 - - [26/May/2023:04:18:12 -0500] "HEAD / HTTP/1.1" 200 -
66.249.66.85 - - [26/May/2023:04:18:27 -0500] "-" 408 -
172.22.2.4 - - [26/May/2023:04:16:58 -0500] "HEAD /BLA/boletinlegal/ HTTP/1.1" 200 -
201.245.192.253 - - [26/May/2023:04:19:02 -0500] "POST /kwsrmcab/Wsrmcab  HTTP/1.1" 200 43526
201.245.192.253 - - [26/May/2023:04:19:12 -0500] "POST /kwsrmcab/Wsrmcab HTTP/1.1" 200 43387
201.245.192.253 - - [26/May/2023:04:19:14 -0500] "POST /kwsrmcab/Wsrmcab HTTP/1.1" 200 41000
172.22.2.4 - - [26/May/2023:04:17:48 -0500] "GET /BLA/boletinlegal/ HTTP/1.1" 200 52326
45.40.57.19 - - [26/May/2023:04:20:25 -0500] "-" 408 -
66.249.79.130 - - [26/May/2023:04:20:35 -0500] "-" 408 -
191.156.186.1 - - [26/May/2023:04:21:17 -0500] "GET /cerca-de-20-actividades-al-abrigo-de-las-aves-no-te-pierdas-la-jornada-cultural-jardin-de-noche.html?fbclid=PAAabqt-lP6X5w3z1VG_DquSe4PoEGwbBKbintVzdB74_edhc997Co1O9Tv6w HTTP/1.1" 200 793
52.167.144.46 - - [26/May/2023:04:21:20 -0500] "GET /documents/10184/4278102/Tingua-2-2.jpeg/d55bcb57-9007-43c4-9d7b-1db01e536700?t=1677632802248 HTTP/1.1" 404 1034
216.245.221.92 - - [26/May/2023:04:23:12 -0500] "HEAD / HTTP/1.1" 200 -
40.77.167.146 - - [26/May/2023:04:23:55 -0500] "GET /BLA/boletinlegal/js/jquery.scrollShow.js HTTP/1.1" 200 4586
201.245.192.253 - - [26/May/2023:04:24:01 -0500] "POST /kwsrmcab/Wsrmcab  HTTP/1.1" 200 43526
198.235.24.207 - - [26/May/2023:04:24:25 -0500] "GET / HTTP/1.1" 200 319
172.22.2.4 - - [26/May/2023:04:22:48 -0500] "HEAD /BLA/boletinlegal/ HTTP/1.1" 200 -
172.22.2.4 - - [26/May/2023:04:23:38 -0500] "GET /BLA/boletinlegal/ HTTP/1.1" 200 57561
216.245.221.92 - - [26/May/2023:04:28:12 -0500] "HEAD / HTTP/1.1" 200 -
201.245.192.253 - - [26/May/2023:04:29:00 -0500] "POST /kwsrmcab/Wsrmcab  HTTP/1.1" 200 43526
201.245.192.253 - - [26/May/2023:04:29:12 -0500] "POST /kwsrmcab/Wsrmcab HTTP/1.1" 200 43387
201.245.192.253 - - [26/May/2023:04:29:15 -0500] "POST /kwsrmcab/Wsrmcab HTTP/1.1" 200 41000
172.22.2.4 - - [26/May/2023:04:28:38 -0500] "HEAD /BLA/boletinlegal/ HTTP/1.1" 200 -
172.22.2.4 - - [26/May/2023:04:30:18 -0500] "GET /BLA/boletinlegal/style.css HTTP/1.1" 200 9406
172.22.2.4 - - [26/May/2023:04:30:18 -0500] "GET /BLA/boletinlegal/styles2.css HTTP/1.1" 200 1838
172.22.2.4 - - [26/May/2023:04:30:18 -0500] "GET /BLA/boletinlegal/js/jquery.js HTTP/1.1" 200 57254
172.22.2.4 - - [26/May/2023:04:30:18 -0500] "GET /BLA/boletinlegal/js/jquery.scrollTo-min.js HTTP/1.1" 200 1150
172.22.2.4 - - [26/May/2023:04:30:18 -0500] "GET /BLA/boletinlegal/js/jquery.scrollShow.js HTTP/1.1" 200 4586
172.22.2.4 - - [26/May/2023:04:30:19 -0500] "GET /BLA/boletinlegal/images/cabezote%20BLEGAL.jpg HTTP/1.1" 200 118164
172.22.2.4 - - [26/May/2023:04:30:19 -0500] "GET /BLA/boletinlegal/images/subscribe-icon-big.png HTTP/1.1" 200 47702
172.22.2.4 - - [26/May/2023:04:30:19 -0500] "GET /BLA/boletinlegal/images/historia.png HTTP/1.1" 200 52775
172.22.2.4 - - [26/May/2023:04:30:19 -0500] "GET /BLA/boletinlegal/images/registro-usuarios.png HTTP/1.1" 200 8106
172.22.2.4 - - [26/May/2023:04:30:19 -0500] "GET /BLA/boletinlegal/images/arr_l.jpg HTTP/1.1" 200 1979
172.22.2.4 - - [26/May/2023:04:30:19 -0500] "GET /BLA/boletinlegal/images/screen_1.png HTTP/1.1" 200 202547
172.22.2.4 - - [26/May/2023:04:30:19 -0500] "GET /BLA/boletinlegal/images/launch.jpg HTTP/1.1" 200 14577
172.22.2.4 - - [26/May/2023:04:30:19 -0500] "GET /BLA/boletinlegal/images/body_bg.jpg HTTP/1.1" 200 1601
172.22.2.4 - - [26/May/2023:04:30:19 -0500] "GET /BLA/boletinlegal/images/menu_lft.gif HTTP/1.1" 200 1713
172.22.2.4 - - [26/May/2023:04:30:20 -0500] "GET /BLA/boletinlegal/images/menu_rght.gif HTTP/1.1" 200 1627
172.22.2.4 - - [26/May/2023:04:30:20 -0500] "GET /BLA/boletinlegal/images/bg_top.jpg HTTP/1.1" 200 522
172.22.2.4 - - [26/May/2023:04:30:20 -0500] "GET /BLA/boletinlegal/images/menu_bg.jpg HTTP/1.1" 200 620
172.22.2.4 - - [26/May/2023:04:30:20 -0500] "GET /BLA/boletinlegal/images/text.jpg HTTP/1.1" 200 568
172.22.2.4 - - [26/May/2023:04:30:20 -0500] "GET /BLA/boletinlegal/images/hover.jpg HTTP/1.1" 200 640
172.22.2.4 - - [26/May/2023:04:30:26 -0500] "GET /BLA/boletinlegal/images/screen_2.png HTTP/1.1" 200 362502
172.22.2.4 - - [26/May/2023:04:30:27 -0500] "GET /BLA/boletinlegal/images/screen_5.png HTTP/1.1" 200 368876
172.22.2.4 - - [26/May/2023:04:30:27 -0500] "GET /BLA/boletinlegal/images/screen_3.png HTTP/1.1" 200 210620
172.22.2.4 - - [26/May/2023:04:30:27 -0500] "GET /BLA/boletinlegal/images/arr_r.jpg HTTP/1.1" 200 1998
172.22.2.4 - - [26/May/2023:04:30:33 -0500] "GET /BLA/boletinlegal/images/footer_bg.jpg HTTP/1.1" 200 586
172.22.2.4 - - [26/May/2023:04:30:35 -0500] "GET /BLA/boletinlegal/images/pdf.gif HTTP/1.1" 200 567
172.22.2.4 - - [26/May/2023:04:29:28 -0500] "GET /BLA/boletinlegal/ HTTP/1.1" 200 54808
172.22.2.4 - - [26/May/2023:04:31:38 -0500] "GET /BLA/boletinlegal/images/background.gif HTTP/1.1" 200 -
172.22.2.4 - - [26/May/2023:04:30:18 -0500] "GET /BLA/boletinlegal/ HTTP/1.1" 200 59306
172.22.2.4 - - [26/May/2023:04:31:58 -0500] "GET /BLA/boletinlegal/favicon.ico HTTP/1.1" 404 1308
216.245.221.92 - - [26/May/2023:04:33:12 -0500] "HEAD / HTTP/1.1" 200 -
201.245.192.253 - - [26/May/2023:04:33:59 -0500] "POST /kwsrmcab/Wsrmcab  HTTP/1.1" 200 43526
172.22.2.4 - - [26/May/2023:04:34:28 -0500] "HEAD /BLA/boletinlegal/ HTTP/1.1" 200 -
172.22.2.4 - - [26/May/2023:04:35:18 -0500] "GET /BLA/boletinlegal/ HTTP/1.1" 200 59306
216.245.221.92 - - [26/May/2023:04:38:12 -0500] "HEAD / HTTP/1.1" 200 -
201.245.192.253 - - [26/May/2023:04:38:57 -0500] "POST /kwsrmcab/Wsrmcab  HTTP/1.1" 200 43526
201.245.192.253 - - [26/May/2023:04:39:12 -0500] "POST /kwsrmcab/Wsrmcab HTTP/1.1" 200 43387
201.245.192.253 - - [26/May/2023:04:39:15 -0500] "POST /kwsrmcab/Wsrmcab HTTP/1.1" 200 41000
66.249.79.134 - - [26/May/2023:04:41:40 -0500] "-" 408 -
172.22.2.4 - - [26/May/2023:04:40:18 -0500] "HEAD /BLA/boletinlegal/ HTTP/1.1" 200 -
66.249.66.85 - - [26/May/2023:04:42:33 -0500] "-" 408 -
172.22.2.4 - - [26/May/2023:04:41:08 -0500] "GET /BLA/boletinlegal/ HTTP/1.1" 200 57151
216.245.221.92 - - [26/May/2023:04:43:12 -0500] "HEAD / HTTP/1.1" 200 -
201.245.192.253 - - [26/May/2023:04:43:56 -0500] "POST /kwsrmcab/Wsrmcab  HTTP/1.1" 200 43526
49.7.21.94 - - [26/May/2023:04:44:36 -0500] "GET / HTTP/1.1" 200 319
52.167.144.46 - - [26/May/2023:04:47:04 -0500] "GET / HTTP/1.1" 200 319
172.22.2.4 - - [26/May/2023:04:46:08 -0500] "HEAD /BLA/boletinlegal/ HTTP/1.1" 200 -
216.245.221.92 - - [26/May/2023:04:48:12 -0500] "HEAD / HTTP/1.1" 200 -
66.249.66.84 - - [26/May/2023:04:48:27 -0500] "-" 408 -
172.22.2.4 - - [26/May/2023:04:46:58 -0500] "GET /BLA/boletinlegal/ HTTP/1.1" 200 54808
201.245.192.253 - - [26/May/2023:04:48:55 -0500] "POST /kwsrmcab/Wsrmcab  HTTP/1.1" 200 43526
172.22.2.4 - - [26/May/2023:04:49:50 -0500] "GET /BLA/boletinlegal/jurisprudencia/analisis/SENTENCIA%20C-703%20DE%202010.xls HTTP/1.1" 200 38912
216.245.221.92 - - [26/May/2023:04:53:12 -0500] "HEAD / HTTP/1.1" 200 -
172.22.2.4 - - [26/May/2023:04:51:58 -0500] "HEAD /BLA/boletinlegal/ HTTP/1.1" 200 -
201.245.192.253 - - [26/May/2023:04:53:54 -0500] "POST /kwsrmcab/Wsrmcab  HTTP/1.1" 200 43526
172.22.2.4 - - [26/May/2023:04:52:48 -0500] "GET /BLA/boletinlegal/ HTTP/1.1" 200 57561
69.171.249.118 - - [26/May/2023:04:55:07 -0500] "GET /secretaria-de-ambiente-y-sena-abren-curso-de-jardines-verticales.html HTTP/1.1" 206 734
173.252.87.24 - - [26/May/2023:04:55:08 -0500] "GET /images/jardines-verticales-plantas-24-mayo.jpg HTTP/1.1" 200 148288
66.249.66.84 - - [26/May/2023:04:55:19 -0500] "-" 408 -
181.63.228.224 - - [26/May/2023:04:57:31 -0500] "GET /galeria/galeria/jquery.fancybox.css?v=2.1.5 HTTP/1.1" 200 4895
181.63.228.224 - - [26/May/2023:04:57:31 -0500] "GET /BLA/boletinlegal/js/jquery.scrollShow.js HTTP/1.1" 200 4586
181.63.228.224 - - [26/May/2023:04:57:31 -0500] "GET /galeria/galeria/jquery.fancybox.js?v=2.1.5 HTTP/1.1" 200 48706
216.245.221.92 - - [26/May/2023:04:58:12 -0500] "HEAD / HTTP/1.1" 200 -
201.245.192.253 - - [26/May/2023:04:58:53 -0500] "POST /kwsrmcab/Wsrmcab  HTTP/1.1" 200 43526
172.22.2.4 - - [26/May/2023:04:57:48 -0500] "HEAD /BLA/boletinlegal/ HTTP/1.1" 200 -
172.22.2.4 - - [26/May/2023:04:58:38 -0500] "GET /BLA/boletinlegal/ HTTP/1.1" 200 58307
66.249.66.84 - - [26/May/2023:05:01:01 -0500] "-" 408 -
66.249.79.132 - - [26/May/2023:05:01:04 -0500] "-" 408 -
181.59.3.50 - - [26/May/2023:05:02:01 -0500] "GET /inscribete-en-este-proceso-de-formacion-para-ser-un-lider-o-una-lideresa-ambiental-en-tu-localidad.html HTTP/1.1" 200 903
173.252.87.20 - - [26/May/2023:05:02:52 -0500] "GET /images/Reciclaton-2023.jpg HTTP/1.1" 200 68883
173.252.87.11 - - [26/May/2023:05:02:52 -0500] "GET /images/Reciclaton-2023.jpg HTTP/1.1" 200 68883
173.252.87.118 - - [26/May/2023:05:02:53 -0500] "GET /images/Reciclaton-2023.jpg HTTP/1.1" 200 68883
216.245.221.92 - - [26/May/2023:05:03:12 -0500] "HEAD / HTTP/1.1" 200 -
173.252.127.16 - - [26/May/2023:05:03:32 -0500] "GET /images/Reciclaton-2023.jpg HTTP/1.1" 200 68883
201.245.192.253 - - [26/May/2023:05:03:52 -0500] "POST /kwsrmcab/Wsrmcab  HTTP/1.1" 200 43526
40.77.167.97 - - [26/May/2023:05:03:55 -0500] "GET /BLA/resoluciones/RESOLUCIONES%202022/2567.pdf HTTP/1.1" 304 -
87.236.176.237 - - [26/May/2023:05:04:37 -0500] "GET /portaldeninos/ HTTP/1.1" 200 110197
172.22.2.4 - - [26/May/2023:05:03:38 -0500] "HEAD /BLA/boletinlegal/ HTTP/1.1" 200 -
172.22.2.4 - - [26/May/2023:05:04:28 -0500] "GET /BLA/boletinlegal/ HTTP/1.1" 200 55221
66.249.66.84 - - [26/May/2023:05:06:45 -0500] "-" 408 -
181.59.2.153 - - [26/May/2023:05:07:06 -0500] "GET /sin-raza-pero-con-casa-nuevas-jornadas-de-adopcion-en-el-distrito.html?fbclid=PAAaazAHZgyAHVWLUVSqqwmDzkLMaZUFIKJA9RNH0FQcRcp-QH34BHrD9UucQ HTTP/1.1" 200 742
216.245.221.92 - - [26/May/2023:05:08:11 -0500] "HEAD / HTTP/1.1" 200 -
201.245.192.253 - - [26/May/2023:05:08:51 -0500] "POST /kwsrmcab/Wsrmcab  HTTP/1.1" 200 43526
66.249.79.130 - - [26/May/2023:05:09:27 -0500] "-" 408 -
172.22.2.4 - - [26/May/2023:05:10:07 -0500] "GET /BLA/boletinlegal/?XDEBUG_SESSION_START=phpstorm HTTP/1.1" 200 28619
172.22.2.4 - - [26/May/2023:05:09:28 -0500] "HEAD /BLA/boletinlegal/ HTTP/1.1" 200 -
170.64.166.144 - - [26/May/2023:05:11:24 -0500] "GET /Temporary_Listen_Addresses HTTP/1.1" 404 1018
172.22.2.4 - - [26/May/2023:05:10:18 -0500] "GET /BLA/boletinlegal/ HTTP/1.1" 200 53924
216.245.221.92 - - [26/May/2023:05:13:11 -0500] "HEAD / HTTP/1.1" 200 -
201.245.192.253 - - [26/May/2023:05:13:50 -0500] "POST /kwsrmcab/Wsrmcab  HTTP/1.1" 200 43526
66.249.66.84 - - [26/May/2023:05:14:58 -0500] "-" 408 -
172.22.2.4 - - [26/May/2023:05:15:18 -0500] "HEAD /BLA/boletinlegal/ HTTP/1.1" 200 -
172.22.2.4 - - [26/May/2023:05:16:08 -0500] "GET /BLA/boletinlegal/ HTTP/1.1" 200 56287
216.245.221.92 - - [26/May/2023:05:18:11 -0500] "HEAD / HTTP/1.1" 200 -
201.245.192.253 - - [26/May/2023:05:18:48 -0500] "POST /kwsrmcab/Wsrmcab  HTTP/1.1" 200 43526
201.245.192.253 - - [26/May/2023:05:19:12 -0500] "POST /kwsrmcab/Wsrmcab HTTP/1.1" 200 43085
201.245.192.253 - - [26/May/2023:05:19:15 -0500] "POST /kwsrmcab/Wsrmcab HTTP/1.1" 200 40996
172.22.2.4 - - [26/May/2023:05:19:57 -0500] "GET /BLA/boletinlegal/jurisprudencia/analisis/ANALISIST-257-96.docx HTTP/1.1" 304 -
66.249.66.84 - - [26/May/2023:05:21:44 -0500] "-" 408 -
172.22.2.4 - - [26/May/2023:05:21:08 -0500] "HEAD /BLA/boletinlegal/ HTTP/1.1" 200 -
216.245.221.92 - - [26/May/2023:05:23:11 -0500] "HEAD / HTTP/1.1" 200 -
186.28.204.197 - - [26/May/2023:05:23:34 -0500] "GET /inscribete-en-este-proceso-de-formacion-para-ser-un-lider-o-una-lideresa-ambiental-en-tu-localidad.html HTTP/1.1" 200 903
172.22.2.4 - - [26/May/2023:05:21:58 -0500] "GET /BLA/boletinlegal/ HTTP/1.1" 200 57151
31.13.103.14 - - [26/May/2023:05:23:38 -0500] "GET /images/Reciclaton-2023.jpg HTTP/1.1" 200 68883
201.245.192.253 - - [26/May/2023:05:23:48 -0500] "POST /kwsrmcab/Wsrmcab  HTTP/1.1" 200 43526
31.13.127.18 - - [26/May/2023:05:26:01 -0500] "GET /mujeres-secretaria-de-ambiente-abre-nueva-convocatoria-para-aprender-sobre-el-cuidado-de-los-humedales.html HTTP/1.1" 200 853
66.249.66.84 - - [26/May/2023:05:27:31 -0500] "-" 408 -
186.84.90.62 - - [26/May/2023:05:27:37 -0500] "GET /mujeres-secretaria-de-ambiente-abre-nueva-convocatoria-para-aprender-sobre-el-cuidado-de-los-humedales.html HTTP/1.1" 200 853
216.245.221.92 - - [26/May/2023:05:28:11 -0500] "HEAD / HTTP/1.1" 200 -
69.171.249.21 - - [26/May/2023:05:28:22 -0500] "GET /distrito-recupera-cerca-de-30-kilos-de-laurel-de-cera-e-invita-a-no-usar-esta-planta-para-la-celebracion-de-la-santa-cruz.html HTTP/1.1" 206 829
172.22.2.4 - - [26/May/2023:05:26:58 -0500] "HEAD /BLA/boletinlegal/ HTTP/1.1" 200 -
201.245.192.253 - - [26/May/2023:05:28:46 -0500] "POST /kwsrmcab/Wsrmcab  HTTP/1.1" 200 43526
201.245.192.253 - - [26/May/2023:05:29:11 -0500] "POST /kwsrmcab/Wsrmcab HTTP/1.1" 200 43085
201.245.192.253 - - [26/May/2023:05:29:14 -0500] "POST /kwsrmcab/Wsrmcab HTTP/1.1" 200 40996
172.22.2.4 - - [26/May/2023:05:27:48 -0500] "GET /BLA/boletinlegal/ HTTP/1.1" 200 59306
157.55.39.210 - - [26/May/2023:05:29:56 -0500] "GET /BLA/resoluciones/AUTOS%202021/2888.pdf HTTP/1.1" 304 -
172.22.2.4 - - [26/May/2023:05:30:55 -0500] "GET /BLA/boletinlegal/ HTTP/1.1" 200 36811
66.249.79.132 - - [26/May/2023:05:32:04 -0500] "-" 408 -
40.77.167.97 - - [26/May/2023:05:32:21 -0500] "GET /BLA/resoluciones/AUTOS%202021/3745.pdf HTTP/1.1" 304 -
157.55.39.210 - - [26/May/2023:05:32:38 -0500] "GET /BLA/resoluciones/AUTOS%202021/1650.pdf HTTP/1.1" 304 -
216.245.221.92 - - [26/May/2023:05:33:12 -0500] "HEAD / HTTP/1.1" 200 -
66.249.66.84 - - [26/May/2023:05:33:24 -0500] "-" 408 -
201.245.192.253 - - [26/May/2023:05:33:45 -0500] "POST /kwsrmcab/Wsrmcab  HTTP/1.1" 200 43526
172.22.2.4 - - [26/May/2023:05:32:48 -0500] "HEAD /BLA/boletinlegal/ HTTP/1.1" 200 -
172.22.2.4 - - [26/May/2023:05:33:38 -0500] "GET /BLA/boletinlegal/ HTTP/1.1" 200 58307
216.245.221.92 - - [26/May/2023:05:38:11 -0500] "HEAD / HTTP/1.1" 200 -
201.245.192.253 - - [26/May/2023:05:38:44 -0500] "POST /kwsrmcab/Wsrmcab  HTTP/1.1" 200 43526
201.245.192.253 - - [26/May/2023:05:39:12 -0500] "POST /kwsrmcab/Wsrmcab HTTP/1.1" 200 43085
201.245.192.253 - - [26/May/2023:05:39:14 -0500] "POST /kwsrmcab/Wsrmcab HTTP/1.1" 200 40996
66.249.79.130 - - [26/May/2023:05:39:21 -0500] "-" 408 -
66.249.66.84 - - [26/May/2023:05:39:31 -0500] "-" 408 -
212.98.186.8 - - [26/May/2023:05:40:05 -0500] "GET / HTTP/1.1" 200 319
69.171.249.20 - - [26/May/2023:05:40:10 -0500] "GET /images/negocios-verdes-en-bogota.jpeg HTTP/1.1" 200 132932
172.22.2.4 - - [26/May/2023:05:38:38 -0500] "HEAD /BLA/boletinlegal/ HTTP/1.1" 200 -
54.39.177.48 - - [26/May/2023:05:40:38 -0500] "GET /secretaria-de-ambiente-sensibiliza-a-ciudadanos-sobre-la-importancia-de-proteger-la-fauna-silvestre.html HTTP/1.1" 200 819
54.39.177.48 - - [26/May/2023:05:40:39 -0500] "GET /inscribete-en-este-proceso-de-formacion-para-ser-un-lider-o-una-lideresa-ambiental-en-tu-localidad.html HTTP/1.1" 200 903
172.22.2.4 - - [26/May/2023:05:39:28 -0500] "GET /BLA/boletinlegal/ HTTP/1.1" 200 59306
216.245.221.92 - - [26/May/2023:05:43:11 -0500] "HEAD / HTTP/1.1" 200 -
201.245.192.253 - - [26/May/2023:05:43:43 -0500] "POST /kwsrmcab/Wsrmcab  HTTP/1.1" 200 43526
200.118.16.41 - - [26/May/2023:05:44:39 -0500] "GET /cerca-de-20-actividades-al-abrigo-de-las-aves-no-te-pierdas-la-jornada-cultural-jardin-de-noche.html?fbclid=PAAaanQLthyLRIeKvQd3cB58a6Ha2NmQbm-VHJr4lTyY426PptUprG_Ozynsw HTTP/1.1" 200 793
66.249.66.84 - - [26/May/2023:05:45:20 -0500] "-" 408 -
40.77.167.245 - - [26/May/2023:05:45:26 -0500] "GET /portaldeninos/parque-mirador-de-los-nevados/ HTTP/1.1" 200 89855
172.22.2.4 - - [26/May/2023:05:44:28 -0500] "HEAD /BLA/boletinlegal/ HTTP/1.1" 200 -
191.156.230.133 - - [26/May/2023:05:46:23 -0500] "GET /mujeres-secretaria-de-ambiente-abre-nueva-convocatoria-para-aprender-sobre-el-cuidado-de-los-humedales.html HTTP/1.1" 200 853
172.22.2.4 - - [26/May/2023:05:45:18 -0500] "GET /BLA/boletinlegal/ HTTP/1.1" 200 57151
172.22.2.4 - - [26/May/2023:05:47:43 -0500] "GET /BLA/boletinlegal/tmui/login.jsp HTTP/1.1" 404 1018
172.22.2.4 - - [26/May/2023:05:47:21 -0500] "GET /BLA/boletinlegal/ HTTP/1.1" 200 24523
172.22.2.4 - - [26/May/2023:05:47:59 -0500] "GET /BLA/boletinlegal/mgmt/shared/authn/login HTTP/1.1" 404 1018
216.245.221.92 - - [26/May/2023:05:48:11 -0500] "HEAD / HTTP/1.1" 200 -
172.22.2.4 - - [26/May/2023:05:48:14 -0500] "POST /BLA/boletinlegal/mgmt/shared/authn/login HTTP/1.1" 404 1018
201.245.192.253 - - [26/May/2023:05:48:42 -0500] "POST /kwsrmcab/Wsrmcab  HTTP/1.1" 200 43526
172.22.2.4 - - [26/May/2023:05:49:45 -0500] "GET /BLA/boletinlegal/jurisprudencia/analisis/CUADRO%20SENTENCIA%20T-299%20DE%202008.doc HTTP/1.1" 304 -
172.22.2.4 - - [26/May/2023:05:50:48 -0500] "GET /BLA/boletinlegal/jurisprudencia.php HTTP/1.1" 200 17583
40.77.167.245 - - [26/May/2023:05:50:58 -0500] "GET /comunidad-y-distrito-trabajan-de-la-mano-para-la-proteccion-y-consolidacion-de-los-ecosistemas-de-barrios-unidos.html HTTP/1.1" 200 859
172.22.2.4 - - [26/May/2023:05:50:59 -0500] "GET /BLA/boletinlegal/style.css HTTP/1.1" 200 9406
172.22.2.4 - - [26/May/2023:05:51:08 -0500] "GET /BLA/boletinlegal/js/lib.js HTTP/1.1" 200 6474
66.249.66.84 - - [26/May/2023:05:51:12 -0500] "-" 408 -
172.22.2.4 - - [26/May/2023:05:51:12 -0500] "GET /BLA/boletinlegal/js/jquery1.js HTTP/1.1" 200 29846
172.22.2.4 - - [26/May/2023:05:51:12 -0500] "GET /BLA/boletinlegal/js/popup.js HTTP/1.1" 200 1270
172.22.2.4 - - [26/May/2023:05:50:17 -0500] "HEAD /BLA/boletinlegal/ HTTP/1.1" 200 -
40.77.167.97 - - [26/May/2023:05:52:29 -0500] "GET /Publicaciones/2023EE65623.pdf HTTP/1.1" 404 227
172.22.2.4 - - [26/May/2023:05:51:08 -0500] "GET /BLA/boletinlegal/ HTTP/1.1" 200 57561
157.55.39.210 - - [26/May/2023:05:52:48 -0500] "GET /BLA/resoluciones/AUTOS%202021/2442.pdf HTTP/1.1" 304 -
216.245.221.92 - - [26/May/2023:05:53:11 -0500] "HEAD / HTTP/1.1" 200 -
201.245.192.253 - - [26/May/2023:05:53:40 -0500] "POST /kwsrmcab/Wsrmcab  HTTP/1.1" 200 43526
98.64.96.23 - - [26/May/2023:05:54:58 -0500] "GET /Publicaciones/2023EE66627.pdf HTTP/1.1" 404 227
191.156.234.22 - - [26/May/2023:05:56:49 -0500] "GET /mujeres-secretaria-de-ambiente-abre-nueva-convocatoria-para-aprender-sobre-el-cuidado-de-los-humedales.html HTTP/1.1" 200 853
66.249.66.84 - - [26/May/2023:05:56:53 -0500] "-" 408 -
172.22.2.4 - - [26/May/2023:05:56:07 -0500] "HEAD /BLA/boletinlegal/ HTTP/1.1" 200 -
216.245.221.92 - - [26/May/2023:05:58:11 -0500] "HEAD / HTTP/1.1" 200 -
172.22.2.4 - - [26/May/2023:05:56:58 -0500] "GET /BLA/boletinlegal/ HTTP/1.1" 200 57151
201.245.192.253 - - [26/May/2023:05:58:38 -0500] "POST /kwsrmcab/Wsrmcab  HTTP/1.1" 200 43526
40.77.167.97 - - [26/May/2023:06:02:02 -0500] "GET /BLA/resoluciones/AUTOS%202021/6402.pdf HTTP/1.1" 304 -
66.249.66.84 - - [26/May/2023:06:02:49 -0500] "-" 408 -
216.245.221.92 - - [26/May/2023:06:03:11 -0500] "HEAD / HTTP/1.1" 200 -
172.22.2.4 - - [26/May/2023:06:01:57 -0500] "HEAD /BLA/boletinlegal/ HTTP/1.1" 200 -
201.245.192.253 - - [26/May/2023:06:03:37 -0500] "POST /kwsrmcab/Wsrmcab  HTTP/1.1" 200 43526
172.22.2.4 - - [26/May/2023:06:02:48 -0500] "GET /BLA/boletinlegal/ HTTP/1.1" 200 57561
66.249.79.130 - - [26/May/2023:06:06:11 -0500] "-" 408 -
40.77.167.146 - - [26/May/2023:06:06:55 -0500] "GET /BLA/resoluciones/AUTOS%202021/2153.pdf HTTP/1.1" 304 -
216.245.221.92 - - [26/May/2023:06:08:11 -0500] "HEAD / HTTP/1.1" 200 -
66.249.66.84 - - [26/May/2023:06:08:32 -0500] "-" 408 -
201.245.192.253 - - [26/May/2023:06:08:36 -0500] "POST /kwsrmcab/Wsrmcab  HTTP/1.1" 200 43526
172.22.2.4 - - [26/May/2023:06:07:47 -0500] "HEAD /BLA/boletinlegal/ HTTP/1.1" 200 -
191.95.164.204 - - [26/May/2023:06:09:59 -0500] "GET /cerca-de-20-actividades-al-abrigo-de-las-aves-no-te-pierdas-la-jornada-cultural-jardin-de-noche.html?fbclid=PAAaaSu5YDyq_UPVjf3xHsIe_RubYCiqg9nAoI3V98GUki6TrBfXChmtNRBgg HTTP/1.1" 200 793
172.22.2.4 - - [26/May/2023:06:08:38 -0500] "GET /BLA/boletinlegal/ HTTP/1.1" 200 58307
40.77.167.97 - - [26/May/2023:06:11:41 -0500] "GET /BLA/resoluciones/AUTOS%202021/6332.pdf HTTP/1.1" 304 -
216.245.221.92 - - [26/May/2023:06:13:11 -0500] "HEAD / HTTP/1.1" 200 -
186.29.245.74 - - [26/May/2023:06:13:36 -0500] "GET /reciclaton-empresarial-2023-como-inscribirse-a-la-primera-jornada-del-ano.html HTTP/1.1" 200 705
201.245.192.253 - - [26/May/2023:06:13:35 -0500] "POST /kwsrmcab/Wsrmcab  HTTP/1.1" 200 43526
66.249.79.130 - - [26/May/2023:06:13:49 -0500] "-" 408 -
40.77.167.245 - - [26/May/2023:06:14:40 -0500] "GET /secretaria-de-ambiente-libero-a-33-animales-silvestres-en-el-humedal-la-conejera.html HTTP/1.1" 200 1095
172.22.2.4 - - [26/May/2023:06:13:37 -0500] "HEAD /BLA/boletinlegal/ HTTP/1.1" 200 -
172.22.2.4 - - [26/May/2023:06:14:28 -0500] "GET /BLA/boletinlegal/ HTTP/1.1" 200 57561
191.156.183.228 - - [26/May/2023:06:16:46 -0500] "GET /sipse/faces/index.xhtml HTTP/1.1" 200 677
191.156.183.228 - - [26/May/2023:06:16:46 -0500] "GET /sipse/faces/javax.faces.resource/theme.css?ln=primefaces-sipse HTTP/1.1" 304 -
191.156.183.228 - - [26/May/2023:06:16:46 -0500] "GET /sipse/faces/faces/autenticacion.xhtml HTTP/1.1" 200 12178
191.156.187.195 - - [26/May/2023:06:16:46 -0500] "GET /sipse/css/custom_css_sg.css HTTP/1.1" 200 9694
191.156.183.228 - - [26/May/2023:06:16:46 -0500] "GET /sipse/css/custom_css_sg_prime_login.css HTTP/1.1" 200 443
191.156.187.195 - - [26/May/2023:06:16:46 -0500] "GET /sipse/faces/javax.faces.resource/theme.css?ln=primefaces-sipse HTTP/1.1" 304 -
191.156.181.211 - - [26/May/2023:06:16:46 -0500] "GET /sipse/faces/javax.faces.resource/primefaces.css?ln=primefaces&v=4.0 HTTP/1.1" 304 -
191.156.180.227 - - [26/May/2023:06:16:46 -0500] "GET /sipse/js/disable_browser_buttons.js HTTP/1.1" 200 3230
191.156.180.158 - - [26/May/2023:06:16:46 -0500] "GET /sipse/faces/javax.faces.resource/layout/layout.css?ln=primefaces&v=4.0 HTTP/1.1" 304 -
191.156.183.228 - - [26/May/2023:06:16:46 -0500] "GET /sipse/js/funciones.js HTTP/1.1" 200 12592
191.156.180.158 - - [26/May/2023:06:16:46 -0500] "GET /sipse/faces/javax.faces.resource/jquery/jquery-plugins.js?ln=primefaces&v=4.0 HTTP/1.1" 304 -
191.156.181.211 - - [26/May/2023:06:16:46 -0500] "GET /sipse/faces/javax.faces.resource/jquery/jquery.js?ln=primefaces&v=4.0 HTTP/1.1" 304 -
191.156.187.195 - - [26/May/2023:06:16:46 -0500] "GET /sipse/faces/javax.faces.resource/primefaces.js?ln=primefaces&v=4.0 HTTP/1.1" 304 -
191.156.181.211 - - [26/May/2023:06:16:46 -0500] "GET /sipse/faces/javax.faces.resource/layout/layout.js?ln=primefaces&v=4.0 HTTP/1.1" 304 -
191.156.187.195 - - [26/May/2023:06:16:46 -0500] "GET /sipse/faces/javax.faces.resource/images/ui-icons_898989_256x240.png?ln=primefaces-aristo HTTP/1.1" 304 -
191.156.183.228 - - [26/May/2023:06:16:46 -0500] "GET /sipse/css/imagen/loginimg.png HTTP/1.1" 200 71635
191.156.181.211 - - [26/May/2023:06:16:46 -0500] "GET /sipse/css/imagen/logoSDG.png HTTP/1.1" 200 53064
191.156.181.211 - - [26/May/2023:06:16:50 -0500] "POST /sipse/faces/autenticacion.xhtml HTTP/1.1" 200 16682
191.156.181.211 - - [26/May/2023:06:16:50 -0500] "GET /sipse/css/custom_css_sg_prime.css HTTP/1.1" 200 5201
191.156.183.228 - - [26/May/2023:06:16:50 -0500] "GET /sipse/faces/javax.faces.resource/theme.css?ln=primefaces-sipse HTTP/1.1" 304 -
191.156.187.195 - - [26/May/2023:06:16:50 -0500] "GET /sipse/faces/javax.faces.resource/layout/layout.css?ln=primefaces&v=4.0 HTTP/1.1" 304 -
191.156.187.195 - - [26/May/2023:06:16:50 -0500] "GET /sipse/faces/javax.faces.resource/primefaces.css?ln=primefaces&v=4.0 HTTP/1.1" 304 -
191.156.180.227 - - [26/May/2023:06:16:50 -0500] "GET /sipse/faces/javax.faces.resource/jquery/jquery.js?ln=primefaces&v=4.0 HTTP/1.1" 304 -
191.156.180.227 - - [26/May/2023:06:16:50 -0500] "GET /sipse/faces/javax.faces.resource/jquery/jquery-plugins.js?ln=primefaces&v=4.0 HTTP/1.1" 304 -
191.156.180.227 - - [26/May/2023:06:16:50 -0500] "GET /sipse/faces/javax.faces.resource/primefaces.js?ln=primefaces&v=4.0 HTTP/1.1" 304 -
191.156.180.227 - - [26/May/2023:06:16:50 -0500] "GET /sipse/faces/javax.faces.resource/layout/layout.js?ln=primefaces&v=4.0 HTTP/1.1" 304 -
191.156.180.227 - - [26/May/2023:06:16:50 -0500] "GET /sipse/css/imagen/contrasena.png HTTP/1.1" 404 383
191.156.187.195 - - [26/May/2023:06:16:50 -0500] "GET /sipse/faces/javax.faces.resource/messages/messages.png?ln=primefaces&v=4.0 HTTP/1.1" 304 -
191.156.181.211 - - [26/May/2023:06:16:50 -0500] "GET /sipse/imagenes/cargando.gif HTTP/1.1" 200 36959
191.156.187.195 - - [26/May/2023:06:16:56 -0500] "GET /sipse/faces/javax.faces.resource/images/ui-bg_flat_0_2d5972_40x100.png?ln=primefaces-aristo HTTP/1.1" 304 -
191.156.181.211 - - [26/May/2023:06:16:56 -0500] "POST /sipse/faces/bienvenido.xhtml HTTP/1.1" 200 9753
191.156.181.211 - - [26/May/2023:06:16:58 -0500] "POST /sipse/faces/bienvenido.xhtml HTTP/1.1" 200 1471
191.156.181.211 - - [26/May/2023:06:16:59 -0500] "POST /sipse/faces/bienvenido.xhtml HTTP/1.1" 200 47160
191.156.180.227 - - [26/May/2023:06:16:59 -0500] "GET /sipse/faces/javax.faces.resource/layout/layout.css?ln=primefaces&v=4.0 HTTP/1.1" 304 -
191.156.187.195 - - [26/May/2023:06:16:59 -0500] "GET /sipse/faces/javax.faces.resource/primefaces.css?ln=primefaces&v=4.0 HTTP/1.1" 304 -
191.156.181.211 - - [26/May/2023:06:16:59 -0500] "GET /sipse/faces/javax.faces.resource/theme.css?ln=primefaces-sipse HTTP/1.1" 304 -
191.156.183.228 - - [26/May/2023:06:16:59 -0500] "GET /sipse/faces/javax.faces.resource/jquery/jquery.js?ln=primefaces&v=4.0 HTTP/1.1" 304 -
191.156.183.228 - - [26/May/2023:06:16:59 -0500] "GET /sipse/faces/javax.faces.resource/jquery/jquery-plugins.js?ln=primefaces&v=4.0 HTTP/1.1" 304 -
191.156.183.228 - - [26/May/2023:06:17:00 -0500] "GET /sipse/faces/javax.faces.resource/primefaces.js?ln=primefaces&v=4.0 HTTP/1.1" 304 -
191.156.183.228 - - [26/May/2023:06:17:00 -0500] "GET /sipse/faces/javax.faces.resource/layout/layout.js?ln=primefaces&v=4.0 HTTP/1.1" 304 -
191.156.183.228 - - [26/May/2023:06:17:00 -0500] "POST /sipse/faces/presentacion/financiero/solicitudProceso/listarSolicitudProceso.xhtml HTTP/1.1" 200 1480
186.29.245.74 - - [26/May/2023:06:17:48 -0500] "GET /cerca-de-20-actividades-al-abrigo-de-las-aves-no-te-pierdas-la-jornada-cultural-jardin-de-noche.html?fbclid=PAAaYITy793IY7TtAf2eQIedwfPheJG8vjjf4VVq3VwHpdV64IhaPmg2VU1ww HTTP/1.1" 200 793
213.180.203.39 - - [26/May/2023:06:17:51 -0500] "GET /ciudadanos-pueden-enviar-comentarios-y-propuestas-al-proyecto-de-decreto-para-reducir-la-utilizacion-de-plasticos-de-un-solo-uso-en-las-entidades-del-distrito.html HTTP/1.1" 200 1170
66.249.66.84 - - [26/May/2023:06:18:06 -0500] "-" 408 -
191.102.120.30 - - [26/May/2023:06:18:08 -0500] "GET /%C3%82%C2%BFquieres-aprender-sobre-jardines-verticales-esta-es-tu-oportunidad.html HTTP/1.1" 200 925
216.245.221.92 - - [26/May/2023:06:18:11 -0500] "HEAD / HTTP/1.1" 200 -
201.245.192.253 - - [26/May/2023:06:18:35 -0500] "POST /kwsrmcab/Wsrmcab  HTTP/1.1" 200 43526
201.245.192.253 - - [26/May/2023:06:19:12 -0500] "POST /kwsrmcab/Wsrmcab HTTP/1.1" 200 43115
201.245.192.253 - - [26/May/2023:06:19:14 -0500] "POST /kwsrmcab/Wsrmcab HTTP/1.1" 200 41013
191.156.183.228 - - [26/May/2023:06:19:17 -0500] "POST /sipse/faces/presentacion/financiero/solicitudProceso/listarSolicitudProceso.xhtml HTTP/1.1" 200 110940
191.156.183.228 - - [26/May/2023:06:19:18 -0500] "GET /sipse/faces/javax.faces.resource/theme.css?ln=primefaces-sipse HTTP/1.1" 304 -
191.156.180.158 - - [26/May/2023:06:19:18 -0500] "GET /sipse/faces/javax.faces.resource/primefaces.css?ln=primefaces&v=4.0 HTTP/1.1" 304 -
191.156.184.196 - - [26/May/2023:06:19:18 -0500] "GET /sipse/faces/javax.faces.resource/layout/layout.css?ln=primefaces&v=4.0 HTTP/1.1" 304 -
191.156.183.228 - - [26/May/2023:06:19:18 -0500] "GET /sipse/faces/javax.faces.resource/jquery/jquery.js?ln=primefaces&v=4.0 HTTP/1.1" 304 -
