76.22.25.1 - - [28/May/2023:14:25:58 -0500] "GET /portaldeninos/wp-includes/js/jquery/ui/position.min.js?ver=1.11.4 HTTP/1.1" 200 6527
76.22.25.1 - - [28/May/2023:14:25:58 -0500] "GET /portaldeninos/wp-includes/js/wp-embed.min.js?ver=4.9.8 HTTP/1.1" 200 1398
76.22.25.1 - - [28/May/2023:14:25:58 -0500] "GET /portaldeninos/wp-content/plugins/popup-maker/assets/js/site.min.js?defer&ver=1.8.14 HTTP/1.1" 200 48457
76.22.25.1 - - [28/May/2023:14:25:58 -0500] "GET /portaldeninos/wp-content/themes/betheme/assets/jplayer/jplayer.min.js?ver=20.9.6 HTTP/1.1" 200 52702
76.22.25.1 - - [28/May/2023:14:25:58 -0500] "GET /portaldeninos/wp-content/themes/betheme/js/scripts.js?ver=20.9.6 HTTP/1.1" 200 77162
76.22.25.1 - - [28/May/2023:14:25:57 -0500] "GET /portaldeninos/wp-content/themes/betheme/js/plugins.js?ver=20.9.6 HTTP/1.1" 200 197151
76.22.25.1 - - [28/May/2023:14:25:58 -0500] "GET /portaldeninos/wp-content/uploads/2021/06/titulo-miambiente-ni%C3%B1os.png HTTP/1.1" 200 11944
76.22.25.1 - - [28/May/2023:14:25:59 -0500] "GET /portaldeninos/wp-content/uploads/2021/06/titulo-videos-ni%C3%B1os.png HTTP/1.1" 200 10502
76.22.25.1 - - [28/May/2023:14:25:58 -0500] "GET /portaldeninos/wp-content/uploads/2021/06/titulo-cabezote-ni%C3%B1os.png HTTP/1.1" 200 64425
76.22.25.1 - - [28/May/2023:14:25:58 -0500] "GET /portaldeninos/wp-content/uploads/2020/01/Tierra-escenario.jpg HTTP/1.1" 200 181491
76.22.25.1 - - [28/May/2023:14:25:59 -0500] "GET /portaldeninos/wp-content/uploads/2021/06/titulo-humedales-ni%C3%B1os.png HTTP/1.1" 200 13361
76.22.25.1 - - [28/May/2023:14:25:59 -0500] "GET /portaldeninos/wp-content/uploads/2020/05/fb.jpg HTTP/1.1" 200 9893
76.22.25.1 - - [28/May/2023:14:26:00 -0500] "GET /portaldeninos/wp-content/uploads/2020/05/ig.jpg HTTP/1.1" 200 11470
76.22.25.1 - - [28/May/2023:14:25:58 -0500] "GET /portaldeninos/wp-content/uploads/2020/01/Frailejon-escenario.jpg HTTP/1.1" 200 357472
76.22.25.1 - - [28/May/2023:14:26:00 -0500] "GET /portaldeninos/wp-content/uploads/2020/06/yt.jpg HTTP/1.1" 200 10577
76.22.25.1 - - [28/May/2023:14:26:00 -0500] "GET /portaldeninos/wp-content/uploads/2020/06/tw.jpg HTTP/1.1" 200 11056
76.22.25.1 - - [28/May/2023:14:26:00 -0500] "GET /portaldeninos/wp-content/uploads/2019/08/Logo-Ambientic.png HTTP/1.1" 200 22941
76.22.25.1 - - [28/May/2023:14:25:59 -0500] "GET /portaldeninos/wp-content/uploads/2022/08/Infograf%C3%ADa-humedales-actualizada.png HTTP/1.1" 200 588022
76.22.25.1 - - [28/May/2023:14:26:01 -0500] "GET /portaldeninos/wp-content/uploads/2018/10/oso.jpg HTTP/1.1" 200 305180
201.245.192.253 - - [28/May/2023:14:26:06 -0500] "POST /kwsrmcab/Wsrmcab  HTTP/1.1" 200 43526
76.22.25.1 - - [28/May/2023:14:26:02 -0500] "GET /portaldeninos/wp-content/uploads/2018/11/tigrillo.jpg HTTP/1.1" 200 402961
76.22.25.1 - - [28/May/2023:14:26:07 -0500] "GET /portaldeninos/wp-content/uploads/2018/11/caneca.jpg HTTP/1.1" 200 262661
76.22.25.1 - - [28/May/2023:14:25:58 -0500] "GET /portaldeninos/wp-content/uploads/2022/01/Conoce-lo-que-hace-la-Secretar%C3%ADa-de-Ambiente.mp4 HTTP/1.1" 206 1464554
76.22.25.1 - - [28/May/2023:14:25:58 -0500] "GET /portaldeninos/wp-content/uploads/2019/06/CabezoteAMBIENTIC.mp4 HTTP/1.1" 206 1530086
76.22.25.1 - - [28/May/2023:14:25:59 -0500] "GET /portaldeninos/wp-content/uploads/2022/08/HUmedalConejera03-1.jpg HTTP/1.1" 200 1169668
76.22.25.1 - - [28/May/2023:14:26:24 -0500] "GET / HTTP/1.1" 200 319
76.22.25.1 - - [28/May/2023:14:26:24 -0500] "GET /favicon.ico HTTP/1.1" 200 7782
186.112.24.64 - - [28/May/2023:14:26:50 -0500] "GET /BLA/resoluciones/dlf/unknown.png HTTP/1.1" 200 266
186.112.24.64 - - [28/May/2023:14:26:49 -0500] "GET /BLA/resoluciones/index.php?dir=AUTOS+2015%2F HTTP/1.1" 200 582212
40.77.167.146 - - [28/May/2023:14:26:53 -0500] "GET /galeria/galeria/fotos/2GuaymaralTorcaP2.jpg HTTP/1.1" 200 7622
186.112.24.64 - - [28/May/2023:14:26:54 -0500] "GET /BLA/resoluciones/AUTOS%202015/1134.pdf HTTP/1.1" 200 624803
172.22.2.4 - - [28/May/2023:14:26:05 -0500] "HEAD /BLA/boletinlegal/ HTTP/1.1" 200 -
216.245.221.92 - - [28/May/2023:14:28:02 -0500] "HEAD / HTTP/1.1" 200 -
172.22.2.4 - - [28/May/2023:14:26:56 -0500] "GET /BLA/boletinlegal/ HTTP/1.1" 200 53924
201.245.192.253 - - [28/May/2023:14:29:00 -0500] "POST /kwsrmcab/Wsrmcab HTTP/1.1" 200 43968
201.245.192.253 - - [28/May/2023:14:29:03 -0500] "POST /kwsrmcab/Wsrmcab HTTP/1.1" 200 43829
201.245.192.253 - - [28/May/2023:14:31:05 -0500] "POST /kwsrmcab/Wsrmcab  HTTP/1.1" 200 43526
216.245.221.92 - - [28/May/2023:14:33:02 -0500] "HEAD / HTTP/1.1" 200 -
172.22.2.4 - - [28/May/2023:14:31:55 -0500] "HEAD /BLA/boletinlegal/ HTTP/1.1" 200 -
173.252.79.17 - - [28/May/2023:14:33:40 -0500] "GET /asi-es-el-tramite-para-obtener-el-certificado-de-conservacion-ambiental-2022.html HTTP/1.1" 206 935
172.22.2.4 - - [28/May/2023:14:32:46 -0500] "GET /BLA/boletinlegal/ HTTP/1.1" 200 59306
173.252.107.116 - - [28/May/2023:14:35:08 -0500] "GET /con-actividades-pedagogicas-y-recorrido-interpretativo-bogota-conmemora-el-dia-internacional-de-los-anfibios.html HTTP/1.1" 206 964
201.245.192.253 - - [28/May/2023:14:36:04 -0500] "POST /kwsrmcab/Wsrmcab  HTTP/1.1" 200 43526
190.25.17.239 - - [28/May/2023:14:37:05 -0500] "GET /BLA/boletinlegal/js/jquery.scrollShow.js HTTP/1.1" 200 4586
190.25.17.239 - - [28/May/2023:14:37:05 -0500] "GET /galeria/galeria/jquery.fancybox.css?v=2.1.5 HTTP/1.1" 200 4895
190.25.17.239 - - [28/May/2023:14:37:05 -0500] "GET /galeria/galeria/jquery.fancybox.js?v=2.1.5 HTTP/1.1" 200 48706
216.245.221.92 - - [28/May/2023:14:38:02 -0500] "HEAD / HTTP/1.1" 200 -
201.245.192.253 - - [28/May/2023:14:39:00 -0500] "POST /kwsrmcab/Wsrmcab HTTP/1.1" 200 43968
201.245.192.253 - - [28/May/2023:14:39:02 -0500] "POST /kwsrmcab/Wsrmcab HTTP/1.1" 200 43829
172.22.2.4 - - [28/May/2023:14:37:45 -0500] "HEAD /BLA/boletinlegal/ HTTP/1.1" 200 -
74.80.208.38 - - [28/May/2023:14:40:01 -0500] "-" 408 -
172.22.2.4 - - [28/May/2023:14:38:36 -0500] "GET /BLA/boletinlegal/ HTTP/1.1" 200 55221
201.245.192.253 - - [28/May/2023:14:41:03 -0500] "POST /kwsrmcab/Wsrmcab  HTTP/1.1" 200 43526
216.245.221.92 - - [28/May/2023:14:43:02 -0500] "HEAD / HTTP/1.1" 200 -
172.22.2.4 - - [28/May/2023:14:43:35 -0500] "HEAD /BLA/boletinlegal/ HTTP/1.1" 200 -
201.245.192.253 - - [28/May/2023:14:46:02 -0500] "POST /kwsrmcab/Wsrmcab  HTTP/1.1" 200 43526
172.22.2.4 - - [28/May/2023:14:44:26 -0500] "GET /BLA/boletinlegal/ HTTP/1.1" 200 57561
192.144.113.84 - - [28/May/2023:14:47:37 -0500] "GET /BLA/boletinlegal/js/jquery.scrollShow.js HTTP/1.1" 200 4586
192.144.113.84 - - [28/May/2023:14:47:37 -0500] "GET /galeria/galeria/jquery.fancybox.css?v=2.1.5 HTTP/1.1" 200 4895
192.144.113.84 - - [28/May/2023:14:47:37 -0500] "GET /galeria/galeria/jquery.fancybox.js?v=2.1.5 HTTP/1.1" 200 48706
216.245.221.92 - - [28/May/2023:14:48:02 -0500] "HEAD / HTTP/1.1" 200 -
51.159.195.16 - - [28/May/2023:14:48:23 -0500] "GET /distrito-realizo-recorrido-por-los-bosques-santa-helena-y-brazo-salitre.html HTTP/1.1" 200 808
51.159.195.16 - - [28/May/2023:14:48:23 -0500] "GET /images/recorrido-bosques-Santa-Helena-y-Brazo-Salitre-1.jpg HTTP/1.1" 200 103040
66.249.70.207 - - [28/May/2023:14:48:42 -0500] "-" 408 -
172.22.2.4 - - [28/May/2023:14:49:57 -0500] "GET /BLA/boletinlegal/normativa.php HTTP/1.1" 200 8343
172.22.2.4 - - [28/May/2023:14:50:18 -0500] "GET /BLA/boletinlegal/Directivas/2013/Directiva%20No.%201%20del%2004%20de%20Abril%20de%202013.pdf HTTP/1.1" 304 -
104.232.215.211 - - [28/May/2023:14:50:41 -0500] "GET /distrito-realizo-recorrido-por-los-bosques-santa-helena-y-brazo-salitre.html HTTP/1.1" 200 808
201.245.192.253 - - [28/May/2023:14:51:01 -0500] "POST /kwsrmcab/Wsrmcab  HTTP/1.1" 200 43526
172.22.2.4 - - [28/May/2023:14:49:25 -0500] "HEAD /BLA/boletinlegal/ HTTP/1.1" 200 -
138.197.0.233 - - [28/May/2023:14:51:05 -0500] "GET /portaldeninos/ HTTP/1.1" 200 110197
172.22.2.4 - - [28/May/2023:14:50:16 -0500] "GET /BLA/boletinlegal/ HTTP/1.1" 200 56287
216.245.221.92 - - [28/May/2023:14:53:02 -0500] "HEAD / HTTP/1.1" 200 -
200.118.60.119 - - [28/May/2023:14:53:42 -0500] "GET /BLA/resoluciones/ HTTP/1.1" 200 13502
200.118.60.119 - - [28/May/2023:14:53:44 -0500] "GET /BLA/resoluciones/index.php?dir=AUTOS+2016%2F HTTP/1.1" 200 69579
200.118.60.119 - - [28/May/2023:14:53:45 -0500] "GET /BLA/resoluciones/index.php?dir=AUTOS+2016%2F HTTP/1.1" 200 330155
200.118.60.119 - - [28/May/2023:14:53:52 -0500] "GET /BLA/resoluciones/index.php?dir=AUTOS+2015%2F HTTP/1.1" 200 73675
200.118.60.119 - - [28/May/2023:14:53:53 -0500] "GET /BLA/resoluciones/index.php?dir=AUTOS+2015%2F HTTP/1.1" 200 582212
173.252.83.120 - - [28/May/2023:14:55:21 -0500] "GET /sin-raza-pero-con-casa-nuevas-jornadas-de-adopcion-en-el-distrito.html HTTP/1.1" 206 742
66.220.149.22 - - [28/May/2023:14:55:36 -0500] "GET /images/adopcion-animales-2023-mayo-24_optimized.png HTTP/1.1" 200 175169
201.245.192.253 - - [28/May/2023:14:56:01 -0500] "POST /kwsrmcab/Wsrmcab  HTTP/1.1" 200 43526
172.22.2.4 - - [28/May/2023:14:55:15 -0500] "HEAD /BLA/boletinlegal/ HTTP/1.1" 200 -
186.31.210.189 - - [28/May/2023:14:57:00 -0500] "GET /distrito-realizo-recorrido-por-los-bosques-santa-helena-y-brazo-salitre.html HTTP/1.1" 200 808
104.238.53.105 - - [28/May/2023:14:57:11 -0500] "GET /distrito-realizo-recorrido-por-los-bosques-santa-helena-y-brazo-salitre.html HTTP/1.1" 200 808
190.60.254.233 - - [28/May/2023:14:57:23 -0500] "GET /galeria/galeria/jquery.fancybox.css?v=2.1.5 HTTP/1.1" 200 4895
190.60.254.233 - - [28/May/2023:14:57:23 -0500] "GET /BLA/boletinlegal/js/jquery.scrollShow.js HTTP/1.1" 200 4586
190.60.254.233 - - [28/May/2023:14:57:23 -0500] "GET /galeria/galeria/jquery.fancybox.js?v=2.1.5 HTTP/1.1" 200 48706
172.22.2.4 - - [28/May/2023:14:56:05 -0500] "GET /BLA/boletinlegal/ HTTP/1.1" 200 59306
198.235.24.169 - - [28/May/2023:14:57:46 -0500] "\x16\x03\x01" 400 226
216.245.221.92 - - [28/May/2023:14:58:02 -0500] "HEAD / HTTP/1.1" 200 -
191.108.40.17 - - [28/May/2023:15:00:31 -0500] "GET /mujeres-secretaria-de-ambiente-abre-nueva-convocatoria-para-aprender-sobre-el-cuidado-de-los-humedales.html HTTP/1.1" 200 853
201.245.192.253 - - [28/May/2023:15:00:59 -0500] "POST /kwsrmcab/Wsrmcab  HTTP/1.1" 200 43526
172.22.2.4 - - [28/May/2023:15:01:05 -0500] "HEAD /BLA/boletinlegal/ HTTP/1.1" 200 -
216.245.221.92 - - [28/May/2023:15:03:02 -0500] "HEAD / HTTP/1.1" 200 -
172.22.2.4 - - [28/May/2023:15:01:55 -0500] "GET /BLA/boletinlegal/ HTTP/1.1" 200 58663
172.22.2.4 - - [28/May/2023:15:03:49 -0500] "GET /BLA/boletinlegal/consulta_actos.php?tipo=resoluciones&no=2165&usuario=&sector=&fecha=2019&resuelve= HTTP/1.1" 200 1431
40.77.167.97 - - [28/May/2023:15:04:07 -0500] "GET /BLA/resoluciones/AUTOS%202017/2038.pdf HTTP/1.1" 200 701506
40.77.167.146 - - [28/May/2023:15:04:36 -0500] "GET /BLA/resoluciones/RESOLUCIONES%202010/1030.pdf HTTP/1.1" 304 -
173.252.83.10 - - [28/May/2023:15:05:31 -0500] "GET /distrito-declara-alerta-preventiva-en-el-suroccidente-de-la-ciudad-por-mala-calidad-del-aire.html HTTP/1.1" 200 1065
201.245.192.253 - - [28/May/2023:15:05:58 -0500] "POST /kwsrmcab/Wsrmcab  HTTP/1.1" 200 43526
186.84.89.137 - - [28/May/2023:15:06:13 -0500] "GET /distrito-realizo-jornada-de-limpieza-en-el-conector-ecosistemico-media-luna-del-sur.html HTTP/1.1" 200 807
74.80.208.38 - - [28/May/2023:15:07:11 -0500] "GET /portaldeninos/2021/06/01/agroecologia-tips-para-germinar-semillas-en-casa/feed/ HTTP/1.1" 200 1051
216.245.221.92 - - [28/May/2023:15:08:02 -0500] "HEAD / HTTP/1.1" 200 -
172.22.2.4 - - [28/May/2023:15:06:55 -0500] "HEAD /BLA/boletinlegal/ HTTP/1.1" 200 -
172.22.2.4 - - [28/May/2023:15:09:15 -0500] "GET /BLA/boletinlegal/jurisprudencia/analisis/G__Jurisp.%20Junio%202014_SENTENCIA%20C-554%20DE%202007.docx HTTP/1.1" 404 1037
172.22.2.4 - - [28/May/2023:15:07:46 -0500] "GET /BLA/boletinlegal/ HTTP/1.1" 200 59306
40.77.167.97 - - [28/May/2023:15:10:36 -0500] "GET /BLA/resoluciones/AUTOS%202021/6342.pdf HTTP/1.1" 304 -
201.245.192.253 - - [28/May/2023:15:10:57 -0500] "POST /kwsrmcab/Wsrmcab  HTTP/1.1" 200 43526
66.249.70.210 - - [28/May/2023:15:11:38 -0500] "-" 408 -
216.245.221.92 - - [28/May/2023:15:13:02 -0500] "HEAD / HTTP/1.1" 200 -
172.22.2.4 - - [28/May/2023:15:12:39 -0500] "GET /BLA/boletinlegal/ HTTP/1.1" 200 28619
172.22.2.4 - - [28/May/2023:15:12:45 -0500] "HEAD /BLA/boletinlegal/ HTTP/1.1" 200 -
172.22.2.4 - - [28/May/2023:15:13:36 -0500] "GET /BLA/boletinlegal/ HTTP/1.1" 200 53561
40.77.167.146 - - [28/May/2023:15:15:47 -0500] "GET /sipse/faces/faces/autenticacion.xhtml HTTP/1.1" 200 12500
201.245.192.253 - - [28/May/2023:15:15:56 -0500] "POST /kwsrmcab/Wsrmcab  HTTP/1.1" 200 43526
40.77.167.146 - - [28/May/2023:15:17:38 -0500] "GET /BLA/resoluciones/AUTOS%202021/1011.pdf HTTP/1.1" 304 -
216.245.221.92 - - [28/May/2023:15:18:02 -0500] "HEAD / HTTP/1.1" 200 -
181.59.3.7 - - [28/May/2023:15:18:09 -0500] "GET /BLA/boletinlegal/js/jquery.scrollShow.js HTTP/1.1" 200 4586
181.59.3.7 - - [28/May/2023:15:18:09 -0500] "GET /galeria/galeria/jquery.fancybox.css?v=2.1.5 HTTP/1.1" 200 4895
181.59.3.7 - - [28/May/2023:15:18:09 -0500] "GET /galeria/galeria/jquery.fancybox.js?v=2.1.5 HTTP/1.1" 200 48706
201.245.192.253 - - [28/May/2023:15:19:00 -0500] "POST /kwsrmcab/Wsrmcab HTTP/1.1" 200 43815
201.245.192.253 - - [28/May/2023:15:19:02 -0500] "POST /kwsrmcab/Wsrmcab HTTP/1.1" 200 43836
192.53.112.157 - - [28/May/2023:15:20:06 -0500] "GET /wp-json/wp/v2/users HTTP/1.1" 404 1049
172.22.2.4 - - [28/May/2023:15:18:35 -0500] "HEAD /BLA/boletinlegal/ HTTP/1.1" 200 -
172.22.2.4 - - [28/May/2023:15:20:22 -0500] "GET /BLA/boletinlegal/actuator/health HTTP/1.1" 404 1018
52.167.144.25 - - [28/May/2023:15:20:44 -0500] "GET /BLA/resoluciones/RESOLUCIONES%202021/1461.pdf HTTP/1.1" 304 -
201.245.192.253 - - [28/May/2023:15:20:55 -0500] "POST /kwsrmcab/Wsrmcab  HTTP/1.1" 200 43526
172.22.2.4 - - [28/May/2023:15:19:26 -0500] "GET /BLA/boletinlegal/ HTTP/1.1" 200 57151
192.53.112.157 - - [28/May/2023:15:22:00 -0500] "GET /wp-json/wp/v2/users HTTP/1.1" 404 1022
216.245.221.92 - - [28/May/2023:15:23:02 -0500] "HEAD / HTTP/1.1" 200 -
191.156.180.160 - - [28/May/2023:15:23:37 -0500] "GET /mujeres-secretaria-de-ambiente-abre-nueva-convocatoria-para-aprender-sobre-el-cuidado-de-los-humedales.html HTTP/1.1" 304 -
201.245.192.253 - - [28/May/2023:15:25:54 -0500] "POST /kwsrmcab/Wsrmcab  HTTP/1.1" 200 43526
201.221.172.146 - - [28/May/2023:15:26:03 -0500] "GET /BLA/boletinlegal/js/jquery.scrollShow.js HTTP/1.1" 200 4586
201.221.172.146 - - [28/May/2023:15:26:03 -0500] "GET /galeria/galeria/jquery.fancybox.css?v=2.1.5 HTTP/1.1" 200 4895
201.221.172.146 - - [28/May/2023:15:26:03 -0500] "GET /galeria/galeria/jquery.fancybox.js?v=2.1.5 HTTP/1.1" 200 48706
172.22.2.4 - - [28/May/2023:15:24:25 -0500] "HEAD /BLA/boletinlegal/ HTTP/1.1" 200 -
172.22.2.4 - - [28/May/2023:15:25:15 -0500] "GET /BLA/boletinlegal/ HTTP/1.1" 200 57151
216.245.221.92 - - [28/May/2023:15:28:02 -0500] "HEAD / HTTP/1.1" 200 -
186.29.181.212 - - [28/May/2023:15:28:19 -0500] "GET /BLA/resoluciones/ HTTP/1.1" 200 13502
186.29.181.212 - - [28/May/2023:15:28:26 -0500] "GET /BLA/resoluciones/index.php?dir=AUTOS+2015%2F HTTP/1.1" 200 582212
186.29.181.212 - - [28/May/2023:15:28:30 -0500] "GET /BLA/resoluciones/AUTOS%202015/2813.pdf HTTP/1.1" 200 725011
201.245.192.253 - - [28/May/2023:15:29:00 -0500] "POST /kwsrmcab/Wsrmcab HTTP/1.1" 200 43815
201.245.192.253 - - [28/May/2023:15:29:02 -0500] "POST /kwsrmcab/Wsrmcab HTTP/1.1" 200 43836
200.118.60.119 - - [28/May/2023:15:29:30 -0500] "GET /BLA/resoluciones/index.php?dir=AUTOS+2015%2F HTTP/1.1" 200 12235
200.118.60.119 - - [28/May/2023:15:29:30 -0500] "GET /BLA/resoluciones/index.php?dir=AUTOS+2015%2F HTTP/1.1" 200 582212
128.14.136.18 - - [28/May/2023:15:30:04 -0500] "GET / HTTP/1.1" 200 319
190.26.148.71 - - [28/May/2023:15:30:36 -0500] "GET /galeria/galeria/jquery.fancybox.css?v=2.1.5 HTTP/1.1" 200 4895
190.26.148.71 - - [28/May/2023:15:30:36 -0500] "GET /galeria/galeria/jquery.fancybox.js?v=2.1.5 HTTP/1.1" 200 48706
190.26.148.71 - - [28/May/2023:15:30:37 -0500] "GET /galeria/galeria/fotos/Humedal-la-Isla1P.jpg HTTP/1.1" 200 14011
190.26.148.71 - - [28/May/2023:15:30:37 -0500] "GET /galeria/galeria/fotos/Humedal-la-Isla3P.jpg HTTP/1.1" 200 13889
190.26.148.71 - - [28/May/2023:15:30:37 -0500] "GET /galeria/galeria/fotos/Humedal-la-Isla2P.jpg HTTP/1.1" 200 13603
190.26.148.71 - - [28/May/2023:15:30:37 -0500] "GET /galeria/galeria/fotos/Humedal-la-Isla4P.jpg HTTP/1.1" 200 13949
201.245.192.253 - - [28/May/2023:15:30:53 -0500] "POST /kwsrmcab/Wsrmcab  HTTP/1.1" 200 43526
172.22.2.4 - - [28/May/2023:15:30:15 -0500] "HEAD /BLA/boletinlegal/ HTTP/1.1" 200 -
172.22.2.4 - - [28/May/2023:15:31:05 -0500] "GET /BLA/boletinlegal/ HTTP/1.1" 200 57561
216.245.221.92 - - [28/May/2023:15:33:02 -0500] "HEAD / HTTP/1.1" 200 -
69.171.249.116 - - [28/May/2023:15:35:07 -0500] "GET /images/Bogot\xc3\xa1-Regi\xc3\xb3n-unidos-por-el-cuidado-del-agua.jpeg HTTP/1.1" 404 1034
201.245.192.253 - - [28/May/2023:15:35:51 -0500] "POST /kwsrmcab/Wsrmcab  HTTP/1.1" 200 43526
172.22.2.4 - - [28/May/2023:15:35:27 -0500] "GET /BLA/boletinlegal/ HTTP/1.1" 200 20427
172.22.2.4 - - [28/May/2023:15:34:19 -0500] "GET /BLA/boletinlegal/ HTTP/1.1" 200 58663
191.95.60.117 - - [28/May/2023:15:37:11 -0500] "GET /bogota-se-prepara-para-tres-fines-de-semana-de-adopciones.html HTTP/1.1" 200 821
172.22.2.4 - - [28/May/2023:15:36:05 -0500] "HEAD /BLA/boletinlegal/ HTTP/1.1" 200 -
216.245.221.92 - - [28/May/2023:15:38:02 -0500] "HEAD / HTTP/1.1" 200 -
172.22.2.4 - - [28/May/2023:15:38:10 -0500] "GET /BLA/boletinlegal/Circulares/2023/CIRCULAR%20No.%2000001%20DEL%2020%20DE%20FEBRERO%20DEL%202023.pdf HTTP/1.1" 200 317520
172.22.2.4 - - [28/May/2023:15:38:20 -0500] "GET /BLA/boletinlegal/Circulares/2019/.pdf HTTP/1.1" 404 1218
172.22.2.4 - - [28/May/2023:15:38:28 -0500] "GET /BLA/boletinlegal/Circulares/2012/Circular%20No.%2010%20del%2026%20de%20Enero%20de%202012.pdf HTTP/1.1" 404 1218
172.22.2.4 - - [28/May/2023:15:36:55 -0500] "GET /BLA/boletinlegal/ HTTP/1.1" 200 59306
201.245.192.253 - - [28/May/2023:15:39:00 -0500] "POST /kwsrmcab/Wsrmcab HTTP/1.1" 200 43815
201.245.192.253 - - [28/May/2023:15:39:03 -0500] "POST /kwsrmcab/Wsrmcab HTTP/1.1" 200 43836
201.245.192.253 - - [28/May/2023:15:40:51 -0500] "POST /kwsrmcab/Wsrmcab  HTTP/1.1" 200 43526
167.71.164.13 - - [28/May/2023:15:40:56 -0500] "\x16\x03\x01" 400 226
167.71.164.13 - - [28/May/2023:15:40:57 -0500] "\x16\x03\x01" 400 226
167.71.164.13 - - [28/May/2023:15:40:57 -0500] "GET / HTTP/1.1" 200 319
167.71.164.13 - - [28/May/2023:15:40:57 -0500] "GET /client/get_targets HTTP/1.1" 404 1018
167.71.164.13 - - [28/May/2023:15:40:57 -0500] "GET /upl.php HTTP/1.1" 404 1018
167.71.164.13 - - [28/May/2023:15:40:57 -0500] "\x16\x03\x01" 400 226
167.71.164.13 - - [28/May/2023:15:40:58 -0500] "GET /geoip/ HTTP/1.1" 404 1018
167.71.164.13 - - [28/May/2023:15:40:58 -0500] "GET / HTTP/1.1" 200 319
167.71.164.13 - - [28/May/2023:15:40:58 -0500] "GET /favicon.ico HTTP/1.1" 200 7782
167.71.164.13 - - [28/May/2023:15:40:58 -0500] "GET /1.php HTTP/1.1" 404 1018
167.71.164.13 - - [28/May/2023:15:40:58 -0500] "GET /bundle.js HTTP/1.1" 404 1018
31.13.127.2 - - [28/May/2023:15:41:54 -0500] "GET /images/ecosistema-dia-internacional-tierra-21-abril.jpg HTTP/1.1" 200 30098
40.77.167.97 - - [28/May/2023:15:41:59 -0500] "GET /BLA/resoluciones/AUTOS%202021/4106.pdf HTTP/1.1" 304 -
40.77.167.97 - - [28/May/2023:15:42:10 -0500] "GET /BLA/resoluciones/AUTOS%202017/5263.pdf HTTP/1.1" 200 2074099
216.245.221.92 - - [28/May/2023:15:43:02 -0500] "HEAD / HTTP/1.1" 200 -
172.22.2.4 - - [28/May/2023:15:41:55 -0500] "HEAD /BLA/boletinlegal/ HTTP/1.1" 200 -
172.22.2.4 - - [28/May/2023:15:42:45 -0500] "GET /BLA/boletinlegal/ HTTP/1.1" 200 57561
201.245.192.253 - - [28/May/2023:15:45:49 -0500] "POST /kwsrmcab/Wsrmcab  HTTP/1.1" 200 43526
173.252.83.10 - - [28/May/2023:15:46:56 -0500] "GET /images/cr\xc3\xb3nica-29-nov-1_optimized.jpeg HTTP/1.1" 404 1034
216.245.221.92 - - [28/May/2023:15:48:02 -0500] "HEAD / HTTP/1.1" 200 -
172.22.2.4 - - [28/May/2023:15:48:02 -0500] "GET /BLA/boletinlegal/robots.txt HTTP/1.1" 404 1038
66.249.70.210 - - [28/May/2023:15:48:42 -0500] "-" 408 -
172.22.2.4 - - [28/May/2023:15:47:45 -0500] "HEAD /BLA/boletinlegal/ HTTP/1.1" 200 -
172.22.2.4 - - [28/May/2023:15:48:03 -0500] "GET /BLA/boletinlegal/ HTTP/1.1" 200 50283
172.22.2.4 - - [28/May/2023:15:48:35 -0500] "GET /BLA/boletinlegal/ HTTP/1.1" 200 51032
201.245.192.253 - - [28/May/2023:15:50:48 -0500] "POST /kwsrmcab/Wsrmcab  HTTP/1.1" 200 43526
40.77.167.205 - - [28/May/2023:15:52:17 -0500] "GET /portaldeninos/parque-ecologico-distrital-humedal-santa-maria-del-lago/ HTTP/1.1" 200 90199
216.245.221.92 - - [28/May/2023:15:53:02 -0500] "HEAD / HTTP/1.1" 200 -
172.22.2.4 - - [28/May/2023:15:53:35 -0500] "HEAD /BLA/boletinlegal/ HTTP/1.1" 200 -
201.245.192.253 - - [28/May/2023:15:55:47 -0500] "POST /kwsrmcab/Wsrmcab  HTTP/1.1" 200 43526
172.22.2.4 - - [28/May/2023:15:54:25 -0500] "GET /BLA/boletinlegal/ HTTP/1.1" 200 57151
40.77.167.97 - - [28/May/2023:15:56:10 -0500] "GET /BLA/resoluciones/RESOLUCIONES%202021/1169.pdf HTTP/1.1" 200 551038
108.50.225.124 - - [28/May/2023:15:57:30 -0500] "GET /distrito-realizo-jornada-de-limpieza-en-el-conector-ecosistemico-media-luna-del-sur.html HTTP/1.1" 200 807
216.245.221.92 - - [28/May/2023:15:58:02 -0500] "HEAD / HTTP/1.1" 200 -
186.80.157.146 - - [28/May/2023:15:59:55 -0500] "GET /bogota-se-prepara-para-la-convencion-internacional-de-emergencia-climatica-2023.html HTTP/1.1" 200 806
51.159.194.199 - - [28/May/2023:16:00:45 -0500] "GET /reciclaton-empresarial-2023-como-inscribirse-a-la-primera-jornada-del-ano.html HTTP/1.1" 200 705
51.159.195.16 - - [28/May/2023:16:00:46 -0500] "GET /mas-de-120-arboles-fueron-plantados-en-kennedy-y-rafael-uribe-uribe.html HTTP/1.1" 200 778
51.159.195.16 - - [28/May/2023:16:00:47 -0500] "GET /convocatoria-conviertete-en-nuestro-corresponsal-ambiental-y-aporta-a-la-transformacion-de-tu-localidad.html HTTP/1.1" 200 818
201.245.192.253 - - [28/May/2023:16:00:46 -0500] "POST /kwsrmcab/Wsrmcab  HTTP/1.1" 200 43526
51.159.195.16 - - [28/May/2023:16:00:48 -0500] "GET /dia-internacional-de-la-biodiversidad-fueron-liberados-10-animales-silvestres-la-conejera.html HTTP/1.1" 200 846
51.159.195.16 - - [28/May/2023:16:00:49 -0500] "GET /cerca-de-20-actividades-al-abrigo-de-las-aves-no-te-pierdas-la-jornada-cultural-jardin-de-noche.html HTTP/1.1" 200 793
51.159.194.199 - - [28/May/2023:16:00:49 -0500] "GET /inscribete-en-este-proceso-de-formacion-para-ser-un-lider-o-una-lideresa-ambiental-en-tu-localidad.html HTTP/1.1" 200 903
212.129.57.169 - - [28/May/2023:16:00:51 -0500] "GET /bogota-se-prepara-para-la-convencion-internacional-de-emergencia-climatica-2023.html HTTP/1.1" 200 806
51.159.194.233 - - [28/May/2023:16:00:54 -0500] "GET /agendate-para-las-ferias-de-servicios-ambientales-para-mayo-en-usaquen-y-fontibon.html HTTP/1.1" 200 799
172.22.2.4 - - [28/May/2023:16:00:55 -0500] "GET /BLA/boletinlegal/normativa.php HTTP/1.1" 200 8343
172.22.2.4 - - [28/May/2023:16:00:56 -0500] "GET /BLA/boletinlegal/actos.php HTTP/1.1" 200 9682
51.159.194.199 - - [28/May/2023:16:01:01 -0500] "GET /sin-raza-pero-con-casa-nuevas-jornadas-de-adopcion-en-el-distrito.html HTTP/1.1" 200 742
51.159.194.199 - - [28/May/2023:16:01:01 -0500] "GET /secretaria-de-ambiente-capacito-y-certifico-a-miembros-del-ejercito-nacional-en-temas-de-cuidado-y-proteccion-ambiental.html HTTP/1.1" 200 888
212.129.57.169 - - [28/May/2023:16:01:01 -0500] "GET /mujeres-secretaria-de-ambiente-abre-nueva-convocatoria-para-aprender-sobre-el-cuidado-de-los-humedales.html HTTP/1.1" 200 853
51.159.194.233 - - [28/May/2023:16:01:01 -0500] "GET /olga-romero-una-mujer-que-reverdece-con-corazon-inquieto-que-encontro-en-el-reciclaje-su-pasion.html HTTP/1.1" 200 798
51.159.195.16 - - [28/May/2023:16:01:02 -0500] "GET /distrito-realizo-jornada-de-limpieza-en-el-conector-ecosistemico-media-luna-del-sur.html HTTP/1.1" 200 807
51.159.194.233 - - [28/May/2023:16:01:03 -0500] "GET /distrito-realizo-recorrido-por-los-bosques-santa-helena-y-brazo-salitre.html HTTP/1.1" 200 808
51.159.194.233 - - [28/May/2023:16:01:03 -0500] "GET /reciclaton-empresarial-2023-como-inscribirse-a-la-primera-jornada-del-ano.html HTTP/1.1" 200 705
51.159.194.233 - - [28/May/2023:16:01:03 -0500] "GET /secretaria-de-ambiente-sensibiliza-a-ciudadanos-sobre-la-importancia-de-proteger-la-fauna-silvestre.html HTTP/1.1" 200 819
172.22.2.4 - - [28/May/2023:15:59:25 -0500] "HEAD /BLA/boletinlegal/ HTTP/1.1" 200 -
51.159.195.16 - - [28/May/2023:16:01:06 -0500] "GET /cucarron-de-mayo-insecto-que-se-puede-observar-por-estos-dias-en-varios-ecosistemas-de-bogota.html HTTP/1.1" 200 762
109.237.97.227 - - [28/May/2023:16:01:42 -0500] "GET /.env HTTP/1.1" 404 1034
172.22.2.4 - - [28/May/2023:16:00:15 -0500] "GET /BLA/boletinlegal/ HTTP/1.1" 200 52326
173.252.79.12 - - [28/May/2023:16:02:03 -0500] "GET /bogota-se-prepara-para-la-convencion-internacional-de-emergencia-climatica-2023.html HTTP/1.1" 200 806
186.31.44.250 - - [28/May/2023:16:02:36 -0500] "GET /BLA/resoluciones/index.php?dir= HTTP/1.1" 200 13502
186.31.44.250 - - [28/May/2023:16:02:42 -0500] "GET /BLA/resoluciones/index.php?dir=AUTOS+2017%2F HTTP/1.1" 200 469299
216.245.221.92 - - [28/May/2023:16:03:02 -0500] "HEAD / HTTP/1.1" 200 -
172.22.2.4 - - [28/May/2023:16:03:25 -0500] "GET /BLA/boletinlegal/Circulares/2017/Circular%20No.%20011%20del%2005%20de%20julio%20de%202017.pdf HTTP/1.1" 200 965526
192.133.77.16 - - [28/May/2023:16:03:39 -0500] "-" 408 -
201.245.192.253 - - [28/May/2023:16:05:45 -0500] "POST /kwsrmcab/Wsrmcab  HTTP/1.1" 200 43526
186.29.249.153 - - [28/May/2023:16:05:52 -0500] "GET /BLA/resoluciones/RESOLUCIONES%202019/2165.pdf HTTP/1.1" 200 3035629
186.29.249.153 - - [28/May/2023:16:05:53 -0500] "GET /favicon.ico HTTP/1.1" 200 7782
172.22.2.4 - - [28/May/2023:16:05:15 -0500] "HEAD /BLA/boletinlegal/ HTTP/1.1" 200 -
181.174.14.179 - - [28/May/2023:16:07:18 -0500] "GET /siipev/Diseno%20de%20Elementos%20de%20Mobiliario%20Urbano/Diseno%20pertenecientes%20al%20mobiliario%20urbano%20M10-M160/PARTE%20A/Dise%C3%B1o%20de%20Elementos%20M-10.pdf HTTP/1.1" 200 2286537
181.174.14.179 - - [28/May/2023:16:07:19 -0500] "GET /favicon.ico HTTP/1.1" 200 7782
172.22.2.4 - - [28/May/2023:16:06:05 -0500] "GET /BLA/boletinlegal/ HTTP/1.1" 200 58663
190.9.218.188 - - [28/May/2023:16:08:01 -0500] "GET /kwssiamovil/sm/acme/a?s=U2FsdGVkX18IrSdJlqOFCI9MsM+2P56CdTANnbe1PaaNUvPmSAXL7cGkHT4N51lUyDwdeP7Dycx3dhSScvTwQJfZK5cGpKzOSLS+obWM6IRghb9YDB7RaA8QvtD3xGS5j5fWt+4SwTwkEs0fLcZp9Q67JjLqxvEOwFyVx2/gUxR/44R8NUO4QhmhjmPezP8DHId2DbIQUiAB9PyNHB+XqvgMsG7RxM4zbjeBxFTLintNEtlSOLUecbIgAoXuy1462HhKRuDwEQsQ/ChYvos5PA==&u=U2FsdGVkX19Av2by7dfjuVJMRp7u7onKdTKzWMX0Zss=&y=U2FsdGVkX18W9Fxudq0xZXDyfmb72kxPWzv2GwnTPKbOqyJ/kKXKprfbNmR5OXlj HTTP/1.1" 200 26
190.9.218.188 - - [28/May/2023:16:08:02 -0500] "GET /kwssiamovil/sm/acme/a?s=U2FsdGVkX1+HpUtHzoPZerJj8oJ8PqP/NXtebs6zUu/u5uSNlHYbMlUZ0HGAzH09N+8TcJeCNC7e4E/7X5s0qPTML2gYsjOKHpJdRJhB/8DY36DDC6//Qs5BqREsXWZF5SEXvLyaXePURgkO5f8149ux2bOXVDO5X6cVPGMx5NEB2NHH8oxOk0tGnM4of/h3cQsEh5QqrfEJLxgB57yPNo83GyH4hmevD4UZPkI6wr92iBeO89w/m/jxnA+Z07pRBmJeF/7Q36xa2E/0cDob6eGPZAuq2cwx+sfzYMUexRBEre4kdKEqEGUqYLDFAsOSXRO8evaoKYmjiWXX6i5NdTTJ+WqWNYPOCpK6ccZaasWQiYJTGQgSR4KFc0zcHV+pVFvb0/aoAtQ0BFylsWXRLLEa3jQFcjLxzV+00MMLUrFTi4SST4/kcDK1DM6iV0XJ+hVMPNPsd3h+nyJa35zHuvH0u7zXwEFK6MyBRBHU1GcmUIOjSJT6EXtoZ5io3Ii11o3u4CXIg8s2qsA78O1a5Tn6DRTUltm0uBdZD9YM3T/CkUewnh+wITxDeB2L4BJ5PcpZytRUkyO88RbNHL1mUTdmLnNafU5IiuliYTV/L8hRu3oDEJmmFx5xr07PyPBG9Ro72N/CyvikaHDpO3j0hqlIP6YI3A8zsutI2Oxpdhe6M2EImwhA4mKbz/eEYcaX5bFSr8UKqikj6DCl9E8Ktk+pLYiwBeoowTAIwCCynbrWRuzAOU/BB8RYIcJ61YFQS6PdYh38os54SC6FylGlj9mycFH77spt+ALNLs3H+0jHHm/iDXqCzPyOKvid4ATxtU3f/GBXwxvLw/j/HXMnufOHQpOZSBMmf0/TD8blvgofuL/Qny0LM5l4ZfvppWGzSkELkLl4Ez/DFLTZ5hSjxAtSatlgzUJGa6lNbaNR79gqWJce35D9NAI1ZzLvDnRE6Ev3MYExAx3co2Xc2myDF/BPO+cZKQvVqlmzOrIPO5sdFGDoWCXO4miJmRTs0hMJiZmzNCLC6SDUjhus7PSOxgSbTZaU/ki9ydglh3K31Xem2xJbsXAWl/zr/tM/IdIgqIb2NxySxXYheAzDRoDwgZgcqQxjYHS+Ycl+AUacewxl9Ymr5uMs6dt6paiMZTynT1rejsSj+PkvvoMxiVML50Hc+XAiwLEgpAc1aEktUClNWqkmVzj+zyt0YImyF4DUwgZZ99lsgbEaHPx9gGgucvqmlnYjbAxoTVLy3XTvnrtXfAqsoC60li6YIVaXu23cF3qorofq2zWDl+npeP2jORNC2ncZ6jchQ0SwYPG5PSyiOgXzanRO3ylbefUbcW4Q0UOaGehd7/VtoVfQTfGCQE5unkXijNPu75HedBNa8gOkIkcJ5Vp2gMkj6487cQX8g1aTX4oZLIWSQY0Ieov5cBo+LQ1YCisxvHu+b/i3SqHwd/HxcOpM0ewAcuZWaJPcSl1trQANm79T7d7PZRrZPESB+xtzU8DabOk9f80hUwDoGwABwx1/K8MhxIq/aFx6R/xhO4Mh5oqHM1ez46oIeFbpl6ZdWWg6Xy3ho90Kkg7eU0IcmZzd278Ne3Xq29NqRmFVajYkljvN1WrRebSBjKMnWJDkiMe5LBfNHHz1dDUUCsqocfB/gUa4y9XmC0fL9Whd1jFBnjhM1C9j7AQ07HcDgdq6KXCp+bYZ1+fdIhYF/GOJ69gc18rDLLlMpjha/lsxZppcFoje4FBdYHP+tMhq7F7cnbQlkH7U03wvHBz+zYTY0ZY1mVjxPm80eQqvboDoVsOCFPETVUcouO9pmixuy2t2PqzTSYd/qf/6aPrDUS/2/lcgnVHykWUO92v4ZrIutIk36Grl36knUIb7FZsOcH8VllGfKug+viGoWqVZNe7zQWW6ALTyGraBnD5CQoXHFNMaoiD9E//xG7rYY2ZhzVuBq9JxiaN4f6hgfRRmF5DlEhgie6fm0WG9YdYt2YhTTKpkXabYC3cYwYiZZ9G+8qJK+Dci4/h+IGWVrVV7KFIwkNFpxIRUL6MwCMQrqolREBggHyrcSWaNS/CMKRgPM9OnZLDotIMf+hVXmXOmsr2AYI+qeUeRUK8s5eaLQOeG6Vg0qPKtWMcLQ7Z7dpXD53BTNUFi38N12OBfdtkb9LNQUr7eq6CndFjGZtKEttRsOL2L7fH2RgI69UX5KI2mC6dXgBH0rc4EhoGkSnRrqUpyLIYAIxpH0ro39iFVJ8vXTnImDbqU5aFXGjF1hQvugIoy3C3HEpp8MIbRQurkfGWH8/UH2IxFEmC0NVgmITBTzxE1GIyXJiSqqO2xidY1ja4x59e7gJTq4CApvHIfGNZ9s1VXoRtwbFmWqFQczbIuT80V5bEIOY2hqNMSIUspAXV6TBSbtYMv6HNoJYKE1h9D5tIDwM3fPLph9cUdYaKzzKIOekGbvUVzoEm+lBqsHW57xddW6kvfIzv0jmv+FOCYAJ4fi4FunucGkf5d47iQfFd07Uo4gGzXV3pt0hoF3KwranAxhjc+yRtJmg2+YHSbl0/yMSTfxyV56lFDSeXJsRzbxzgVocSI111j1cGrD2Qh+wrx9Hr/1+SEuzVfCFfmk1YxhxmtY4w4/cVrF5A0MvCRFFmWYmIgNq430AWJ+XkzG8XR1Dinkzl68nOHhG3aflGAz62Gv9omEjfJgDBw0KCAZNcOF7RthRmls3GcpbmXnbGWk0quLdtC7hmPDKyHJXOjwnZnkGEl3kzYAv2ooABEiCNNC+MAJk4Gx+01KlgWRYyQJPRBLaZ+tF4+ci5dL9OR+oGRzgP3a5PuVnAtn1K1sltBL6pYz7GmEHVzu1mU5cTwLSS4KX87yY6jVFIdpQd4gaEbQSnc1s6bpH6c584iaqlh/8lD5egI7w==&u=U2FsdGVkX19Av2by7dfjuVJMRp7u7onKdTKzWMX0Zss=&y=U2FsdGVkX18W9Fxudq0xZXDyfmb72kxPWzv2GwnTPKbOqyJ/kKXKprfbNmR5OXlj HTTP/1.1" 200 26
216.245.221.92 - - [28/May/2023:16:08:02 -0500] "HEAD / HTTP/1.1" 200 -
190.9.218.188 - - [28/May/2023:16:08:02 -0500] "GET /kwssiamovil/sm/acme/a?s=U2FsdGVkX1962uoXqi/AxvnxvHxNi8JTGgrnqPHu4KQOaDNeswfNF128+geoyMaMWZlIBmOHRBkMExCTiefP7HoRjS7HUJ2Ea1F/rdjlpL89FlyEqHNGhFY8DS2+ZJEUuyPeoxsRF+sl8TdvDLEvSO1A7kXr4qO3GRImzygTcn0=&u=U2FsdGVkX19Av2by7dfjuVJMRp7u7onKdTKzWMX0Zss=&y=U2FsdGVkX18W9Fxudq0xZXDyfmb72kxPWzv2GwnTPKbOqyJ/kKXKprfbNmR5OXlj HTTP/1.1" 200 26
190.9.218.188 - - [28/May/2023:16:08:02 -0500] "GET /kwssiamovil/sm/acme/a?s=U2FsdGVkX1/6I1FVvA3UTc/f3yxh6XeMocfd4Moap6QDltUcxuYfZ8ivxCgOi45CGPORxh8f6rUNyiHwR1Tw3BY0GzR/GOd26kIJtJtBuplFMoEDwiKAxV+dwoX0XLaRuJHNpaObRQJtGkzAFQro7I7fRwWvCTbsWJKVOGFMI4A=&u=U2FsdGVkX19Av2by7dfjuVJMRp7u7onKdTKzWMX0Zss=&y=U2FsdGVkX18W9Fxudq0xZXDyfmb72kxPWzv2GwnTPKbOqyJ/kKXKprfbNmR5OXlj HTTP/1.1" 200 26
190.9.218.188 - - [28/May/2023:16:08:02 -0500] "GET /kwssiamovil/sm/acme/a?s=U2FsdGVkX1+1wIv7vih4XkUwOobq1eqO66Hu6MvkYgi8polyy8qZ98+raKWVhxGZcsa0I/xvgkbRJVUm17+spnOyN5a8yFTLDs5yiMxmeoUn6pnBbQzj2RefZKuTCqpUJ/iS6DWG9z7DxTjjr9rQTTgHJ1SwEcGgZbTYO34xYsw=&u=U2FsdGVkX19Av2by7dfjuVJMRp7u7onKdTKzWMX0Zss=&y=U2FsdGVkX18W9Fxudq0xZXDyfmb72kxPWzv2GwnTPKbOqyJ/kKXKprfbNmR5OXlj HTTP/1.1" 200 26
190.9.218.188 - - [28/May/2023:16:08:02 -0500] "GET /kwssiamovil/sm/acme/a?s=U2FsdGVkX1+2+cJCH2yTLA5QUE6CFO8ihm63ZyTtOmkWHp4ErVIf82i2PnzFRE5SP0KVCQDBrsxUYUSloDOGEPZA9B2RjNC4vy0yznsuKgmnv2xxiTE+IXYO5pWImHG70f+10D0mpwYpyMQqUfzo865Cwzvz9GV3wWG6dGw6HiU+MLOLbEOgq6Mm3l29/BDb&u=U2FsdGVkX19Av2by7dfjuVJMRp7u7onKdTKzWMX0Zss=&y=U2FsdGVkX18W9Fxudq0xZXDyfmb72kxPWzv2GwnTPKbOqyJ/kKXKprfbNmR5OXlj HTTP/1.1" 200 26
186.102.60.104 - - [28/May/2023:16:10:36 -0500] "GET /distrito-realizo-recorrido-por-los-bosques-santa-helena-y-brazo-salitre.html HTTP/1.1" 200 808
201.245.192.253 - - [28/May/2023:16:10:44 -0500] "POST /kwsrmcab/Wsrmcab  HTTP/1.1" 200 43526
52.167.144.25 - - [28/May/2023:16:12:00 -0500] "GET /BLA/resoluciones/AUTOS%202021/1531.pdf HTTP/1.1" 304 -
40.77.167.146 - - [28/May/2023:16:12:29 -0500] "GET /BLA/resoluciones/AUTOS%202021/2638.pdf HTTP/1.1" 200 364249
172.22.2.4 - - [28/May/2023:16:11:05 -0500] "HEAD /BLA/boletinlegal/ HTTP/1.1" 200 -
216.245.221.92 - - [28/May/2023:16:13:02 -0500] "HEAD / HTTP/1.1" 200 -
172.22.2.4 - - [28/May/2023:16:11:55 -0500] "GET /BLA/boletinlegal/ HTTP/1.1" 200 53924
207.46.13.215 - - [28/May/2023:16:13:49 -0500] "GET /BLA/resoluciones/AUTOS%202023/7216.pdf HTTP/1.1" 200 348845
201.245.192.253 - - [28/May/2023:16:15:42 -0500] "POST /kwsrmcab/Wsrmcab  HTTP/1.1" 200 43526
69.171.231.3 - - [28/May/2023:16:16:30 -0500] "GET /primer-festival-de-la-papa-nativa-en-el-jardin-botanico-conozca-pruebe-y-disfrute-estos-manjares-criollos-y-saludables.html HTTP/1.1" 206 1116
69.171.251.13 - - [28/May/2023:16:16:31 -0500] "GET /images/mercados-campesinos-5-mayo.jpg HTTP/1.1" 200 95848
172.22.2.4 - - [28/May/2023:16:17:42 -0500] "GET /BLA/boletinlegal/style.css HTTP/1.1" 200 9406
172.22.2.4 - - [28/May/2023:16:17:42 -0500] "GET /BLA/boletinlegal/styles2.css HTTP/1.1" 200 1838
172.22.2.4 - - [28/May/2023:16:17:42 -0500] "GET /BLA/boletinlegal/js/jquery.scrollTo-min.js HTTP/1.1" 200 1150
172.22.2.4 - - [28/May/2023:16:17:42 -0500] "GET /BLA/boletinlegal/js/jquery.js HTTP/1.1" 200 57254
172.22.2.4 - - [28/May/2023:16:17:42 -0500] "GET /BLA/boletinlegal/js/jquery.scrollShow.js HTTP/1.1" 200 4586
172.22.2.4 - - [28/May/2023:16:17:42 -0500] "GET /BLA/boletinlegal/images/cabezote%20BLEGAL.jpg HTTP/1.1" 200 118164
172.22.2.4 - - [28/May/2023:16:17:42 -0500] "GET /BLA/boletinlegal/images/subscribe-icon-big.png HTTP/1.1" 200 47702
172.22.2.4 - - [28/May/2023:16:17:42 -0500] "GET /BLA/boletinlegal/images/historia.png HTTP/1.1" 200 52775
172.22.2.4 - - [28/May/2023:16:17:42 -0500] "GET /BLA/boletinlegal/images/registro-usuarios.png HTTP/1.1" 200 8106
172.22.2.4 - - [28/May/2023:16:17:42 -0500] "GET /BLA/boletinlegal/images/arr_l.jpg HTTP/1.1" 200 1979
172.22.2.4 - - [28/May/2023:16:17:42 -0500] "GET /BLA/boletinlegal/images/screen_1.png HTTP/1.1" 200 202547
172.22.2.4 - - [28/May/2023:16:17:42 -0500] "GET /BLA/boletinlegal/images/launch.jpg HTTP/1.1" 200 14577
172.22.2.4 - - [28/May/2023:16:17:42 -0500] "GET /BLA/boletinlegal/images/body_bg.jpg HTTP/1.1" 200 1601
172.22.2.4 - - [28/May/2023:16:17:42 -0500] "GET /BLA/boletinlegal/images/menu_lft.gif HTTP/1.1" 200 1713
172.22.2.4 - - [28/May/2023:16:17:42 -0500] "GET /BLA/boletinlegal/images/menu_rght.gif HTTP/1.1" 200 1627
172.22.2.4 - - [28/May/2023:16:17:42 -0500] "GET /BLA/boletinlegal/images/bg_top.jpg HTTP/1.1" 200 522
172.22.2.4 - - [28/May/2023:16:17:42 -0500] "GET /BLA/boletinlegal/images/menu_bg.jpg HTTP/1.1" 200 620
172.22.2.4 - - [28/May/2023:16:17:42 -0500] "GET /BLA/boletinlegal/images/hover.jpg HTTP/1.1" 200 640
172.22.2.4 - - [28/May/2023:16:17:42 -0500] "GET /BLA/boletinlegal/images/text.jpg HTTP/1.1" 200 568
172.22.2.4 - - [28/May/2023:16:17:45 -0500] "GET /BLA/boletinlegal/actos.php HTTP/1.1" 200 9682
172.22.2.4 - - [28/May/2023:16:17:45 -0500] "GET /BLA/boletinlegal/js/ajax_actos.js HTTP/1.1" 200 1322
172.22.2.4 - - [28/May/2023:16:17:45 -0500] "GET /BLA/boletinlegal/niceforms.js HTTP/1.1" 200 22876
172.22.2.4 - - [28/May/2023:16:17:45 -0500] "GET /BLA/boletinlegal/js/lib.js HTTP/1.1" 200 6474
172.22.2.4 - - [28/May/2023:16:17:45 -0500] "GET /BLA/boletinlegal/niceforms-default.css HTTP/1.1" 200 6694
172.22.2.4 - - [28/May/2023:16:17:45 -0500] "GET /BLA/boletinlegal/js/popup.js HTTP/1.1" 200 1270
172.22.2.4 - - [28/May/2023:16:17:45 -0500] "GET /BLA/boletinlegal/js/jquery1.js HTTP/1.1" 200 29846
172.22.2.4 - - [28/May/2023:16:17:45 -0500] "GET /BLA/boletinlegal/images/green-yellow-blue-pink-th.png HTTP/1.1" 200 7394
172.22.2.4 - - [28/May/2023:16:17:45 -0500] "GET /BLA/boletinlegal/images/tel.png HTTP/1.1" 200 14477
172.22.2.4 - - [28/May/2023:16:17:45 -0500] "GET /BLA/boletinlegal/images/icono-email.png HTTP/1.1" 200 5544
172.22.2.4 - - [28/May/2023:16:17:45 -0500] "GET /BLA/boletinlegal/images/footer_bg.jpg HTTP/1.1" 200 586
172.22.2.4 - - [28/May/2023:16:17:45 -0500] "GET /BLA/boletinlegal/images/footer_bg_l.jpg HTTP/1.1" 200 776
172.22.2.4 - - [28/May/2023:16:17:45 -0500] "GET /BLA/boletinlegal/img/0.png HTTP/1.1" 200 110
172.22.2.4 - - [28/May/2023:16:17:45 -0500] "GET /BLA/boletinlegal/img/select-left.png HTTP/1.1" 200 263
172.22.2.4 - - [28/May/2023:16:17:45 -0500] "GET /BLA/boletinlegal/img/select-right.png HTTP/1.1" 200 44019
172.22.2.4 - - [28/May/2023:16:17:45 -0500] "GET /BLA/boletinlegal/img/button-left.png HTTP/1.1" 200 57071
172.22.2.4 - - [28/May/2023:16:17:45 -0500] "GET /BLA/boletinlegal/img/button.png HTTP/1.1" 200 43241
172.22.2.4 - - [28/May/2023:16:17:45 -0500] "GET /BLA/boletinlegal/img/button-right.png HTTP/1.1" 200 57878
172.22.2.4 - - [28/May/2023:16:17:45 -0500] "GET /BLA/boletinlegal/favicon.ico HTTP/1.1" 404 1326
216.245.221.92 - - [28/May/2023:16:18:02 -0500] "HEAD / HTTP/1.1" 200 -
172.22.2.4 - - [28/May/2023:16:18:06 -0500] "GET /BLA/boletinlegal/consulta_actos.php?tipo=autos&no=0274&usuario=&sector=&fecha=2015&resuelve= HTTP/1.1" 200 1075
172.22.2.4 - - [28/May/2023:16:18:06 -0500] "GET /BLA/boletinlegal/images/pdf.gif HTTP/1.1" 200 567
172.22.2.4 - - [28/May/2023:16:18:13 -0500] "GET /BLA/boletinlegal/consulta_actos.php?tipo=autos&no=0274&usuario=&sector=&fecha=2015&resuelve= HTTP/1.1" 200 1075
181.55.68.56 - - [28/May/2023:16:18:21 -0500] "GET /BLA/resoluciones/AUTOS%202015/0274.pdf HTTP/1.1" 200 158195
181.55.68.56 - - [28/May/2023:16:18:21 -0500] "GET /favicon.ico HTTP/1.1" 200 7782
172.22.2.4 - - [28/May/2023:16:17:42 -0500] "GET /BLA/boletinlegal/ HTTP/1.1" 200 24523
172.22.2.4 - - [28/May/2023:16:16:55 -0500] "HEAD /BLA/boletinlegal/ HTTP/1.1" 200 -
172.22.2.4 - - [28/May/2023:16:18:46 -0500] "GET /BLA/boletinlegal/consulta_actos.php?tipo=resoluciones&no=0274&usuario=&sector=&fecha=2015&resuelve= HTTP/1.1" 200 1121
181.55.68.56 - - [28/May/2023:16:18:54 -0500] "GET /BLA/resoluciones/RESOLUCIONES%202015/0274.pdf HTTP/1.1" 200 1080984
201.245.192.253 - - [28/May/2023:16:18:59 -0500] "POST /kwsrmcab/Wsrmcab HTTP/1.1" 200 43818
201.245.192.253 - - [28/May/2023:16:19:02 -0500] "POST /kwsrmcab/Wsrmcab HTTP/1.1" 200 43967
172.22.2.4 - - [28/May/2023:16:17:45 -0500] "GET /BLA/boletinlegal/ HTTP/1.1" 200 54424
172.22.2.4 - - [28/May/2023:16:20:41 -0500] "GET /BLA/boletinlegal/actos.php HTTP/1.1" 200 9682
201.245.192.253 - - [28/May/2023:16:20:41 -0500] "POST /kwsrmcab/Wsrmcab  HTTP/1.1" 200 43526
119.249.100.146 - - [28/May/2023:16:21:22 -0500] "GET /galeria/galeria/fotos/Capellania4P.jpg HTTP/1.1" 200 37377
181.53.14.129 - - [28/May/2023:16:22:40 -0500] "GET /cucarron-de-mayo-insecto-que-se-puede-observar-por-estos-dias-en-varios-ecosistemas-de-bogota.html HTTP/1.1" 200 762
52.167.144.20 - - [28/May/2023:16:22:57 -0500] "GET /inicio/wp-content/uploads/2018/01/Acciones-de-control-Humedales-a-Enero-31-de-2018.pdf HTTP/1.1" 404 1049
172.22.2.4 - - [28/May/2023:16:21:21 -0500] "GET /BLA/boletinlegal/index.php HTTP/1.1" 200 60886
216.245.221.92 - - [28/May/2023:16:23:02 -0500] "HEAD / HTTP/1.1" 200 -
40.77.167.97 - - [28/May/2023:16:23:24 -0500] "GET /BLA/resoluciones/RESOLUCIONES%202010/1886.pdf HTTP/1.1" 304 -
172.22.2.4 - - [28/May/2023:16:22:45 -0500] "HEAD /BLA/boletinlegal/ HTTP/1.1" 200 -
172.22.2.4 - - [28/May/2023:16:23:35 -0500] "GET /BLA/boletinlegal/ HTTP/1.1" 200 57151
201.245.192.253 - - [28/May/2023:16:25:41 -0500] "POST /kwsrmcab/Wsrmcab  HTTP/1.1" 200 43526
52.167.144.20 - - [28/May/2023:16:27:10 -0500] "GET /BLA/resoluciones/AUTOS%202020/1257.pdf HTTP/1.1" 304 -
216.245.221.92 - - [28/May/2023:16:28:02 -0500] "HEAD / HTTP/1.1" 200 -
66.249.79.138 - - [28/May/2023:16:28:53 -0500] "-" 408 -
201.245.192.253 - - [28/May/2023:16:29:00 -0500] "POST /kwsrmcab/Wsrmcab HTTP/1.1" 200 43818
201.245.192.253 - - [28/May/2023:16:29:02 -0500] "POST /kwsrmcab/Wsrmcab HTTP/1.1" 200 43967
172.22.2.4 - - [28/May/2023:16:29:37 -0500] "GET /BLA/boletinlegal/consulta_actos.php?tipo=resoluciones&no=1048&usuario=&sector=&fecha=2019&resuelve= HTTP/1.1" 200 1414
186.29.249.153 - - [28/May/2023:16:29:39 -0500] "GET /BLA/resoluciones/RESOLUCIONES%202019/1048.pdf HTTP/1.1" 200 9036570
172.22.2.4 - - [28/May/2023:16:28:35 -0500] "HEAD /BLA/boletinlegal/ HTTP/1.1" 200 -
201.245.192.253 - - [28/May/2023:16:30:39 -0500] "POST /kwsrmcab/Wsrmcab  HTTP/1.1" 200 43526
172.22.2.4 - - [28/May/2023:16:29:45 -0500] "GET /BLA/boletinlegal/index.php?s=/Index/\\think\\app/invokefunction&function=call_user_func_array&vars[0]=md5&vars[1][]=HelloThinkPHP21 HTTP/1.1" 200 28619
172.22.2.4 - - [28/May/2023:16:29:25 -0500] "GET /BLA/boletinlegal/ HTTP/1.1" 200 47199
172.22.2.4 - - [28/May/2023:16:31:30 -0500] "GET /BLA/boletinlegal/normativa.php HTTP/1.1" 200 8343
172.22.2.4 - - [28/May/2023:16:31:30 -0500] "GET /BLA/boletinlegal/styles2.css HTTP/1.1" 200 1838
172.22.2.4 - - [28/May/2023:16:31:30 -0500] "GET /BLA/boletinlegal/niceforms-default.css HTTP/1.1" 200 6694
172.22.2.4 - - [28/May/2023:16:31:30 -0500] "GET /BLA/boletinlegal/js/ajax_normativa.js HTTP/1.1" 200 1154
172.22.2.4 - - [28/May/2023:16:31:30 -0500] "GET /BLA/boletinlegal/style.css HTTP/1.1" 200 9406
172.22.2.4 - - [28/May/2023:16:31:30 -0500] "GET /BLA/boletinlegal/niceforms.js HTTP/1.1" 200 22876
172.22.2.4 - - [28/May/2023:16:31:30 -0500] "GET /BLA/boletinlegal/images/cabezote%20BLEGAL.jpg HTTP/1.1" 200 118164
172.22.2.4 - - [28/May/2023:16:31:30 -0500] "GET /BLA/boletinlegal/images/subscribe-icon-big.png HTTP/1.1" 200 47702
172.22.2.4 - - [28/May/2023:16:31:30 -0500] "GET /BLA/boletinlegal/images/historia.png HTTP/1.1" 200 52775
172.22.2.4 - - [28/May/2023:16:31:30 -0500] "GET /BLA/boletinlegal/images/registro-usuarios.png HTTP/1.1" 200 8106
172.22.2.4 - - [28/May/2023:16:31:30 -0500] "GET /BLA/boletinlegal/images/tel.png HTTP/1.1" 200 14477
172.22.2.4 - - [28/May/2023:16:31:30 -0500] "GET /BLA/boletinlegal/images/icono-email.png HTTP/1.1" 200 5544
172.22.2.4 - - [28/May/2023:16:31:30 -0500] "GET /BLA/boletinlegal/images/body_bg.jpg HTTP/1.1" 200 1601
172.22.2.4 - - [28/May/2023:16:31:30 -0500] "GET /BLA/boletinlegal/images/menu_lft.gif HTTP/1.1" 200 1713
172.22.2.4 - - [28/May/2023:16:31:30 -0500] "GET /BLA/boletinlegal/images/menu_rght.gif HTTP/1.1" 200 1627
172.22.2.4 - - [28/May/2023:16:31:30 -0500] "GET /BLA/boletinlegal/images/bg_top.jpg HTTP/1.1" 200 522
172.22.2.4 - - [28/May/2023:16:31:30 -0500] "GET /BLA/boletinlegal/images/menu_bg.jpg HTTP/1.1" 200 620
172.22.2.4 - - [28/May/2023:16:31:30 -0500] "GET /BLA/boletinlegal/images/text.jpg HTTP/1.1" 200 568
172.22.2.4 - - [28/May/2023:16:31:30 -0500] "GET /BLA/boletinlegal/images/footer_bg.jpg HTTP/1.1" 200 586
172.22.2.4 - - [28/May/2023:16:31:30 -0500] "GET /BLA/boletinlegal/images/hover.jpg HTTP/1.1" 200 640
172.22.2.4 - - [28/May/2023:16:31:30 -0500] "GET /BLA/boletinlegal/images/footer_bg_l.jpg HTTP/1.1" 200 776
172.22.2.4 - - [28/May/2023:16:31:31 -0500] "GET /BLA/boletinlegal/img/0.png HTTP/1.1" 200 110
172.22.2.4 - - [28/May/2023:16:31:31 -0500] "GET /BLA/boletinlegal/img/select-left.png HTTP/1.1" 200 263
172.22.2.4 - - [28/May/2023:16:31:31 -0500] "GET /BLA/boletinlegal/img/button-left.png HTTP/1.1" 200 57071
172.22.2.4 - - [28/May/2023:16:31:31 -0500] "GET /BLA/boletinlegal/img/button-right.png HTTP/1.1" 200 57878
172.22.2.4 - - [28/May/2023:16:31:31 -0500] "GET /BLA/boletinlegal/img/button.png HTTP/1.1" 200 43241
172.22.2.4 - - [28/May/2023:16:31:31 -0500] "GET /BLA/boletinlegal/img/select-right.png HTTP/1.1" 200 44019
172.22.2.4 - - [28/May/2023:16:31:31 -0500] "GET /BLA/boletinlegal/favicon.ico HTTP/1.1" 404 1334
172.22.2.4 - - [28/May/2023:16:31:49 -0500] "GET /BLA/boletinlegal/consulta_normativa.php?tipo=&sector=competencia-estructura&ano=&resuelve= HTTP/1.1" 200 116017
172.22.2.4 - - [28/May/2023:16:31:49 -0500] "GET /BLA/boletinlegal/images/docs.png HTTP/1.1" 200 10288
172.22.2.4 - - [28/May/2023:16:31:49 -0500] "GET /BLA/boletinlegal/images/background.gif HTTP/1.1" 200 -
216.245.221.92 - - [28/May/2023:16:33:02 -0500] "HEAD / HTTP/1.1" 200 -
40.77.167.146 - - [28/May/2023:16:34:25 -0500] "GET /sipse/faces/faces/autenticacion.xhtml HTTP/1.1" 200 12500
201.245.192.253 - - [28/May/2023:16:35:38 -0500] "POST /kwsrmcab/Wsrmcab  HTTP/1.1" 200 43526
181.137.213.61 - - [28/May/2023:16:35:55 -0500] "GET /bla/resoluciones/RESOLUCIONES%202011/3074.pdf HTTP/1.1" 200 2418827
181.137.213.61 - - [28/May/2023:16:35:55 -0500] "GET /favicon.ico HTTP/1.1" 200 7782
172.22.2.4 - - [28/May/2023:16:34:25 -0500] "HEAD /BLA/boletinlegal/ HTTP/1.1" 200 -
172.22.2.4 - - [28/May/2023:16:35:15 -0500] "GET /BLA/boletinlegal/ HTTP/1.1" 200 46827
172.22.2.4 - - [28/May/2023:16:35:19 -0500] "GET /BLA/boletinlegal/ HTTP/1.1" 200 46827
216.245.221.92 - - [28/May/2023:16:38:02 -0500] "HEAD / HTTP/1.1" 200 -
201.245.192.253 - - [28/May/2023:16:39:00 -0500] "POST /kwsrmcab/Wsrmcab HTTP/1.1" 200 43818
201.245.192.253 - - [28/May/2023:16:39:03 -0500] "POST /kwsrmcab/Wsrmcab HTTP/1.1" 200 43967
172.22.2.4 - - [28/May/2023:16:39:12 -0500] "GET /BLA/boletinlegal/Circulares/2019/.pdf HTTP/1.1" 404 1218
201.245.192.253 - - [28/May/2023:16:40:38 -0500] "POST /kwsrmcab/Wsrmcab  HTTP/1.1" 200 43526
172.22.2.4 - - [28/May/2023:16:40:15 -0500] "HEAD /BLA/boletinlegal/ HTTP/1.1" 200 -
172.22.2.4 - - [28/May/2023:16:41:06 -0500] "GET /BLA/boletinlegal/ HTTP/1.1" 200 52326
216.245.221.92 - - [28/May/2023:16:43:02 -0500] "HEAD / HTTP/1.1" 200 -
172.22.2.4 - - [28/May/2023:16:42:23 -0500] "GET /BLA/boletinlegal/ HTTP/1.1" 200 59656
173.252.127.14 - - [28/May/2023:16:45:01 -0500] "GET /portaldeninos/ HTTP/1.1" 200 110197
181.59.2.21 - - [28/May/2023:16:45:33 -0500] "GET /mujeres-secretaria-de-ambiente-abre-nueva-convocatoria-para-aprender-sobre-el-cuidado-de-los-humedales.html HTTP/1.1" 200 853
201.245.192.253 - - [28/May/2023:16:45:36 -0500] "POST /kwsrmcab/Wsrmcab  HTTP/1.1" 200 43526
69.171.249.15 - - [28/May/2023:16:45:44 -0500] "GET /portaldeninos/ HTTP/1.1" 200 110197
69.171.249.1 - - [28/May/2023:16:45:44 -0500] "GET /portaldeninos/ HTTP/1.1" 200 110197
69.171.249.2 - - [28/May/2023:16:45:45 -0500] "GET /portaldeninos/wp-content/plugins/gallery-videos/JS/modernizr.custom.js?ver=4.9.8 HTTP/1.1" 200 9019
69.171.249.17 - - [28/May/2023:16:45:45 -0500] "GET /portaldeninos/wp-includes/js/jquery/ui/accordion.min.js?ver=1.11.4 HTTP/1.1" 200 8584
69.171.249.116 - - [28/May/2023:16:45:45 -0500] "GET /portaldeninos/wp-includes/js/jquery/ui/widget.min.js?ver=1.11.4 HTTP/1.1" 206 6908
69.171.249.117 - - [28/May/2023:16:45:45 -0500] "GET /portaldeninos/wp-content/themes/betheme/assets/animations/animations.min.js?ver=20.9.6 HTTP/1.1" 200 1896
69.171.249.10 - - [28/May/2023:16:45:45 -0500] "GET /portaldeninos/wp-includes/js/jquery/jquery-migrate.min.js?ver=1.4.1 HTTP/1.1" 206 10056
69.171.249.2 - - [28/May/2023:16:45:45 -0500] "GET /portaldeninos/wp-includes/js/wp-embed.min.js?ver=4.9.8 HTTP/1.1" 200 1398
69.171.249.119 - - [28/May/2023:16:45:45 -0500] "GET /portaldeninos/wp-includes/js/jquery/ui/mouse.min.js?ver=1.11.4 HTTP/1.1" 206 3148
69.171.249.21 - - [28/May/2023:16:45:45 -0500] "GET /portaldeninos/wp-content/themes/betheme/js/menu.js?ver=20.9.6 HTTP/1.1" 206 2449
69.171.249.19 - - [28/May/2023:16:45:45 -0500] "GET /portaldeninos/wp-includes/js/jquery/ui/position.min.js?ver=1.11.4 HTTP/1.1" 206 6527
69.171.249.116 - - [28/May/2023:16:45:45 -0500] "GET /portaldeninos/wp-includes/js/jquery/ui/core.min.js?ver=1.11.4 HTTP/1.1" 206 4000
69.171.249.3 - - [28/May/2023:16:45:45 -0500] "GET /portaldeninos/wp-includes/js/jquery/ui/tabs.min.js?ver=1.11.4 HTTP/1.1" 206 12110
69.171.249.19 - - [28/May/2023:16:45:45 -0500] "GET /portaldeninos/wp-content/plugins/google-analytics-for-wordpress/assets/js/frontend-gtag.min.js?ver=8.5.0 HTTP/1.1" 206 11801
69.171.249.23 - - [28/May/2023:16:45:45 -0500] "GET /portaldeninos/wp-content/plugins/popup-maker/assets/js/site.min.js?defer&ver=1.8.14 HTTP/1.1" 200 48457
69.171.249.11 - - [28/May/2023:16:45:45 -0500] "GET /portaldeninos/wp-content/plugins/gallery-videos/JS/Total-Soft-Gallery-Video-Widget.js?ver=4.9.8 HTTP/1.1" 200 80264
69.171.249.8 - - [28/May/2023:16:45:45 -0500] "GET /portaldeninos/wp-includes/js/jquery/ui/sortable.min.js?ver=1.11.4 HTTP/1.1" 200 24899
69.171.249.19 - - [28/May/2023:16:45:45 -0500] "GET /portaldeninos/wp-content/themes/betheme/js/scripts.js?ver=20.9.6 HTTP/1.1" 206 77162
69.171.249.21 - - [28/May/2023:16:45:45 -0500] "GET /portaldeninos/wp-content/themes/betheme/assets/jplayer/jplayer.min.js?ver=20.9.6 HTTP/1.1" 206 52702
69.171.249.5 - - [28/May/2023:16:45:45 -0500] "GET /portaldeninos/wp-includes/js/jquery/jquery.js?ver=1.12.4 HTTP/1.1" 200 97184
69.171.249.19 - - [28/May/2023:16:45:45 -0500] "GET /portaldeninos/wp-content/themes/betheme/js/plugins.js?ver=20.9.6 HTTP/1.1" 206 197151
168.119.251.242 - - [28/May/2023:16:46:42 -0500] "GET / HTTP/1.1" 200 319
74.80.208.38 - - [28/May/2023:16:47:07 -0500] "-" 408 -
172.22.2.4 - - [28/May/2023:16:46:05 -0500] "HEAD /BLA/boletinlegal/ HTTP/1.1" 200 -
216.245.221.92 - - [28/May/2023:16:48:02 -0500] "HEAD / HTTP/1.1" 200 -
172.22.2.4 - - [28/May/2023:16:46:55 -0500] "GET /BLA/boletinlegal/ HTTP/1.1" 200 57561
66.249.70.213 - - [28/May/2023:16:48:42 -0500] "-" 408 -
181.56.241.102 - - [28/May/2023:16:49:12 -0500] "GET /galeria/galeria/jquery.fancybox.css?v=2.1.5 HTTP/1.1" 200 4895
181.56.241.102 - - [28/May/2023:16:49:12 -0500] "GET /BLA/boletinlegal/js/jquery.scrollShow.js HTTP/1.1" 200 4586
181.56.241.102 - - [28/May/2023:16:49:12 -0500] "GET /galeria/galeria/jquery.fancybox.js?v=2.1.5 HTTP/1.1" 200 48706
40.77.189.230 - - [28/May/2023:16:50:37 -0500] "GET /sipse/css/custom_css_sg.css HTTP/1.1" 200 9694
201.245.192.253 - - [28/May/2023:16:50:36 -0500] "POST /kwsrmcab/Wsrmcab  HTTP/1.1" 200 43526
40.77.188.214 - - [28/May/2023:16:50:38 -0500] "GET /sipse/faces/javax.faces.resource/primefaces.css;jsessionid=wcOv7QNAZyGrXxHs4UqTCZ9S.undefined?ln=primefaces&v=4.0 HTTP/1.1" 200 53295
