190.84.43.231 - - [28/May/2023:20:45:48 -0500] "GET /sipse/faces/javax.faces.resource/primefaces.js?ln=primefaces&v=4.0 HTTP/1.1" 304 -
190.84.43.231 - - [28/May/2023:20:45:48 -0500] "GET /sipse/faces/javax.faces.resource/layout/layout.js?ln=primefaces&v=4.0 HTTP/1.1" 304 -
190.84.43.231 - - [28/May/2023:20:45:48 -0500] "GET /sipse/faces/javax.faces.resource/theme.css?ln=primefaces-sipse HTTP/1.1" 200 50058
190.84.43.231 - - [28/May/2023:20:45:47 -0500] "POST /sipse/faces/presentacion/financiero/solicitudProceso/consultarSolicitudProceso.xhtml HTTP/1.1" 200 187742
190.84.43.231 - - [28/May/2023:20:45:51 -0500] "GET /sipse/faces/javax.faces.resource/images/ui-icons_898989_256x240.png?ln=primefaces-aristo HTTP/1.1" 200 5355
190.84.43.231 - - [28/May/2023:20:45:53 -0500] "GET /sipse/faces/javax.faces.resource/images/ui-bg_flat_0_2d5972_40x100.png?ln=primefaces-aristo HTTP/1.1" 304 -
190.84.43.231 - - [28/May/2023:20:45:54 -0500] "POST /sipse/faces/presentacion/financiero/solicitudProceso/consultarSolicitudProceso.xhtml HTTP/1.1" 200 34957
190.84.43.231 - - [28/May/2023:20:45:57 -0500] "GET /sipse/faces/javax.faces.resource/jquery/jquery.js?ln=primefaces&v=4.0 HTTP/1.1" 304 -
190.84.43.231 - - [28/May/2023:20:45:57 -0500] "GET /sipse/faces/javax.faces.resource/jquery/jquery-plugins.js?ln=primefaces&v=4.0 HTTP/1.1" 304 -
190.84.43.231 - - [28/May/2023:20:45:57 -0500] "GET /sipse/faces/javax.faces.resource/primefaces.js?ln=primefaces&v=4.0 HTTP/1.1" 304 -
190.84.43.231 - - [28/May/2023:20:45:57 -0500] "GET /sipse/faces/javax.faces.resource/layout/layout.js?ln=primefaces&v=4.0 HTTP/1.1" 304 -
190.84.43.231 - - [28/May/2023:20:45:57 -0500] "GET /sipse/faces/javax.faces.resource/messages/messages.png?ln=primefaces&v=4.0 HTTP/1.1" 304 -
190.84.43.231 - - [28/May/2023:20:45:57 -0500] "POST /sipse/faces/presentacion/financiero/solicitudProceso/listarSolicitudProceso.xhtml HTTP/1.1" 200 1396
190.84.43.231 - - [28/May/2023:20:45:58 -0500] "POST /sipse/faces/presentacion/financiero/solicitudProceso/listarSolicitudProceso.xhtml HTTP/1.1" 200 27907
190.84.43.231 - - [28/May/2023:20:45:59 -0500] "POST /sipse/faces/presentacion/financiero/solicitudProceso/listarSolicitudProceso.xhtml HTTP/1.1" 200 27907
190.84.43.231 - - [28/May/2023:20:45:59 -0500] "POST /sipse/faces/presentacion/financiero/solicitudProceso/listarSolicitudProceso.xhtml HTTP/1.1" 200 1396
190.84.43.231 - - [28/May/2023:20:46:00 -0500] "POST /sipse/faces/presentacion/financiero/solicitudProceso/listarSolicitudProceso.xhtml HTTP/1.1" 200 1396
190.84.43.231 - - [28/May/2023:20:46:50 -0500] "POST /sipse/faces/presentacion/financiero/solicitudProceso/listarSolicitudProceso.xhtml HTTP/1.1" 200 4682
190.84.43.231 - - [28/May/2023:20:46:51 -0500] "POST /sipse/faces/presentacion/financiero/solicitudProceso/listarSolicitudProceso.xhtml HTTP/1.1" 200 150256
172.22.2.4 - - [28/May/2023:20:45:15 -0500] "HEAD /BLA/boletinlegal/ HTTP/1.1" 200 -
190.84.43.231 - - [28/May/2023:20:46:55 -0500] "GET /sipse/faces/javax.faces.resource/jquery/jquery.js?ln=primefaces&v=4.0 HTTP/1.1" 304 -
190.84.43.231 - - [28/May/2023:20:46:56 -0500] "GET /sipse/faces/javax.faces.resource/jquery/jquery-plugins.js?ln=primefaces&v=4.0 HTTP/1.1" 304 -
190.84.43.231 - - [28/May/2023:20:46:56 -0500] "GET /sipse/faces/javax.faces.resource/primefaces.js?ln=primefaces&v=4.0 HTTP/1.1" 304 -
190.84.43.231 - - [28/May/2023:20:46:56 -0500] "GET /sipse/faces/javax.faces.resource/layout/layout.js?ln=primefaces&v=4.0 HTTP/1.1" 304 -
190.84.43.231 - - [28/May/2023:20:47:02 -0500] "POST /sipse/faces/presentacion/financiero/solicitudProceso/consultarSolicitudProceso.xhtml HTTP/1.1" 200 121918
190.84.43.231 - - [28/May/2023:20:47:04 -0500] "POST /sipse/faces/presentacion/financiero/solicitudProceso/consultarSolicitudProceso.xhtml HTTP/1.1" 200 150094
190.84.43.231 - - [28/May/2023:20:47:12 -0500] "POST /sipse/faces/presentacion/financiero/solicitudProceso/consultarSolicitudProceso.xhtml HTTP/1.1" 200 1852712
190.84.43.231 - - [28/May/2023:20:47:14 -0500] "POST /sipse/faces/presentacion/financiero/solicitudProceso/consultarSolicitudProceso.xhtml HTTP/1.1" 200 1937457
190.84.43.231 - - [28/May/2023:20:47:16 -0500] "POST /sipse/faces/presentacion/financiero/solicitudProceso/consultarSolicitudProceso.xhtml HTTP/1.1" 200 4964757
190.84.43.231 - - [28/May/2023:20:47:18 -0500] "POST /sipse/faces/presentacion/financiero/solicitudProceso/consultarSolicitudProceso.xhtml HTTP/1.1" 200 1039290
190.84.43.231 - - [28/May/2023:20:47:20 -0500] "POST /sipse/faces/presentacion/financiero/solicitudProceso/consultarSolicitudProceso.xhtml HTTP/1.1" 200 326861
190.84.43.231 - - [28/May/2023:20:47:23 -0500] "POST /sipse/faces/presentacion/financiero/solicitudProceso/consultarSolicitudProceso.xhtml HTTP/1.1" 200 12998
190.84.43.231 - - [28/May/2023:20:47:27 -0500] "POST /sipse/faces/presentacion/financiero/solicitudProceso/consultarSolicitudProceso.xhtml HTTP/1.1" 200 108367
190.84.43.231 - - [28/May/2023:20:47:30 -0500] "POST /sipse/faces/presentacion/financiero/solicitudProceso/consultarSolicitudProceso.xhtml HTTP/1.1" 200 5589
190.84.43.231 - - [28/May/2023:20:47:31 -0500] "GET /sipse/faces/javax.faces.resource/dynamiccontent.properties?ln=primefaces&pfdrid=XjOR5%2F%2FfPAZAuY9TpWQeCiM0BhlXxYRBGKi%2FQcXXfeA%3D&pfdrid_c=false HTTP/1.1" 200 104897
190.84.43.231 - - [28/May/2023:20:47:45 -0500] "POST /sipse/faces/presentacion/financiero/solicitudProceso/consultarSolicitudProceso.xhtml HTTP/1.1" 200 5578
172.22.2.4 - - [28/May/2023:20:46:06 -0500] "GET /BLA/boletinlegal/ HTTP/1.1" 200 57151
201.245.192.253 - - [28/May/2023:20:48:01 -0500] "POST /sipse/faces/presentacion/financiero/solicitudProceso/consultarSolicitudProceso.xhtml HTTP/1.1" 200 46183
201.245.192.253 - - [28/May/2023:20:48:01 -0500] "GET /sipse/faces/javax.faces.resource/jquery/jquery.js?ln=primefaces&v=4.0 HTTP/1.1" 304 -
201.245.192.253 - - [28/May/2023:20:48:01 -0500] "GET /sipse/faces/javax.faces.resource/jquery/jquery-plugins.js?ln=primefaces&v=4.0 HTTP/1.1" 304 -
201.245.192.253 - - [28/May/2023:20:48:01 -0500] "GET /sipse/faces/javax.faces.resource/primefaces.js?ln=primefaces&v=4.0 HTTP/1.1" 304 -
216.245.221.92 - - [28/May/2023:20:48:01 -0500] "HEAD / HTTP/1.1" 200 -
201.245.192.253 - - [28/May/2023:20:48:01 -0500] "GET /sipse/faces/javax.faces.resource/layout/layout.js?ln=primefaces&v=4.0 HTTP/1.1" 304 -
201.245.192.253 - - [28/May/2023:20:48:01 -0500] "POST /sipse/faces/presentacion/financiero/solicitudProceso/consultar.xhtml HTTP/1.1" 200 39610
201.245.192.253 - - [28/May/2023:20:48:02 -0500] "POST /sipse/faces/presentacion/financiero/solicitudProceso/consultar.xhtml HTTP/1.1" 200 39610
201.245.192.253 - - [28/May/2023:20:48:02 -0500] "POST /sipse/faces/presentacion/financiero/solicitudProceso/consultar.xhtml HTTP/1.1" 200 39610
201.245.192.253 - - [28/May/2023:20:48:02 -0500] "POST /sipse/faces/presentacion/financiero/solicitudProceso/consultar.xhtml HTTP/1.1" 200 39610
190.84.43.231 - - [28/May/2023:20:48:06 -0500] "POST /sipse/faces/presentacion/financiero/solicitudProceso/consultarSolicitudProceso.xhtml HTTP/1.1" 200 9601
201.245.192.253 - - [28/May/2023:20:48:08 -0500] "POST /sipse/faces/presentacion/financiero/solicitudProceso/consultar.xhtml HTTP/1.1" 200 12893
190.84.43.231 - - [28/May/2023:20:48:09 -0500] "POST /sipse/faces/presentacion/financiero/solicitudProceso/consultarSolicitudProceso.xhtml HTTP/1.1" 200 33614
190.84.43.231 - - [28/May/2023:20:48:10 -0500] "GET /sipse/faces/javax.faces.resource/jquery/jquery.js?ln=primefaces&v=4.0 HTTP/1.1" 304 -
190.84.43.231 - - [28/May/2023:20:48:10 -0500] "GET /sipse/faces/javax.faces.resource/jquery/jquery-plugins.js?ln=primefaces&v=4.0 HTTP/1.1" 304 -
190.84.43.231 - - [28/May/2023:20:48:10 -0500] "GET /sipse/faces/javax.faces.resource/primefaces.js?ln=primefaces&v=4.0 HTTP/1.1" 304 -
190.84.43.231 - - [28/May/2023:20:48:10 -0500] "GET /sipse/faces/javax.faces.resource/layout/layout.js?ln=primefaces&v=4.0 HTTP/1.1" 304 -
201.245.192.253 - - [28/May/2023:20:48:10 -0500] "POST /sipse/faces/presentacion/financiero/solicitudProceso/consultar.xhtml HTTP/1.1" 200 108236
201.245.192.253 - - [28/May/2023:20:48:11 -0500] "GET /sipse/faces/javax.faces.resource/jquery/jquery.js?ln=primefaces&v=4.0 HTTP/1.1" 304 -
201.245.192.253 - - [28/May/2023:20:48:11 -0500] "GET /sipse/faces/javax.faces.resource/jquery/jquery-plugins.js?ln=primefaces&v=4.0 HTTP/1.1" 304 -
201.245.192.253 - - [28/May/2023:20:48:11 -0500] "GET /sipse/faces/javax.faces.resource/primefaces.js?ln=primefaces&v=4.0 HTTP/1.1" 304 -
190.84.43.231 - - [28/May/2023:20:48:11 -0500] "POST /sipse/faces/presentacion/sistema/reporte/listarReportes.xhtml HTTP/1.1" 200 27046
201.245.192.253 - - [28/May/2023:20:48:11 -0500] "GET /sipse/faces/javax.faces.resource/layout/layout.js?ln=primefaces&v=4.0 HTTP/1.1" 304 -
190.84.43.231 - - [28/May/2023:20:48:11 -0500] "POST /sipse/faces/presentacion/sistema/reporte/listarReportes.xhtml HTTP/1.1" 200 27046
190.84.43.231 - - [28/May/2023:20:48:12 -0500] "POST /sipse/faces/presentacion/sistema/reporte/listarReportes.xhtml HTTP/1.1" 200 22242
190.84.43.231 - - [28/May/2023:20:48:12 -0500] "GET /sipse/faces/javax.faces.resource/jquery/jquery-plugins.js?ln=primefaces&v=4.0 HTTP/1.1" 304 -
190.84.43.231 - - [28/May/2023:20:48:12 -0500] "GET /sipse/faces/javax.faces.resource/primefaces.js?ln=primefaces&v=4.0 HTTP/1.1" 304 -
190.84.43.231 - - [28/May/2023:20:48:12 -0500] "GET /sipse/faces/javax.faces.resource/primefaces.css?ln=primefaces&v=4.0 HTTP/1.1" 304 -
190.84.43.231 - - [28/May/2023:20:48:12 -0500] "GET /sipse/faces/javax.faces.resource/layout/layout.css?ln=primefaces&v=4.0 HTTP/1.1" 304 -
190.84.43.231 - - [28/May/2023:20:48:12 -0500] "GET /sipse/faces/javax.faces.resource/layout/layout.js?ln=primefaces&v=4.0 HTTP/1.1" 304 -
190.84.43.231 - - [28/May/2023:20:48:12 -0500] "GET /sipse/faces/javax.faces.resource/jquery/jquery.js?ln=primefaces&v=4.0 HTTP/1.1" 304 -
190.84.43.231 - - [28/May/2023:20:48:12 -0500] "GET /sipse/faces/javax.faces.resource/theme.css?ln=primefaces-sipse HTTP/1.1" 200 50058
190.84.43.231 - - [28/May/2023:20:48:13 -0500] "GET /sipse/faces/javax.faces.resource/images/ui-icons_898989_256x240.png?ln=primefaces-aristo HTTP/1.1" 200 5355
190.84.43.231 - - [28/May/2023:20:48:27 -0500] "GET /sipse/faces/javax.faces.resource/images/ui-bg_flat_0_2d5972_40x100.png?ln=primefaces-aristo HTTP/1.1" 304 -
190.84.43.231 - - [28/May/2023:20:48:27 -0500] "POST /sipse/faces/presentacion/sistema/reporte/ventanaVerReporteParametros.xhtml HTTP/1.1" 200 39858
190.84.43.231 - - [28/May/2023:20:48:28 -0500] "GET /sipse/faces/javax.faces.resource/jquery/jquery.js?ln=primefaces&v=4.0 HTTP/1.1" 304 -
190.84.43.231 - - [28/May/2023:20:48:28 -0500] "GET /sipse/faces/javax.faces.resource/jquery/jquery-plugins.js?ln=primefaces&v=4.0 HTTP/1.1" 304 -
190.84.43.231 - - [28/May/2023:20:48:29 -0500] "GET /sipse/faces/javax.faces.resource/primefaces.js?ln=primefaces&v=4.0 HTTP/1.1" 304 -
190.84.43.231 - - [28/May/2023:20:48:29 -0500] "GET /sipse/faces/javax.faces.resource/layout/layout.js?ln=primefaces&v=4.0 HTTP/1.1" 304 -
190.84.43.231 - - [28/May/2023:20:48:29 -0500] "POST /sipse/faces/presentacion/financiero/solicitudProceso/listarSolicitudProceso.xhtml HTTP/1.1" 200 1396
201.245.192.253 - - [28/May/2023:20:48:31 -0500] "POST /sipse/faces/presentacion/financiero/solicitudProceso/consultarSolicitudProceso.xhtml HTTP/1.1" 200 46269
201.245.192.253 - - [28/May/2023:20:48:31 -0500] "GET /sipse/faces/javax.faces.resource/jquery/jquery.js?ln=primefaces&v=4.0 HTTP/1.1" 304 -
201.245.192.253 - - [28/May/2023:20:48:31 -0500] "GET /sipse/faces/javax.faces.resource/jquery/jquery-plugins.js?ln=primefaces&v=4.0 HTTP/1.1" 304 -
201.245.192.253 - - [28/May/2023:20:48:31 -0500] "GET /sipse/faces/javax.faces.resource/primefaces.js?ln=primefaces&v=4.0 HTTP/1.1" 304 -
201.245.192.253 - - [28/May/2023:20:48:32 -0500] "GET /sipse/faces/javax.faces.resource/layout/layout.js?ln=primefaces&v=4.0 HTTP/1.1" 304 -
201.245.192.253 - - [28/May/2023:20:48:32 -0500] "POST /sipse/faces/presentacion/financiero/solicitudProceso/consultar.xhtml HTTP/1.1" 200 39696
201.245.192.253 - - [28/May/2023:20:48:32 -0500] "POST /sipse/faces/presentacion/financiero/solicitudProceso/consultar.xhtml HTTP/1.1" 200 39696
201.245.192.253 - - [28/May/2023:20:48:32 -0500] "POST /sipse/faces/presentacion/financiero/solicitudProceso/consultar.xhtml HTTP/1.1" 200 39696
201.245.192.253 - - [28/May/2023:20:48:32 -0500] "POST /sipse/faces/presentacion/financiero/solicitudProceso/consultar.xhtml HTTP/1.1" 200 39696
201.245.192.253 - - [28/May/2023:20:48:32 -0500] "POST /sipse/faces/presentacion/financiero/solicitudProceso/consultar.xhtml HTTP/1.1" 200 39696
201.245.192.253 - - [28/May/2023:20:48:33 -0500] "POST /sipse/faces/presentacion/financiero/solicitudProceso/consultar.xhtml HTTP/1.1" 200 39696
201.245.192.253 - - [28/May/2023:20:48:40 -0500] "POST /sipse/faces/presentacion/financiero/solicitudProceso/consultar.xhtml HTTP/1.1" 200 12954
201.245.192.253 - - [28/May/2023:20:48:42 -0500] "POST /sipse/faces/presentacion/financiero/solicitudProceso/consultar.xhtml HTTP/1.1" 200 125966
201.245.192.253 - - [28/May/2023:20:48:43 -0500] "GET /sipse/faces/javax.faces.resource/jquery/jquery.js?ln=primefaces&v=4.0 HTTP/1.1" 304 -
201.245.192.253 - - [28/May/2023:20:48:43 -0500] "GET /sipse/faces/javax.faces.resource/jquery/jquery-plugins.js?ln=primefaces&v=4.0 HTTP/1.1" 304 -
201.245.192.253 - - [28/May/2023:20:48:43 -0500] "GET /sipse/faces/javax.faces.resource/primefaces.js?ln=primefaces&v=4.0 HTTP/1.1" 304 -
201.245.192.253 - - [28/May/2023:20:48:43 -0500] "GET /sipse/faces/javax.faces.resource/layout/layout.js?ln=primefaces&v=4.0 HTTP/1.1" 304 -
186.154.32.145 - - [28/May/2023:20:48:52 -0500] "GET /sipse/faces/faces/autenticacion.xhtml HTTP/1.1" 200 12178
186.154.32.145 - - [28/May/2023:20:48:52 -0500] "GET /sipse/css/custom_css_sg.css HTTP/1.1" 304 -
186.154.32.145 - - [28/May/2023:20:48:52 -0500] "GET /sipse/js/funciones.js HTTP/1.1" 200 12592
186.154.32.145 - - [28/May/2023:20:48:52 -0500] "GET /sipse/faces/javax.faces.resource/theme.css?ln=primefaces-sipse HTTP/1.1" 304 -
186.154.32.145 - - [28/May/2023:20:48:52 -0500] "GET /sipse/faces/javax.faces.resource/primefaces.css?ln=primefaces&v=4.0 HTTP/1.1" 304 -
186.154.32.145 - - [28/May/2023:20:48:52 -0500] "GET /sipse/css/custom_css_sg_prime_login.css HTTP/1.1" 304 -
186.154.32.145 - - [28/May/2023:20:48:52 -0500] "GET /sipse/faces/javax.faces.resource/layout/layout.css?ln=primefaces&v=4.0 HTTP/1.1" 304 -
186.154.32.145 - - [28/May/2023:20:48:52 -0500] "GET /sipse/js/disable_browser_buttons.js HTTP/1.1" 304 -
186.154.32.145 - - [28/May/2023:20:48:52 -0500] "GET /sipse/faces/javax.faces.resource/layout/layout.js?ln=primefaces&v=4.0 HTTP/1.1" 200 87560
186.154.32.145 - - [28/May/2023:20:48:52 -0500] "GET /sipse/faces/javax.faces.resource/jquery/jquery.js?ln=primefaces&v=4.0 HTTP/1.1" 200 105384
186.154.32.145 - - [28/May/2023:20:48:52 -0500] "GET /sipse/faces/javax.faces.resource/primefaces.js?ln=primefaces&v=4.0 HTTP/1.1" 200 276924
186.154.32.145 - - [28/May/2023:20:48:52 -0500] "GET /sipse/faces/javax.faces.resource/jquery/jquery-plugins.js?ln=primefaces&v=4.0 HTTP/1.1" 200 220526
186.154.32.145 - - [28/May/2023:20:48:53 -0500] "GET /sipse/css/imagen/loginimg.png HTTP/1.1" 304 -
186.154.32.145 - - [28/May/2023:20:48:53 -0500] "GET /sipse/css/imagen/logoSDG.png HTTP/1.1" 304 -
186.154.32.145 - - [28/May/2023:20:48:53 -0500] "GET /sipse/faces/javax.faces.resource/images/ui-icons_898989_256x240.png?ln=primefaces-aristo HTTP/1.1" 304 -
186.154.32.145 - - [28/May/2023:20:48:53 -0500] "GET /sipse/faces/faces/index.xhtml HTTP/1.1" 200 677
186.154.32.145 - - [28/May/2023:20:48:53 -0500] "GET /sipse/faces/javax.faces.resource/theme.css?ln=primefaces-sipse HTTP/1.1" 304 -
186.154.32.145 - - [28/May/2023:20:48:53 -0500] "GET /sipse/faces/faces/faces/autenticacion.xhtml HTTP/1.1" 200 12178
186.154.32.145 - - [28/May/2023:20:48:53 -0500] "GET /sipse/faces/javax.faces.resource/theme.css?ln=primefaces-sipse HTTP/1.1" 304 -
186.154.32.145 - - [28/May/2023:20:48:53 -0500] "GET /sipse/faces/javax.faces.resource/primefaces.css?ln=primefaces&v=4.0 HTTP/1.1" 304 -
186.154.32.145 - - [28/May/2023:20:48:53 -0500] "GET /sipse/faces/javax.faces.resource/jquery/jquery.js?ln=primefaces&v=4.0 HTTP/1.1" 304 -
186.154.32.145 - - [28/May/2023:20:48:53 -0500] "GET /sipse/faces/javax.faces.resource/jquery/jquery-plugins.js?ln=primefaces&v=4.0 HTTP/1.1" 304 -
186.154.32.145 - - [28/May/2023:20:48:53 -0500] "GET /sipse/faces/javax.faces.resource/layout/layout.js?ln=primefaces&v=4.0 HTTP/1.1" 304 -
186.154.32.145 - - [28/May/2023:20:48:53 -0500] "GET /sipse/faces/javax.faces.resource/primefaces.js?ln=primefaces&v=4.0 HTTP/1.1" 304 -
186.154.32.145 - - [28/May/2023:20:48:53 -0500] "GET /sipse/faces/javax.faces.resource/layout/layout.css?ln=primefaces&v=4.0 HTTP/1.1" 304 -
186.154.32.145 - - [28/May/2023:20:48:56 -0500] "POST /sipse/faces/autenticacion.xhtml HTTP/1.1" 200 2225
186.154.32.145 - - [28/May/2023:20:48:56 -0500] "GET /sipse/faces/javax.faces.resource/messages/messages.png?ln=primefaces&v=4.0 HTTP/1.1" 304 -
186.154.32.145 - - [28/May/2023:20:48:56 -0500] "GET /sipse/faces/javax.faces.resource/images/ui-icons_898989_256x240.png?ln=primefaces-aristo HTTP/1.1" 304 -
186.154.32.145 - - [28/May/2023:20:48:57 -0500] "POST /sipse/faces/autenticacion.xhtml HTTP/1.1" 200 16244
186.154.32.145 - - [28/May/2023:20:48:57 -0500] "GET /sipse/faces/javax.faces.resource/theme.css?ln=primefaces-sipse HTTP/1.1" 304 -
186.154.32.145 - - [28/May/2023:20:48:57 -0500] "GET /sipse/css/custom_css_sg_prime.css HTTP/1.1" 200 5201
186.154.32.145 - - [28/May/2023:20:48:57 -0500] "GET /sipse/faces/javax.faces.resource/layout/layout.css?ln=primefaces&v=4.0 HTTP/1.1" 304 -
186.154.32.145 - - [28/May/2023:20:48:57 -0500] "GET /sipse/faces/javax.faces.resource/primefaces.css?ln=primefaces&v=4.0 HTTP/1.1" 304 -
186.154.32.145 - - [28/May/2023:20:48:57 -0500] "GET /sipse/js/jquery.min.js HTTP/1.1" 200 85582
186.154.32.145 - - [28/May/2023:20:48:57 -0500] "GET /sipse/faces/javax.faces.resource/jquery/jquery.js?ln=primefaces&v=4.0 HTTP/1.1" 304 -
186.154.32.145 - - [28/May/2023:20:48:57 -0500] "GET /sipse/faces/javax.faces.resource/jquery/jquery-plugins.js?ln=primefaces&v=4.0 HTTP/1.1" 304 -
186.154.32.145 - - [28/May/2023:20:48:57 -0500] "GET /sipse/faces/javax.faces.resource/primefaces.js?ln=primefaces&v=4.0 HTTP/1.1" 304 -
186.154.32.145 - - [28/May/2023:20:48:57 -0500] "GET /sipse/faces/javax.faces.resource/layout/layout.js?ln=primefaces&v=4.0 HTTP/1.1" 304 -
186.154.32.145 - - [28/May/2023:20:48:57 -0500] "GET /sipse/imagenes/cargando.gif HTTP/1.1" 304 -
186.154.32.145 - - [28/May/2023:20:48:57 -0500] "GET /sipse/imagenes/logoAplicacion.jpg HTTP/1.1" 304 -
186.154.32.145 - - [28/May/2023:20:48:57 -0500] "GET /sipse/css/imagen/contrasena.png HTTP/1.1" 404 383
186.154.32.145 - - [28/May/2023:20:48:59 -0500] "GET /sipse/faces/javax.faces.resource/images/ui-bg_flat_0_2d5972_40x100.png?ln=primefaces-aristo HTTP/1.1" 304 -
186.154.32.145 - - [28/May/2023:20:48:59 -0500] "POST /sipse/faces/bienvenido.xhtml HTTP/1.1" 200 2658
186.154.32.145 - - [28/May/2023:20:48:59 -0500] "POST /sipse/faces/bienvenido.xhtml HTTP/1.1" 200 63514
186.154.32.145 - - [28/May/2023:20:49:00 -0500] "GET /sipse/faces/javax.faces.resource/theme.css?ln=primefaces-sipse HTTP/1.1" 304 -
186.154.32.145 - - [28/May/2023:20:49:00 -0500] "GET /sipse/faces/javax.faces.resource/primefaces.css?ln=primefaces&v=4.0 HTTP/1.1" 304 -
186.154.32.145 - - [28/May/2023:20:49:00 -0500] "GET /sipse/faces/javax.faces.resource/layout/layout.css?ln=primefaces&v=4.0 HTTP/1.1" 304 -
186.154.32.145 - - [28/May/2023:20:49:00 -0500] "GET /sipse/faces/javax.faces.resource/jquery/jquery.js?ln=primefaces&v=4.0 HTTP/1.1" 304 -
186.154.32.145 - - [28/May/2023:20:49:00 -0500] "GET /sipse/faces/javax.faces.resource/jquery/jquery-plugins.js?ln=primefaces&v=4.0 HTTP/1.1" 304 -
186.154.32.145 - - [28/May/2023:20:49:00 -0500] "GET /sipse/faces/javax.faces.resource/primefaces.js?ln=primefaces&v=4.0 HTTP/1.1" 304 -
186.154.32.145 - - [28/May/2023:20:49:00 -0500] "GET /sipse/faces/javax.faces.resource/layout/layout.js?ln=primefaces&v=4.0 HTTP/1.1" 304 -
186.154.32.145 - - [28/May/2023:20:49:00 -0500] "POST /sipse/faces/presentacion/financiero/solicitudProceso/listarSolicitudProceso.xhtml HTTP/1.1" 200 1556
69.171.251.117 - - [28/May/2023:20:49:28 -0500] "GET /cucarron-de-mayo-insecto-que-se-puede-observar-por-estos-dias-en-varios-ecosistemas-de-bogota.html?fbclid=IwAR0H3PGzkw-wOHRAf1xyKnUW8KgSaQ7unM-YuucnGdtGkO8KtEdDmR_kGoo HTTP/1.1" 200 762
201.245.192.253 - - [28/May/2023:20:49:41 -0500] "POST /kwsrmcab/Wsrmcab  HTTP/1.1" 200 43526
190.84.43.231 - - [28/May/2023:20:52:04 -0500] "POST /sipse/faces/presentacion/financiero/solicitudProceso/listarSolicitudProceso.xhtml HTTP/1.1" 200 10536
172.22.2.4 - - [28/May/2023:20:51:05 -0500] "HEAD /BLA/boletinlegal/ HTTP/1.1" 200 -
216.245.221.92 - - [28/May/2023:20:53:01 -0500] "HEAD / HTTP/1.1" 200 -
172.22.2.4 - - [28/May/2023:20:51:56 -0500] "GET /BLA/boletinlegal/ HTTP/1.1" 200 57561
201.245.192.253 - - [28/May/2023:20:54:40 -0500] "POST /kwsrmcab/Wsrmcab  HTTP/1.1" 200 43526
216.245.221.92 - - [28/May/2023:20:58:01 -0500] "HEAD / HTTP/1.1" 200 -
172.22.2.4 - - [28/May/2023:20:56:55 -0500] "HEAD /BLA/boletinlegal/ HTTP/1.1" 200 -
172.22.2.4 - - [28/May/2023:20:57:46 -0500] "GET /BLA/boletinlegal/ HTTP/1.1" 200 57561
201.245.192.253 - - [28/May/2023:20:59:40 -0500] "POST /kwsrmcab/Wsrmcab  HTTP/1.1" 200 43526
45.238.182.23 - - [28/May/2023:20:59:50 -0500] "GET /galeria/galeria/jquery.fancybox.js?v=2.1.5 HTTP/1.1" 200 48706
45.238.182.23 - - [28/May/2023:20:59:50 -0500] "GET /galeria/galeria/jquery.fancybox.css?v=2.1.5 HTTP/1.1" 200 4895
45.238.182.23 - - [28/May/2023:20:59:50 -0500] "GET /BLA/boletinlegal/js/jquery.scrollShow.js HTTP/1.1" 200 4586
216.245.221.92 - - [28/May/2023:21:03:01 -0500] "HEAD / HTTP/1.1" 200 -
201.245.192.253 - - [28/May/2023:21:03:31 -0500] "POST /sipse/faces/presentacion/financiero/solicitudProceso/consultarSolicitudProceso.xhtml HTTP/1.1" 200 46330
201.245.192.253 - - [28/May/2023:21:03:31 -0500] "GET /sipse/faces/javax.faces.resource/jquery/jquery.js?ln=primefaces&v=4.0 HTTP/1.1" 304 -
201.245.192.253 - - [28/May/2023:21:03:31 -0500] "GET /sipse/faces/javax.faces.resource/jquery/jquery-plugins.js?ln=primefaces&v=4.0 HTTP/1.1" 304 -
201.245.192.253 - - [28/May/2023:21:03:31 -0500] "GET /sipse/faces/javax.faces.resource/primefaces.js?ln=primefaces&v=4.0 HTTP/1.1" 304 -
201.245.192.253 - - [28/May/2023:21:03:32 -0500] "GET /sipse/faces/javax.faces.resource/layout/layout.js?ln=primefaces&v=4.0 HTTP/1.1" 304 -
201.245.192.253 - - [28/May/2023:21:03:32 -0500] "POST /sipse/faces/presentacion/financiero/solicitudProceso/consultar.xhtml HTTP/1.1" 200 39757
201.245.192.253 - - [28/May/2023:21:03:32 -0500] "POST /sipse/faces/presentacion/financiero/solicitudProceso/consultar.xhtml HTTP/1.1" 200 39757
201.245.192.253 - - [28/May/2023:21:03:32 -0500] "POST /sipse/faces/presentacion/financiero/solicitudProceso/consultar.xhtml HTTP/1.1" 200 39757
201.245.192.253 - - [28/May/2023:21:03:32 -0500] "POST /sipse/faces/presentacion/financiero/solicitudProceso/consultar.xhtml HTTP/1.1" 200 39757
201.245.192.253 - - [28/May/2023:21:03:33 -0500] "POST /sipse/faces/presentacion/financiero/solicitudProceso/consultar.xhtml HTTP/1.1" 200 39757
201.245.192.253 - - [28/May/2023:21:03:33 -0500] "POST /sipse/faces/presentacion/financiero/solicitudProceso/consultar.xhtml HTTP/1.1" 200 39757
201.245.192.253 - - [28/May/2023:21:03:33 -0500] "POST /sipse/faces/presentacion/financiero/solicitudProceso/consultar.xhtml HTTP/1.1" 200 39757
201.245.192.253 - - [28/May/2023:21:03:33 -0500] "POST /sipse/faces/presentacion/financiero/solicitudProceso/consultar.xhtml HTTP/1.1" 200 39757
201.245.192.253 - - [28/May/2023:21:03:39 -0500] "POST /sipse/faces/presentacion/financiero/solicitudProceso/consultar.xhtml HTTP/1.1" 200 12972
201.245.192.253 - - [28/May/2023:21:03:43 -0500] "POST /sipse/faces/presentacion/financiero/solicitudProceso/consultar.xhtml HTTP/1.1" 200 142609
201.245.192.253 - - [28/May/2023:21:03:44 -0500] "GET /sipse/faces/javax.faces.resource/jquery/jquery.js?ln=primefaces&v=4.0 HTTP/1.1" 304 -
201.245.192.253 - - [28/May/2023:21:03:44 -0500] "GET /sipse/faces/javax.faces.resource/jquery/jquery-plugins.js?ln=primefaces&v=4.0 HTTP/1.1" 304 -
201.245.192.253 - - [28/May/2023:21:03:44 -0500] "GET /sipse/faces/javax.faces.resource/primefaces.js?ln=primefaces&v=4.0 HTTP/1.1" 304 -
201.245.192.253 - - [28/May/2023:21:03:44 -0500] "GET /sipse/faces/javax.faces.resource/layout/layout.js?ln=primefaces&v=4.0 HTTP/1.1" 304 -
186.102.24.209 - - [28/May/2023:21:03:49 -0500] "GET /BLA/boletinlegal/js/jquery.scrollShow.js HTTP/1.1" 200 4586
186.102.24.209 - - [28/May/2023:21:03:49 -0500] "GET /galeria/galeria/jquery.fancybox.css?v=2.1.5 HTTP/1.1" 200 4895
186.102.24.209 - - [28/May/2023:21:03:49 -0500] "GET /galeria/galeria/jquery.fancybox.js?v=2.1.5 HTTP/1.1" 200 48706
172.22.2.4 - - [28/May/2023:21:02:45 -0500] "HEAD /BLA/boletinlegal/ HTTP/1.1" 200 -
201.245.192.253 - - [28/May/2023:21:04:38 -0500] "POST /kwsrmcab/Wsrmcab  HTTP/1.1" 200 43526
66.249.70.207 - - [28/May/2023:21:04:57 -0500] "-" 408 -
172.22.2.4 - - [28/May/2023:21:03:36 -0500] "GET /BLA/boletinlegal/ HTTP/1.1" 200 57561
172.22.2.4 - - [28/May/2023:21:05:32 -0500] "GET /BLA/boletinlegal/jurisprudencia.php HTTP/1.1" 200 17583
172.22.2.4 - - [28/May/2023:21:05:46 -0500] "GET /BLA/boletinlegal/js/jquery1.js HTTP/1.1" 200 29846
172.22.2.4 - - [28/May/2023:21:05:46 -0500] "GET /BLA/boletinlegal/js/popup.js HTTP/1.1" 200 1270
172.22.2.4 - - [28/May/2023:21:05:50 -0500] "GET /BLA/boletinlegal/js/lib.js HTTP/1.1" 200 6474
172.22.2.4 - - [28/May/2023:21:05:50 -0500] "GET /BLA/boletinlegal/actos.php HTTP/1.1" 200 9682
172.22.2.4 - - [28/May/2023:21:05:51 -0500] "GET /BLA/boletinlegal/styles2.css HTTP/1.1" 200 1838
172.22.2.4 - - [28/May/2023:21:05:51 -0500] "GET /BLA/boletinlegal/js/ajax_actos.js HTTP/1.1" 200 1322
172.22.2.4 - - [28/May/2023:21:05:51 -0500] "GET /BLA/boletinlegal/niceforms-default.css HTTP/1.1" 200 6694
172.22.2.4 - - [28/May/2023:21:05:51 -0500] "GET /BLA/boletinlegal/style.css HTTP/1.1" 200 9406
172.22.2.4 - - [28/May/2023:21:05:51 -0500] "GET /BLA/boletinlegal/niceforms.js HTTP/1.1" 200 22876
172.22.2.4 - - [28/May/2023:21:05:51 -0500] "GET /BLA/boletinlegal/js/lib.js HTTP/1.1" 200 6474
172.22.2.4 - - [28/May/2023:21:05:51 -0500] "GET /BLA/boletinlegal/js/popup.js HTTP/1.1" 200 1270
172.22.2.4 - - [28/May/2023:21:05:51 -0500] "GET /BLA/boletinlegal/images/green-yellow-blue-pink-th.png HTTP/1.1" 200 7394
172.22.2.4 - - [28/May/2023:21:05:51 -0500] "GET /BLA/boletinlegal/images/registro-usuarios.png HTTP/1.1" 200 8106
172.22.2.4 - - [28/May/2023:21:05:51 -0500] "GET /BLA/boletinlegal/images/icono-email.png HTTP/1.1" 200 5544
172.22.2.4 - - [28/May/2023:21:05:51 -0500] "GET /BLA/boletinlegal/images/body_bg.jpg HTTP/1.1" 200 1601
172.22.2.4 - - [28/May/2023:21:05:51 -0500] "GET /BLA/boletinlegal/images/menu_lft.gif HTTP/1.1" 200 1713
172.22.2.4 - - [28/May/2023:21:05:51 -0500] "GET /BLA/boletinlegal/images/menu_rght.gif HTTP/1.1" 200 1627
172.22.2.4 - - [28/May/2023:21:05:51 -0500] "GET /BLA/boletinlegal/images/hover.jpg HTTP/1.1" 200 640
172.22.2.4 - - [28/May/2023:21:05:51 -0500] "GET /BLA/boletinlegal/images/bg_top.jpg HTTP/1.1" 200 522
172.22.2.4 - - [28/May/2023:21:05:51 -0500] "GET /BLA/boletinlegal/images/text.jpg HTTP/1.1" 200 568
172.22.2.4 - - [28/May/2023:21:05:51 -0500] "GET /BLA/boletinlegal/images/footer_bg.jpg HTTP/1.1" 200 586
172.22.2.4 - - [28/May/2023:21:05:51 -0500] "GET /BLA/boletinlegal/images/menu_bg.jpg HTTP/1.1" 200 620
172.22.2.4 - - [28/May/2023:21:05:51 -0500] "GET /BLA/boletinlegal/images/footer_bg_l.jpg HTTP/1.1" 200 776
172.22.2.4 - - [28/May/2023:21:05:51 -0500] "GET /BLA/boletinlegal/img/0.png HTTP/1.1" 200 110
172.22.2.4 - - [28/May/2023:21:05:51 -0500] "GET /BLA/boletinlegal/img/select-left.png HTTP/1.1" 200 263
172.22.2.4 - - [28/May/2023:21:05:51 -0500] "GET /BLA/boletinlegal/favicon.ico HTTP/1.1" 404 1326
191.156.56.186 - - [28/May/2023:21:05:54 -0500] "GET /BLA/resoluciones/dlf/styles.css HTTP/1.1" 200 3049
191.156.50.50 - - [28/May/2023:21:05:54 -0500] "GET /BLA/resoluciones/ HTTP/1.1" 200 13502
191.156.54.195 - - [28/May/2023:21:05:54 -0500] "GET /BLA/resoluciones/dlf/folder.png HTTP/1.1" 200 410
191.156.56.186 - - [28/May/2023:21:05:54 -0500] "GET /BLA/resoluciones/dlf/bg.gif HTTP/1.1" 200 54
191.156.54.195 - - [28/May/2023:21:06:06 -0500] "GET /BLA/resoluciones/dlf/dirup.png HTTP/1.1" 200 644
191.156.50.50 - - [28/May/2023:21:06:06 -0500] "GET /BLA/resoluciones/dlf/pdf.gif HTTP/1.1" 200 272
191.156.56.186 - - [28/May/2023:21:06:06 -0500] "GET /BLA/resoluciones/index.php?dir=AUTOS+2015%2F HTTP/1.1" 200 582212
216.245.221.92 - - [28/May/2023:21:08:01 -0500] "HEAD / HTTP/1.1" 200 -
186.29.32.144 - - [28/May/2023:21:09:11 -0500] "GET /distrito-realizo-jornada-de-limpieza-en-el-conector-ecosistemico-media-luna-del-sur.html HTTP/1.1" 200 807
201.245.192.253 - - [28/May/2023:21:09:36 -0500] "POST /kwsrmcab/Wsrmcab  HTTP/1.1" 200 43526
157.55.39.213 - - [28/May/2023:21:09:41 -0500] "GET /BLA/resoluciones/AUTOS%202021/4849.pdf HTTP/1.1" 304 -
157.55.39.213 - - [28/May/2023:21:10:01 -0500] "GET /BLA/resoluciones/RESOLUCIONES%202013/0936.pdf HTTP/1.1" 304 -
66.249.79.132 - - [28/May/2023:21:10:14 -0500] "-" 408 -
172.22.2.4 - - [28/May/2023:21:08:35 -0500] "HEAD /BLA/boletinlegal/ HTTP/1.1" 200 -
157.55.39.213 - - [28/May/2023:21:10:33 -0500] "GET /BLA/resoluciones/RESOLUCIONES%202021/1218.pdf HTTP/1.1" 200 2408892
173.252.83.7 - - [28/May/2023:21:10:54 -0500] "GET /images/mercados-campesinos-5-mayo.jpg HTTP/1.1" 200 95848
172.22.2.4 - - [28/May/2023:21:09:26 -0500] "GET /BLA/boletinlegal/ HTTP/1.1" 200 57151
216.245.221.92 - - [28/May/2023:21:13:01 -0500] "HEAD / HTTP/1.1" 200 -
116.202.20.140 - - [28/May/2023:21:14:32 -0500] "GET / HTTP/1.1" 200 319
201.245.192.253 - - [28/May/2023:21:14:36 -0500] "POST /kwsrmcab/Wsrmcab  HTTP/1.1" 200 43526
172.22.2.4 - - [28/May/2023:21:15:37 -0500] "GET /BLA/boletinlegal/_ignition/execute-solution HTTP/1.1" 404 1018
172.22.2.4 - - [28/May/2023:21:14:25 -0500] "HEAD /BLA/boletinlegal/ HTTP/1.1" 200 -
172.22.2.4 - - [28/May/2023:21:15:16 -0500] "GET /BLA/boletinlegal/ HTTP/1.1" 200 57561
66.249.79.130 - - [28/May/2023:21:17:51 -0500] "-" 408 -
216.245.221.92 - - [28/May/2023:21:18:01 -0500] "HEAD / HTTP/1.1" 200 -
66.249.70.207 - - [28/May/2023:21:18:42 -0500] "-" 408 -
201.245.192.253 - - [28/May/2023:21:18:59 -0500] "POST /kwsrmcab/Wsrmcab HTTP/1.1" 200 43794
201.245.192.253 - - [28/May/2023:21:19:01 -0500] "POST /kwsrmcab/Wsrmcab HTTP/1.1" 200 43933
172.22.2.4 - - [28/May/2023:21:19:23 -0500] "GET /BLA/boletinlegal/favicon.ico HTTP/1.1" 404 1018
201.245.192.253 - - [28/May/2023:21:19:35 -0500] "POST /kwsrmcab/Wsrmcab  HTTP/1.1" 200 43526
172.22.2.4 - - [28/May/2023:21:19:09 -0500] "GET /BLA/boletinlegal/ HTTP/1.1" 200 28619
173.252.127.9 - - [28/May/2023:21:21:50 -0500] "GET /images/Reciclaton-2023.jpg HTTP/1.1" 200 68883
172.22.2.4 - - [28/May/2023:21:20:15 -0500] "HEAD /BLA/boletinlegal/ HTTP/1.1" 200 -
172.22.2.4 - - [28/May/2023:21:21:06 -0500] "GET /BLA/boletinlegal/ HTTP/1.1" 200 59306
216.245.221.92 - - [28/May/2023:21:23:01 -0500] "HEAD / HTTP/1.1" 200 -
186.86.32.230 - - [28/May/2023:21:23:43 -0500] "GET /reciclaton-empresarial-2023-como-inscribirse-a-la-primera-jornada-del-ano.html HTTP/1.1" 200 705
201.245.192.253 - - [28/May/2023:21:24:34 -0500] "POST /kwsrmcab/Wsrmcab  HTTP/1.1" 200 43526
172.22.2.4 - - [28/May/2023:21:26:05 -0500] "HEAD /BLA/boletinlegal/ HTTP/1.1" 200 -
216.245.221.92 - - [28/May/2023:21:28:01 -0500] "HEAD / HTTP/1.1" 200 -
172.22.2.4 - - [28/May/2023:21:26:56 -0500] "GET /BLA/boletinlegal/ HTTP/1.1" 200 57945
201.245.192.253 - - [28/May/2023:21:28:59 -0500] "POST /kwsrmcab/Wsrmcab HTTP/1.1" 200 43794
201.245.192.253 - - [28/May/2023:21:29:01 -0500] "POST /kwsrmcab/Wsrmcab HTTP/1.1" 200 43933
201.245.192.253 - - [28/May/2023:21:29:33 -0500] "POST /kwsrmcab/Wsrmcab  HTTP/1.1" 200 43526
52.167.144.55 - - [28/May/2023:21:30:35 -0500] "-" 408 -
157.55.39.213 - - [28/May/2023:21:32:42 -0500] "GET /BLA/resoluciones/RESOLUCIONES%202006/0880.tif HTTP/1.1" 200 39592
216.245.221.92 - - [28/May/2023:21:33:01 -0500] "HEAD / HTTP/1.1" 200 -
172.22.2.4 - - [28/May/2023:21:31:55 -0500] "HEAD /BLA/boletinlegal/ HTTP/1.1" 200 -
172.22.2.4 - - [28/May/2023:21:32:46 -0500] "GET /BLA/boletinlegal/ HTTP/1.1" 200 46827
201.245.192.253 - - [28/May/2023:21:34:32 -0500] "POST /kwsrmcab/Wsrmcab  HTTP/1.1" 200 43526
172.22.2.4 - - [28/May/2023:21:33:17 -0500] "GET /BLA/boletinlegal/ HTTP/1.1" 200 48659
66.249.79.134 - - [28/May/2023:21:35:17 -0500] "-" 408 -
172.22.2.4 - - [28/May/2023:21:37:08 -0500] "GET /BLA/boletinlegal/Circulares/2019/.pdf HTTP/1.1" 404 1218
216.245.221.92 - - [28/May/2023:21:38:01 -0500] "HEAD / HTTP/1.1" 200 -
201.245.192.253 - - [28/May/2023:21:38:59 -0500] "POST /kwsrmcab/Wsrmcab HTTP/1.1" 200 43794
201.245.192.253 - - [28/May/2023:21:39:02 -0500] "POST /kwsrmcab/Wsrmcab HTTP/1.1" 200 43933
172.22.2.4 - - [28/May/2023:21:37:45 -0500] "HEAD /BLA/boletinlegal/ HTTP/1.1" 200 -
201.245.192.253 - - [28/May/2023:21:39:30 -0500] "POST /kwsrmcab/Wsrmcab  HTTP/1.1" 200 43526
172.22.2.4 - - [28/May/2023:21:38:36 -0500] "GET /BLA/boletinlegal/ HTTP/1.1" 200 52326
172.22.2.4 - - [28/May/2023:21:39:30 -0500] "GET /BLA/boletinlegal/ HTTP/1.1" 200 28619
66.249.70.207 - - [28/May/2023:21:40:31 -0500] "-" 408 -
172.22.2.4 - - [28/May/2023:21:42:45 -0500] "GET /BLA/boletinlegal/favicon.ico HTTP/1.1" 404 1018
172.22.2.4 - - [28/May/2023:21:42:29 -0500] "GET /BLA/boletinlegal/ HTTP/1.1" 200 20427
216.245.221.92 - - [28/May/2023:21:43:01 -0500] "HEAD / HTTP/1.1" 200 -
172.22.2.4 - - [28/May/2023:21:42:30 -0500] "GET /BLA/boletinlegal/ HTTP/1.1" 200 28619
186.30.177.171 - - [28/May/2023:21:43:31 -0500] "GET /forest/ HTTP/1.1" 200 12041
186.30.177.171 - - [28/May/2023:21:43:49 -0500] "POST /forest/index.php HTTP/1.1" 200 12268
201.245.192.253 - - [28/May/2023:21:44:29 -0500] "POST /kwsrmcab/Wsrmcab  HTTP/1.1" 200 43526
173.252.111.117 - - [28/May/2023:21:44:55 -0500] "GET /reciclaton-empresarial-2023-como-inscribirse-a-la-primera-jornada-del-ano.html HTTP/1.1" 206 705
172.22.2.4 - - [28/May/2023:21:43:35 -0500] "HEAD /BLA/boletinlegal/ HTTP/1.1" 200 -
172.22.2.4 - - [28/May/2023:21:44:26 -0500] "GET /BLA/boletinlegal/ HTTP/1.1" 200 52730
173.252.127.2 - - [28/May/2023:21:47:20 -0500] "GET /images/caminos-de-los-cerros-1_optimized.jpeg HTTP/1.1" 200 49537
216.245.221.92 - - [28/May/2023:21:48:01 -0500] "HEAD / HTTP/1.1" 200 -
66.249.70.207 - - [28/May/2023:21:48:42 -0500] "-" 408 -
201.245.192.253 - - [28/May/2023:21:49:27 -0500] "POST /kwsrmcab/Wsrmcab  HTTP/1.1" 200 43526
40.77.167.205 - - [28/May/2023:21:50:37 -0500] "GET /convocatoria-conviertete-en-nuestro-corresponsal-ambiental-y-aporta-a-la-transformacion-de-tu-localidad.html HTTP/1.1" 200 818
172.22.2.4 - - [28/May/2023:21:49:25 -0500] "HEAD /BLA/boletinlegal/ HTTP/1.1" 200 -
172.22.2.4 - - [28/May/2023:21:50:16 -0500] "GET /BLA/boletinlegal/ HTTP/1.1" 200 57561
162.55.167.166 - - [28/May/2023:21:52:04 -0500] "GET / HTTP/1.1" 200 319
216.245.221.92 - - [28/May/2023:21:53:01 -0500] "HEAD / HTTP/1.1" 200 -
190.27.182.224 - - [28/May/2023:21:53:44 -0500] "GET /BLA/resoluciones/index.php?dir=AUTOS+2019%2F HTTP/1.1" 200 379346
201.245.192.253 - - [28/May/2023:21:54:26 -0500] "POST /kwsrmcab/Wsrmcab  HTTP/1.1" 200 43526
66.249.70.207 - - [28/May/2023:21:55:31 -0500] "-" 408 -
172.22.2.4 - - [28/May/2023:21:55:15 -0500] "HEAD /BLA/boletinlegal/ HTTP/1.1" 200 -
172.22.2.4 - - [28/May/2023:21:56:06 -0500] "GET /BLA/boletinlegal/ HTTP/1.1" 200 52326
190.27.182.224 - - [28/May/2023:21:57:51 -0500] "GET /BLA/resoluciones/AUTOS%202019/1721.pdf HTTP/1.1" 200 301599
172.22.2.4 - - [28/May/2023:21:58:01 -0500] "GET /BLA/boletinlegal/robots.txt HTTP/1.1" 404 1038
216.245.221.92 - - [28/May/2023:21:58:01 -0500] "HEAD / HTTP/1.1" 200 -
172.22.2.4 - - [28/May/2023:21:58:01 -0500] "GET /BLA/boletinlegal/normativa.php HTTP/1.1" 200 8343
173.252.107.112 - - [28/May/2023:21:59:09 -0500] "GET /celebra-el-dia-del-arbol-conociendo-la-naturaleza-de-la-ciudad.html HTTP/1.1" 200 939
173.252.107.116 - - [28/May/2023:21:59:09 -0500] "GET /celebra-el-dia-del-arbol-conociendo-la-naturaleza-de-la-ciudad.html HTTP/1.1" 200 939
157.55.39.239 - - [28/May/2023:21:59:22 -0500] "GET /BLA/resoluciones/RESOLUCIONES%202015/1042.pdf HTTP/1.1" 304 -
201.245.192.253 - - [28/May/2023:21:59:25 -0500] "POST /kwsrmcab/Wsrmcab  HTTP/1.1" 200 43526
200.118.60.119 - - [28/May/2023:21:59:35 -0500] "GET /BLA/resoluciones/index.php?dir=AUTOS+2019%2F HTTP/1.1" 200 379346
173.252.87.119 - - [28/May/2023:22:00:08 -0500] "GET /images/jardines-verticales-4-marzo.jpg HTTP/1.1" 200 54804
173.252.107.13 - - [28/May/2023:22:00:55 -0500] "GET /importante-avance-en-la-calidad-del-agua-de-los-principales-rios-de-bogota.html HTTP/1.1" 206 1095
190.27.182.224 - - [28/May/2023:22:01:14 -0500] "GET /BLA/resoluciones/AUTOS%202019/1721.pdf HTTP/1.1" 206 1
190.27.182.224 - - [28/May/2023:22:01:18 -0500] "GET /BLA/resoluciones/AUTOS%202019/1721.pdf HTTP/1.1" 206 28699
190.27.182.224 - - [28/May/2023:22:01:23 -0500] "GET /favicon.ico HTTP/1.1" 200 7782
172.105.128.11 - - [28/May/2023:22:01:54 -0500] "\x16\x03\x01" 400 226
184.105.108.4 - - [28/May/2023:22:01:59 -0500] "-" 408 -
172.22.2.4 - - [28/May/2023:22:01:05 -0500] "HEAD /BLA/boletinlegal/ HTTP/1.1" 200 -
216.245.221.92 - - [28/May/2023:22:03:01 -0500] "HEAD / HTTP/1.1" 200 -
184.105.108.4 - - [28/May/2023:22:03:25 -0500] "-" 408 -
172.22.2.4 - - [28/May/2023:22:01:56 -0500] "GET /BLA/boletinlegal/ HTTP/1.1" 200 56287
190.25.108.255 - - [28/May/2023:22:04:14 -0500] "GET /galeria/galeria/jquery.fancybox.css?v=2.1.5 HTTP/1.1" 200 4895
190.25.108.255 - - [28/May/2023:22:04:14 -0500] "GET /BLA/boletinlegal/js/jquery.scrollShow.js HTTP/1.1" 200 4586
190.25.108.255 - - [28/May/2023:22:04:14 -0500] "GET /galeria/galeria/jquery.fancybox.js?v=2.1.5 HTTP/1.1" 200 48706
201.245.192.253 - - [28/May/2023:22:04:25 -0500] "POST /kwsrmcab/Wsrmcab  HTTP/1.1" 200 43526
129.132.202.155 - - [28/May/2023:22:04:44 -0500] "HEAD /php/CarreraAdministrativa/LINEAMIENTOS_PLAN_MEJORMIENTO_INDIVIDUAL.doc HTTP/1.1" 404 -
172.22.2.4 - - [28/May/2023:22:07:20 -0500] "GET /BLA/boletinlegal/jurisprudencia/analisis/AnalisisT-606-15.docx HTTP/1.1" 304 -
216.245.221.92 - - [28/May/2023:22:08:01 -0500] "HEAD / HTTP/1.1" 200 -
173.252.107.1 - - [28/May/2023:22:08:24 -0500] "GET /bogota-tendra-la-primera-planta-de-termovalorizacion-de-colombia-la-cual-convertira-los-residuos-en-energia-para-la-ciudad.html HTTP/1.1" 206 883
172.22.2.4 - - [28/May/2023:22:06:55 -0500] "HEAD /BLA/boletinlegal/ HTTP/1.1" 200 -
172.22.2.4 - - [28/May/2023:22:07:45 -0500] "GET /BLA/boletinlegal/ HTTP/1.1" 200 55934
201.245.192.253 - - [28/May/2023:22:09:24 -0500] "POST /kwsrmcab/Wsrmcab  HTTP/1.1" 200 43526
216.245.221.92 - - [28/May/2023:22:13:01 -0500] "HEAD / HTTP/1.1" 200 -
157.55.39.213 - - [28/May/2023:22:13:59 -0500] "GET /BLA/resoluciones/RESOLUCIONES%202021/3965.pdf HTTP/1.1" 304 -
201.245.192.253 - - [28/May/2023:22:14:22 -0500] "POST /kwsrmcab/Wsrmcab  HTTP/1.1" 200 43526
172.22.2.4 - - [28/May/2023:22:12:45 -0500] "HEAD /BLA/boletinlegal/ HTTP/1.1" 200 -
173.252.107.12 - - [28/May/2023:22:15:05 -0500] "GET /semana-ambiental-2022-del-31-de-mayo-al-5-de-junio-se-celebrara-en-bogota.html HTTP/1.1" 206 799
172.22.2.4 - - [28/May/2023:22:13:35 -0500] "GET /BLA/boletinlegal/ HTTP/1.1" 200 57151
40.77.167.97 - - [28/May/2023:22:16:35 -0500] "GET /BLA/resoluciones/AUTOS%202015/0237.pdf HTTP/1.1" 304 -
40.77.167.97 - - [28/May/2023:22:17:45 -0500] "GET /BLA/resoluciones/RESOLUCIONES%202005/1270.tif HTTP/1.1" 200 28932
216.245.221.92 - - [28/May/2023:22:18:01 -0500] "HEAD / HTTP/1.1" 200 -
201.245.192.253 - - [28/May/2023:22:18:59 -0500] "POST /kwsrmcab/Wsrmcab HTTP/1.1" 200 43950
201.245.192.253 - - [28/May/2023:22:19:01 -0500] "POST /kwsrmcab/Wsrmcab HTTP/1.1" 200 43966
172.22.2.4 - - [28/May/2023:22:19:22 -0500] "GET /BLA/boletinlegal/Directivas/2019/Directiva%20No.%200001%20del%2011%20de%20junio%20de%202019.pdf HTTP/1.1" 200 228190
172.22.2.4 - - [28/May/2023:22:19:22 -0500] "GET /BLA/boletinlegal/favicon.ico HTTP/1.1" 404 1496
201.245.192.253 - - [28/May/2023:22:19:21 -0500] "POST /kwsrmcab/Wsrmcab  HTTP/1.1" 200 43526
172.22.2.4 - - [28/May/2023:22:18:35 -0500] "HEAD /BLA/boletinlegal/ HTTP/1.1" 200 -
172.22.2.4 - - [28/May/2023:22:19:26 -0500] "GET /BLA/boletinlegal/ HTTP/1.1" 200 52730
191.156.149.174 - - [28/May/2023:22:22:54 -0500] "GET /mujeres-secretaria-de-ambiente-abre-nueva-convocatoria-para-aprender-sobre-el-cuidado-de-los-humedales.html HTTP/1.1" 200 853
216.245.221.92 - - [28/May/2023:22:23:01 -0500] "HEAD / HTTP/1.1" 200 -
201.245.192.253 - - [28/May/2023:22:24:20 -0500] "POST /kwsrmcab/Wsrmcab  HTTP/1.1" 200 43526
31.13.127.24 - - [28/May/2023:22:24:41 -0500] "GET /secretaria-de-ambiente-entrego-balance-de-su-gestion-en-2022-y-presento-los-retos-para-el-2023.html HTTP/1.1" 206 968
172.22.2.4 - - [28/May/2023:22:24:25 -0500] "HEAD /BLA/boletinlegal/ HTTP/1.1" 200 -
66.249.70.210 - - [28/May/2023:22:26:07 -0500] "-" 408 -
172.22.2.4 - - [28/May/2023:22:25:15 -0500] "GET /BLA/boletinlegal/ HTTP/1.1" 200 59306
216.245.221.92 - - [28/May/2023:22:28:01 -0500] "HEAD / HTTP/1.1" 200 -
201.245.192.253 - - [28/May/2023:22:28:59 -0500] "POST /kwsrmcab/Wsrmcab HTTP/1.1" 200 43950
201.245.192.253 - - [28/May/2023:22:29:04 -0500] "POST /kwsrmcab/Wsrmcab HTTP/1.1" 200 43966
201.245.192.253 - - [28/May/2023:22:29:19 -0500] "POST /kwsrmcab/Wsrmcab  HTTP/1.1" 200 43526
172.22.2.4 - - [28/May/2023:22:30:15 -0500] "HEAD /BLA/boletinlegal/ HTTP/1.1" 200 -
172.22.2.4 - - [28/May/2023:22:31:06 -0500] "GET /BLA/boletinlegal/ HTTP/1.1" 200 57561
40.77.167.205 - - [28/May/2023:22:32:54 -0500] "GET /distrito-realizo-recorrido-por-los-bosques-santa-helena-y-brazo-salitre.html HTTP/1.1" 200 808
216.245.221.92 - - [28/May/2023:22:33:01 -0500] "HEAD / HTTP/1.1" 200 -
40.77.167.97 - - [28/May/2023:22:33:36 -0500] "GET /BLA/resoluciones/RESOLUCIONES%202021/5137.pdf HTTP/1.1" 304 -
201.245.192.253 - - [28/May/2023:22:34:17 -0500] "POST /kwsrmcab/Wsrmcab  HTTP/1.1" 200 43526
186.31.44.250 - - [28/May/2023:22:34:20 -0500] "GET /BLA/resoluciones/index.php?dir= HTTP/1.1" 200 13502
186.31.44.250 - - [28/May/2023:22:34:24 -0500] "GET /BLA/resoluciones/index.php?dir=AUTOS+2017%2F HTTP/1.1" 200 469299
172.22.2.4 - - [28/May/2023:22:33:20 -0500] "GET /BLA/boletinlegal/ HTTP/1.1" 200 61759
172.22.2.4 - - [28/May/2023:22:37:19 -0500] "GET /BLA/boletinlegal/Circulares/2019/.pdf HTTP/1.1" 404 1218
172.22.2.4 - - [28/May/2023:22:37:38 -0500] "GET /BLA/boletinlegal/Circulares/2012/Circular%20No.%2010%20del%2026%20de%20Enero%20de%202012.pdf HTTP/1.1" 404 1218
172.22.2.4 - - [28/May/2023:22:36:05 -0500] "HEAD /BLA/boletinlegal/ HTTP/1.1" 200 -
216.245.221.92 - - [28/May/2023:22:38:01 -0500] "HEAD / HTTP/1.1" 200 -
172.22.2.4 - - [28/May/2023:22:36:55 -0500] "GET /BLA/boletinlegal/ HTTP/1.1" 200 59306
40.77.167.205 - - [28/May/2023:22:38:54 -0500] "GET /calidad-del-aire-mejora-percepcion-en-bogota.html HTTP/1.1" 200 773
201.245.192.253 - - [28/May/2023:22:38:58 -0500] "POST /kwsrmcab/Wsrmcab HTTP/1.1" 200 43950
201.245.192.253 - - [28/May/2023:22:39:01 -0500] "POST /kwsrmcab/Wsrmcab HTTP/1.1" 200 43966
201.245.192.253 - - [28/May/2023:22:39:16 -0500] "POST /kwsrmcab/Wsrmcab  HTTP/1.1" 200 43526
124.64.200.22 - - [28/May/2023:22:42:15 -0500] "GET /galeria/galeria/fotos/Humedal-la-conejera4P.jpg HTTP/1.1" 200 33365
216.245.221.92 - - [28/May/2023:22:43:01 -0500] "HEAD / HTTP/1.1" 200 -
172.22.2.4 - - [28/May/2023:22:41:55 -0500] "HEAD /BLA/boletinlegal/ HTTP/1.1" 200 -
201.245.192.253 - - [28/May/2023:22:44:15 -0500] "POST /kwsrmcab/Wsrmcab  HTTP/1.1" 200 43526
172.22.2.4 - - [28/May/2023:22:42:46 -0500] "GET /BLA/boletinlegal/ HTTP/1.1" 200 58307
157.55.39.239 - - [28/May/2023:22:45:11 -0500] "GET /forest/ HTTP/1.1" 200 12041
138.201.157.89 - - [28/May/2023:22:47:43 -0500] "GET / HTTP/1.1" 200 319
216.245.221.92 - - [28/May/2023:22:48:01 -0500] "HEAD / HTTP/1.1" 200 -
186.31.44.250 - - [28/May/2023:22:48:54 -0500] "GET /BLA/resoluciones/index.php?dir=RESOLUCIONES+2017%2F HTTP/1.1" 200 286151
201.245.192.253 - - [28/May/2023:22:49:14 -0500] "POST /kwsrmcab/Wsrmcab  HTTP/1.1" 200 43526
172.22.2.4 - - [28/May/2023:22:47:45 -0500] "HEAD /BLA/boletinlegal/ HTTP/1.1" 200 -
172.22.2.4 - - [28/May/2023:22:48:35 -0500] "GET /BLA/boletinlegal/ HTTP/1.1" 200 54808
216.245.221.92 - - [28/May/2023:22:53:01 -0500] "HEAD / HTTP/1.1" 200 -
201.245.192.253 - - [28/May/2023:22:54:13 -0500] "POST /kwsrmcab/Wsrmcab  HTTP/1.1" 200 43526
186.29.161.88 - - [28/May/2023:22:55:09 -0500] "GET /BLA/boletinlegal/js/jquery.scrollShow.js HTTP/1.1" 200 4586
186.29.161.88 - - [28/May/2023:22:55:09 -0500] "GET /galeria/galeria/jquery.fancybox.css?v=2.1.5 HTTP/1.1" 200 4895
186.29.161.88 - - [28/May/2023:22:55:09 -0500] "GET /galeria/galeria/jquery.fancybox.js?v=2.1.5 HTTP/1.1" 200 48706
172.22.2.4 - - [28/May/2023:22:53:35 -0500] "HEAD /BLA/boletinlegal/ HTTP/1.1" 200 -
172.22.2.4 - - [28/May/2023:22:54:25 -0500] "GET /BLA/boletinlegal/ HTTP/1.1" 200 57151
66.249.79.132 - - [28/May/2023:22:56:18 -0500] "-" 408 -
216.245.221.92 - - [28/May/2023:22:58:01 -0500] "HEAD / HTTP/1.1" 200 -
40.77.202.183 - - [28/May/2023:22:59:10 -0500] "GET /galeria/galeria/jquery.fancybox.js?v=2.1.5 HTTP/1.1" 200 48706
40.77.202.8 - - [28/May/2023:22:59:10 -0500] "GET /galeria/galeria/jquery.fancybox.css?v=2.1.5 HTTP/1.1" 200 4895
201.245.192.253 - - [28/May/2023:22:59:11 -0500] "POST /kwsrmcab/Wsrmcab  HTTP/1.1" 200 43526
157.55.39.239 - - [28/May/2023:23:00:13 -0500] "GET /BLA/resoluciones/RESOLUCIONES%202021/0797.pdf HTTP/1.1" 200 582536
172.22.2.4 - - [28/May/2023:22:59:25 -0500] "HEAD /BLA/boletinlegal/ HTTP/1.1" 200 -
172.22.2.4 - - [28/May/2023:23:00:16 -0500] "GET /BLA/boletinlegal/ HTTP/1.1" 200 57151
172.22.2.4 - - [28/May/2023:23:02:54 -0500] "GET /BLA/boletinlegal/jurisprudencia/analisis/ANALISIST-257-96.docx HTTP/1.1" 304 -
216.245.221.92 - - [28/May/2023:23:03:01 -0500] "HEAD / HTTP/1.1" 200 -
179.43.177.244 - - [28/May/2023:23:03:13 -0500] "POST /boaform/admin/formLogin HTTP/1.1" 404 1186
66.249.79.130 - - [28/May/2023:23:03:31 -0500] "-" 408 -
201.245.192.253 - - [28/May/2023:23:04:10 -0500] "POST /kwsrmcab/Wsrmcab  HTTP/1.1" 200 43526
61.135.159.150 - - [28/May/2023:23:04:46 -0500] "GET / HTTP/1.1" 200 319
193.42.32.124 - - [28/May/2023:23:04:50 -0500] "POST /boaform/admin/formLogin HTTP/1.1" 404 1186
172.22.2.4 - - [28/May/2023:23:05:15 -0500] "HEAD /BLA/boletinlegal/ HTTP/1.1" 200 -
186.83.250.216 - - [28/May/2023:23:06:55 -0500] "GET /BLA/boletinlegal/js/jquery.scrollShow.js HTTP/1.1" 200 4586
186.83.250.216 - - [28/May/2023:23:06:55 -0500] "GET /galeria/galeria/jquery.fancybox.css?v=2.1.5 HTTP/1.1" 200 4895
186.83.250.216 - - [28/May/2023:23:06:55 -0500] "GET /galeria/galeria/jquery.fancybox.js?v=2.1.5 HTTP/1.1" 200 48706
172.22.2.4 - - [28/May/2023:23:06:05 -0500] "GET /BLA/boletinlegal/ HTTP/1.1" 200 59306
216.245.221.92 - - [28/May/2023:23:08:01 -0500] "HEAD / HTTP/1.1" 200 -
201.245.192.253 - - [28/May/2023:23:09:09 -0500] "POST /kwsrmcab/Wsrmcab  HTTP/1.1" 200 43526
186.84.88.120 - - [28/May/2023:23:09:36 -0500] "GET /BLA/resoluciones/Decretos/Decreto%20090%20de%2011%20marzo%20del%202019.pdf HTTP/1.1" 200 292481
186.84.88.120 - - [28/May/2023:23:09:37 -0500] "GET /favicon.ico HTTP/1.1" 200 7782
159.65.4.88 - - [28/May/2023:23:10:09 -0500] "GET / HTTP/1.1" 200 319
159.65.4.88 - - [28/May/2023:23:10:10 -0500] "GET / HTTP/1.1" 200 4720
190.27.182.224 - - [28/May/2023:23:10:32 -0500] "GET /BLA/resoluciones/AUTOS%202019/1721.pdf HTTP/1.1" 200 301599
173.252.87.23 - - [28/May/2023:23:10:35 -0500] "GET /images/caminatas-ecol\xc3\xb3gicas-marzo---1920x1080_optimized.jpg HTTP/1.1" 404 1034
129.132.202.155 - - [28/May/2023:23:11:53 -0500] "HEAD /php/CarreraAdministrativa/INSTRUCTIVO_SISTEMA_PROPIO_SDA_2010.doc HTTP/1.1" 404 -
200.118.60.119 - - [28/May/2023:23:12:26 -0500] "GET /BLA/resoluciones/index.php?dir=AUTOS+2017%2F HTTP/1.1" 200 469299
190.84.119.147 - - [28/May/2023:23:12:33 -0500] "GET /BLA/resoluciones/index.php?dir=AUTOS+2017%2F HTTP/1.1" 200 469299
172.22.2.4 - - [28/May/2023:23:11:05 -0500] "HEAD /BLA/boletinlegal/ HTTP/1.1" 200 -
216.245.221.92 - - [28/May/2023:23:13:01 -0500] "HEAD / HTTP/1.1" 200 -
172.22.2.4 - - [28/May/2023:23:11:55 -0500] "GET /BLA/boletinlegal/ HTTP/1.1" 200 52326
201.245.192.253 - - [28/May/2023:23:14:07 -0500] "POST /kwsrmcab/Wsrmcab  HTTP/1.1" 200 43526
191.156.48.5 - - [28/May/2023:23:15:42 -0500] "GET /galeria/galeria/jquery.fancybox.css?v=2.1.5 HTTP/1.1" 200 4895
191.156.48.5 - - [28/May/2023:23:15:42 -0500] "GET /BLA/boletinlegal/js/jquery.scrollShow.js HTTP/1.1" 200 4586
191.156.48.5 - - [28/May/2023:23:15:42 -0500] "GET /galeria/galeria/jquery.fancybox.js?v=2.1.5 HTTP/1.1" 200 48706
216.245.221.92 - - [28/May/2023:23:18:01 -0500] "HEAD / HTTP/1.1" 200 -
66.249.79.130 - - [28/May/2023:23:18:03 -0500] "-" 408 -
172.22.2.4 - - [28/May/2023:23:16:55 -0500] "HEAD /BLA/boletinlegal/ HTTP/1.1" 200 -
66.249.70.210 - - [28/May/2023:23:18:42 -0500] "-" 408 -
201.245.192.253 - - [28/May/2023:23:18:58 -0500] "POST /kwsrmcab/Wsrmcab HTTP/1.1" 200 43615
201.245.192.253 - - [28/May/2023:23:19:01 -0500] "POST /kwsrmcab/Wsrmcab HTTP/1.1" 200 43970
40.77.167.97 - - [28/May/2023:23:19:04 -0500] "GET /BLA/resoluciones/AUTOS%202021/3390.pdf HTTP/1.1" 304 -
201.245.192.253 - - [28/May/2023:23:19:07 -0500] "POST /kwsrmcab/Wsrmcab  HTTP/1.1" 200 43526
172.22.2.4 - - [28/May/2023:23:17:45 -0500] "GET /BLA/boletinlegal/ HTTP/1.1" 200 58307
