201.245.192.253 - - [30/May/2023:12:02:03 -0500] "GET /sipse/faces/javax.faces.resource/layout/layout.js?ln=primefaces&v=4.0 HTTP/1.1" 304 -
172.22.2.4 - - [30/May/2023:12:02:03 -0500] "GET /BLA/boletinlegal/consulta_normativa.php?tipo=&sector=Aire&ano=1978&resuelve= HTTP/1.1" 200 454
201.245.192.253 - - [30/May/2023:12:02:03 -0500] "POST /sipse/faces/presentacion/workflow/reasignarReenrutar.xhtml HTTP/1.1" 200 28621
201.245.192.253 - - [30/May/2023:12:02:04 -0500] "POST /sipse/faces/presentacion/workflow/reasignarReenrutar.xhtml HTTP/1.1" 200 15487
201.245.192.253 - - [30/May/2023:12:02:05 -0500] "POST /sipse/faces/presentacion/workflow/reasignarReenrutar.xhtml HTTP/1.1" 200 15580
190.131.251.148 - - [30/May/2023:12:02:05 -0500] "GET /galeria/galeria/jquery.fancybox.css?v=2.1.5 HTTP/1.1" 200 4895
190.131.251.148 - - [30/May/2023:12:02:05 -0500] "GET /BLA/boletinlegal/js/jquery.scrollShow.js HTTP/1.1" 200 4586
190.131.251.148 - - [30/May/2023:12:02:05 -0500] "GET /galeria/galeria/jquery.fancybox.js?v=2.1.5 HTTP/1.1" 200 48706
201.245.192.253 - - [30/May/2023:12:02:04 -0500] "POST /sipse/faces/presentacion/financiero/solicitudProceso/consultarSolicitudProceso.xhtml HTTP/1.1" 200 572969
172.22.2.4 - - [30/May/2023:12:02:07 -0500] "GET /BLA/boletinlegal/consulta_normativa.php?tipo=&sector=Aire&ano=1982&resuelve= HTTP/1.1" 200 454
172.22.2.4 - - [30/May/2023:12:02:12 -0500] "GET /BLA/boletinlegal/consulta_normativa.php?tipo=&sector=Aire&ano=1984&resuelve= HTTP/1.1" 200 454
172.22.2.4 - - [30/May/2023:12:02:17 -0500] "GET /BLA/boletinlegal/consulta_normativa.php?tipo=&sector=Aire&ano=1986&resuelve= HTTP/1.1" 200 454
201.245.192.253 - - [30/May/2023:12:02:18 -0500] "POST /sipse/faces/presentacion/financiero/solicitudProceso/consultarSolicitudProceso.xhtml HTTP/1.1" 200 73705
201.245.192.253 - - [30/May/2023:12:02:18 -0500] "GET /sipse/faces/javax.faces.resource/primefaces.css?ln=primefaces&v=4.0 HTTP/1.1" 304 -
201.245.192.253 - - [30/May/2023:12:02:18 -0500] "GET /sipse/faces/javax.faces.resource/theme.css?ln=primefaces-sipse HTTP/1.1" 304 -
201.245.192.253 - - [30/May/2023:12:02:18 -0500] "GET /sipse/faces/javax.faces.resource/layout/layout.css?ln=primefaces&v=4.0 HTTP/1.1" 304 -
201.245.192.253 - - [30/May/2023:12:02:18 -0500] "GET /sipse/faces/javax.faces.resource/jquery/jquery.js?ln=primefaces&v=4.0 HTTP/1.1" 304 -
201.245.192.253 - - [30/May/2023:12:02:18 -0500] "GET /sipse/faces/javax.faces.resource/jquery/jquery-plugins.js?ln=primefaces&v=4.0 HTTP/1.1" 304 -
201.245.192.253 - - [30/May/2023:12:02:19 -0500] "GET /sipse/faces/javax.faces.resource/primefaces.js?ln=primefaces&v=4.0 HTTP/1.1" 304 -
201.245.192.253 - - [30/May/2023:12:02:19 -0500] "GET /sipse/faces/javax.faces.resource/layout/layout.js?ln=primefaces&v=4.0 HTTP/1.1" 304 -
201.245.192.253 - - [30/May/2023:12:02:20 -0500] "POST /kwsrmcab/Wsrmcab  HTTP/1.1" 200 43202
190.24.71.246 - - [30/May/2023:12:02:45 -0500] "GET /kwssiamovil/sm/ldap/au?x=U2FsdGVkX19dXcgUfZokaLDjjNj1A2dDLkEtZRTnmARhxjrbR7j2GoIbwS3bRcE6&y=U2FsdGVkX18GcPsMvAOwAWr19clAuWg15FUpLd9CEuwnDb6vRFTqs5Kf0APC2swC HTTP/1.1" 200 30
201.245.192.253 - - [30/May/2023:12:02:50 -0500] "POST /sipse/faces/presentacion/financiero/solicitudProceso/listarSolicitudProceso.xhtml HTTP/1.1" 200 7611
201.245.192.253 - - [30/May/2023:12:02:50 -0500] "POST /sipse/faces/presentacion/financiero/solicitudProceso/listarSolicitudProceso.xhtml HTTP/1.1" 200 7603
201.245.192.253 - - [30/May/2023:12:02:52 -0500] "POST /sipse/faces/presentacion/financiero/solicitudProceso/listarSolicitudProceso.xhtml HTTP/1.1" 200 164760
201.245.192.253 - - [30/May/2023:12:02:54 -0500] "GET /sipse/faces/javax.faces.resource/jquery/jquery.js?ln=primefaces&v=4.0 HTTP/1.1" 304 -
201.245.192.253 - - [30/May/2023:12:02:54 -0500] "GET /sipse/faces/javax.faces.resource/jquery/jquery-plugins.js?ln=primefaces&v=4.0 HTTP/1.1" 304 -
201.245.192.253 - - [30/May/2023:12:02:54 -0500] "GET /sipse/faces/javax.faces.resource/primefaces.js?ln=primefaces&v=4.0 HTTP/1.1" 304 -
201.245.192.253 - - [30/May/2023:12:02:54 -0500] "GET /sipse/faces/javax.faces.resource/layout/layout.js?ln=primefaces&v=4.0 HTTP/1.1" 304 -
216.245.221.92 - - [30/May/2023:12:02:55 -0500] "HEAD / HTTP/1.1" 200 -
201.245.192.253 - - [30/May/2023:12:02:50 -0500] "POST /sipse/faces/presentacion/workflow/reasignarReenrutar.xhtml HTTP/1.1" 200 23318
201.245.192.253 - - [30/May/2023:12:03:00 -0500] "POST /sipse/faces/presentacion/workflow/reasignarReenrutar.xhtml HTTP/1.1" 200 62054
201.245.192.253 - - [30/May/2023:12:03:14 -0500] "POST /sipse/faces/presentacion/financiero/solicitudProceso/consultar.xhtml HTTP/1.1" 200 34195
201.245.192.253 - - [30/May/2023:12:03:14 -0500] "GET /sipse/faces/javax.faces.resource/theme.css?ln=primefaces-sipse HTTP/1.1" 304 -
201.245.192.253 - - [30/May/2023:12:03:14 -0500] "GET /sipse/faces/javax.faces.resource/layout/layout.css?ln=primefaces&v=4.0 HTTP/1.1" 304 -
201.245.192.253 - - [30/May/2023:12:03:14 -0500] "GET /sipse/faces/javax.faces.resource/primefaces.css?ln=primefaces&v=4.0 HTTP/1.1" 304 -
201.245.192.253 - - [30/May/2023:12:03:14 -0500] "GET /sipse/faces/javax.faces.resource/jquery/jquery.js?ln=primefaces&v=4.0 HTTP/1.1" 304 -
201.245.192.253 - - [30/May/2023:12:03:14 -0500] "GET /sipse/faces/javax.faces.resource/jquery/jquery-plugins.js?ln=primefaces&v=4.0 HTTP/1.1" 304 -
201.245.192.253 - - [30/May/2023:12:03:14 -0500] "GET /sipse/faces/javax.faces.resource/primefaces.js?ln=primefaces&v=4.0 HTTP/1.1" 304 -
201.245.192.253 - - [30/May/2023:12:03:14 -0500] "GET /sipse/faces/javax.faces.resource/layout/layout.js?ln=primefaces&v=4.0 HTTP/1.1" 304 -
201.245.192.253 - - [30/May/2023:12:03:14 -0500] "POST /sipse/faces/presentacion/financiero/solicitudProceso/listarSolicitudProceso.xhtml HTTP/1.1" 200 27590
201.245.192.253 - - [30/May/2023:12:03:14 -0500] "POST /sipse/faces/presentacion/financiero/solicitudProceso/listarSolicitudProceso.xhtml HTTP/1.1" 200 27590
201.245.192.253 - - [30/May/2023:12:03:15 -0500] "POST /sipse/faces/presentacion/financiero/solicitudProceso/listarSolicitudProceso.xhtml HTTP/1.1" 200 27590
201.245.192.253 - - [30/May/2023:12:03:15 -0500] "POST /sipse/faces/presentacion/financiero/solicitudProceso/listarSolicitudProceso.xhtml HTTP/1.1" 200 27590
201.245.192.253 - - [30/May/2023:12:03:15 -0500] "POST /sipse/faces/presentacion/financiero/solicitudProceso/listarSolicitudProceso.xhtml HTTP/1.1" 200 27590
201.245.192.253 - - [30/May/2023:12:03:15 -0500] "POST /sipse/faces/presentacion/financiero/solicitudProceso/listarSolicitudProceso.xhtml HTTP/1.1" 200 27590
190.24.71.246 - - [30/May/2023:12:03:16 -0500] "GET /kwssiamovil/sm/ldap/au?x=U2FsdGVkX18MMDecYLerZ8mkT0qsfZcoi/Rd1h/Ge3tuZ8bU7Rbr3Us9irWZ2T+1&y=U2FsdGVkX18xu3uaZybK2Fw9jQdHRQyu0JsvWaL4V7xYPK/vXt+BwlGpN9oOfjnW HTTP/1.1" 200 30
172.22.2.4 - - [30/May/2023:12:03:16 -0500] "GET /BLA/boletinlegal/consulta_normativa.php?tipo=&sector=Aire&ano=1990&resuelve= HTTP/1.1" 200 454
201.245.192.253 - - [30/May/2023:12:03:16 -0500] "POST /sipse/faces/presentacion/financiero/solicitudProceso/listarSolicitudProceso.xhtml HTTP/1.1" 200 27590
172.22.2.4 - - [30/May/2023:12:03:16 -0500] "GET /BLA/boletinlegal/consulta_normativa.php?tipo=&sector=Aire&ano=1990&resuelve= HTTP/1.1" 200 454
201.245.192.253 - - [30/May/2023:12:03:16 -0500] "POST /sipse/faces/presentacion/financiero/solicitudProceso/listarSolicitudProceso.xhtml HTTP/1.1" 200 27590
172.22.2.4 - - [30/May/2023:12:03:16 -0500] "GET /BLA/boletinlegal/consulta_normativa.php?tipo=&sector=Aire&ano=1990&resuelve= HTTP/1.1" 200 454
201.245.192.253 - - [30/May/2023:12:03:16 -0500] "POST /sipse/faces/presentacion/financiero/solicitudProceso/listarSolicitudProceso.xhtml HTTP/1.1" 200 27590
201.245.192.253 - - [30/May/2023:12:03:16 -0500] "POST /sipse/faces/presentacion/financiero/solicitudProceso/listarSolicitudProceso.xhtml HTTP/1.1" 200 27590
201.245.192.253 - - [30/May/2023:12:03:16 -0500] "POST /sipse/faces/presentacion/financiero/solicitudProceso/listarSolicitudProceso.xhtml HTTP/1.1" 200 1376
201.245.192.253 - - [30/May/2023:12:03:17 -0500] "POST /sipse/faces/presentacion/financiero/solicitudProceso/listarSolicitudProceso.xhtml HTTP/1.1" 200 1376
201.245.192.253 - - [30/May/2023:12:03:17 -0500] "POST /sipse/faces/presentacion/financiero/solicitudProceso/listarSolicitudProceso.xhtml HTTP/1.1" 200 1384
201.245.192.253 - - [30/May/2023:12:03:17 -0500] "POST /sipse/faces/presentacion/financiero/solicitudProceso/listarSolicitudProceso.xhtml HTTP/1.1" 200 1376
201.245.192.253 - - [30/May/2023:12:03:17 -0500] "POST /sipse/faces/presentacion/financiero/solicitudProceso/listarSolicitudProceso.xhtml HTTP/1.1" 200 1384
201.245.192.253 - - [30/May/2023:12:03:17 -0500] "POST /sipse/faces/presentacion/financiero/solicitudProceso/listarSolicitudProceso.xhtml HTTP/1.1" 200 1376
201.245.192.253 - - [30/May/2023:12:03:17 -0500] "POST /sipse/faces/presentacion/financiero/solicitudProceso/listarSolicitudProceso.xhtml HTTP/1.1" 200 1380
201.245.192.253 - - [30/May/2023:12:03:17 -0500] "POST /sipse/faces/presentacion/financiero/solicitudProceso/listarSolicitudProceso.xhtml HTTP/1.1" 200 1376
201.245.192.253 - - [30/May/2023:12:03:17 -0500] "POST /sipse/faces/presentacion/financiero/solicitudProceso/listarSolicitudProceso.xhtml HTTP/1.1" 200 1384
201.245.192.253 - - [30/May/2023:12:03:17 -0500] "POST /sipse/faces/presentacion/financiero/solicitudProceso/listarSolicitudProceso.xhtml HTTP/1.1" 200 1376
201.245.192.253 - - [30/May/2023:12:03:18 -0500] "POST /sipse/faces/presentacion/financiero/solicitudProceso/listarSolicitudProceso.xhtml HTTP/1.1" 200 1380
201.245.192.253 - - [30/May/2023:12:03:18 -0500] "POST /sipse/faces/presentacion/financiero/solicitudProceso/listarSolicitudProceso.xhtml HTTP/1.1" 200 43993
201.245.192.253 - - [30/May/2023:12:03:18 -0500] "GET /sipse/faces/javax.faces.resource/theme.css?ln=primefaces-sipse HTTP/1.1" 304 -
201.245.192.253 - - [30/May/2023:12:03:18 -0500] "GET /sipse/faces/javax.faces.resource/layout/layout.css?ln=primefaces&v=4.0 HTTP/1.1" 304 -
201.245.192.253 - - [30/May/2023:12:03:18 -0500] "GET /sipse/faces/javax.faces.resource/primefaces.css?ln=primefaces&v=4.0 HTTP/1.1" 304 -
201.245.192.253 - - [30/May/2023:12:03:18 -0500] "GET /sipse/faces/javax.faces.resource/jquery/jquery.js?ln=primefaces&v=4.0 HTTP/1.1" 304 -
201.245.192.253 - - [30/May/2023:12:03:18 -0500] "GET /sipse/faces/javax.faces.resource/jquery/jquery-plugins.js?ln=primefaces&v=4.0 HTTP/1.1" 304 -
201.245.192.253 - - [30/May/2023:12:03:18 -0500] "GET /sipse/faces/javax.faces.resource/primefaces.js?ln=primefaces&v=4.0 HTTP/1.1" 304 -
201.245.192.253 - - [30/May/2023:12:03:18 -0500] "GET /sipse/faces/javax.faces.resource/layout/layout.js?ln=primefaces&v=4.0 HTTP/1.1" 304 -
201.245.192.253 - - [30/May/2023:12:03:18 -0500] "POST /sipse/faces/presentacion/financiero/solicitudProceso/consultar.xhtml HTTP/1.1" 200 37398
172.22.2.4 - - [30/May/2023:12:03:19 -0500] "GET /BLA/boletinlegal/consulta_normativa.php?tipo=&sector=Aire&ano=1993&resuelve= HTTP/1.1" 200 454
172.22.2.4 - - [30/May/2023:12:03:20 -0500] "GET /BLA/boletinlegal/consulta_normativa.php?tipo=&sector=Aire&ano=1993&resuelve= HTTP/1.1" 200 454
201.245.192.253 - - [30/May/2023:12:03:19 -0500] "POST /sipse/faces/presentacion/financiero/solicitudProceso/consultar.xhtml HTTP/1.1" 200 66777
201.245.192.253 - - [30/May/2023:12:03:20 -0500] "GET /sipse/faces/javax.faces.resource/theme.css?ln=primefaces-sipse HTTP/1.1" 304 -
201.245.192.253 - - [30/May/2023:12:03:20 -0500] "GET /sipse/faces/javax.faces.resource/layout/layout.css?ln=primefaces&v=4.0 HTTP/1.1" 304 -
201.245.192.253 - - [30/May/2023:12:03:20 -0500] "GET /sipse/faces/javax.faces.resource/primefaces.css?ln=primefaces&v=4.0 HTTP/1.1" 304 -
201.245.192.253 - - [30/May/2023:12:03:20 -0500] "GET /sipse/faces/javax.faces.resource/jquery/jquery.js?ln=primefaces&v=4.0 HTTP/1.1" 304 -
201.245.192.253 - - [30/May/2023:12:03:20 -0500] "GET /sipse/faces/javax.faces.resource/jquery/jquery-plugins.js?ln=primefaces&v=4.0 HTTP/1.1" 304 -
201.245.192.253 - - [30/May/2023:12:03:20 -0500] "GET /sipse/faces/javax.faces.resource/primefaces.js?ln=primefaces&v=4.0 HTTP/1.1" 304 -
201.245.192.253 - - [30/May/2023:12:03:20 -0500] "GET /sipse/faces/javax.faces.resource/layout/layout.js?ln=primefaces&v=4.0 HTTP/1.1" 304 -
172.22.2.4 - - [30/May/2023:12:03:20 -0500] "GET /BLA/boletinlegal/consulta_normativa.php?tipo=&sector=Aire&ano=1993&resuelve= HTTP/1.1" 200 454
201.245.192.253 - - [30/May/2023:12:03:20 -0500] "POST /sipse/faces/presentacion/contratacion/contrato/crearModificarContrato.xhtml HTTP/1.1" 200 58634
201.245.192.253 - - [30/May/2023:12:03:20 -0500] "POST /sipse/faces/presentacion/contratacion/contrato/crearModificarContrato.xhtml HTTP/1.1" 200 30972
201.245.192.253 - - [30/May/2023:12:03:20 -0500] "GET /sipse/faces/javax.faces.resource/primefaces.css?ln=primefaces&v=4.0 HTTP/1.1" 304 -
201.245.192.253 - - [30/May/2023:12:03:20 -0500] "GET /sipse/faces/javax.faces.resource/theme.css?ln=primefaces-sipse HTTP/1.1" 304 -
201.245.192.253 - - [30/May/2023:12:03:20 -0500] "GET /sipse/faces/javax.faces.resource/layout/layout.css?ln=primefaces&v=4.0 HTTP/1.1" 304 -
201.245.192.253 - - [30/May/2023:12:03:20 -0500] "GET /sipse/faces/javax.faces.resource/jquery/jquery.js?ln=primefaces&v=4.0 HTTP/1.1" 304 -
201.245.192.253 - - [30/May/2023:12:03:20 -0500] "GET /sipse/faces/javax.faces.resource/layout/layout.js?ln=primefaces&v=4.0 HTTP/1.1" 304 -
201.245.192.253 - - [30/May/2023:12:03:20 -0500] "GET /sipse/faces/javax.faces.resource/primefaces.js?ln=primefaces&v=4.0 HTTP/1.1" 304 -
201.245.192.253 - - [30/May/2023:12:03:20 -0500] "GET /sipse/faces/javax.faces.resource/jquery/jquery-plugins.js?ln=primefaces&v=4.0 HTTP/1.1" 304 -
201.245.192.253 - - [30/May/2023:12:03:20 -0500] "POST /sipse/faces/presentacion/workflow/reasignarReenrutar.xhtml HTTP/1.1" 200 33879
201.245.192.253 - - [30/May/2023:12:03:20 -0500] "POST /sipse/faces/presentacion/financiero/solicitudProceso/listarSolicitudProceso.xhtml HTTP/1.1" 200 60156
201.245.192.253 - - [30/May/2023:12:03:20 -0500] "POST /sipse/faces/presentacion/financiero/solicitudProceso/listarSolicitudProceso.xhtml HTTP/1.1" 200 60156
201.245.192.253 - - [30/May/2023:12:03:21 -0500] "POST /sipse/faces/presentacion/financiero/solicitudProceso/listarSolicitudProceso.xhtml HTTP/1.1" 200 1556
201.245.192.253 - - [30/May/2023:12:03:21 -0500] "POST /sipse/faces/presentacion/financiero/solicitudProceso/listarSolicitudProceso.xhtml HTTP/1.1" 200 1556
201.245.192.253 - - [30/May/2023:12:03:21 -0500] "POST /sipse/faces/presentacion/financiero/solicitudProceso/listarSolicitudProceso.xhtml HTTP/1.1" 200 1560
201.245.192.253 - - [30/May/2023:12:03:22 -0500] "POST /sipse/faces/presentacion/financiero/solicitudProceso/listarSolicitudProceso.xhtml HTTP/1.1" 200 43993
201.245.192.253 - - [30/May/2023:12:03:23 -0500] "GET /sipse/faces/javax.faces.resource/primefaces.css?ln=primefaces&v=4.0 HTTP/1.1" 304 -
201.245.192.253 - - [30/May/2023:12:03:23 -0500] "GET /sipse/faces/javax.faces.resource/theme.css?ln=primefaces-sipse HTTP/1.1" 304 -
201.245.192.253 - - [30/May/2023:12:03:23 -0500] "GET /sipse/faces/javax.faces.resource/layout/layout.css?ln=primefaces&v=4.0 HTTP/1.1" 304 -
201.245.192.253 - - [30/May/2023:12:03:23 -0500] "GET /sipse/faces/javax.faces.resource/jquery/jquery.js?ln=primefaces&v=4.0 HTTP/1.1" 304 -
201.245.192.253 - - [30/May/2023:12:03:23 -0500] "GET /sipse/faces/javax.faces.resource/jquery/jquery-plugins.js?ln=primefaces&v=4.0 HTTP/1.1" 304 -
201.245.192.253 - - [30/May/2023:12:03:23 -0500] "GET /sipse/faces/javax.faces.resource/primefaces.js?ln=primefaces&v=4.0 HTTP/1.1" 304 -
201.245.192.253 - - [30/May/2023:12:03:23 -0500] "GET /sipse/faces/javax.faces.resource/layout/layout.js?ln=primefaces&v=4.0 HTTP/1.1" 304 -
201.245.192.253 - - [30/May/2023:12:03:23 -0500] "POST /sipse/faces/presentacion/financiero/solicitudProceso/consultar.xhtml HTTP/1.1" 200 37398
201.245.192.253 - - [30/May/2023:12:03:23 -0500] "POST /sipse/faces/presentacion/financiero/solicitudProceso/consultar.xhtml HTTP/1.1" 200 37398
201.245.192.253 - - [30/May/2023:12:03:23 -0500] "POST /sipse/faces/presentacion/contratacion/procesoContractual/registrarInvitacionContratista.xhtml HTTP/1.1" 200 9693
201.245.192.253 - - [30/May/2023:12:03:23 -0500] "POST /sipse/faces/presentacion/financiero/solicitudProceso/consultar.xhtml HTTP/1.1" 200 37398
201.245.192.253 - - [30/May/2023:12:03:25 -0500] "POST /sipse/faces/presentacion/financiero/solicitudProceso/consultar.xhtml HTTP/1.1" 200 66777
201.245.192.253 - - [30/May/2023:12:03:25 -0500] "GET /sipse/faces/javax.faces.resource/layout/layout.css?ln=primefaces&v=4.0 HTTP/1.1" 304 -
201.245.192.253 - - [30/May/2023:12:03:25 -0500] "GET /sipse/faces/javax.faces.resource/theme.css?ln=primefaces-sipse HTTP/1.1" 304 -
201.245.192.253 - - [30/May/2023:12:03:25 -0500] "GET /sipse/faces/javax.faces.resource/primefaces.css?ln=primefaces&v=4.0 HTTP/1.1" 304 -
201.245.192.253 - - [30/May/2023:12:03:25 -0500] "GET /sipse/faces/javax.faces.resource/jquery/jquery.js?ln=primefaces&v=4.0 HTTP/1.1" 304 -
201.245.192.253 - - [30/May/2023:12:03:25 -0500] "GET /sipse/faces/javax.faces.resource/jquery/jquery-plugins.js?ln=primefaces&v=4.0 HTTP/1.1" 304 -
201.245.192.253 - - [30/May/2023:12:03:25 -0500] "GET /sipse/faces/javax.faces.resource/primefaces.js?ln=primefaces&v=4.0 HTTP/1.1" 304 -
201.245.192.253 - - [30/May/2023:12:03:25 -0500] "GET /sipse/faces/javax.faces.resource/layout/layout.js?ln=primefaces&v=4.0 HTTP/1.1" 304 -
201.245.192.253 - - [30/May/2023:12:03:25 -0500] "POST /sipse/faces/presentacion/financiero/solicitudProceso/listarSolicitudProceso.xhtml HTTP/1.1" 200 60156
172.22.2.4 - - [30/May/2023:12:03:25 -0500] "GET /BLA/boletinlegal/consulta_normativa.php?tipo=&sector=Aire&ano=1994&resuelve= HTTP/1.1" 200 454
201.245.192.253 - - [30/May/2023:12:03:25 -0500] "POST /sipse/faces/presentacion/financiero/solicitudProceso/listarSolicitudProceso.xhtml HTTP/1.1" 200 60156
201.245.192.253 - - [30/May/2023:12:03:26 -0500] "POST /sipse/faces/presentacion/financiero/solicitudProceso/listarSolicitudProceso.xhtml HTTP/1.1" 200 60156
172.22.2.4 - - [30/May/2023:12:03:26 -0500] "GET /BLA/boletinlegal/consulta_normativa.php?tipo=&sector=Aire&ano=1994&resuelve= HTTP/1.1" 200 454
201.245.192.253 - - [30/May/2023:12:03:26 -0500] "POST /sipse/faces/presentacion/financiero/solicitudProceso/listarSolicitudProceso.xhtml HTTP/1.1" 200 60156
172.22.2.4 - - [30/May/2023:12:03:26 -0500] "GET /BLA/boletinlegal/consulta_normativa.php?tipo=&sector=Aire&ano=1994&resuelve= HTTP/1.1" 200 454
201.245.192.253 - - [30/May/2023:12:03:26 -0500] "POST /sipse/faces/presentacion/financiero/solicitudProceso/listarSolicitudProceso.xhtml HTTP/1.1" 200 1556
201.245.192.253 - - [30/May/2023:12:03:27 -0500] "POST /sipse/faces/presentacion/financiero/solicitudProceso/listarSolicitudProceso.xhtml HTTP/1.1" 200 1556
201.245.192.253 - - [30/May/2023:12:03:27 -0500] "POST /sipse/faces/presentacion/financiero/solicitudProceso/listarSolicitudProceso.xhtml HTTP/1.1" 200 1560
201.245.192.253 - - [30/May/2023:12:03:28 -0500] "POST /sipse/faces/presentacion/financiero/solicitudProceso/listarSolicitudProceso.xhtml HTTP/1.1" 200 1556
201.245.192.253 - - [30/May/2023:12:03:28 -0500] "POST /sipse/faces/presentacion/financiero/solicitudProceso/listarSolicitudProceso.xhtml HTTP/1.1" 200 1560
172.22.2.4 - - [30/May/2023:12:03:28 -0500] "GET /BLA/boletinlegal/consulta_normativa.php?tipo=&sector=Aire&ano=1995&resuelve= HTTP/1.1" 200 454
172.22.2.4 - - [30/May/2023:12:03:29 -0500] "GET /BLA/boletinlegal/consulta_normativa.php?tipo=&sector=Aire&ano=1995&resuelve= HTTP/1.1" 200 454
172.22.2.4 - - [30/May/2023:12:03:29 -0500] "GET /BLA/boletinlegal/consulta_normativa.php?tipo=&sector=Aire&ano=1995&resuelve= HTTP/1.1" 200 454
172.22.2.4 - - [30/May/2023:12:03:29 -0500] "GET /BLA/boletinlegal/consulta_normativa.php?tipo=&sector=Aire&ano=1995&resuelve= HTTP/1.1" 200 454
172.22.2.4 - - [30/May/2023:12:03:30 -0500] "GET /BLA/boletinlegal/consulta_normativa.php?tipo=&sector=Aire&ano=1995&resuelve= HTTP/1.1" 200 454
201.245.192.253 - - [30/May/2023:12:03:30 -0500] "POST /sipse/faces/presentacion/contratacion/procesoContractual/registrarInvitacionContratista.xhtml HTTP/1.1" 200 9268
172.22.2.4 - - [30/May/2023:12:03:30 -0500] "GET /BLA/boletinlegal/consulta_normativa.php?tipo=&sector=Aire&ano=1995&resuelve= HTTP/1.1" 200 454
172.22.2.4 - - [30/May/2023:12:03:30 -0500] "GET /BLA/boletinlegal/consulta_normativa.php?tipo=&sector=Aire&ano=1995&resuelve= HTTP/1.1" 200 454
172.22.2.4 - - [30/May/2023:12:01:50 -0500] "HEAD /BLA/boletinlegal/ HTTP/1.1" 200 -
201.245.192.253 - - [30/May/2023:12:03:32 -0500] "POST /sipse/faces/presentacion/contratacion/procesoContractual/registrarInvitacionContratista.xhtml HTTP/1.1" 200 74536
201.245.192.253 - - [30/May/2023:12:03:32 -0500] "GET /sipse/faces/javax.faces.resource/primefaces.css?ln=primefaces&v=4.0 HTTP/1.1" 304 -
201.245.192.253 - - [30/May/2023:12:03:32 -0500] "GET /sipse/faces/javax.faces.resource/layout/layout.css?ln=primefaces&v=4.0 HTTP/1.1" 304 -
201.245.192.253 - - [30/May/2023:12:03:32 -0500] "GET /sipse/faces/javax.faces.resource/theme.css?ln=primefaces-sipse HTTP/1.1" 304 -
201.245.192.253 - - [30/May/2023:12:03:32 -0500] "GET /sipse/faces/javax.faces.resource/jquery/jquery.js?ln=primefaces&v=4.0 HTTP/1.1" 304 -
201.245.192.253 - - [30/May/2023:12:03:32 -0500] "GET /sipse/faces/javax.faces.resource/jquery/jquery-plugins.js?ln=primefaces&v=4.0 HTTP/1.1" 304 -
201.245.192.253 - - [30/May/2023:12:03:32 -0500] "GET /sipse/faces/javax.faces.resource/primefaces.js?ln=primefaces&v=4.0 HTTP/1.1" 304 -
201.245.192.253 - - [30/May/2023:12:03:32 -0500] "GET /sipse/faces/javax.faces.resource/layout/layout.js?ln=primefaces&v=4.0 HTTP/1.1" 304 -
201.245.192.253 - - [30/May/2023:12:03:35 -0500] "POST /sipse/faces/presentacion/contratacion/contrato/crearModificarContrato.xhtml HTTP/1.1" 200 41222
201.245.192.253 - - [30/May/2023:12:03:36 -0500] "GET /sipse/faces/javax.faces.resource/theme.css?ln=primefaces-sipse HTTP/1.1" 304 -
201.245.192.253 - - [30/May/2023:12:03:36 -0500] "GET /sipse/faces/javax.faces.resource/jquery/jquery-plugins.js?ln=primefaces&v=4.0 HTTP/1.1" 304 -
201.245.192.253 - - [30/May/2023:12:03:36 -0500] "GET /sipse/faces/javax.faces.resource/primefaces.js?ln=primefaces&v=4.0 HTTP/1.1" 304 -
201.245.192.253 - - [30/May/2023:12:03:36 -0500] "GET /sipse/faces/javax.faces.resource/primefaces.css?ln=primefaces&v=4.0 HTTP/1.1" 304 -
201.245.192.253 - - [30/May/2023:12:03:36 -0500] "GET /sipse/faces/javax.faces.resource/layout/layout.css?ln=primefaces&v=4.0 HTTP/1.1" 304 -
201.245.192.253 - - [30/May/2023:12:03:36 -0500] "GET /sipse/faces/javax.faces.resource/jquery/jquery.js?ln=primefaces&v=4.0 HTTP/1.1" 304 -
201.245.192.253 - - [30/May/2023:12:03:36 -0500] "GET /sipse/faces/javax.faces.resource/layout/layout.js?ln=primefaces&v=4.0 HTTP/1.1" 304 -
190.24.71.246 - - [30/May/2023:12:03:39 -0500] "OPTIONS /kwssiamovil/sm/setfile/f? HTTP/1.1" 200 13
190.24.71.246 - - [30/May/2023:12:03:39 -0500] "POST /kwssiamovil/sm/setfile/f? HTTP/1.1" 200 381
186.155.241.114 - - [30/May/2023:12:03:52 -0500] "POST /sipse/faces/presentacion/financiero/solicitudProceso/listarSolicitudProceso.xhtml HTTP/1.1" 200 56910
186.155.241.114 - - [30/May/2023:12:03:53 -0500] "POST /sipse/faces/presentacion/financiero/solicitudProceso/listarSolicitudProceso.xhtml HTTP/1.1" 200 56910
186.155.241.114 - - [30/May/2023:12:03:53 -0500] "POST /sipse/faces/presentacion/financiero/solicitudProceso/listarSolicitudProceso.xhtml HTTP/1.1" 200 1556
186.155.241.114 - - [30/May/2023:12:03:53 -0500] "POST /sipse/faces/presentacion/financiero/solicitudProceso/listarSolicitudProceso.xhtml HTTP/1.1" 200 1556
190.24.71.246 - - [30/May/2023:12:03:55 -0500] "GET /kwssiamovil/sm/acme/a?s=U2FsdGVkX19+DQB196NpqMWGRf/X2N5BuBhID7olR0rosFaKvqNmFPPBCtha6aM15rv8XbJSIe5zuFbBkZ0Kr5ql/QM41ixVdfOLpiHuR52XZjVu/oiptRQwVeZItpSUvD0896365Zbudt4AgKT1UslejyoHYw+XVMCpV42K5Kzit7RE31iA5yZg6nqaxeSgAvw+LGb/XwbGZUPG8/v97ED9fpQVvQaWwDGgoW6bU6SdPHOWgNRfq7spiIGG4fR//NKg28Dz3to0WjlTc0s0Yw==&u=U2FsdGVkX1/Fqj7pK49rPlZ00Jt8b2AEgREBemKRsbk=&y=U2FsdGVkX19L3Cb635p5JY5cOXt+OYwWkkR6E/GLvMI= HTTP/1.1" 200 26
190.24.71.246 - - [30/May/2023:12:03:56 -0500] "GET /kwssiamovil/sm/acme/a?s=U2FsdGVkX1/z1IxLamy833RgYj9AkCXuOAiibFvXHkGUMcjCOxIGxs0OzBTt5ctgfuNk35vzs/HpmpH8ySDKVFfckCgV1YQSurGQSqJZR/wQJlDwY6ZhqFKr8LUlX5ls7k93rFer5PFsVfiWQi5l2z7OVQwGAwNa9yY34weGtN2N5+Db62hmHoyQaXUgl5ixsAKx3lCTw33gbkU3YjrNYs3GEHlDZ3B7J40gRDhvJy0SzQcT5afqYH83rx8p4FQQbaK3YVLye0R01AMxmAzCWyW6I28ZjLX/DNS4tB0zi9UEjLi4rzQUnZ971/D50NvdBXQcLLMA1y6ZJM6GR+TkIhVpven6Co8+0/7Ksa54rAy3MNCI86uvXWM1g4Ks4W8Aolh+lXcRd3pfZYwCOQ6/RQ==&u=U2FsdGVkX1/Fqj7pK49rPlZ00Jt8b2AEgREBemKRsbk=&y=U2FsdGVkX19L3Cb635p5JY5cOXt+OYwWkkR6E/GLvMI= HTTP/1.1" 200 25
190.24.71.246 - - [30/May/2023:12:03:56 -0500] "GET /kwssiamovil/sm/acme/a?s=U2FsdGVkX1/4WQ7WEqDl6MQG8wbKYaYlLzf3hahalwaLCMaFytHzxSrOlWrE2aCh04ezRk1se6oU931x+0pij4LgXee0ZLiWssvFXEDFqJvBEaARRZ6/gtE5TGvexgImddgoiyZMVDjEvujbAOGEUxXyPjr1CpFzTXUShXd/UAbeklL4hwef3OmP5g3m6DFu4Iqgm8ExtxW4YPS2/Sc6GI75tMwgk4kkWSVtlW/SsvD8+Zh/ESKLpXZJ7nYYIHBXy2cHvzy8wtyRLusaSKZwTM3EH47Edtm8q8eAMzuAI8XhbeR3H2VgtlXeVCUyTm1aVsyPW5eN5xi0LWM1HbdpdWuQ8UhyhETvkJUkdMUW3iRNqySMYTj0vm4AYw8h+Y5JFZusQopc7Yyqf6vd0S4aZq8esGzOmcwxzF4xGHxux48LHPHEq/mU8KhB4li/FxJDuiNNU9RX2OtrIzXOD1C4wlECc/y5M9Tm/h9Bunt+coMVlK3wr2h4uyK5/2dTbLTNwk/MMgCVRX4wJsgfmzLRX1YnFBh2vd03+N8NBiKtr+6Bw9nhH4K2MkQxOFg1xbe0YV824YV/syhLl+njw5jEYu48uJxE0KTNOQDTCkP4cE26MNGx1kUwp0Vnpzz669tmjBj7ZAuokIG3B97ToERp9VAsyPa/ioTV0G6u9f/agzCF/xrRKAQ3btger5zY5Gez5fr43cLFE/Rw+PCglCj+PfkkC+7cFSSjO2fEvsqWCmzcI1O4fFFQiDlcvCrJmBvfspX4kwtM6O+NcaZ0SH5anbOKt1FjBb4bN1/kfJ8H62Zad2RNkJiKzAi9NW9UDJGzkSDaQueum4GamU54VaV8JkNtsLYS/kWVQZWmBTL0t3+ROtEUjLS5qAN30pVNlXDHh8o3pRg5s71vCrNYNNGKaN2tODN0VU5YLRKGbWt1w//mrzR53xFicGyGTFc5FW7+fsT2PQgVZOCp+wnoxokp7O2LkOq5tkIlpkUZVKcB3ZbSQ03ObzhgDQMP7iAPHDHHpHKMc7BuAvc+w/orgyaKfI7xuEbBBQ/z6w/h4QqefyykFPBY+XpacNXcwWkX2elrQ5pUEXWbO/kp1wfDH8Hdwip0er6x//XHbt+ewm06VU8OpUbScvHMdYeBUvQfXsI1A4yIIXTA81A6y76XJrHHuuEbw2XvLqXvWc7ma/YaljrvJU3cyrShKx6h0K76lq/JC3DXEgTS9BbzunknRFJw17xRG8DpKYxifA5L7icTTvwwSQJNbu6fCVifx8Cnf6zZ/7pFK+ojjKuzhSocA2sKp+LYywFQUAUBo60103wjAibQwa5jmtViKKaGO2SPrpR5cxgGqROCMYk8+VcufETzR+oNT23F9fa/RZ2ZIVWIs4YSubYPUwb6DczQRV+x1rhiGqXuVbABsVOCTnnhz2XHNyVRJHgcTYxgPi6qLiWa/FP/o+vvjhS+WVBcdwkpPB/VdCCfVsZjBbLEysAeOnp4Be8ya/Vtm7LgtwWdBV7DpiHEA5ZSA9RlGiWuFUeta4HunpJ2I06CY6sjPrO9QV3mATbcY/R3mAg0jKh0ech8V7Z1GA1Ij+XBpozbZPzWNhHrZkU6e1GQ6vLZ7JUnjG3vi62D5lI3V5HyKq8c174UlOSnhb+ww3AxPh95c+kMCxIAj9Qty/ay1sAzpDeIDKdTsHwMkOVUW179VfHcDCjldf4SEeCGR9W9y0BHPdQ1PHYUveDJU5cdZK5HUJHG6vpXEi+3h/9dRG7EmIe/LLMBoajWoeRGTMKaZMPnPI7ARE+RYH20w9NNNTZBt2HnhDGIggeizoBcU/EQPJgnXAbPCZ1ue08bt8mQGK1vLOdguc29udJiPfLNL/hdBi67dtnvBIjASilYgUh54+klE34bvCwDVVrxQOxoSLdSiMWgXQpafCBdaWiMBQQ0WHtPhDEw8SXEOhpV/ITrwe1eVdkFSMOxwVcPGog4/CEmcA0IC6w69bvrROLoPOPadOsnOssvj13sBv1yeHG2DPp2xEL53CipAzLxulc760F9DWIyYLn5ENBPfIdHm86HP8lMdfN2W+1HIGKy5Ls7pvpfhJY1/P1XiGYbae5kd0XlMrUgr90FywmMi2/+PGKmYn/aPmYRthGOG4wuFujqtii3mdn94mkUZOx0rEjkH3mtD1jqUtTKLgG3jQEcLG+vKAEmWqpj43SzOc9W8iK5Cf9ttFBqWyh6uXErPRKLHLNUtz7gg3Wsag6HNGMzb1YnEMAqAg/XLnunO6li7nfvb97EEiyb0qpgAJhL+dpIL+q00+63IhESdzkEweRJjXmjHIEBSXgp7nLrLB562KPUZ2Z9GahTd9U9tTiwxvSlYugN6aYq8t2xo6yCst6MjblbXY8JHgJAEs7qaHBrqsgTRF+OAVjmI0NDeK4UlwqkUEZSDf8AcsZkGpArvGjFyc3cNKZ0c7U/CuuZ9JVcod5zHc+w+aMYMVAAUN1pSrg5cRC+jbuBhGh6nyF45kVt3kby9hbemA9SmETb2D4tsRSvcfDp4seYYhbL8kQCdg5JU4s6A79kbKZ4BtW98L/jxTrCV84hEpQ7CrTMinLqYttEe4hoTh1Jd0q8zj12xExZA4ONi1P2tuwFL/O3RpLGAlR7/lz/VyrizIfhlzlfjFeH7KSt/qfZ4kPsDSMvTgiqIsQawoLLKRmAK24Wwp+8S5nHW4wqG1G8ldDnBBsBM+8vyQW+78G3uovJmTtR1sqZN4SW3jHFSkXe6OTscXKB8TihRcKheztCURyQzpJK3yklVt3SBYvrzNPeJ0rF7royP4zJ0U9caGz/1UgdzuUCKPQcw8jnE4nqlOvUMT9GUq7e68jrLbb/i7p5a/yi8YVwpsGevdk69JVISsx44WchSUOoAQw35aPXSTqrJpixNzd23+fFLoPU6pWiLVzgpcUG8bHKDKO+rBQ1/SYs+Do5Lx8Oq+fS4c/AdqjF5E8vZkg8N+J6TtuC7sPC5EOP57gxmFw14Y7CbLqAmLoZejGAAOBX5iRefh2v2K4eUIKgjZBoVkiITSlq+Gy7Tw9CBYj5QTAZwiaCa5DYCpX13NTHn1OTqusirxGfWzBES7Bf4ZugoF9rRFcn1yCj0NF9UyIYDUD5zyRGKU4J2XsxqK8N08YNsEWc688deOzu1yLw++prpj+aeU4RHHZ9VsiPDPKw780kpsSnxAA9cxbDIx9nqYj5dLZzc/7Fkbs/Byb7FpxIFA2AKyNcaQRDJnsOo2gc6nXS5PcMRfU1nwHj0M6S79sttyLoyRORPICPIQipchEci7KedQPZ/GFc77PLFzxAqsnhv9mIz3TkBQeI6wP6v2mQ5A4u9m43zOkNlD8ey0oZQ0JvMbrrihaGuKhhXoQHP5QCVNV4QgiN/3ZpI64PurZ7pIbFiPYkJhLsg1wvSj/SQ0AQ9kQ902h0in+NnF8n01QU4bO7UBXKb3GbirrLxbLvQMBT5CxZ6lSOmL/ApjZ1bKUnIRb0EowgWvCFGQ7lQ4xPBPAi6Oxi/GKzY4tr2wY9XJ2OWbs+oWk2yIqRdNJ+tHydj090HtGgqs+X+iKwG9SXxwH1vkT/E/GHnUOzQvTzkvOItTlpW26mt9k1qAQYkL5n1h6yBJhOjpLhajhs9qzjOF1wWR+cCPap6XdrvXj59gDwDDaWygcKkinHgUl1oTNA3ngy9piv4iFC8bQhkFgZwXcUAEx3685jNmei1pSDN2vmqwYTwlDJzwwE+bbgPM+NuiLj2h6NZ0/EHoRLotnLoZiB5Mw2p1UOjReO65nI3Xv6YOpgRdRjqwicbwe1lP2c815MDBCF4zscV2C6bcXrR/D7/y6hTIFBjpJSsc+sLbLWx/ahfWz8Bgk5eM62BCwLImVGd5Gl8sNU1kUAuHYEvR/6/CA2Zr/19pFgMYJM+UO64Q3AGpJML3wQ48Luw/zoE9vNg501AGwoVE+9x4UoKeOKrqRPMheqo7DUVs0ffiKuooDtOogFhO/nP51uiAV9JT+MhltFw/XIc/81KUm5xRl/AntnNFhh4HAZpWTjr53Gna1+XhnaUe6DyHSParIYy41u6kjryQg4xpzPePjUfF98V+JhwNwUnGJewhkKxSyWMxQ1jihj6eEFjhCA9JVSvBXFrycT/AqMZn3iU72boKrVXZUJbLbBUER9QPZkK/6PajRbywPOmJT8KF63RmwgILEbt2akiK/f+hH37l9VyogxSL9APQSZhOMe2gcaYl0eoOFL1qs0r5KAnIrpwqCOE+Q86WQGJgnnXq7WhwYv0/u3KqqdVYD2Vgw+cbdPBxnmMkDAhbYscF14fZmhp5nv0LTDyTZ/nx+SV3iIqxTnOXMlUTvh/pAEQ9ZgtcDP2QuiodnDOEMHmY9kaHbIzu0Tgtv9apGfYoPGnJzqKqMKhMmoNivx8/JdD6HdbxNXWelIdRzzZ96xNkWe/uDIjOGeKIbMHUF5Pd1lhUi632fl8os0OosPqgT10nLYGKi6Ajvz7YYH0C4L2d7ZV4h++omByH3Tj2BXez+jGQlsJ4hjqosiIyDNzH+mrb24BQ08Vdp4r+jatFFyhKcOTTCr5x/j5zrQXWCtvWddYMt25uTXCnBvXuQtr8hThNjZ9qA4AfICT7u/YbRHOos5qNadGt9mRxr5M9NRbStcmENvDCtnGMUm3vlqItokufao7x4VwhRgKIxi9T9vSwLdjeWVZdj2AukRuLc7JGHKMf8vMwxEbX76G3f9Se5dy2Sq2+IzJrVuh4oMjQEWTedOI4vtII6CCs89jpWDgbzGhy8Q6F2zb5VuM1+NA03EFzbvxBXTyHi5wtZBRfJ7CKs2OQaopp85eLSpqvlZf0PaApOPEx2tWd77Ucp4p0MDnRx+v6pcRkLE05O8ySkgmu5vgWQRMWvB3sbFBLETsamVd7+8TOZu0BK/nfpmGx+2xXFb/El38dgRwaxt+s2wBhyh8n0GXFoBQvgHxZaGuh8LgIPi9z7oG0KyOX53VmyKMRVh5FKYNCsEaZfnC8FEnXkGmVqt7bgQwlR81sctE8iEOPW3GMy+0/xWyd18kqRm150QM/ySKxXAlURSe4Q9sfAfrCB7H8KqcuYCpg0eh65NaexBHY/0ZzaIpqas6ZwflMkM/vfqN8VlRvDX/oQSHOUifdrBi/lp32yRcEQ7epevNMkglcHEBjYTf5mNzifsMp89OdBPy7DsBtacVpSpioSMVg//3ZhaDrPQjDgMhNdYqXGkK78BnSqQok/QNI8NoOvuP21PTuJtMCArpnbS5QoIESQpqv8ZfQfqZnVZorrx/94mTcrzsGJ9F17p/nvybRzN1fdCwxbQTerEvwZ1/ljTz/JYo+7Yu6WClyFVbVjCLyEPF7X9HSKFYgg2SJljmV7C479+n818kq8ISvPLoCWbsdNfPIm5946Mpk/3VC1LPKQSCpP1Q+OMqmLpG11WwaYwU4Fd1FANDVMnArUU2pJi9bKNeDIsQRbHqfx8dJjZpY5txbOEeG1Es7upOfuO6x2kbnnHeeA4ChzXA2lQOpclZMymo0tjuVCv0VMtchn66+aX4rYaI5fWL/0s&u=U2FsdGVkX1/Fqj7pK49rPlZ00Jt8b2AEgREBemKRsbk=&y=U2FsdGVkX19L3Cb635p5JY5cOXt+OYwWkkR6E/GLvMI= HTTP/1.1" 200 24
190.24.71.246 - - [30/May/2023:12:03:56 -0500] "GET /kwssiamovil/sm/acme/a?s=U2FsdGVkX1+GatpmNp/HqoCoNG8Er5RUuZhREycIq9sLswp8KYtxRjYS1GyUvy8X+7x/67blRJuDHhPRhe/6SkBKAnXNu2BTMx/QlwmCYrS6MkXWvvEYlYSPnr/12KwPWavHPPDceq29zHPkd45B9I3Xjl91EK26jpN12BsDXzU=&u=U2FsdGVkX1/Fqj7pK49rPlZ00Jt8b2AEgREBemKRsbk=&y=U2FsdGVkX19L3Cb635p5JY5cOXt+OYwWkkR6E/GLvMI= HTTP/1.1" 200 26
190.24.71.246 - - [30/May/2023:12:03:57 -0500] "GET /kwssiamovil/sm/acme/a?s=U2FsdGVkX1+0QkvXhWchU2ewCiFTjrnvMeXA2EMCZCi0WTALGKONQmtAQtqm6blTzZtgYD+y/xMGlJag8C6OabtjAh8bTwRsE/GhPu6vKiUmfXLmAS/8LjZ9CnORqZL1SWPzbKJa0g0NyqAD6LqgLPlJ+X30varJYxkqR7m6qP8=&u=U2FsdGVkX1/Fqj7pK49rPlZ00Jt8b2AEgREBemKRsbk=&y=U2FsdGVkX19L3Cb635p5JY5cOXt+OYwWkkR6E/GLvMI= HTTP/1.1" 200 24
190.24.71.246 - - [30/May/2023:12:03:57 -0500] "GET /kwssiamovil/sm/acme/a?s=U2FsdGVkX18p/R9ljD5AqAwqIKvYc3WGaLz7hf26W+EGOgy2xqU1sIzJIvyeg+VtOzwO/Gpkcy9VAP5mP310CsZtouC9f/NqSIAGFIhiBOcRaAtSBGqX4Vqe0DzWpM3NKztiwYvIZC+SJpOdOdDE0ramb87Xpx7kv84q3iCZsq0=&u=U2FsdGVkX1/Fqj7pK49rPlZ00Jt8b2AEgREBemKRsbk=&y=U2FsdGVkX19L3Cb635p5JY5cOXt+OYwWkkR6E/GLvMI= HTTP/1.1" 200 24
190.24.71.246 - - [30/May/2023:12:03:57 -0500] "GET /kwssiamovil/sm/acme/a?s=U2FsdGVkX1/9+1VC1Km4vQVvb5i+lSmmtD+kA3dodR9e3FRSNKzO0PK0ADDKH6m4ILMDyGNA461675+6ceVI5pIYJuhvs/CHpc60dVjr1NzaKLl2ofh9b3M88YJHafoZIzzH8zk7ZS++LnSlzu+rdf5gHu+79/ujCouf6miAMgNhCQZxS3MuCPsulgfT3EbG&u=U2FsdGVkX1/Fqj7pK49rPlZ00Jt8b2AEgREBemKRsbk=&y=U2FsdGVkX19L3Cb635p5JY5cOXt+OYwWkkR6E/GLvMI= HTTP/1.1" 200 24
190.24.71.246 - - [30/May/2023:12:03:58 -0500] "GET /kwssiamovil/sm/acme/a?s=U2FsdGVkX18f0O/wxXcn6x7MVL6VwW7aFVuUmATYuh+RXiiYZVMbJJNTw+StjdyRZaWd9P1IkboDztOiAMOWVIGvxhjrkR/ZMaxLHzen57XtOAmWEzzHANiT7xqfG77aZZ/GrpbrGPWkXUc8ngkxm2gESrMwIUwoBaG+Fkf7QPpn4Y4DAKrINuJ9/wm1DNIpdY4fjtYTOBEvWEGCXD0Igw==&u=U2FsdGVkX1/Fqj7pK49rPlZ00Jt8b2AEgREBemKRsbk=&y=U2FsdGVkX19L3Cb635p5JY5cOXt+OYwWkkR6E/GLvMI= HTTP/1.1" 200 24
190.24.71.246 - - [30/May/2023:12:03:58 -0500] "GET /kwssiamovil/sm/acme/a?s=U2FsdGVkX18UxS4Ur85qwpqddFcvrljsaNdNAniOz7tlJBadhsDMsM9GrtWg/UTGXpWr/xmdDdI1akAH/r8xb6q/kZIAoM0J5s6hLuJl9CYNJZ/k3W7x1T/d1KQAGpc/bFKSj8j6bLByL9B8CcabAKnY/jJZnyxNrzK311ojO+NSsy1hd7i+CJBC+jOAFvUetlfMbAHO7Jaj4WN6IyfFpiRTZdJ2aLFpqe3co6cQgcwCrhkga/v6O15Nl0nas/dn/XbOUuZ8ZRn2haS1BKQz8/qDy1yCPTpNUrTFbkekS0sjGYJz3rmGqYcPuecNNAlj5c6U6wBFnnw66iwNOoa9brvlH8nIItrqnS2hcMMvt6iT+r4KzGBZfXapznO55z5Bm8k4Joe3b2hMn8ZXovS5ynDtaj8napQv0gjTfVKqpJCUTYKiTE9xMsW5Tb5YkscdfM0o/QPMP3+rtZ13goXhvXuiYQNBkqzQPmOnMXqmRUU=&u=U2FsdGVkX1/Fqj7pK49rPlZ00Jt8b2AEgREBemKRsbk=&y=U2FsdGVkX19L3Cb635p5JY5cOXt+OYwWkkR6E/GLvMI= HTTP/1.1" 200 24
190.24.71.246 - - [30/May/2023:12:03:58 -0500] "GET /kwssiamovil/sm/acme/a?s=U2FsdGVkX199g3j+A9Dq6TJRdz2qdeS9Let3NccOKcHZib2I1dKD4TZZ8ekAzuFUnCDxiOTnqzQov6HyU1lLdIZ2wLRxRUwkq3KvBClpENKvj102Ot9xY61dLBjdzp7NXQBQKqgPSLIZBhdSqokmrQ/bOzXTRs0PPDgX9I71/ESr24PWqIpPi8yQBo9EK/Sh&u=U2FsdGVkX1/Fqj7pK49rPlZ00Jt8b2AEgREBemKRsbk=&y=U2FsdGVkX19L3Cb635p5JY5cOXt+OYwWkkR6E/GLvMI= HTTP/1.1" 200 26
190.24.71.246 - - [30/May/2023:12:03:59 -0500] "GET /kwssiamovil/sm/acme/a?s=U2FsdGVkX1/po7RCwFCK2NlHME1kVp87Dgl4XMyHxZuIfE9nbrtr0dfbyHopCZGEy7cMcziOKYtZ6tUZmGX0Umrk8D864varNEhRvlrxIClqdxR8nJiPCPQJ+7TDxA08Y3PEHSHmAa7srDP9ZSZIyuXt4z/aZ5s52l3Z00UdTUoMRxeKpRNOg3lwDfYSxCefz6rcbCW+VtTxaXikzfylrM7UbIOe0KXl2PH781iRvQ8dj52MuR6IaR86eQCkyuIUzfjW2PMYILD0NFEN06FpplwSELIPZMs1KV66xvG/tGYif/p+TqC10Ce6tLLCWmYaVJ/tkvjSq8pMImTzVWgpmRMdC6RWBQL2TsJ3W4OE+CMnQqEADhNxCYl7GwPASUV0YrTa02iqTRoMrO5NQqXUYEi/B+Ab12UzPM6FeioVMiGhF9/eCVmiGQFYjTQUWC7kJqXlx6xxDfgwS0dt4reD/w==&u=U2FsdGVkX1/Fqj7pK49rPlZ00Jt8b2AEgREBemKRsbk=&y=U2FsdGVkX19L3Cb635p5JY5cOXt+OYwWkkR6E/GLvMI= HTTP/1.1" 200 25
190.24.71.246 - - [30/May/2023:12:03:59 -0500] "GET /kwssiamovil/sm/acme/a?s=U2FsdGVkX18XwM8YTn2NiJpatI9EaWKqoDLFVpTKSfp2KtqWy8w9E2i4q8b30Zwqi1f8PdZZuK1EJaMWwCjQaQbibJNEx/O22/ELHezxFgp8KsT06uok306Ftgb/2SCpSRXXcI2R+XgrRzteZhEksJ0ONDXpJxenjCJ+LNMY6ip2DmVQjmI7kk78rAuQVjE0&u=U2FsdGVkX1/Fqj7pK49rPlZ00Jt8b2AEgREBemKRsbk=&y=U2FsdGVkX19L3Cb635p5JY5cOXt+OYwWkkR6E/GLvMI= HTTP/1.1" 200 24
190.24.71.246 - - [30/May/2023:12:03:59 -0500] "GET /kwssiamovil/sm/acme/a?s=U2FsdGVkX18mFSJ++JtxfOOLabqPwTfAKQK4DMMw0hxh0A9bpM03MOzMw93/aiEKpFx/BFs/+Utue2epbMMzbICRXv5Q9J8EM/r1xKokbRfwfTDAYSNDM0VzoYyR8H+JyOdeMPwKb3435YBJfn9eQd/D56T73zFZnArN2ZLFHLDHfvcX3C9sYyfWK0k/M5ZsT+Rk7ARmIicCcFOzGvpMP5AYQFPamH7zDuAHU1Fw7ck=&u=U2FsdGVkX1/Fqj7pK49rPlZ00Jt8b2AEgREBemKRsbk=&y=U2FsdGVkX19L3Cb635p5JY5cOXt+OYwWkkR6E/GLvMI= HTTP/1.1" 200 24
190.24.71.246 - - [30/May/2023:12:03:59 -0500] "GET /kwssiamovil/sm/acme/a?s=U2FsdGVkX1+R4RRdqJ+dUPYRAtAsjlUbMcrguXH9br6GVXMRPuAebra37QI3P4Le3If0caPnje+xuB0NAezk3hzhQ6bbP3czdk/5UKSGAFPWwU43IzMPWdQzjxGgL2J/2PZtYYYoLIVrkApXlOu/Qc3c0hlgD86HGVkhnudX0i0=&u=U2FsdGVkX1/Fqj7pK49rPlZ00Jt8b2AEgREBemKRsbk=&y=U2FsdGVkX19L3Cb635p5JY5cOXt+OYwWkkR6E/GLvMI= HTTP/1.1" 200 26
190.24.71.246 - - [30/May/2023:12:04:00 -0500] "GET /kwssiamovil/sm/acme/a?s=U2FsdGVkX193RiW+YBov892rPO9+mvT6QEHo/Y7cywp+1O/TGDdKjKiNuj2xqQqBUx+qY7OSdeD9yyHQFH9yTSZELvKHuCkYvfK70kowhTz7pcK3boBF3CvKjzxQSfbRB7dXjCCWj0mXzoWsu4UZBSxOKo0lH2yTOqka0t0XVZO1x09xWqYOYYPfYxU7oNCBV6YzoviqMt/ZvcCRV6V6ZA==&u=U2FsdGVkX1/Fqj7pK49rPlZ00Jt8b2AEgREBemKRsbk=&y=U2FsdGVkX19L3Cb635p5JY5cOXt+OYwWkkR6E/GLvMI= HTTP/1.1" 200 26
190.24.71.246 - - [30/May/2023:12:04:00 -0500] "GET /kwssiamovil/sm/acme/a?s=U2FsdGVkX1/ZWt8txOmUvn9eqVERmsQyJaRrSA0IjBBBNvKHI/QaNLFj+dN2p001FTwU68+0R+iOXstvwWCgWPfUnxgTW7ZKdPJOcBnncLazHCHlsyczNl1/MEtHAUbmamw8BfZW4DArZaMnS6qV8ECevOWaV0KecsX1+v1AC0MGEk0TFG6RteiH2tKj5TZs&u=U2FsdGVkX1/Fqj7pK49rPlZ00Jt8b2AEgREBemKRsbk=&y=U2FsdGVkX19L3Cb635p5JY5cOXt+OYwWkkR6E/GLvMI= HTTP/1.1" 200 24
190.24.71.246 - - [30/May/2023:12:04:00 -0500] "GET /kwssiamovil/sm/acme/a?s=U2FsdGVkX1/eyCCnxCdqATdCPb5jqqL3XzsEKVwHxjlF3+lu3phS2WGTPKvE2kdi40zU2n8FRZkM/P88ns54dMBDZrTc4Z8OboIuLgB+iBMkgSvr10NhOGWc9BWaldQCcsq1ITkiuImFDd5NEJYAzwHdcu1CK+/vJIV9/PXNYqoZUqVzcH73yhI1UHYhVFa8gKbmHI5+SCaDM0m1J21+DA==&u=U2FsdGVkX1/Fqj7pK49rPlZ00Jt8b2AEgREBemKRsbk=&y=U2FsdGVkX19L3Cb635p5JY5cOXt+OYwWkkR6E/GLvMI= HTTP/1.1" 200 24
190.24.71.246 - - [30/May/2023:12:04:00 -0500] "GET /kwssiamovil/sm/acme/a?s=U2FsdGVkX1+EdDyE86JCdaqiO62i5EisigcHo+A/pQUqwhmq2D+/uVJb6GOgx3EEI2onk4FVO3QngLqwjgfIlhozsTogfNOf1KqLmO/mHRb/4ni+KgiEA88dTVETC62T8OsNqlIQqoTTBv3fpChtwkw40fG1wnX9ZnxXu9YI5vE=&u=U2FsdGVkX1/Fqj7pK49rPlZ00Jt8b2AEgREBemKRsbk=&y=U2FsdGVkX19L3Cb635p5JY5cOXt+OYwWkkR6E/GLvMI= HTTP/1.1" 200 26
190.24.71.246 - - [30/May/2023:12:04:01 -0500] "GET /kwssiamovil/sm/acme/a?s=U2FsdGVkX18YjvCj44YBP6D+4oVC2Ef29/ASw4b84Ip3pnL5GFthKohrUPl0eRduB9AOQrg39y7tXVciWh/HjVORFa2IISlUBfvR3oFkvrmMar7g6QMIaYncaVXvteE0xP3vBOXv2S0knvo5O/u8SPSj7on3oPxeSSExcnw1BPinMf3TduQNaGaxEfN4eSpt&u=U2FsdGVkX1/Fqj7pK49rPlZ00Jt8b2AEgREBemKRsbk=&y=U2FsdGVkX19L3Cb635p5JY5cOXt+OYwWkkR6E/GLvMI= HTTP/1.1" 200 26
190.24.71.246 - - [30/May/2023:12:04:01 -0500] "GET /kwssiamovil/sm/acme/a?s=U2FsdGVkX18kEAUMzQzuQveLwy9PU/VQqkbnMQvaIWfz4bRhA/uBz5rk71nHnKUr8/fPvc1eAEq1uGK77GtE//v8Nz/0uhWxaBIbvplOku3brARcfGfE/rubw9xvZ6MPzCo7W74zPZpjOPyKg8IXBi+1FrHSq1OQOyODOeobEA7xXg1jFcxe6gf/YPREeBVPhuDRaQWfpra0/lAJAkQMUch+mz27TX3Ncrloar4oKlUJZuQXzaKkQcVlBcd16xMXN+ZiVzgFxhqlUXdgDAAReQ==&u=U2FsdGVkX1/Fqj7pK49rPlZ00Jt8b2AEgREBemKRsbk=&y=U2FsdGVkX19L3Cb635p5JY5cOXt+OYwWkkR6E/GLvMI= HTTP/1.1" 200 24
190.24.71.246 - - [30/May/2023:12:04:01 -0500] "GET /kwssiamovil/sm/acme/a?s=U2FsdGVkX19fBkGQybZYgIRVVjhyEqQnUzWxVCReggRVxw38CVDOjMY7W54aQwYnNFZr0eVuoKlE6vQj+nF3A47bMb4cBPZs13YPilfZ1OtOtlmPYjvMgwLK/UauzagT+y5JK+CJEtB4ecXGnlLjF30MHSVBGNGPl1P+mzagVQgR8LfVqy4sORApU0hOTCSyDfeE6OKXDRqyO0/tDgK+J8cZWnwTC4YvX3u8MzdLkumU4jIc2OLu5JiuuD3E/GvX&u=U2FsdGVkX1/Fqj7pK49rPlZ00Jt8b2AEgREBemKRsbk=&y=U2FsdGVkX19L3Cb635p5JY5cOXt+OYwWkkR6E/GLvMI= HTTP/1.1" 200 26
186.155.241.114 - - [30/May/2023:12:04:08 -0500] "POST /sipse/faces/presentacion/financiero/solicitudProceso/listarSolicitudProceso.xhtml HTTP/1.1" 200 56910
186.155.241.114 - - [30/May/2023:12:04:08 -0500] "POST /sipse/faces/presentacion/financiero/solicitudProceso/listarSolicitudProceso.xhtml HTTP/1.1" 200 56910
186.155.241.114 - - [30/May/2023:12:04:09 -0500] "POST /sipse/faces/presentacion/financiero/solicitudProceso/listarSolicitudProceso.xhtml HTTP/1.1" 200 1556
186.155.241.114 - - [30/May/2023:12:04:09 -0500] "POST /sipse/faces/presentacion/financiero/solicitudProceso/listarSolicitudProceso.xhtml HTTP/1.1" 200 1556
201.245.192.253 - - [30/May/2023:12:04:11 -0500] "POST /sipse/faces/presentacion/workflow/reasignarReenrutar.xhtml HTTP/1.1" 200 49335
201.245.192.253 - - [30/May/2023:12:04:11 -0500] "GET /sipse/faces/javax.faces.resource/jquery/jquery.js?ln=primefaces&v=4.0 HTTP/1.1" 304 -
201.245.192.253 - - [30/May/2023:12:04:11 -0500] "GET /sipse/faces/javax.faces.resource/jquery/jquery-plugins.js?ln=primefaces&v=4.0 HTTP/1.1" 304 -
201.245.192.253 - - [30/May/2023:12:04:11 -0500] "GET /sipse/faces/javax.faces.resource/primefaces.js?ln=primefaces&v=4.0 HTTP/1.1" 304 -
201.245.192.253 - - [30/May/2023:12:04:11 -0500] "GET /sipse/faces/javax.faces.resource/layout/layout.js?ln=primefaces&v=4.0 HTTP/1.1" 304 -
201.245.192.253 - - [30/May/2023:12:04:11 -0500] "POST /sipse/faces/presentacion/financiero/solicitudProceso/consultar.xhtml HTTP/1.1" 200 42759
201.245.192.253 - - [30/May/2023:12:04:12 -0500] "POST /sipse/faces/presentacion/financiero/solicitudProceso/consultar.xhtml HTTP/1.1" 200 42759
201.245.192.253 - - [30/May/2023:12:04:14 -0500] "POST /sipse/faces/presentacion/financiero/solicitudProceso/consultar.xhtml HTTP/1.1" 200 155083
201.245.192.253 - - [30/May/2023:12:04:15 -0500] "GET /sipse/faces/javax.faces.resource/jquery/jquery.js?ln=primefaces&v=4.0 HTTP/1.1" 304 -
201.245.192.253 - - [30/May/2023:12:04:15 -0500] "GET /sipse/faces/javax.faces.resource/jquery/jquery-plugins.js?ln=primefaces&v=4.0 HTTP/1.1" 304 -
201.245.192.253 - - [30/May/2023:12:04:15 -0500] "GET /sipse/faces/javax.faces.resource/primefaces.js?ln=primefaces&v=4.0 HTTP/1.1" 304 -
201.245.192.253 - - [30/May/2023:12:04:15 -0500] "GET /sipse/faces/javax.faces.resource/layout/layout.js?ln=primefaces&v=4.0 HTTP/1.1" 304 -
201.245.192.253 - - [30/May/2023:12:04:18 -0500] "POST /sipse/faces/presentacion/financiero/solicitudProceso/consultarSolicitudProceso.xhtml HTTP/1.1" 200 53073
201.245.192.253 - - [30/May/2023:12:04:19 -0500] "GET /sipse/faces/javax.faces.resource/theme.css?ln=primefaces-sipse HTTP/1.1" 304 -
201.245.192.253 - - [30/May/2023:12:04:19 -0500] "GET /sipse/faces/javax.faces.resource/primefaces.css?ln=primefaces&v=4.0 HTTP/1.1" 304 -
201.245.192.253 - - [30/May/2023:12:04:19 -0500] "GET /sipse/faces/javax.faces.resource/jquery/jquery.js?ln=primefaces&v=4.0 HTTP/1.1" 304 -
201.245.192.253 - - [30/May/2023:12:04:19 -0500] "GET /sipse/faces/javax.faces.resource/layout/layout.css?ln=primefaces&v=4.0 HTTP/1.1" 304 -
201.245.192.253 - - [30/May/2023:12:04:19 -0500] "GET /sipse/faces/javax.faces.resource/layout/layout.js?ln=primefaces&v=4.0 HTTP/1.1" 304 -
201.245.192.253 - - [30/May/2023:12:04:19 -0500] "GET /sipse/faces/javax.faces.resource/jquery/jquery-plugins.js?ln=primefaces&v=4.0 HTTP/1.1" 304 -
201.245.192.253 - - [30/May/2023:12:04:19 -0500] "GET /sipse/faces/javax.faces.resource/primefaces.js?ln=primefaces&v=4.0 HTTP/1.1" 304 -
201.245.192.253 - - [30/May/2023:12:04:19 -0500] "GET /sipse/faces/javax.faces.resource/images/ui-icons_898989_256x240.png?ln=primefaces-aristo HTTP/1.1" 304 -
172.22.2.4 - - [30/May/2023:12:02:41 -0500] "GET /BLA/boletinlegal/ HTTP/1.1" 200 57561
201.245.192.253 - - [30/May/2023:12:04:23 -0500] "GET /sipse/faces/javax.faces.resource/images/ui-bg_flat_0_2d5972_40x100.png?ln=primefaces-aristo HTTP/1.1" 200 183
201.245.192.253 - - [30/May/2023:12:04:23 -0500] "POST /sipse/faces/presentacion/financiero/solicitudProceso/consultarHistorialSolProceso.xhtml HTTP/1.1" 200 38164
201.245.192.253 - - [30/May/2023:12:04:24 -0500] "GET /sipse/faces/javax.faces.resource/jquery/jquery.js?ln=primefaces&v=4.0 HTTP/1.1" 304 -
201.245.192.253 - - [30/May/2023:12:04:24 -0500] "GET /sipse/faces/javax.faces.resource/jquery/jquery-plugins.js?ln=primefaces&v=4.0 HTTP/1.1" 304 -
201.245.192.253 - - [30/May/2023:12:04:24 -0500] "GET /sipse/faces/javax.faces.resource/primefaces.js?ln=primefaces&v=4.0 HTTP/1.1" 304 -
201.245.192.253 - - [30/May/2023:12:04:24 -0500] "GET /sipse/faces/javax.faces.resource/layout/layout.js?ln=primefaces&v=4.0 HTTP/1.1" 304 -
201.245.192.253 - - [30/May/2023:12:04:25 -0500] "POST /sipse/faces/presentacion/workflow/reasignarReenrutar.xhtml HTTP/1.1" 200 15487
201.245.192.253 - - [30/May/2023:12:04:26 -0500] "POST /sipse/faces/presentacion/workflow/reasignarReenrutar.xhtml HTTP/1.1" 200 15580
201.245.192.253 - - [30/May/2023:12:04:28 -0500] "POST /sipse/faces/presentacion/workflow/reasignarReenrutar.xhtml HTTP/1.1" 200 23318
190.24.71.246 - - [30/May/2023:12:04:45 -0500] "GET /kwssiamovil/sm/ldap/au?x=U2FsdGVkX1/VebFu1p/+dhB+LuNoBMAVSV1vpHIl+q7fKi6XYM190yA5/kRNIBz0&y=U2FsdGVkX19//2DLbe5E58MCtYpgh2Z45N6WUcSnTeJQyxJGdvemdBG//KBfgKsP HTTP/1.1" 200 31
201.245.192.253 - - [30/May/2023:12:04:41 -0500] "POST /sipse/faces/presentacion/workflow/reasignarReenrutar.xhtml HTTP/1.1" 200 62054
201.245.192.253 - - [30/May/2023:12:04:50 -0500] "POST /sipse/faces/presentacion/workflow/reasignarReenrutar.xhtml HTTP/1.1" 200 62102
190.24.71.246 - - [30/May/2023:12:04:57 -0500] "GET /kwssiamovil/sm/ldap/au?x=U2FsdGVkX19R8axvjPLrTi9Xdb4NrQYAdBj026/GKOixw1EZibiyF9lOsv1JhWqJ&y=U2FsdGVkX19PVXjFc60jhI3vlhCHnGaeNmMNufB07c5ELR9wYQbclIRNijLjfpwE HTTP/1.1" 200 30
201.245.192.253 - - [30/May/2023:12:05:13 -0500] "POST /sipse/faces/presentacion/workflow/reasignarReenrutar.xhtml HTTP/1.1" 200 62688
201.245.192.253 - - [30/May/2023:12:05:13 -0500] "POST /sipse/faces/presentacion/contratacion/contrato/adicionarSupervisor.xhtml HTTP/1.1" 200 74536
201.245.192.253 - - [30/May/2023:12:05:14 -0500] "GET /sipse/faces/javax.faces.resource/theme.css?ln=primefaces-sipse HTTP/1.1" 304 -
201.245.192.253 - - [30/May/2023:12:05:14 -0500] "GET /sipse/faces/javax.faces.resource/primefaces.css?ln=primefaces&v=4.0 HTTP/1.1" 304 -
201.245.192.253 - - [30/May/2023:12:05:14 -0500] "GET /sipse/faces/javax.faces.resource/layout/layout.css?ln=primefaces&v=4.0 HTTP/1.1" 304 -
201.245.192.253 - - [30/May/2023:12:05:14 -0500] "GET /sipse/faces/javax.faces.resource/jquery/jquery.js?ln=primefaces&v=4.0 HTTP/1.1" 304 -
201.245.192.253 - - [30/May/2023:12:05:14 -0500] "GET /sipse/faces/javax.faces.resource/jquery/jquery-plugins.js?ln=primefaces&v=4.0 HTTP/1.1" 304 -
201.245.192.253 - - [30/May/2023:12:05:14 -0500] "GET /sipse/faces/javax.faces.resource/primefaces.js?ln=primefaces&v=4.0 HTTP/1.1" 304 -
201.245.192.253 - - [30/May/2023:12:05:14 -0500] "GET /sipse/faces/javax.faces.resource/layout/layout.js?ln=primefaces&v=4.0 HTTP/1.1" 304 -
201.245.192.253 - - [30/May/2023:12:05:18 -0500] "GET /sipse/faces/javax.faces.resource/theme.css?ln=primefaces-sipse HTTP/1.1" 304 -
201.245.192.253 - - [30/May/2023:12:05:18 -0500] "GET /sipse/faces/javax.faces.resource/primefaces.css?ln=primefaces&v=4.0 HTTP/1.1" 304 -
201.245.192.253 - - [30/May/2023:12:05:18 -0500] "GET /sipse/faces/javax.faces.resource/jquery/jquery.js?ln=primefaces&v=4.0 HTTP/1.1" 304 -
201.245.192.253 - - [30/May/2023:12:05:18 -0500] "GET /sipse/faces/javax.faces.resource/layout/layout.css?ln=primefaces&v=4.0 HTTP/1.1" 304 -
201.245.192.253 - - [30/May/2023:12:05:18 -0500] "GET /sipse/faces/javax.faces.resource/jquery/jquery-plugins.js?ln=primefaces&v=4.0 HTTP/1.1" 304 -
201.245.192.253 - - [30/May/2023:12:05:18 -0500] "GET /sipse/faces/javax.faces.resource/primefaces.js?ln=primefaces&v=4.0 HTTP/1.1" 304 -
201.245.192.253 - - [30/May/2023:12:05:18 -0500] "GET /sipse/faces/javax.faces.resource/layout/layout.js?ln=primefaces&v=4.0 HTTP/1.1" 304 -
201.245.192.253 - - [30/May/2023:12:05:18 -0500] "POST /sipse/faces/presentacion/contratacion/contrato/crearModificarContrato.xhtml HTTP/1.1" 200 205510
190.24.71.246 - - [30/May/2023:12:05:35 -0500] "GET /kwssiamovil/sm/ldap/au?x=U2FsdGVkX18SYjKG9d86x6/iJkWnSt8YTlEXeWJPwkTeGDJeXZl5tR6+QhTJrpQf&y=U2FsdGVkX18ca0ibHpAaxlWkvSTW6ZxjL/oG6DS92O8sMKwK/FB1FyWOuPqOMfGE HTTP/1.1" 200 30
190.24.71.246 - - [30/May/2023:12:05:51 -0500] "OPTIONS /kwssiamovil/sm/setfile/f? HTTP/1.1" 200 13
190.24.71.246 - - [30/May/2023:12:05:51 -0500] "POST /kwssiamovil/sm/setfile/f? HTTP/1.1" 200 381
49.7.21.73 - - [30/May/2023:12:05:52 -0500] "-" 408 -
201.245.192.253 - - [30/May/2023:12:05:55 -0500] "POST /sipse/faces/presentacion/financiero/solicitudProceso/consultarSolicitudProceso.xhtml HTTP/1.1" 200 63443
201.245.192.253 - - [30/May/2023:12:05:57 -0500] "GET /sipse/faces/javax.faces.resource/theme.css?ln=primefaces-sipse HTTP/1.1" 304 -
201.245.192.253 - - [30/May/2023:12:05:57 -0500] "GET /sipse/faces/javax.faces.resource/primefaces.css?ln=primefaces&v=4.0 HTTP/1.1" 304 -
201.245.192.253 - - [30/May/2023:12:05:57 -0500] "GET /sipse/faces/javax.faces.resource/layout/layout.css?ln=primefaces&v=4.0 HTTP/1.1" 304 -
201.245.192.253 - - [30/May/2023:12:05:57 -0500] "GET /sipse/faces/javax.faces.resource/jquery/jquery.js?ln=primefaces&v=4.0 HTTP/1.1" 304 -
201.245.192.253 - - [30/May/2023:12:05:57 -0500] "GET /sipse/faces/javax.faces.resource/jquery/jquery-plugins.js?ln=primefaces&v=4.0 HTTP/1.1" 304 -
201.245.192.253 - - [30/May/2023:12:05:57 -0500] "GET /sipse/faces/javax.faces.resource/primefaces.js?ln=primefaces&v=4.0 HTTP/1.1" 304 -
201.245.192.253 - - [30/May/2023:12:05:57 -0500] "GET /sipse/faces/javax.faces.resource/layout/layout.js?ln=primefaces&v=4.0 HTTP/1.1" 304 -
201.245.192.253 - - [30/May/2023:12:05:57 -0500] "POST /sipse/faces/presentacion/financiero/solicitudProceso/listarSolicitudProceso.xhtml HTTP/1.1" 200 1556
190.24.71.246 - - [30/May/2023:12:06:00 -0500] "GET /kwssiamovil/sm/acme/a?s=U2FsdGVkX1/SmiPLVYCcb1SzBbGyHjyDBL0B4q5hUKEPcFdrYWlOnGoi4mPGNM0FLnJunMEqQ+maV4ksBSxEYTTchIC8Vf6Dq8iYr8cB+E8j+IFhD63Vyj7zYXF4g/jum53I69Nc5glYZqsoiQNNw9WsOZwVZXGGkig+6FEQdCdNaa3GtqQVJ3e211hzhhA9VyWaR49ddrVj0Ctb4f7knUQ40aQVGMcqUs8csycJy6hxv/uZ/SC1UjE4UhqDcs8ZJuXE6gVJP7OmCx7V7Uj/sw==&u=U2FsdGVkX1/Fqj7pK49rPlZ00Jt8b2AEgREBemKRsbk=&y=U2FsdGVkX19L3Cb635p5JY5cOXt+OYwWkkR6E/GLvMI= HTTP/1.1" 200 26
190.24.71.246 - - [30/May/2023:12:06:00 -0500] "GET /kwssiamovil/sm/acme/a?s=U2FsdGVkX1/0AI4Y8wZ+YfkTnOqtlL/E+h+75bC4Xxrg5vS/fpqCD/B2XyRMw72zqoiTZGqtc3bMhi9UoKpPZUuNPpOK1q02q+Z/qxYIGDZGKhOQjZ9PUP3uFLtybVa2O+HfAeyMwybcONJQKjQTxBfoGNAi7zYLNvPmMc0ICqK+r5PAqkfEWVHEXHbN0kbsXJz39X7dXGjc3RPFcEQ54Uh5CJF0S0Udgs3dR6+Hu6N0lid0lc+VbMsd/uRG0J6AvcBNn0HetVVTVXscSLhd9sM32Js3FwZZzFTQmUSyOlKjyU4Ych849n97AltGIMIhTMvj+T6jcocBgkT7BYHC6g4Yiy+iV36TneRan/43YBOpj+iqG0SK1avSl9feToWuJOZWGXyfhMAAkI4BYbUDFlpskUUfpAB7LUK8xUTVEqOCSYxnpWiq30kaGIiWS9Iw1J2+jR8Qk0uv6SbMaBvwolsNRjzCN8XVsIB/ZgemUcsCL9jd9W3sl7tdtn2d7AW7KETYhM6EPcQDBGqDe+1YV0erNq5PpvFybgdSTQ/NgC99GJkWOBMSDheaIL3R5lCj3vVIZlU39bZREgQYWdrtkMHdkJoZfmk0VwuEZm96KKsns05a3XgUk5E0INmehJDu8v1iFOBJZ4ZmOPoSai5YZOKBWQSz177guFGGozNv683efFGaLhhjCMkRcTSUFQJNDFq0WG/kPvsbx/14fbsTULiTxv1fmh8c9/H0ECxPjQ6Y+RC7rrqJPYpS40hgU3tsPBQ2odL98NHkPPShFJ6tlLHUjrPLghGcXrH4tcXTAhe9T5SfWrrr716zH6KMyFdfoowyQQjvjYNd9tZbvL0v1Y7wRPEHkXMXvaG92XXR52xCGKqx7PIiBYMCs7sR5Fwv3TphLuXRlO4cg73eXPvb9hCSNJXCv4GTiZj3lPUVFcY/uBHxK54LDGHNQOHMz2+fGI1UqvcXSXROLMhVZaN4Ajv8F7x0lO1N6Ke8SoshE8k=&u=U2FsdGVkX1/Fqj7pK49rPlZ00Jt8b2AEgREBemKRsbk=&y=U2FsdGVkX19L3Cb635p5JY5cOXt+OYwWkkR6E/GLvMI= HTTP/1.1" 200 24
