!C99Shell v. 1.0 pre-release build #13!

Software: Apache. PHP/5.5.15 

uname -a: Windows NT SVR-DMZ 6.1 build 7600 (Windows Server 2008 R2 Enterprise Edition) i586 

SYSTEM 

Safe-mode: OFF (not secure)

E:\nuevo\apache\logs\   drwxrwxrwx
Free 8.02 GB of 239.26 GB (3.35%)
Detected drives: [ a ] [ c ] [ d ] [ e ] [ f ]
Home    Back    Forward    UPDIR    Refresh    Search    Buffer    Encoder    Tools    Proc.    FTP brute    Sec.    SQL    PHP-code    Update    Feedback    Self remove    Logout    


Viewing file:     access.2023.05.30.log (4.52 MB)      -rw-rw-rw-
Select action/file-type:
(+) | (+) | (+) | Code (+) | Session (+) | (+) | SDB (+) | (+) | (+) | (+) | (+) | (+) |
172.22.2.4 - - [29/May/2023:23:58:32 -0500] "HEAD /BLA/boletinlegal/ HTTP/1.1" 200 -
66.249.73.51 - - [30/May/2023:00:00:41 -0500] "-" 408 -
172.22.2.4 - - [29/May/2023:23:59:23 -0500] "GET /BLA/boletinlegal/ HTTP/1.1" 200 57151
201.245.192.253 - - [30/May/2023:00:01:53 -0500] "POST /kwsrmcab/Wsrmcab  HTTP/1.1" 200 43202
186.81.100.95 - - [30/May/2023:00:02:01 -0500] "GET /galeria/galeria/jquery.fancybox.css?v=2.1.5 HTTP/1.1" 200 4895
186.81.100.95 - - [30/May/2023:00:02:01 -0500] "GET /BLA/boletinlegal/js/jquery.scrollShow.js HTTP/1.1" 200 4586
186.81.100.95 - - [30/May/2023:00:02:01 -0500] "GET /galeria/galeria/jquery.fancybox.js?v=2.1.5 HTTP/1.1" 200 48706
216.245.221.92 - - [30/May/2023:00:02:57 -0500] "HEAD / HTTP/1.1" 200 -
186.31.57.93 - - [30/May/2023:00:03:06 -0500] "GET /kwssiamovil/sm/acme/a?s=U2FsdGVkX18vk+gFVjFcsTGvvL8NYSvGM/jc2P8iN70dO6whOehngOMukPOj/8ACjBo8oRdVirQjl7ptSZpJNI6gt5tIq1rL6xsYyfo91LOPnvevwxumsFtUIOVRMOzPXBM8K++Y5TlL6CSOYAlQKOJ14QFhrMjRc2pfOfLH+5s7Y8cTd7w+y9HYK/BYg28qpnOQqWHhR75+zHpzJ2+qoQ641Oh5OCEc1ZsXZQf06msk4oViQC59BKvUYTIDHNoTuUOcEoneRMDkQIuwxH5Vbw==&u=U2FsdGVkX19rhIaCUrXvQYt/lyanzfuy9iuDYG0gGedscwaz+5STJTqbq22fVVMv&y=U2FsdGVkX18BT5oGl9spTMlefS/iIJbnFlowjdePWBArsD3H2RaatpRSIGC/wrtg HTTP/1.1" 200 26
186.31.57.93 - - [30/May/2023:00:03:09 -0500] "GET /kwssiamovil/sm/acme/a?s=U2FsdGVkX1/WzZzrhleuRtHRKNJjf2fJm4FaNz2F+c9n/jixpQ9H+BLiaMGV2XN5E0O3iaDk8vahUcHQxHu3UlMnT0KJo1F4UTUQx8oe9jTYjd3PZETl/yXZ6hOlqbJejns6CSksfFfCH+9NAkOOY/zFFaPFbfCMKN/gyX2leEErMahUcVnIB6Ky3zABiDVqI/cpKDstmuVuwStX452d64lyRI+4ohpMQvQ7zLTbJAO/4il6myeqYw8ZzuXYzTdlkHHV8AlFi3C28DwHc39PRMESJXV3fHFpAp5WExFNr1SDDjmr8Xat9IyJradIKRyJouqQGSSmw1dPIK7gSXQ9BIi9BK2NnQSjUj7bGiEaFPZi/x4T6nEBsCu9SHJ8ruY6JtCECJl+BulbBj5YRqE/9y1TMDbhd73QUGbqWeF808davf8v/5OMpXwK/MczRfpRTWy3dLR146bJsFEC8JEaKKlkM3l+5D8GDsOjjy+y8qv+SPeD7FRvR/o4NMAifZK3GC8auzvXVkK/kKAAP/cumsylP14gw9Gmy6Cjtv7bFLYxHYi4CZ6WCcQaEDlhZehgfF7bq2Os/2Vqe4MWUAvaFZGMd4pumgtj1fWLiK7yNAzxbVZ1LuIERjiN3HhOsKRUhLiLA/8ups+pzwSXLt+jWT+k9ACeMpJgSHPG6RlAT/h5gBbEBhi3D+K7qxAf3XirAuqrlHMH6UUV+YaXLIhp6lACQrSuuTbiNQMzMUOXNkEX/c7OtP99mmZVyGmNJuNjKJbP/HB+C6rKGSlQ3DoDWMoTutdbmNJKmcX2dHNRMd4FnIoLcGpRly88q4gUGamrGXS8mxd+mWVT28aAllfq6f4LJ0MKQTyVLX8vr9JHz5ljB7DMzpMpsRwXXUXegqc4Q+E7YolyHpgeAC6kvcelCjbGL3YoIpd9W4TbgvmiyXOTawF0VzF+IqPGrAyO/e/Pnn1PVULJn84sNTujHO/rctldTzh+MlW32TPLIV9WGr97XGbNSDxcLSG6kkDQJoth/2qOqRLGCdob+UBHqXOmyhdzwTGEShI9AeG9OQVJO9zVzg2MdxARLbUWhLoRxgkygsdew36LJgS4U+Gjw+k4U9DHM1+pT2O4A5aLxnhPplOoRZECpFZWYzLKoV8/Z1YXe5S8awBmv0elFSVQZQs7PvxlMjaa0mTJlsFvuZc1IWTZRvFw8ujJTrBqk8UoB/C62TRZ9oV0ieODqFEw1z/pv7QlJyRtJpicMYfuiBhP1LEkEVpHCk9DStU0HvamRkRpWGt9UiyTFbXv0lo8VRFsl1SLQHLNKg/6xCxxoPNmy0o1aoiZND8DAnc9x+2XicWeo68S6/H4rwq0eA2Os9LSn0dU79KZtX7tOSKZ5KKD72dWMrHNau44P2L4Hpw5FT5VT71xCXW1MzOALlaKHTp0tqMDJ44DFlHcRS78BcsSR6jRuiYc1HynAvbc2meNEpYnNEx+IQRq5hX81I/hgipHL7LhzxA39iAYt2NMsTKcFLi3u3R3547RtTPx7qMnu27fTm2bBEC0UMD3PoaJJgiM/A3VCBue4QZKx4BlIm3U3sM6rfR4jyKru3rv3mjKR9EDqqSJGQpXOdX86+nEA9yhR2jM4uGQOuw9nEa89nZjK7+9Pq24zrQBXxLR5aIaFvjWppehVRguM2jmX2/l6geNkN/TsVkRCnEofSiK7xtDQqZsKvjfeq4CJj3rdaz2uDPhmFyk8vgL1cK1UqBHLwL963zcuFIhlOrM4R3wZXlxVDb+X48IFHbfBhcNPsjsbo7Kp0gSepPJUwZI38HCC5f4hDzGVvgLb5+/wo77mRc1Sny80XAWRGNFy0tuoW/wjdeWhLHwdpdsHGjS+ezPalWeCYcpHrl9J9cY9py3XzTVcjZeeVF06hz4r/jNigZvwqru+svW0Zmtgs7lwmoP8PcX1rHZVbxDxWJVy3n7t+qUbBgSAztTN/gq3cAk2mktjGgQfLMcoT5KHd6wRPLBoSAGS3Ln4q+WHEtU0W1EIX4Jta4DgRNPrsHcQ7yWd7lkgwoghyj437WDJRO0pdZMR8lQrLJ5LCTnhL4QF/VSPARbp23hL0HJtojdgTwRbhpAx23E0OlEzyM6WNoaQbjGHr1dbbe4AuwyJ4F+r5B1Bt1S9UkZfOSBhmvfdsqITmEnOO4Nurk8H8TijjM9x6cxEGl8sHpHCSauMXHCcD4m6+QQJN1MrOemYrwB1NrHWGS6OdXTxi6/p5eohTcKMYBTxLfsTzsrjlOkq6GiUsZ4PyE+zHQqZZ6IfbbXyS+MWhiRnEX8/iKUVIE8RX6gB26jc23aXvDGsdy7h08yCtlcQMKreAXYvTME/39d/4Z1hW+ggQXEW1KNtoALHu2P2u3fw+EN05cu3NjiDUB/3EcHJ6RAiarXj2TEPzHsDdg6QOssHLj5&u=U2FsdGVkX19rhIaCUrXvQYt/lyanzfuy9iuDYG0gGedscwaz+5STJTqbq22fVVMv&y=U2FsdGVkX18BT5oGl9spTMlefS/iIJbnFlowjdePWBArsD3H2RaatpRSIGC/wrtg HTTP/1.1" 200 26
186.31.57.93 - - [30/May/2023:00:03:12 -0500] "GET /kwssiamovil/sm/acme/a?s=U2FsdGVkX19ely0KBogyIsI9yOyXKK7TVnEfJQCGJqXPDh9trYnFj/31LLvNNs0jDM8YaqQQ05ZEtEnKXHt/TUg3pNtUsCHaP72c10jL1zlFNXSsOdvp0Irv234pI8qD+QrRMy7Yfjk9ucWfXVrSpp9g3UvCPBW3c561dNJm3jw=&u=U2FsdGVkX19rhIaCUrXvQYt/lyanzfuy9iuDYG0gGedscwaz+5STJTqbq22fVVMv&y=U2FsdGVkX18BT5oGl9spTMlefS/iIJbnFlowjdePWBArsD3H2RaatpRSIGC/wrtg HTTP/1.1" 200 26
186.31.57.93 - - [30/May/2023:00:03:16 -0500] "GET /kwssiamovil/sm/acme/a?s=U2FsdGVkX1+m6LX2u0AeIt82qPKqbLFd3hMZJccW6uYgEiO3cqso6AkbWaMeUS89iUChvxuV7faPxV0GPSnbMUdEYuopO2OYRb0cdHAwouNhyA8q3hJ5vOKOvKetpA3ahblIiwzvO6kb4YgluqJTel+OshCk6gEu6E60oQ+86wA=&u=U2FsdGVkX19rhIaCUrXvQYt/lyanzfuy9iuDYG0gGedscwaz+5STJTqbq22fVVMv&y=U2FsdGVkX18BT5oGl9spTMlefS/iIJbnFlowjdePWBArsD3H2RaatpRSIGC/wrtg HTTP/1.1" 200 26
186.31.57.93 - - [30/May/2023:00:03:19 -0500] "GET /kwssiamovil/sm/acme/a?s=U2FsdGVkX1/+eNdyy3Vxs51T+N0PEORffZydPnBWWfU2mtfZaQhhP2JTBpVKU0247wcs4/p6FxJk2qcdfjxZQeggjBgGCFo0MqD/7lpNc3qqigdzzF0aquuqQz+hUzerIcK3n3Vc9/rX1vHElZoHkzA+adSpyqcf3CwEYR1gCuE=&u=U2FsdGVkX19rhIaCUrXvQYt/lyanzfuy9iuDYG0gGedscwaz+5STJTqbq22fVVMv&y=U2FsdGVkX18BT5oGl9spTMlefS/iIJbnFlowjdePWBArsD3H2RaatpRSIGC/wrtg HTTP/1.1" 200 26
186.31.57.93 - - [30/May/2023:00:03:22 -0500] "GET /kwssiamovil/sm/acme/a?s=U2FsdGVkX1/idX9rMfcQ1ISusU6z6yDTK07kpwJGjPM/rFt7cu7Udm9mSd7MwbzsDZYBTy4BDDbcPQNXXMkDKhApMhKGTRuLy2KTQLI1sZopU8W0n6HU9HgptsYaEBYYcac5xEzDAomk6QBAziZ3FrmJE6TuYmmjyHOow33y2V2evzvKM3twgw5Z0RmUu3LGvWPsMN1lkLs+nWS01P0U8Q==&u=U2FsdGVkX19rhIaCUrXvQYt/lyanzfuy9iuDYG0gGedscwaz+5STJTqbq22fVVMv&y=U2FsdGVkX18BT5oGl9spTMlefS/iIJbnFlowjdePWBArsD3H2RaatpRSIGC/wrtg HTTP/1.1" 200 26
172.22.2.4 - - [30/May/2023:00:04:22 -0500] "HEAD /BLA/boletinlegal/ HTTP/1.1" 200 -
66.249.73.51 - - [30/May/2023:00:06:45 -0500] "-" 408 -
172.22.2.4 - - [30/May/2023:00:05:13 -0500] "GET /BLA/boletinlegal/ HTTP/1.1" 200 59306
201.245.192.253 - - [30/May/2023:00:06:53 -0500] "POST /kwsrmcab/Wsrmcab  HTTP/1.1" 200 43202
216.245.221.92 - - [30/May/2023:00:07:57 -0500] "HEAD / HTTP/1.1" 200 -
186.31.57.93 - - [30/May/2023:00:08:09 -0500] "GET /kwssiamovil/sm/acme/a?s=U2FsdGVkX1/bVDHSEPWuDJCaPofEskm41uvwSJC1+O8m5/RG6eaezpkePBw/eQeC+uC2HpRIXGvsb4nPEErZKtU/+UWLLgmpUcF3Y6KgMJ8FEioWsDP4rVjWHwEP04mccLgAaVI4oc74d5TMVkM+QHy6fj/9HYMJFQNXpvGuclw8Z6fmd1454abQCTapNvJHWcadGmzQf11bh2oQrjiEuFpAMCQDHY9AJQc5Y7NIly3iOGU6zzA3zm0X6JAJa+JcqkAeJi9jWQtjvsi3EmdMhg==&u=U2FsdGVkX19rhIaCUrXvQYt/lyanzfuy9iuDYG0gGedscwaz+5STJTqbq22fVVMv&y=U2FsdGVkX18BT5oGl9spTMlefS/iIJbnFlowjdePWBArsD3H2RaatpRSIGC/wrtg HTTP/1.1" 200 26
186.31.57.93 - - [30/May/2023:00:08:12 -0500] "GET /kwssiamovil/sm/acme/a?s=U2FsdGVkX19Jdvt5MYpzTdlAFXXMG6CmDSjnUwO3UdXh9iMgHlYdwd9jxtepT87u6VqsCZbBA78kGs7V349K0lCVlIJfmsXIxbylCu09UTZH8LsUZH/GBGTMKHNwaCrDKhaEeNTSwPqIqAptHiL5dnZlyxQs/FQuDXAdC23dCQJuuDe3rVy0YYkT/10clOgu1YzMVSGXZ1vBfyIlFf+IVqb2D2Om1stShh7VTFUbKhGb9DvDebeovCAISEJsoMs8c/CLjWjJ4lfpzyjABDp02EkLo0gbBGOkxyYilfgDFhYnb5hNBGMwFHdxbN8if2/x7JD9rAohVnIuuB9i7nF9LJp+UaZ4aG0OU2q8Z8skjhhkWlT0OGASkRU/csh91Z8lriLu72An1X9xtA6qRBC5Y9UVrh77y1s4Q3MvJBsiYBn6zH4BTryh4JYAK3S1KKh2735UeFAdKIvVp67G5uyqfquq9bZ/+1D3mUUrKgfVMKPN9RUY8jzmjPfOXbhmfrxI6gQjKopRjlSUsZ7d2ptUbPiXj1vApXw4NdlMvYj7x9StpqvtZs76V0tsQsxo7z+ACQMSzTQPZiU/qiTuw+q6mDVpcvErsu5WSqe7zxcy2BAh5H0sy/WXVwVO5vPFUvvqywEfdqLvMCGFL7kDe0NQh5YdwMIP35MEBbkZcwKJHe0+5mvnx9WDAa37gtoE4tY5IlHZq+0n+gjSD5fNyjZ4GAFAubQz4x9R4oJqW970/jf+YqjjE9/8Wxq9OKkaTrMMXLgSoeDluGGhkkM6d2M7rUGgHmp8DT3r6WuQaYmdbm48sMe5YGZA1Xda/nQ+vJQ2QiymDllVhOsc4JQMPlp+Y0F1PoaEQ9RN0NX9xHCI6wjN1AYZF9hiSC4eoExIo/GwqU3jpZrt5EX2mmDqWwfXroTZJsDIRtdhY3rJFCNbZ0mHiV7FGajRdnSofvlcxe9+r5StrfgqyViJ/5/HPKtjXRv8RZuBpZwJQKS6pR06dARuQGaFdDnljQfbxzgadgCk91UAvrOO2Pzvgc9ZIR0EzjE0zUiPaeS6zq4JFF03FZXGrU4MSkN8JX9BxJ2FkRMDrR+xIXUK0RVVzALuOCh3kNoOYWIyzsseIXWv1pUgWD/0frZZzpy8yiOUbj+Wiur4aBbE4Ow2MCNvXRBJ5C8aegx0LIZlzgaGZi22svxblYjig0LPt8xj9fbi+hXZnoz88LIF93Lp1THsrM2m21othA/0QMy10oySd9jfWE9FrJH5vBL2+YVeBiOkD81cS55Q6h7/3QU87Dn90UduxPgDUwhaxZ/Kl5/XCX+uwVi+XhaPNMcY4ufAGq15mWQKmYY2HrDdbrHT1T4h7pNvnyAFI2hw7+Yfzt55MsHpCI91ofAnj5V0b6oltJ+SISxY6pOzzkBUAZbdH2QjRcn11cViAtVeji5t/4YOSz0lvUnBt5hf5FXzyL2/o2QoIASNCCroNiARrgJlEHpMZytecgtW2TLQ8w3IgI0zl7kTOiSszmot9gZwKHxJv+jAA9TX3B5rSV+4tH9NEqDLzs3JhXRGIc7PF3DLIk1JmKL+/GhYyaJ7S5tb6wrx4fssGpry0nL+s0mQDVCqwNWAXFbaEzllki77eoFgKOACz+OflSp6Kd01NTYkUtB/8Gnf/6dEwnFLTCG/CLVwYBSFAcbFcUqiVgLq3AK+cWiB01mRvgm5jBBR5kAfXXXvtkvtKy4JBmZG9AoQefVqMq8zA8ONOilVKQ==&u=U2FsdGVkX19rhIaCUrXvQYt/lyanzfuy9iuDYG0gGedscwaz+5STJTqbq22fVVMv&y=U2FsdGVkX18BT5oGl9spTMlefS/iIJbnFlowjdePWBArsD3H2RaatpRSIGC/wrtg HTTP/1.1" 200 26
186.31.57.93 - - [30/May/2023:00:08:15 -0500] "GET /kwssiamovil/sm/acme/a?s=U2FsdGVkX1/0gJOEJKvFQHiDjwDctUUGmwaJ8+jT4ohcdnfVH9h2+oTPVhwC/I2TxDBCkIvHdqs9CMRJ+O7il8qdpdTaA/rdC8wOAtU3YglgpHayN7qT3uEc8tecWhr4+EWKVI8RdCByWTvrEh4lZRIxUhusiKabcepdSsvlS34=&u=U2FsdGVkX19rhIaCUrXvQYt/lyanzfuy9iuDYG0gGedscwaz+5STJTqbq22fVVMv&y=U2FsdGVkX18BT5oGl9spTMlefS/iIJbnFlowjdePWBArsD3H2RaatpRSIGC/wrtg HTTP/1.1" 200 26
186.31.57.93 - - [30/May/2023:00:08:18 -0500] "GET /kwssiamovil/sm/acme/a?s=U2FsdGVkX1/MCk0OVUzjsYnB7xyv6sOsqTtaUt6+xj1J1tm4k2vDJVNSdmRfP6jeEmCr62QnqpeFal1cwdn1gdG9C2TFWaFO94od0XG8JtO2HA8PdOrGM3Fkshc2DwrUOjEFwVQBJ4VfLLtJlSpYA8k23hOyGmoNqoBlB/AvFEM=&u=U2FsdGVkX19rhIaCUrXvQYt/lyanzfuy9iuDYG0gGedscwaz+5STJTqbq22fVVMv&y=U2FsdGVkX18BT5oGl9spTMlefS/iIJbnFlowjdePWBArsD3H2RaatpRSIGC/wrtg HTTP/1.1" 200 26
186.31.57.93 - - [30/May/2023:00:08:21 -0500] "GET /kwssiamovil/sm/acme/a?s=U2FsdGVkX18CeN6MVsTUfp7eRNdRstAX1gu9QM5TPXtgADMtaxQPD1KVDAXHyqPovDZGRaSUhMwIzxxHwyYfkPjEnlOuxllYaUb19XVC5ZFQ6oHFF6pTES5sUxjtxvykD2lJumJcygyCdD70HbcEKaQJ4BltTeqfVTdR5GrN1h4=&u=U2FsdGVkX19rhIaCUrXvQYt/lyanzfuy9iuDYG0gGedscwaz+5STJTqbq22fVVMv&y=U2FsdGVkX18BT5oGl9spTMlefS/iIJbnFlowjdePWBArsD3H2RaatpRSIGC/wrtg HTTP/1.1" 200 26
186.31.57.93 - - [30/May/2023:00:08:24 -0500] "GET /kwssiamovil/sm/acme/a?s=U2FsdGVkX1/G7D9lrG8czFkKUvvz85qzmXpMEhl5v7BXpzQCHmA/3G5dhKLE58qZO5d/ueM+pWeXs56X+7BxZrQfPx36YNOa1S/P6eu3W5EKvcD8A5fGyP+KqVkFs7rscfWcvKTcIPj4maIAqZzS8lDc0og0Rz+dII4cXTuCnHJiRNtIvm6/oZoTymEi55cMyY5yeQfg2Ircl7xnRxU7ww==&u=U2FsdGVkX19rhIaCUrXvQYt/lyanzfuy9iuDYG0gGedscwaz+5STJTqbq22fVVMv&y=U2FsdGVkX18BT5oGl9spTMlefS/iIJbnFlowjdePWBArsD3H2RaatpRSIGC/wrtg HTTP/1.1" 200 26
64.125.238.74 - - [30/May/2023:00:08:40 -0500] "GET /galeria/galeria/fotos/Huemdal-el-Tunjo3P.jpg HTTP/1.1" 200 20644
40.77.167.255 - - [30/May/2023:00:09:36 -0500] "GET /BLA/resoluciones/AUTOS%202022/0205.pdf HTTP/1.1" 304 -
172.22.2.4 - - [30/May/2023:00:10:12 -0500] "HEAD /BLA/boletinlegal/ HTTP/1.1" 200 -
201.245.192.253 - - [30/May/2023:00:11:52 -0500] "POST /kwsrmcab/Wsrmcab  HTTP/1.1" 200 43202
186.31.57.93 - - [30/May/2023:00:11:58 -0500] "GET /kwssiamovil/sm/acme/a?s=U2FsdGVkX1+TNUjmmx1R9aFz5fZ94DLTJ3Hwk19YyjvSJIve3hpYaLaIVm3bNR0k2qzuoGL6tJ2gwqVTIlmZe/KhPbGu44H9uA6RhD6t/qgQc+uAnwxHJDjGTw8fZo73bsfq3cGiVrScb2ysfnu5ZiGIJby0sfM4wl6bMvF7xzO/EUINj6C7E5hCfMr79d360HTzooCcQL8CHuvq9oAI1yLNkjJDF8YdaK9INdXh9AR9eHkdtWI9HxA35y8BpZr1UIHUl+pp0Q6jdsC89FmLlA==&u=U2FsdGVkX19rhIaCUrXvQYt/lyanzfuy9iuDYG0gGedscwaz+5STJTqbq22fVVMv&y=U2FsdGVkX18BT5oGl9spTMlefS/iIJbnFlowjdePWBArsD3H2RaatpRSIGC/wrtg HTTP/1.1" 200 26
186.31.57.93 - - [30/May/2023:00:12:01 -0500] "GET /kwssiamovil/sm/acme/a?s=U2FsdGVkX1/ktxJ1JMpnaaRZrFGhvX6vLzoEw8KYTJfiZfeBlDRCXQF2ZGowihjyd9e9p3plgu8HPoHFO3UDQL4NllMgxNVa+g9fMGH98j9SJqpadSlA2VFwY+bmOqw3E/XVFBinOS8ezRKrQPHOhKI+iwjGD22VntLhWrqq+W1gOxPzEfogd6nvfl/QA72Pvn/EoT3FV04m7vUFMZY2vacjaLEmiO+hmKGFQyJMPS+6JF65x3UZAZzZOPyD4dYzPJpZ2oPrnJRpmzePIuJmlAw+qwNgtJPXjuMDb/T8leX9lxNejw3vpbbc7a0bCmKGfwnoveOHsGBT9Nt8z/4+OgRSy1ZYyQE84d6IEzr9bKH8jGjHdXxnrQTLBXYH4kdSZEMi3H64cvSWyt1iM3EJhMPdfjPTEeYtbKIRqAmoBovUVK0XGPkZFH7nTzQpIlzDlj64cke67w8MKWZnfb8cy4IOiKJ9qbBwdG7JSky7zZgk97wyFhQ21ecICHHMseWfJE7fIwLN2CkGUKVY1inn3YFfwvsI5EFM6JIcnskMGhsI+qwh/+ssinNEAXFqHjW6Dozpgin1eqZpnJNDHNRioZsWWiQ1/3tS48jZyiHdOQ9BjubJUUFZKhio0EL7/4AvLPqBlY4mijIEyfrynO7tuzMyoFFfIg9ube/RSfPy59ZEOGA8pFcFvW7Wq2n8mnPrX4hdlaiQea2OaGRLb7CIFfBs02gPVECrMK07i2sFn3ZYMMv/NlEXEg6vfj7Betby2136lvQOH3W0RtsZzj1m9nb1G+R+U154ctIsZdw40JNuGeduMyLXLgqh4sdI/WVDHQRw5Fl55fhUsguR/E8scMO7efdOTX/b0Wa2MDi3mhWJes5G8Ex9Tlq/xxrCWIY63Rc3nCN4ekug2cBJ0nW/aY0Mgpgfylv8OGAwFyQ4U2fwD2F7VW1WU3N466qJzgIg1KLgZGC3Tf1hLOVQlVZSCoTpfZ32nEe6KoQRbZg++YehER7rXZixYwH8DSBdxxmOCYlk1PceFW5XVL9MZne+Hm2diw/X3CxU3VJEKfWlGd85czC9yQ3GNtWuQ9/N8PkjoU56160sPBKABempjX68rrjAUaW5xXPc+PyHegY0W3mtqYAFIy65ao8TPKg4XkUo/4opGHQW1EaLdCKBw05h56EQwbkiAvx6FUwdI4TNgLZn10fITG/WAg/goY0md6ERF9p69VGadtERfGZzS+BXINlssZvo8+mTUArbMt4IWBVent+0FE+e7+k0Df+inYdCJweC8O06t5AoLQhvEGplKQXZRQ7s3E8KwIJUsAjVJUL8BuckNwzaVz00h9DyPSYFlTIQMWyvfYeJPH+zzn+RiZyJDouMy10ZkFvMVwrGdaT3LKrgoEXJ7b5DpqOMIwmpkyhxpEjIqW58hn8cIyMU4o+BfvQWsbkbccupO7Adh8v4jvwep/gR9lJ4vBQUg/tcqWsmReJRG2vRItGD3C6IktOdyh/admV5sl0v+IHM3cGt4MNRmN4UZ4dAJqEAHz0ilJl/8okKWauODMCd+R7S1yqxIoajAi1XPE0K3Gk1Ba8xTie8QkwV65ife2xTOvF69WHfxyQKdRD2ihk9D3F5Ni2gpJ/1ExqPwPRDfkwEyVY06wAKOIN+oWLImQhYYsd0cut0T/VV5YiBME5GbIO5Y/Gbots4tDuZ4k1SQlhXeAkRg9x2xujq7yPIef8vGeSdFuUMumzUeeEw7FVxxxW/SVRgywjjFP5H3+5Ucvs7BXuzN+bLkCNPYJROv4EnXaHW7hoISkz58JTwffkemGyEa/u5TaOMxD0mnuQbvzJI8iV8e9zDb4UyuEMeSD3v7BL4psaW5rFUSkUBQ2mKqUeOfrHtaDo7Tsa/TBnLWSW4eKsVVkAP+zeJyUXyYqmWgqtUi3dSfnVDNx6r5ZIZxNNasx2xkIMpoMCqgjb/Is3auw64P4YP83pzBJiQhqWWjC2y+vHFVel2WGeoLdjo/M70F20zGLN+GQNQ2GspnTa5dF5KcBe6rybEvaGTCxNCuVzmSlcbXBeCmXN4doNS+dsPRb/dbfe3h87TS3TK8h0+yNjCLWc0eC4vYC892YbE19fdhC6zzQT7fTWLeG9p+NdL1nrt88makXlEIVWNvp8RYJcyi7vXIji6HfOgSnaHgM/ZycjTIK2tGJavXZQ1NI4H6A==&u=U2FsdGVkX19rhIaCUrXvQYt/lyanzfuy9iuDYG0gGedscwaz+5STJTqbq22fVVMv&y=U2FsdGVkX18BT5oGl9spTMlefS/iIJbnFlowjdePWBArsD3H2RaatpRSIGC/wrtg HTTP/1.1" 200 26
186.31.57.93 - - [30/May/2023:00:12:04 -0500] "GET /kwssiamovil/sm/acme/a?s=U2FsdGVkX196cn7y86aoYAYDWHIQtaFbrrlP/D4+TTY6e27fHgrxwTSAqrgPkZQo6XTVd2amuJRMQdxGfBC1PwrgExDzmmqKtMdC18TVs6emgd/6hG7Lya5ICDFkLeL7smWKfSUPlcGbg3eVM7V77Qy+2O4v62tRh1O+EonmPgs=&u=U2FsdGVkX19rhIaCUrXvQYt/lyanzfuy9iuDYG0gGedscwaz+5STJTqbq22fVVMv&y=U2FsdGVkX18BT5oGl9spTMlefS/iIJbnFlowjdePWBArsD3H2RaatpRSIGC/wrtg HTTP/1.1" 200 26
186.31.57.93 - - [30/May/2023:00:12:07 -0500] "GET /kwssiamovil/sm/acme/a?s=U2FsdGVkX1/lMDFTEVqbfqIKcO/Fn/ezkTeoeMObeK/iFGEoLg9wznBR8xIRFxh0YZGwMy8kMnFEYItvuzNIOBDBTLWncX8PbPObQzvIjX18mZhvGUPWVeSvyzZ2TkP8eXYaYhqwoI0PXuD4z7AIyETDzWuJCIYoj6Tg5Eptf0w=&u=U2FsdGVkX19rhIaCUrXvQYt/lyanzfuy9iuDYG0gGedscwaz+5STJTqbq22fVVMv&y=U2FsdGVkX18BT5oGl9spTMlefS/iIJbnFlowjdePWBArsD3H2RaatpRSIGC/wrtg HTTP/1.1" 200 26
186.31.57.93 - - [30/May/2023:00:12:11 -0500] "GET /kwssiamovil/sm/acme/a?s=U2FsdGVkX1932pWfd4F7x9vB2PRZsvpibGmr3DMgJ0OixYoY9+qir8J5X2q0P0CWQulkSiyDJMY3CYmdH75LhajxgxTN5lz/sYyHTGnfvEIf0x9plw24qs/S4iQyQnHJxqls1gum/MOmb6hr/yjtBY+OhEZMKWS7SX4nnhFCa4c=&u=U2FsdGVkX19rhIaCUrXvQYt/lyanzfuy9iuDYG0gGedscwaz+5STJTqbq22fVVMv&y=U2FsdGVkX18BT5oGl9spTMlefS/iIJbnFlowjdePWBArsD3H2RaatpRSIGC/wrtg HTTP/1.1" 200 26
186.31.57.93 - - [30/May/2023:00:12:14 -0500] "GET /kwssiamovil/sm/acme/a?s=U2FsdGVkX1/evkFAMOHtVUMzPfATXVm6cNYbx/47f/yUHFacQlbbBhJKuBDEEn8b1jd70GLphM/yJOqoqLvEkUYmgU+2/9gU51zzh18EKFWGvLVJyy/KcrnO1fUaftTVIJKXkqnIfNA5guc1OCm/kBQlJTSFCLO3Vw9eE57yNseVaPxN/fWOw45W8A7ffYv+5iiQvlhMs5G4rCyb64SFfQ==&u=U2FsdGVkX19rhIaCUrXvQYt/lyanzfuy9iuDYG0gGedscwaz+5STJTqbq22fVVMv&y=U2FsdGVkX18BT5oGl9spTMlefS/iIJbnFlowjdePWBArsD3H2RaatpRSIGC/wrtg HTTP/1.1" 200 26
172.22.2.4 - - [30/May/2023:00:11:03 -0500] "GET /BLA/boletinlegal/ HTTP/1.1" 200 51977
216.245.221.92 - - [30/May/2023:00:12:57 -0500] "HEAD / HTTP/1.1" 200 -
157.55.39.239 - - [30/May/2023:00:14:13 -0500] "GET /BLA/resoluciones/AUTOS%202021/4548.pdf HTTP/1.1" 304 -
45.156.129.12 - - [30/May/2023:00:15:47 -0500] "GET /portaldeninos/ HTTP/1.1" 200 110197
190.84.119.147 - - [30/May/2023:00:16:32 -0500] "GET /BLA/resoluciones/index.php?dir=AUTOS+2016%2F HTTP/1.1" 200 330318
201.245.192.253 - - [30/May/2023:00:16:50 -0500] "POST /kwsrmcab/Wsrmcab  HTTP/1.1" 200 43202
157.55.39.239 - - [30/May/2023:00:16:55 -0500] "GET /BLA/resoluciones/AUTOS%202023/1363.pdf HTTP/1.1" 200 2977367
172.22.2.4 - - [30/May/2023:00:16:02 -0500] "HEAD /BLA/boletinlegal/ HTTP/1.1" 200 -
216.245.221.92 - - [30/May/2023:00:17:57 -0500] "HEAD / HTTP/1.1" 200 -
66.249.79.132 - - [30/May/2023:00:18:11 -0500] "-" 408 -
172.22.2.4 - - [30/May/2023:00:16:53 -0500] "GET /BLA/boletinlegal/ HTTP/1.1" 200 57561
66.249.73.51 - - [30/May/2023:00:18:45 -0500] "-" 408 -
201.245.192.253 - - [30/May/2023:00:18:53 -0500] "POST /kwsrmcab/Wsrmcab HTTP/1.1" 200 40524
201.245.192.253 - - [30/May/2023:00:18:55 -0500] "POST /kwsrmcab/Wsrmcab HTTP/1.1" 200 43681
201.245.192.253 - - [30/May/2023:00:21:49 -0500] "POST /kwsrmcab/Wsrmcab  HTTP/1.1" 200 43202
52.167.144.20 - - [30/May/2023:00:22:02 -0500] "GET /BLA/resoluciones/AUTOS%202022/1280.pdf HTTP/1.1" 304 -
216.245.221.92 - - [30/May/2023:00:22:57 -0500] "HEAD / HTTP/1.1" 200 -
172.22.2.4 - - [30/May/2023:00:21:52 -0500] "HEAD /BLA/boletinlegal/ HTTP/1.1" 200 -
152.61.192.232 - - [30/May/2023:00:24:13 -0500] "GET / HTTP/1.1" 200 319
172.22.2.4 - - [30/May/2023:00:22:43 -0500] "GET /BLA/boletinlegal/ HTTP/1.1" 200 59306
172.22.2.4 - - [30/May/2023:00:25:09 -0500] "OPTIONS /BLA/boletinlegal/style.css HTTP/1.1" 200 -
172.22.2.4 - - [30/May/2023:00:25:09 -0500] "OPTIONS /BLA/boletinlegal/styles2.css HTTP/1.1" 200 -
172.22.2.4 - - [30/May/2023:00:25:09 -0500] "OPTIONS /BLA/boletinlegal/js/jquery.scrollTo-min.js HTTP/1.1" 200 -
172.22.2.4 - - [30/May/2023:00:25:09 -0500] "OPTIONS /BLA/boletinlegal/js/jquery.js HTTP/1.1" 200 -
172.22.2.4 - - [30/May/2023:00:25:09 -0500] "OPTIONS /BLA/boletinlegal/js/jquery.scrollShow.js HTTP/1.1" 200 -
172.22.2.4 - - [30/May/2023:00:25:09 -0500] "OPTIONS /BLA/boletinlegal/images/cabezote%20BLEGAL.jpg HTTP/1.1" 200 -
172.22.2.4 - - [30/May/2023:00:25:09 -0500] "OPTIONS /BLA/boletinlegal/images/subscribe-icon-big.png HTTP/1.1" 200 -
172.22.2.4 - - [30/May/2023:00:25:09 -0500] "OPTIONS /BLA/boletinlegal/images/registro-usuarios.png HTTP/1.1" 200 -
172.22.2.4 - - [30/May/2023:00:25:09 -0500] "OPTIONS /BLA/boletinlegal/images/historia.png HTTP/1.1" 200 -
172.22.2.4 - - [30/May/2023:00:25:09 -0500] "OPTIONS /BLA/boletinlegal/images/screen_1.png HTTP/1.1" 200 -
172.22.2.4 - - [30/May/2023:00:25:09 -0500] "OPTIONS /BLA/boletinlegal/images/arr_l.jpg HTTP/1.1" 200 -
172.22.2.4 - - [30/May/2023:00:25:09 -0500] "OPTIONS /BLA/boletinlegal/images/launch.jpg HTTP/1.1" 200 -
172.22.2.4 - - [30/May/2023:00:25:09 -0500] "OPTIONS /BLA/boletinlegal/images/body_bg.jpg HTTP/1.1" 200 -
172.22.2.4 - - [30/May/2023:00:25:09 -0500] "OPTIONS /BLA/boletinlegal/images/menu_lft.gif HTTP/1.1" 200 -
172.22.2.4 - - [30/May/2023:00:25:09 -0500] "OPTIONS /BLA/boletinlegal/images/bg_top.jpg HTTP/1.1" 200 -
172.22.2.4 - - [30/May/2023:00:25:09 -0500] "OPTIONS /BLA/boletinlegal/images/menu_rght.gif HTTP/1.1" 200 -
172.22.2.4 - - [30/May/2023:00:25:09 -0500] "OPTIONS /BLA/boletinlegal/images/menu_bg.jpg HTTP/1.1" 200 -
172.22.2.4 - - [30/May/2023:00:25:09 -0500] "OPTIONS /BLA/boletinlegal/images/hover.jpg HTTP/1.1" 200 -
172.22.2.4 - - [30/May/2023:00:25:09 -0500] "OPTIONS /BLA/boletinlegal/images/text.jpg HTTP/1.1" 200 -
172.22.2.4 - - [30/May/2023:00:25:16 -0500] "GET /BLA/boletinlegal/images/screen_2.png HTTP/1.1" 200 362502
172.22.2.4 - - [30/May/2023:00:25:16 -0500] "OPTIONS /BLA/boletinlegal/images/footer_bg.jpg HTTP/1.1" 200 -
172.22.2.4 - - [30/May/2023:00:25:16 -0500] "GET /BLA/boletinlegal/images/screen_3.png HTTP/1.1" 200 210620
172.22.2.4 - - [30/May/2023:00:25:16 -0500] "GET /BLA/boletinlegal/images/screen_5.png HTTP/1.1" 200 368876
172.22.2.4 - - [30/May/2023:00:25:16 -0500] "GET /BLA/boletinlegal/images/arr_r.jpg HTTP/1.1" 200 1998
172.22.2.4 - - [30/May/2023:00:25:09 -0500] "GET /BLA/boletinlegal/ HTTP/1.1" 200 61759
201.245.192.253 - - [30/May/2023:00:26:48 -0500] "POST /kwsrmcab/Wsrmcab  HTTP/1.1" 200 43202
216.245.221.92 - - [30/May/2023:00:27:57 -0500] "HEAD / HTTP/1.1" 200 -
201.245.192.253 - - [30/May/2023:00:28:53 -0500] "POST /kwsrmcab/Wsrmcab HTTP/1.1" 200 40524
201.245.192.253 - - [30/May/2023:00:28:56 -0500] "POST /kwsrmcab/Wsrmcab HTTP/1.1" 200 43681
172.22.2.4 - - [30/May/2023:00:27:42 -0500] "HEAD /BLA/boletinlegal/ HTTP/1.1" 200 -
172.22.2.4 - - [30/May/2023:00:28:33 -0500] "GET /BLA/boletinlegal/ HTTP/1.1" 200 57151
157.55.39.239 - - [30/May/2023:00:30:15 -0500] "GET /galeria/galeria/jquery.fancybox.css?v=2.1.5 HTTP/1.1" 200 4895
172.22.2.4 - - [30/May/2023:00:30:14 -0500] "GET /BLA/boletinlegal/ HTTP/1.1" 200 24523
172.22.2.4 - - [30/May/2023:00:30:15 -0500] "GET /BLA/boletinlegal/ HTTP/1.1" 200 24523
172.22.2.4 - - [30/May/2023:00:31:36 -0500] "GET /BLA/boletinlegal/style.css HTTP/1.1" 200 9406
172.22.2.4 - - [30/May/2023:00:31:36 -0500] "GET /BLA/boletinlegal/styles2.css HTTP/1.1" 200 1838
172.22.2.4 - - [30/May/2023:00:31:36 -0500] "GET /BLA/boletinlegal/js/jquery.js HTTP/1.1" 200 57254
172.22.2.4 - - [30/May/2023:00:31:37 -0500] "GET /BLA/boletinlegal/js/jquery.scrollTo-min.js HTTP/1.1" 200 1150
172.22.2.4 - - [30/May/2023:00:31:37 -0500] "GET /BLA/boletinlegal/js/jquery.scrollShow.js HTTP/1.1" 200 4586
172.22.2.4 - - [30/May/2023:00:31:37 -0500] "GET /BLA/boletinlegal/images/cabezote%20BLEGAL.jpg HTTP/1.1" 200 118164
172.22.2.4 - - [30/May/2023:00:31:37 -0500] "GET /BLA/boletinlegal/images/subscribe-icon-big.png HTTP/1.1" 200 47702
172.22.2.4 - - [30/May/2023:00:31:37 -0500] "GET /BLA/boletinlegal/images/registro-usuarios.png HTTP/1.1" 200 8106
172.22.2.4 - - [30/May/2023:00:31:37 -0500] "GET /BLA/boletinlegal/images/historia.png HTTP/1.1" 200 52775
172.22.2.4 - - [30/May/2023:00:31:37 -0500] "GET /BLA/boletinlegal/images/arr_l.jpg HTTP/1.1" 200 1979
172.22.2.4 - - [30/May/2023:00:31:37 -0500] "GET /BLA/boletinlegal/images/launch.jpg HTTP/1.1" 200 14577
172.22.2.4 - - [30/May/2023:00:31:37 -0500] "GET /BLA/boletinlegal/images/screen_1.png HTTP/1.1" 200 202547
172.22.2.4 - - [30/May/2023:00:31:37 -0500] "GET /BLA/boletinlegal/images/body_bg.jpg HTTP/1.1" 200 1601
172.22.2.4 - - [30/May/2023:00:31:37 -0500] "GET /BLA/boletinlegal/images/menu_lft.gif HTTP/1.1" 200 1713
172.22.2.4 - - [30/May/2023:00:31:37 -0500] "GET /BLA/boletinlegal/images/menu_rght.gif HTTP/1.1" 200 1627
172.22.2.4 - - [30/May/2023:00:31:37 -0500] "GET /BLA/boletinlegal/images/bg_top.jpg HTTP/1.1" 200 522
172.22.2.4 - - [30/May/2023:00:31:37 -0500] "GET /BLA/boletinlegal/images/menu_bg.jpg HTTP/1.1" 200 620
172.22.2.4 - - [30/May/2023:00:31:37 -0500] "GET /BLA/boletinlegal/images/hover.jpg HTTP/1.1" 200 640
172.22.2.4 - - [30/May/2023:00:31:37 -0500] "GET /BLA/boletinlegal/images/text.jpg HTTP/1.1" 200 568
172.22.2.4 - - [30/May/2023:00:31:44 -0500] "GET /BLA/boletinlegal/images/arr_r.jpg HTTP/1.1" 200 1998
172.22.2.4 - - [30/May/2023:00:31:44 -0500] "GET /BLA/boletinlegal/images/screen_3.png HTTP/1.1" 200 210620
172.22.2.4 - - [30/May/2023:00:31:44 -0500] "GET /BLA/boletinlegal/images/screen_2.png HTTP/1.1" 200 362502
172.22.2.4 - - [30/May/2023:00:31:44 -0500] "GET /BLA/boletinlegal/images/footer_bg.jpg HTTP/1.1" 200 586
172.22.2.4 - - [30/May/2023:00:31:44 -0500] "GET /BLA/boletinlegal/images/screen_5.png HTTP/1.1" 200 368876
172.22.2.4 - - [30/May/2023:00:31:48 -0500] "GET /BLA/boletinlegal/actos.php HTTP/1.1" 200 9682
172.22.2.4 - - [30/May/2023:00:31:49 -0500] "GET /BLA/boletinlegal/niceforms.js HTTP/1.1" 200 22876
172.22.2.4 - - [30/May/2023:00:31:49 -0500] "GET /BLA/boletinlegal/js/ajax_actos.js HTTP/1.1" 200 1322
172.22.2.4 - - [30/May/2023:00:31:49 -0500] "GET /BLA/boletinlegal/niceforms-default.css HTTP/1.1" 200 6694
172.22.2.4 - - [30/May/2023:00:31:49 -0500] "GET /BLA/boletinlegal/js/lib.js HTTP/1.1" 200 6474
172.22.2.4 - - [30/May/2023:00:31:49 -0500] "GET /BLA/boletinlegal/js/popup.js HTTP/1.1" 200 1270
172.22.2.4 - - [30/May/2023:00:31:49 -0500] "GET /BLA/boletinlegal/js/jquery1.js HTTP/1.1" 200 29846
172.22.2.4 - - [30/May/2023:00:31:49 -0500] "GET /BLA/boletinlegal/images/green-yellow-blue-pink-th.png HTTP/1.1" 200 7394
172.22.2.4 - - [30/May/2023:00:31:49 -0500] "GET /BLA/boletinlegal/images/tel.png HTTP/1.1" 200 14477
172.22.2.4 - - [30/May/2023:00:31:49 -0500] "GET /BLA/boletinlegal/images/icono-email.png HTTP/1.1" 200 5544
172.22.2.4 - - [30/May/2023:00:31:49 -0500] "GET /BLA/boletinlegal/images/footer_bg_l.jpg HTTP/1.1" 200 776
201.245.192.253 - - [30/May/2023:00:31:47 -0500] "POST /kwsrmcab/Wsrmcab  HTTP/1.1" 200 43202
172.22.2.4 - - [30/May/2023:00:31:50 -0500] "GET /BLA/boletinlegal/img/0.png HTTP/1.1" 200 110
172.22.2.4 - - [30/May/2023:00:31:50 -0500] "GET /BLA/boletinlegal/img/select-left.png HTTP/1.1" 200 263
172.22.2.4 - - [30/May/2023:00:31:50 -0500] "GET /BLA/boletinlegal/img/select-right.png HTTP/1.1" 200 44019
172.22.2.4 - - [30/May/2023:00:31:50 -0500] "GET /BLA/boletinlegal/img/button-left.png HTTP/1.1" 200 57071
172.22.2.4 - - [30/May/2023:00:31:50 -0500] "GET /BLA/boletinlegal/img/button-right.png HTTP/1.1" 200 57878
172.22.2.4 - - [30/May/2023:00:31:50 -0500] "GET /BLA/boletinlegal/img/button.png HTTP/1.1" 200 43241
172.22.2.4 - - [30/May/2023:00:31:50 -0500] "GET /BLA/boletinlegal/favicon.ico HTTP/1.1" 404 1326
172.22.2.4 - - [30/May/2023:00:31:36 -0500] "GET /BLA/boletinlegal/ HTTP/1.1" 200 28619
216.245.221.92 - - [30/May/2023:00:32:57 -0500] "HEAD / HTTP/1.1" 200 -
172.22.2.4 - - [30/May/2023:00:34:24 -0500] "GET /BLA/boletinlegal/consulta_actos.php?tipo=autos&no=3415&usuario=&sector=&fecha=2017&resuelve= HTTP/1.1" 200 1087
172.22.2.4 - - [30/May/2023:00:34:24 -0500] "GET /BLA/boletinlegal/images/pdf.gif HTTP/1.1" 200 567
181.58.60.135 - - [30/May/2023:00:34:30 -0500] "GET /BLA/resoluciones/AUTOS%202017/3415.pdf HTTP/1.1" 200 696675
181.58.60.135 - - [30/May/2023:00:34:30 -0500] "GET /favicon.ico HTTP/1.1" 200 7782
152.61.128.50 - - [30/May/2023:00:34:34 -0500] "GET / HTTP/1.1" 200 319
172.22.2.4 - - [30/May/2023:00:33:32 -0500] "HEAD /BLA/boletinlegal/ HTTP/1.1" 200 -
172.22.2.4 - - [30/May/2023:00:34:23 -0500] "GET /BLA/boletinlegal/ HTTP/1.1" 200 57151
172.22.2.4 - - [30/May/2023:00:36:41 -0500] "GET /BLA/boletinlegal/robots.txt HTTP/1.1" 404 1139
201.245.192.253 - - [30/May/2023:00:36:46 -0500] "POST /kwsrmcab/Wsrmcab  HTTP/1.1" 200 43202
52.167.144.25 - - [30/May/2023:00:37:16 -0500] "GET /BLA/resoluciones/AUTOS%202021/2193.pdf HTTP/1.1" 304 -
45.128.232.62 - - [30/May/2023:00:37:48 -0500] "GET / HTTP/1.1" 200 319
216.245.221.92 - - [30/May/2023:00:37:57 -0500] "HEAD / HTTP/1.1" 200 -
201.245.192.253 - - [30/May/2023:00:38:53 -0500] "POST /kwsrmcab/Wsrmcab HTTP/1.1" 200 40524
201.245.192.253 - - [30/May/2023:00:38:55 -0500] "POST /kwsrmcab/Wsrmcab HTTP/1.1" 200 43681
77.1.188.139 - - [30/May/2023:00:39:02 -0500] "GET /sipse/faces/index.xhtml HTTP/1.1" 200 677
77.1.188.139 - - [30/May/2023:00:39:02 -0500] "GET /sipse/faces/javax.faces.resource/theme.css?ln=primefaces-sipse HTTP/1.1" 304 -
77.1.188.139 - - [30/May/2023:00:39:03 -0500] "GET /sipse/faces/faces/autenticacion.xhtml HTTP/1.1" 200 12177
77.1.188.139 - - [30/May/2023:00:39:03 -0500] "GET /sipse/js/disable_browser_buttons.js HTTP/1.1" 304 -
77.1.188.139 - - [30/May/2023:00:39:03 -0500] "GET /sipse/css/custom_css_sg.css HTTP/1.1" 304 -
77.1.188.139 - - [30/May/2023:00:39:03 -0500] "GET /sipse/faces/javax.faces.resource/layout/layout.css?ln=primefaces&v=4.0 HTTP/1.1" 304 -
77.1.188.139 - - [30/May/2023:00:39:03 -0500] "GET /sipse/faces/javax.faces.resource/primefaces.css?ln=primefaces&v=4.0 HTTP/1.1" 304 -
77.1.188.139 - - [30/May/2023:00:39:03 -0500] "GET /sipse/css/custom_css_sg_prime_login.css HTTP/1.1" 304 -
77.1.188.139 - - [30/May/2023:00:39:03 -0500] "GET /sipse/faces/javax.faces.resource/theme.css?ln=primefaces-sipse HTTP/1.1" 304 -
77.1.188.139 - - [30/May/2023:00:39:04 -0500] "GET /sipse/js/funciones.js HTTP/1.1" 304 -
77.1.188.139 - - [30/May/2023:00:39:04 -0500] "GET /sipse/faces/javax.faces.resource/jquery/jquery.js?ln=primefaces&v=4.0 HTTP/1.1" 304 -
77.1.188.139 - - [30/May/2023:00:39:04 -0500] "GET /sipse/faces/javax.faces.resource/jquery/jquery-plugins.js?ln=primefaces&v=4.0 HTTP/1.1" 304 -
77.1.188.139 - - [30/May/2023:00:39:04 -0500] "GET /sipse/faces/javax.faces.resource/primefaces.js?ln=primefaces&v=4.0 HTTP/1.1" 304 -
77.1.188.139 - - [30/May/2023:00:39:04 -0500] "GET /sipse/faces/javax.faces.resource/layout/layout.js?ln=primefaces&v=4.0 HTTP/1.1" 304 -
77.1.188.139 - - [30/May/2023:00:39:04 -0500] "GET /sipse/css/imagen/loginimg.png HTTP/1.1" 304 -
77.1.188.139 - - [30/May/2023:00:39:04 -0500] "GET /sipse/css/imagen/logoSDG.png HTTP/1.1" 304 -
77.1.188.139 - - [30/May/2023:00:39:04 -0500] "GET /sipse/faces/javax.faces.resource/images/ui-icons_898989_256x240.png?ln=primefaces-aristo HTTP/1.1" 304 -
77.1.188.139 - - [30/May/2023:00:39:08 -0500] "POST /sipse/faces/autenticacion.xhtml HTTP/1.1" 200 2224
77.1.188.139 - - [30/May/2023:00:39:08 -0500] "GET /sipse/faces/javax.faces.resource/messages/messages.png?ln=primefaces&v=4.0 HTTP/1.1" 304 -
77.1.188.139 - - [30/May/2023:00:39:09 -0500] "POST /sipse/faces/autenticacion.xhtml HTTP/1.1" 200 16253
77.1.188.139 - - [30/May/2023:00:39:10 -0500] "GET /sipse/css/custom_css_sg_prime.css HTTP/1.1" 304 -
77.1.188.139 - - [30/May/2023:00:39:10 -0500] "GET /sipse/faces/javax.faces.resource/primefaces.css?ln=primefaces&v=4.0 HTTP/1.1" 304 -
77.1.188.139 - - [30/May/2023:00:39:10 -0500] "GET /sipse/faces/javax.faces.resource/layout/layout.css?ln=primefaces&v=4.0 HTTP/1.1" 304 -
77.1.188.139 - - [30/May/2023:00:39:10 -0500] "GET /sipse/faces/javax.faces.resource/theme.css?ln=primefaces-sipse HTTP/1.1" 304 -
77.1.188.139 - - [30/May/2023:00:39:10 -0500] "GET /sipse/js/jquery.min.js HTTP/1.1" 304 -
77.1.188.139 - - [30/May/2023:00:39:10 -0500] "GET /sipse/faces/javax.faces.resource/jquery/jquery.js?ln=primefaces&v=4.0 HTTP/1.1" 304 -
77.1.188.139 - - [30/May/2023:00:39:11 -0500] "GET /sipse/faces/javax.faces.resource/jquery/jquery-plugins.js?ln=primefaces&v=4.0 HTTP/1.1" 304 -
77.1.188.139 - - [30/May/2023:00:39:11 -0500] "GET /sipse/faces/javax.faces.resource/primefaces.js?ln=primefaces&v=4.0 HTTP/1.1" 304 -
77.1.188.139 - - [30/May/2023:00:39:11 -0500] "GET /sipse/faces/javax.faces.resource/layout/layout.js?ln=primefaces&v=4.0 HTTP/1.1" 304 -
77.1.188.139 - - [30/May/2023:00:39:11 -0500] "GET /sipse/css/imagen/contrasena.png HTTP/1.1" 404 383
77.1.188.139 - - [30/May/2023:00:39:11 -0500] "GET /sipse/imagenes/logoAplicacion.jpg HTTP/1.1" 304 -
77.1.188.139 - - [30/May/2023:00:39:11 -0500] "GET /sipse/imagenes/cargando.gif HTTP/1.1" 304 -
77.1.188.139 - - [30/May/2023:00:39:14 -0500] "GET /sipse/faces/javax.faces.resource/images/ui-bg_flat_0_2d5972_40x100.png?ln=primefaces-aristo HTTP/1.1" 304 -
77.1.188.139 - - [30/May/2023:00:39:14 -0500] "POST /sipse/faces/bienvenido.xhtml HTTP/1.1" 200 2658
77.1.188.139 - - [30/May/2023:00:39:15 -0500] "POST /sipse/faces/bienvenido.xhtml HTTP/1.1" 200 65085
77.1.188.139 - - [30/May/2023:00:39:18 -0500] "GET /sipse/faces/javax.faces.resource/layout/layout.css?ln=primefaces&v=4.0 HTTP/1.1" 304 -
77.1.188.139 - - [30/May/2023:00:39:18 -0500] "GET /sipse/faces/javax.faces.resource/theme.css?ln=primefaces-sipse HTTP/1.1" 304 -
77.1.188.139 - - [30/May/2023:00:39:18 -0500] "GET /sipse/faces/javax.faces.resource/primefaces.css?ln=primefaces&v=4.0 HTTP/1.1" 304 -
77.1.188.139 - - [30/May/2023:00:39:18 -0500] "GET /sipse/faces/javax.faces.resource/jquery/jquery.js?ln=primefaces&v=4.0 HTTP/1.1" 304 -
77.1.188.139 - - [30/May/2023:00:39:18 -0500] "GET /sipse/faces/javax.faces.resource/jquery/jquery-plugins.js?ln=primefaces&v=4.0 HTTP/1.1" 304 -
77.1.188.139 - - [30/May/2023:00:39:19 -0500] "GET /sipse/faces/javax.faces.resource/primefaces.js?ln=primefaces&v=4.0 HTTP/1.1" 304 -
77.1.188.139 - - [30/May/2023:00:39:19 -0500] "GET /sipse/faces/javax.faces.resource/layout/layout.js?ln=primefaces&v=4.0 HTTP/1.1" 304 -
77.1.188.139 - - [30/May/2023:00:39:19 -0500] "POST /sipse/faces/presentacion/financiero/solicitudProceso/listarSolicitudProceso.xhtml HTTP/1.1" 200 1556
77.1.188.139 - - [30/May/2023:00:39:23 -0500] "POST /sipse/faces/presentacion/financiero/solicitudProceso/listarSolicitudProceso.xhtml HTTP/1.1" 200 17771
77.1.188.139 - - [30/May/2023:00:39:37 -0500] "POST /sipse/faces/presentacion/financiero/solicitudProceso/listarSolicitudProceso.xhtml HTTP/1.1" 200 129038
77.1.188.139 - - [30/May/2023:00:39:38 -0500] "GET /sipse/faces/javax.faces.resource/theme.css?ln=primefaces-sipse HTTP/1.1" 304 -
77.1.188.139 - - [30/May/2023:00:39:39 -0500] "GET /sipse/faces/javax.faces.resource/primefaces.css?ln=primefaces&v=4.0 HTTP/1.1" 304 -
77.1.188.139 - - [30/May/2023:00:39:39 -0500] "GET /sipse/faces/javax.faces.resource/jquery/jquery.js?ln=primefaces&v=4.0 HTTP/1.1" 304 -
77.1.188.139 - - [30/May/2023:00:39:39 -0500] "GET /sipse/faces/javax.faces.resource/layout/layout.css?ln=primefaces&v=4.0 HTTP/1.1" 304 -
77.1.188.139 - - [30/May/2023:00:39:39 -0500] "GET /sipse/faces/javax.faces.resource/jquery/jquery-plugins.js?ln=primefaces&v=4.0 HTTP/1.1" 304 -
77.1.188.139 - - [30/May/2023:00:39:39 -0500] "GET /sipse/faces/javax.faces.resource/primefaces.js?ln=primefaces&v=4.0 HTTP/1.1" 304 -
77.1.188.139 - - [30/May/2023:00:39:39 -0500] "GET /sipse/faces/javax.faces.resource/layout/layout.js?ln=primefaces&v=4.0 HTTP/1.1" 304 -
77.1.188.139 - - [30/May/2023:00:39:51 -0500] "GET /sipse/faces/javax.faces.resource/theme.css?ln=primefaces-sipse HTTP/1.1" 304 -
77.1.188.139 - - [30/May/2023:00:39:51 -0500] "GET /sipse/faces/javax.faces.resource/primefaces.css?ln=primefaces&v=4.0 HTTP/1.1" 304 -
77.1.188.139 - - [30/May/2023:00:39:51 -0500] "GET /sipse/faces/javax.faces.resource/layout/layout.css?ln=primefaces&v=4.0 HTTP/1.1" 304 -
77.1.188.139 - - [30/May/2023:00:39:51 -0500] "GET /sipse/faces/javax.faces.resource/jquery/jquery.js?ln=primefaces&v=4.0 HTTP/1.1" 304 -
77.1.188.139 - - [30/May/2023:00:39:51 -0500] "GET /sipse/faces/javax.faces.resource/jquery/jquery-plugins.js?ln=primefaces&v=4.0 HTTP/1.1" 304 -
77.1.188.139 - - [30/May/2023:00:39:51 -0500] "GET /sipse/faces/javax.faces.resource/primefaces.js?ln=primefaces&v=4.0 HTTP/1.1" 304 -
77.1.188.139 - - [30/May/2023:00:39:51 -0500] "GET /sipse/faces/javax.faces.resource/layout/layout.js?ln=primefaces&v=4.0 HTTP/1.1" 304 -
77.1.188.139 - - [30/May/2023:00:39:50 -0500] "POST /sipse/faces/presentacion/financiero/solicitudProceso/consultarSolicitudProceso.xhtml HTTP/1.1" 200 35371
77.1.188.139 - - [30/May/2023:00:40:32 -0500] "GET /sipse/faces/javax.faces.resource/theme.css?ln=primefaces-sipse HTTP/1.1" 304 -
77.1.188.139 - - [30/May/2023:00:40:32 -0500] "GET /sipse/faces/javax.faces.resource/layout/layout.css?ln=primefaces&v=4.0 HTTP/1.1" 304 -
77.1.188.139 - - [30/May/2023:00:40:32 -0500] "GET /sipse/faces/javax.faces.resource/primefaces.css?ln=primefaces&v=4.0 HTTP/1.1" 304 -
77.1.188.139 - - [30/May/2023:00:40:32 -0500] "GET /sipse/faces/javax.faces.resource/jquery/jquery.js?ln=primefaces&v=4.0 HTTP/1.1" 304 -
77.1.188.139 - - [30/May/2023:00:40:32 -0500] "GET /sipse/faces/javax.faces.resource/jquery/jquery-plugins.js?ln=primefaces&v=4.0 HTTP/1.1" 304 -
77.1.188.139 - - [30/May/2023:00:40:32 -0500] "GET /sipse/faces/javax.faces.resource/primefaces.js?ln=primefaces&v=4.0 HTTP/1.1" 304 -
77.1.188.139 - - [30/May/2023:00:40:33 -0500] "GET /sipse/faces/javax.faces.resource/layout/layout.js?ln=primefaces&v=4.0 HTTP/1.1" 304 -
77.1.188.139 - - [30/May/2023:00:40:31 -0500] "POST /sipse/faces/presentacion/financiero/solicitudProceso/consultarHistorialSolProceso.xhtml HTTP/1.1" 200 175168
77.1.188.139 - - [30/May/2023:00:40:43 -0500] "GET /sipse/faces/javax.faces.resource/theme.css?ln=primefaces-sipse HTTP/1.1" 304 -
77.1.188.139 - - [30/May/2023:00:40:43 -0500] "GET /sipse/faces/javax.faces.resource/primefaces.css?ln=primefaces&v=4.0 HTTP/1.1" 304 -
77.1.188.139 - - [30/May/2023:00:40:43 -0500] "GET /sipse/faces/javax.faces.resource/layout/layout.css?ln=primefaces&v=4.0 HTTP/1.1" 304 -
77.1.188.139 - - [30/May/2023:00:40:43 -0500] "GET /sipse/faces/javax.faces.resource/jquery/jquery.js?ln=primefaces&v=4.0 HTTP/1.1" 304 -
77.1.188.139 - - [30/May/2023:00:40:43 -0500] "GET /sipse/faces/javax.faces.resource/jquery/jquery-plugins.js?ln=primefaces&v=4.0 HTTP/1.1" 304 -
77.1.188.139 - - [30/May/2023:00:40:41 -0500] "POST /sipse/faces/presentacion/financiero/solicitudProceso/consultarSolicitudProceso.xhtml HTTP/1.1" 200 40699
77.1.188.139 - - [30/May/2023:00:40:43 -0500] "GET /sipse/faces/javax.faces.resource/primefaces.js?ln=primefaces&v=4.0 HTTP/1.1" 304 -
77.1.188.139 - - [30/May/2023:00:40:43 -0500] "GET /sipse/faces/javax.faces.resource/layout/layout.js?ln=primefaces&v=4.0 HTTP/1.1" 304 -
77.1.188.139 - - [30/May/2023:00:40:44 -0500] "POST /sipse/faces/presentacion/financiero/solicitudProceso/listarSolicitudProceso.xhtml HTTP/1.1" 200 1396
77.1.188.139 - - [30/May/2023:00:40:44 -0500] "POST /sipse/faces/presentacion/financiero/solicitudProceso/listarSolicitudProceso.xhtml HTTP/1.1" 200 1396
139.177.246.48 - - [30/May/2023:00:40:51 -0500] "GET /galeria/galeria/fotos/diaSC6Peq.jpg HTTP/1.1" 200 17665
172.22.2.4 - - [30/May/2023:00:39:22 -0500] "HEAD /BLA/boletinlegal/ HTTP/1.1" 200 -
40.77.167.245 - - [30/May/2023:00:41:11 -0500] "GET /porque-tu-vida-vale-haz-parte-del-simulacro-distrital-de-evacuacion-este-4-de-octubre.html HTTP/1.1" 200 810
173.252.107.22 - - [30/May/2023:00:41:48 -0500] "GET /monica-fonnegra-una-disenadora-que-inspira-amor-por-la-naturaleza-a-traves-de-la-moda.html HTTP/1.1" 200 976
201.245.192.253 - - [30/May/2023:00:41:46 -0500] "POST /kwsrmcab/Wsrmcab  HTTP/1.1" 200 43202
172.22.2.4 - - [30/May/2023:00:40:13 -0500] "GET /BLA/boletinlegal/ HTTP/1.1" 200 59306
216.245.221.92 - - [30/May/2023:00:42:57 -0500] "HEAD / HTTP/1.1" 200 -
198.235.24.205 - - [30/May/2023:00:44:18 -0500] "GET / HTTP/1.0" 200 319
77.1.188.139 - - [30/May/2023:00:45:59 -0500] "POST /sipse/faces/presentacion/financiero/solicitudProceso/listarSolicitudProceso.xhtml HTTP/1.1" 200 44566
77.1.188.139 - - [30/May/2023:00:46:02 -0500] "POST /sipse/faces/presentacion/financiero/solicitudProceso/listarSolicitudProceso.xhtml HTTP/1.1" 200 17685
77.1.188.139 - - [30/May/2023:00:46:09 -0500] "POST /sipse/faces/presentacion/financiero/solicitudProceso/listarSolicitudProceso.xhtml HTTP/1.1" 200 125050
77.1.188.139 - - [30/May/2023:00:46:11 -0500] "GET /sipse/faces/javax.faces.resource/theme.css?ln=primefaces-sipse HTTP/1.1" 304 -
77.1.188.139 - - [30/May/2023:00:46:11 -0500] "GET /sipse/faces/javax.faces.resource/layout/layout.css?ln=primefaces&v=4.0 HTTP/1.1" 304 -
77.1.188.139 - - [30/May/2023:00:46:11 -0500] "GET /sipse/faces/javax.faces.resource/jquery/jquery.js?ln=primefaces&v=4.0 HTTP/1.1" 304 -
77.1.188.139 - - [30/May/2023:00:46:11 -0500] "GET /sipse/faces/javax.faces.resource/primefaces.css?ln=primefaces&v=4.0 HTTP/1.1" 304 -
77.1.188.139 - - [30/May/2023:00:46:12 -0500] "GET /sipse/faces/javax.faces.resource/jquery/jquery-plugins.js?ln=primefaces&v=4.0 HTTP/1.1" 304 -
77.1.188.139 - - [30/May/2023:00:46:12 -0500] "GET /sipse/faces/javax.faces.resource/primefaces.js?ln=primefaces&v=4.0 HTTP/1.1" 304 -
77.1.188.139 - - [30/May/2023:00:46:12 -0500] "GET /sipse/faces/javax.faces.resource/layout/layout.js?ln=primefaces&v=4.0 HTTP/1.1" 304 -
201.245.192.253 - - [30/May/2023:00:46:44 -0500] "POST /kwsrmcab/Wsrmcab  HTTP/1.1" 200 43202
172.22.2.4 - - [30/May/2023:00:45:12 -0500] "HEAD /BLA/boletinlegal/ HTTP/1.1" 200 -
40.77.167.97 - - [30/May/2023:00:47:00 -0500] "GET /galeria/galeria/fotos/juan-amarillo1P.jpg HTTP/1.1" 200 30845
77.1.188.139 - - [30/May/2023:00:47:00 -0500] "GET /sipse/faces/javax.faces.resource/theme.css?ln=primefaces-sipse HTTP/1.1" 304 -
77.1.188.139 - - [30/May/2023:00:47:01 -0500] "GET /sipse/faces/javax.faces.resource/layout/layout.css?ln=primefaces&v=4.0 HTTP/1.1" 304 -
77.1.188.139 - - [30/May/2023:00:47:01 -0500] "GET /sipse/faces/javax.faces.resource/primefaces.css?ln=primefaces&v=4.0 HTTP/1.1" 304 -
77.1.188.139 - - [30/May/2023:00:47:01 -0500] "GET /sipse/faces/javax.faces.resource/jquery/jquery.js?ln=primefaces&v=4.0 HTTP/1.1" 304 -
77.1.188.139 - - [30/May/2023:00:47:01 -0500] "GET /sipse/faces/javax.faces.resource/jquery/jquery-plugins.js?ln=primefaces&v=4.0 HTTP/1.1" 304 -
77.1.188.139 - - [30/May/2023:00:47:01 -0500] "GET /sipse/faces/javax.faces.resource/primefaces.js?ln=primefaces&v=4.0 HTTP/1.1" 304 -
77.1.188.139 - - [30/May/2023:00:47:01 -0500] "GET /sipse/faces/javax.faces.resource/layout/layout.js?ln=primefaces&v=4.0 HTTP/1.1" 304 -
77.1.188.139 - - [30/May/2023:00:46:59 -0500] "POST /sipse/faces/presentacion/financiero/solicitudProceso/consultarSolicitudProceso.xhtml HTTP/1.1" 200 40629
77.1.188.139 - - [30/May/2023:00:47:01 -0500] "POST /sipse/faces/presentacion/financiero/solicitudProceso/listarSolicitudProceso.xhtml HTTP/1.1" 200 1396
77.1.188.139 - - [30/May/2023:00:47:02 -0500] "POST /sipse/faces/presentacion/financiero/solicitudProceso/listarSolicitudProceso.xhtml HTTP/1.1" 200 1396
77.1.188.139 - - [30/May/2023:00:47:06 -0500] "POST /sipse/faces/presentacion/financiero/solicitudProceso/listarSolicitudProceso.xhtml HTTP/1.1" 200 17642
77.1.188.139 - - [30/May/2023:00:47:38 -0500] "GET /sipse/faces/index.xhtml HTTP/1.1" 200 677
77.1.188.139 - - [30/May/2023:00:47:39 -0500] "GET /sipse/faces/javax.faces.resource/theme.css?ln=primefaces-sipse HTTP/1.1" 304 -
77.1.188.139 - - [30/May/2023:00:47:39 -0500] "GET /sipse/faces/faces/autenticacion.xhtml HTTP/1.1" 200 12186
77.1.188.139 - - [30/May/2023:00:47:39 -0500] "GET /sipse/faces/javax.faces.resource/theme.css?ln=primefaces-sipse HTTP/1.1" 304 -
77.1.188.139 - - [30/May/2023:00:47:40 -0500] "GET /sipse/faces/javax.faces.resource/primefaces.css?ln=primefaces&v=4.0 HTTP/1.1" 304 -
77.1.188.139 - - [30/May/2023:00:47:40 -0500] "GET /sipse/faces/javax.faces.resource/jquery/jquery.js?ln=primefaces&v=4.0 HTTP/1.1" 304 -
77.1.188.139 - - [30/May/2023:00:47:40 -0500] "GET /sipse/faces/javax.faces.resource/layout/layout.css?ln=primefaces&v=4.0 HTTP/1.1" 304 -
77.1.188.139 - - [30/May/2023:00:47:40 -0500] "GET /sipse/faces/javax.faces.resource/jquery/jquery-plugins.js?ln=primefaces&v=4.0 HTTP/1.1" 304 -
77.1.188.139 - - [30/May/2023:00:47:40 -0500] "GET /sipse/faces/javax.faces.resource/primefaces.js?ln=primefaces&v=4.0 HTTP/1.1" 304 -
77.1.188.139 - - [30/May/2023:00:47:40 -0500] "GET /sipse/faces/javax.faces.resource/layout/layout.js?ln=primefaces&v=4.0 HTTP/1.1" 304 -
77.1.188.139 - - [30/May/2023:00:47:40 -0500] "GET /sipse/faces/javax.faces.resource/images/ui-icons_898989_256x240.png?ln=primefaces-aristo HTTP/1.1" 304 -
172.22.2.4 - - [30/May/2023:00:46:03 -0500] "GET /BLA/boletinlegal/ HTTP/1.1" 200 58307
77.1.188.139 - - [30/May/2023:00:47:43 -0500] "POST /sipse/faces/autenticacion.xhtml HTTP/1.1" 200 2224
77.1.188.139 - - [30/May/2023:00:47:44 -0500] "GET /sipse/faces/javax.faces.resource/messages/messages.png?ln=primefaces&v=4.0 HTTP/1.1" 304 -
77.1.188.139 - - [30/May/2023:00:47:45 -0500] "POST /sipse/faces/autenticacion.xhtml HTTP/1.1" 200 16285
77.1.188.139 - - [30/May/2023:00:47:45 -0500] "GET /sipse/faces/javax.faces.resource/theme.css?ln=primefaces-sipse HTTP/1.1" 304 -
77.1.188.139 - - [30/May/2023:00:47:45 -0500] "GET /sipse/faces/javax.faces.resource/primefaces.css?ln=primefaces&v=4.0 HTTP/1.1" 304 -
77.1.188.139 - - [30/May/2023:00:47:45 -0500] "GET /sipse/faces/javax.faces.resource/layout/layout.css?ln=primefaces&v=4.0 HTTP/1.1" 304 -
77.1.188.139 - - [30/May/2023:00:47:45 -0500] "GET /sipse/faces/javax.faces.resource/jquery/jquery.js?ln=primefaces&v=4.0 HTTP/1.1" 304 -
77.1.188.139 - - [30/May/2023:00:47:46 -0500] "GET /sipse/faces/javax.faces.resource/jquery/jquery-plugins.js?ln=primefaces&v=4.0 HTTP/1.1" 304 -
77.1.188.139 - - [30/May/2023:00:47:46 -0500] "GET /sipse/faces/javax.faces.resource/primefaces.js?ln=primefaces&v=4.0 HTTP/1.1" 304 -
77.1.188.139 - - [30/May/2023:00:47:46 -0500] "GET /sipse/faces/javax.faces.resource/layout/layout.js?ln=primefaces&v=4.0 HTTP/1.1" 304 -
77.1.188.139 - - [30/May/2023:00:47:47 -0500] "GET /sipse/css/imagen/contrasena.png HTTP/1.1" 404 383
77.1.188.139 - - [30/May/2023:00:47:49 -0500] "GET /sipse/faces/javax.faces.resource/images/ui-bg_flat_0_2d5972_40x100.png?ln=primefaces-aristo HTTP/1.1" 304 -
77.1.188.139 - - [30/May/2023:00:47:49 -0500] "POST /sipse/faces/bienvenido.xhtml HTTP/1.1" 200 2658
77.1.188.139 - - [30/May/2023:00:47:50 -0500] "POST /sipse/faces/bienvenido.xhtml HTTP/1.1" 200 65085
77.1.188.139 - - [30/May/2023:00:47:53 -0500] "GET /sipse/faces/javax.faces.resource/primefaces.css?ln=primefaces&v=4.0 HTTP/1.1" 304 -
77.1.188.139 - - [30/May/2023:00:47:53 -0500] "GET /sipse/faces/javax.faces.resource/theme.css?ln=primefaces-sipse HTTP/1.1" 304 -
77.1.188.139 - - [30/May/2023:00:47:53 -0500] "GET /sipse/faces/javax.faces.resource/layout/layout.css?ln=primefaces&v=4.0 HTTP/1.1" 304 -
77.1.188.139 - - [30/May/2023:00:47:53 -0500] "GET /sipse/faces/javax.faces.resource/jquery/jquery.js?ln=primefaces&v=4.0 HTTP/1.1" 304 -
77.1.188.139 - - [30/May/2023:00:47:53 -0500] "GET /sipse/faces/javax.faces.resource/jquery/jquery-plugins.js?ln=primefaces&v=4.0 HTTP/1.1" 304 -
77.1.188.139 - - [30/May/2023:00:47:53 -0500] "GET /sipse/faces/javax.faces.resource/primefaces.js?ln=primefaces&v=4.0 HTTP/1.1" 304 -
77.1.188.139 - - [30/May/2023:00:47:54 -0500] "GET /sipse/faces/javax.faces.resource/layout/layout.js?ln=primefaces&v=4.0 HTTP/1.1" 304 -
77.1.188.139 - - [30/May/2023:00:47:54 -0500] "POST /sipse/faces/presentacion/financiero/solicitudProceso/listarSolicitudProceso.xhtml HTTP/1.1" 200 1556
216.245.221.92 - - [30/May/2023:00:47:57 -0500] "HEAD / HTTP/1.1" 200 -
77.1.188.139 - - [30/May/2023:00:47:58 -0500] "POST /sipse/faces/presentacion/financiero/solicitudProceso/listarSolicitudProceso.xhtml HTTP/1.1" 200 44453
77.1.188.139 - - [30/May/2023:00:48:01 -0500] "POST /sipse/faces/presentacion/financiero/solicitudProceso/listarSolicitudProceso.xhtml HTTP/1.1" 200 35446
77.1.188.139 - - [30/May/2023:00:48:02 -0500] "POST /sipse/faces/presentacion/financiero/solicitudProceso/listarSolicitudProceso.xhtml HTTP/1.1" 200 35450
77.1.188.139 - - [30/May/2023:00:48:04 -0500] "POST /sipse/faces/presentacion/financiero/solicitudProceso/listarSolicitudProceso.xhtml HTTP/1.1" 200 17799
77.1.188.139 - - [30/May/2023:00:48:11 -0500] "POST /sipse/faces/presentacion/financiero/solicitudProceso/listarSolicitudProceso.xhtml HTTP/1.1" 200 130269
77.1.188.139 - - [30/May/2023:00:48:13 -0500] "GET /sipse/faces/javax.faces.resource/theme.css?ln=primefaces-sipse HTTP/1.1" 304 -
77.1.188.139 - - [30/May/2023:00:48:13 -0500] "GET /sipse/faces/javax.faces.resource/layout/layout.css?ln=primefaces&v=4.0 HTTP/1.1" 304 -
77.1.188.139 - - [30/May/2023:00:48:13 -0500] "GET /sipse/faces/javax.faces.resource/jquery/jquery.js?ln=primefaces&v=4.0 HTTP/1.1" 304 -
77.1.188.139 - - [30/May/2023:00:48:13 -0500] "GET /sipse/faces/javax.faces.resource/primefaces.css?ln=primefaces&v=4.0 HTTP/1.1" 304 -
77.1.188.139 - - [30/May/2023:00:48:13 -0500] "GET /sipse/faces/javax.faces.resource/jquery/jquery-plugins.js?ln=primefaces&v=4.0 HTTP/1.1" 304 -
77.1.188.139 - - [30/May/2023:00:48:14 -0500] "GET /sipse/faces/javax.faces.resource/primefaces.js?ln=primefaces&v=4.0 HTTP/1.1" 304 -
40.77.167.188 - - [30/May/2023:00:48:14 -0500] "GET /BLA/resoluciones/RESOLUCIONES%202021/2903.pdf HTTP/1.1" 304 -
77.1.188.139 - - [30/May/2023:00:48:14 -0500] "GET /sipse/faces/javax.faces.resource/layout/layout.js?ln=primefaces&v=4.0 HTTP/1.1" 304 -
77.1.188.139 - - [30/May/2023:00:48:22 -0500] "POST /sipse/faces/presentacion/financiero/solicitudProceso/consultarSolicitudProceso.xhtml HTTP/1.1" 200 82443
185.180.143.137 - - [30/May/2023:00:48:59 -0500] "GET / HTTP/1.1" 200 319
201.245.192.253 - - [30/May/2023:00:51:43 -0500] "POST /kwsrmcab/Wsrmcab  HTTP/1.1" 200 43202
172.22.2.4 - - [30/May/2023:00:51:02 -0500] "HEAD /BLA/boletinlegal/ HTTP/1.1" 200 -
216.245.221.92 - - [30/May/2023:00:52:57 -0500] "HEAD / HTTP/1.1" 200 -
172.22.2.4 - - [30/May/2023:00:51:53 -0500] "GET /BLA/boletinlegal/ HTTP/1.1" 200 59306
201.245.192.253 - - [30/May/2023:00:56:41 -0500] "POST /kwsrmcab/Wsrmcab  HTTP/1.1" 200 43202
216.245.221.92 - - [30/May/2023:00:57:57 -0500] "HEAD / HTTP/1.1" 200 -
172.22.2.4 - - [30/May/2023:00:56:52 -0500] "HEAD /BLA/boletinlegal/ HTTP/1.1" 200 -
172.22.2.4 - - [30/May/2023:00:57:43 -0500] "GET /BLA/boletinlegal/ HTTP/1.1" 200 57561
172.22.2.4 - - [30/May/2023:01:01:28 -0500] "GET /BLA/boletinlegal/consulta_actos.php?tipo=autos&no=0426&usuario=&sector=&fecha=2019&resuelve= HTTP/1.1" 200 1068
181.58.60.135 - - [30/May/2023:01:01:33 -0500] "GET /BLA/resoluciones/AUTOS%202019/0426.pdf HTTP/1.1" 200 254713
152.61.192.232 - - [30/May/2023:01:01:34 -0500] "GET /arcgis/services/Calidad_del_Agua_WQI/MapServer/WMSServer?request=GetCapabilities&service=WMS HTTP/1.1" 503 1020
152.61.192.232 - - [30/May/2023:01:01:35 -0500] "GET /arcgis/services/Calidad_del_Agua_WQI/MapServer/WMSServer?SERVICE=WMS&REQUEST=GetCapabilities HTTP/1.1" 503 1020
152.61.192.232 - - [30/May/2023:01:01:36 -0500] "GET /arcgis/services/Calidad_del_Agua_WQI/MapServer/WMSServer?WMTVER=1.0.0&REQUEST=capabilities HTTP/1.1" 503 1020
201.245.192.253 - - [30/May/2023:01:01:41 -0500] "POST /kwsrmcab/Wsrmcab  HTTP/1.1" 200 43202
216.245.221.92 - - [30/May/2023:01:02:57 -0500] "HEAD / HTTP/1.1" 200 -
172.22.2.4 - - [30/May/2023:01:02:42 -0500] "HEAD /BLA/boletinlegal/ HTTP/1.1" 200 -
172.22.2.4 - - [30/May/2023:01:05:07 -0500] "GET /BLA/boletinlegal/consulta_actos.php?tipo=autos&no=5281&usuario=&sector=&fecha=2017&resuelve= HTTP/1.1" 200 1088
172.22.2.4 - - [30/May/2023:01:03:33 -0500] "GET /BLA/boletinlegal/ HTTP/1.1" 200 57561
