186.86.32.121 - - [30/May/2023:06:04:29 -0500] "GET /sipse/faces/javax.faces.resource/layout/layout.js?ln=primefaces&v=4.0 HTTP/1.1" 304 -
186.86.32.121 - - [30/May/2023:06:04:29 -0500] "POST /sipse/faces/presentacion/financiero/solicitudProceso/listarSolicitudProceso.xhtml HTTP/1.1" 200 1416
66.249.73.51 - - [30/May/2023:06:04:38 -0500] "-" 408 -
186.86.32.121 - - [30/May/2023:06:04:42 -0500] "POST /sipse/faces/presentacion/financiero/solicitudProceso/listarSolicitudProceso.xhtml HTTP/1.1" 200 10358
49.7.21.73 - - [30/May/2023:06:05:16 -0500] "-" 408 -
172.22.2.4 - - [30/May/2023:06:06:01 -0500] "HEAD /BLA/boletinlegal/ HTTP/1.1" 200 -
216.245.221.92 - - [30/May/2023:06:07:56 -0500] "HEAD / HTTP/1.1" 200 -
172.22.2.4 - - [30/May/2023:06:06:52 -0500] "GET /BLA/boletinlegal/ HTTP/1.1" 200 59306
201.245.192.253 - - [30/May/2023:06:08:36 -0500] "POST /kwsrmcab/Wsrmcab  HTTP/1.1" 200 43202
66.249.79.134 - - [30/May/2023:06:11:42 -0500] "-" 408 -
66.249.73.51 - - [30/May/2023:06:12:32 -0500] "-" 408 -
216.245.221.92 - - [30/May/2023:06:12:56 -0500] "HEAD / HTTP/1.1" 200 -
172.22.2.4 - - [30/May/2023:06:11:51 -0500] "HEAD /BLA/boletinlegal/ HTTP/1.1" 200 -
201.245.192.253 - - [30/May/2023:06:13:34 -0500] "POST /kwsrmcab/Wsrmcab  HTTP/1.1" 200 43202
172.22.2.4 - - [30/May/2023:06:12:42 -0500] "GET /BLA/boletinlegal/ HTTP/1.1" 200 57151
216.245.221.92 - - [30/May/2023:06:17:56 -0500] "HEAD / HTTP/1.1" 200 -
66.249.73.51 - - [30/May/2023:06:18:10 -0500] "-" 408 -
201.245.192.253 - - [30/May/2023:06:18:33 -0500] "POST /kwsrmcab/Wsrmcab  HTTP/1.1" 200 43202
201.245.192.253 - - [30/May/2023:06:18:52 -0500] "POST /kwsrmcab/Wsrmcab HTTP/1.1" 200 40854
201.245.192.253 - - [30/May/2023:06:18:54 -0500] "POST /kwsrmcab/Wsrmcab HTTP/1.1" 200 43553
172.22.2.4 - - [30/May/2023:06:17:41 -0500] "HEAD /BLA/boletinlegal/ HTTP/1.1" 200 -
172.22.2.4 - - [30/May/2023:06:18:32 -0500] "GET /BLA/boletinlegal/ HTTP/1.1" 200 53561
216.245.221.92 - - [30/May/2023:06:22:56 -0500] "HEAD / HTTP/1.1" 200 -
201.245.192.253 - - [30/May/2023:06:23:32 -0500] "POST /kwsrmcab/Wsrmcab  HTTP/1.1" 200 43202
66.249.73.51 - - [30/May/2023:06:24:49 -0500] "-" 408 -
172.22.2.4 - - [30/May/2023:06:23:31 -0500] "HEAD /BLA/boletinlegal/ HTTP/1.1" 200 -
172.22.2.4 - - [30/May/2023:06:24:22 -0500] "GET /BLA/boletinlegal/ HTTP/1.1" 200 54808
157.55.39.239 - - [30/May/2023:06:27:09 -0500] "GET /BLA/resoluciones/AUTOS%202021/2455.pdf HTTP/1.1" 304 -
216.245.221.92 - - [30/May/2023:06:27:56 -0500] "HEAD / HTTP/1.1" 200 -
201.245.192.253 - - [30/May/2023:06:28:31 -0500] "POST /kwsrmcab/Wsrmcab  HTTP/1.1" 200 43202
201.245.192.253 - - [30/May/2023:06:28:52 -0500] "POST /kwsrmcab/Wsrmcab HTTP/1.1" 200 40854
201.245.192.253 - - [30/May/2023:06:28:55 -0500] "POST /kwsrmcab/Wsrmcab HTTP/1.1" 200 43553
172.22.2.4 - - [30/May/2023:06:31:00 -0500] "GET /BLA/boletinlegal/robots.txt HTTP/1.1" 404 1038
172.22.2.4 - - [30/May/2023:06:29:21 -0500] "HEAD /BLA/boletinlegal/ HTTP/1.1" 200 -
66.249.73.51 - - [30/May/2023:06:31:03 -0500] "-" 408 -
172.22.2.4 - - [30/May/2023:06:30:12 -0500] "GET /BLA/boletinlegal/ HTTP/1.1" 200 54808
52.167.144.46 - - [30/May/2023:06:32:04 -0500] "GET /portaldeninos/humedal-el-tunjo/ HTTP/1.1" 200 87661
40.77.167.245 - - [30/May/2023:06:32:24 -0500] "GET /portaldeninos/wp-content/themes/betheme/assets/animations/animations.min.js?ver=20.9.6 HTTP/1.1" 200 1896
40.77.167.245 - - [30/May/2023:06:32:24 -0500] "GET /portaldeninos/wp-content/themes/betheme/assets/jplayer/jplayer.min.js?ver=20.9.6 HTTP/1.1" 200 52702
40.77.167.245 - - [30/May/2023:06:32:24 -0500] "GET /portaldeninos/wp-content/themes/betheme/css/shortcodes.css?ver=20.9.6 HTTP/1.1" 200 138889
40.77.167.245 - - [30/May/2023:06:32:24 -0500] "GET /portaldeninos/wp-content/themes/betheme/js/plugins.js?ver=20.9.6 HTTP/1.1" 200 197151
40.77.167.245 - - [30/May/2023:06:32:25 -0500] "GET /portaldeninos/wp-content/themes/betheme/style.css?ver=20.9.6 HTTP/1.1" 200 287
40.77.167.245 - - [30/May/2023:06:32:25 -0500] "GET /portaldeninos/wp-includes/js/jquery/ui/core.min.js?ver=1.11.4 HTTP/1.1" 200 4000
40.77.167.245 - - [30/May/2023:06:32:25 -0500] "GET /portaldeninos/wp-includes/js/jquery/ui/sortable.min.js?ver=1.11.4 HTTP/1.1" 200 24899
40.77.167.245 - - [30/May/2023:06:32:25 -0500] "GET /portaldeninos/wp-includes/js/wp-emoji-release.min.js?ver=4.9.8 HTTP/1.1" 200 12026
40.77.167.205 - - [30/May/2023:06:32:32 -0500] "GET /portaldeninos/wp-content/plugins/gallery-videos/JS/Total-Soft-Gallery-Video-Widget.js?ver=4.9.8 HTTP/1.1" 200 80264
40.77.167.205 - - [30/May/2023:06:32:32 -0500] "GET /portaldeninos/wp-content/themes/betheme/assets/animations/animations.min.css?ver=20.9.6 HTTP/1.1" 200 58508
40.77.167.205 - - [30/May/2023:06:32:32 -0500] "GET /portaldeninos/wp-content/themes/betheme/js/menu.js?ver=20.9.6 HTTP/1.1" 200 2449
40.77.167.205 - - [30/May/2023:06:32:32 -0500] "GET /portaldeninos/wp-includes/js/jquery/ui/accordion.min.js?ver=1.11.4 HTTP/1.1" 200 8584
40.77.167.205 - - [30/May/2023:06:32:32 -0500] "GET /portaldeninos/wp-includes/js/jquery/ui/mouse.min.js?ver=1.11.4 HTTP/1.1" 200 3148
40.77.167.205 - - [30/May/2023:06:32:32 -0500] "GET /portaldeninos/wp-includes/js/jquery/ui/tabs.min.js?ver=1.11.4 HTTP/1.1" 200 12110
40.77.167.205 - - [30/May/2023:06:32:32 -0500] "GET /portaldeninos/wp-includes/js/jquery/ui/widget.min.js?ver=1.11.4 HTTP/1.1" 200 6908
40.77.167.205 - - [30/May/2023:06:32:33 -0500] "GET /portaldeninos/wp-includes/js/wp-embed.min.js?ver=4.9.8 HTTP/1.1" 200 1398
172.22.2.4 - - [30/May/2023:06:31:00 -0500] "GET /BLA/boletinlegal/ HTTP/1.1" 200 57151
216.245.221.92 - - [30/May/2023:06:32:56 -0500] "HEAD / HTTP/1.1" 200 -
201.245.192.253 - - [30/May/2023:06:33:31 -0500] "POST /kwsrmcab/Wsrmcab  HTTP/1.1" 200 43202
172.22.2.4 - - [30/May/2023:06:35:11 -0500] "HEAD /BLA/boletinlegal/ HTTP/1.1" 200 -
172.22.2.4 - - [30/May/2023:06:36:02 -0500] "GET /BLA/boletinlegal/ HTTP/1.1" 200 57561
216.245.221.92 - - [30/May/2023:06:37:56 -0500] "HEAD / HTTP/1.1" 200 -
201.245.192.253 - - [30/May/2023:06:38:29 -0500] "POST /kwsrmcab/Wsrmcab  HTTP/1.1" 200 43202
201.245.192.253 - - [30/May/2023:06:38:52 -0500] "POST /kwsrmcab/Wsrmcab HTTP/1.1" 200 40854
201.245.192.253 - - [30/May/2023:06:38:54 -0500] "POST /kwsrmcab/Wsrmcab HTTP/1.1" 200 43553
77.1.188.139 - - [30/May/2023:06:42:04 -0500] "GET /sipse/faces/index.xhtml HTTP/1.1" 200 677
77.1.188.139 - - [30/May/2023:06:42:04 -0500] "GET /sipse/faces/javax.faces.resource/theme.css?ln=primefaces-sipse HTTP/1.1" 304 -
77.1.188.139 - - [30/May/2023:06:42:04 -0500] "GET /sipse/faces/faces/autenticacion.xhtml HTTP/1.1" 200 12186
77.1.188.139 - - [30/May/2023:06:42:05 -0500] "GET /sipse/faces/javax.faces.resource/theme.css?ln=primefaces-sipse HTTP/1.1" 304 -
77.1.188.139 - - [30/May/2023:06:42:05 -0500] "GET /sipse/faces/javax.faces.resource/jquery/jquery-plugins.js?ln=primefaces&v=4.0 HTTP/1.1" 304 -
77.1.188.139 - - [30/May/2023:06:42:05 -0500] "GET /sipse/faces/javax.faces.resource/primefaces.css?ln=primefaces&v=4.0 HTTP/1.1" 304 -
77.1.188.139 - - [30/May/2023:06:42:05 -0500] "GET /sipse/faces/javax.faces.resource/layout/layout.css?ln=primefaces&v=4.0 HTTP/1.1" 304 -
77.1.188.139 - - [30/May/2023:06:42:05 -0500] "GET /sipse/faces/javax.faces.resource/jquery/jquery.js?ln=primefaces&v=4.0 HTTP/1.1" 304 -
77.1.188.139 - - [30/May/2023:06:42:05 -0500] "GET /sipse/faces/javax.faces.resource/primefaces.js?ln=primefaces&v=4.0 HTTP/1.1" 304 -
77.1.188.139 - - [30/May/2023:06:42:05 -0500] "GET /sipse/faces/javax.faces.resource/layout/layout.js?ln=primefaces&v=4.0 HTTP/1.1" 304 -
77.1.188.139 - - [30/May/2023:06:42:05 -0500] "GET /sipse/faces/javax.faces.resource/images/ui-icons_898989_256x240.png?ln=primefaces-aristo HTTP/1.1" 304 -
77.1.188.139 - - [30/May/2023:06:42:08 -0500] "POST /sipse/faces/autenticacion.xhtml HTTP/1.1" 200 2224
77.1.188.139 - - [30/May/2023:06:42:09 -0500] "GET /sipse/faces/javax.faces.resource/messages/messages.png?ln=primefaces&v=4.0 HTTP/1.1" 304 -
77.1.188.139 - - [30/May/2023:06:42:10 -0500] "POST /sipse/faces/autenticacion.xhtml HTTP/1.1" 200 16285
77.1.188.139 - - [30/May/2023:06:42:10 -0500] "GET /sipse/faces/javax.faces.resource/theme.css?ln=primefaces-sipse HTTP/1.1" 304 -
77.1.188.139 - - [30/May/2023:06:42:10 -0500] "GET /sipse/faces/javax.faces.resource/layout/layout.css?ln=primefaces&v=4.0 HTTP/1.1" 304 -
77.1.188.139 - - [30/May/2023:06:42:10 -0500] "GET /sipse/faces/javax.faces.resource/primefaces.css?ln=primefaces&v=4.0 HTTP/1.1" 304 -
77.1.188.139 - - [30/May/2023:06:42:10 -0500] "GET /sipse/faces/javax.faces.resource/jquery/jquery.js?ln=primefaces&v=4.0 HTTP/1.1" 304 -
77.1.188.139 - - [30/May/2023:06:42:11 -0500] "GET /sipse/faces/javax.faces.resource/jquery/jquery-plugins.js?ln=primefaces&v=4.0 HTTP/1.1" 304 -
77.1.188.139 - - [30/May/2023:06:42:11 -0500] "GET /sipse/faces/javax.faces.resource/primefaces.js?ln=primefaces&v=4.0 HTTP/1.1" 304 -
77.1.188.139 - - [30/May/2023:06:42:11 -0500] "GET /sipse/faces/javax.faces.resource/layout/layout.js?ln=primefaces&v=4.0 HTTP/1.1" 304 -
77.1.188.139 - - [30/May/2023:06:42:11 -0500] "GET /sipse/css/imagen/contrasena.png HTTP/1.1" 404 383
77.1.188.139 - - [30/May/2023:06:42:13 -0500] "GET /sipse/faces/javax.faces.resource/images/ui-bg_flat_0_2d5972_40x100.png?ln=primefaces-aristo HTTP/1.1" 304 -
77.1.188.139 - - [30/May/2023:06:42:13 -0500] "POST /sipse/faces/bienvenido.xhtml HTTP/1.1" 200 2658
77.1.188.139 - - [30/May/2023:06:42:15 -0500] "POST /sipse/faces/bienvenido.xhtml HTTP/1.1" 200 65085
77.1.188.139 - - [30/May/2023:06:42:17 -0500] "GET /sipse/faces/javax.faces.resource/layout/layout.css?ln=primefaces&v=4.0 HTTP/1.1" 304 -
77.1.188.139 - - [30/May/2023:06:42:17 -0500] "GET /sipse/faces/javax.faces.resource/theme.css?ln=primefaces-sipse HTTP/1.1" 304 -
77.1.188.139 - - [30/May/2023:06:42:17 -0500] "GET /sipse/faces/javax.faces.resource/primefaces.css?ln=primefaces&v=4.0 HTTP/1.1" 304 -
77.1.188.139 - - [30/May/2023:06:42:17 -0500] "GET /sipse/faces/javax.faces.resource/jquery/jquery.js?ln=primefaces&v=4.0 HTTP/1.1" 304 -
77.1.188.139 - - [30/May/2023:06:42:17 -0500] "GET /sipse/faces/javax.faces.resource/jquery/jquery-plugins.js?ln=primefaces&v=4.0 HTTP/1.1" 304 -
77.1.188.139 - - [30/May/2023:06:42:17 -0500] "GET /sipse/faces/javax.faces.resource/primefaces.js?ln=primefaces&v=4.0 HTTP/1.1" 304 -
77.1.188.139 - - [30/May/2023:06:42:18 -0500] "GET /sipse/faces/javax.faces.resource/layout/layout.js?ln=primefaces&v=4.0 HTTP/1.1" 304 -
77.1.188.139 - - [30/May/2023:06:42:18 -0500] "POST /sipse/faces/presentacion/financiero/solicitudProceso/listarSolicitudProceso.xhtml HTTP/1.1" 200 1556
77.1.188.139 - - [30/May/2023:06:42:22 -0500] "POST /sipse/faces/presentacion/financiero/solicitudProceso/listarSolicitudProceso.xhtml HTTP/1.1" 200 17651
77.1.188.139 - - [30/May/2023:06:42:33 -0500] "POST /sipse/faces/presentacion/financiero/solicitudProceso/listarSolicitudProceso.xhtml HTTP/1.1" 200 17647
172.22.2.4 - - [30/May/2023:06:41:01 -0500] "HEAD /BLA/boletinlegal/ HTTP/1.1" 200 -
216.245.221.92 - - [30/May/2023:06:42:56 -0500] "HEAD / HTTP/1.1" 200 -
201.245.192.253 - - [30/May/2023:06:43:28 -0500] "POST /kwsrmcab/Wsrmcab  HTTP/1.1" 200 43202
172.22.2.4 - - [30/May/2023:06:41:52 -0500] "GET /BLA/boletinlegal/ HTTP/1.1" 200 53561
77.1.188.139 - - [30/May/2023:06:44:27 -0500] "POST /sipse/faces/presentacion/financiero/solicitudProceso/listarSolicitudProceso.xhtml HTTP/1.1" 200 59042
77.1.188.139 - - [30/May/2023:06:44:28 -0500] "GET /sipse/faces/javax.faces.resource/theme.css?ln=primefaces-sipse HTTP/1.1" 304 -
77.1.188.139 - - [30/May/2023:06:44:28 -0500] "GET /sipse/faces/javax.faces.resource/jquery/jquery.js?ln=primefaces&v=4.0 HTTP/1.1" 304 -
77.1.188.139 - - [30/May/2023:06:44:28 -0500] "GET /sipse/faces/javax.faces.resource/primefaces.css?ln=primefaces&v=4.0 HTTP/1.1" 304 -
77.1.188.139 - - [30/May/2023:06:44:28 -0500] "GET /sipse/faces/javax.faces.resource/layout/layout.css?ln=primefaces&v=4.0 HTTP/1.1" 304 -
77.1.188.139 - - [30/May/2023:06:44:28 -0500] "GET /sipse/faces/javax.faces.resource/jquery/jquery-plugins.js?ln=primefaces&v=4.0 HTTP/1.1" 304 -
77.1.188.139 - - [30/May/2023:06:44:29 -0500] "GET /sipse/faces/javax.faces.resource/primefaces.js?ln=primefaces&v=4.0 HTTP/1.1" 304 -
77.1.188.139 - - [30/May/2023:06:44:29 -0500] "GET /sipse/faces/javax.faces.resource/layout/layout.js?ln=primefaces&v=4.0 HTTP/1.1" 304 -
77.1.188.139 - - [30/May/2023:06:45:43 -0500] "POST /sipse/faces/presentacion/financiero/solicitudProceso/crearModificarSolicitudProceso.xhtml HTTP/1.1" 200 51772
77.1.188.139 - - [30/May/2023:06:46:21 -0500] "GET /sipse/faces/javax.faces.resource/theme.css?ln=primefaces-sipse HTTP/1.1" 304 -
77.1.188.139 - - [30/May/2023:06:46:21 -0500] "GET /sipse/faces/javax.faces.resource/primefaces.css?ln=primefaces&v=4.0 HTTP/1.1" 304 -
77.1.188.139 - - [30/May/2023:06:46:21 -0500] "GET /sipse/faces/javax.faces.resource/layout/layout.css?ln=primefaces&v=4.0 HTTP/1.1" 304 -
77.1.188.139 - - [30/May/2023:06:46:21 -0500] "GET /sipse/faces/javax.faces.resource/jquery/jquery.js?ln=primefaces&v=4.0 HTTP/1.1" 304 -
77.1.188.139 - - [30/May/2023:06:46:21 -0500] "GET /sipse/faces/javax.faces.resource/jquery/jquery-plugins.js?ln=primefaces&v=4.0 HTTP/1.1" 304 -
77.1.188.139 - - [30/May/2023:06:46:20 -0500] "POST /sipse/faces/presentacion/financiero/solicitudProceso/consultarSolicitudProceso.xhtml HTTP/1.1" 200 41075
77.1.188.139 - - [30/May/2023:06:46:21 -0500] "GET /sipse/faces/javax.faces.resource/primefaces.js?ln=primefaces&v=4.0 HTTP/1.1" 304 -
77.1.188.139 - - [30/May/2023:06:46:21 -0500] "GET /sipse/faces/javax.faces.resource/layout/layout.js?ln=primefaces&v=4.0 HTTP/1.1" 304 -
77.1.188.139 - - [30/May/2023:06:46:22 -0500] "GET /sipse/css/imagen/contrasena.png HTTP/1.1" 404 383
77.1.188.139 - - [30/May/2023:06:46:22 -0500] "GET /sipse/faces/javax.faces.resource/images/ui-icons_898989_256x240.png?ln=primefaces-aristo HTTP/1.1" 304 -
77.1.188.139 - - [30/May/2023:06:46:22 -0500] "GET /sipse/faces/javax.faces.resource/messages/messages.png?ln=primefaces&v=4.0 HTTP/1.1" 304 -
77.1.188.139 - - [30/May/2023:06:46:22 -0500] "GET /sipse/faces/javax.faces.resource/images/ui-bg_flat_0_2d5972_40x100.png?ln=primefaces-aristo HTTP/1.1" 304 -
77.1.188.139 - - [30/May/2023:06:46:22 -0500] "POST /sipse/faces/presentacion/financiero/solicitudProceso/listarSolicitudProceso.xhtml HTTP/1.1" 200 1396
77.1.188.139 - - [30/May/2023:06:46:23 -0500] "POST /sipse/faces/presentacion/financiero/solicitudProceso/listarSolicitudProceso.xhtml HTTP/1.1" 200 1396
77.1.188.139 - - [30/May/2023:06:46:37 -0500] "POST /sipse/faces/presentacion/financiero/solicitudProceso/listarSolicitudProceso.xhtml HTTP/1.1" 200 44547
77.1.188.139 - - [30/May/2023:06:46:39 -0500] "POST /sipse/faces/presentacion/financiero/solicitudProceso/listarSolicitudProceso.xhtml HTTP/1.1" 200 17621
77.1.188.139 - - [30/May/2023:06:46:44 -0500] "POST /sipse/faces/presentacion/financiero/solicitudProceso/listarSolicitudProceso.xhtml HTTP/1.1" 200 137402
77.1.188.139 - - [30/May/2023:06:46:46 -0500] "GET /sipse/faces/javax.faces.resource/theme.css?ln=primefaces-sipse HTTP/1.1" 304 -
77.1.188.139 - - [30/May/2023:06:46:46 -0500] "GET /sipse/faces/javax.faces.resource/jquery/jquery.js?ln=primefaces&v=4.0 HTTP/1.1" 304 -
77.1.188.139 - - [30/May/2023:06:46:46 -0500] "GET /sipse/faces/javax.faces.resource/primefaces.css?ln=primefaces&v=4.0 HTTP/1.1" 304 -
77.1.188.139 - - [30/May/2023:06:46:46 -0500] "GET /sipse/faces/javax.faces.resource/layout/layout.css?ln=primefaces&v=4.0 HTTP/1.1" 304 -
77.1.188.139 - - [30/May/2023:06:46:46 -0500] "GET /sipse/faces/javax.faces.resource/jquery/jquery-plugins.js?ln=primefaces&v=4.0 HTTP/1.1" 304 -
77.1.188.139 - - [30/May/2023:06:46:47 -0500] "GET /sipse/faces/javax.faces.resource/primefaces.js?ln=primefaces&v=4.0 HTTP/1.1" 304 -
77.1.188.139 - - [30/May/2023:06:46:47 -0500] "GET /sipse/faces/javax.faces.resource/layout/layout.js?ln=primefaces&v=4.0 HTTP/1.1" 304 -
216.245.221.92 - - [30/May/2023:06:47:56 -0500] "HEAD / HTTP/1.1" 200 -
77.1.188.139 - - [30/May/2023:06:48:00 -0500] "POST /sipse/faces/presentacion/financiero/solicitudProceso/consultarSolicitudProceso.xhtml HTTP/1.1" 200 26264
40.77.202.135 - - [30/May/2023:06:48:23 -0500] "GET /portaldeninos/wp-content/uploads/useanyfont/uaf.css?ver=1589905315 HTTP/1.1" 200 408
40.77.202.65 - - [30/May/2023:06:48:23 -0500] "GET /portaldeninos/wp-content/plugins/gallery-videos/CSS/totalsoft.css?ver=4.9.8 HTTP/1.1" 200 40622
40.77.202.74 - - [30/May/2023:06:48:23 -0500] "GET /portaldeninos/wp-content/plugins/gallery-videos/CSS/Total-Soft-Gallery-Video-Widget.css?ver=4.9.8 HTTP/1.1" 200 51554
40.77.202.145 - - [30/May/2023:06:48:24 -0500] "GET /portaldeninos/wp-content/themes/betheme/assets/ui/jquery.ui.all.css?ver=20.9.6 HTTP/1.1" 200 18765
40.77.202.171 - - [30/May/2023:06:48:24 -0500] "GET /portaldeninos/wp-content/themes/betheme/css/layout.css?ver=20.9.6 HTTP/1.1" 200 116639
40.77.202.59 - - [30/May/2023:06:48:24 -0500] "GET /portaldeninos/wp-content/themes/betheme/css/base.css?ver=20.9.6 HTTP/1.1" 200 57283
40.77.202.145 - - [30/May/2023:06:48:25 -0500] "GET /portaldeninos/wp-content/themes/betheme/css/responsive.css?ver=20.9.6 HTTP/1.1" 200 55740
40.77.202.151 - - [30/May/2023:06:48:25 -0500] "GET /portaldeninos/wp-content/themes/betheme/assets/jplayer/css/jplayer.blue.monday.css?ver=20.9.6 HTTP/1.1" 200 9834
40.77.202.44 - - [30/May/2023:06:48:26 -0500] "GET /portaldeninos/wp-content/plugins/gallery-videos/JS/modernizr.custom.js?ver=4.9.8 HTTP/1.1" 200 9019
40.77.202.38 - - [30/May/2023:06:48:26 -0500] "GET /portaldeninos/wp-includes/js/jquery/jquery-migrate.min.js?ver=1.4.1 HTTP/1.1" 200 10056
40.77.202.151 - - [30/May/2023:06:48:26 -0500] "GET /portaldeninos/wp-includes/js/jquery/jquery.js?ver=1.12.4 HTTP/1.1" 200 97184
40.77.202.108 - - [30/May/2023:06:48:27 -0500] "GET /portaldeninos/wp-content/themes/betheme/js/scripts.js?ver=20.9.6 HTTP/1.1" 200 77162
201.245.192.253 - - [30/May/2023:06:48:27 -0500] "POST /kwsrmcab/Wsrmcab  HTTP/1.1" 200 43202
172.22.2.4 - - [30/May/2023:06:46:51 -0500] "HEAD /BLA/boletinlegal/ HTTP/1.1" 200 -
66.249.70.213 - - [30/May/2023:06:48:46 -0500] "-" 408 -
172.22.2.4 - - [30/May/2023:06:47:42 -0500] "GET /BLA/boletinlegal/ HTTP/1.1" 200 59306
186.86.34.47 - - [30/May/2023:06:49:35 -0500] "POST /sipse/faces/presentacion/financiero/solicitudProceso/consultar.xhtml HTTP/1.1" 302 -
186.86.34.47 - - [30/May/2023:06:49:35 -0500] "GET /sipse/faces/autenticacion.xhtml HTTP/1.1" 200 1099
186.86.34.47 - - [30/May/2023:06:49:35 -0500] "POST /sipse/faces/presentacion/financiero/solicitudProceso/consultar.xhtml HTTP/1.1" 302 -
186.86.34.47 - - [30/May/2023:06:49:35 -0500] "GET /sipse/faces/autenticacion.xhtml HTTP/1.1" 200 1099
186.86.34.47 - - [30/May/2023:06:49:40 -0500] "GET /sipse/faces/index.xhtml HTTP/1.1" 200 677
186.86.34.47 - - [30/May/2023:06:49:40 -0500] "GET /sipse/faces/javax.faces.resource/theme.css?ln=primefaces-sipse HTTP/1.1" 304 -
186.86.34.47 - - [30/May/2023:06:49:40 -0500] "GET /sipse/faces/faces/autenticacion.xhtml HTTP/1.1" 200 12177
186.86.34.47 - - [30/May/2023:06:49:41 -0500] "GET /sipse/js/disable_browser_buttons.js HTTP/1.1" 304 -
186.86.34.47 - - [30/May/2023:06:49:41 -0500] "GET /sipse/js/funciones.js HTTP/1.1" 304 -
186.86.34.47 - - [30/May/2023:06:49:41 -0500] "GET /sipse/css/custom_css_sg.css HTTP/1.1" 304 -
186.86.34.47 - - [30/May/2023:06:49:41 -0500] "GET /sipse/css/custom_css_sg_prime_login.css HTTP/1.1" 304 -
186.86.34.47 - - [30/May/2023:06:49:41 -0500] "GET /sipse/faces/javax.faces.resource/theme.css?ln=primefaces-sipse HTTP/1.1" 304 -
186.86.34.47 - - [30/May/2023:06:49:41 -0500] "GET /sipse/faces/javax.faces.resource/primefaces.css?ln=primefaces&v=4.0 HTTP/1.1" 304 -
186.86.34.47 - - [30/May/2023:06:49:41 -0500] "GET /sipse/faces/javax.faces.resource/jquery/jquery.js?ln=primefaces&v=4.0 HTTP/1.1" 304 -
186.86.34.47 - - [30/May/2023:06:49:41 -0500] "GET /sipse/faces/javax.faces.resource/layout/layout.css?ln=primefaces&v=4.0 HTTP/1.1" 304 -
186.86.34.47 - - [30/May/2023:06:49:41 -0500] "GET /sipse/faces/javax.faces.resource/jquery/jquery-plugins.js?ln=primefaces&v=4.0 HTTP/1.1" 304 -
186.86.34.47 - - [30/May/2023:06:49:41 -0500] "GET /sipse/faces/javax.faces.resource/layout/layout.js?ln=primefaces&v=4.0 HTTP/1.1" 304 -
186.86.34.47 - - [30/May/2023:06:49:41 -0500] "GET /sipse/faces/javax.faces.resource/primefaces.js?ln=primefaces&v=4.0 HTTP/1.1" 304 -
186.86.34.47 - - [30/May/2023:06:49:41 -0500] "GET /sipse/css/imagen/logoSDG.png HTTP/1.1" 304 -
186.86.34.47 - - [30/May/2023:06:49:41 -0500] "GET /sipse/css/imagen/loginimg.png HTTP/1.1" 304 -
186.86.34.47 - - [30/May/2023:06:49:41 -0500] "GET /sipse/faces/javax.faces.resource/images/ui-icons_898989_256x240.png?ln=primefaces-aristo HTTP/1.1" 304 -
77.1.188.139 - - [30/May/2023:06:49:43 -0500] "GET /sipse/faces/javax.faces.resource/theme.css?ln=primefaces-sipse HTTP/1.1" 304 -
77.1.188.139 - - [30/May/2023:06:49:44 -0500] "GET /sipse/faces/javax.faces.resource/primefaces.css?ln=primefaces&v=4.0 HTTP/1.1" 304 -
77.1.188.139 - - [30/May/2023:06:49:44 -0500] "GET /sipse/faces/javax.faces.resource/layout/layout.css?ln=primefaces&v=4.0 HTTP/1.1" 304 -
77.1.188.139 - - [30/May/2023:06:49:44 -0500] "GET /sipse/faces/javax.faces.resource/jquery/jquery.js?ln=primefaces&v=4.0 HTTP/1.1" 304 -
77.1.188.139 - - [30/May/2023:06:49:44 -0500] "GET /sipse/faces/javax.faces.resource/jquery/jquery-plugins.js?ln=primefaces&v=4.0 HTTP/1.1" 304 -
77.1.188.139 - - [30/May/2023:06:49:44 -0500] "GET /sipse/faces/javax.faces.resource/primefaces.js?ln=primefaces&v=4.0 HTTP/1.1" 304 -
77.1.188.139 - - [30/May/2023:06:49:44 -0500] "GET /sipse/faces/javax.faces.resource/layout/layout.js?ln=primefaces&v=4.0 HTTP/1.1" 304 -
77.1.188.139 - - [30/May/2023:06:49:41 -0500] "POST /sipse/faces/presentacion/financiero/solicitudProceso/consultarSolicitudProceso.xhtml HTTP/1.1" 200 40565
77.1.188.139 - - [30/May/2023:06:49:44 -0500] "POST /sipse/faces/presentacion/financiero/solicitudProceso/listarSolicitudProceso.xhtml HTTP/1.1" 200 1396
77.1.188.139 - - [30/May/2023:06:49:45 -0500] "POST /sipse/faces/presentacion/financiero/solicitudProceso/listarSolicitudProceso.xhtml HTTP/1.1" 200 1396
186.86.34.47 - - [30/May/2023:06:49:49 -0500] "POST /sipse/faces/autenticacion.xhtml HTTP/1.1" 200 2183
186.86.34.47 - - [30/May/2023:06:49:49 -0500] "GET /sipse/faces/javax.faces.resource/messages/messages.png?ln=primefaces&v=4.0 HTTP/1.1" 304 -
186.86.34.47 - - [30/May/2023:06:49:59 -0500] "POST /sipse/faces/autenticacion.xhtml HTTP/1.1" 200 2228
186.86.34.47 - - [30/May/2023:06:50:00 -0500] "POST /sipse/faces/autenticacion.xhtml HTTP/1.1" 200 16253
186.86.34.47 - - [30/May/2023:06:50:00 -0500] "GET /sipse/css/custom_css_sg_prime.css HTTP/1.1" 304 -
186.86.34.47 - - [30/May/2023:06:50:00 -0500] "GET /sipse/faces/javax.faces.resource/theme.css?ln=primefaces-sipse HTTP/1.1" 304 -
186.86.34.47 - - [30/May/2023:06:50:00 -0500] "GET /sipse/faces/javax.faces.resource/layout/layout.css?ln=primefaces&v=4.0 HTTP/1.1" 304 -
186.86.34.47 - - [30/May/2023:06:50:00 -0500] "GET /sipse/faces/javax.faces.resource/primefaces.css?ln=primefaces&v=4.0 HTTP/1.1" 304 -
186.86.34.47 - - [30/May/2023:06:50:00 -0500] "GET /sipse/js/jquery.min.js HTTP/1.1" 304 -
186.86.34.47 - - [30/May/2023:06:50:00 -0500] "GET /sipse/faces/javax.faces.resource/jquery/jquery.js?ln=primefaces&v=4.0 HTTP/1.1" 304 -
186.86.34.47 - - [30/May/2023:06:50:01 -0500] "GET /sipse/faces/javax.faces.resource/jquery/jquery-plugins.js?ln=primefaces&v=4.0 HTTP/1.1" 304 -
186.86.34.47 - - [30/May/2023:06:50:01 -0500] "GET /sipse/faces/javax.faces.resource/primefaces.js?ln=primefaces&v=4.0 HTTP/1.1" 304 -
186.86.34.47 - - [30/May/2023:06:50:01 -0500] "GET /sipse/faces/javax.faces.resource/layout/layout.js?ln=primefaces&v=4.0 HTTP/1.1" 304 -
186.86.34.47 - - [30/May/2023:06:50:01 -0500] "GET /sipse/css/imagen/contrasena.png HTTP/1.1" 404 383
186.86.34.47 - - [30/May/2023:06:50:01 -0500] "GET /sipse/imagenes/cargando.gif HTTP/1.1" 304 -
186.86.34.47 - - [30/May/2023:06:50:01 -0500] "GET /sipse/imagenes/logoAplicacion.jpg HTTP/1.1" 304 -
186.86.34.47 - - [30/May/2023:06:50:03 -0500] "GET /sipse/faces/javax.faces.resource/images/ui-bg_flat_0_2d5972_40x100.png?ln=primefaces-aristo HTTP/1.1" 304 -
186.86.34.47 - - [30/May/2023:06:50:03 -0500] "POST /sipse/faces/bienvenido.xhtml HTTP/1.1" 200 2073
186.86.34.47 - - [30/May/2023:06:50:04 -0500] "POST /sipse/faces/bienvenido.xhtml HTTP/1.1" 200 38994
186.86.34.47 - - [30/May/2023:06:50:05 -0500] "GET /sipse/faces/javax.faces.resource/theme.css?ln=primefaces-sipse HTTP/1.1" 304 -
186.86.34.47 - - [30/May/2023:06:50:05 -0500] "GET /sipse/faces/javax.faces.resource/primefaces.css?ln=primefaces&v=4.0 HTTP/1.1" 304 -
186.86.34.47 - - [30/May/2023:06:50:05 -0500] "GET /sipse/faces/javax.faces.resource/layout/layout.css?ln=primefaces&v=4.0 HTTP/1.1" 304 -
186.86.34.47 - - [30/May/2023:06:50:05 -0500] "GET /sipse/faces/javax.faces.resource/jquery/jquery.js?ln=primefaces&v=4.0 HTTP/1.1" 304 -
186.86.34.47 - - [30/May/2023:06:50:05 -0500] "GET /sipse/faces/javax.faces.resource/jquery/jquery-plugins.js?ln=primefaces&v=4.0 HTTP/1.1" 304 -
186.86.34.47 - - [30/May/2023:06:50:05 -0500] "GET /sipse/faces/javax.faces.resource/primefaces.js?ln=primefaces&v=4.0 HTTP/1.1" 304 -
186.86.34.47 - - [30/May/2023:06:50:05 -0500] "GET /sipse/faces/javax.faces.resource/layout/layout.js?ln=primefaces&v=4.0 HTTP/1.1" 304 -
186.86.34.47 - - [30/May/2023:06:50:10 -0500] "POST /sipse/faces/presentacion/financiero/solicitudProceso/consultar.xhtml HTTP/1.1" 200 12931
186.86.34.47 - - [30/May/2023:06:50:15 -0500] "POST /sipse/faces/presentacion/financiero/solicitudProceso/consultar.xhtml HTTP/1.1" 200 135516
186.86.34.47 - - [30/May/2023:06:50:16 -0500] "GET /sipse/faces/javax.faces.resource/layout/layout.css?ln=primefaces&v=4.0 HTTP/1.1" 304 -
186.86.34.47 - - [30/May/2023:06:50:16 -0500] "GET /sipse/faces/javax.faces.resource/theme.css?ln=primefaces-sipse HTTP/1.1" 304 -
186.86.34.47 - - [30/May/2023:06:50:16 -0500] "GET /sipse/faces/javax.faces.resource/primefaces.css?ln=primefaces&v=4.0 HTTP/1.1" 304 -
186.86.34.47 - - [30/May/2023:06:50:16 -0500] "GET /sipse/faces/javax.faces.resource/jquery/jquery.js?ln=primefaces&v=4.0 HTTP/1.1" 304 -
186.86.34.47 - - [30/May/2023:06:50:16 -0500] "GET /sipse/faces/javax.faces.resource/jquery/jquery-plugins.js?ln=primefaces&v=4.0 HTTP/1.1" 304 -
186.86.34.47 - - [30/May/2023:06:50:16 -0500] "GET /sipse/faces/javax.faces.resource/primefaces.js?ln=primefaces&v=4.0 HTTP/1.1" 304 -
186.86.34.47 - - [30/May/2023:06:50:16 -0500] "GET /sipse/faces/javax.faces.resource/layout/layout.js?ln=primefaces&v=4.0 HTTP/1.1" 304 -
186.86.34.47 - - [30/May/2023:06:50:21 -0500] "POST /sipse/faces/presentacion/financiero/solicitudProceso/consultarSolicitudProceso.xhtml HTTP/1.1" 200 40832
186.86.34.47 - - [30/May/2023:06:50:22 -0500] "GET /sipse/faces/javax.faces.resource/primefaces.css?ln=primefaces&v=4.0 HTTP/1.1" 304 -
186.86.34.47 - - [30/May/2023:06:50:22 -0500] "GET /sipse/faces/javax.faces.resource/theme.css?ln=primefaces-sipse HTTP/1.1" 304 -
186.86.34.47 - - [30/May/2023:06:50:22 -0500] "GET /sipse/faces/javax.faces.resource/jquery/jquery.js?ln=primefaces&v=4.0 HTTP/1.1" 304 -
186.86.34.47 - - [30/May/2023:06:50:22 -0500] "GET /sipse/faces/javax.faces.resource/layout/layout.css?ln=primefaces&v=4.0 HTTP/1.1" 304 -
186.86.34.47 - - [30/May/2023:06:50:22 -0500] "GET /sipse/faces/javax.faces.resource/jquery/jquery-plugins.js?ln=primefaces&v=4.0 HTTP/1.1" 304 -
186.86.34.47 - - [30/May/2023:06:50:22 -0500] "GET /sipse/faces/javax.faces.resource/primefaces.js?ln=primefaces&v=4.0 HTTP/1.1" 304 -
186.86.34.47 - - [30/May/2023:06:50:22 -0500] "GET /sipse/faces/javax.faces.resource/layout/layout.js?ln=primefaces&v=4.0 HTTP/1.1" 304 -
77.1.188.139 - - [30/May/2023:06:50:24 -0500] "POST /sipse/faces/presentacion/financiero/solicitudProceso/listarSolicitudProceso.xhtml HTTP/1.1" 200 59042
77.1.188.139 - - [30/May/2023:06:50:25 -0500] "GET /sipse/faces/javax.faces.resource/theme.css?ln=primefaces-sipse HTTP/1.1" 304 -
77.1.188.139 - - [30/May/2023:06:50:25 -0500] "GET /sipse/faces/javax.faces.resource/jquery/jquery.js?ln=primefaces&v=4.0 HTTP/1.1" 304 -
77.1.188.139 - - [30/May/2023:06:50:25 -0500] "GET /sipse/faces/javax.faces.resource/primefaces.css?ln=primefaces&v=4.0 HTTP/1.1" 304 -
77.1.188.139 - - [30/May/2023:06:50:25 -0500] "GET /sipse/faces/javax.faces.resource/layout/layout.css?ln=primefaces&v=4.0 HTTP/1.1" 304 -
77.1.188.139 - - [30/May/2023:06:50:25 -0500] "GET /sipse/faces/javax.faces.resource/jquery/jquery-plugins.js?ln=primefaces&v=4.0 HTTP/1.1" 304 -
77.1.188.139 - - [30/May/2023:06:50:25 -0500] "GET /sipse/faces/javax.faces.resource/primefaces.js?ln=primefaces&v=4.0 HTTP/1.1" 304 -
77.1.188.139 - - [30/May/2023:06:50:26 -0500] "GET /sipse/faces/javax.faces.resource/layout/layout.js?ln=primefaces&v=4.0 HTTP/1.1" 304 -
77.1.188.139 - - [30/May/2023:06:50:33 -0500] "POST /sipse/faces/presentacion/financiero/solicitudProceso/crearModificarSolicitudProceso.xhtml HTTP/1.1" 200 51772
40.77.167.188 - - [30/May/2023:06:51:17 -0500] "GET /galeria/carrusel/Carrusel/jquery.thumbnailScroller.js HTTP/1.1" 200 8157
40.77.167.97 - - [30/May/2023:06:51:21 -0500] "GET /galeria/carrusel/Carrusel/jquery-ui-1.8.13.custom.min.js HTTP/1.1" 200 10800
40.77.167.97 - - [30/May/2023:06:51:21 -0500] "GET /galeria/carrusel/Carrusel/jquery.thumbnailScroller.css HTTP/1.1" 200 2066
40.77.167.97 - - [30/May/2023:06:51:21 -0500] "GET /galeria/nivo-slider/demo/banner.html HTTP/1.1" 200 5446
172.22.2.4 - - [30/May/2023:06:51:30 -0500] "GET /BLA/boletinlegal/jurisprudencia/analisis/CUADRO%20SENTENCIA%20T-299%20DE%202008.doc HTTP/1.1" 304 -
186.86.34.47 - - [30/May/2023:06:52:10 -0500] "GET /sipse/faces/javax.faces.resource/theme.css?ln=primefaces-sipse HTTP/1.1" 304 -
186.86.34.47 - - [30/May/2023:06:52:10 -0500] "GET /sipse/faces/javax.faces.resource/primefaces.css?ln=primefaces&v=4.0 HTTP/1.1" 304 -
186.86.34.47 - - [30/May/2023:06:52:10 -0500] "GET /sipse/faces/javax.faces.resource/layout/layout.css?ln=primefaces&v=4.0 HTTP/1.1" 304 -
186.86.34.47 - - [30/May/2023:06:52:10 -0500] "GET /sipse/faces/javax.faces.resource/jquery/jquery-plugins.js?ln=primefaces&v=4.0 HTTP/1.1" 304 -
186.86.34.47 - - [30/May/2023:06:52:10 -0500] "GET /sipse/faces/javax.faces.resource/jquery/jquery.js?ln=primefaces&v=4.0 HTTP/1.1" 304 -
186.86.34.47 - - [30/May/2023:06:52:10 -0500] "GET /sipse/faces/javax.faces.resource/primefaces.js?ln=primefaces&v=4.0 HTTP/1.1" 304 -
186.86.34.47 - - [30/May/2023:06:52:10 -0500] "GET /sipse/faces/javax.faces.resource/layout/layout.js?ln=primefaces&v=4.0 HTTP/1.1" 304 -
186.86.34.47 - - [30/May/2023:06:52:09 -0500] "POST /sipse/faces/presentacion/financiero/solicitudProceso/consultarHistorialSolProceso.xhtml HTTP/1.1" 200 181358
186.86.34.47 - - [30/May/2023:06:52:12 -0500] "POST /sipse/faces/presentacion/financiero/solicitudProceso/consultarSolicitudProceso.xhtml HTTP/1.1" 200 42146
186.86.34.47 - - [30/May/2023:06:52:12 -0500] "GET /sipse/faces/javax.faces.resource/theme.css?ln=primefaces-sipse HTTP/1.1" 304 -
186.86.34.47 - - [30/May/2023:06:52:12 -0500] "GET /sipse/faces/javax.faces.resource/primefaces.css?ln=primefaces&v=4.0 HTTP/1.1" 304 -
186.86.34.47 - - [30/May/2023:06:52:12 -0500] "GET /sipse/faces/javax.faces.resource/layout/layout.css?ln=primefaces&v=4.0 HTTP/1.1" 304 -
186.86.34.47 - - [30/May/2023:06:52:12 -0500] "GET /sipse/faces/javax.faces.resource/jquery/jquery.js?ln=primefaces&v=4.0 HTTP/1.1" 304 -
186.86.34.47 - - [30/May/2023:06:52:12 -0500] "GET /sipse/faces/javax.faces.resource/jquery/jquery-plugins.js?ln=primefaces&v=4.0 HTTP/1.1" 304 -
186.86.34.47 - - [30/May/2023:06:52:12 -0500] "GET /sipse/faces/javax.faces.resource/primefaces.js?ln=primefaces&v=4.0 HTTP/1.1" 304 -
186.86.34.47 - - [30/May/2023:06:52:12 -0500] "GET /sipse/faces/javax.faces.resource/layout/layout.js?ln=primefaces&v=4.0 HTTP/1.1" 304 -
186.86.34.47 - - [30/May/2023:06:52:17 -0500] "POST /sipse/faces/presentacion/financiero/solicitudProceso/consultar.xhtml HTTP/1.1" 200 12899
186.86.34.47 - - [30/May/2023:06:52:27 -0500] "POST /sipse/faces/presentacion/financiero/solicitudProceso/consultar.xhtml HTTP/1.1" 200 12899
77.1.188.139 - - [30/May/2023:06:52:30 -0500] "POST /sipse/faces/presentacion/financiero/solicitudProceso/crearModificarSolicitudProceso.xhtml HTTP/1.1" 200 25133
186.86.34.47 - - [30/May/2023:06:52:31 -0500] "POST /sipse/faces/presentacion/financiero/solicitudProceso/consultar.xhtml HTTP/1.1" 200 144550
186.86.34.47 - - [30/May/2023:06:52:32 -0500] "GET /sipse/faces/javax.faces.resource/theme.css?ln=primefaces-sipse HTTP/1.1" 304 -
186.86.34.47 - - [30/May/2023:06:52:32 -0500] "GET /sipse/faces/javax.faces.resource/primefaces.css?ln=primefaces&v=4.0 HTTP/1.1" 304 -
186.86.34.47 - - [30/May/2023:06:52:32 -0500] "GET /sipse/faces/javax.faces.resource/layout/layout.css?ln=primefaces&v=4.0 HTTP/1.1" 304 -
186.86.34.47 - - [30/May/2023:06:52:32 -0500] "GET /sipse/faces/javax.faces.resource/jquery/jquery.js?ln=primefaces&v=4.0 HTTP/1.1" 304 -
186.86.34.47 - - [30/May/2023:06:52:32 -0500] "GET /sipse/faces/javax.faces.resource/jquery/jquery-plugins.js?ln=primefaces&v=4.0 HTTP/1.1" 304 -
186.86.34.47 - - [30/May/2023:06:52:32 -0500] "GET /sipse/faces/javax.faces.resource/primefaces.js?ln=primefaces&v=4.0 HTTP/1.1" 304 -
186.86.34.47 - - [30/May/2023:06:52:32 -0500] "GET /sipse/faces/javax.faces.resource/layout/layout.js?ln=primefaces&v=4.0 HTTP/1.1" 304 -
186.86.34.47 - - [30/May/2023:06:52:38 -0500] "POST /sipse/faces/presentacion/financiero/solicitudProceso/consultarSolicitudProceso.xhtml HTTP/1.1" 200 50838
186.86.34.47 - - [30/May/2023:06:52:40 -0500] "GET /sipse/faces/javax.faces.resource/theme.css?ln=primefaces-sipse HTTP/1.1" 304 -
186.86.34.47 - - [30/May/2023:06:52:40 -0500] "GET /sipse/faces/javax.faces.resource/primefaces.css?ln=primefaces&v=4.0 HTTP/1.1" 304 -
186.86.34.47 - - [30/May/2023:06:52:40 -0500] "GET /sipse/faces/javax.faces.resource/layout/layout.css?ln=primefaces&v=4.0 HTTP/1.1" 304 -
186.86.34.47 - - [30/May/2023:06:52:40 -0500] "GET /sipse/faces/javax.faces.resource/jquery/jquery.js?ln=primefaces&v=4.0 HTTP/1.1" 304 -
186.86.34.47 - - [30/May/2023:06:52:40 -0500] "GET /sipse/faces/javax.faces.resource/primefaces.js?ln=primefaces&v=4.0 HTTP/1.1" 304 -
186.86.34.47 - - [30/May/2023:06:52:40 -0500] "GET /sipse/faces/javax.faces.resource/jquery/jquery-plugins.js?ln=primefaces&v=4.0 HTTP/1.1" 304 -
186.86.34.47 - - [30/May/2023:06:52:40 -0500] "GET /sipse/faces/javax.faces.resource/layout/layout.js?ln=primefaces&v=4.0 HTTP/1.1" 304 -
77.1.188.139 - - [30/May/2023:06:52:51 -0500] "POST /sipse/faces/presentacion/financiero/solicitudProceso/crearModificarSolicitudProceso.xhtml HTTP/1.1" 200 6311
216.245.221.92 - - [30/May/2023:06:52:56 -0500] "HEAD / HTTP/1.1" 200 -
77.1.188.139 - - [30/May/2023:06:53:08 -0500] "POST /sipse/faces/presentacion/financiero/solicitudProceso/crearModificarSolicitudProceso.xhtml HTTP/1.1" 200 9556
201.245.192.253 - - [30/May/2023:06:53:26 -0500] "POST /kwsrmcab/Wsrmcab  HTTP/1.1" 200 43202
43.130.62.160 - - [30/May/2023:06:54:06 -0500] "GET /galeria/galeria/fotos/Jaboque4P.jpg HTTP/1.1" 200 27446
77.1.188.139 - - [30/May/2023:06:54:07 -0500] "POST /sipse/faces/presentacion/financiero/solicitudProceso/crearModificarSolicitudProceso.xhtml HTTP/1.1" 200 6672
172.22.2.4 - - [30/May/2023:06:52:41 -0500] "HEAD /BLA/boletinlegal/ HTTP/1.1" 200 -
77.1.188.139 - - [30/May/2023:06:54:35 -0500] "GET /sipse/faces/javax.faces.resource/theme.css?ln=primefaces-sipse HTTP/1.1" 304 -
77.1.188.139 - - [30/May/2023:06:54:35 -0500] "GET /sipse/faces/javax.faces.resource/primefaces.css?ln=primefaces&v=4.0 HTTP/1.1" 304 -
77.1.188.139 - - [30/May/2023:06:54:35 -0500] "GET /sipse/faces/javax.faces.resource/layout/layout.css?ln=primefaces&v=4.0 HTTP/1.1" 304 -
77.1.188.139 - - [30/May/2023:06:54:35 -0500] "GET /sipse/faces/javax.faces.resource/jquery/jquery.js?ln=primefaces&v=4.0 HTTP/1.1" 304 -
77.1.188.139 - - [30/May/2023:06:54:35 -0500] "GET /sipse/faces/javax.faces.resource/jquery/jquery-plugins.js?ln=primefaces&v=4.0 HTTP/1.1" 304 -
77.1.188.139 - - [30/May/2023:06:54:35 -0500] "GET /sipse/faces/javax.faces.resource/primefaces.js?ln=primefaces&v=4.0 HTTP/1.1" 304 -
77.1.188.139 - - [30/May/2023:06:54:35 -0500] "GET /sipse/faces/javax.faces.resource/layout/layout.js?ln=primefaces&v=4.0 HTTP/1.1" 304 -
77.1.188.139 - - [30/May/2023:06:54:34 -0500] "POST /sipse/faces/presentacion/financiero/solicitudProceso/crearModificarSolicitudProceso.xhtml HTTP/1.1" 200 24614
77.1.188.139 - - [30/May/2023:06:54:41 -0500] "POST /sipse/faces/presentacion/financiero/solicitudProyectoActividad/asociarProyectoSolicitud.xhtml HTTP/1.1" 200 6609
77.1.188.139 - - [30/May/2023:06:54:44 -0500] "POST /sipse/faces/presentacion/financiero/solicitudProyectoActividad/asociarProyectoSolicitud.xhtml HTTP/1.1" 200 1704
77.1.188.139 - - [30/May/2023:06:54:45 -0500] "POST /sipse/faces/presentacion/financiero/solicitudProyectoActividad/asociarProyectoSolicitud.xhtml HTTP/1.1" 200 75971
77.1.188.139 - - [30/May/2023:06:54:46 -0500] "GET /sipse/faces/javax.faces.resource/theme.css?ln=primefaces-sipse HTTP/1.1" 304 -
77.1.188.139 - - [30/May/2023:06:54:46 -0500] "GET /sipse/faces/javax.faces.resource/primefaces.css?ln=primefaces&v=4.0 HTTP/1.1" 304 -
77.1.188.139 - - [30/May/2023:06:54:46 -0500] "GET /sipse/faces/javax.faces.resource/layout/layout.css?ln=primefaces&v=4.0 HTTP/1.1" 304 -
77.1.188.139 - - [30/May/2023:06:54:46 -0500] "GET /sipse/faces/javax.faces.resource/jquery/jquery.js?ln=primefaces&v=4.0 HTTP/1.1" 304 -
77.1.188.139 - - [30/May/2023:06:54:46 -0500] "GET /sipse/faces/javax.faces.resource/jquery/jquery-plugins.js?ln=primefaces&v=4.0 HTTP/1.1" 304 -
77.1.188.139 - - [30/May/2023:06:54:46 -0500] "GET /sipse/faces/javax.faces.resource/primefaces.js?ln=primefaces&v=4.0 HTTP/1.1" 304 -
77.1.188.139 - - [30/May/2023:06:54:46 -0500] "GET /sipse/faces/javax.faces.resource/layout/layout.js?ln=primefaces&v=4.0 HTTP/1.1" 304 -
172.22.2.4 - - [30/May/2023:06:53:32 -0500] "GET /BLA/boletinlegal/ HTTP/1.1" 200 57151
77.1.188.139 - - [30/May/2023:06:55:21 -0500] "GET /sipse/faces/javax.faces.resource/images/ui-icons_898989_256x240.png?ln=primefaces-aristo HTTP/1.1" 304 -
77.1.188.139 - - [30/May/2023:06:55:45 -0500] "POST /sipse/faces/presentacion/financiero/solicitudProyectoActividad/asociarActividadSolicitud.xhtml HTTP/1.1" 200 20114
77.1.188.139 - - [30/May/2023:06:55:46 -0500] "GET /sipse/faces/javax.faces.resource/theme.css?ln=primefaces-sipse HTTP/1.1" 304 -
77.1.188.139 - - [30/May/2023:06:55:46 -0500] "GET /sipse/faces/javax.faces.resource/jquery/jquery.js?ln=primefaces&v=4.0 HTTP/1.1" 304 -
77.1.188.139 - - [30/May/2023:06:55:46 -0500] "GET /sipse/faces/javax.faces.resource/primefaces.css?ln=primefaces&v=4.0 HTTP/1.1" 304 -
77.1.188.139 - - [30/May/2023:06:55:46 -0500] "GET /sipse/faces/javax.faces.resource/layout/layout.css?ln=primefaces&v=4.0 HTTP/1.1" 304 -
77.1.188.139 - - [30/May/2023:06:55:46 -0500] "GET /sipse/faces/javax.faces.resource/jquery/jquery-plugins.js?ln=primefaces&v=4.0 HTTP/1.1" 304 -
77.1.188.139 - - [30/May/2023:06:55:47 -0500] "GET /sipse/faces/javax.faces.resource/primefaces.js?ln=primefaces&v=4.0 HTTP/1.1" 304 -
77.1.188.139 - - [30/May/2023:06:55:47 -0500] "GET /sipse/faces/javax.faces.resource/layout/layout.js?ln=primefaces&v=4.0 HTTP/1.1" 304 -
77.1.188.139 - - [30/May/2023:06:56:30 -0500] "GET /sipse/faces/javax.faces.resource/theme.css?ln=primefaces-sipse HTTP/1.1" 304 -
77.1.188.139 - - [30/May/2023:06:56:30 -0500] "GET /sipse/faces/javax.faces.resource/jquery/jquery-plugins.js?ln=primefaces&v=4.0 HTTP/1.1" 304 -
77.1.188.139 - - [30/May/2023:06:56:30 -0500] "GET /sipse/faces/javax.faces.resource/primefaces.css?ln=primefaces&v=4.0 HTTP/1.1" 304 -
77.1.188.139 - - [30/May/2023:06:56:30 -0500] "GET /sipse/faces/javax.faces.resource/layout/layout.css?ln=primefaces&v=4.0 HTTP/1.1" 304 -
77.1.188.139 - - [30/May/2023:06:56:30 -0500] "GET /sipse/faces/javax.faces.resource/jquery/jquery.js?ln=primefaces&v=4.0 HTTP/1.1" 304 -
77.1.188.139 - - [30/May/2023:06:56:30 -0500] "GET /sipse/faces/javax.faces.resource/primefaces.js?ln=primefaces&v=4.0 HTTP/1.1" 304 -
77.1.188.139 - - [30/May/2023:06:56:30 -0500] "GET /sipse/faces/javax.faces.resource/layout/layout.js?ln=primefaces&v=4.0 HTTP/1.1" 304 -
77.1.188.139 - - [30/May/2023:06:56:29 -0500] "POST /sipse/faces/presentacion/financiero/solicitudProyectoActividad/asociarFuentesSolicitud.xhtml HTTP/1.1" 200 81488
77.1.188.139 - - [30/May/2023:06:56:43 -0500] "POST /sipse/faces/presentacion/financiero/solicitudProceso/crearModificarSolicitudProceso.xhtml HTTP/1.1" 200 45542
77.1.188.139 - - [30/May/2023:06:56:50 -0500] "GET /sipse/faces/javax.faces.resource/theme.css?ln=primefaces-sipse HTTP/1.1" 304 -
77.1.188.139 - - [30/May/2023:06:56:50 -0500] "GET /sipse/faces/javax.faces.resource/layout/layout.css?ln=primefaces&v=4.0 HTTP/1.1" 304 -
77.1.188.139 - - [30/May/2023:06:56:50 -0500] "GET /sipse/faces/javax.faces.resource/primefaces.css?ln=primefaces&v=4.0 HTTP/1.1" 304 -
77.1.188.139 - - [30/May/2023:06:56:50 -0500] "GET /sipse/faces/javax.faces.resource/jquery/jquery.js?ln=primefaces&v=4.0 HTTP/1.1" 304 -
77.1.188.139 - - [30/May/2023:06:56:50 -0500] "GET /sipse/faces/javax.faces.resource/jquery/jquery-plugins.js?ln=primefaces&v=4.0 HTTP/1.1" 304 -
77.1.188.139 - - [30/May/2023:06:56:50 -0500] "GET /sipse/faces/javax.faces.resource/primefaces.js?ln=primefaces&v=4.0 HTTP/1.1" 304 -
77.1.188.139 - - [30/May/2023:06:56:51 -0500] "GET /sipse/faces/javax.faces.resource/layout/layout.js?ln=primefaces&v=4.0 HTTP/1.1" 304 -
157.55.39.239 - - [30/May/2023:06:56:53 -0500] "GET /sipse/faces/faces/autenticacion.xhtml HTTP/1.1" 200 12499
77.1.188.139 - - [30/May/2023:06:57:23 -0500] "POST /sipse/faces/presentacion/financiero/solicitudBienServicio/asociarBienServicioSolicitud.xhtml HTTP/1.1" 200 26113
77.1.188.139 - - [30/May/2023:06:57:39 -0500] "POST /sipse/faces/presentacion/financiero/solicitudBienServicio/asociarBienServicioSolicitud.xhtml HTTP/1.1" 200 27884
216.245.221.92 - - [30/May/2023:06:57:56 -0500] "HEAD / HTTP/1.1" 200 -
77.1.188.139 - - [30/May/2023:06:57:55 -0500] "POST /sipse/faces/presentacion/financiero/solicitudBienServicio/asociarBienServicioSolicitud.xhtml HTTP/1.1" 200 2846
201.245.192.253 - - [30/May/2023:06:58:25 -0500] "POST /kwsrmcab/Wsrmcab  HTTP/1.1" 200 43202
77.1.188.139 - - [30/May/2023:06:58:25 -0500] "POST /sipse/faces/presentacion/financiero/solicitudBienServicio/asociarBienServicioSolicitud.xhtml HTTP/1.1" 200 2842
201.245.192.253 - - [30/May/2023:06:58:41 -0500] "POST /sipsesda/faces/vista/administracion/funcionario/registrarFuncionario.jspx?_afPfm=4 HTTP/1.1" 302 201
77.1.188.139 - - [30/May/2023:06:58:45 -0500] "POST /sipse/faces/presentacion/financiero/solicitudBienServicio/asociarBienServicioSolicitud.xhtml HTTP/1.1" 200 77365
77.1.188.139 - - [30/May/2023:06:58:47 -0500] "GET /sipse/faces/javax.faces.resource/theme.css?ln=primefaces-sipse HTTP/1.1" 304 -
77.1.188.139 - - [30/May/2023:06:58:47 -0500] "GET /sipse/faces/javax.faces.resource/primefaces.css?ln=primefaces&v=4.0 HTTP/1.1" 304 -
77.1.188.139 - - [30/May/2023:06:58:47 -0500] "GET /sipse/faces/javax.faces.resource/layout/layout.css?ln=primefaces&v=4.0 HTTP/1.1" 304 -
77.1.188.139 - - [30/May/2023:06:58:47 -0500] "GET /sipse/faces/javax.faces.resource/jquery/jquery.js?ln=primefaces&v=4.0 HTTP/1.1" 304 -
77.1.188.139 - - [30/May/2023:06:58:47 -0500] "GET /sipse/faces/javax.faces.resource/jquery/jquery-plugins.js?ln=primefaces&v=4.0 HTTP/1.1" 304 -
77.1.188.139 - - [30/May/2023:06:58:47 -0500] "GET /sipse/faces/javax.faces.resource/primefaces.js?ln=primefaces&v=4.0 HTTP/1.1" 304 -
77.1.188.139 - - [30/May/2023:06:58:47 -0500] "GET /sipse/faces/javax.faces.resource/layout/layout.js?ln=primefaces&v=4.0 HTTP/1.1" 304 -
186.102.80.70 - - [30/May/2023:06:58:50 -0500] "GET /kwssiamovil/sm/des/ldap/au?x=U2FsdGVkX196BE2LYMpxuhDmFQFZutaEzvr/CSmdzKjZgdTLoMCg1S9ge4ECQJLa&y=U2FsdGVkX1+BdDf/x6yLS4eyi9l0kvXkNjSsLhE8IjXuaJzFoGQSYbPWskA1J44L HTTP/1.1" 200 30
201.245.192.253 - - [30/May/2023:06:58:50 -0500] "GET /sipsesda/ HTTP/1.1" 200 1477
186.102.80.70 - - [30/May/2023:06:58:50 -0500] "GET /kwssiamovil/sm/des/acme/s?s=U2FsdGVkX1/mcprfTyw6xCRG6yVQStXwNOBdwr96nQykBjD9j8UZmhtDn2EMpceLC/G6UXu7b93QGID0BXEbyHpI6gvcw2HMif+D83PZCQY=&u=U2FsdGVkX19CB7VshdjxCrbHggY9Jy+/qy0frXebLOw=&y=U2FsdGVkX1+BdDf/x6yLS4eyi9l0kvXkNjSsLhE8IjXuaJzFoGQSYbPWskA1J44L HTTP/1.1" 200 97
201.245.192.253 - - [30/May/2023:06:58:50 -0500] "GET /css/segobdis.css HTTP/1.1" 404 1264
186.102.80.70 - - [30/May/2023:06:58:50 -0500] "GET /kwssiamovil/sm/des/acme/s?s=U2FsdGVkX19PSQf1AgOMWsUXey+g2kEp7yJKdsCqaDsvmdbVc7C85xgbr3DVG8OTnUFC9W+SStYA+IB6R5VSnvP/G7eR7739hgN03NFjjz7ZftOmxJJJw/hmVN00byLLasANA2ZfHTVkMemA/FHZqXjEzNVDTD3zS+wP+BGvtsxwu8DIuy1tQLHWnlAOyrALa0/JLzYJ486Ft2xlLt44YQQMQx6xl23V/DEXVPHGDJEq6aOwymnxjKW0aD/3eNGBjfVQYT1zvtEZbndFOBqDsGjWN2XU4WE+nrWkC2ZEjOhDC5q5O6RLolQFNuhS+Hks5aJMuQyhheeAr1hOWZMtwRw0dAxOAYcWbiG1P3I10V7UTypEHWzek/x6XkbJVa+azCXpdrTERFfR8zj8WJd0Qs6oHiHd31EO2qs0gEhrLGnjqTQuUsEwaxKb0WrAGgTg5VUBb9tHXJi0slT52DHNx6BbPtm84oroMUWdJo0hEnexciN1wJTdaGbH5vdU4qikPe4ttb/ZrE8vmPOLRxchQaIgeRYEBMvtgr1/tJLNvYsdZhFhHYm2QtXS42KgJ/w6ST6xZhqs5AQkaw09hrpruIC/pGQwkMLBu6au001LVR0/Y4oH396RdEbryv6G54zx2TUdwmUe/bJCe4IH4Lh/Pnltd1QfQQZdpYKrIYcRsMdSabJJpaBuib+rDT1utSy/LarKfETk2tapCSnthYUueQgIbq+5n+hjLUJH8YW9L+MyWENaumbkl0pKD3qt+wpqdho6MpP72YFt1KAuWrcmfwT23FHAoaVg362o+bwb21oZz4r4tYMgE65/rB7YyEWDcbPVPUTAKxzsz6sP+Q7p4MSCYfVShVn7duXozjoLRUuPniYon6X8q52RumLhgMphkkEOG8ziYr84sxptSFMoNc7YV3yTFSnZZ//yziZbbmT3ayZeaFkC97U//BoFsZUXRyAff+HNxSr0LC5e9gwNKXmRzdF+w9inzS5Ln1/IIO03i4Czafa+WuYththvVuYn9wiJ7HojvZZen8aV4BYAjKOCiEUELjVJ+KR7mhkF+CtK5SAI2s5Y1pYFBqz9JAm9AGBrGBKXAvtPgwvcIb37WXnHo3xuarzsdNLR82SU7tft8Hd80dYYcn6PFLX4gfxs5b7/RKsDcLFOL3roIDzDLINlBxCb03pmO8n+CYbQdP8p4uDP/Rq6H7Nvm9mqa5xqo36nXBmFHtffNKQhmpBj9yGb+qwKD9gQJyFd79dt3/XUaoNbYYz63egP4Cg9Urjozwp7Y9EFbS88jPt/wF+HxXsiSZBY5Vn2tx/m9zPv+vBFT/dCt5+Jmv/KiGffPdsOvE5U3LcHRwTxp3NWPz2K+nV+m7xEbqneUTX7BeqzQYBqQsttZ8lgYaGM4p8B47Hl0YGC0F1XVsV82r+wyF5IG2tLLc6Cf6rE1FTk8UIx30XTuUurVFK/VvF6E4D+0JSmWaLQ0ha9qVy8u480W2hblUZ8v3V7L1lnhIXaSSSSZ1LDbR9YUAz00FGJch7fJbSOUo2odUK9KMseIEvR9Nae6pmq5IAS5u/r9E4uZwJlvEorRxUodp5AL9wpsBGhHPC0yyIPM4M3WKUhsdxP+I9YKsk6xZd7ec9H0XhFcuoViYJN9fmxNHHZWvDTOYztPNn4HSBzBBmFJ0Ghd0Ba5ISPrPXO0XOWbdPTiKyYdskGDHBfFhCrp30zG/xb8GGfJo9UeyT/YvvObg8wiLi5wMS6w6L9The8Pfm946gG+f+rEO8=&u=U2FsdGVkX19CB7VshdjxCrbHggY9Jy+/qy0frXebLOw=&y=U2FsdGVkX1+BdDf/x6yLS4eyi9l0kvXkNjSsLhE8IjXuaJzFoGQSYbPWskA1J44L HTTP/1.1" 200 350
201.245.192.253 - - [30/May/2023:06:58:50 -0500] "GET /sipsesda/faces/login.jspx HTTP/1.1" 200 6860
201.245.192.253 - - [30/May/2023:06:58:50 -0500] "GET /sipsesda/imagenes/encabezado.jpg HTTP/1.1" 200 18018
201.245.192.253 - - [30/May/2023:06:58:50 -0500] "GET /sipsesda/adf/images/t.gif HTTP/1.1" 200 86
201.245.192.253 - - [30/May/2023:06:58:50 -0500] "GET /sipsesda/adf/styles/cache/segobdis16-desktop-10_1_3_4_0-gecko.css HTTP/1.1" 200 16422
186.102.80.70 - - [30/May/2023:06:58:50 -0500] "GET /kwssiamovil/sm/des/acme/s?s=U2FsdGVkX1/zMhvJDq8ErpybT7pusQ0L13gTn9HWQSFQ7bsLr04kBhhwN93cKSwgKGrDEpu+Au3cLETsyR1MPKA0mNBOPa7OqFwX3mqi1zjwt3JpHtXWt2ep8i8Md8PcE/+z6/19DWdiNuijE7LBOxzW5ArTs8jaPFhQAdwh0sWZ7PmK4pLxntQWa9/YYqe6gCy1bvir5UZdp+AcR58LK3cr/66CiOZuMrgspk+lMNQzTJyoBsXEcypL7adhHWJjEUSgEzHd4/jFv2tXoUcc9hbg59OvhLrtps1A/9V9LjXNGWA8IOKgE6nYMJmDRz2dsVRrZx+T6pMjqzCPf0Cpx3w8cjtWeo3FQPTIdA3UcA36z/MnInW88rMzXUhpqt1G8Y/JuO+Dc13lHPJR1O6nZ5Wr/wyC7h0PDF2FRtWHDD4BHGYEAltXBOje887J6/mfLI11ZqM4JILOP6R8kT7mWeDJQruM87sAsWL69A1vwVTHaDpxk93AH3pxXJBW3cFP4cfRnYyO0bfIS8v81UUNbRXFyR4lPMIABPfRvXGC20aupxWySXSozJFqoYLfNqb9T6czHyUog+NFN4gcoWs12MnhFm+CrMF1eP/fUl3GLC6uWiEckqafP6SsT5BlLXXG4GA97YlNk68KDfecjphrQIWpw4XkVhbYiHWQ/t7P7i5ajJlQFSshF27f3ND+ADivpheuz3B3ENw9WPdRhbrjOM2A9xYuMwrvMoaVbWUjM3E+FS4kgYBy/zKrCY4EO86V&u=U2FsdGVkX19CB7VshdjxCrbHggY9Jy+/qy0frXebLOw=&y=U2FsdGVkX1+BdDf/x6yLS4eyi9l0kvXkNjSsLhE8IjXuaJzFoGQSYbPWskA1J44L HTTP/1.1" 200 954
201.245.192.253 - - [30/May/2023:06:58:52 -0500] "POST /sipsesda/faces/login.jspx HTTP/1.1" 200 5764
201.245.192.253 - - [30/May/2023:06:58:55 -0500] "POST /sipsesda/faces/vista/sistema/seleccionRol.jspx HTTP/1.1" 200 32827
201.245.192.253 - - [30/May/2023:06:58:55 -0500] "GET /sipsesda/imagenes/logoAplicacion.jpg HTTP/1.1" 200 155084
201.245.192.253 - - [30/May/2023:06:58:55 -0500] "GET /favicon.ico HTTP/1.1" 200 7782
201.245.192.253 - - [30/May/2023:06:58:55 -0500] "GET /sipsesda/faces/imagenes/vinetaAbajo.gif HTTP/1.1" 200 72
201.245.192.253 - - [30/May/2023:06:58:55 -0500] "GET /sipsesda/faces/imagenes/vinetaDerecha.gif HTTP/1.1" 200 107
186.102.80.70 - - [30/May/2023:06:58:50 -0500] "GET /kwssiamovil/sm/des/cjson/pre?f=1&x=U2FsdGVkX196BE2LYMpxuhDmFQFZutaEzvr/CSmdzKjZgdTLoMCg1S9ge4ECQJLa HTTP/1.1" 200 31173
201.245.192.253 - - [30/May/2023:06:58:59 -0500] "GET /sipsesda/faces/vista/sistema/cargarMenu.jspx?accionMenu=listadoFuncionario&menuID=18 HTTP/1.1" 200 33034
201.245.192.253 - - [30/May/2023:06:58:59 -0500] "GET /sipsesda/imagenes/cargando.gif HTTP/1.1" 200 1287
201.245.192.253 - - [30/May/2023:06:58:59 -0500] "POST /sipsesda/faces/vista/sistema/cargarMenu.jspx HTTP/1.1" 200 36929
186.102.80.70 - - [30/May/2023:06:58:51 -0500] "GET /kwssiamovil/sm/des/cjson/pre?f=19&x=U2FsdGVkX196BE2LYMpxuhDmFQFZutaEzvr/CSmdzKjZgdTLoMCg1S9ge4ECQJLa HTTP/1.1" 200 48065
186.102.80.70 - - [30/May/2023:06:58:51 -0500] "GET /kwssiamovil/sm/des/cjson/pre?f=6&x=U2FsdGVkX196BE2LYMpxuhDmFQFZutaEzvr/CSmdzKjZgdTLoMCg1S9ge4ECQJLa HTTP/1.1" 200 34953
186.102.80.70 - - [30/May/2023:06:58:51 -0500] "GET /kwssiamovil/sm/des/cjson/pre?f=4&x=U2FsdGVkX196BE2LYMpxuhDmFQFZutaEzvr/CSmdzKjZgdTLoMCg1S9ge4ECQJLa HTTP/1.1" 200 33589
