185.180.143.140 - - [30/May/2023:04:32:09 -0500] "HEAD /icons/.%%32%65/.%%32%65/apache2/icons/sphere1.png HTTP/1.1" 400 -
185.180.143.140 - - [30/May/2023:04:32:09 -0500] "HEAD /icons/.%2e/%2e%2e/apache2/icons/sphere1.png HTTP/1.1" 400 -
216.245.221.92 - - [30/May/2023:04:32:56 -0500] "HEAD / HTTP/1.1" 200 -
201.245.192.253 - - [30/May/2023:04:33:57 -0500] "POST /kwsrmcab/Wsrmcab  HTTP/1.1" 200 43202
162.55.166.12 - - [30/May/2023:04:34:09 -0500] "GET / HTTP/1.1" 200 319
172.22.2.4 - - [30/May/2023:04:32:42 -0500] "HEAD /BLA/boletinlegal/ HTTP/1.1" 200 -
172.22.2.4 - - [30/May/2023:04:33:32 -0500] "GET /BLA/boletinlegal/ HTTP/1.1" 200 53114
66.249.73.55 - - [30/May/2023:04:36:04 -0500] "-" 408 -
40.77.167.254 - - [30/May/2023:04:36:04 -0500] "GET /BLA/resoluciones/AUTOS%202019/0738.pdf HTTP/1.1" 304 -
198.235.24.17 - - [30/May/2023:04:37:28 -0500] "\x16\x03\x01" 400 226
40.77.167.188 - - [30/May/2023:04:37:35 -0500] "GET /BLA/resoluciones/AUTOS%202014/4410.pdf HTTP/1.1" 200 520224
216.245.221.92 - - [30/May/2023:04:37:56 -0500] "HEAD / HTTP/1.1" 200 -
201.245.192.253 - - [30/May/2023:04:38:52 -0500] "POST /kwsrmcab/Wsrmcab HTTP/1.1" 200 40709
201.245.192.253 - - [30/May/2023:04:38:55 -0500] "POST /kwsrmcab/Wsrmcab HTTP/1.1" 200 43683
201.245.192.253 - - [30/May/2023:04:38:55 -0500] "POST /kwsrmcab/Wsrmcab  HTTP/1.1" 200 43202
172.22.2.4 - - [30/May/2023:04:38:32 -0500] "HEAD /BLA/boletinlegal/ HTTP/1.1" 200 -
172.22.2.4 - - [30/May/2023:04:39:22 -0500] "GET /BLA/boletinlegal/ HTTP/1.1" 200 57151
66.249.73.51 - - [30/May/2023:04:42:25 -0500] "-" 408 -
216.245.221.92 - - [30/May/2023:04:42:56 -0500] "HEAD / HTTP/1.1" 200 -
201.245.192.253 - - [30/May/2023:04:43:54 -0500] "POST /kwsrmcab/Wsrmcab  HTTP/1.1" 200 43202
172.22.2.4 - - [30/May/2023:04:44:21 -0500] "HEAD /BLA/boletinlegal/ HTTP/1.1" 200 -
40.77.167.97 - - [30/May/2023:04:46:42 -0500] "GET /BLA/resoluciones/AUTOS%202021/4001.pdf HTTP/1.1" 304 -
186.31.57.93 - - [30/May/2023:04:46:43 -0500] "GET /kwssiamovil/sm/acme/a?s=U2FsdGVkX1/WUif2u4+BWPJr5vdMjgA7PPZN2sKqnFcTPhkV8j031Ov1ckhZGkuCuX8OFzDzydPiQsPqZve41ZzmmR15gMsPBp3bVX6clDD5pFFjrDFhocW0wvmVwHbJAYMvqpJ0rccr0ji87MIIltVbMZGFKrISZ9DmKSc8dVsLFDv5DBVEVwCxykpDLV9mrQgbLGJEg6jquUfZQUbBwHOp3OKiDRwabZoTlOahe+n2DXMPL+0i1o9P9Z2CNoFwqSgn/ALFwNXcX9frE/B7MQ==&u=U2FsdGVkX19rhIaCUrXvQYt/lyanzfuy9iuDYG0gGedscwaz+5STJTqbq22fVVMv&y=U2FsdGVkX18BT5oGl9spTMlefS/iIJbnFlowjdePWBArsD3H2RaatpRSIGC/wrtg HTTP/1.1" 200 26
186.31.57.93 - - [30/May/2023:04:46:46 -0500] "GET /kwssiamovil/sm/acme/a?s=U2FsdGVkX1/eRm0O38M+oJBYV7DHyaeasAK1HJxPEQdAGpYkIbwT+Q2qK9oTxb3UefOiRPtRdbC8B7FXF+GR6RgF88s3Z/+EzhFMz6DyAbPUbSpQCdoo3GSOXapO5ryJoOzDSWN/hVqxBuBaN8nsUChuI6suhvFJvjkw5BFfWjAg4aJGUg/vF4iWGk30mAnp6UfsGQwANZWu0JBXIYtcQHVU23BQT4xgX3NI8eBVxrFjtlEUyd/IKC+ZIhpR1HfavWQNWRkcPXrO6T2UveCZ1nF7V0gTsRfuw4mode+zIAi8vgJJ71qERigDm83eZ97CZJAckURJtoFCu+K72/kFdACfkAEk6Pk3PU0lMRjqghtVmf7BWp65BIYb1Pjhqbo6YzdD+3VDaUc/ZZVDVDJngNMnCP5UzDSobfHU0vxOu1Va5CZ4lPcqopmbjrItaul2V8nR691iL5O6DfrufO157Y0I1kNfJOX+KWgteVh7Fkkmxr+ocl/0JnE9VkOQ+bzEGPxXjC6bYwpyfQ2eEbcx8qqabMrD4SPsg95uuFKxydM7jK9NbgKJiCK5BIx0n4ywcyW0bUCmiuyetqKmBTl7GT06dHfIwjuBqhHHgGvA30dT/wuYsmEzYKKHpHj21MAL2jQMal2ssoe0MT4vbcXh/9aqVDbSK4oo7oo8+t8in6cPps8Cio+72GkBw9gXKhq8UGi2c98Ty17cXk/s2LLVkjhFKYdLWsmnaUFQ8nSJp3V0k3hpX6RKz4NxtOWQS0lyahkB/4MnmHW36PlJ5ghHlFrMWpaw2SlFNGgErw5XZcCCdqNH4hLJbkYW6Xyaaej8Zcc462+MWhxc6NU7KHd41yddjge3en3a9PA+jgpkcVmpV6sZfWtLaykZgW0w/AVGHBng05N/RiKdvTSHgWkDLdC3FaOgPLneaNfDq3D3lNwp7N42Idw165Ns2dBJvH5bBYedJ4PxOw+z+OtkL7BnEH/wt1EOlqY3nUEW8hI4GUALGVGGEn3a2VG7xrtODKJyh1hdXE2nB8qjSV4T5Ok2ZBdXtya2l0jNEVoYkL6IkPiPqRQMyN9UOnTuL8QpLlm1x2eeaUqPZXw4RrQyZq56o3Typ2QSVAgh1Rkzn+SndS6WXxfXSo9lTbnFq9SsGPtHORrpMyJ35DVTgeyQVYu7itz3li/eJLlRVwRwMjQi/B51A8SxKW1gtHaZXffHWDuvm0dFkGZfz8Le+126lTOiYNQqHKDaoYyJtNhRBeD1koJHcKCV/RIgeJDZ6wbaIc71NGonHzZd435EEdjiQ6eWw00IKayxAAgHD+aOXdSNiZUQzBDhKtGKNlh2rH3RL1sOdyae/yAWisgkxICylFlD+taaCsZaUOKxhapYyvo9fMsfDDr53+nKZDZepx18J7smFEx7vu2CX8NJpCDrA6AszL7OMuR97DN42lYEnU4OaFOqujjcbyiMRG9gPkAQid3LLHi66aFToE2mss6MLKZA6qxDicB3XE4ULnUssa/3MlhwhsY3Pys+MjcvPEuXFAsnMlLcPZ3iopgBYe6/pHRXCZWIH0e6JGrm/+eSV7fVXHsR4CSjI3hfrGc64pgnDuleJduOUj/cjn35K0cX0rG8enKhA3Q2E94lAPyXKY/GygJaQtOH4V19Q4uXkaWxFe0thP7WvofrctQiPIWBdXxfmSpDPonwEx6MNddS4ll2pGswwd1mM1LpC9ytvgmTd9BhIrH3I/OMpV+SlTku5fqYbQ6vzFx0ppYvkIQFZL4Bsd7WR3ZC+ddC/Xp6Y1sJ1hBPWwMl17eAlpxEq3XgQO7kgp8oL73aNTuOGmJ+12d9dYN89A2n9NrRhnCLfyOkb4MMJQoL11SkvTY+CbCLHaKIHJYbxEezHOPc8irQK2qR9tBi89JEjgvaco6Rqiy4wVqF1dwzs5iS85DM5w1BQ40Q6hjNqgR+YmvOvks/naqIzxmT36Wl6c+FZC1/Lf6P70OM&u=U2FsdGVkX19rhIaCUrXvQYt/lyanzfuy9iuDYG0gGedscwaz+5STJTqbq22fVVMv&y=U2FsdGVkX18BT5oGl9spTMlefS/iIJbnFlowjdePWBArsD3H2RaatpRSIGC/wrtg HTTP/1.1" 200 26
186.31.57.93 - - [30/May/2023:04:46:50 -0500] "GET /kwssiamovil/sm/acme/a?s=U2FsdGVkX18SAs+BQjXFl/LkVMpjaUtujgrhNJSylDSc93pJNzEihGPv9XmoSj+bNQswYtAspqbscQ6qrEYyF2Z88uYALj9l/D/hjCpfVtH1hbb3/tVvMVHXpK//BedjnT8i3fhNcz1GIJrNBfFg+9FjM9ZyI/OXmhThoqazvME=&u=U2FsdGVkX19rhIaCUrXvQYt/lyanzfuy9iuDYG0gGedscwaz+5STJTqbq22fVVMv&y=U2FsdGVkX18BT5oGl9spTMlefS/iIJbnFlowjdePWBArsD3H2RaatpRSIGC/wrtg HTTP/1.1" 200 26
172.22.2.4 - - [30/May/2023:04:45:12 -0500] "GET /BLA/boletinlegal/ HTTP/1.1" 200 55221
186.31.57.93 - - [30/May/2023:04:46:53 -0500] "GET /kwssiamovil/sm/acme/a?s=U2FsdGVkX184ucZib80itXv7sjjrkfwBgMOUp0egjVDzN7Ufg+eWQNkWmpW8qY7MieH+qlyOMWwBBVCWpEHUSEbKLwNeszv8n3gHaO6AmdIJ8qCBzqMZ0ufmsKiZezuLpfY9Z3L/WcUTfTw/0NoH9ahU8e3TKsAB4l4+SIt1JoQ=&u=U2FsdGVkX19rhIaCUrXvQYt/lyanzfuy9iuDYG0gGedscwaz+5STJTqbq22fVVMv&y=U2FsdGVkX18BT5oGl9spTMlefS/iIJbnFlowjdePWBArsD3H2RaatpRSIGC/wrtg HTTP/1.1" 200 26
186.31.57.93 - - [30/May/2023:04:46:56 -0500] "GET /kwssiamovil/sm/acme/a?s=U2FsdGVkX195dl1aYzcEvUOkf1by4UAjcU82gbjfkSVh63gxovAp1v666iSOG31QXlZJJ5NKwA5u2bZiSRAeDEEUcZ4bYVFVq77ZDBCqfge62wq/qYfqTndgNaN8mf5EZraTa+N5zeVQN1csY4SzxU20WzZsIE2AWoL5LU/U1IU=&u=U2FsdGVkX19rhIaCUrXvQYt/lyanzfuy9iuDYG0gGedscwaz+5STJTqbq22fVVMv&y=U2FsdGVkX18BT5oGl9spTMlefS/iIJbnFlowjdePWBArsD3H2RaatpRSIGC/wrtg HTTP/1.1" 200 26
186.31.57.93 - - [30/May/2023:04:46:59 -0500] "GET /kwssiamovil/sm/acme/a?s=U2FsdGVkX18noeQo1003x3QZfOr9CJGss1xqJthYLaC0Lo5PlPRj7ZfRLJzt6V5exE5avPUnIYHy+NyUhG28+u+T6sDuOEljQPUJjEndjJd8vsfY9g4g5Bl9EcjgckpJBHM7xTMOwN0WSBqCMztkPbKYzEBvyUX9RhvZZwzG0HyOcY9Q3ZmwRCmbYoOV90nWluYFEIYHkBzleQREpFhPrg==&u=U2FsdGVkX19rhIaCUrXvQYt/lyanzfuy9iuDYG0gGedscwaz+5STJTqbq22fVVMv&y=U2FsdGVkX18BT5oGl9spTMlefS/iIJbnFlowjdePWBArsD3H2RaatpRSIGC/wrtg HTTP/1.1" 200 26
216.245.221.92 - - [30/May/2023:04:47:56 -0500] "HEAD / HTTP/1.1" 200 -
201.245.192.253 - - [30/May/2023:04:48:53 -0500] "POST /kwsrmcab/Wsrmcab  HTTP/1.1" 200 43202
66.249.73.51 - - [30/May/2023:04:50:46 -0500] "-" 408 -
172.22.2.4 - - [30/May/2023:04:50:11 -0500] "HEAD /BLA/boletinlegal/ HTTP/1.1" 200 -
172.22.2.4 - - [30/May/2023:04:51:02 -0500] "GET /BLA/boletinlegal/ HTTP/1.1" 200 59306
216.245.221.92 - - [30/May/2023:04:52:56 -0500] "HEAD / HTTP/1.1" 200 -
201.245.192.253 - - [30/May/2023:04:53:52 -0500] "POST /kwsrmcab/Wsrmcab  HTTP/1.1" 200 43202
66.249.73.51 - - [30/May/2023:04:56:41 -0500] "-" 408 -
172.22.2.4 - - [30/May/2023:04:56:01 -0500] "HEAD /BLA/boletinlegal/ HTTP/1.1" 200 -
216.245.221.92 - - [30/May/2023:04:57:56 -0500] "HEAD / HTTP/1.1" 200 -
172.22.2.4 - - [30/May/2023:04:56:52 -0500] "GET /BLA/boletinlegal/ HTTP/1.1" 200 55571
201.245.192.253 - - [30/May/2023:04:58:50 -0500] "POST /kwsrmcab/Wsrmcab  HTTP/1.1" 200 43202
40.77.167.241 - - [30/May/2023:05:00:47 -0500] "GET /BLA/resoluciones/AUTOS%202021/2678.pdf HTTP/1.1" 304 -
40.77.167.241 - - [30/May/2023:05:00:56 -0500] "GET /BLA/resoluciones/AUTOS%202022/2036.pdf HTTP/1.1" 304 -
40.77.167.188 - - [30/May/2023:05:01:17 -0500] "GET /BLA/resoluciones/AUTOS%202021/4505.pdf HTTP/1.1" 304 -
216.245.221.92 - - [30/May/2023:05:02:56 -0500] "HEAD / HTTP/1.1" 200 -
172.22.2.4 - - [30/May/2023:05:01:51 -0500] "HEAD /BLA/boletinlegal/ HTTP/1.1" 200 -
201.245.192.253 - - [30/May/2023:05:03:49 -0500] "POST /kwsrmcab/Wsrmcab  HTTP/1.1" 200 43202
49.7.21.66 - - [30/May/2023:05:04:06 -0500] "GET / HTTP/1.1" 200 319
172.22.2.4 - - [30/May/2023:05:02:42 -0500] "GET /BLA/boletinlegal/ HTTP/1.1" 200 57151
172.22.2.4 - - [30/May/2023:05:04:27 -0500] "GET /BLA/boletinlegal/cgi-bin/config.exp HTTP/1.1" 404 1018
40.77.167.245 - - [30/May/2023:05:04:46 -0500] "GET /distrito-realizo-jornada-de-limpieza-en-el-conector-ecosistemico-media-luna-del-sur.html HTTP/1.1" 200 807
66.249.73.51 - - [30/May/2023:05:04:53 -0500] "-" 408 -
66.249.79.132 - - [30/May/2023:05:06:33 -0500] "-" 408 -
216.245.221.92 - - [30/May/2023:05:07:56 -0500] "HEAD / HTTP/1.1" 200 -
201.245.192.253 - - [30/May/2023:05:08:48 -0500] "POST /kwsrmcab/Wsrmcab  HTTP/1.1" 200 43202
69.171.231.3 - - [30/May/2023:05:09:00 -0500] "GET /images/Reciclaton-2023.jpg HTTP/1.1" 200 68883
69.171.231.1 - - [30/May/2023:05:09:00 -0500] "GET /images/Reciclaton-2023.jpg HTTP/1.1" 200 68883
69.171.231.118 - - [30/May/2023:05:09:01 -0500] "GET /images/Reciclaton-2023.jpg HTTP/1.1" 200 68883
172.22.2.4 - - [30/May/2023:05:07:41 -0500] "HEAD /BLA/boletinlegal/ HTTP/1.1" 200 -
172.22.2.4 - - [30/May/2023:05:08:32 -0500] "GET /BLA/boletinlegal/ HTTP/1.1" 200 58663
66.249.73.51 - - [30/May/2023:05:10:32 -0500] "-" 408 -
40.77.167.97 - - [30/May/2023:05:11:14 -0500] "GET /BLA/resoluciones/RESOLUCIONES%202021/2608.pdf HTTP/1.1" 304 -
49.7.21.73 - - [30/May/2023:05:12:28 -0500] "-" 408 -
216.245.221.92 - - [30/May/2023:05:12:56 -0500] "HEAD / HTTP/1.1" 200 -
201.245.192.253 - - [30/May/2023:05:13:47 -0500] "POST /kwsrmcab/Wsrmcab  HTTP/1.1" 200 43202
40.77.167.97 - - [30/May/2023:05:14:39 -0500] "GET /BLA/resoluciones/AUTOS%202021/2119.pdf HTTP/1.1" 200 365348
172.22.2.4 - - [30/May/2023:05:13:31 -0500] "HEAD /BLA/boletinlegal/ HTTP/1.1" 200 -
172.22.2.4 - - [30/May/2023:05:14:22 -0500] "GET /BLA/boletinlegal/ HTTP/1.1" 200 57561
66.249.73.51 - - [30/May/2023:05:16:17 -0500] "-" 408 -
216.245.221.92 - - [30/May/2023:05:17:56 -0500] "HEAD / HTTP/1.1" 200 -
201.245.192.253 - - [30/May/2023:05:18:45 -0500] "POST /kwsrmcab/Wsrmcab  HTTP/1.1" 200 43202
201.245.192.253 - - [30/May/2023:05:18:52 -0500] "POST /kwsrmcab/Wsrmcab HTTP/1.1" 200 40831
201.245.192.253 - - [30/May/2023:05:18:54 -0500] "POST /kwsrmcab/Wsrmcab HTTP/1.1" 200 43528
178.128.25.30 - - [30/May/2023:05:19:29 -0500] "GET /portaldeninos/ HTTP/1.1" 200 110197
172.22.2.4 - - [30/May/2023:05:19:21 -0500] "HEAD /BLA/boletinlegal/ HTTP/1.1" 200 -
186.154.33.78 - - [30/May/2023:05:21:49 -0500] "GET /sipse/faces/faces/autenticacion.xhtml HTTP/1.1" 200 12187
186.154.33.78 - - [30/May/2023:05:21:49 -0500] "GET /sipse/faces/javax.faces.resource/theme.css?ln=primefaces-sipse HTTP/1.1" 304 -
186.154.33.78 - - [30/May/2023:05:21:49 -0500] "GET /sipse/faces/javax.faces.resource/layout/layout.css?ln=primefaces&v=4.0 HTTP/1.1" 304 -
186.154.33.78 - - [30/May/2023:05:21:49 -0500] "GET /sipse/faces/javax.faces.resource/jquery/jquery.js?ln=primefaces&v=4.0 HTTP/1.1" 304 -
186.154.33.78 - - [30/May/2023:05:21:49 -0500] "GET /sipse/faces/javax.faces.resource/jquery/jquery-plugins.js?ln=primefaces&v=4.0 HTTP/1.1" 304 -
186.154.33.78 - - [30/May/2023:05:21:49 -0500] "GET /sipse/faces/javax.faces.resource/layout/layout.js?ln=primefaces&v=4.0 HTTP/1.1" 304 -
186.154.33.78 - - [30/May/2023:05:21:49 -0500] "GET /sipse/faces/javax.faces.resource/primefaces.js?ln=primefaces&v=4.0 HTTP/1.1" 304 -
186.154.33.78 - - [30/May/2023:05:21:49 -0500] "GET /sipse/faces/javax.faces.resource/primefaces.css?ln=primefaces&v=4.0 HTTP/1.1" 200 53295
186.154.33.78 - - [30/May/2023:05:21:49 -0500] "GET /sipse/faces/javax.faces.resource/images/ui-icons_898989_256x240.png?ln=primefaces-aristo HTTP/1.1" 304 -
186.154.33.78 - - [30/May/2023:05:21:49 -0500] "GET /sipse/faces/faces/index.xhtml HTTP/1.1" 200 677
186.154.33.78 - - [30/May/2023:05:21:49 -0500] "GET /sipse/faces/javax.faces.resource/theme.css?ln=primefaces-sipse HTTP/1.1" 304 -
186.154.33.78 - - [30/May/2023:05:21:49 -0500] "GET /sipse/faces/faces/faces/autenticacion.xhtml HTTP/1.1" 200 12187
186.154.33.78 - - [30/May/2023:05:21:49 -0500] "GET /sipse/faces/javax.faces.resource/theme.css?ln=primefaces-sipse HTTP/1.1" 304 -
186.154.33.78 - - [30/May/2023:05:21:49 -0500] "GET /sipse/faces/javax.faces.resource/jquery/jquery.js?ln=primefaces&v=4.0 HTTP/1.1" 304 -
186.154.33.78 - - [30/May/2023:05:21:49 -0500] "GET /sipse/faces/javax.faces.resource/layout/layout.css?ln=primefaces&v=4.0 HTTP/1.1" 304 -
186.154.33.78 - - [30/May/2023:05:21:49 -0500] "GET /sipse/faces/javax.faces.resource/jquery/jquery-plugins.js?ln=primefaces&v=4.0 HTTP/1.1" 304 -
186.154.33.78 - - [30/May/2023:05:21:49 -0500] "GET /sipse/faces/javax.faces.resource/primefaces.js?ln=primefaces&v=4.0 HTTP/1.1" 304 -
186.154.33.78 - - [30/May/2023:05:21:49 -0500] "GET /sipse/faces/javax.faces.resource/layout/layout.js?ln=primefaces&v=4.0 HTTP/1.1" 304 -
186.154.33.78 - - [30/May/2023:05:21:49 -0500] "GET /sipse/faces/javax.faces.resource/primefaces.css?ln=primefaces&v=4.0 HTTP/1.1" 304 -
172.22.2.4 - - [30/May/2023:05:20:12 -0500] "GET /BLA/boletinlegal/ HTTP/1.1" 200 58307
186.154.33.78 - - [30/May/2023:05:21:52 -0500] "POST /sipse/faces/autenticacion.xhtml HTTP/1.1" 200 2225
186.154.33.78 - - [30/May/2023:05:21:52 -0500] "GET /sipse/faces/javax.faces.resource/messages/messages.png?ln=primefaces&v=4.0 HTTP/1.1" 304 -
186.154.33.78 - - [30/May/2023:05:21:53 -0500] "GET /sipse/faces/javax.faces.resource/images/ui-icons_898989_256x240.png?ln=primefaces-aristo HTTP/1.1" 304 -
186.154.33.78 - - [30/May/2023:05:21:53 -0500] "POST /sipse/faces/autenticacion.xhtml HTTP/1.1" 200 16275
186.154.33.78 - - [30/May/2023:05:21:53 -0500] "GET /sipse/faces/javax.faces.resource/theme.css?ln=primefaces-sipse HTTP/1.1" 304 -
186.154.33.78 - - [30/May/2023:05:21:53 -0500] "GET /sipse/faces/javax.faces.resource/primefaces.css?ln=primefaces&v=4.0 HTTP/1.1" 304 -
186.154.33.78 - - [30/May/2023:05:21:53 -0500] "GET /sipse/faces/javax.faces.resource/layout/layout.css?ln=primefaces&v=4.0 HTTP/1.1" 304 -
186.154.33.78 - - [30/May/2023:05:21:53 -0500] "GET /sipse/faces/javax.faces.resource/jquery/jquery.js?ln=primefaces&v=4.0 HTTP/1.1" 304 -
186.154.33.78 - - [30/May/2023:05:21:53 -0500] "GET /sipse/faces/javax.faces.resource/jquery/jquery-plugins.js?ln=primefaces&v=4.0 HTTP/1.1" 304 -
186.154.33.78 - - [30/May/2023:05:21:53 -0500] "GET /sipse/faces/javax.faces.resource/primefaces.js?ln=primefaces&v=4.0 HTTP/1.1" 304 -
186.154.33.78 - - [30/May/2023:05:21:53 -0500] "GET /sipse/faces/javax.faces.resource/layout/layout.js?ln=primefaces&v=4.0 HTTP/1.1" 304 -
186.154.33.78 - - [30/May/2023:05:21:53 -0500] "GET /sipse/css/imagen/contrasena.png HTTP/1.1" 404 383
186.154.33.78 - - [30/May/2023:05:21:55 -0500] "GET /sipse/faces/javax.faces.resource/images/ui-bg_flat_0_2d5972_40x100.png?ln=primefaces-aristo HTTP/1.1" 304 -
186.154.33.78 - - [30/May/2023:05:21:55 -0500] "POST /sipse/faces/bienvenido.xhtml HTTP/1.1" 200 2658
186.154.33.78 - - [30/May/2023:05:21:56 -0500] "POST /sipse/faces/bienvenido.xhtml HTTP/1.1" 200 63506
186.154.33.78 - - [30/May/2023:05:21:56 -0500] "GET /sipse/faces/javax.faces.resource/layout/layout.css?ln=primefaces&v=4.0 HTTP/1.1" 304 -
186.154.33.78 - - [30/May/2023:05:21:56 -0500] "GET /sipse/faces/javax.faces.resource/theme.css?ln=primefaces-sipse HTTP/1.1" 304 -
186.154.33.78 - - [30/May/2023:05:21:56 -0500] "GET /sipse/faces/javax.faces.resource/primefaces.css?ln=primefaces&v=4.0 HTTP/1.1" 304 -
186.154.33.78 - - [30/May/2023:05:21:56 -0500] "GET /sipse/faces/javax.faces.resource/jquery/jquery.js?ln=primefaces&v=4.0 HTTP/1.1" 304 -
186.154.33.78 - - [30/May/2023:05:21:56 -0500] "GET /sipse/faces/javax.faces.resource/jquery/jquery-plugins.js?ln=primefaces&v=4.0 HTTP/1.1" 304 -
186.154.33.78 - - [30/May/2023:05:21:56 -0500] "GET /sipse/faces/javax.faces.resource/primefaces.js?ln=primefaces&v=4.0 HTTP/1.1" 304 -
186.154.33.78 - - [30/May/2023:05:21:56 -0500] "GET /sipse/faces/javax.faces.resource/layout/layout.js?ln=primefaces&v=4.0 HTTP/1.1" 304 -
186.154.33.78 - - [30/May/2023:05:21:56 -0500] "POST /sipse/faces/presentacion/financiero/solicitudProceso/listarSolicitudProceso.xhtml HTTP/1.1" 200 1556
186.154.33.78 - - [30/May/2023:05:22:07 -0500] "POST /sipse/faces/presentacion/financiero/solicitudProceso/listarSolicitudProceso.xhtml HTTP/1.1" 200 138936
186.154.33.78 - - [30/May/2023:05:22:08 -0500] "GET /sipse/faces/javax.faces.resource/theme.css?ln=primefaces-sipse HTTP/1.1" 304 -
186.154.33.78 - - [30/May/2023:05:22:08 -0500] "GET /sipse/faces/javax.faces.resource/primefaces.css?ln=primefaces&v=4.0 HTTP/1.1" 304 -
186.154.33.78 - - [30/May/2023:05:22:08 -0500] "GET /sipse/faces/javax.faces.resource/layout/layout.css?ln=primefaces&v=4.0 HTTP/1.1" 304 -
186.154.33.78 - - [30/May/2023:05:22:08 -0500] "GET /sipse/faces/javax.faces.resource/jquery/jquery.js?ln=primefaces&v=4.0 HTTP/1.1" 304 -
186.154.33.78 - - [30/May/2023:05:22:08 -0500] "GET /sipse/faces/javax.faces.resource/jquery/jquery-plugins.js?ln=primefaces&v=4.0 HTTP/1.1" 304 -
186.154.33.78 - - [30/May/2023:05:22:08 -0500] "GET /sipse/faces/javax.faces.resource/primefaces.js?ln=primefaces&v=4.0 HTTP/1.1" 304 -
186.154.33.78 - - [30/May/2023:05:22:08 -0500] "GET /sipse/faces/javax.faces.resource/layout/layout.js?ln=primefaces&v=4.0 HTTP/1.1" 304 -
66.249.73.51 - - [30/May/2023:05:22:25 -0500] "-" 408 -
186.154.33.78 - - [30/May/2023:05:22:26 -0500] "GET /sipse/faces/javax.faces.resource/theme.css?ln=primefaces-sipse HTTP/1.1" 304 -
186.154.33.78 - - [30/May/2023:05:22:26 -0500] "POST /sipse/faces/presentacion/financiero/solicitudProceso/consultarSolicitudProceso.xhtml HTTP/1.1" 200 21119
186.154.33.78 - - [30/May/2023:05:22:26 -0500] "GET /sipse/faces/javax.faces.resource/jquery/jquery-plugins.js?ln=primefaces&v=4.0 HTTP/1.1" 304 -
186.154.33.78 - - [30/May/2023:05:22:26 -0500] "GET /sipse/faces/javax.faces.resource/jquery/jquery.js?ln=primefaces&v=4.0 HTTP/1.1" 304 -
186.154.33.78 - - [30/May/2023:05:22:26 -0500] "GET /sipse/faces/javax.faces.resource/primefaces.css?ln=primefaces&v=4.0 HTTP/1.1" 304 -
186.154.33.78 - - [30/May/2023:05:22:26 -0500] "GET /sipse/faces/javax.faces.resource/layout/layout.css?ln=primefaces&v=4.0 HTTP/1.1" 304 -
186.154.33.78 - - [30/May/2023:05:22:26 -0500] "GET /sipse/faces/javax.faces.resource/fileupload/fileupload.css?ln=primefaces&v=4.0 HTTP/1.1" 200 1330
186.154.33.78 - - [30/May/2023:05:22:26 -0500] "GET /sipse/faces/javax.faces.resource/layout/layout.js?ln=primefaces&v=4.0 HTTP/1.1" 304 -
186.154.33.78 - - [30/May/2023:05:22:26 -0500] "GET /sipse/faces/javax.faces.resource/primefaces.js?ln=primefaces&v=4.0 HTTP/1.1" 304 -
186.154.33.78 - - [30/May/2023:05:22:26 -0500] "GET /sipse/faces/javax.faces.resource/fileupload/fileupload.js?ln=primefaces&v=4.0 HTTP/1.1" 200 28091
186.154.33.78 - - [30/May/2023:05:22:52 -0500] "GET /sipse/faces/javax.faces.resource/theme.css?ln=primefaces-sipse HTTP/1.1" 304 -
186.154.33.78 - - [30/May/2023:05:22:52 -0500] "GET /sipse/faces/javax.faces.resource/layout/layout.css?ln=primefaces&v=4.0 HTTP/1.1" 304 -
186.154.33.78 - - [30/May/2023:05:22:52 -0500] "GET /sipse/faces/javax.faces.resource/primefaces.css?ln=primefaces&v=4.0 HTTP/1.1" 304 -
186.154.33.78 - - [30/May/2023:05:22:52 -0500] "GET /sipse/faces/javax.faces.resource/jquery/jquery-plugins.js?ln=primefaces&v=4.0 HTTP/1.1" 304 -
186.154.33.78 - - [30/May/2023:05:22:52 -0500] "GET /sipse/faces/javax.faces.resource/jquery/jquery.js?ln=primefaces&v=4.0 HTTP/1.1" 304 -
186.154.33.78 - - [30/May/2023:05:22:52 -0500] "GET /sipse/faces/javax.faces.resource/primefaces.js?ln=primefaces&v=4.0 HTTP/1.1" 304 -
186.154.33.78 - - [30/May/2023:05:22:52 -0500] "GET /sipse/faces/javax.faces.resource/layout/layout.js?ln=primefaces&v=4.0 HTTP/1.1" 304 -
186.154.33.78 - - [30/May/2023:05:22:51 -0500] "POST /sipse/faces/presentacion/sistema/anexos/cargarAnexoSolicitudProceso.xhtml HTTP/1.1" 200 186180
216.245.221.92 - - [30/May/2023:05:22:56 -0500] "HEAD / HTTP/1.1" 200 -
186.154.33.78 - - [30/May/2023:05:22:59 -0500] "POST /sipse/faces/presentacion/financiero/solicitudProceso/consultarSolicitudProceso.xhtml HTTP/1.1" 200 21119
186.154.33.78 - - [30/May/2023:05:22:59 -0500] "GET /sipse/faces/javax.faces.resource/layout/layout.css?ln=primefaces&v=4.0 HTTP/1.1" 304 -
186.154.33.78 - - [30/May/2023:05:22:59 -0500] "GET /sipse/faces/javax.faces.resource/fileupload/fileupload.css?ln=primefaces&v=4.0 HTTP/1.1" 304 -
186.154.33.78 - - [30/May/2023:05:22:59 -0500] "GET /sipse/faces/javax.faces.resource/primefaces.css?ln=primefaces&v=4.0 HTTP/1.1" 304 -
186.154.33.78 - - [30/May/2023:05:22:59 -0500] "GET /sipse/faces/javax.faces.resource/jquery/jquery.js?ln=primefaces&v=4.0 HTTP/1.1" 304 -
186.154.33.78 - - [30/May/2023:05:22:59 -0500] "GET /sipse/faces/javax.faces.resource/primefaces.js?ln=primefaces&v=4.0 HTTP/1.1" 304 -
186.154.33.78 - - [30/May/2023:05:22:59 -0500] "GET /sipse/faces/javax.faces.resource/theme.css?ln=primefaces-sipse HTTP/1.1" 304 -
186.154.33.78 - - [30/May/2023:05:22:59 -0500] "GET /sipse/faces/javax.faces.resource/jquery/jquery-plugins.js?ln=primefaces&v=4.0 HTTP/1.1" 304 -
186.154.33.78 - - [30/May/2023:05:22:59 -0500] "GET /sipse/faces/javax.faces.resource/layout/layout.js?ln=primefaces&v=4.0 HTTP/1.1" 304 -
186.154.33.78 - - [30/May/2023:05:22:59 -0500] "GET /sipse/faces/javax.faces.resource/fileupload/fileupload.js?ln=primefaces&v=4.0 HTTP/1.1" 304 -
186.154.33.78 - - [30/May/2023:05:23:07 -0500] "GET /sipse/faces/javax.faces.resource/primefaces.css?ln=primefaces&v=4.0 HTTP/1.1" 304 -
186.154.33.78 - - [30/May/2023:05:23:07 -0500] "GET /sipse/faces/javax.faces.resource/theme.css?ln=primefaces-sipse HTTP/1.1" 304 -
186.154.33.78 - - [30/May/2023:05:23:07 -0500] "GET /sipse/faces/javax.faces.resource/layout/layout.css?ln=primefaces&v=4.0 HTTP/1.1" 304 -
186.154.33.78 - - [30/May/2023:05:23:07 -0500] "GET /sipse/faces/javax.faces.resource/jquery/jquery.js?ln=primefaces&v=4.0 HTTP/1.1" 304 -
186.154.33.78 - - [30/May/2023:05:23:07 -0500] "GET /sipse/faces/javax.faces.resource/jquery/jquery-plugins.js?ln=primefaces&v=4.0 HTTP/1.1" 304 -
186.154.33.78 - - [30/May/2023:05:23:07 -0500] "GET /sipse/faces/javax.faces.resource/primefaces.js?ln=primefaces&v=4.0 HTTP/1.1" 304 -
186.154.33.78 - - [30/May/2023:05:23:07 -0500] "GET /sipse/faces/javax.faces.resource/layout/layout.js?ln=primefaces&v=4.0 HTTP/1.1" 304 -
186.154.33.78 - - [30/May/2023:05:23:06 -0500] "POST /sipse/faces/presentacion/sistema/anexos/cargarAnexoSolicitudProceso.xhtml HTTP/1.1" 200 188022
186.154.33.78 - - [30/May/2023:05:23:11 -0500] "POST /sipse/faces/presentacion/financiero/solicitudProceso/consultarSolicitudProceso.xhtml HTTP/1.1" 200 21119
186.154.33.78 - - [30/May/2023:05:23:11 -0500] "GET /sipse/faces/javax.faces.resource/layout/layout.css?ln=primefaces&v=4.0 HTTP/1.1" 304 -
186.154.33.78 - - [30/May/2023:05:23:11 -0500] "GET /sipse/faces/javax.faces.resource/theme.css?ln=primefaces-sipse HTTP/1.1" 304 -
186.154.33.78 - - [30/May/2023:05:23:11 -0500] "GET /sipse/faces/javax.faces.resource/jquery/jquery.js?ln=primefaces&v=4.0 HTTP/1.1" 304 -
186.154.33.78 - - [30/May/2023:05:23:11 -0500] "GET /sipse/faces/javax.faces.resource/jquery/jquery-plugins.js?ln=primefaces&v=4.0 HTTP/1.1" 304 -
186.154.33.78 - - [30/May/2023:05:23:11 -0500] "GET /sipse/faces/javax.faces.resource/primefaces.css?ln=primefaces&v=4.0 HTTP/1.1" 304 -
186.154.33.78 - - [30/May/2023:05:23:11 -0500] "GET /sipse/faces/javax.faces.resource/primefaces.js?ln=primefaces&v=4.0 HTTP/1.1" 304 -
186.154.33.78 - - [30/May/2023:05:23:11 -0500] "GET /sipse/faces/javax.faces.resource/layout/layout.js?ln=primefaces&v=4.0 HTTP/1.1" 304 -
186.154.33.78 - - [30/May/2023:05:23:11 -0500] "GET /sipse/faces/javax.faces.resource/fileupload/fileupload.css?ln=primefaces&v=4.0 HTTP/1.1" 304 -
186.154.33.78 - - [30/May/2023:05:23:11 -0500] "GET /sipse/faces/javax.faces.resource/fileupload/fileupload.js?ln=primefaces&v=4.0 HTTP/1.1" 304 -
186.154.33.78 - - [30/May/2023:05:23:19 -0500] "GET /sipse/faces/javax.faces.resource/theme.css?ln=primefaces-sipse HTTP/1.1" 304 -
186.154.33.78 - - [30/May/2023:05:23:19 -0500] "GET /sipse/faces/javax.faces.resource/layout/layout.css?ln=primefaces&v=4.0 HTTP/1.1" 304 -
186.154.33.78 - - [30/May/2023:05:23:19 -0500] "GET /sipse/faces/javax.faces.resource/primefaces.css?ln=primefaces&v=4.0 HTTP/1.1" 304 -
186.154.33.78 - - [30/May/2023:05:23:19 -0500] "GET /sipse/faces/javax.faces.resource/primefaces.js?ln=primefaces&v=4.0 HTTP/1.1" 304 -
186.154.33.78 - - [30/May/2023:05:23:19 -0500] "GET /sipse/faces/javax.faces.resource/jquery/jquery-plugins.js?ln=primefaces&v=4.0 HTTP/1.1" 304 -
186.154.33.78 - - [30/May/2023:05:23:19 -0500] "GET /sipse/faces/javax.faces.resource/layout/layout.js?ln=primefaces&v=4.0 HTTP/1.1" 304 -
186.154.33.78 - - [30/May/2023:05:23:19 -0500] "GET /sipse/faces/javax.faces.resource/jquery/jquery.js?ln=primefaces&v=4.0 HTTP/1.1" 304 -
186.154.33.78 - - [30/May/2023:05:23:18 -0500] "POST /sipse/faces/presentacion/sistema/anexos/cargarAnexoSolicitudProceso.xhtml HTTP/1.1" 200 189847
186.154.33.78 - - [30/May/2023:05:23:42 -0500] "POST /sipse/faces/presentacion/financiero/solicitudProceso/consultarSolicitudProceso.xhtml HTTP/1.1" 200 63958
186.154.33.78 - - [30/May/2023:05:23:45 -0500] "GET /sipse/faces/javax.faces.resource/theme.css?ln=primefaces-sipse HTTP/1.1" 304 -
186.154.33.78 - - [30/May/2023:05:23:45 -0500] "GET /sipse/faces/javax.faces.resource/primefaces.css?ln=primefaces&v=4.0 HTTP/1.1" 304 -
186.154.33.78 - - [30/May/2023:05:23:45 -0500] "GET /sipse/faces/javax.faces.resource/layout/layout.css?ln=primefaces&v=4.0 HTTP/1.1" 304 -
186.154.33.78 - - [30/May/2023:05:23:45 -0500] "GET /sipse/faces/javax.faces.resource/jquery/jquery.js?ln=primefaces&v=4.0 HTTP/1.1" 304 -
186.154.33.78 - - [30/May/2023:05:23:45 -0500] "GET /sipse/faces/javax.faces.resource/jquery/jquery-plugins.js?ln=primefaces&v=4.0 HTTP/1.1" 304 -
186.154.33.78 - - [30/May/2023:05:23:45 -0500] "GET /sipse/faces/javax.faces.resource/primefaces.js?ln=primefaces&v=4.0 HTTP/1.1" 304 -
186.154.33.78 - - [30/May/2023:05:23:45 -0500] "GET /sipse/faces/javax.faces.resource/layout/layout.js?ln=primefaces&v=4.0 HTTP/1.1" 304 -
186.154.33.78 - - [30/May/2023:05:23:45 -0500] "POST /sipse/faces/presentacion/financiero/solicitudProceso/listarSolicitudProceso.xhtml HTTP/1.1" 200 1556
201.245.192.253 - - [30/May/2023:05:23:44 -0500] "POST /kwsrmcab/Wsrmcab  HTTP/1.1" 200 43202
43.130.62.160 - - [30/May/2023:05:26:30 -0500] "GET /galeria/galeria/fotos/1humedal-Burro1P.jpg HTTP/1.1" 200 7921
172.22.2.4 - - [30/May/2023:05:25:11 -0500] "HEAD /BLA/boletinlegal/ HTTP/1.1" 200 -
66.249.79.134 - - [30/May/2023:05:26:55 -0500] "-" 408 -
186.154.33.78 - - [30/May/2023:05:27:09 -0500] "POST /sipse/faces/presentacion/financiero/solicitudProceso/listarSolicitudProceso.xhtml HTTP/1.1" 200 56866
186.154.33.78 - - [30/May/2023:05:27:09 -0500] "POST /sipse/faces/presentacion/financiero/solicitudProceso/listarSolicitudProceso.xhtml HTTP/1.1" 200 56866
186.154.33.78 - - [30/May/2023:05:27:09 -0500] "POST /sipse/faces/presentacion/financiero/solicitudProceso/listarSolicitudProceso.xhtml HTTP/1.1" 200 1556
186.154.33.78 - - [30/May/2023:05:27:09 -0500] "POST /sipse/faces/presentacion/financiero/solicitudProceso/listarSolicitudProceso.xhtml HTTP/1.1" 200 1556
172.22.2.4 - - [30/May/2023:05:26:02 -0500] "GET /BLA/boletinlegal/ HTTP/1.1" 200 56754
216.245.221.92 - - [30/May/2023:05:27:56 -0500] "HEAD / HTTP/1.1" 200 -
66.249.73.51 - - [30/May/2023:05:28:03 -0500] "-" 408 -
40.77.167.97 - - [30/May/2023:05:28:37 -0500] "GET /BLA/resoluciones/RESOLUCIONES%202008/2559.pdf HTTP/1.1" 200 206267
201.245.192.253 - - [30/May/2023:05:28:43 -0500] "POST /kwsrmcab/Wsrmcab  HTTP/1.1" 200 43202
201.245.192.253 - - [30/May/2023:05:28:52 -0500] "POST /kwsrmcab/Wsrmcab HTTP/1.1" 200 40831
201.245.192.253 - - [30/May/2023:05:28:55 -0500] "POST /kwsrmcab/Wsrmcab HTTP/1.1" 200 43528
172.22.2.4 - - [30/May/2023:05:31:01 -0500] "HEAD /BLA/boletinlegal/ HTTP/1.1" 200 -
216.245.221.92 - - [30/May/2023:05:32:56 -0500] "HEAD / HTTP/1.1" 200 -
172.22.2.4 - - [30/May/2023:05:31:52 -0500] "GET /BLA/boletinlegal/ HTTP/1.1" 200 58663
66.249.73.51 - - [30/May/2023:05:33:43 -0500] "-" 408 -
201.245.192.253 - - [30/May/2023:05:33:43 -0500] "POST /kwsrmcab/Wsrmcab  HTTP/1.1" 200 43202
186.102.6.196 - - [30/May/2023:05:34:32 -0500] "GET /kwssiamovil/sm/ldap/au?x=U2FsdGVkX1/AEju498C4RAEHDQj9EYuLgCDa7vcQ/3xizREJ/rCsVglvvWDKuqW/&y=U2FsdGVkX1+TStRhFIzV+grrBDaE7jyMfNDE3aINs7vApXX9Usk0xqglmaPrGkNG HTTP/1.1" 200 30
186.102.6.196 - - [30/May/2023:05:34:32 -0500] "GET /kwssiamovil/sm/acme/s?s=U2FsdGVkX1+Ag2l8Gj8VqC111cczkM0trHkHR++FIZix91gw5af2ToUyV/KTW/vQUbPxMexHdIvjYgZSDlzPR1fp/XMAALRfu98+kiCWAj4=&u=U2FsdGVkX18nmdpJiIl3edS3DaFnwt4D+9f/0G+5HxEyCURBLNE56ZCrYhBwgUv8&y=U2FsdGVkX1+TStRhFIzV+grrBDaE7jyMfNDE3aINs7vApXX9Usk0xqglmaPrGkNG HTTP/1.1" 200 97
186.102.6.196 - - [30/May/2023:05:34:32 -0500] "GET /kwssiamovil/sm/acme/s?s=U2FsdGVkX18rcgEHaWhMwO3+MsPLM2kC31zL7kmPthYWuMB+qEHL5PbUTzlNoUTVREdA66N35r2nb5Taauw7mLrlvEhWtMCNHyhqzO+D4Vzuq6brun0MI2oe+R0rd9rXlDb9ijnOoon395rv6Jt+zyPMqkLLMcSl4Pv6YkGMkZhxSDYSoE/we8C0uPCwXot50nnQ+wRWR+XoaRuSPFUoP2vhVbY5TLuABpqJKlzHLKYwFXWqHSmerjoLVRk0JAfijfV7+qVKuXMs4z/ZnAM0zoE8EFpv8FTqkOU1iyXm96kmZt5w/VcEx/6o6QB75HJmZ3naH+cTzG08WvkHFw7iEQeTPWI3Az+fHl8S0yQ6OFFrFGgeqwXrdMzEpWdjOvbwAKH2zZDpfgRDCs1NIs4Iw+1zseEydBP6itnBHs/5Tf1YzqadG2vzcMlvEaEIZLDhSoN3vZiub4WWT0gs19G8BSbFD/MYJJGbbd6fW2aengXrH2TrMl0Bpn2GfJqhovobIyssU6OIne1zBXqu28Kt1K9YZLofQ/dfzGZL+763vxep2XsOeEXoPBq+NpgXqk/SG36dnzhqRTI5C88ATCw4rYcEvOfWN0DWCIMr0CSjw7+N0vIEUvAoGbIOmypXVfjuDAUOMxWhKWqJXLpZg03iA4vFNuluFJaBadxcUI+OY79gLmue9ssgRCs0UMtbBdBbsvP/RCIG9NGhAIxxo1KE5FOPQZYfvtqGsWh0H6mJgnvYaiSdao8Ig8fEOToyP+kAwGXEmYCN+i7iYXCQvA9H5zIgWXtNsw4ZhtGLQyN39h0K3Y86IAgY6Bytv2lXqvSq0ADHCoEjNwBjIdMacnGvPuOKW/puwOtZM/do3OMYmbY+3/ULoSZtkrvXo8gMR3q/qWTm9LKOg6f30FGuFEC7L+Le+OPTGsW2dt6ulPEL1JQGl8scesp3Qo6XecStwtAGvQbc1hH1UOmIjJ+ITq18zfxf3QTljfpv1IRY4cWmwEfOoqQR2ZzjbJ7nrchiYUQ6Brl/YhbAs2yd0qX4ktOOzau4XJ055YIvLCJ6QaMHHUVzqG+VFtt7rKE0UQnygJHf51UZYUVJ6TeT/r//auHR/YPcRHJxSWgTDLhg8MErgJhyPlhc68Q5ox50b0me6mFK8tIgcQb6qiMdEW7oOXPLwBToKguHfsTfXM+FmfimF25DRHivWkgnt9MwHhbPEPHU3A0IAkrg1YapiWaxGiJweuHNpFkf3o0oZQqMZogCYljhebrc1KQa6d6Tqy14F/fwU2yTI88RY21eFqj5pMMbygR6k9ZOolc9RoHQcRCSvBF+esgXtmt8rZQVWlPk1cq5Zpv/kso2kd+qMtYJOxXlZbaxB1oizfAAuHKp19yMj0QI7X4/lblHrvPa2nrpn3dP/Zjd8lMHnaXKiFu9tsPyS/4w78y3UF67bGRqSJ5cKH1rY88egi+K+d8s5cWMZy5OkEsDsFzrZMZpiMOvFkkuF0oJh3jyqEsPyegr3YOPC33o/4aZrnHEJBbwChVO/KmGg+YRrOn0BXdiAJ1AVijm0XWr3Tv+wKa8bnGII/5PWXGNoeOV3FBsYtdAtdNHubkbMUTkNu16DTkidi/B9qX6YUUOLwa26jGfeXMMSkFcSiv/GjsUqE7Lvr7J3ZgQMFluZawOKUiMc7KZ0S9zlxTao3e42vRNbKuTxiAy0Wg/xBY5wcvhyl/wL4x6SWPTCw9j9IM/AhVpoEyWVFrVeqjzQt5OB+rjeP7qvwlxWHMmTF0GC8BSJvyMuQs+F9Zfmghg&u=U2FsdGVkX18nmdpJiIl3edS3DaFnwt4D+9f/0G+5HxEyCURBLNE56ZCrYhBwgUv8&y=U2FsdGVkX1+TStRhFIzV+grrBDaE7jyMfNDE3aINs7vApXX9Usk0xqglmaPrGkNG HTTP/1.1" 200 3006
186.102.6.196 - - [30/May/2023:05:34:32 -0500] "GET /kwssiamovil/sm/acme/s?s=U2FsdGVkX19VVfVovAWv3PWwrkuR/4reCUbFui+WdDWVNz5+q28INRsV/V2ydTDKbrqrTPoSfVeLCRgFMTcp/htK+ZurEoe/u8u2oLc6BczTjYgrvEwO/WejgkC7Qst8uKD/0R2HHmZvw6j6w/s5uD+n/5qXnL+ON7pvru/90f26jWkiMfWGvhTXtc6wEzq+YMgwWxjuja+kKmNnUJnpfDXTBhb3askR29Is5G/lmIdFgWFuKZhPsUHFWj2DHXtkiZpBNP5bZnxZF2mutLJyOp2cB7g8lsvFfIT46/bSWRMS+nnaprRME8MTdBj2gITTe4N4cEPSarXgsTiMYRE3h6hus7AooheOfSHEExpA1lz0sHvp+B72dHcLtvp7ocvNP5rTbdHVt38b4GJ7nbv6CNNEk7021DZjyZUYiinirFip9ZA9FtZeb2zbKxdyuiCN2d8jUpMybopO9BeAYH4RfXl1ZrfHjc8y6kBg8mAQTkbmjelu9LtFQVvcJjzBpyIGH7pFcMt/kMKwLw9mfILWyzd1xa8PSMFbVf57209moPYSkbhgWcEYluopOyW38jKs7f2Ll/chxF0U26+eXYR3ykxv/ekosPDZYBSllHJZ0B220h2LyivovM6vjSCx9sqF8uf/rmWziYOBT6HvrDCnA2oNn0YtgXDT1YDLJa7Vngdrwk2Ut9bq9FCHPX2suzRstp5a29fPy/eJO1XTzYiqYUSJEwhNkaQZ5c/+ll8KUGfRWucYZyIb3SA/b2kxL1miFSax7VrIhjQ5wg+Z5/R3cw==&u=U2FsdGVkX18nmdpJiIl3edS3DaFnwt4D+9f/0G+5HxEyCURBLNE56ZCrYhBwgUv8&y=U2FsdGVkX1+TStRhFIzV+grrBDaE7jyMfNDE3aINs7vApXX9Usk0xqglmaPrGkNG HTTP/1.1" 200 208
186.102.6.196 - - [30/May/2023:05:34:33 -0500] "GET /kwssiamovil/sm/cjson/pre?f=1&x=U2FsdGVkX1/AEju498C4RAEHDQj9EYuLgCDa7vcQ/3xizREJ/rCsVglvvWDKuqW/ HTTP/1.1" 200 31032
201.245.192.253 - - [30/May/2023:05:35:58 -0500] "GET /sipse/faces/index.xhtml HTTP/1.1" 200 677
201.245.192.253 - - [30/May/2023:05:35:58 -0500] "GET /sipse/faces/javax.faces.resource/theme.css?ln=primefaces-sipse HTTP/1.1" 304 -
201.245.192.253 - - [30/May/2023:05:35:58 -0500] "GET /sipse/faces/faces/autenticacion.xhtml HTTP/1.1" 200 12177
201.245.192.253 - - [30/May/2023:05:35:58 -0500] "GET /sipse/js/disable_browser_buttons.js HTTP/1.1" 304 -
201.245.192.253 - - [30/May/2023:05:35:58 -0500] "GET /sipse/js/funciones.js HTTP/1.1" 304 -
201.245.192.253 - - [30/May/2023:05:35:58 -0500] "GET /sipse/css/custom_css_sg_prime_login.css HTTP/1.1" 304 -
201.245.192.253 - - [30/May/2023:05:35:58 -0500] "GET /sipse/css/custom_css_sg.css HTTP/1.1" 304 -
201.245.192.253 - - [30/May/2023:05:35:58 -0500] "GET /sipse/faces/javax.faces.resource/theme.css?ln=primefaces-sipse HTTP/1.1" 304 -
201.245.192.253 - - [30/May/2023:05:35:58 -0500] "GET /sipse/faces/javax.faces.resource/primefaces.css?ln=primefaces&v=4.0 HTTP/1.1" 304 -
201.245.192.253 - - [30/May/2023:05:35:58 -0500] "GET /sipse/faces/javax.faces.resource/layout/layout.css?ln=primefaces&v=4.0 HTTP/1.1" 304 -
201.245.192.253 - - [30/May/2023:05:35:58 -0500] "GET /sipse/faces/javax.faces.resource/jquery/jquery.js?ln=primefaces&v=4.0 HTTP/1.1" 304 -
201.245.192.253 - - [30/May/2023:05:35:58 -0500] "GET /sipse/faces/javax.faces.resource/primefaces.js?ln=primefaces&v=4.0 HTTP/1.1" 304 -
201.245.192.253 - - [30/May/2023:05:35:58 -0500] "GET /sipse/faces/javax.faces.resource/layout/layout.js?ln=primefaces&v=4.0 HTTP/1.1" 304 -
201.245.192.253 - - [30/May/2023:05:35:58 -0500] "GET /sipse/faces/javax.faces.resource/jquery/jquery-plugins.js?ln=primefaces&v=4.0 HTTP/1.1" 304 -
201.245.192.253 - - [30/May/2023:05:35:58 -0500] "GET /sipse/faces/javax.faces.resource/images/ui-icons_898989_256x240.png?ln=primefaces-aristo HTTP/1.1" 200 5355
201.245.192.253 - - [30/May/2023:05:35:58 -0500] "GET /sipse/css/imagen/logoSDG.png HTTP/1.1" 200 53064
201.245.192.253 - - [30/May/2023:05:35:58 -0500] "GET /sipse/css/imagen/loginimg.png HTTP/1.1" 200 71635
128.14.136.18 - - [30/May/2023:05:36:01 -0500] "GET / HTTP/1.1" 200 319
201.245.192.253 - - [30/May/2023:05:36:04 -0500] "GET /sipsesda/ HTTP/1.1" 200 1477
201.245.192.253 - - [30/May/2023:05:36:04 -0500] "GET /css/segobdis.css HTTP/1.1" 404 1264
201.245.192.253 - - [30/May/2023:05:36:04 -0500] "GET /sipsesda/faces/login.jspx HTTP/1.1" 200 7861
201.245.192.253 - - [30/May/2023:05:36:04 -0500] "GET /sipsesda/js/disable_browser_buttons.js;jsessionid=ac16012b22b8a8134453868e4b54b442cb98cc0e61ba.e34Lc3uRbN4Oc40Lb3b0 HTTP/1.1" 200 2767
201.245.192.253 - - [30/May/2023:05:36:04 -0500] "GET /sipsesda/js/funciones.js;jsessionid=ac16012b22b8a8134453868e4b54b442cb98cc0e61ba.e34Lc3uRbN4Oc40Lb3b0 HTTP/1.1" 200 36377
201.245.192.253 - - [30/May/2023:05:36:04 -0500] "GET /sipsesda/adf/styles/cache/segobdis16-desktop-10_1_3_4_0-gecko.css;jsessionid=ac16012b22b8a8134453868e4b54b442cb98cc0e61ba.e34Lc3uRbN4Oc40Lb3b0 HTTP/1.1" 200 57778
201.245.192.253 - - [30/May/2023:05:36:04 -0500] "GET /sipsesda/adf/images/t.gif;jsessionid=ac16012b22b8a8134453868e4b54b442cb98cc0e61ba.e34Lc3uRbN4Oc40Lb3b0 HTTP/1.1" 200 86
201.245.192.253 - - [30/May/2023:05:36:04 -0500] "GET /sipsesda/adf/jsLibs/Common10_1_3_4_0.js;jsessionid=ac16012b22b8a8134453868e4b54b442cb98cc0e61ba.e34Lc3uRbN4Oc40Lb3b0 HTTP/1.1" 200 132959
201.245.192.253 - - [30/May/2023:05:36:04 -0500] "GET /sipsesda/imagenes/encabezado.jpg;jsessionid=ac16012b22b8a8134453868e4b54b442cb98cc0e61ba.e34Lc3uRbN4Oc40Lb3b0 HTTP/1.1" 200 18018
201.245.192.253 - - [30/May/2023:05:36:10 -0500] "POST /sipsesda/faces/login.jspx;jsessionid=ac16012b22b8a8134453868e4b54b442cb98cc0e61ba.e34Lc3uRbN4Oc40Lb3b0 HTTP/1.1" 200 5764
201.245.192.253 - - [30/May/2023:05:36:10 -0500] "GET /sipsesda/imagenes/encabezado.jpg HTTP/1.1" 200 18018
201.245.192.253 - - [30/May/2023:05:36:10 -0500] "GET /sipsesda/adf/styles/cache/segobdis16-desktop-10_1_3_4_0-gecko.css HTTP/1.1" 200 57778
201.245.192.253 - - [30/May/2023:05:36:10 -0500] "GET /sipsesda/adf/images/t.gif HTTP/1.1" 200 86
201.245.192.253 - - [30/May/2023:05:36:16 -0500] "POST /sipsesda/faces/vista/sistema/seleccionRol.jspx HTTP/1.1" 200 32820
201.245.192.253 - - [30/May/2023:05:36:17 -0500] "GET /sipsesda/imagenes/logoAplicacion.jpg HTTP/1.1" 200 155084
201.245.192.253 - - [30/May/2023:05:36:17 -0500] "GET /sipsesda/faces/imagenes/vinetaAbajo.gif HTTP/1.1" 200 72
201.245.192.253 - - [30/May/2023:05:36:17 -0500] "GET /sipsesda/faces/imagenes/vinetaDerecha.gif HTTP/1.1" 200 107
201.245.192.253 - - [30/May/2023:05:36:24 -0500] "POST /sipse/faces/autenticacion.xhtml HTTP/1.1" 200 11967
201.245.192.253 - - [30/May/2023:05:36:24 -0500] "GET /sipse/css/custom_css_sg_prime.css HTTP/1.1" 200 5201
201.245.192.253 - - [30/May/2023:05:36:24 -0500] "GET /sipse/faces/javax.faces.resource/jquery/jquery.js?ln=primefaces&v=4.0 HTTP/1.1" 304 -
201.245.192.253 - - [30/May/2023:05:36:24 -0500] "GET /sipse/faces/javax.faces.resource/jquery/jquery-plugins.js?ln=primefaces&v=4.0 HTTP/1.1" 304 -
201.245.192.253 - - [30/May/2023:05:36:24 -0500] "GET /sipse/faces/javax.faces.resource/primefaces.js?ln=primefaces&v=4.0 HTTP/1.1" 304 -
201.245.192.253 - - [30/May/2023:05:36:24 -0500] "GET /sipse/faces/javax.faces.resource/layout/layout.js?ln=primefaces&v=4.0 HTTP/1.1" 304 -
201.245.192.253 - - [30/May/2023:05:36:24 -0500] "GET /sipse/faces/javax.faces.resource/messages/messages.png?ln=primefaces&v=4.0 HTTP/1.1" 200 27209
201.245.192.253 - - [30/May/2023:05:36:28 -0500] "POST /sipse/faces/presentacion/sistema/seguridad/seleccionRol.xhtml HTTP/1.1" 200 6403
66.249.79.130 - - [30/May/2023:05:36:28 -0500] "-" 408 -
201.245.192.253 - - [30/May/2023:05:36:29 -0500] "POST /sipse/faces/presentacion/sistema/seguridad/seleccionRol.xhtml HTTP/1.1" 200 18680
201.245.192.253 - - [30/May/2023:05:36:29 -0500] "GET /sipse/js/jquery.min.js HTTP/1.1" 304 -
201.245.192.253 - - [30/May/2023:05:36:29 -0500] "GET /sipse/faces/javax.faces.resource/jquery/jquery.js?ln=primefaces&v=4.0 HTTP/1.1" 304 -
201.245.192.253 - - [30/May/2023:05:36:29 -0500] "GET /sipse/faces/javax.faces.resource/jquery/jquery-plugins.js?ln=primefaces&v=4.0 HTTP/1.1" 304 -
201.245.192.253 - - [30/May/2023:05:36:29 -0500] "GET /sipse/faces/javax.faces.resource/primefaces.js?ln=primefaces&v=4.0 HTTP/1.1" 304 -
201.245.192.253 - - [30/May/2023:05:36:30 -0500] "GET /sipse/faces/javax.faces.resource/layout/layout.js?ln=primefaces&v=4.0 HTTP/1.1" 304 -
201.245.192.253 - - [30/May/2023:05:36:30 -0500] "GET /sipse/imagenes/cargando.gif HTTP/1.1" 200 36959
201.245.192.253 - - [30/May/2023:05:36:30 -0500] "GET /sipse/css/imagen/contrasena.png HTTP/1.1" 404 383
201.245.192.253 - - [30/May/2023:05:36:30 -0500] "GET /sipse/imagenes/logoAplicacion.jpg HTTP/1.1" 200 155084
3.239.129.52 - - [30/May/2023:05:36:46 -0500] "-" 408 -
201.245.192.253 - - [30/May/2023:05:37:11 -0500] "GET /sipse/faces/javax.faces.resource/images/ui-bg_flat_0_2d5972_40x100.png?ln=primefaces-aristo HTTP/1.1" 200 183
201.245.192.253 - - [30/May/2023:05:37:11 -0500] "POST /sipse/faces/bienvenido.xhtml HTTP/1.1" 200 3887
201.245.192.253 - - [30/May/2023:05:37:13 -0500] "POST /sipse/faces/bienvenido.xhtml HTTP/1.1" 200 43235
201.245.192.253 - - [30/May/2023:05:37:13 -0500] "GET /sipse/faces/javax.faces.resource/jquery/jquery.js?ln=primefaces&v=4.0 HTTP/1.1" 304 -
201.245.192.253 - - [30/May/2023:05:37:13 -0500] "GET /sipse/faces/javax.faces.resource/jquery/jquery-plugins.js?ln=primefaces&v=4.0 HTTP/1.1" 304 -
201.245.192.253 - - [30/May/2023:05:37:14 -0500] "GET /sipse/faces/javax.faces.resource/primefaces.js?ln=primefaces&v=4.0 HTTP/1.1" 304 -
201.245.192.253 - - [30/May/2023:05:37:14 -0500] "GET /sipse/faces/javax.faces.resource/layout/layout.js?ln=primefaces&v=4.0 HTTP/1.1" 304 -
201.245.192.253 - - [30/May/2023:05:37:20 -0500] "POST /sipse/faces/presentacion/financiero/solicitudProceso/consultar.xhtml HTTP/1.1" 200 33678
201.245.192.253 - - [30/May/2023:05:37:21 -0500] "POST /sipse/faces/presentacion/financiero/solicitudProceso/consultar.xhtml HTTP/1.1" 200 33678
201.245.192.253 - - [30/May/2023:05:37:23 -0500] "POST /sipse/faces/presentacion/financiero/solicitudProceso/consultar.xhtml HTTP/1.1" 200 3191
201.245.192.253 - - [30/May/2023:05:37:25 -0500] "POST /sipse/faces/presentacion/financiero/solicitudProceso/consultar.xhtml HTTP/1.1" 200 82805
201.245.192.253 - - [30/May/2023:05:37:46 -0500] "GET /sipse/faces/javax.faces.resource/jquery/jquery.js?ln=primefaces&v=4.0 HTTP/1.1" 304 -
201.245.192.253 - - [30/May/2023:05:37:46 -0500] "GET /sipse/faces/javax.faces.resource/jquery/jquery-plugins.js?ln=primefaces&v=4.0 HTTP/1.1" 304 -
201.245.192.253 - - [30/May/2023:05:37:46 -0500] "GET /sipse/faces/javax.faces.resource/primefaces.js?ln=primefaces&v=4.0 HTTP/1.1" 304 -
201.245.192.253 - - [30/May/2023:05:37:46 -0500] "GET /sipse/faces/javax.faces.resource/layout/layout.js?ln=primefaces&v=4.0 HTTP/1.1" 304 -
201.245.192.253 - - [30/May/2023:05:37:46 -0500] "POST /sipse/faces/presentacion/proyectos/proyecto/listarProyecto.xhtml HTTP/1.1" 200 76231
216.245.221.92 - - [30/May/2023:05:37:56 -0500] "HEAD / HTTP/1.1" 200 -
201.245.192.253 - - [30/May/2023:05:38:02 -0500] "POST /sipse/faces/presentacion/proyectos/proyecto/listarProyecto.xhtml HTTP/1.1" 200 4886
201.245.192.253 - - [30/May/2023:05:38:12 -0500] "POST /sipse/faces/presentacion/proyectos/proyecto/listarProyecto.xhtml HTTP/1.1" 200 163
201.245.192.253 - - [30/May/2023:05:38:12 -0500] "GET /sipse/faces/presentacion/proyectos/proyecto/proyecto.xhtml HTTP/1.1" 200 85976
201.245.192.253 - - [30/May/2023:05:38:14 -0500] "GET /sipse/faces/javax.faces.resource/theme.css?ln=primefaces-sipse HTTP/1.1" 304 -
201.245.192.253 - - [30/May/2023:05:38:14 -0500] "GET /sipse/faces/javax.faces.resource/primefaces.css?ln=primefaces&v=4.0 HTTP/1.1" 304 -
201.245.192.253 - - [30/May/2023:05:38:14 -0500] "GET /sipse/faces/javax.faces.resource/jquery/jquery-plugins.js?ln=primefaces&v=4.0 HTTP/1.1" 304 -
201.245.192.253 - - [30/May/2023:05:38:14 -0500] "GET /sipse/faces/javax.faces.resource/layout/layout.css?ln=primefaces&v=4.0 HTTP/1.1" 304 -
201.245.192.253 - - [30/May/2023:05:38:14 -0500] "GET /sipse/faces/javax.faces.resource/jquery/jquery.js?ln=primefaces&v=4.0 HTTP/1.1" 304 -
201.245.192.253 - - [30/May/2023:05:38:14 -0500] "GET /sipse/faces/javax.faces.resource/primefaces.js?ln=primefaces&v=4.0 HTTP/1.1" 304 -
201.245.192.253 - - [30/May/2023:05:38:14 -0500] "GET /sipse/faces/javax.faces.resource/layout/layout.js?ln=primefaces&v=4.0 HTTP/1.1" 304 -
201.245.192.253 - - [30/May/2023:05:38:14 -0500] "GET /sipse/faces/javax.faces.resource/images/ui-icons_898989_256x240.png?ln=primefaces-aristo HTTP/1.1" 304 -
201.245.192.253 - - [30/May/2023:05:38:15 -0500] "GET /sipse/faces/javax.faces.resource/images/ui-bg_flat_0_2d5972_40x100.png?ln=primefaces-aristo HTTP/1.1" 304 -
201.245.192.253 - - [30/May/2023:05:38:15 -0500] "POST /sipse/faces/presentacion/proyectos/proyecto/proyecto.xhtml HTTP/1.1" 200 3261
172.22.2.4 - - [30/May/2023:05:36:52 -0500] "HEAD /BLA/boletinlegal/ HTTP/1.1" 200 -
201.245.192.253 - - [30/May/2023:05:38:42 -0500] "POST /kwsrmcab/Wsrmcab  HTTP/1.1" 200 43202
201.245.192.253 - - [30/May/2023:05:38:52 -0500] "POST /kwsrmcab/Wsrmcab HTTP/1.1" 200 40831
201.245.192.253 - - [30/May/2023:05:38:55 -0500] "POST /kwsrmcab/Wsrmcab HTTP/1.1" 200 43528
172.22.2.4 - - [30/May/2023:05:37:42 -0500] "GET /BLA/boletinlegal/ HTTP/1.1" 200 55221
66.249.73.51 - - [30/May/2023:05:39:23 -0500] "-" 408 -
201.245.192.253 - - [30/May/2023:05:39:26 -0500] "GET /sipsesda/faces/vista/sistema/cargarMenu.jspx?accionMenu=listadoFuncionario&menuID=18 HTTP/1.1" 200 33027
201.245.192.253 - - [30/May/2023:05:39:26 -0500] "GET /sipsesda/imagenes/cargando.gif HTTP/1.1" 200 1287
201.245.192.253 - - [30/May/2023:05:39:26 -0500] "POST /sipsesda/faces/vista/sistema/cargarMenu.jspx HTTP/1.1" 200 36922
201.245.192.253 - - [30/May/2023:05:39:34 -0500] "POST /sipsesda/faces/vista/administracion/funcionario/listadoFuncionario.jspx HTTP/1.1" 200 37368
201.245.192.253 - - [30/May/2023:05:39:37 -0500] "POST /sipsesda/faces/vista/administracion/funcionario/listadoFuncionario.jspx HTTP/1.1" 200 20239
201.245.192.253 - - [30/May/2023:05:39:38 -0500] "GET /sipsesda/adf/jsLibs/resources/LocaleElements_es_CO10_1_3_4_0.js HTTP/1.1" 200 824
201.245.192.253 - - [30/May/2023:05:40:06 -0500] "POST /sipsesda/faces/vista/administracion/funcionario/registrarFuncionario.jspx?_afPfm=1 HTTP/1.1" 200 7597
201.245.192.253 - - [30/May/2023:05:40:11 -0500] "POST /sipsesda/faces/vista/administracion/rolFuncionario/registrarRolFuncionario.jspx?_afPfm=1.1 HTTP/1.1" 200 20249
201.245.192.253 - - [30/May/2023:05:40:15 -0500] "POST /sipsesda/faces/vista/administracion/funcionario/registrarFuncionario.jspx?_afPfm=1 HTTP/1.1" 200 14760
201.245.192.253 - - [30/May/2023:05:40:17 -0500] "GET /sipsesda/faces/__ADFv__?_afPfm=1.2&_t=fred&_red=cd&value=1685443170266&loc=es-CO&enc=UTF-8&minValue=1136073600000&maxValue=1811635200000 HTTP/1.1" 200 1074
201.245.192.253 - - [30/May/2023:05:40:17 -0500] "GET /sipsesda/faces/__ADFv__?_afPfm=1.2&_t=cd&loc=es-CO&minValue=1136073600000&maxValue=1811635200000&enc=UTF-8&value=1685443170266 HTTP/1.1" 200 7451
201.245.192.253 - - [30/May/2023:05:40:25 -0500] "POST /sipsesda/faces/vista/administracion/dependenciaFuncionario/registrarDependenciaFuncionario.jspx?_afPfm=1.2 HTTP/1.1" 200 20267
201.245.192.253 - - [30/May/2023:05:40:31 -0500] "POST /sipsesda/faces/vista/administracion/funcionario/registrarFuncionario.jspx?_afPfm=1 HTTP/1.1" 200 20578
201.245.192.253 - - [30/May/2023:05:40:43 -0500] "POST /sipsesda/faces/vista/administracion/funcionario/registrarFuncionario.jspx?_afPfm=1 HTTP/1.1" 200 37431
201.245.192.253 - - [30/May/2023:05:41:03 -0500] "POST /sipsesda/faces/vista/administracion/funcionario/listadoFuncionario.jspx HTTP/1.1" 200 37282
201.245.192.253 - - [30/May/2023:05:41:07 -0500] "POST /sipsesda/faces/vista/administracion/funcionario/listadoFuncionario.jspx HTTP/1.1" 200 36922
201.245.192.253 - - [30/May/2023:05:41:13 -0500] "POST /sipsesda/faces/vista/administracion/funcionario/listadoFuncionario.jspx HTTP/1.1" 200 37373
201.245.192.253 - - [30/May/2023:05:41:14 -0500] "POST /sipsesda/faces/vista/administracion/funcionario/listadoFuncionario.jspx HTTP/1.1" 200 20018
201.245.192.253 - - [30/May/2023:05:41:41 -0500] "POST /sipsesda/faces/vista/administracion/funcionario/registrarFuncionario.jspx?_afPfm=2 HTTP/1.1" 200 37427
201.245.192.253 - - [30/May/2023:05:41:43 -0500] "POST /sipsesda/faces/vista/administracion/funcionario/listadoFuncionario.jspx HTTP/1.1" 200 36922
201.245.192.253 - - [30/May/2023:05:41:48 -0500] "POST /sipsesda/faces/vista/administracion/funcionario/listadoFuncionario.jspx HTTP/1.1" 200 37380
201.245.192.253 - - [30/May/2023:05:41:50 -0500] "POST /sipsesda/faces/vista/administracion/funcionario/listadoFuncionario.jspx HTTP/1.1" 200 20271
201.245.192.253 - - [30/May/2023:05:42:01 -0500] "POST /sipsesda/faces/vista/administracion/funcionario/registrarFuncionario.jspx?_afPfm=3 HTTP/1.1" 200 37435
201.245.192.253 - - [30/May/2023:05:42:05 -0500] "POST /sipsesda/faces/vista/administracion/funcionario/listadoFuncionario.jspx HTTP/1.1" 200 36926
201.245.192.253 - - [30/May/2023:05:42:10 -0500] "POST /sipsesda/faces/vista/administracion/funcionario/listadoFuncionario.jspx HTTP/1.1" 200 37377
172.22.2.4 - - [30/May/2023:05:42:12 -0500] "GET /BLA/boletinlegal/actos.php HTTP/1.1" 200 9682
201.245.192.253 - - [30/May/2023:05:42:12 -0500] "POST /sipsesda/faces/vista/administracion/funcionario/listadoFuncionario.jspx HTTP/1.1" 200 20022
201.245.192.253 - - [30/May/2023:05:42:22 -0500] "POST /sipsesda/faces/vista/administracion/funcionario/registrarFuncionario.jspx?_afPfm=4 HTTP/1.1" 200 14759
201.245.192.253 - - [30/May/2023:05:42:26 -0500] "POST /sipsesda/faces/vista/administracion/dependenciaFuncionario/registrarDependenciaFuncionario.jspx?_afPfm=4.1 HTTP/1.1" 200 20022
201.245.192.253 - - [30/May/2023:05:42:37 -0500] "POST /sipsesda/faces/vista/administracion/funcionario/registrarFuncionario.jspx?_afPfm=4 HTTP/1.1" 200 7596
201.245.192.253 - - [30/May/2023:05:42:39 -0500] "POST /sipsesda/faces/vista/administracion/rolFuncionario/registrarRolFuncionario.jspx?_afPfm=4.2 HTTP/1.1" 200 20022
201.245.192.253 - - [30/May/2023:05:42:42 -0500] "POST /sipsesda/faces/vista/administracion/funcionario/registrarFuncionario.jspx?_afPfm=4 HTTP/1.1" 200 17895
201.245.192.253 - - [30/May/2023:05:42:47 -0500] "POST /sipsesda/faces/vista/administracion/cargoFuncionario/registrarCargoFuncionario.jspx?_afPfm=4.3 HTTP/1.1" 200 20030
201.245.192.253 - - [30/May/2023:05:42:51 -0500] "POST /sipsesda/faces/vista/administracion/funcionario/registrarFuncionario.jspx?_afPfm=4 HTTP/1.1" 200 37431
201.245.192.253 - - [30/May/2023:05:42:54 -0500] "POST /sipsesda/faces/vista/administracion/funcionario/listadoFuncionario.jspx HTTP/1.1" 200 36926
216.245.221.92 - - [30/May/2023:05:42:56 -0500] "HEAD / HTTP/1.1" 200 -
201.245.192.253 - - [30/May/2023:05:42:59 -0500] "POST /sipsesda/faces/vista/administracion/funcionario/listadoFuncionario.jspx HTTP/1.1" 200 37380
201.245.192.253 - - [30/May/2023:05:43:00 -0500] "POST /sipsesda/faces/vista/administracion/funcionario/listadoFuncionario.jspx HTTP/1.1" 200 20279
201.245.192.253 - - [30/May/2023:05:43:25 -0500] "POST /sipsesda/faces/vista/administracion/funcionario/registrarFuncionario.jspx?_afPfm=5 HTTP/1.1" 200 37435
201.245.192.253 - - [30/May/2023:05:43:27 -0500] "POST /sipsesda/faces/vista/administracion/funcionario/listadoFuncionario.jspx HTTP/1.1" 200 36926
201.245.192.253 - - [30/May/2023:05:43:31 -0500] "POST /sipsesda/faces/vista/administracion/funcionario/listadoFuncionario.jspx HTTP/1.1" 200 37377
201.245.192.253 - - [30/May/2023:05:43:33 -0500] "POST /sipsesda/faces/vista/administracion/funcionario/listadoFuncionario.jspx HTTP/1.1" 200 20030
