157.55.39.239 - - [30/May/2023:01:05:52 -0500] "GET /BLA/resoluciones/AUTOS%202021/2985.pdf HTTP/1.1" 304 -
5.255.231.20 - - [30/May/2023:01:05:58 -0500] "-" 408 -
157.55.39.239 - - [30/May/2023:01:06:28 -0500] "GET /forest/ HTTP/1.1" 200 12041
201.245.192.253 - - [30/May/2023:01:06:39 -0500] "POST /kwsrmcab/Wsrmcab  HTTP/1.1" 200 43202
181.58.60.135 - - [30/May/2023:01:07:34 -0500] "GET /BLA/resoluciones/AUTOS%202017/5281.pdf HTTP/1.1" 200 332953
40.77.167.97 - - [30/May/2023:01:07:51 -0500] "GET /BLA/resoluciones/RESOLUCIONES%202021/2025.pdf HTTP/1.1" 304 -
216.245.221.92 - - [30/May/2023:01:07:57 -0500] "HEAD / HTTP/1.1" 200 -
172.22.2.4 - - [30/May/2023:01:08:21 -0500] "GET /BLA/boletinlegal/actos.php HTTP/1.1" 200 9682
201.185.97.236 - - [30/May/2023:01:08:25 -0500] "GET /BLA/resoluciones/ HTTP/1.1" 200 13502
201.185.97.236 - - [30/May/2023:01:08:30 -0500] "GET /BLA/resoluciones/index.php?dir=AUTOS+2022%2F HTTP/1.1" 200 496066
172.22.2.4 - - [30/May/2023:01:08:19 -0500] "GET /BLA/boletinlegal/ HTTP/1.1" 200 24523
172.22.2.4 - - [30/May/2023:01:08:32 -0500] "HEAD /BLA/boletinlegal/ HTTP/1.1" 200 -
172.22.2.4 - - [30/May/2023:01:09:23 -0500] "GET /BLA/boletinlegal/ HTTP/1.1" 200 55221
172.22.2.4 - - [30/May/2023:01:10:50 -0500] "GET /BLA/boletinlegal/ HTTP/1.1" 200 24523
201.245.192.253 - - [30/May/2023:01:11:38 -0500] "POST /kwsrmcab/Wsrmcab  HTTP/1.1" 200 43202
172.22.2.4 - - [30/May/2023:01:12:01 -0500] "GET /BLA/boletinlegal/consulta_actos.php?tipo=autos&no=5049&usuario=&sector=&fecha=2018&resuelve= HTTP/1.1" 200 1064
172.22.2.4 - - [30/May/2023:01:12:05 -0500] "GET /BLA/boletinlegal/consulta_actos.php?tipo=autos&no=5049&usuario=&sector=&fecha=2018&resuelve= HTTP/1.1" 200 1064
172.22.2.4 - - [30/May/2023:01:12:06 -0500] "GET /BLA/boletinlegal/consulta_actos.php?tipo=autos&no=5049&usuario=&sector=&fecha=2018&resuelve= HTTP/1.1" 200 1064
172.22.2.4 - - [30/May/2023:01:12:06 -0500] "GET /BLA/boletinlegal/consulta_actos.php?tipo=autos&no=5049&usuario=&sector=&fecha=2018&resuelve= HTTP/1.1" 200 1064
181.58.60.135 - - [30/May/2023:01:12:24 -0500] "GET /BLA/resoluciones/AUTOS%202018/5049.pdf HTTP/1.1" 200 251070
40.77.167.241 - - [30/May/2023:01:12:44 -0500] "GET /BLA/resoluciones/AUTOS%202021/1066.pdf HTTP/1.1" 304 -
216.245.221.92 - - [30/May/2023:01:12:57 -0500] "HEAD / HTTP/1.1" 200 -
40.77.167.188 - - [30/May/2023:01:13:56 -0500] "GET /BLA/resoluciones/AUTOS%202021/5312.pdf HTTP/1.1" 304 -
172.22.2.4 - - [30/May/2023:01:14:22 -0500] "HEAD /BLA/boletinlegal/ HTTP/1.1" 200 -
201.245.192.253 - - [30/May/2023:01:16:37 -0500] "POST /kwsrmcab/Wsrmcab  HTTP/1.1" 200 43202
172.22.2.4 - - [30/May/2023:01:15:13 -0500] "GET /BLA/boletinlegal/ HTTP/1.1" 200 54424
216.245.221.92 - - [30/May/2023:01:17:57 -0500] "HEAD / HTTP/1.1" 200 -
201.245.192.253 - - [30/May/2023:01:18:53 -0500] "POST /kwsrmcab/Wsrmcab HTTP/1.1" 200 40682
201.245.192.253 - - [30/May/2023:01:18:56 -0500] "POST /kwsrmcab/Wsrmcab HTTP/1.1" 200 43511
152.61.128.50 - - [30/May/2023:01:19:27 -0500] "GET /arcgis/services/Calidad_del_Agua_WQI/MapServer/WMSServer?request=GetCapabilities&service=WMS HTTP/1.1" 503 1020
152.61.128.50 - - [30/May/2023:01:19:28 -0500] "GET /arcgis/services/Calidad_del_Agua_WQI/MapServer/WMSServer?SERVICE=WMS&REQUEST=GetCapabilities HTTP/1.1" 503 1020
152.61.128.50 - - [30/May/2023:01:19:29 -0500] "GET /arcgis/services/Calidad_del_Agua_WQI/MapServer/WMSServer?WMTVER=1.0.0&REQUEST=capabilities HTTP/1.1" 503 1020
201.245.192.253 - - [30/May/2023:01:21:36 -0500] "POST /kwsrmcab/Wsrmcab  HTTP/1.1" 200 43202
172.22.2.4 - - [30/May/2023:01:20:12 -0500] "HEAD /BLA/boletinlegal/ HTTP/1.1" 200 -
180.242.156.191 - - [30/May/2023:01:22:23 -0500] "GET / HTTP/1.1" 200 319
172.22.2.4 - - [30/May/2023:01:21:03 -0500] "GET /BLA/boletinlegal/ HTTP/1.1" 200 57561
216.245.221.92 - - [30/May/2023:01:22:57 -0500] "HEAD / HTTP/1.1" 200 -
172.22.2.4 - - [30/May/2023:01:24:06 -0500] "GET /BLA/boletinlegal/actos.php HTTP/1.1" 200 9682
173.252.79.3 - - [30/May/2023:01:24:10 -0500] "GET /images/reunion-planta-termovalorizacion-11-mayo.jpg HTTP/1.1" 200 34782
201.245.192.253 - - [30/May/2023:01:26:35 -0500] "POST /kwsrmcab/Wsrmcab  HTTP/1.1" 200 43202
66.249.79.132 - - [30/May/2023:01:27:19 -0500] "-" 408 -
172.22.2.4 - - [30/May/2023:01:26:02 -0500] "HEAD /BLA/boletinlegal/ HTTP/1.1" 200 -
216.245.221.92 - - [30/May/2023:01:27:57 -0500] "HEAD / HTTP/1.1" 200 -
172.22.2.4 - - [30/May/2023:01:26:52 -0500] "GET /BLA/boletinlegal/ HTTP/1.1" 200 57945
201.245.192.253 - - [30/May/2023:01:28:54 -0500] "POST /kwsrmcab/Wsrmcab HTTP/1.1" 200 40682
201.245.192.253 - - [30/May/2023:01:28:56 -0500] "POST /kwsrmcab/Wsrmcab HTTP/1.1" 200 43511
157.55.39.239 - - [30/May/2023:01:31:10 -0500] "GET /appsia/controlador HTTP/1.1" 200 4799
40.77.167.97 - - [30/May/2023:01:31:24 -0500] "GET /appsia/css/estilos.css HTTP/1.1" 200 4804
40.77.167.188 - - [30/May/2023:01:31:28 -0500] "GET /appsia/scripts/validarIngreso.js HTTP/1.1" 200 851
201.245.192.253 - - [30/May/2023:01:31:34 -0500] "POST /kwsrmcab/Wsrmcab  HTTP/1.1" 200 43202
52.167.144.57 - - [30/May/2023:01:31:57 -0500] "-" 408 -
216.245.221.92 - - [30/May/2023:01:32:57 -0500] "HEAD / HTTP/1.1" 200 -
157.55.39.239 - - [30/May/2023:01:33:32 -0500] "GET /BLA/resoluciones/RESOLUCIONES%202022/1079.pdf HTTP/1.1" 200 695620
172.22.2.4 - - [30/May/2023:01:31:52 -0500] "HEAD /BLA/boletinlegal/ HTTP/1.1" 200 -
172.22.2.4 - - [30/May/2023:01:32:43 -0500] "GET /BLA/boletinlegal/ HTTP/1.1" 200 56754
201.245.192.253 - - [30/May/2023:01:36:33 -0500] "POST /kwsrmcab/Wsrmcab  HTTP/1.1" 503 1020
40.77.167.97 - - [30/May/2023:01:37:15 -0500] "GET /BLA/resoluciones/AUTOS%202022/0190.pdf HTTP/1.1" 200 350609
66.249.79.130 - - [30/May/2023:01:37:28 -0500] "-" 408 -
201.245.192.253 - - [30/May/2023:01:37:32 -0500] "POST /kwsrmcab/Wsrmcab  HTTP/1.1" 503 1020
216.245.221.92 - - [30/May/2023:01:37:57 -0500] "HEAD / HTTP/1.1" 200 -
201.245.192.253 - - [30/May/2023:01:38:31 -0500] "POST /kwsrmcab/Wsrmcab  HTTP/1.1" 200 43202
201.245.192.253 - - [30/May/2023:01:38:53 -0500] "POST /kwsrmcab/Wsrmcab HTTP/1.1" 200 40682
201.245.192.253 - - [30/May/2023:01:38:56 -0500] "POST /kwsrmcab/Wsrmcab HTTP/1.1" 200 43511
172.22.2.4 - - [30/May/2023:01:37:42 -0500] "HEAD /BLA/boletinlegal/ HTTP/1.1" 200 -
201.245.192.253 - - [30/May/2023:01:39:32 -0500] "POST /kwsrmcab/Wsrmcab  HTTP/1.1" 200 43202
172.22.2.4 - - [30/May/2023:01:38:32 -0500] "GET /BLA/boletinlegal/ HTTP/1.1" 200 59306
40.77.167.97 - - [30/May/2023:01:40:34 -0500] "GET /BLA/resoluciones/AUTOS%202021/4224.pdf HTTP/1.1" 304 -
172.22.2.4 - - [30/May/2023:01:41:21 -0500] "GET /BLA/boletinlegal/robots.txt HTTP/1.1" 404 1038
172.22.2.4 - - [30/May/2023:01:41:22 -0500] "GET /BLA/boletinlegal/actos.php HTTP/1.1" 200 9682
216.245.221.92 - - [30/May/2023:01:42:57 -0500] "HEAD / HTTP/1.1" 200 -
201.245.192.253 - - [30/May/2023:01:44:31 -0500] "POST /kwsrmcab/Wsrmcab  HTTP/1.1" 200 43202
172.22.2.4 - - [30/May/2023:01:43:32 -0500] "HEAD /BLA/boletinlegal/ HTTP/1.1" 200 -
172.22.2.4 - - [30/May/2023:01:44:22 -0500] "GET /BLA/boletinlegal/ HTTP/1.1" 200 57151
114.119.158.5 - - [30/May/2023:01:47:20 -0500] "-" 408 -
172.22.2.4 - - [30/May/2023:01:47:27 -0500] "GET /BLA/boletinlegal/ HTTP/1.1" 200 20427
216.245.221.92 - - [30/May/2023:01:47:57 -0500] "HEAD / HTTP/1.1" 200 -
66.249.73.55 - - [30/May/2023:01:48:45 -0500] "-" 408 -
52.167.144.25 - - [30/May/2023:01:48:54 -0500] "GET /BLA/resoluciones/AUTOS%202021/3853.pdf HTTP/1.1" 304 -
201.245.192.253 - - [30/May/2023:01:49:30 -0500] "POST /kwsrmcab/Wsrmcab  HTTP/1.1" 200 43202
172.22.2.4 - - [30/May/2023:01:49:22 -0500] "HEAD /BLA/boletinlegal/ HTTP/1.1" 200 -
172.22.2.4 - - [30/May/2023:01:50:12 -0500] "GET /BLA/boletinlegal/ HTTP/1.1" 200 57151
216.245.221.92 - - [30/May/2023:01:52:57 -0500] "HEAD / HTTP/1.1" 200 -
66.249.79.130 - - [30/May/2023:01:54:18 -0500] "-" 408 -
201.245.192.253 - - [30/May/2023:01:54:29 -0500] "POST /kwsrmcab/Wsrmcab  HTTP/1.1" 200 43202
172.22.2.4 - - [30/May/2023:01:55:12 -0500] "HEAD /BLA/boletinlegal/ HTTP/1.1" 200 -
172.22.2.4 - - [30/May/2023:01:56:02 -0500] "GET /BLA/boletinlegal/ HTTP/1.1" 200 55934
216.245.221.92 - - [30/May/2023:01:57:57 -0500] "HEAD / HTTP/1.1" 200 -
61.135.159.174 - - [30/May/2023:01:57:58 -0500] "GET / HTTP/1.1" 200 319
201.245.192.253 - - [30/May/2023:01:59:27 -0500] "POST /kwsrmcab/Wsrmcab  HTTP/1.1" 200 43202
172.22.2.4 - - [30/May/2023:02:01:18 -0500] "GET /BLA/boletinlegal/robots.txt HTTP/1.1" 404 1140
172.22.2.4 - - [30/May/2023:02:01:02 -0500] "HEAD /BLA/boletinlegal/ HTTP/1.1" 200 -
216.245.221.92 - - [30/May/2023:02:02:57 -0500] "HEAD / HTTP/1.1" 200 -
172.22.2.4 - - [30/May/2023:02:02:47 -0500] "GET /BLA/boletinlegal/ HTTP/1.1" 200 24523
172.22.2.4 - - [30/May/2023:02:01:52 -0500] "GET /BLA/boletinlegal/ HTTP/1.1" 200 55571
201.245.192.253 - - [30/May/2023:02:04:27 -0500] "POST /kwsrmcab/Wsrmcab  HTTP/1.1" 200 43202
66.240.236.116 - - [30/May/2023:02:06:12 -0500] "GET / HTTP/1.1" 200 319
216.245.221.92 - - [30/May/2023:02:07:57 -0500] "HEAD / HTTP/1.1" 200 -
172.22.2.4 - - [30/May/2023:02:06:52 -0500] "HEAD /BLA/boletinlegal/ HTTP/1.1" 200 -
157.55.39.239 - - [30/May/2023:02:08:55 -0500] "GET /BLA/resoluciones/AUTOS%202021/0482.pdf HTTP/1.1" 304 -
172.22.2.4 - - [30/May/2023:02:07:43 -0500] "GET /BLA/boletinlegal/ HTTP/1.1" 200 52730
201.245.192.253 - - [30/May/2023:02:09:26 -0500] "POST /kwsrmcab/Wsrmcab  HTTP/1.1" 200 43202
216.245.221.92 - - [30/May/2023:02:12:57 -0500] "HEAD / HTTP/1.1" 200 -
172.22.2.4 - - [30/May/2023:02:12:42 -0500] "HEAD /BLA/boletinlegal/ HTTP/1.1" 200 -
201.245.192.253 - - [30/May/2023:02:14:25 -0500] "POST /kwsrmcab/Wsrmcab  HTTP/1.1" 200 43202
172.22.2.4 - - [30/May/2023:02:13:32 -0500] "GET /BLA/boletinlegal/ HTTP/1.1" 200 57945
52.167.144.46 - - [30/May/2023:02:17:51 -0500] "GET /acuerdos-de-conservacion-herramienta-para-la-preservacion-y-conocimiento-de-la-biodiversidad.html HTTP/1.1" 304 -
216.245.221.92 - - [30/May/2023:02:17:57 -0500] "HEAD / HTTP/1.1" 200 -
66.249.73.51 - - [30/May/2023:02:18:45 -0500] "-" 408 -
201.245.192.253 - - [30/May/2023:02:18:53 -0500] "POST /kwsrmcab/Wsrmcab HTTP/1.1" 200 40553
201.245.192.253 - - [30/May/2023:02:18:55 -0500] "POST /kwsrmcab/Wsrmcab HTTP/1.1" 200 43679
201.245.192.253 - - [30/May/2023:02:19:23 -0500] "POST /kwsrmcab/Wsrmcab  HTTP/1.1" 200 43202
172.22.2.4 - - [30/May/2023:02:18:32 -0500] "HEAD /BLA/boletinlegal/ HTTP/1.1" 200 -
162.55.43.55 - - [30/May/2023:02:20:21 -0500] "GET / HTTP/1.1" 200 319
172.22.2.4 - - [30/May/2023:02:19:22 -0500] "GET /BLA/boletinlegal/ HTTP/1.1" 200 55571
216.245.221.92 - - [30/May/2023:02:22:57 -0500] "HEAD / HTTP/1.1" 200 -
20.191.45.212 - - [30/May/2023:02:23:30 -0500] "GET / HTTP/1.1" 200 319
20.191.45.212 - - [30/May/2023:02:23:30 -0500] "GET /favicon.ico HTTP/1.1" 200 7782
201.245.192.253 - - [30/May/2023:02:24:22 -0500] "POST /kwsrmcab/Wsrmcab  HTTP/1.1" 200 43202
186.31.57.93 - - [30/May/2023:02:24:26 -0500] "GET /kwssiamovil/sm/acme/a?s=U2FsdGVkX19Tm5feXdLnSkdspXThwj3F8ssxVqBQR0/TPSF+tshG1WQChMOI2/G7BXGkd3H7J5+rDn0XPR38rziQQVp0HfUdyxtcv5KCEDY5Zn8q2ZIzdajoD/tBJfnnyrQF/ej8MbWDeoWqn3sWupLeCEABc84LOF7drKmZnhIn1guAaMUVYUEEX3jpsNPz2Z4j50BDRiHE7lNqCLf337n0U1gJiJRH3FqJ18sROLUYc/yvjUF7WP+D1s2g22ijftjNxteshLPB4ZuMTctc1A==&u=U2FsdGVkX19rhIaCUrXvQYt/lyanzfuy9iuDYG0gGedscwaz+5STJTqbq22fVVMv&y=U2FsdGVkX18BT5oGl9spTMlefS/iIJbnFlowjdePWBArsD3H2RaatpRSIGC/wrtg HTTP/1.1" 200 26
186.31.57.93 - - [30/May/2023:02:24:30 -0500] "GET /kwssiamovil/sm/acme/a?s=U2FsdGVkX18IbXLCho8s6YiMh55zI0lB9P2UD9PoeI5AiJ7mEu8QbHtDS85fbuBK+TofkEj5RZTUDFTgr46Jk4ylE6jLT5P2DrOnD6UfW2Txut5xiv5hhUpins3wawSsEEI12+6bBsoAZEcKuA/1YXbybyuwtMxaBauHNSuwhsp/iJEGG3VeZyl83wx2ya5+Yk3r6vJaEAOKD4uYnIv7T3TPLYovzjsZmhexKZLxmXPlK6ejdboPpr+lq/xse/s1s2JYsMVWkBT08t2eYwcmUm3k6EvMI9WOao3qBo/MVFg5LlxTvkiF58Tq/LWLWxtUAOJn8CZq3+YnZ0MKrD4YtktJcbP3iVnV8VfD0Yp4qtJLjs2DAr3aDLfp/7no3BnrIjCZQhCeaNrxUZo9dB8mNEG2v1SM2gqZHfqkv/ol2z5+tIuazwQkaFdk01UBscArN6yuOFwamAyKYpmZdYhE31GJlvnRF/BdqOHJz4YAWb8Yh6xoQ66dqTA5sKLm4LbgJb1lf1qnt5LbpknZkIwBxS24FxjZTErBoxLO3g9s1VyDw3uoQkHku6dJZs0TEcagJjJQfn2Ix4cFr5oj11hOPiutW2fhlEtWkDQXO/WuK1MepCVNgHDZT1mQf/DtTL4oaNu8wGxzUt7B+nhAvvcSYnRX9nE4cKP4uyEAYLfIslBGxCB7CzIg9InDb5sul9IN5vXwDNo/d6zvOnUDBlMtMTh8m/n9ZaLJYkW3kkMACShK1DmCTP7+T83NbU6Len0dfwdBkNGBRTDp0+roA4Eqiolmy9VjhZE9EXGBWu9co5U5Rzre5ROtByZUl9tMNh5BXs9g5CXqIP3mYn9F3BA1cVjey2gBWfcKp5ArnBuvBJ9t9ov4Dq/AFvICH3GhEiTPHx5DZHiXbnrcgpu46NSH4TPBPfiibPNJW/yrCMbS8IkXEfC8Hmg4U5IBtNZhYfjYi5aq5Lcd+x3oYX6t6LBOMtxsu3Nl4JjpUIDsLZT62ioqCjlGNL65ICZJYmVbYLiAMY2eLgWgGqh03Sm0zjCXdor1e+MLelmnaX/bGBBuvnabq4RfKH7Z0TlLQk3mPJn1Se8TWUZ8sjjsxQRaCSuqifiwshqdbmCWOyFVaQk/ZYFnFCMG5xN0yR/3PwvHaTf1AI3mihkDVVudOySOOLR8D3HkzaM8ZG4GKRMT5zNxWKVEYt2ixilMHII4tOH+ZQlKtyEDoeCbacBIikjNr8KT3BUA1Wv2S10iE/QTbn+6oVUnzArxthThzSDGpnKCaidoirO+9jd3h+dvl79oRboLHh2mz4bTyEdp3sC0ys7XYf2RAisrXoYnNy5OrhfFhf/FlkDH28TBOIn8d+61CR/HbTj3kciOscGRURt61wlM/rknqWm77jXaCQ1ec8uPWytWdH5wh8m0lP/nbfauSZZcJEaT/uyLA/x38Lb3oX6/YcqnmaaeLQnnQfFEeRXl7OLv9igslZ+pROaoMs3d0tWxhCjtrNOinZJ7BaHnB+6dnCFETy1GwOvvEoUhfnLqaMhfoKTxxtTvwTVvniLwo2FWRgzTkC85B/9un5j8A3+n01QKCUkz6GEo94BuSBtv6YETiRntZ5H8oSoxySml1acJVuEqfgLDI8MhbNC16g4f7gToR+JjEAfS5QDbnIQe8IQJxFyzTfJqUC9x6B8uVvcpdl7jTUP8knQhf0edCecsm5HhttE2ugJ1AcRz9sk1bbe8W2NlVZb4loKW3niLNDu8OM513JAWhRsUnebpXIloOCKqxt0tkzVTaPmLIy9A6d4PmlC3vMQR0vg4QeKlUkXYi2Gp/PsjSi4l7v4vDw4Ufy7A7B4XuiNrNiOIeNz33utK6Kt7AxwCEqYrzPgGCv0sUPDYwhOqCIRPyLpTtDRdbyU=&u=U2FsdGVkX19rhIaCUrXvQYt/lyanzfuy9iuDYG0gGedscwaz+5STJTqbq22fVVMv&y=U2FsdGVkX18BT5oGl9spTMlefS/iIJbnFlowjdePWBArsD3H2RaatpRSIGC/wrtg HTTP/1.1" 200 26
186.31.57.93 - - [30/May/2023:02:24:33 -0500] "GET /kwssiamovil/sm/acme/a?s=U2FsdGVkX18au4wC+uaoLFkwEd/bTx9G78OshqvdKWCrqht63M0rBDM4Boffe7RQvwkcqdFrOD2Vd8hgexAZL9jyOPJsaTZDVAlF58xJsvkOuq+vRGqQ0SBijkQsz5waO43bbMnxjwUYShBKreyXHqq//My6nThaFUZwdTvlg3Q=&u=U2FsdGVkX19rhIaCUrXvQYt/lyanzfuy9iuDYG0gGedscwaz+5STJTqbq22fVVMv&y=U2FsdGVkX18BT5oGl9spTMlefS/iIJbnFlowjdePWBArsD3H2RaatpRSIGC/wrtg HTTP/1.1" 200 26
186.31.57.93 - - [30/May/2023:02:24:36 -0500] "GET /kwssiamovil/sm/acme/a?s=U2FsdGVkX1+X5EfjnXLmkQo0TuGLISvE3T/voCS+YY8NkyXA1BZBswWPG9jj5SijfEy0xrEbuAXiX2Gu1Dm/daX3DOglmdWREqw46wfNpQ4HSSf28BrlyZ9/F81cvCUm+csfNgPz82W/OBfs1LBr9lJoopGtQfCGGwDwdmL4o8s=&u=U2FsdGVkX19rhIaCUrXvQYt/lyanzfuy9iuDYG0gGedscwaz+5STJTqbq22fVVMv&y=U2FsdGVkX18BT5oGl9spTMlefS/iIJbnFlowjdePWBArsD3H2RaatpRSIGC/wrtg HTTP/1.1" 200 26
186.31.57.93 - - [30/May/2023:02:24:39 -0500] "GET /kwssiamovil/sm/acme/a?s=U2FsdGVkX18C+nZxs8mz9GagrmkDzUPO/GQiN2Qge148eZcU6f114X8Ie4WMTqGnQqH1XHdmKvndVxSQic+766Q45hisEAaPpRPs3DqN2Ksj32QECNJKX1T48pe1ByOWPU1+M3UXweAYa//v93NGtScltMahnbziF5tL1fgeRPE=&u=U2FsdGVkX19rhIaCUrXvQYt/lyanzfuy9iuDYG0gGedscwaz+5STJTqbq22fVVMv&y=U2FsdGVkX18BT5oGl9spTMlefS/iIJbnFlowjdePWBArsD3H2RaatpRSIGC/wrtg HTTP/1.1" 200 26
186.31.57.93 - - [30/May/2023:02:24:42 -0500] "GET /kwssiamovil/sm/acme/a?s=U2FsdGVkX1+fzl+6P/xfanRBbXNmnkAnVS+aqtnEuL4TJkiu6u2E0XXEmIF2Akj+PnMJD0f6b1ezjlnYkyxMOii227Cl21rKDl2p9qztDwVhPZzfcX+6v/6qJAMOCvwnK0KsW5i+NjngmkCzLw0pmQHTWHbPRNqvx3+TXK1neBUjpoN6g0vbZoJs15RRv1aX7Fzhf4Rz50qldL7x75lEyA==&u=U2FsdGVkX19rhIaCUrXvQYt/lyanzfuy9iuDYG0gGedscwaz+5STJTqbq22fVVMv&y=U2FsdGVkX18BT5oGl9spTMlefS/iIJbnFlowjdePWBArsD3H2RaatpRSIGC/wrtg HTTP/1.1" 200 26
172.22.2.4 - - [30/May/2023:02:24:22 -0500] "HEAD /BLA/boletinlegal/ HTTP/1.1" 200 -
172.22.2.4 - - [30/May/2023:02:25:12 -0500] "GET /BLA/boletinlegal/ HTTP/1.1" 200 59306
216.245.221.92 - - [30/May/2023:02:27:57 -0500] "HEAD / HTTP/1.1" 200 -
109.70.100.11 - - [30/May/2023:02:28:37 -0500] "GET /wp-content/plugins/woocommerce/readme.txt HTTP/1.1" 404 1035
201.245.192.253 - - [30/May/2023:02:28:53 -0500] "POST /kwsrmcab/Wsrmcab HTTP/1.1" 200 40553
172.22.2.4 - - [30/May/2023:02:28:58 -0500] "GET /BLA/boletinlegal/robots.txt HTTP/1.1" 404 1038
201.245.192.253 - - [30/May/2023:02:28:56 -0500] "POST /kwsrmcab/Wsrmcab HTTP/1.1" 200 43679
201.245.192.253 - - [30/May/2023:02:29:22 -0500] "POST /kwsrmcab/Wsrmcab  HTTP/1.1" 200 43202
172.22.2.4 - - [30/May/2023:02:30:06 -0500] "GET /BLA/boletinlegal/jurisprudencia/analisis/analisis%20C-595-2010.doc HTTP/1.1" 304 -
172.22.2.4 - - [30/May/2023:02:28:59 -0500] "GET /BLA/boletinlegal/ HTTP/1.1" 200 60094
172.22.2.4 - - [30/May/2023:02:30:12 -0500] "HEAD /BLA/boletinlegal/ HTTP/1.1" 200 -
172.22.2.4 - - [30/May/2023:02:31:02 -0500] "GET /BLA/boletinlegal/ HTTP/1.1" 200 54808
216.245.221.92 - - [30/May/2023:02:32:57 -0500] "HEAD / HTTP/1.1" 200 -
186.102.97.254 - - [30/May/2023:02:32:59 -0500] "GET /agendate-para-participar-en-las-caminatas-ecologicas-de-febrero.html HTTP/1.1" 200 830
201.245.192.253 - - [30/May/2023:02:34:21 -0500] "POST /kwsrmcab/Wsrmcab  HTTP/1.1" 200 43202
40.77.167.245 - - [30/May/2023:02:35:02 -0500] "GET /secretaria-de-ambiente-capacito-y-certifico-a-miembros-del-ejercito-nacional-en-temas-de-cuidado-y-proteccion-ambiental.html HTTP/1.1" 200 888
3.0.126.133 - - [30/May/2023:02:36:33 -0500] "-" 408 -
172.22.2.4 - - [30/May/2023:02:36:02 -0500] "HEAD /BLA/boletinlegal/ HTTP/1.1" 200 -
216.245.221.92 - - [30/May/2023:02:37:57 -0500] "HEAD / HTTP/1.1" 200 -
172.22.2.4 - - [30/May/2023:02:36:52 -0500] "GET /BLA/boletinlegal/ HTTP/1.1" 200 59306
201.245.192.253 - - [30/May/2023:02:38:53 -0500] "POST /kwsrmcab/Wsrmcab HTTP/1.1" 200 40553
201.245.192.253 - - [30/May/2023:02:38:56 -0500] "POST /kwsrmcab/Wsrmcab HTTP/1.1" 200 43679
201.245.192.253 - - [30/May/2023:02:39:20 -0500] "POST /kwsrmcab/Wsrmcab  HTTP/1.1" 200 43202
40.77.167.255 - - [30/May/2023:02:41:03 -0500] "GET /BLA/resoluciones/AUTOS%202022/0269.pdf HTTP/1.1" 200 375190
205.210.31.185 - - [30/May/2023:02:42:11 -0500] "GET / HTTP/1.1" 200 319
216.245.221.92 - - [30/May/2023:02:42:57 -0500] "HEAD / HTTP/1.1" 200 -
66.249.79.130 - - [30/May/2023:02:43:28 -0500] "-" 408 -
172.22.2.4 - - [30/May/2023:02:41:52 -0500] "HEAD /BLA/boletinlegal/ HTTP/1.1" 200 -
40.77.167.188 - - [30/May/2023:02:43:54 -0500] "GET /BLA/resoluciones/AUTOS%202021/3242.pdf HTTP/1.1" 304 -
201.245.192.253 - - [30/May/2023:02:44:19 -0500] "POST /kwsrmcab/Wsrmcab  HTTP/1.1" 200 43202
172.22.2.4 - - [30/May/2023:02:42:42 -0500] "GET /BLA/boletinlegal/ HTTP/1.1" 200 53561
172.22.2.4 - - [30/May/2023:02:43:18 -0500] "GET /BLA/boletinlegal/ HTTP/1.1" 200 55221
199.16.157.181 - - [30/May/2023:02:45:22 -0500] "GET /images/cronica-mujer-biodiveridad-30-noviembre.jpg HTTP/1.1" 200 63270
199.16.157.182 - - [30/May/2023:02:45:22 -0500] "GET /con-pinceles-y-acuarelas-veronica-martinez-protege-la-biodiversidad.html HTTP/1.1" 200 990
216.245.221.92 - - [30/May/2023:02:47:57 -0500] "HEAD / HTTP/1.1" 200 -
66.249.73.55 - - [30/May/2023:02:48:45 -0500] "-" 408 -
201.245.192.253 - - [30/May/2023:02:49:18 -0500] "POST /kwsrmcab/Wsrmcab  HTTP/1.1" 200 43202
172.22.2.4 - - [30/May/2023:02:47:42 -0500] "HEAD /BLA/boletinlegal/ HTTP/1.1" 200 -
172.22.2.4 - - [30/May/2023:02:48:32 -0500] "GET /BLA/boletinlegal/ HTTP/1.1" 200 57151
157.55.39.239 - - [30/May/2023:02:52:30 -0500] "GET /BLA/resoluciones/AUTOS%202021/4538.pdf HTTP/1.1" 304 -
216.245.221.92 - - [30/May/2023:02:52:57 -0500] "HEAD / HTTP/1.1" 200 -
201.245.192.253 - - [30/May/2023:02:54:17 -0500] "POST /kwsrmcab/Wsrmcab  HTTP/1.1" 200 43202
172.22.2.4 - - [30/May/2023:02:53:32 -0500] "HEAD /BLA/boletinlegal/ HTTP/1.1" 200 -
172.22.2.4 - - [30/May/2023:02:54:22 -0500] "GET /BLA/boletinlegal/ HTTP/1.1" 200 53114
216.245.221.92 - - [30/May/2023:02:57:57 -0500] "HEAD / HTTP/1.1" 200 -
66.249.79.130 - - [30/May/2023:02:58:00 -0500] "-" 408 -
96.32.12.142 - - [30/May/2023:02:58:24 -0500] "GET / HTTP/1.1" 200 319
201.245.192.253 - - [30/May/2023:02:59:16 -0500] "POST /kwsrmcab/Wsrmcab  HTTP/1.1" 200 43202
172.22.2.4 - - [30/May/2023:02:59:22 -0500] "HEAD /BLA/boletinlegal/ HTTP/1.1" 200 -
172.22.2.4 - - [30/May/2023:03:00:12 -0500] "GET /BLA/boletinlegal/ HTTP/1.1" 200 59306
216.245.221.92 - - [30/May/2023:03:02:57 -0500] "HEAD / HTTP/1.1" 200 -
201.245.192.253 - - [30/May/2023:03:04:15 -0500] "POST /kwsrmcab/Wsrmcab  HTTP/1.1" 200 43202
172.22.2.4 - - [30/May/2023:03:05:12 -0500] "HEAD /BLA/boletinlegal/ HTTP/1.1" 200 -
179.43.177.244 - - [30/May/2023:03:07:19 -0500] "GET / HTTP/1.1" 200 319
172.22.2.4 - - [30/May/2023:03:06:02 -0500] "GET /BLA/boletinlegal/ HTTP/1.1" 200 59306
216.245.221.92 - - [30/May/2023:03:07:57 -0500] "HEAD / HTTP/1.1" 200 -
201.245.192.253 - - [30/May/2023:03:09:13 -0500] "POST /kwsrmcab/Wsrmcab  HTTP/1.1" 200 43202
172.22.2.4 - - [30/May/2023:03:09:39 -0500] "GET /BLA/boletinlegal/ab2g HTTP/1.1" 404 1018
172.22.2.4 - - [30/May/2023:03:09:40 -0500] "GET /BLA/boletinlegal/ab2h HTTP/1.1" 404 1018
172.22.2.4 - - [30/May/2023:03:09:58 -0500] "GET /BLA/boletinlegal/t4 HTTP/1.1" 404 1018
172.22.2.4 - - [30/May/2023:03:10:00 -0500] "GET /BLA/boletinlegal/favicon.ico HTTP/1.1" 404 1018
172.22.2.4 - - [30/May/2023:03:09:47 -0500] "GET /BLA/boletinlegal/ HTTP/1.1" 200 28619
186.154.32.145 - - [30/May/2023:03:11:40 -0500] "GET /sipse/faces/javax.faces.resource/images/ui-icons_898989_256x240.png?ln=primefaces-aristo HTTP/1.1" 304 -
186.154.32.145 - - [30/May/2023:03:11:42 -0500] "GET /sipse/faces/javax.faces.resource/images/ui-bg_flat_0_2d5972_40x100.png?ln=primefaces-aristo HTTP/1.1" 304 -
186.154.32.145 - - [30/May/2023:03:11:42 -0500] "POST /sipse/faces/presentacion/financiero/solicitudProceso/consultarHistorialSolProceso.xhtml HTTP/1.1" 302 -
186.154.32.145 - - [30/May/2023:03:11:42 -0500] "GET /sipse/faces/autenticacion.xhtml HTTP/1.1" 200 1099
186.154.32.145 - - [30/May/2023:03:11:44 -0500] "POST /sipse/faces/presentacion/financiero/solicitudProceso/consultarHistorialSolProceso.xhtml HTTP/1.1" 302 -
186.154.32.145 - - [30/May/2023:03:11:44 -0500] "GET /sipse/faces/autenticacion.xhtml HTTP/1.1" 200 1099
186.154.32.145 - - [30/May/2023:03:11:44 -0500] "POST /sipse/faces/presentacion/financiero/solicitudProceso/consultarHistorialSolProceso.xhtml HTTP/1.1" 302 -
186.154.32.145 - - [30/May/2023:03:11:44 -0500] "GET /sipse/faces/autenticacion.xhtml HTTP/1.1" 200 1099
186.154.32.145 - - [30/May/2023:03:11:46 -0500] "POST /sipse/faces/presentacion/financiero/solicitudProceso/consultarHistorialSolProceso.xhtml HTTP/1.1" 302 -
186.154.32.145 - - [30/May/2023:03:11:46 -0500] "GET /sipse/faces/autenticacion.xhtml HTTP/1.1" 200 12177
186.154.32.145 - - [30/May/2023:03:11:46 -0500] "GET /sipse/js/disable_browser_buttons.js HTTP/1.1" 304 -
186.154.32.145 - - [30/May/2023:03:11:46 -0500] "GET /sipse/faces/javax.faces.resource/theme.css?ln=primefaces-sipse HTTP/1.1" 304 -
186.154.32.145 - - [30/May/2023:03:11:46 -0500] "GET /sipse/faces/javax.faces.resource/primefaces.css?ln=primefaces&v=4.0 HTTP/1.1" 304 -
186.154.32.145 - - [30/May/2023:03:11:46 -0500] "GET /sipse/css/custom_css_sg_prime_login.css HTTP/1.1" 304 -
186.154.32.145 - - [30/May/2023:03:11:46 -0500] "GET /sipse/js/funciones.js HTTP/1.1" 304 -
186.154.32.145 - - [30/May/2023:03:11:46 -0500] "GET /sipse/faces/javax.faces.resource/jquery/jquery-plugins.js?ln=primefaces&v=4.0 HTTP/1.1" 304 -
186.154.32.145 - - [30/May/2023:03:11:46 -0500] "GET /sipse/faces/javax.faces.resource/layout/layout.css?ln=primefaces&v=4.0 HTTP/1.1" 304 -
186.154.32.145 - - [30/May/2023:03:11:46 -0500] "GET /sipse/faces/javax.faces.resource/primefaces.js?ln=primefaces&v=4.0 HTTP/1.1" 304 -
186.154.32.145 - - [30/May/2023:03:11:46 -0500] "GET /sipse/faces/javax.faces.resource/jquery/jquery.js?ln=primefaces&v=4.0 HTTP/1.1" 304 -
186.154.32.145 - - [30/May/2023:03:11:46 -0500] "GET /sipse/faces/javax.faces.resource/layout/layout.js?ln=primefaces&v=4.0 HTTP/1.1" 304 -
186.154.32.145 - - [30/May/2023:03:11:46 -0500] "GET /sipse/css/imagen/logoSDG.png HTTP/1.1" 304 -
186.154.32.145 - - [30/May/2023:03:11:46 -0500] "GET /sipse/faces/javax.faces.resource/images/ui-icons_898989_256x240.png?ln=primefaces-aristo HTTP/1.1" 304 -
186.154.32.145 - - [30/May/2023:03:11:46 -0500] "GET /sipse/css/imagen/loginimg.png HTTP/1.1" 200 71635
186.154.32.145 - - [30/May/2023:03:11:50 -0500] "POST /sipse/faces/autenticacion.xhtml HTTP/1.1" 200 2225
186.154.32.145 - - [30/May/2023:03:11:50 -0500] "GET /sipse/faces/javax.faces.resource/messages/messages.png?ln=primefaces&v=4.0 HTTP/1.1" 200 27209
186.154.32.145 - - [30/May/2023:03:11:51 -0500] "POST /sipse/faces/autenticacion.xhtml HTTP/1.1" 200 16243
186.154.32.145 - - [30/May/2023:03:11:51 -0500] "GET /sipse/css/custom_css_sg_prime.css HTTP/1.1" 304 -
186.154.32.145 - - [30/May/2023:03:11:51 -0500] "GET /sipse/faces/javax.faces.resource/theme.css?ln=primefaces-sipse HTTP/1.1" 304 -
186.154.32.145 - - [30/May/2023:03:11:51 -0500] "GET /sipse/faces/javax.faces.resource/primefaces.css?ln=primefaces&v=4.0 HTTP/1.1" 304 -
186.154.32.145 - - [30/May/2023:03:11:51 -0500] "GET /sipse/faces/javax.faces.resource/layout/layout.css?ln=primefaces&v=4.0 HTTP/1.1" 304 -
186.154.32.145 - - [30/May/2023:03:11:51 -0500] "GET /sipse/js/jquery.min.js HTTP/1.1" 304 -
186.154.32.145 - - [30/May/2023:03:11:51 -0500] "GET /sipse/faces/javax.faces.resource/jquery/jquery.js?ln=primefaces&v=4.0 HTTP/1.1" 304 -
186.154.32.145 - - [30/May/2023:03:11:52 -0500] "GET /sipse/faces/javax.faces.resource/jquery/jquery-plugins.js?ln=primefaces&v=4.0 HTTP/1.1" 304 -
186.154.32.145 - - [30/May/2023:03:11:52 -0500] "GET /sipse/faces/javax.faces.resource/primefaces.js?ln=primefaces&v=4.0 HTTP/1.1" 304 -
186.154.32.145 - - [30/May/2023:03:11:52 -0500] "GET /sipse/faces/javax.faces.resource/layout/layout.js?ln=primefaces&v=4.0 HTTP/1.1" 304 -
186.154.32.145 - - [30/May/2023:03:11:52 -0500] "GET /sipse/imagenes/cargando.gif HTTP/1.1" 304 -
186.154.32.145 - - [30/May/2023:03:11:52 -0500] "GET /sipse/css/imagen/contrasena.png HTTP/1.1" 404 383
186.154.32.145 - - [30/May/2023:03:11:52 -0500] "GET /sipse/imagenes/logoAplicacion.jpg HTTP/1.1" 200 155084
186.154.32.145 - - [30/May/2023:03:11:54 -0500] "GET /sipse/faces/javax.faces.resource/images/ui-bg_flat_0_2d5972_40x100.png?ln=primefaces-aristo HTTP/1.1" 304 -
186.154.32.145 - - [30/May/2023:03:11:54 -0500] "POST /sipse/faces/bienvenido.xhtml HTTP/1.1" 200 2658
186.154.32.145 - - [30/May/2023:03:11:54 -0500] "POST /sipse/faces/bienvenido.xhtml HTTP/1.1" 200 63506
186.154.32.145 - - [30/May/2023:03:11:55 -0500] "GET /sipse/faces/javax.faces.resource/primefaces.css?ln=primefaces&v=4.0 HTTP/1.1" 304 -
186.154.32.145 - - [30/May/2023:03:11:55 -0500] "GET /sipse/faces/javax.faces.resource/theme.css?ln=primefaces-sipse HTTP/1.1" 304 -
186.154.32.145 - - [30/May/2023:03:11:55 -0500] "GET /sipse/faces/javax.faces.resource/layout/layout.css?ln=primefaces&v=4.0 HTTP/1.1" 304 -
186.154.32.145 - - [30/May/2023:03:11:55 -0500] "GET /sipse/faces/javax.faces.resource/jquery/jquery.js?ln=primefaces&v=4.0 HTTP/1.1" 304 -
186.154.32.145 - - [30/May/2023:03:11:55 -0500] "GET /sipse/faces/javax.faces.resource/jquery/jquery-plugins.js?ln=primefaces&v=4.0 HTTP/1.1" 304 -
186.154.32.145 - - [30/May/2023:03:11:55 -0500] "GET /sipse/faces/javax.faces.resource/primefaces.js?ln=primefaces&v=4.0 HTTP/1.1" 304 -
186.154.32.145 - - [30/May/2023:03:11:55 -0500] "GET /sipse/faces/javax.faces.resource/layout/layout.js?ln=primefaces&v=4.0 HTTP/1.1" 304 -
186.154.32.145 - - [30/May/2023:03:11:55 -0500] "POST /sipse/faces/presentacion/financiero/solicitudProceso/listarSolicitudProceso.xhtml HTTP/1.1" 200 1556
40.77.167.188 - - [30/May/2023:03:12:16 -0500] "GET /BLA/resoluciones/RESOLUCIONES%202008/5029.pdf HTTP/1.1" 304 -
172.22.2.4 - - [30/May/2023:03:11:02 -0500] "HEAD /BLA/boletinlegal/ HTTP/1.1" 200 -
216.245.221.92 - - [30/May/2023:03:12:57 -0500] "HEAD / HTTP/1.1" 200 -
172.22.2.4 - - [30/May/2023:03:11:52 -0500] "GET /BLA/boletinlegal/ HTTP/1.1" 200 57151
201.245.192.253 - - [30/May/2023:03:14:12 -0500] "POST /kwsrmcab/Wsrmcab  HTTP/1.1" 200 43202
216.245.221.92 - - [30/May/2023:03:17:57 -0500] "HEAD / HTTP/1.1" 200 -
172.22.2.4 - - [30/May/2023:03:16:52 -0500] "HEAD /BLA/boletinlegal/ HTTP/1.1" 200 -
66.249.73.51 - - [30/May/2023:03:18:45 -0500] "-" 408 -
201.245.192.253 - - [30/May/2023:03:18:53 -0500] "POST /kwsrmcab/Wsrmcab HTTP/1.1" 200 40838
201.245.192.253 - - [30/May/2023:03:18:56 -0500] "POST /kwsrmcab/Wsrmcab HTTP/1.1" 200 43671
201.245.192.253 - - [30/May/2023:03:19:11 -0500] "POST /kwsrmcab/Wsrmcab  HTTP/1.1" 200 43202
172.22.2.4 - - [30/May/2023:03:17:42 -0500] "GET /BLA/boletinlegal/ HTTP/1.1" 200 57151
157.55.39.239 - - [30/May/2023:03:20:00 -0500] "GET /bla/resoluciones/resoluciones%202007/res%202007%202401%20al%202500/RESOLUCION%202488%20DE%202007.pdf HTTP/1.1" 304 -
216.245.221.92 - - [30/May/2023:03:22:57 -0500] "HEAD / HTTP/1.1" 200 -
201.245.192.253 - - [30/May/2023:03:24:10 -0500] "POST /kwsrmcab/Wsrmcab  HTTP/1.1" 200 43202
172.22.2.4 - - [30/May/2023:03:22:42 -0500] "HEAD /BLA/boletinlegal/ HTTP/1.1" 200 -
172.22.2.4 - - [30/May/2023:03:23:32 -0500] "GET /BLA/boletinlegal/ HTTP/1.1" 200 54424
40.77.167.188 - - [30/May/2023:03:25:48 -0500] "GET /BLA/resoluciones/AUTOS%202022/1272.pdf HTTP/1.1" 304 -
216.245.221.92 - - [30/May/2023:03:27:57 -0500] "HEAD / HTTP/1.1" 200 -
201.245.192.253 - - [30/May/2023:03:28:53 -0500] "POST /kwsrmcab/Wsrmcab HTTP/1.1" 200 40838
201.245.192.253 - - [30/May/2023:03:28:55 -0500] "POST /kwsrmcab/Wsrmcab HTTP/1.1" 200 43671
201.245.192.253 - - [30/May/2023:03:29:09 -0500] "POST /kwsrmcab/Wsrmcab  HTTP/1.1" 200 43202
172.22.2.4 - - [30/May/2023:03:28:32 -0500] "HEAD /BLA/boletinlegal/ HTTP/1.1" 200 -
49.7.21.73 - - [30/May/2023:03:30:48 -0500] "-" 408 -
172.22.2.4 - - [30/May/2023:03:29:22 -0500] "GET /BLA/boletinlegal/ HTTP/1.1" 200 57151
216.245.221.92 - - [30/May/2023:03:32:57 -0500] "HEAD / HTTP/1.1" 200 -
201.245.192.253 - - [30/May/2023:03:34:07 -0500] "POST /kwsrmcab/Wsrmcab  HTTP/1.1" 200 43202
157.55.39.239 - - [30/May/2023:03:35:53 -0500] "GET /BLA/resoluciones/RESOLUCIONES%202018/1682.pdf HTTP/1.1" 200 374840
172.22.2.4 - - [30/May/2023:03:34:22 -0500] "HEAD /BLA/boletinlegal/ HTTP/1.1" 200 -
66.249.73.51 - - [30/May/2023:03:36:17 -0500] "-" 408 -
192.133.77.14 - - [30/May/2023:03:36:31 -0500] "GET /images/cr%C3%B3nica-29-nov-1_optimized.jpeg HTTP/1.1" 404 1034
172.22.2.4 - - [30/May/2023:03:35:12 -0500] "GET /BLA/boletinlegal/ HTTP/1.1" 200 57561
172.22.2.4 - - [30/May/2023:03:36:38 -0500] "GET /BLA/boletinlegal/ HTTP/1.1" 200 24523
216.245.221.92 - - [30/May/2023:03:37:57 -0500] "HEAD / HTTP/1.1" 200 -
201.245.192.253 - - [30/May/2023:03:38:53 -0500] "POST /kwsrmcab/Wsrmcab HTTP/1.1" 200 40838
201.245.192.253 - - [30/May/2023:03:38:56 -0500] "POST /kwsrmcab/Wsrmcab HTTP/1.1" 200 43671
201.245.192.253 - - [30/May/2023:03:39:07 -0500] "POST /kwsrmcab/Wsrmcab  HTTP/1.1" 200 43202
172.22.2.4 - - [30/May/2023:03:40:12 -0500] "HEAD /BLA/boletinlegal/ HTTP/1.1" 200 -
172.22.2.4 - - [30/May/2023:03:41:02 -0500] "GET /BLA/boletinlegal/ HTTP/1.1" 200 53561
216.245.221.92 - - [30/May/2023:03:42:57 -0500] "HEAD / HTTP/1.1" 200 -
40.77.167.188 - - [30/May/2023:03:43:49 -0500] "GET /BLA/resoluciones/AUTOS%202021/6808.pdf HTTP/1.1" 304 -
201.245.192.253 - - [30/May/2023:03:44:06 -0500] "POST /kwsrmcab/Wsrmcab  HTTP/1.1" 200 43202
172.22.2.4 - - [30/May/2023:03:47:14 -0500] "GET /BLA/boletinlegal/jurisprudencia/analisis/SENTENCIA%20C-703%20DE%202010.xls HTTP/1.1" 304 -
172.22.2.4 - - [30/May/2023:03:46:02 -0500] "HEAD /BLA/boletinlegal/ HTTP/1.1" 200 -
216.245.221.92 - - [30/May/2023:03:47:56 -0500] "HEAD / HTTP/1.1" 200 -
172.22.2.4 - - [30/May/2023:03:46:52 -0500] "GET /BLA/boletinlegal/ HTTP/1.1" 200 56287
66.249.73.51 - - [30/May/2023:03:48:45 -0500] "-" 408 -
186.154.32.145 - - [30/May/2023:03:48:53 -0500] "POST /sipse/faces/presentacion/financiero/solicitudProceso/listarSolicitudProceso.xhtml HTTP/1.1" 200 184
186.154.32.145 - - [30/May/2023:03:48:53 -0500] "POST /sipse/faces/presentacion/financiero/solicitudProceso/listarSolicitudProceso.xhtml HTTP/1.1" 200 184
186.154.32.145 - - [30/May/2023:03:48:54 -0500] "POST /sipse/faces/presentacion/financiero/solicitudProceso/listarSolicitudProceso.xhtml HTTP/1.1" 200 56891
186.154.32.145 - - [30/May/2023:03:48:53 -0500] "GET /sipse/faces/presentacion/financiero/solicitudAnulacion/solicitudAnulacion.xhtml HTTP/1.1" 200 12285
186.154.32.145 - - [30/May/2023:03:48:54 -0500] "POST /sipse/faces/presentacion/financiero/solicitudProceso/listarSolicitudProceso.xhtml HTTP/1.1" 200 56891
186.154.32.145 - - [30/May/2023:03:48:53 -0500] "GET /sipse/faces/presentacion/financiero/solicitudAnulacion/solicitudAnulacion.xhtml HTTP/1.1" 200 45128
186.154.32.145 - - [30/May/2023:03:48:54 -0500] "GET /sipse/faces/javax.faces.resource/theme.css?ln=primefaces-sipse HTTP/1.1" 304 -
186.154.32.145 - - [30/May/2023:03:48:55 -0500] "GET /sipse/faces/javax.faces.resource/primefaces.css?ln=primefaces&v=4.0 HTTP/1.1" 304 -
186.154.32.145 - - [30/May/2023:03:48:55 -0500] "GET /sipse/faces/javax.faces.resource/jquery/jquery.js?ln=primefaces&v=4.0 HTTP/1.1" 304 -
186.154.32.145 - - [30/May/2023:03:48:55 -0500] "GET /sipse/faces/javax.faces.resource/primefaces.js?ln=primefaces&v=4.0 HTTP/1.1" 304 -
186.154.32.145 - - [30/May/2023:03:48:55 -0500] "GET /sipse/faces/javax.faces.resource/jquery/jquery-plugins.js?ln=primefaces&v=4.0 HTTP/1.1" 304 -
186.154.32.145 - - [30/May/2023:03:48:55 -0500] "GET /sipse/faces/javax.faces.resource/layout/layout.js?ln=primefaces&v=4.0 HTTP/1.1" 304 -
186.154.32.145 - - [30/May/2023:03:48:55 -0500] "GET /sipse/faces/javax.faces.resource/layout/layout.css?ln=primefaces&v=4.0 HTTP/1.1" 304 -
186.154.32.145 - - [30/May/2023:03:48:55 -0500] "GET /sipse/css/imagen/contrasena.png HTTP/1.1" 404 383
186.154.32.145 - - [30/May/2023:03:48:55 -0500] "GET /sipse/faces/javax.faces.resource/images/ui-icons_898989_256x240.png?ln=primefaces-aristo HTTP/1.1" 304 -
186.154.32.145 - - [30/May/2023:03:48:55 -0500] "GET /sipse/faces/javax.faces.resource/images/ui-bg_flat_0_2d5972_40x100.png?ln=primefaces-aristo HTTP/1.1" 304 -
186.154.32.145 - - [30/May/2023:03:48:55 -0500] "POST /sipse/faces/presentacion/financiero/solicitudAnulacion/solicitudAnulacion.xhtml HTTP/1.1" 200 23979
201.245.192.253 - - [30/May/2023:03:49:05 -0500] "POST /kwsrmcab/Wsrmcab  HTTP/1.1" 200 43202
172.22.2.4 - - [30/May/2023:03:49:45 -0500] "GET /BLA/boletinlegal/ HTTP/1.1" 200 20427
199.16.157.183 - - [30/May/2023:03:52:09 -0500] "GET /images/pieza-tramites-servicios-ventanilla-virtual.jpg HTTP/1.1" 200 39260
216.245.221.92 - - [30/May/2023:03:52:57 -0500] "HEAD / HTTP/1.1" 200 -
172.22.2.4 - - [30/May/2023:03:51:52 -0500] "HEAD /BLA/boletinlegal/ HTTP/1.1" 200 -
201.245.192.253 - - [30/May/2023:03:54:03 -0500] "POST /kwsrmcab/Wsrmcab  HTTP/1.1" 200 43202
172.22.2.4 - - [30/May/2023:03:52:42 -0500] "GET /BLA/boletinlegal/ HTTP/1.1" 200 57561
3.239.129.52 - - [30/May/2023:03:57:30 -0500] "GET /dia-mundial-del-agua-2023-programate-para-participar-en-estas-actividades-de-educacion-ambiental.html HTTP/1.1" 200 903
216.245.221.92 - - [30/May/2023:03:57:56 -0500] "HEAD / HTTP/1.1" 200 -
201.245.192.253 - - [30/May/2023:03:59:02 -0500] "POST /kwsrmcab/Wsrmcab  HTTP/1.1" 200 43202
172.22.2.4 - - [30/May/2023:03:57:42 -0500] "HEAD /BLA/boletinlegal/ HTTP/1.1" 200 -
172.22.2.4 - - [30/May/2023:03:58:32 -0500] "GET /BLA/boletinlegal/ HTTP/1.1" 200 58663
40.77.167.188 - - [30/May/2023:04:02:42 -0500] "GET /BLA/resoluciones/AUTOS%202023/7216.pdf HTTP/1.1" 200 348845
216.245.221.92 - - [30/May/2023:04:02:56 -0500] "HEAD / HTTP/1.1" 200 -
201.245.192.253 - - [30/May/2023:04:04:01 -0500] "POST /kwsrmcab/Wsrmcab  HTTP/1.1" 200 43202
172.22.2.4 - - [30/May/2023:04:03:32 -0500] "HEAD /BLA/boletinlegal/ HTTP/1.1" 200 -
172.22.2.4 - - [30/May/2023:04:04:22 -0500] "GET /BLA/boletinlegal/ HTTP/1.1" 200 53924
128.14.133.58 - - [30/May/2023:04:07:37 -0500] "GET /portaldeninos/ HTTP/1.1" 200 110197
157.55.39.239 - - [30/May/2023:04:07:48 -0500] "GET /BLA/resoluciones/AUTOS%202021/2607.pdf HTTP/1.1" 304 -
216.245.221.92 - - [30/May/2023:04:07:56 -0500] "HEAD / HTTP/1.1" 200 -
201.245.192.253 - - [30/May/2023:04:09:01 -0500] "POST /kwsrmcab/Wsrmcab  HTTP/1.1" 200 43202
172.22.2.4 - - [30/May/2023:04:09:01 -0500] "GET /BLA/boletinlegal/ HTTP/1.1" 200 53561
172.22.2.4 - - [30/May/2023:04:09:22 -0500] "HEAD /BLA/boletinlegal/ HTTP/1.1" 200 -
172.22.2.4 - - [30/May/2023:04:10:12 -0500] "GET /BLA/boletinlegal/ HTTP/1.1" 200 53561
216.245.221.92 - - [30/May/2023:04:12:56 -0500] "HEAD / HTTP/1.1" 200 -
27.115.124.38 - - [30/May/2023:04:12:59 -0500] "GET /galeria/galeria/jquery.fancybox.css?v=2.1.5 HTTP/1.1" 200 4895
27.115.124.70 - - [30/May/2023:04:12:59 -0500] "GET /BLA/boletinlegal/js/jquery.scrollShow.js HTTP/1.1" 200 4586
27.115.124.118 - - [30/May/2023:04:12:59 -0500] "GET /galeria/carrusel/Carrusel/jquery.thumbnailScroller.css HTTP/1.1" 200 2066
27.115.124.70 - - [30/May/2023:04:12:59 -0500] "GET /galeria/galeria/jquery.fancybox.js?v=2.1.5 HTTP/1.1" 200 48706
27.115.124.45 - - [30/May/2023:04:12:59 -0500] "GET /galeria/carrusel/Carrusel/jquery.thumbnailScroller.js HTTP/1.1" 200 8157
27.115.124.38 - - [30/May/2023:04:12:59 -0500] "GET /galeria/carrusel/Carrusel/jquery-ui-1.8.13.custom.min.js HTTP/1.1" 200 10800
201.245.192.253 - - [30/May/2023:04:14:00 -0500] "POST /kwsrmcab/Wsrmcab  HTTP/1.1" 200 43202
40.77.167.97 - - [30/May/2023:04:14:12 -0500] "GET /BLA/resoluciones/AUTOS%202021/3922.pdf HTTP/1.1" 304 -
162.55.165.184 - - [30/May/2023:04:15:52 -0500] "GET / HTTP/1.1" 200 319
172.22.2.4 - - [30/May/2023:04:15:12 -0500] "HEAD /BLA/boletinlegal/ HTTP/1.1" 200 -
77.1.188.139 - - [30/May/2023:04:17:27 -0500] "GET /sipse/faces/index.xhtml HTTP/1.1" 200 677
77.1.188.139 - - [30/May/2023:04:17:27 -0500] "GET /sipse/faces/javax.faces.resource/theme.css?ln=primefaces-sipse HTTP/1.1" 304 -
77.1.188.139 - - [30/May/2023:04:17:27 -0500] "GET /sipse/faces/faces/autenticacion.xhtml HTTP/1.1" 200 12186
77.1.188.139 - - [30/May/2023:04:17:28 -0500] "GET /sipse/faces/javax.faces.resource/theme.css?ln=primefaces-sipse HTTP/1.1" 304 -
77.1.188.139 - - [30/May/2023:04:17:28 -0500] "GET /sipse/faces/javax.faces.resource/primefaces.css?ln=primefaces&v=4.0 HTTP/1.1" 304 -
77.1.188.139 - - [30/May/2023:04:17:28 -0500] "GET /sipse/faces/javax.faces.resource/layout/layout.css?ln=primefaces&v=4.0 HTTP/1.1" 304 -
77.1.188.139 - - [30/May/2023:04:17:28 -0500] "GET /sipse/faces/javax.faces.resource/jquery/jquery-plugins.js?ln=primefaces&v=4.0 HTTP/1.1" 304 -
77.1.188.139 - - [30/May/2023:04:17:28 -0500] "GET /sipse/faces/javax.faces.resource/primefaces.js?ln=primefaces&v=4.0 HTTP/1.1" 304 -
77.1.188.139 - - [30/May/2023:04:17:28 -0500] "GET /sipse/faces/javax.faces.resource/layout/layout.js?ln=primefaces&v=4.0 HTTP/1.1" 304 -
77.1.188.139 - - [30/May/2023:04:17:28 -0500] "GET /sipse/faces/javax.faces.resource/jquery/jquery.js?ln=primefaces&v=4.0 HTTP/1.1" 304 -
77.1.188.139 - - [30/May/2023:04:17:28 -0500] "GET /sipse/faces/javax.faces.resource/images/ui-icons_898989_256x240.png?ln=primefaces-aristo HTTP/1.1" 304 -
77.1.188.139 - - [30/May/2023:04:17:32 -0500] "POST /sipse/faces/autenticacion.xhtml HTTP/1.1" 200 2224
77.1.188.139 - - [30/May/2023:04:17:32 -0500] "GET /sipse/faces/javax.faces.resource/messages/messages.png?ln=primefaces&v=4.0 HTTP/1.1" 304 -
77.1.188.139 - - [30/May/2023:04:17:34 -0500] "POST /sipse/faces/autenticacion.xhtml HTTP/1.1" 200 16285
77.1.188.139 - - [30/May/2023:04:17:34 -0500] "GET /sipse/faces/javax.faces.resource/theme.css?ln=primefaces-sipse HTTP/1.1" 304 -
77.1.188.139 - - [30/May/2023:04:17:34 -0500] "GET /sipse/faces/javax.faces.resource/primefaces.css?ln=primefaces&v=4.0 HTTP/1.1" 304 -
77.1.188.139 - - [30/May/2023:04:17:34 -0500] "GET /sipse/faces/javax.faces.resource/layout/layout.css?ln=primefaces&v=4.0 HTTP/1.1" 304 -
77.1.188.139 - - [30/May/2023:04:17:34 -0500] "GET /sipse/faces/javax.faces.resource/jquery/jquery.js?ln=primefaces&v=4.0 HTTP/1.1" 304 -
77.1.188.139 - - [30/May/2023:04:17:34 -0500] "GET /sipse/faces/javax.faces.resource/jquery/jquery-plugins.js?ln=primefaces&v=4.0 HTTP/1.1" 304 -
77.1.188.139 - - [30/May/2023:04:17:35 -0500] "GET /sipse/faces/javax.faces.resource/primefaces.js?ln=primefaces&v=4.0 HTTP/1.1" 304 -
77.1.188.139 - - [30/May/2023:04:17:35 -0500] "GET /sipse/faces/javax.faces.resource/layout/layout.js?ln=primefaces&v=4.0 HTTP/1.1" 304 -
77.1.188.139 - - [30/May/2023:04:17:35 -0500] "GET /sipse/css/imagen/contrasena.png HTTP/1.1" 404 383
77.1.188.139 - - [30/May/2023:04:17:37 -0500] "GET /sipse/faces/javax.faces.resource/images/ui-bg_flat_0_2d5972_40x100.png?ln=primefaces-aristo HTTP/1.1" 304 -
77.1.188.139 - - [30/May/2023:04:17:37 -0500] "POST /sipse/faces/bienvenido.xhtml HTTP/1.1" 200 2658
77.1.188.139 - - [30/May/2023:04:17:38 -0500] "POST /sipse/faces/bienvenido.xhtml HTTP/1.1" 200 65085
77.1.188.139 - - [30/May/2023:04:17:41 -0500] "GET /sipse/faces/javax.faces.resource/layout/layout.css?ln=primefaces&v=4.0 HTTP/1.1" 304 -
77.1.188.139 - - [30/May/2023:04:17:41 -0500] "GET /sipse/faces/javax.faces.resource/primefaces.css?ln=primefaces&v=4.0 HTTP/1.1" 304 -
77.1.188.139 - - [30/May/2023:04:17:41 -0500] "GET /sipse/faces/javax.faces.resource/theme.css?ln=primefaces-sipse HTTP/1.1" 304 -
77.1.188.139 - - [30/May/2023:04:17:41 -0500] "GET /sipse/faces/javax.faces.resource/jquery/jquery.js?ln=primefaces&v=4.0 HTTP/1.1" 304 -
77.1.188.139 - - [30/May/2023:04:17:42 -0500] "GET /sipse/faces/javax.faces.resource/jquery/jquery-plugins.js?ln=primefaces&v=4.0 HTTP/1.1" 304 -
77.1.188.139 - - [30/May/2023:04:17:42 -0500] "GET /sipse/faces/javax.faces.resource/primefaces.js?ln=primefaces&v=4.0 HTTP/1.1" 304 -
172.22.2.4 - - [30/May/2023:04:16:02 -0500] "GET /BLA/boletinlegal/ HTTP/1.1" 200 57151
77.1.188.139 - - [30/May/2023:04:17:42 -0500] "GET /sipse/faces/javax.faces.resource/layout/layout.js?ln=primefaces&v=4.0 HTTP/1.1" 304 -
77.1.188.139 - - [30/May/2023:04:17:43 -0500] "POST /sipse/faces/presentacion/financiero/solicitudProceso/listarSolicitudProceso.xhtml HTTP/1.1" 200 1556
77.1.188.139 - - [30/May/2023:04:17:47 -0500] "POST /sipse/faces/presentacion/financiero/solicitudProceso/listarSolicitudProceso.xhtml HTTP/1.1" 200 17746
77.1.188.139 - - [30/May/2023:04:17:51 -0500] "POST /sipse/faces/presentacion/financiero/solicitudProceso/listarSolicitudProceso.xhtml HTTP/1.1" 200 164851
77.1.188.139 - - [30/May/2023:04:17:54 -0500] "GET /sipse/faces/javax.faces.resource/theme.css?ln=primefaces-sipse HTTP/1.1" 304 -
77.1.188.139 - - [30/May/2023:04:17:54 -0500] "GET /sipse/faces/javax.faces.resource/primefaces.css?ln=primefaces&v=4.0 HTTP/1.1" 304 -
77.1.188.139 - - [30/May/2023:04:17:54 -0500] "GET /sipse/faces/javax.faces.resource/layout/layout.css?ln=primefaces&v=4.0 HTTP/1.1" 304 -
77.1.188.139 - - [30/May/2023:04:17:54 -0500] "GET /sipse/faces/javax.faces.resource/jquery/jquery.js?ln=primefaces&v=4.0 HTTP/1.1" 304 -
77.1.188.139 - - [30/May/2023:04:17:54 -0500] "GET /sipse/faces/javax.faces.resource/jquery/jquery-plugins.js?ln=primefaces&v=4.0 HTTP/1.1" 304 -
77.1.188.139 - - [30/May/2023:04:17:54 -0500] "GET /sipse/faces/javax.faces.resource/primefaces.js?ln=primefaces&v=4.0 HTTP/1.1" 304 -
77.1.188.139 - - [30/May/2023:04:17:55 -0500] "GET /sipse/faces/javax.faces.resource/layout/layout.js?ln=primefaces&v=4.0 HTTP/1.1" 304 -
216.245.221.92 - - [30/May/2023:04:17:56 -0500] "HEAD / HTTP/1.1" 200 -
77.1.188.139 - - [30/May/2023:04:18:07 -0500] "POST /sipse/faces/presentacion/financiero/solicitudProceso/consultarSolicitudProceso.xhtml HTTP/1.1" 200 182805
172.22.2.4 - - [30/May/2023:04:18:16 -0500] "GET /BLA/boletinlegal/robots.txt HTTP/1.1" 404 1038
172.22.2.4 - - [30/May/2023:04:18:42 -0500] "GET /BLA/boletinlegal/Circulares/2021/CIRCULAR%20No.%2000009%20DEL%2001%20DE%20OCTUBRE%20DEL%202021.pdf HTTP/1.1" 304 -
40.77.167.188 - - [30/May/2023:04:18:53 -0500] "GET /BLA/resoluciones/AUTOS%202021/6053.pdf HTTP/1.1" 304 -
201.245.192.253 - - [30/May/2023:04:18:52 -0500] "POST /kwsrmcab/Wsrmcab HTTP/1.1" 200 40709
201.245.192.253 - - [30/May/2023:04:18:55 -0500] "POST /kwsrmcab/Wsrmcab HTTP/1.1" 200 43683
201.245.192.253 - - [30/May/2023:04:18:59 -0500] "POST /kwsrmcab/Wsrmcab  HTTP/1.1" 200 43202
77.1.188.139 - - [30/May/2023:04:19:01 -0500] "POST /sipse/faces/presentacion/financiero/solicitudProceso/consultarSolicitudProceso.xhtml HTTP/1.1" 200 84927
172.22.2.4 - - [30/May/2023:04:19:51 -0500] "GET /BLA/boletinlegal/actos.php HTTP/1.1" 200 9682
172.22.2.4 - - [30/May/2023:04:19:52 -0500] "GET /BLA/boletinlegal/styles2.css HTTP/1.1" 200 1838
172.22.2.4 - - [30/May/2023:04:19:52 -0500] "GET /BLA/boletinlegal/js/ajax_actos.js HTTP/1.1" 200 1322
172.22.2.4 - - [30/May/2023:04:19:52 -0500] "GET /BLA/boletinlegal/style.css HTTP/1.1" 200 9406
172.22.2.4 - - [30/May/2023:04:19:52 -0500] "GET /BLA/boletinlegal/niceforms-default.css HTTP/1.1" 200 6694
172.22.2.4 - - [30/May/2023:04:19:52 -0500] "GET /BLA/boletinlegal/niceforms.js HTTP/1.1" 200 22876
172.22.2.4 - - [30/May/2023:04:19:52 -0500] "GET /BLA/boletinlegal/js/lib.js HTTP/1.1" 200 6474
172.22.2.4 - - [30/May/2023:04:19:52 -0500] "GET /BLA/boletinlegal/js/popup.js HTTP/1.1" 200 1270
172.22.2.4 - - [30/May/2023:04:19:52 -0500] "GET /BLA/boletinlegal/js/jquery1.js HTTP/1.1" 200 29846
172.22.2.4 - - [30/May/2023:04:19:52 -0500] "GET /BLA/boletinlegal/images/cabezote%20BLEGAL.jpg HTTP/1.1" 200 118164
172.22.2.4 - - [30/May/2023:04:19:52 -0500] "GET /BLA/boletinlegal/images/subscribe-icon-big.png HTTP/1.1" 200 47702
172.22.2.4 - - [30/May/2023:04:19:52 -0500] "GET /BLA/boletinlegal/images/historia.png HTTP/1.1" 200 52775
172.22.2.4 - - [30/May/2023:04:19:52 -0500] "GET /BLA/boletinlegal/images/registro-usuarios.png HTTP/1.1" 200 8106
172.22.2.4 - - [30/May/2023:04:19:52 -0500] "GET /BLA/boletinlegal/images/green-yellow-blue-pink-th.png HTTP/1.1" 200 7394
172.22.2.4 - - [30/May/2023:04:19:52 -0500] "GET /BLA/boletinlegal/images/tel.png HTTP/1.1" 200 14477
172.22.2.4 - - [30/May/2023:04:19:52 -0500] "GET /BLA/boletinlegal/images/icono-email.png HTTP/1.1" 200 5544
172.22.2.4 - - [30/May/2023:04:19:52 -0500] "GET /BLA/boletinlegal/images/body_bg.jpg HTTP/1.1" 200 1601
172.22.2.4 - - [30/May/2023:04:19:52 -0500] "GET /BLA/boletinlegal/images/menu_lft.gif HTTP/1.1" 200 1713
172.22.2.4 - - [30/May/2023:04:19:52 -0500] "GET /BLA/boletinlegal/images/menu_bg.jpg HTTP/1.1" 200 620
172.22.2.4 - - [30/May/2023:04:19:52 -0500] "GET /BLA/boletinlegal/images/menu_rght.gif HTTP/1.1" 200 1627
172.22.2.4 - - [30/May/2023:04:19:52 -0500] "GET /BLA/boletinlegal/images/bg_top.jpg HTTP/1.1" 200 522
172.22.2.4 - - [30/May/2023:04:19:52 -0500] "GET /BLA/boletinlegal/images/hover.jpg HTTP/1.1" 200 640
172.22.2.4 - - [30/May/2023:04:19:52 -0500] "GET /BLA/boletinlegal/images/text.jpg HTTP/1.1" 200 568
172.22.2.4 - - [30/May/2023:04:19:52 -0500] "GET /BLA/boletinlegal/images/footer_bg.jpg HTTP/1.1" 200 586
172.22.2.4 - - [30/May/2023:04:19:52 -0500] "GET /BLA/boletinlegal/images/footer_bg_l.jpg HTTP/1.1" 200 776
172.22.2.4 - - [30/May/2023:04:19:52 -0500] "GET /BLA/boletinlegal/img/select-left.png HTTP/1.1" 200 263
172.22.2.4 - - [30/May/2023:04:19:52 -0500] "GET /BLA/boletinlegal/img/button-right.png HTTP/1.1" 200 57878
172.22.2.4 - - [30/May/2023:04:19:52 -0500] "GET /BLA/boletinlegal/img/button.png HTTP/1.1" 200 43241
172.22.2.4 - - [30/May/2023:04:19:52 -0500] "GET /BLA/boletinlegal/img/button-left.png HTTP/1.1" 200 57071
172.22.2.4 - - [30/May/2023:04:19:52 -0500] "GET /BLA/boletinlegal/img/0.png HTTP/1.1" 200 110
172.22.2.4 - - [30/May/2023:04:19:52 -0500] "GET /BLA/boletinlegal/img/select-right.png HTTP/1.1" 200 44019
172.22.2.4 - - [30/May/2023:04:19:52 -0500] "GET /BLA/boletinlegal/favicon.ico HTTP/1.1" 404 1326
49.7.21.73 - - [30/May/2023:04:20:13 -0500] "-" 408 -
77.1.188.139 - - [30/May/2023:04:20:19 -0500] "POST /sipse/faces/presentacion/financiero/solicitudProceso/consultarSolicitudProceso.xhtml HTTP/1.1" 200 265275
172.22.2.4 - - [30/May/2023:04:20:26 -0500] "GET /BLA/boletinlegal/consulta_actos.php?tipo=resoluciones&no=2771&usuario=&sector=&fecha=2010&resuelve= HTTP/1.1" 200 1167
172.22.2.4 - - [30/May/2023:04:20:27 -0500] "GET /BLA/boletinlegal/images/pdf.gif HTTP/1.1" 200 567
191.108.57.212 - - [30/May/2023:04:20:32 -0500] "GET /BLA/resoluciones/RESOLUCIONES%202010/2771.pdf HTTP/1.1" 200 725919
191.108.57.212 - - [30/May/2023:04:20:32 -0500] "GET /favicon.ico HTTP/1.1" 200 7782
77.1.188.139 - - [30/May/2023:04:20:55 -0500] "POST /sipse/faces/presentacion/financiero/solicitudProceso/consultarSolicitudProceso.xhtml HTTP/1.1" 200 1107940
77.1.188.139 - - [30/May/2023:04:22:06 -0500] "POST /sipse/faces/presentacion/financiero/solicitudProceso/consultarSolicitudProceso.xhtml HTTP/1.1" 200 182805
172.22.2.4 - - [30/May/2023:04:21:02 -0500] "HEAD /BLA/boletinlegal/ HTTP/1.1" 200 -
216.245.221.92 - - [30/May/2023:04:22:56 -0500] "HEAD / HTTP/1.1" 200 -
172.22.2.4 - - [30/May/2023:04:21:52 -0500] "GET /BLA/boletinlegal/ HTTP/1.1" 200 54424
201.245.192.253 - - [30/May/2023:04:23:58 -0500] "POST /kwsrmcab/Wsrmcab  HTTP/1.1" 200 43202
162.55.37.179 - - [30/May/2023:04:27:44 -0500] "GET / HTTP/1.1" 200 319
216.245.221.92 - - [30/May/2023:04:27:56 -0500] "HEAD / HTTP/1.1" 200 -
172.22.2.4 - - [30/May/2023:04:26:52 -0500] "HEAD /BLA/boletinlegal/ HTTP/1.1" 200 -
201.245.192.253 - - [30/May/2023:04:28:53 -0500] "POST /kwsrmcab/Wsrmcab HTTP/1.1" 200 40709
201.245.192.253 - - [30/May/2023:04:28:55 -0500] "POST /kwsrmcab/Wsrmcab HTTP/1.1" 200 43683
201.245.192.253 - - [30/May/2023:04:28:57 -0500] "POST /kwsrmcab/Wsrmcab  HTTP/1.1" 200 43202
172.22.2.4 - - [30/May/2023:04:27:42 -0500] "GET /BLA/boletinlegal/ HTTP/1.1" 200 58663
198.74.59.35 - - [30/May/2023:04:32:02 -0500] "GET /BLA/boletinlegal/js/jquery.scrollShow.js HTTP/1.1" 200 4586
198.74.59.35 - - [30/May/2023:04:32:02 -0500] "GET /galeria/galeria/jquery.fancybox.js?v=2.1.5 HTTP/1.1" 200 48706
198.74.59.35 - - [30/May/2023:04:32:02 -0500] "GET /galeria/galeria/jquery.fancybox.css?v=2.1.5 HTTP/1.1" 200 4895
185.180.143.140 - - [30/May/2023:04:32:08 -0500] "GET / HTTP/1.1" 200 319
185.180.143.140 - - [30/May/2023:04:32:08 -0500] "HEAD /icons/sphere1.png HTTP/1.1" 200 -
185.180.143.140 - - [30/May/2023:04:32:09 -0500] "HEAD /icons/.%%32%65/.%%32%65/apache2/icons/non-existant-image.png HTTP/1.1" 400 -
