186.154.33.78 - - [02/Jun/2023:11:55:43 -0500] "GET /sipse/faces/javax.faces.resource/theme.css?ln=primefaces-sipse HTTP/1.1" 304 -
186.154.33.78 - - [02/Jun/2023:11:55:43 -0500] "GET /sipse/faces/javax.faces.resource/primefaces.css?ln=primefaces&v=4.0 HTTP/1.1" 304 -
186.154.33.78 - - [02/Jun/2023:11:55:43 -0500] "GET /sipse/faces/javax.faces.resource/jquery/jquery-plugins.js?ln=primefaces&v=4.0 HTTP/1.1" 304 -
186.154.33.78 - - [02/Jun/2023:11:55:43 -0500] "GET /sipse/faces/javax.faces.resource/jquery/jquery.js?ln=primefaces&v=4.0 HTTP/1.1" 304 -
186.154.33.78 - - [02/Jun/2023:11:55:43 -0500] "GET /sipse/faces/javax.faces.resource/primefaces.js?ln=primefaces&v=4.0 HTTP/1.1" 304 -
186.154.33.78 - - [02/Jun/2023:11:55:43 -0500] "GET /sipse/faces/javax.faces.resource/layout/layout.js?ln=primefaces&v=4.0 HTTP/1.1" 304 -
186.154.33.78 - - [02/Jun/2023:11:55:43 -0500] "GET /sipse/faces/javax.faces.resource/layout/layout.css?ln=primefaces&v=4.0 HTTP/1.1" 304 -
167.0.138.236 - - [02/Jun/2023:11:55:43 -0500] "GET /sipse/css/imagen/logoSDG.png HTTP/1.1" 200 53064
167.0.138.236 - - [02/Jun/2023:11:55:43 -0500] "GET /sipse/faces/javax.faces.resource/images/ui-icons_898989_256x240.png?ln=primefaces-aristo HTTP/1.1" 304 -
167.0.138.236 - - [02/Jun/2023:11:55:43 -0500] "GET /sipse/css/imagen/loginimg.png HTTP/1.1" 200 71635
167.0.138.236 - - [02/Jun/2023:11:55:43 -0500] "GET /sipse/faces/faces/faces/index.xhtml HTTP/1.1" 200 677
167.0.138.236 - - [02/Jun/2023:11:55:43 -0500] "GET /sipse/faces/javax.faces.resource/theme.css?ln=primefaces-sipse HTTP/1.1" 304 -
167.0.138.236 - - [02/Jun/2023:11:55:45 -0500] "GET /sipse/faces/faces/faces/faces/autenticacion.xhtml HTTP/1.1" 200 12185
167.0.138.236 - - [02/Jun/2023:11:55:45 -0500] "GET /sipse/faces/javax.faces.resource/theme.css?ln=primefaces-sipse HTTP/1.1" 304 -
167.0.138.236 - - [02/Jun/2023:11:55:45 -0500] "GET /sipse/faces/javax.faces.resource/primefaces.css?ln=primefaces&v=4.0 HTTP/1.1" 304 -
167.0.138.236 - - [02/Jun/2023:11:55:45 -0500] "GET /sipse/faces/javax.faces.resource/primefaces.js?ln=primefaces&v=4.0 HTTP/1.1" 304 -
167.0.138.236 - - [02/Jun/2023:11:55:45 -0500] "GET /sipse/faces/javax.faces.resource/jquery/jquery-plugins.js?ln=primefaces&v=4.0 HTTP/1.1" 304 -
167.0.138.236 - - [02/Jun/2023:11:55:45 -0500] "GET /sipse/faces/javax.faces.resource/layout/layout.css?ln=primefaces&v=4.0 HTTP/1.1" 304 -
167.0.138.236 - - [02/Jun/2023:11:55:45 -0500] "GET /sipse/faces/javax.faces.resource/jquery/jquery.js?ln=primefaces&v=4.0 HTTP/1.1" 304 -
167.0.138.236 - - [02/Jun/2023:11:55:45 -0500] "GET /sipse/faces/javax.faces.resource/layout/layout.js?ln=primefaces&v=4.0 HTTP/1.1" 304 -
186.154.33.78 - - [02/Jun/2023:11:55:45 -0500] "POST /sipse/faces/autenticacion.xhtml HTTP/1.1" 200 2225
167.0.138.236 - - [02/Jun/2023:11:55:45 -0500] "GET /sipse/faces/javax.faces.resource/images/ui-icons_898989_256x240.png?ln=primefaces-aristo HTTP/1.1" 304 -
186.154.33.78 - - [02/Jun/2023:11:55:46 -0500] "POST /sipse/faces/autenticacion.xhtml HTTP/1.1" 200 18999
186.154.33.78 - - [02/Jun/2023:11:55:46 -0500] "GET /sipse/faces/javax.faces.resource/theme.css?ln=primefaces-sipse HTTP/1.1" 304 -
186.154.33.78 - - [02/Jun/2023:11:55:46 -0500] "GET /sipse/faces/javax.faces.resource/primefaces.css?ln=primefaces&v=4.0 HTTP/1.1" 304 -
186.154.33.78 - - [02/Jun/2023:11:55:46 -0500] "GET /sipse/faces/javax.faces.resource/layout/layout.css?ln=primefaces&v=4.0 HTTP/1.1" 304 -
186.154.33.78 - - [02/Jun/2023:11:55:46 -0500] "GET /sipse/faces/javax.faces.resource/jquery/jquery.js?ln=primefaces&v=4.0 HTTP/1.1" 304 -
186.154.33.78 - - [02/Jun/2023:11:55:46 -0500] "GET /sipse/faces/javax.faces.resource/jquery/jquery-plugins.js?ln=primefaces&v=4.0 HTTP/1.1" 304 -
186.154.33.78 - - [02/Jun/2023:11:55:46 -0500] "GET /sipse/faces/javax.faces.resource/primefaces.js?ln=primefaces&v=4.0 HTTP/1.1" 304 -
186.154.33.78 - - [02/Jun/2023:11:55:46 -0500] "GET /sipse/faces/javax.faces.resource/layout/layout.js?ln=primefaces&v=4.0 HTTP/1.1" 304 -
186.154.33.78 - - [02/Jun/2023:11:55:48 -0500] "POST /sipse/faces/bienvenido.xhtml HTTP/1.1" 200 3182
167.0.138.236 - - [02/Jun/2023:11:55:48 -0500] "POST /sipse/faces/autenticacion.xhtml HTTP/1.1" 200 11650
167.0.138.236 - - [02/Jun/2023:11:55:48 -0500] "GET /sipse/css/custom_css_sg_prime.css HTTP/1.1" 200 5201
167.0.138.236 - - [02/Jun/2023:11:55:48 -0500] "GET /sipse/faces/javax.faces.resource/jquery/jquery.js?ln=primefaces&v=4.0 HTTP/1.1" 304 -
167.0.138.236 - - [02/Jun/2023:11:55:48 -0500] "GET /sipse/faces/javax.faces.resource/jquery/jquery-plugins.js?ln=primefaces&v=4.0 HTTP/1.1" 304 -
167.0.138.236 - - [02/Jun/2023:11:55:48 -0500] "GET /sipse/faces/javax.faces.resource/primefaces.js?ln=primefaces&v=4.0 HTTP/1.1" 304 -
167.0.138.236 - - [02/Jun/2023:11:55:48 -0500] "GET /sipse/faces/javax.faces.resource/layout/layout.js?ln=primefaces&v=4.0 HTTP/1.1" 304 -
167.0.138.236 - - [02/Jun/2023:11:55:48 -0500] "GET /sipse/faces/javax.faces.resource/messages/messages.png?ln=primefaces&v=4.0 HTTP/1.1" 304 -
107.170.228.17 - - [02/Jun/2023:11:55:49 -0500] "GET / HTTP/1.1" 200 319
186.154.33.78 - - [02/Jun/2023:11:55:49 -0500] "POST /sipse/faces/bienvenido.xhtml HTTP/1.1" 200 3262
167.0.138.236 - - [02/Jun/2023:11:55:49 -0500] "POST /sipse/faces/presentacion/sistema/seguridad/seleccionRol.xhtml HTTP/1.1" 200 21432
167.0.138.236 - - [02/Jun/2023:11:55:50 -0500] "GET /sipse/js/jquery.min.js HTTP/1.1" 304 -
167.0.138.236 - - [02/Jun/2023:11:55:50 -0500] "GET /sipse/faces/javax.faces.resource/jquery/jquery.js?ln=primefaces&v=4.0 HTTP/1.1" 304 -
167.0.138.236 - - [02/Jun/2023:11:55:50 -0500] "GET /sipse/faces/javax.faces.resource/jquery/jquery-plugins.js?ln=primefaces&v=4.0 HTTP/1.1" 304 -
167.0.138.236 - - [02/Jun/2023:11:55:50 -0500] "GET /sipse/faces/javax.faces.resource/primefaces.js?ln=primefaces&v=4.0 HTTP/1.1" 304 -
167.0.138.236 - - [02/Jun/2023:11:55:50 -0500] "GET /sipse/faces/javax.faces.resource/layout/layout.js?ln=primefaces&v=4.0 HTTP/1.1" 304 -
167.0.138.236 - - [02/Jun/2023:11:55:50 -0500] "GET /sipse/css/v_mergente.css HTTP/1.1" 200 1505
167.0.138.236 - - [02/Jun/2023:11:55:50 -0500] "GET /sipse/imagenes/cargando.gif HTTP/1.1" 200 36959
167.0.138.236 - - [02/Jun/2023:11:55:50 -0500] "GET /sipse/css/imagen/contrasena.png HTTP/1.1" 404 383
167.0.138.236 - - [02/Jun/2023:11:55:50 -0500] "GET /sipse/imagenes/logoAplicacion.jpg HTTP/1.1" 200 155084
186.154.33.78 - - [02/Jun/2023:11:55:50 -0500] "POST /sipse/faces/bienvenido.xhtml HTTP/1.1" 200 63014
186.154.33.78 - - [02/Jun/2023:11:55:50 -0500] "GET /sipse/faces/javax.faces.resource/primefaces.css?ln=primefaces&v=4.0 HTTP/1.1" 304 -
186.154.33.78 - - [02/Jun/2023:11:55:50 -0500] "GET /sipse/faces/javax.faces.resource/theme.css?ln=primefaces-sipse HTTP/1.1" 304 -
186.154.33.78 - - [02/Jun/2023:11:55:50 -0500] "GET /sipse/faces/javax.faces.resource/layout/layout.css?ln=primefaces&v=4.0 HTTP/1.1" 304 -
186.154.33.78 - - [02/Jun/2023:11:55:50 -0500] "GET /sipse/faces/javax.faces.resource/jquery/jquery.js?ln=primefaces&v=4.0 HTTP/1.1" 304 -
186.154.33.78 - - [02/Jun/2023:11:55:50 -0500] "GET /sipse/faces/javax.faces.resource/jquery/jquery-plugins.js?ln=primefaces&v=4.0 HTTP/1.1" 304 -
186.154.33.78 - - [02/Jun/2023:11:55:50 -0500] "GET /sipse/faces/javax.faces.resource/primefaces.js?ln=primefaces&v=4.0 HTTP/1.1" 304 -
186.154.33.78 - - [02/Jun/2023:11:55:50 -0500] "GET /sipse/faces/javax.faces.resource/layout/layout.js?ln=primefaces&v=4.0 HTTP/1.1" 304 -
186.154.33.78 - - [02/Jun/2023:11:55:50 -0500] "POST /sipse/faces/presentacion/financiero/solicitudProceso/listarSolicitudProceso.xhtml HTTP/1.1" 200 1556
167.0.138.236 - - [02/Jun/2023:11:55:51 -0500] "GET /sipse/faces/javax.faces.resource/images/ui-bg_flat_0_2d5972_40x100.png?ln=primefaces-aristo HTTP/1.1" 304 -
167.0.138.236 - - [02/Jun/2023:11:55:51 -0500] "POST /sipse/faces/bienvenido.xhtml HTTP/1.1" 200 3182
186.154.33.78 - - [02/Jun/2023:11:55:52 -0500] "POST /sipse/faces/presentacion/financiero/solicitudProceso/listarSolicitudProceso.xhtml HTTP/1.1" 200 4691
167.0.138.236 - - [02/Jun/2023:11:55:52 -0500] "POST /sipse/faces/bienvenido.xhtml HTTP/1.1" 200 4491
167.0.138.236 - - [02/Jun/2023:11:55:53 -0500] "POST /sipse/faces/bienvenido.xhtml HTTP/1.1" 200 43230
167.0.138.236 - - [02/Jun/2023:11:55:53 -0500] "GET /sipse/faces/javax.faces.resource/jquery/jquery.js?ln=primefaces&v=4.0 HTTP/1.1" 304 -
167.0.138.236 - - [02/Jun/2023:11:55:53 -0500] "GET /sipse/faces/javax.faces.resource/jquery/jquery-plugins.js?ln=primefaces&v=4.0 HTTP/1.1" 304 -
167.0.138.236 - - [02/Jun/2023:11:55:53 -0500] "GET /sipse/faces/javax.faces.resource/primefaces.js?ln=primefaces&v=4.0 HTTP/1.1" 304 -
167.0.138.236 - - [02/Jun/2023:11:55:54 -0500] "GET /sipse/faces/javax.faces.resource/layout/layout.js?ln=primefaces&v=4.0 HTTP/1.1" 304 -
167.0.138.236 - - [02/Jun/2023:11:55:56 -0500] "POST /sipse/faces/presentacion/financiero/solicitudProceso/consultar.xhtml HTTP/1.1" 200 12959
167.0.138.236 - - [02/Jun/2023:11:55:57 -0500] "POST /sipse/faces/presentacion/financiero/solicitudProceso/consultar.xhtml HTTP/1.1" 200 143171
167.0.138.236 - - [02/Jun/2023:11:55:58 -0500] "GET /sipse/faces/javax.faces.resource/jquery/jquery.js?ln=primefaces&v=4.0 HTTP/1.1" 304 -
167.0.138.236 - - [02/Jun/2023:11:55:58 -0500] "GET /sipse/faces/javax.faces.resource/jquery/jquery-plugins.js?ln=primefaces&v=4.0 HTTP/1.1" 304 -
167.0.138.236 - - [02/Jun/2023:11:55:58 -0500] "GET /sipse/faces/javax.faces.resource/primefaces.js?ln=primefaces&v=4.0 HTTP/1.1" 304 -
167.0.138.236 - - [02/Jun/2023:11:55:58 -0500] "GET /sipse/faces/javax.faces.resource/layout/layout.js?ln=primefaces&v=4.0 HTTP/1.1" 304 -
167.0.138.236 - - [02/Jun/2023:11:56:00 -0500] "POST /sipse/faces/presentacion/financiero/solicitudProceso/consultarSolicitudProceso.xhtml HTTP/1.1" 200 44642
167.0.138.236 - - [02/Jun/2023:11:56:01 -0500] "GET /sipse/faces/javax.faces.resource/theme.css?ln=primefaces-sipse HTTP/1.1" 304 -
167.0.138.236 - - [02/Jun/2023:11:56:01 -0500] "GET /sipse/faces/javax.faces.resource/primefaces.css?ln=primefaces&v=4.0 HTTP/1.1" 304 -
167.0.138.236 - - [02/Jun/2023:11:56:01 -0500] "GET /sipse/faces/javax.faces.resource/layout/layout.css?ln=primefaces&v=4.0 HTTP/1.1" 304 -
167.0.138.236 - - [02/Jun/2023:11:56:01 -0500] "GET /sipse/faces/javax.faces.resource/jquery/jquery.js?ln=primefaces&v=4.0 HTTP/1.1" 304 -
167.0.138.236 - - [02/Jun/2023:11:56:01 -0500] "GET /sipse/faces/javax.faces.resource/jquery/jquery-plugins.js?ln=primefaces&v=4.0 HTTP/1.1" 304 -
167.0.138.236 - - [02/Jun/2023:11:56:01 -0500] "GET /sipse/faces/javax.faces.resource/primefaces.js?ln=primefaces&v=4.0 HTTP/1.1" 304 -
167.0.138.236 - - [02/Jun/2023:11:56:01 -0500] "GET /sipse/faces/javax.faces.resource/layout/layout.js?ln=primefaces&v=4.0 HTTP/1.1" 304 -
167.0.138.236 - - [02/Jun/2023:11:56:01 -0500] "GET /sipse/faces/javax.faces.resource/images/ui-icons_898989_256x240.png?ln=primefaces-aristo HTTP/1.1" 304 -
201.245.192.253 - - [02/Jun/2023:11:56:35 -0500] "POST /kwsrmcab/Wsrmcab  HTTP/1.1" 200 43202
172.22.2.4 - - [02/Jun/2023:11:57:05 -0500] "GET /BLA/boletinlegal/consulta_actos.php?tipo=autos&no=3054&usuario=&sector=&fecha=2018&resuelve= HTTP/1.1" 200 626
172.22.2.4 - - [02/Jun/2023:11:57:08 -0500] "GET /BLA/boletinlegal/consulta_actos.php?tipo=autos&no=3055&usuario=&sector=&fecha=2018&resuelve= HTTP/1.1" 200 626
172.22.2.4 - - [02/Jun/2023:11:57:17 -0500] "GET /BLA/boletinlegal/consulta_actos.php?tipo=autos&no=3061&usuario=&sector=&fecha=2018&resuelve= HTTP/1.1" 200 626
172.22.2.4 - - [02/Jun/2023:11:57:23 -0500] "GET /BLA/boletinlegal/consulta_actos.php?tipo=autos&no=3062&usuario=&sector=&fecha=2018&resuelve= HTTP/1.1" 200 626
172.22.2.4 - - [02/Jun/2023:11:57:24 -0500] "GET /BLA/boletinlegal/consulta_actos.php?tipo=autos&no=3062&usuario=&sector=&fecha=2018&resuelve= HTTP/1.1" 200 626
172.22.2.4 - - [02/Jun/2023:11:57:31 -0500] "GET /BLA/boletinlegal/consulta_actos.php?tipo=autos&no=3063&usuario=&sector=&fecha=2018&resuelve= HTTP/1.1" 200 626
172.22.2.4 - - [02/Jun/2023:11:57:32 -0500] "GET /BLA/boletinlegal/consulta_actos.php?tipo=autos&no=3063&usuario=&sector=&fecha=2018&resuelve= HTTP/1.1" 200 626
172.22.2.4 - - [02/Jun/2023:11:57:33 -0500] "GET /BLA/boletinlegal/consulta_actos.php?tipo=autos&no=3063&usuario=&sector=&fecha=2018&resuelve= HTTP/1.1" 200 626
172.22.2.4 - - [02/Jun/2023:11:57:51 -0500] "GET /BLA/boletinlegal/consulta_actos.php?tipo=autos&no=3064&usuario=&sector=&fecha=2018&resuelve= HTTP/1.1" 200 626
172.22.2.4 - - [02/Jun/2023:11:58:03 -0500] "GET /BLA/boletinlegal/consulta_actos.php?tipo=autos&no=3052&usuario=&sector=&fecha=2018&resuelve= HTTP/1.1" 200 1058
216.245.221.92 - - [02/Jun/2023:11:58:05 -0500] "HEAD / HTTP/1.1" 200 -
201.245.192.253 - - [02/Jun/2023:11:58:06 -0500] "GET /BLA/resoluciones/AUTOS%202018/3052.pdf HTTP/1.1" 200 267192
192.168.169.36 - - [02/Jun/2023:11:58:21 -0500] "GET /BLA/boletinlegal/admin/notificaciones/setvaluef.php?month=5&year=1993 HTTP/1.1" 200 3390
192.168.169.36 - - [02/Jun/2023:11:58:23 -0500] "GET /BLA/boletinlegal/admin/notificaciones/setvaluef.php?month=5&year=2022 HTTP/1.1" 200 3293
172.22.2.4 - - [02/Jun/2023:11:58:25 -0500] "GET /BLA/boletinlegal/actos.php HTTP/1.1" 200 9682
172.22.2.4 - - [02/Jun/2023:11:58:25 -0500] "GET /BLA/boletinlegal/styles2.css HTTP/1.1" 200 1838
172.22.2.4 - - [02/Jun/2023:11:58:25 -0500] "GET /BLA/boletinlegal/js/ajax_actos.js HTTP/1.1" 200 1322
172.22.2.4 - - [02/Jun/2023:11:58:25 -0500] "GET /BLA/boletinlegal/niceforms-default.css HTTP/1.1" 200 6694
172.22.2.4 - - [02/Jun/2023:11:58:25 -0500] "GET /BLA/boletinlegal/style.css HTTP/1.1" 200 9406
172.22.2.4 - - [02/Jun/2023:11:58:25 -0500] "GET /BLA/boletinlegal/niceforms.js HTTP/1.1" 200 22876
172.22.2.4 - - [02/Jun/2023:11:58:25 -0500] "GET /BLA/boletinlegal/js/lib.js HTTP/1.1" 200 6474
172.22.2.4 - - [02/Jun/2023:11:58:25 -0500] "GET /BLA/boletinlegal/js/popup.js HTTP/1.1" 200 1270
172.22.2.4 - - [02/Jun/2023:11:58:25 -0500] "GET /BLA/boletinlegal/js/jquery1.js HTTP/1.1" 200 29846
172.22.2.4 - - [02/Jun/2023:11:58:25 -0500] "GET /BLA/boletinlegal/images/cabezote%20BLEGAL.jpg HTTP/1.1" 200 118164
172.22.2.4 - - [02/Jun/2023:11:58:25 -0500] "GET /BLA/boletinlegal/images/subscribe-icon-big.png HTTP/1.1" 200 47702
172.22.2.4 - - [02/Jun/2023:11:58:25 -0500] "GET /BLA/boletinlegal/images/historia.png HTTP/1.1" 200 52775
172.22.2.4 - - [02/Jun/2023:11:58:25 -0500] "GET /BLA/boletinlegal/images/registro-usuarios.png HTTP/1.1" 200 8106
172.22.2.4 - - [02/Jun/2023:11:58:25 -0500] "GET /BLA/boletinlegal/images/tel.png HTTP/1.1" 200 14477
172.22.2.4 - - [02/Jun/2023:11:58:25 -0500] "GET /BLA/boletinlegal/images/green-yellow-blue-pink-th.png HTTP/1.1" 200 7394
172.22.2.4 - - [02/Jun/2023:11:58:25 -0500] "GET /BLA/boletinlegal/images/icono-email.png HTTP/1.1" 200 5544
172.22.2.4 - - [02/Jun/2023:11:58:25 -0500] "GET /BLA/boletinlegal/images/body_bg.jpg HTTP/1.1" 200 1601
172.22.2.4 - - [02/Jun/2023:11:58:25 -0500] "GET /BLA/boletinlegal/images/menu_lft.gif HTTP/1.1" 200 1713
172.22.2.4 - - [02/Jun/2023:11:58:25 -0500] "GET /BLA/boletinlegal/images/menu_rght.gif HTTP/1.1" 200 1627
172.22.2.4 - - [02/Jun/2023:11:58:25 -0500] "GET /BLA/boletinlegal/images/bg_top.jpg HTTP/1.1" 200 522
172.22.2.4 - - [02/Jun/2023:11:58:25 -0500] "GET /BLA/boletinlegal/images/footer_bg.jpg HTTP/1.1" 200 586
172.22.2.4 - - [02/Jun/2023:11:58:25 -0500] "GET /BLA/boletinlegal/images/menu_bg.jpg HTTP/1.1" 200 620
172.22.2.4 - - [02/Jun/2023:11:58:25 -0500] "GET /BLA/boletinlegal/images/footer_bg_l.jpg HTTP/1.1" 200 776
172.22.2.4 - - [02/Jun/2023:11:58:25 -0500] "GET /BLA/boletinlegal/images/hover.jpg HTTP/1.1" 200 640
172.22.2.4 - - [02/Jun/2023:11:58:25 -0500] "GET /BLA/boletinlegal/images/text.jpg HTTP/1.1" 200 568
192.168.169.36 - - [02/Jun/2023:11:58:25 -0500] "GET /BLA/boletinlegal/admin/notificaciones/setvaluef.php?month=5&year=2023 HTTP/1.1" 200 3293
172.22.2.4 - - [02/Jun/2023:11:58:25 -0500] "GET /BLA/boletinlegal/img/select-left.png HTTP/1.1" 200 263
172.22.2.4 - - [02/Jun/2023:11:58:25 -0500] "GET /BLA/boletinlegal/img/select-right.png HTTP/1.1" 200 44019
172.22.2.4 - - [02/Jun/2023:11:58:25 -0500] "GET /BLA/boletinlegal/img/0.png HTTP/1.1" 200 110
172.22.2.4 - - [02/Jun/2023:11:58:25 -0500] "GET /BLA/boletinlegal/img/button-left.png HTTP/1.1" 200 57071
172.22.2.4 - - [02/Jun/2023:11:58:25 -0500] "GET /BLA/boletinlegal/img/button.png HTTP/1.1" 200 43241
172.22.2.4 - - [02/Jun/2023:11:58:25 -0500] "GET /BLA/boletinlegal/img/button-right.png HTTP/1.1" 200 57878
172.22.2.4 - - [02/Jun/2023:11:58:26 -0500] "GET /BLA/boletinlegal/favicon.ico HTTP/1.1" 404 1326
192.168.169.36 - - [02/Jun/2023:11:58:34 -0500] "POST /BLA/boletinlegal/admin/notificaciones/ingresar.php HTTP/1.1" 200 30119
192.168.169.36 - - [02/Jun/2023:11:58:34 -0500] "GET /css/global/buttons.css HTTP/1.1" 404 1312
192.168.169.36 - - [02/Jun/2023:11:58:34 -0500] "GET /BLA/boletinlegal/admin/css/creation.css HTTP/1.1" 200 3945
192.168.169.36 - - [02/Jun/2023:11:58:35 -0500] "GET /BLA/boletinlegal/images/favicon.ico HTTP/1.1" 404 1334
40.77.167.245 - - [02/Jun/2023:11:58:45 -0500] "GET /dos-mamiferos-y-63-aves-volvieron-a-la-libertad-en-el-humedal-la-conejera.html HTTP/1.1" 200 877
172.22.2.4 - - [02/Jun/2023:11:58:45 -0500] "GET /BLA/boletinlegal/consulta_actos.php?tipo=autos&no=0332&usuario=&sector=&fecha=2019&resuelve= HTTP/1.1" 200 626
179.33.120.89 - - [02/Jun/2023:11:58:48 -0500] "GET /BLA/resoluciones/dlf/styles.css HTTP/1.1" 200 3049
179.33.120.89 - - [02/Jun/2023:11:58:48 -0500] "GET /BLA/resoluciones/ HTTP/1.1" 200 13502
179.33.120.89 - - [02/Jun/2023:11:58:48 -0500] "GET /BLA/resoluciones/dlf/folder.png HTTP/1.1" 200 410
179.33.120.89 - - [02/Jun/2023:11:58:48 -0500] "GET /BLA/resoluciones/dlf/bg.gif HTTP/1.1" 200 54
179.33.120.89 - - [02/Jun/2023:11:58:48 -0500] "GET /favicon.ico HTTP/1.1" 200 7782
172.22.2.4 - - [02/Jun/2023:11:58:54 -0500] "GET /BLA/boletinlegal/consulta_actos.php?tipo=autos&no=0332&usuario=&sector=&fecha=2019&resuelve= HTTP/1.1" 200 626
179.33.120.89 - - [02/Jun/2023:11:59:04 -0500] "GET /BLA/resoluciones/dlf/pdf.gif HTTP/1.1" 200 272
179.33.120.89 - - [02/Jun/2023:11:59:04 -0500] "GET /BLA/resoluciones/dlf/dirup.png HTTP/1.1" 200 644
179.33.120.89 - - [02/Jun/2023:11:59:04 -0500] "GET /BLA/resoluciones/dlf/archive.png HTTP/1.1" 200 632
179.33.120.89 - - [02/Jun/2023:11:59:03 -0500] "GET /BLA/resoluciones/index.php?dir=AUTOS+2019%2F HTTP/1.1" 200 379672
186.154.98.229 - - [02/Jun/2023:11:59:20 -0500] "GET /appsia/controlador HTTP/1.1" 200 4799
167.0.138.236 - - [02/Jun/2023:11:59:25 -0500] "GET /sipse/faces/javax.faces.resource/theme.css?ln=primefaces-sipse HTTP/1.1" 304 -
167.0.138.236 - - [02/Jun/2023:11:59:25 -0500] "GET /sipse/faces/javax.faces.resource/primefaces.css?ln=primefaces&v=4.0 HTTP/1.1" 304 -
167.0.138.236 - - [02/Jun/2023:11:59:25 -0500] "GET /sipse/faces/javax.faces.resource/jquery/jquery.js?ln=primefaces&v=4.0 HTTP/1.1" 304 -
167.0.138.236 - - [02/Jun/2023:11:59:25 -0500] "GET /sipse/faces/javax.faces.resource/layout/layout.css?ln=primefaces&v=4.0 HTTP/1.1" 304 -
167.0.138.236 - - [02/Jun/2023:11:59:25 -0500] "GET /sipse/faces/javax.faces.resource/jquery/jquery-plugins.js?ln=primefaces&v=4.0 HTTP/1.1" 304 -
167.0.138.236 - - [02/Jun/2023:11:59:24 -0500] "POST /sipse/faces/presentacion/financiero/solicitudProceso/consultarHistorialSolProceso.xhtml HTTP/1.1" 200 189253
167.0.138.236 - - [02/Jun/2023:11:59:25 -0500] "GET /sipse/faces/javax.faces.resource/primefaces.js?ln=primefaces&v=4.0 HTTP/1.1" 304 -
167.0.138.236 - - [02/Jun/2023:11:59:25 -0500] "GET /sipse/faces/javax.faces.resource/layout/layout.js?ln=primefaces&v=4.0 HTTP/1.1" 304 -
167.0.138.236 - - [02/Jun/2023:11:59:25 -0500] "GET /sipse/faces/javax.faces.resource/images/ui-icons_898989_256x240.png?ln=primefaces-aristo HTTP/1.1" 304 -
167.0.138.236 - - [02/Jun/2023:11:59:32 -0500] "GET /sipse/faces/javax.faces.resource/images/ui-bg_flat_0_2d5972_40x100.png?ln=primefaces-aristo HTTP/1.1" 304 -
167.0.138.236 - - [02/Jun/2023:11:59:32 -0500] "POST /sipse/faces/presentacion/financiero/solicitudProceso/consultarSolicitudProceso.xhtml HTTP/1.1" 200 5566
192.168.169.36 - - [02/Jun/2023:11:59:35 -0500] "GET /BLA/boletinlegal/admin/notificaciones/setvaluef.php?month=5&year=1993 HTTP/1.1" 200 3390
192.168.169.36 - - [02/Jun/2023:11:59:38 -0500] "GET /BLA/boletinlegal/admin/notificaciones/setvaluef.php?month=5&year=2023 HTTP/1.1" 200 3293
179.33.166.233 - - [02/Jun/2023:11:59:41 -0500] "GET /kwssiamovil/sm/acme/a?s=U2FsdGVkX1+fZH1P4F4mLUK6PypNcwsKAAXEoyvtHbJ5LnrjyaEapbne5qmFQT9jROt3am09HBeb1ILK8RQEpAfazIy79e77fCmtRzjlNlS5GyGuTZmtPet6iAitz5ICw2/BPHFQlJJyZWTstdbmm+nwOVeo07VgA/hr317Uy5iVmJYblbEyCVk5FieOpkxeWTCXEx6qQQyeBhTJFJBlrbEVx0GGGQ40qPtZ2fsPsPWaKXeRwV21n06xMEG3lJqxFZFjJjmUE1J2LBc5KGrWjw==&u=U2FsdGVkX1/qPD/oam5oXTEtNj1QKI8FPprgpO6KYik=&y=U2FsdGVkX19+j46ADnzJlHRzs/OKF1Am6AaiiVlzG9XMrBR/GbtPezv2Dymt5APr HTTP/1.1" 200 26
179.33.166.233 - - [02/Jun/2023:11:59:41 -0500] "GET /kwssiamovil/sm/acme/a?s=U2FsdGVkX1+TdD4AcKWzmpIYMzXBMhl5WtWbTYiBfv38GKHRraeCLgRyPOPNXwSRBaGJGkERyB5hYFT2nx9UuiebEEdpJ7X9Lc36rbVmYD2UsoGIBZCpGpqEcfHGncG9YnrPxB5lEFqjftLlvZuqgvPE9kSIHLyJpROltzmjiGMtbecEBpHW+FFVS4RUieSYlFYITkiE3Q8TEnfmzEQ841ORHUAxUSvrL5r8aJ0q7Jfi6s4hN4rVljV7lv0vKFGXkiv5LXMnHTRjG/ckafvC7XBa+EOWx6UO8IuKXkDiJ06re6RXL+SmYUAMZ3Ty/4Ju2iP9E9wgMcnLx/uarO3GNj6XFUAoxXxDzEx/BzUTINx0BxNj/QWaYlT11sSbMNSqdBjjVy0qk9BI6d3cqOmjZxpZBMvCZKXpPuueZAMKAwFm5FBxj6hDRgGmuYBGJD/V3D+EY7uFtfQZTgFXFg/ggWj0zeBpY/8JRvwZu9c0GRYKPB4fZ354LQjFTM+kcuwCHKoZgWZUgUIN1YQ7fv9f2mkKgwca+CG5DAe/i8iSznxK568LlQtKwZOve3Nl+9xrErKDhBfxQbUP98cC6jKavk82jGrp8Ybqgk7uZtlRJvacjX/0EG7TBWAMtDprTo+OMoh1gzJW/d4YxRFkDbMukbFGI0sM2fUuJ6/BstlctSNHV9/1+VL7tEBCFaLpNCbjpvnrMBRMgO6SMPjn235rM8KgClb1E888ti0t4MmXx+7am5sd6s3UiWL5kPkxqARO3fuCuVI0CtLlEAZiEQLpi9YvTVIHAn65Xy8TMsz86ytDCgKInwlJjQBJ52vs0E+TjLQHefHqXemL/ibTXOF+2SeYnHUJ+TJthYHB8kXD7TSl1eWtGE1uU4RtUsow6GKpCruU39g1IaRFQUI3J1ZGrHI0zTuXmwG7DUisietBQajr60Y9iuZWwrTdCpZOW0/0Ar/p6Cyt+0GOhMNxh3SGtaJUzhXpTZ0/4kktidCl2ggam37hczuttDZJ2285ECWaF9LuLmrnRLBeEuQEzIrJIkFTAhE/uLLzGn4bUVYOwuWnX1Nyme2U0RBbzQrJqTT1SZCTbQczGfJimIx7N12oqsDQOaloAwsb6W6eybWV7L+BsjURk1m9Vqb4OgnKSj1QyvmVLEupk+CTL3QwFjLpqgqFikxQox88GOev+hI+W8OpR5wPUiEDSPK1IJ0kCvTdJ/BCcLmvjZ7rSSeKtv5ZRodS+RMt3Gs6YygTm7MHirpaV7L5qWQj/rDVrc9BioSJISMVQldoEvnouSAPKI52U27L1BwEG3DkKIrcyaNHQInc2RA5igz2oxPJHYnPSpYIlbe+twENxE4YLW+YCdP+AOStfohefwcysUPHho2dXzl3CvWElpLAi6qHNCGFUEOtmCuxsAGIMlUWOl7yCS1jNYXKq4jum6BdzOCiiIneQB19vJK37TurcEeAwbbTYS5vuEokE7u2Gzy/Xywdo4tAgMZ5B/JP/Ooznqy8Uf1U53L5i3sBE9LIWlPtpR0Hqo7H0EvkUe4sqHk2dawl/p4KfHX7Y1Kk2W6WvHaiz7Yn9pfxSnM/N2odbfcfGpXVZ4Fc1Dy8TleBMQYnXlNMNiMLiBdUOhVYf3cRaz0rTT2CZHuRJxDLdO7NioKd3hVpiPBN6Oledyx+JLh53RrjNjlkTziIhUjPBDs88aXRwE2lQ0xIh26dMSlUy+V3BkrmbnLUwdnBCE4/H39dKgcOrvjGR280YWSuBpaMRDhOa9LUJIDbEG9oJ6MF6oGH7wQ0IlvO7a6//yL3vkK9PgR7bqUdaUxzpvBcM1m2f5GUfWOiNNU57fCwQgghmsXINEyrq2Gz1Ayb/BzOaVpwvR2IDLgYyvg6jnAeuY5jO6Q1LYXX8Gwukko+gh5wG4pkfYLCCeeua5bEYXRCkEcUx4fKuKsDAjHdCob1CfzJHvMZOqEQc+UqDwEuZ/69oP1kRSFk/GtBAiPem68/mFW+h4izfrqCRNkDrkCkiWc/daQ3namzlfp0OLA8lO9AHD2dT245xlruns1Xv+dVr4NxqUxEqMEEnQ==&u=U2FsdGVkX1/qPD/oam5oXTEtNj1QKI8FPprgpO6KYik=&y=U2FsdGVkX19+j46ADnzJlHRzs/OKF1Am6AaiiVlzG9XMrBR/GbtPezv2Dymt5APr HTTP/1.1" 200 26
179.33.166.233 - - [02/Jun/2023:11:59:41 -0500] "GET /kwssiamovil/sm/acme/a?s=U2FsdGVkX1+aBN4qhRN955xkesJ0mSi8hBqt4wz3S5Ho0BUPTkc+OX6hu0k4s42VPcfvv76HaKdgn0kUreQgBob5hWMqZSsXt+G6K1B11BipFW9fqC4pCOrAzd14tK0kfwcK9Hrjto2R5yR/Q5Ma0v9qQ/weD384I7frpfYMrs0=&u=U2FsdGVkX1/qPD/oam5oXTEtNj1QKI8FPprgpO6KYik=&y=U2FsdGVkX19+j46ADnzJlHRzs/OKF1Am6AaiiVlzG9XMrBR/GbtPezv2Dymt5APr HTTP/1.1" 200 26
179.33.166.233 - - [02/Jun/2023:11:59:42 -0500] "GET /kwssiamovil/sm/acme/a?s=U2FsdGVkX1+8BWGfN4y+rQZI//e+1OuvcBQMlh+NS9MrLvINHGZe9LoHT8WKG0Fftc/1T+DhzjTDk8yJxJ/LvfVicVkuR1VdSM5boujZwY/tOdc7v5ExKbzkgg0V4nLvcuM306qbplwOQxMkfRYpGs1MdNhZR5FEwbdvt7rWdtg=&u=U2FsdGVkX1/qPD/oam5oXTEtNj1QKI8FPprgpO6KYik=&y=U2FsdGVkX19+j46ADnzJlHRzs/OKF1Am6AaiiVlzG9XMrBR/GbtPezv2Dymt5APr HTTP/1.1" 200 26
179.33.166.233 - - [02/Jun/2023:11:59:42 -0500] "GET /kwssiamovil/sm/acme/a?s=U2FsdGVkX1+8iCXk7F4/gTENSUlXTXzH8/K36kKfnk3TIc8AjPri+JKTm0GCAywZAvviu3bCYdapoTSTSYKZuY321Xgr8VgHwxJ0DA5Hr7JM+7+bn17Iahm+EY149SFgnndec36yN4/k6YCp0YzZSrTWlyVrHnUjQfKZWZyFdCg=&u=U2FsdGVkX1/qPD/oam5oXTEtNj1QKI8FPprgpO6KYik=&y=U2FsdGVkX19+j46ADnzJlHRzs/OKF1Am6AaiiVlzG9XMrBR/GbtPezv2Dymt5APr HTTP/1.1" 200 26
179.33.166.233 - - [02/Jun/2023:11:59:42 -0500] "GET /kwssiamovil/sm/acme/a?s=U2FsdGVkX19k2MJgVkM2nE39bgySnQwQubVoZi3FfbUGHVUcjkT5vQazOoU4NxBGQb9u6pIOpMCClo8mVB0+gDCGYMaF6ovg4q52dww07eZTW2XBUsjNIXSsDxJEq6jHeyqJYpLo+2DT20O8MfwHjp9sw0RTTEuPQuEiJlNZzummOdIIB3Wt3eap/NtY2631WOHrHZpQdVEfYChNF5I7Aw==&u=U2FsdGVkX1/qPD/oam5oXTEtNj1QKI8FPprgpO6KYik=&y=U2FsdGVkX19+j46ADnzJlHRzs/OKF1Am6AaiiVlzG9XMrBR/GbtPezv2Dymt5APr HTTP/1.1" 200 26
192.168.169.36 - - [02/Jun/2023:11:59:49 -0500] "POST /BLA/boletinlegal/admin/notificaciones/ingresar.php HTTP/1.1" 200 30119
192.168.169.36 - - [02/Jun/2023:11:59:49 -0500] "GET /css/global/buttons.css HTTP/1.1" 404 1312
192.168.169.36 - - [02/Jun/2023:11:59:49 -0500] "GET /BLA/boletinlegal/images/favicon.ico HTTP/1.1" 404 1334
172.22.2.4 - - [02/Jun/2023:11:59:51 -0500] "GET /BLA/boletinlegal/consulta_actos.php?tipo=autos&no=3054&usuario=&sector=&fecha=2018&resuelve= HTTP/1.1" 200 626
172.22.2.4 - - [02/Jun/2023:11:59:53 -0500] "GET /BLA/boletinlegal/consulta_actos.php?tipo=autos&no=3055&usuario=&sector=&fecha=2018&resuelve= HTTP/1.1" 200 626
172.22.2.4 - - [02/Jun/2023:11:59:59 -0500] "GET /BLA/boletinlegal/consulta_actos.php?tipo=autos&no=3061&usuario=&sector=&fecha=2018&resuelve= HTTP/1.1" 200 626
172.22.2.4 - - [02/Jun/2023:12:00:00 -0500] "GET /BLA/boletinlegal/consulta_actos.php?tipo=autos&no=3061&usuario=&sector=&fecha=2018&resuelve= HTTP/1.1" 200 626
172.22.2.4 - - [02/Jun/2023:11:58:22 -0500] "HEAD /BLA/boletinlegal/ HTTP/1.1" 200 -
167.0.138.236 - - [02/Jun/2023:12:00:05 -0500] "POST /sipse/faces/presentacion/financiero/solicitudProceso/consultarSolicitudProceso.xhtml HTTP/1.1" 200 49922
167.0.138.236 - - [02/Jun/2023:12:00:05 -0500] "GET /sipse/faces/javax.faces.resource/theme.css?ln=primefaces-sipse HTTP/1.1" 304 -
167.0.138.236 - - [02/Jun/2023:12:00:05 -0500] "GET /sipse/faces/javax.faces.resource/layout/layout.css?ln=primefaces&v=4.0 HTTP/1.1" 304 -
167.0.138.236 - - [02/Jun/2023:12:00:05 -0500] "GET /sipse/faces/javax.faces.resource/primefaces.css?ln=primefaces&v=4.0 HTTP/1.1" 304 -
167.0.138.236 - - [02/Jun/2023:12:00:05 -0500] "GET /sipse/faces/javax.faces.resource/jquery/jquery.js?ln=primefaces&v=4.0 HTTP/1.1" 304 -
167.0.138.236 - - [02/Jun/2023:12:00:05 -0500] "GET /sipse/faces/javax.faces.resource/jquery/jquery-plugins.js?ln=primefaces&v=4.0 HTTP/1.1" 304 -
167.0.138.236 - - [02/Jun/2023:12:00:05 -0500] "GET /sipse/faces/javax.faces.resource/layout/layout.js?ln=primefaces&v=4.0 HTTP/1.1" 304 -
167.0.138.236 - - [02/Jun/2023:12:00:05 -0500] "GET /sipse/faces/javax.faces.resource/primefaces.js?ln=primefaces&v=4.0 HTTP/1.1" 304 -
167.0.138.236 - - [02/Jun/2023:12:00:05 -0500] "GET /sipse/faces/javax.faces.resource/images/ui-icons_898989_256x240.png?ln=primefaces-aristo HTTP/1.1" 304 -
186.154.98.229 - - [02/Jun/2023:12:00:06 -0500] "POST /appsia/controlador HTTP/1.1" 200 3603
186.154.98.229 - - [02/Jun/2023:12:00:06 -0500] "GET /appsia/jscripts/validarSolicitud.js HTTP/1.1" 404 68
172.22.2.4 - - [02/Jun/2023:12:00:06 -0500] "GET /BLA/boletinlegal/consulta_actos.php?tipo=autos&no=3062&usuario=&sector=&fecha=2018&resuelve= HTTP/1.1" 200 626
167.0.138.236 - - [02/Jun/2023:12:00:07 -0500] "GET /sipse/faces/javax.faces.resource/images/ui-bg_flat_0_2d5972_40x100.png?ln=primefaces-aristo HTTP/1.1" 304 -
167.0.138.236 - - [02/Jun/2023:12:00:07 -0500] "POST /sipse/faces/presentacion/financiero/solicitudProceso/consultar.xhtml HTTP/1.1" 200 143187
167.0.138.236 - - [02/Jun/2023:12:00:08 -0500] "GET /sipse/faces/javax.faces.resource/jquery/jquery.js?ln=primefaces&v=4.0 HTTP/1.1" 304 -
167.0.138.236 - - [02/Jun/2023:12:00:08 -0500] "GET /sipse/faces/javax.faces.resource/jquery/jquery-plugins.js?ln=primefaces&v=4.0 HTTP/1.1" 304 -
167.0.138.236 - - [02/Jun/2023:12:00:08 -0500] "GET /sipse/faces/javax.faces.resource/primefaces.js?ln=primefaces&v=4.0 HTTP/1.1" 304 -
167.0.138.236 - - [02/Jun/2023:12:00:08 -0500] "GET /sipse/faces/javax.faces.resource/layout/layout.js?ln=primefaces&v=4.0 HTTP/1.1" 304 -
167.0.138.236 - - [02/Jun/2023:12:00:11 -0500] "POST /sipse/faces/presentacion/financiero/solicitudProceso/consultarSolicitudProceso.xhtml HTTP/1.1" 200 44642
167.0.138.236 - - [02/Jun/2023:12:00:12 -0500] "GET /sipse/faces/javax.faces.resource/theme.css?ln=primefaces-sipse HTTP/1.1" 304 -
167.0.138.236 - - [02/Jun/2023:12:00:12 -0500] "GET /sipse/faces/javax.faces.resource/primefaces.css?ln=primefaces&v=4.0 HTTP/1.1" 304 -
167.0.138.236 - - [02/Jun/2023:12:00:12 -0500] "GET /sipse/faces/javax.faces.resource/layout/layout.css?ln=primefaces&v=4.0 HTTP/1.1" 304 -
167.0.138.236 - - [02/Jun/2023:12:00:12 -0500] "GET /sipse/faces/javax.faces.resource/jquery/jquery.js?ln=primefaces&v=4.0 HTTP/1.1" 304 -
167.0.138.236 - - [02/Jun/2023:12:00:12 -0500] "GET /sipse/faces/javax.faces.resource/jquery/jquery-plugins.js?ln=primefaces&v=4.0 HTTP/1.1" 304 -
167.0.138.236 - - [02/Jun/2023:12:00:12 -0500] "GET /sipse/faces/javax.faces.resource/primefaces.js?ln=primefaces&v=4.0 HTTP/1.1" 304 -
167.0.138.236 - - [02/Jun/2023:12:00:12 -0500] "GET /sipse/faces/javax.faces.resource/layout/layout.js?ln=primefaces&v=4.0 HTTP/1.1" 304 -
167.0.138.236 - - [02/Jun/2023:12:00:12 -0500] "GET /sipse/faces/javax.faces.resource/images/ui-icons_898989_256x240.png?ln=primefaces-aristo HTTP/1.1" 304 -
179.33.120.89 - - [02/Jun/2023:12:00:14 -0500] "GET /BLA/resoluciones/AUTOS%202019/0331.pdf HTTP/1.1" 200 260784
172.22.2.4 - - [02/Jun/2023:12:00:14 -0500] "GET /BLA/boletinlegal/consulta_actos.php?tipo=autos&no=3063&usuario=&sector=&fecha=2018&resuelve= HTTP/1.1" 200 626
179.33.120.89 - - [02/Jun/2023:12:00:15 -0500] "GET /BLA/resoluciones/AUTOS%202019/0331.pdf HTTP/1.1" 206 1025
179.33.120.89 - - [02/Jun/2023:12:00:15 -0500] "GET /BLA/resoluciones/AUTOS%202019/0331.pdf HTTP/1.1" 200 260784
172.22.2.4 - - [02/Jun/2023:12:00:15 -0500] "GET /BLA/boletinlegal/consulta_actos.php?tipo=autos&no=3063&usuario=&sector=&fecha=2018&resuelve= HTTP/1.1" 200 626
172.22.2.4 - - [02/Jun/2023:12:00:15 -0500] "GET /BLA/boletinlegal/consulta_actos.php?tipo=autos&no=3063&usuario=&sector=&fecha=2018&resuelve= HTTP/1.1" 200 626
172.22.2.4 - - [02/Jun/2023:12:00:16 -0500] "GET /BLA/boletinlegal/consulta_actos.php?tipo=autos&no=3063&usuario=&sector=&fecha=2018&resuelve= HTTP/1.1" 200 626
179.33.120.89 - - [02/Jun/2023:12:00:16 -0500] "GET /BLA/resoluciones/AUTOS%202019/0333.pdf HTTP/1.1" 200 269599
179.33.120.89 - - [02/Jun/2023:12:00:17 -0500] "GET /BLA/resoluciones/AUTOS%202019/0333.pdf HTTP/1.1" 206 1025
179.33.120.89 - - [02/Jun/2023:12:00:17 -0500] "GET /BLA/resoluciones/AUTOS%202019/0333.pdf HTTP/1.1" 200 269599
179.33.120.89 - - [02/Jun/2023:12:00:19 -0500] "GET /BLA/resoluciones/AUTOS%202019/0331.pdf HTTP/1.1" 206 64512
179.33.120.89 - - [02/Jun/2023:12:00:19 -0500] "GET /BLA/resoluciones/AUTOS%202019/0331.pdf HTTP/1.1" 206 195247
172.22.2.4 - - [02/Jun/2023:12:00:20 -0500] "GET /BLA/boletinlegal/consulta_actos.php?tipo=autos&no=3064&usuario=&sector=&fecha=2018&resuelve= HTTP/1.1" 200 626
201.245.192.253 - - [02/Jun/2023:12:00:23 -0500] "POST /sipsesda/faces/vista/administracion/funcionario/registrarFuncionario.jspx?_afPfm=1 HTTP/1.1" 200 37486
40.77.167.245 - - [02/Jun/2023:12:00:24 -0500] "GET /reciclaton-empresarial-2023-como-inscribirse-a-la-primera-jornada-del-ano.html HTTP/1.1" 200 705
201.245.192.253 - - [02/Jun/2023:12:00:24 -0500] "POST /sipsesda/faces/vista/administracion/funcionario/listadoFuncionario.jspx HTTP/1.1" 200 36916
186.154.98.229 - - [02/Jun/2023:12:00:25 -0500] "POST /appsia/controlador HTTP/1.1" 200 4799
172.22.2.4 - - [02/Jun/2023:12:00:26 -0500] "GET /BLA/boletinlegal/consulta_actos.php?tipo=autos&no=3065&usuario=&sector=&fecha=2018&resuelve= HTTP/1.1" 200 626
172.22.2.4 - - [02/Jun/2023:12:00:27 -0500] "GET /BLA/boletinlegal/consulta_actos.php?tipo=autos&no=3065&usuario=&sector=&fecha=2018&resuelve= HTTP/1.1" 200 626
172.22.2.4 - - [02/Jun/2023:12:00:27 -0500] "GET /BLA/boletinlegal/consulta_actos.php?tipo=autos&no=3065&usuario=&sector=&fecha=2018&resuelve= HTTP/1.1" 200 626
172.22.2.4 - - [02/Jun/2023:12:00:27 -0500] "GET /BLA/boletinlegal/consulta_actos.php?tipo=autos&no=3065&usuario=&sector=&fecha=2018&resuelve= HTTP/1.1" 200 626
201.245.192.253 - - [02/Jun/2023:12:00:29 -0500] "POST /sipsesda/faces/vista/administracion/funcionario/listadoFuncionario.jspx HTTP/1.1" 200 41731
172.22.2.4 - - [02/Jun/2023:12:00:33 -0500] "GET /BLA/boletinlegal/consulta_actos.php?tipo=autos&no=3066&usuario=&sector=&fecha=2018&resuelve= HTTP/1.1" 200 626
172.22.2.4 - - [02/Jun/2023:12:00:33 -0500] "GET /BLA/boletinlegal/consulta_actos.php?tipo=autos&no=3066&usuario=&sector=&fecha=2018&resuelve= HTTP/1.1" 200 626
172.22.2.4 - - [02/Jun/2023:12:00:33 -0500] "GET /BLA/boletinlegal/consulta_actos.php?tipo=autos&no=3066&usuario=&sector=&fecha=2018&resuelve= HTTP/1.1" 200 626
192.168.169.36 - - [02/Jun/2023:12:00:34 -0500] "GET /BLA/boletinlegal/admin/notificaciones/setvaluef.php?month=5&year=1993 HTTP/1.1" 200 3390
172.22.2.4 - - [02/Jun/2023:12:00:34 -0500] "GET /BLA/boletinlegal/consulta_actos.php?tipo=autos&no=3066&usuario=&sector=&fecha=2018&resuelve= HTTP/1.1" 200 626
201.245.192.253 - - [02/Jun/2023:12:00:34 -0500] "POST /sipsesda/faces/vista/administracion/funcionario/listadoFuncionario.jspx HTTP/1.1" 200 17995
192.168.169.36 - - [02/Jun/2023:12:00:37 -0500] "GET /BLA/boletinlegal/admin/notificaciones/setvaluef.php?month=5&year=2023 HTTP/1.1" 200 3293
172.22.2.4 - - [02/Jun/2023:12:00:39 -0500] "GET /BLA/boletinlegal/consulta_actos.php?tipo=autos&no=3067&usuario=&sector=&fecha=2018&resuelve= HTTP/1.1" 200 626
172.22.2.4 - - [02/Jun/2023:12:00:40 -0500] "GET /BLA/boletinlegal/consulta_actos.php?tipo=autos&no=3067&usuario=&sector=&fecha=2018&resuelve= HTTP/1.1" 200 626
172.22.2.4 - - [02/Jun/2023:12:00:40 -0500] "GET /BLA/boletinlegal/consulta_actos.php?tipo=autos&no=3067&usuario=&sector=&fecha=2018&resuelve= HTTP/1.1" 200 626
172.22.2.4 - - [02/Jun/2023:12:00:40 -0500] "GET /BLA/boletinlegal/consulta_actos.php?tipo=autos&no=3067&usuario=&sector=&fecha=2018&resuelve= HTTP/1.1" 200 626
192.168.169.36 - - [02/Jun/2023:12:00:46 -0500] "POST /BLA/boletinlegal/admin/notificaciones/ingresar.php HTTP/1.1" 200 30119
192.168.169.36 - - [02/Jun/2023:12:00:46 -0500] "GET /css/global/buttons.css HTTP/1.1" 404 1312
172.22.2.4 - - [02/Jun/2023:12:00:48 -0500] "GET /BLA/boletinlegal/consulta_actos.php?tipo=autos&no=3068&usuario=&sector=&fecha=2018&resuelve= HTTP/1.1" 200 1064
66.249.69.31 - - [02/Jun/2023:12:00:50 -0500] "-" 408 -
201.245.192.253 - - [02/Jun/2023:12:00:51 -0500] "GET /BLA/resoluciones/AUTOS%202018/3068.pdf HTTP/1.1" 200 270782
172.22.2.4 - - [02/Jun/2023:11:59:12 -0500] "GET /BLA/boletinlegal/ HTTP/1.1" 200 52730
172.22.2.4 - - [02/Jun/2023:12:01:05 -0500] "GET /BLA/boletinlegal/consulta_actos.php?tipo=autos&no=3069&usuario=&sector=&fecha=2018&resuelve= HTTP/1.1" 200 626
167.0.138.236 - - [02/Jun/2023:12:01:07 -0500] "GET /sipse/faces/javax.faces.resource/theme.css?ln=primefaces-sipse HTTP/1.1" 304 -
167.0.138.236 - - [02/Jun/2023:12:01:07 -0500] "GET /sipse/faces/javax.faces.resource/primefaces.css?ln=primefaces&v=4.0 HTTP/1.1" 304 -
167.0.138.236 - - [02/Jun/2023:12:01:07 -0500] "GET /sipse/faces/javax.faces.resource/jquery/jquery.js?ln=primefaces&v=4.0 HTTP/1.1" 304 -
167.0.138.236 - - [02/Jun/2023:12:01:07 -0500] "GET /sipse/faces/javax.faces.resource/layout/layout.css?ln=primefaces&v=4.0 HTTP/1.1" 304 -
167.0.138.236 - - [02/Jun/2023:12:01:07 -0500] "GET /sipse/faces/javax.faces.resource/jquery/jquery-plugins.js?ln=primefaces&v=4.0 HTTP/1.1" 304 -
167.0.138.236 - - [02/Jun/2023:12:01:07 -0500] "GET /sipse/faces/javax.faces.resource/primefaces.js?ln=primefaces&v=4.0 HTTP/1.1" 304 -
167.0.138.236 - - [02/Jun/2023:12:01:07 -0500] "GET /sipse/faces/javax.faces.resource/layout/layout.js?ln=primefaces&v=4.0 HTTP/1.1" 304 -
167.0.138.236 - - [02/Jun/2023:12:01:06 -0500] "POST /sipse/faces/presentacion/financiero/solicitudProceso/consultarHistorialSolProceso.xhtml HTTP/1.1" 200 189269
167.0.138.236 - - [02/Jun/2023:12:01:07 -0500] "GET /sipse/faces/javax.faces.resource/images/ui-icons_898989_256x240.png?ln=primefaces-aristo HTTP/1.1" 304 -
172.22.2.4 - - [02/Jun/2023:12:01:22 -0500] "GET /BLA/boletinlegal/consulta_actos.php?tipo=autos&no=3071&usuario=&sector=&fecha=2018&resuelve= HTTP/1.1" 200 1371
201.245.192.253 - - [02/Jun/2023:12:01:25 -0500] "GET /BLA/resoluciones/AUTOS%202018/3071.pdf HTTP/1.1" 200 471218
201.245.192.253 - - [02/Jun/2023:12:01:35 -0500] "POST /kwsrmcab/Wsrmcab  HTTP/1.1" 200 43202
172.22.2.4 - - [02/Jun/2023:12:01:38 -0500] "GET /BLA/boletinlegal/jurisprudencia/analisis/CUADRO%20ANALISIS%20SENTENCIA%20T-411%20DE%201992.doc HTTP/1.1" 200 41984
172.22.2.4 - - [02/Jun/2023:12:01:40 -0500] "GET /BLA/boletinlegal/consulta_actos.php?tipo=autos&no=3072&usuario=&sector=&fecha=2018&resuelve= HTTP/1.1" 200 1353
179.33.120.89 - - [02/Jun/2023:12:01:43 -0500] "GET /BLA/resoluciones/index.php HTTP/1.1" 200 13502
201.245.192.253 - - [02/Jun/2023:12:01:43 -0500] "GET /BLA/resoluciones/AUTOS%202018/3072.pdf HTTP/1.1" 200 287028
179.33.120.89 - - [02/Jun/2023:12:01:46 -0500] "GET /BLA/resoluciones/index.php?dir=AUTOS+2020%2F HTTP/1.1" 200 328775
172.22.2.4 - - [02/Jun/2023:12:01:57 -0500] "GET /BLA/boletinlegal/consulta_actos.php?tipo=autos&no=3073&usuario=&sector=&fecha=2018&resuelve= HTTP/1.1" 200 626
172.22.2.4 - - [02/Jun/2023:12:02:07 -0500] "GET /BLA/boletinlegal/consulta_actos.php?tipo=autos&no=3076&usuario=&sector=&fecha=2018&resuelve= HTTP/1.1" 200 626
172.22.2.4 - - [02/Jun/2023:12:02:09 -0500] "GET /BLA/boletinlegal/consulta_actos.php?tipo=autos&no=3076&usuario=&sector=&fecha=2018&resuelve= HTTP/1.1" 200 626
172.22.2.4 - - [02/Jun/2023:12:02:11 -0500] "GET /BLA/boletinlegal/consulta_actos.php?tipo=autos&no=3076&usuario=&sector=&fecha=2018&resuelve= HTTP/1.1" 200 626
172.22.2.4 - - [02/Jun/2023:12:02:19 -0500] "GET /BLA/boletinlegal/consulta_actos.php?tipo=autos&no=3077&usuario=&sector=&fecha=2018&resuelve= HTTP/1.1" 200 1319
172.22.2.4 - - [02/Jun/2023:12:02:19 -0500] "GET /BLA/boletinlegal/normativa.php HTTP/1.1" 200 8343
201.245.192.253 - - [02/Jun/2023:12:02:22 -0500] "GET /BLA/resoluciones/AUTOS%202018/3077.pdf HTTP/1.1" 200 492647
167.0.138.236 - - [02/Jun/2023:12:02:24 -0500] "POST /sipse/faces/presentacion/financiero/solicitudProceso/consultarSolicitudProceso.xhtml HTTP/1.1" 200 44642
167.0.138.236 - - [02/Jun/2023:12:02:25 -0500] "GET /sipse/faces/javax.faces.resource/theme.css?ln=primefaces-sipse HTTP/1.1" 304 -
167.0.138.236 - - [02/Jun/2023:12:02:25 -0500] "GET /sipse/faces/javax.faces.resource/primefaces.css?ln=primefaces&v=4.0 HTTP/1.1" 304 -
167.0.138.236 - - [02/Jun/2023:12:02:25 -0500] "GET /sipse/faces/javax.faces.resource/primefaces.js?ln=primefaces&v=4.0 HTTP/1.1" 304 -
167.0.138.236 - - [02/Jun/2023:12:02:25 -0500] "GET /sipse/faces/javax.faces.resource/jquery/jquery-plugins.js?ln=primefaces&v=4.0 HTTP/1.1" 304 -
167.0.138.236 - - [02/Jun/2023:12:02:25 -0500] "GET /sipse/faces/javax.faces.resource/layout/layout.css?ln=primefaces&v=4.0 HTTP/1.1" 304 -
167.0.138.236 - - [02/Jun/2023:12:02:25 -0500] "GET /sipse/faces/javax.faces.resource/jquery/jquery.js?ln=primefaces&v=4.0 HTTP/1.1" 304 -
167.0.138.236 - - [02/Jun/2023:12:02:25 -0500] "GET /sipse/faces/javax.faces.resource/layout/layout.js?ln=primefaces&v=4.0 HTTP/1.1" 304 -
167.0.138.236 - - [02/Jun/2023:12:02:25 -0500] "GET /sipse/faces/javax.faces.resource/images/ui-icons_898989_256x240.png?ln=primefaces-aristo HTTP/1.1" 304 -
172.22.2.4 - - [02/Jun/2023:12:02:44 -0500] "GET /BLA/boletinlegal/consulta_actos.php?tipo=autos&no=3078&usuario=&sector=&fecha=2018&resuelve= HTTP/1.1" 200 1081
201.245.192.253 - - [02/Jun/2023:12:02:47 -0500] "GET /BLA/resoluciones/AUTOS%202018/3078.pdf HTTP/1.1" 200 343351
216.245.221.92 - - [02/Jun/2023:12:03:05 -0500] "HEAD / HTTP/1.1" 200 -
172.22.2.4 - - [02/Jun/2023:12:03:05 -0500] "GET /BLA/boletinlegal/consulta_actos.php?tipo=autos&no=3079&usuario=&sector=&fecha=2018&resuelve= HTTP/1.1" 200 1082
172.22.2.4 - - [02/Jun/2023:12:03:06 -0500] "GET /BLA/boletinlegal/consulta_actos.php?tipo=autos&no=3079&usuario=&sector=&fecha=2018&resuelve= HTTP/1.1" 200 1082
172.22.2.4 - - [02/Jun/2023:12:03:06 -0500] "GET /BLA/boletinlegal/consulta_actos.php?tipo=autos&no=3079&usuario=&sector=&fecha=2018&resuelve= HTTP/1.1" 200 1082
201.245.192.253 - - [02/Jun/2023:12:03:09 -0500] "GET /BLA/resoluciones/AUTOS%202018/3079.pdf HTTP/1.1" 200 360148
172.22.2.4 - - [02/Jun/2023:12:03:30 -0500] "GET /BLA/boletinlegal/consulta_actos.php?tipo=autos&no=3079&usuario=&sector=&fecha=2018&resuelve= HTTP/1.1" 200 1082
201.245.192.253 - - [02/Jun/2023:12:03:36 -0500] "OPTIONS /kwssiamovil/sm/setfile/f HTTP/1.1" 200 13
172.22.2.4 - - [02/Jun/2023:12:03:36 -0500] "GET /BLA/boletinlegal/consulta_actos.php?tipo=autos&no=3082&usuario=&sector=&fecha=2018&resuelve= HTTP/1.1" 200 626
201.245.192.253 - - [02/Jun/2023:12:03:37 -0500] "POST /kwssiamovil/sm/setfile/f HTTP/1.1" 200 381
173.252.95.24 - - [02/Jun/2023:12:03:49 -0500] "GET /images/24%20de%20febrero%20Sendero%20guadalupe%202.jpeg HTTP/1.1" 200 70964
200.3.152.40 - - [02/Jun/2023:12:03:56 -0500] "GET /galeria/galeria/jquery.fancybox.css?v=2.1.5 HTTP/1.1" 200 4895
200.3.152.40 - - [02/Jun/2023:12:03:56 -0500] "GET /galeria/galeria/jquery.fancybox.js?v=2.1.5 HTTP/1.1" 200 48706
200.3.152.40 - - [02/Jun/2023:12:03:56 -0500] "GET /BLA/boletinlegal/js/jquery.scrollShow.js HTTP/1.1" 200 4586
172.22.2.4 - - [02/Jun/2023:12:03:59 -0500] "GET /BLA/boletinlegal/consulta_actos.php?tipo=autos&no=3084&usuario=&sector=&fecha=2018&resuelve= HTTP/1.1" 200 626
172.22.2.4 - - [02/Jun/2023:12:04:00 -0500] "GET /BLA/boletinlegal/consulta_actos.php?tipo=autos&no=3084&usuario=&sector=&fecha=2018&resuelve= HTTP/1.1" 200 626
172.22.2.4 - - [02/Jun/2023:12:04:07 -0500] "GET /BLA/boletinlegal/consulta_actos.php?tipo=autos&no=3087&usuario=&sector=&fecha=2018&resuelve= HTTP/1.1" 200 1078
201.245.192.253 - - [02/Jun/2023:12:04:13 -0500] "GET /BLA/resoluciones/AUTOS%202018/3087.pdf HTTP/1.1" 200 319334
179.33.120.89 - - [02/Jun/2023:12:04:32 -0500] "GET /BLA/resoluciones/index.php HTTP/1.1" 200 13502
179.33.120.89 - - [02/Jun/2023:12:04:38 -0500] "GET /BLA/resoluciones/dlf/unknown.png HTTP/1.1" 200 266
179.33.120.89 - - [02/Jun/2023:12:04:38 -0500] "GET /BLA/resoluciones/index.php?dir=AUTOS+2021%2F HTTP/1.1" 200 397891
172.22.2.4 - - [02/Jun/2023:12:05:08 -0500] "GET /BLA/boletinlegal/consulta_actos.php?tipo=autos&no=3091&usuario=&sector=&fecha=2018&resuelve= HTTP/1.1" 200 1364
167.0.138.236 - - [02/Jun/2023:12:05:46 -0500] "GET /reportes_sipse/jsp/inicio.jsp HTTP/1.1" 200 2935
167.0.138.236 - - [02/Jun/2023:12:05:46 -0500] "GET /reportes_sipse/css/estilos.css HTTP/1.1" 200 9135
167.0.138.236 - - [02/Jun/2023:12:05:46 -0500] "GET /reportes_sipse/imagenes/fondo.jpg HTTP/1.1" 200 20235
167.0.138.236 - - [02/Jun/2023:12:05:46 -0500] "GET /reportes_sipse/imagenes/logoAplicacion.jpg HTTP/1.1" 200 26872
172.22.2.4 - - [02/Jun/2023:12:04:12 -0500] "HEAD /BLA/boletinlegal/ HTTP/1.1" 200 -
167.0.138.236 - - [02/Jun/2023:12:05:59 -0500] "POST /reportes_sipse/sdg/ServletReporte?viabilidadxanalista& HTTP/1.1" 200 3023
167.0.138.236 - - [02/Jun/2023:12:06:16 -0500] "POST /reportes_sipse/sdg/ServletReporte?viabilidadadesxanalista& HTTP/1.1" 200 3027
167.0.138.236 - - [02/Jun/2023:12:06:27 -0500] "POST /reportes_sipse/sdg/ServletReporte?viabilidadesxanalista& HTTP/1.1" 200 3025
201.245.192.253 - - [02/Jun/2023:12:06:33 -0500] "POST /kwsrmcab/Wsrmcab  HTTP/1.1" 200 43202
172.22.2.4 - - [02/Jun/2023:12:05:02 -0500] "GET /BLA/boletinlegal/ HTTP/1.1" 200 57151
167.0.138.236 - - [02/Jun/2023:12:06:49 -0500] "POST /reportes_sipse/sdg/ServletReporte?viabilidadesxanalistas& HTTP/1.1" 200 3026
167.0.138.236 - - [02/Jun/2023:12:06:57 -0500] "POST /reportes_sipse/sdg/ServletReporte?viabilidadxanalista& HTTP/1.1" 200 3023
167.0.138.236 - - [02/Jun/2023:12:07:03 -0500] "GET /sipse/faces/javax.faces.resource/images/ui-bg_flat_0_2d5972_40x100.png?ln=primefaces-aristo HTTP/1.1" 304 -
167.0.138.236 - - [02/Jun/2023:12:07:03 -0500] "POST /sipse/faces/presentacion/financiero/solicitudProceso/consultarHistorialSolProceso.xhtml HTTP/1.1" 200 8621
167.0.138.236 - - [02/Jun/2023:12:07:04 -0500] "POST /sipse/faces/presentacion/financiero/solicitudProceso/consultarHistorialSolProceso.xhtml HTTP/1.1" 200 34226
167.0.138.236 - - [02/Jun/2023:12:07:05 -0500] "GET /sipse/faces/javax.faces.resource/jquery/jquery.js?ln=primefaces&v=4.0 HTTP/1.1" 304 -
167.0.138.236 - - [02/Jun/2023:12:07:05 -0500] "GET /sipse/faces/javax.faces.resource/jquery/jquery-plugins.js?ln=primefaces&v=4.0 HTTP/1.1" 304 -
167.0.138.236 - - [02/Jun/2023:12:07:05 -0500] "GET /sipse/faces/javax.faces.resource/primefaces.js?ln=primefaces&v=4.0 HTTP/1.1" 304 -
167.0.138.236 - - [02/Jun/2023:12:07:05 -0500] "GET /sipse/faces/javax.faces.resource/layout/layout.js?ln=primefaces&v=4.0 HTTP/1.1" 304 -
167.0.138.236 - - [02/Jun/2023:12:07:06 -0500] "POST /sipse/faces/presentacion/sistema/reporte/listarReportes.xhtml HTTP/1.1" 200 26600
167.0.138.236 - - [02/Jun/2023:12:07:06 -0500] "POST /sipse/faces/presentacion/sistema/reporte/listarReportes.xhtml HTTP/1.1" 200 26600
167.0.138.236 - - [02/Jun/2023:12:07:08 -0500] "POST /sipse/faces/presentacion/sistema/reporte/listarReportes.xhtml HTTP/1.1" 200 33320
167.0.138.236 - - [02/Jun/2023:12:07:09 -0500] "POST /sipse/faces/presentacion/sistema/reporte/listarReportes.xhtml HTTP/1.1" 200 33320
167.0.138.236 - - [02/Jun/2023:12:07:11 -0500] "POST /sipse/faces/presentacion/sistema/reporte/listarReportes.xhtml HTTP/1.1" 200 34447
167.0.138.236 - - [02/Jun/2023:12:07:11 -0500] "POST /sipse/faces/presentacion/sistema/reporte/listarReportes.xhtml HTTP/1.1" 200 34447
167.0.138.236 - - [02/Jun/2023:12:07:13 -0500] "POST /sipse/faces/presentacion/sistema/reporte/listarReportes.xhtml HTTP/1.1" 200 25740
167.0.138.236 - - [02/Jun/2023:12:07:13 -0500] "POST /sipse/faces/presentacion/sistema/reporte/listarReportes.xhtml HTTP/1.1" 200 25740
167.0.138.236 - - [02/Jun/2023:12:07:14 -0500] "POST /sipse/faces/presentacion/sistema/reporte/listarReportes.xhtml HTTP/1.1" 200 27515
167.0.138.236 - - [02/Jun/2023:12:07:14 -0500] "POST /sipse/faces/presentacion/sistema/reporte/listarReportes.xhtml HTTP/1.1" 200 27515
201.245.192.253 - - [02/Jun/2023:12:07:15 -0500] "POST /sipse/faces/presentacion/financiero/solicitudProceso/listarSolicitudProceso.xhtml HTTP/1.1" 200 43916
201.245.192.253 - - [02/Jun/2023:12:07:16 -0500] "GET /sipse/faces/javax.faces.resource/theme.css?ln=primefaces-sipse HTTP/1.1" 304 -
201.245.192.253 - - [02/Jun/2023:12:07:16 -0500] "GET /sipse/faces/javax.faces.resource/layout/layout.css?ln=primefaces&v=4.0 HTTP/1.1" 304 -
201.245.192.253 - - [02/Jun/2023:12:07:16 -0500] "GET /sipse/faces/javax.faces.resource/primefaces.css?ln=primefaces&v=4.0 HTTP/1.1" 304 -
201.245.192.253 - - [02/Jun/2023:12:07:16 -0500] "GET /sipse/faces/javax.faces.resource/jquery/jquery.js?ln=primefaces&v=4.0 HTTP/1.1" 304 -
201.245.192.253 - - [02/Jun/2023:12:07:16 -0500] "GET /sipse/faces/javax.faces.resource/jquery/jquery-plugins.js?ln=primefaces&v=4.0 HTTP/1.1" 304 -
201.245.192.253 - - [02/Jun/2023:12:07:16 -0500] "GET /sipse/faces/javax.faces.resource/primefaces.js?ln=primefaces&v=4.0 HTTP/1.1" 304 -
201.245.192.253 - - [02/Jun/2023:12:07:16 -0500] "GET /sipse/faces/javax.faces.resource/layout/layout.js?ln=primefaces&v=4.0 HTTP/1.1" 304 -
167.0.138.236 - - [02/Jun/2023:12:07:16 -0500] "POST /sipse/faces/presentacion/sistema/reporte/listarReportes.xhtml HTTP/1.1" 200 30627
201.245.192.253 - - [02/Jun/2023:12:07:16 -0500] "POST /sipse/faces/presentacion/financiero/solicitudProceso/consultar.xhtml HTTP/1.1" 200 37327
167.0.138.236 - - [02/Jun/2023:12:07:16 -0500] "POST /sipse/faces/presentacion/sistema/reporte/listarReportes.xhtml HTTP/1.1" 200 30627
201.245.192.253 - - [02/Jun/2023:12:07:16 -0500] "POST /sipse/faces/presentacion/financiero/solicitudProceso/consultar.xhtml HTTP/1.1" 200 37327
201.245.192.253 - - [02/Jun/2023:12:07:16 -0500] "POST /sipse/faces/presentacion/financiero/solicitudProceso/consultar.xhtml HTTP/1.1" 200 37327
167.0.138.236 - - [02/Jun/2023:12:07:18 -0500] "POST /sipse/faces/presentacion/sistema/reporte/listarReportes.xhtml HTTP/1.1" 200 34069
167.0.138.236 - - [02/Jun/2023:12:07:18 -0500] "POST /sipse/faces/presentacion/sistema/reporte/listarReportes.xhtml HTTP/1.1" 200 34069
201.245.192.253 - - [02/Jun/2023:12:07:19 -0500] "POST /sipse/faces/presentacion/financiero/solicitudProceso/consultar.xhtml HTTP/1.1" 200 12973
201.245.192.253 - - [02/Jun/2023:12:07:20 -0500] "GET /BLA/resoluciones/AUTOS%202018/3091.pdf HTTP/1.1" 200 282150
201.245.192.253 - - [02/Jun/2023:12:07:21 -0500] "POST /sipse/faces/presentacion/financiero/solicitudProceso/consultar.xhtml HTTP/1.1" 200 152830
201.245.192.253 - - [02/Jun/2023:12:07:22 -0500] "GET /sipse/faces/javax.faces.resource/theme.css?ln=primefaces-sipse HTTP/1.1" 304 -
201.245.192.253 - - [02/Jun/2023:12:07:22 -0500] "GET /sipse/faces/javax.faces.resource/layout/layout.css?ln=primefaces&v=4.0 HTTP/1.1" 304 -
201.245.192.253 - - [02/Jun/2023:12:07:22 -0500] "GET /sipse/faces/javax.faces.resource/primefaces.css?ln=primefaces&v=4.0 HTTP/1.1" 304 -
201.245.192.253 - - [02/Jun/2023:12:07:22 -0500] "GET /sipse/faces/javax.faces.resource/jquery/jquery.js?ln=primefaces&v=4.0 HTTP/1.1" 304 -
201.245.192.253 - - [02/Jun/2023:12:07:22 -0500] "GET /sipse/faces/javax.faces.resource/jquery/jquery-plugins.js?ln=primefaces&v=4.0 HTTP/1.1" 304 -
201.245.192.253 - - [02/Jun/2023:12:07:22 -0500] "GET /sipse/faces/javax.faces.resource/primefaces.js?ln=primefaces&v=4.0 HTTP/1.1" 304 -
