190.24.52.191 - - [02/Jun/2023:11:22:09 -0500] "GET /sipse/js/funciones.js HTTP/1.1" 304 -
190.24.52.191 - - [02/Jun/2023:11:22:09 -0500] "GET /sipse/faces/javax.faces.resource/jquery/jquery-plugins.js?ln=primefaces&v=4.0 HTTP/1.1" 304 -
190.24.52.191 - - [02/Jun/2023:11:22:09 -0500] "GET /sipse/faces/javax.faces.resource/jquery/jquery.js?ln=primefaces&v=4.0 HTTP/1.1" 304 -
190.24.52.191 - - [02/Jun/2023:11:22:09 -0500] "GET /sipse/faces/javax.faces.resource/primefaces.js?ln=primefaces&v=4.0 HTTP/1.1" 304 -
190.24.52.191 - - [02/Jun/2023:11:22:09 -0500] "GET /sipse/faces/javax.faces.resource/layout/layout.js?ln=primefaces&v=4.0 HTTP/1.1" 304 -
190.24.52.191 - - [02/Jun/2023:11:22:09 -0500] "GET /sipse/css/imagen/logoSDG.png HTTP/1.1" 304 -
190.24.52.191 - - [02/Jun/2023:11:22:09 -0500] "GET /sipse/css/imagen/loginimg.png HTTP/1.1" 304 -
190.24.52.191 - - [02/Jun/2023:11:22:09 -0500] "GET /sipse/faces/javax.faces.resource/images/ui-icons_898989_256x240.png?ln=primefaces-aristo HTTP/1.1" 304 -
69.171.249.6 - - [02/Jun/2023:11:22:11 -0500] "GET /images/Reciclaton-2023.jpg HTTP/1.1" 200 68883
201.245.192.253 - - [02/Jun/2023:11:22:12 -0500] "GET /BLA/resoluciones/AUTOS%202018/2949.pdf HTTP/1.1" 200 261574
190.24.52.191 - - [02/Jun/2023:11:22:14 -0500] "POST /sipse/faces/autenticacion.xhtml HTTP/1.1" 200 2222
190.24.52.191 - - [02/Jun/2023:11:22:14 -0500] "GET /sipse/faces/javax.faces.resource/messages/messages.png?ln=primefaces&v=4.0 HTTP/1.1" 304 -
190.24.52.191 - - [02/Jun/2023:11:22:15 -0500] "POST /sipse/faces/autenticacion.xhtml HTTP/1.1" 200 18967
201.245.192.253 - - [02/Jun/2023:11:22:17 -0500] "GET /sipsepre/faces/faces/faces/autenticacion.xhtml HTTP/1.1" 200 12218
201.245.192.253 - - [02/Jun/2023:11:22:17 -0500] "GET /sipsepre/faces/javax.faces.resource/layout/layout.css?ln=primefaces&v=4.0 HTTP/1.1" 200 542
201.245.192.253 - - [02/Jun/2023:11:22:17 -0500] "GET /sipsepre/faces/javax.faces.resource/jquery/jquery-plugins.js?ln=primefaces&v=4.0 HTTP/1.1" 304 -
201.245.192.253 - - [02/Jun/2023:11:22:17 -0500] "GET /sipsepre/faces/javax.faces.resource/primefaces.js?ln=primefaces&v=4.0 HTTP/1.1" 304 -
201.245.192.253 - - [02/Jun/2023:11:22:17 -0500] "GET /sipsepre/faces/javax.faces.resource/jquery/jquery.js?ln=primefaces&v=4.0 HTTP/1.1" 304 -
201.245.192.253 - - [02/Jun/2023:11:22:17 -0500] "GET /sipsepre/faces/javax.faces.resource/layout/layout.js?ln=primefaces&v=4.0 HTTP/1.1" 304 -
201.245.192.253 - - [02/Jun/2023:11:22:17 -0500] "GET /sipsepre/faces/javax.faces.resource/theme.css?ln=primefaces-sipse HTTP/1.1" 200 50106
201.245.192.253 - - [02/Jun/2023:11:22:17 -0500] "GET /sipsepre/faces/javax.faces.resource/primefaces.css?ln=primefaces&v=4.0 HTTP/1.1" 200 53325
201.245.192.253 - - [02/Jun/2023:11:22:17 -0500] "GET /sipsepre/faces/javax.faces.resource/images/ui-icons_898989_256x240.png?ln=primefaces-aristo HTTP/1.1" 200 5355
201.245.192.253 - - [02/Jun/2023:11:22:17 -0500] "GET /sipsepre/faces/faces/faces/index.xhtml HTTP/1.1" 200 680
201.245.192.253 - - [02/Jun/2023:11:22:17 -0500] "GET /sipsepre/faces/javax.faces.resource/theme.css?ln=primefaces-sipse HTTP/1.1" 304 -
201.245.192.253 - - [02/Jun/2023:11:22:17 -0500] "GET /sipsepre/faces/faces/faces/faces/autenticacion.xhtml HTTP/1.1" 200 12218
201.245.192.253 - - [02/Jun/2023:11:22:17 -0500] "GET /sipsepre/faces/javax.faces.resource/theme.css?ln=primefaces-sipse HTTP/1.1" 304 -
201.245.192.253 - - [02/Jun/2023:11:22:17 -0500] "GET /sipsepre/faces/javax.faces.resource/layout/layout.css?ln=primefaces&v=4.0 HTTP/1.1" 304 -
201.245.192.253 - - [02/Jun/2023:11:22:17 -0500] "GET /sipsepre/faces/javax.faces.resource/primefaces.css?ln=primefaces&v=4.0 HTTP/1.1" 304 -
201.245.192.253 - - [02/Jun/2023:11:22:17 -0500] "GET /sipsepre/faces/javax.faces.resource/jquery/jquery.js?ln=primefaces&v=4.0 HTTP/1.1" 304 -
201.245.192.253 - - [02/Jun/2023:11:22:17 -0500] "GET /sipsepre/faces/javax.faces.resource/jquery/jquery-plugins.js?ln=primefaces&v=4.0 HTTP/1.1" 304 -
201.245.192.253 - - [02/Jun/2023:11:22:17 -0500] "GET /sipsepre/faces/javax.faces.resource/primefaces.js?ln=primefaces&v=4.0 HTTP/1.1" 304 -
201.245.192.253 - - [02/Jun/2023:11:22:17 -0500] "GET /sipsepre/faces/javax.faces.resource/layout/layout.js?ln=primefaces&v=4.0 HTTP/1.1" 304 -
201.245.192.253 - - [02/Jun/2023:11:22:17 -0500] "GET /sipsepre/faces/javax.faces.resource/images/ui-icons_898989_256x240.png?ln=primefaces-aristo HTTP/1.1" 304 -
69.171.249.118 - - [02/Jun/2023:11:22:17 -0500] "GET /reciclaton-empresarial-2023-como-inscribirse-a-la-primera-jornada-del-ano.html HTTP/1.1" 206 705
69.171.249.118 - - [02/Jun/2023:11:22:18 -0500] "GET /reciclaton-empresarial-2023-como-inscribirse-a-la-primera-jornada-del-ano.html HTTP/1.1" 206 705
69.171.249.11 - - [02/Jun/2023:11:22:18 -0500] "GET /reciclaton-empresarial-2023-como-inscribirse-a-la-primera-jornada-del-ano.html HTTP/1.1" 206 705
69.171.249.116 - - [02/Jun/2023:11:22:18 -0500] "GET /reciclaton-empresarial-2023-como-inscribirse-a-la-primera-jornada-del-ano.html HTTP/1.1" 206 705
69.171.249.10 - - [02/Jun/2023:11:22:18 -0500] "GET /reciclaton-empresarial-2023-como-inscribirse-a-la-primera-jornada-del-ano.html HTTP/1.1" 206 705
69.171.249.21 - - [02/Jun/2023:11:22:18 -0500] "GET /reciclaton-empresarial-2023-como-inscribirse-a-la-primera-jornada-del-ano.html HTTP/1.1" 206 705
69.171.249.118 - - [02/Jun/2023:11:22:18 -0500] "GET /reciclaton-empresarial-2023-como-inscribirse-a-la-primera-jornada-del-ano.html HTTP/1.1" 206 705
190.24.52.191 - - [02/Jun/2023:11:22:18 -0500] "GET /sipse/faces/javax.faces.resource/theme.css?ln=primefaces-sipse HTTP/1.1" 304 -
190.24.52.191 - - [02/Jun/2023:11:22:18 -0500] "GET /sipse/faces/javax.faces.resource/primefaces.css?ln=primefaces&v=4.0 HTTP/1.1" 304 -
190.24.52.191 - - [02/Jun/2023:11:22:18 -0500] "GET /sipse/faces/javax.faces.resource/layout/layout.css?ln=primefaces&v=4.0 HTTP/1.1" 304 -
190.24.52.191 - - [02/Jun/2023:11:22:18 -0500] "GET /sipse/css/custom_css_sg_prime.css HTTP/1.1" 304 -
190.24.52.191 - - [02/Jun/2023:11:22:18 -0500] "GET /sipse/js/jquery.min.js HTTP/1.1" 304 -
190.24.52.191 - - [02/Jun/2023:11:22:18 -0500] "GET /sipse/faces/javax.faces.resource/jquery/jquery.js?ln=primefaces&v=4.0 HTTP/1.1" 304 -
190.24.52.191 - - [02/Jun/2023:11:22:18 -0500] "GET /sipse/faces/javax.faces.resource/jquery/jquery-plugins.js?ln=primefaces&v=4.0 HTTP/1.1" 304 -
190.24.52.191 - - [02/Jun/2023:11:22:18 -0500] "GET /sipse/faces/javax.faces.resource/primefaces.js?ln=primefaces&v=4.0 HTTP/1.1" 304 -
190.24.52.191 - - [02/Jun/2023:11:22:18 -0500] "GET /sipse/faces/javax.faces.resource/layout/layout.js?ln=primefaces&v=4.0 HTTP/1.1" 304 -
190.24.52.191 - - [02/Jun/2023:11:22:18 -0500] "GET /sipse/css/v_mergente.css HTTP/1.1" 200 1505
190.24.52.191 - - [02/Jun/2023:11:22:19 -0500] "GET /sipse/imagenes/logoAplicacion.jpg HTTP/1.1" 304 -
190.24.52.191 - - [02/Jun/2023:11:22:19 -0500] "GET /sipse/css/imagen/contrasena.png HTTP/1.1" 404 383
190.24.52.191 - - [02/Jun/2023:11:22:19 -0500] "GET /sipse/imagenes/cargando.gif HTTP/1.1" 304 -
190.24.52.191 - - [02/Jun/2023:11:22:19 -0500] "POST /sipse/faces/bienvenido.xhtml HTTP/1.1" 200 1348
201.245.192.253 - - [02/Jun/2023:11:22:19 -0500] "POST /sipsepre/faces/autenticacion.xhtml HTTP/1.1" 200 12273
201.245.192.253 - - [02/Jun/2023:11:22:19 -0500] "GET /sipsepre/faces/javax.faces.resource/jquery/jquery.js?ln=primefaces&v=4.0 HTTP/1.1" 304 -
201.245.192.253 - - [02/Jun/2023:11:22:19 -0500] "GET /sipsepre/faces/javax.faces.resource/jquery/jquery-plugins.js?ln=primefaces&v=4.0 HTTP/1.1" 304 -
201.245.192.253 - - [02/Jun/2023:11:22:19 -0500] "GET /sipsepre/faces/javax.faces.resource/primefaces.js?ln=primefaces&v=4.0 HTTP/1.1" 304 -
201.245.192.253 - - [02/Jun/2023:11:22:19 -0500] "GET /sipsepre/faces/javax.faces.resource/layout/layout.js?ln=primefaces&v=4.0 HTTP/1.1" 304 -
201.245.192.253 - - [02/Jun/2023:11:22:19 -0500] "GET /sipsepre/faces/javax.faces.resource/messages/messages.png?ln=primefaces&v=4.0 HTTP/1.1" 200 27209
190.24.52.191 - - [02/Jun/2023:11:22:20 -0500] "GET /sipse/faces/javax.faces.resource/images/ui-bg_flat_0_2d5972_40x100.png?ln=primefaces-aristo HTTP/1.1" 304 -
190.24.52.191 - - [02/Jun/2023:11:22:20 -0500] "POST /sipse/faces/bienvenido.xhtml HTTP/1.1" 200 3182
201.245.192.253 - - [02/Jun/2023:11:22:21 -0500] "GET /sipsepre/faces/javax.faces.resource/images/ui-bg_flat_0_2d5972_40x100.png?ln=primefaces-aristo HTTP/1.1" 200 183
190.24.52.191 - - [02/Jun/2023:11:22:22 -0500] "POST /sipse/faces/bienvenido.xhtml HTTP/1.1" 200 2672
190.24.52.191 - - [02/Jun/2023:11:22:22 -0500] "POST /sipse/faces/bienvenido.xhtml HTTP/1.1" 200 32435
190.24.52.191 - - [02/Jun/2023:11:22:23 -0500] "GET /sipse/faces/javax.faces.resource/primefaces.css?ln=primefaces&v=4.0 HTTP/1.1" 304 -
190.24.52.191 - - [02/Jun/2023:11:22:23 -0500] "GET /sipse/faces/javax.faces.resource/theme.css?ln=primefaces-sipse HTTP/1.1" 304 -
190.24.52.191 - - [02/Jun/2023:11:22:23 -0500] "GET /sipse/faces/javax.faces.resource/layout/layout.css?ln=primefaces&v=4.0 HTTP/1.1" 304 -
190.24.52.191 - - [02/Jun/2023:11:22:23 -0500] "GET /sipse/faces/javax.faces.resource/jquery/jquery.js?ln=primefaces&v=4.0 HTTP/1.1" 304 -
190.24.52.191 - - [02/Jun/2023:11:22:23 -0500] "GET /sipse/faces/javax.faces.resource/jquery/jquery-plugins.js?ln=primefaces&v=4.0 HTTP/1.1" 304 -
190.24.52.191 - - [02/Jun/2023:11:22:23 -0500] "GET /sipse/faces/javax.faces.resource/primefaces.js?ln=primefaces&v=4.0 HTTP/1.1" 304 -
190.24.52.191 - - [02/Jun/2023:11:22:23 -0500] "GET /sipse/faces/javax.faces.resource/layout/layout.js?ln=primefaces&v=4.0 HTTP/1.1" 304 -
190.24.52.191 - - [02/Jun/2023:11:22:23 -0500] "POST /sipse/faces/presentacion/financiero/solicitudProceso/listarSolicitudProceso.xhtml HTTP/1.1" 200 1376
201.245.192.253 - - [02/Jun/2023:11:22:23 -0500] "POST /sipsepre/faces/presentacion/sistema/seguridad/seleccionRol.xhtml HTTP/1.1" 200 19057
201.245.192.253 - - [02/Jun/2023:11:22:24 -0500] "GET /sipsepre/js/jquery.min.js HTTP/1.1" 200 85582
201.245.192.253 - - [02/Jun/2023:11:22:24 -0500] "GET /sipsepre/faces/javax.faces.resource/jquery/jquery.js?ln=primefaces&v=4.0 HTTP/1.1" 304 -
201.245.192.253 - - [02/Jun/2023:11:22:24 -0500] "GET /sipsepre/faces/javax.faces.resource/jquery/jquery-plugins.js?ln=primefaces&v=4.0 HTTP/1.1" 304 -
201.245.192.253 - - [02/Jun/2023:11:22:24 -0500] "GET /sipsepre/faces/javax.faces.resource/primefaces.js?ln=primefaces&v=4.0 HTTP/1.1" 304 -
201.245.192.253 - - [02/Jun/2023:11:22:24 -0500] "GET /sipsepre/faces/javax.faces.resource/layout/layout.js?ln=primefaces&v=4.0 HTTP/1.1" 304 -
201.245.192.253 - - [02/Jun/2023:11:22:25 -0500] "POST /sipsepre/faces/bienvenido.xhtml HTTP/1.1" 200 3182
172.22.2.4 - - [02/Jun/2023:11:22:26 -0500] "GET /BLA/boletinlegal/consulta_actos.php?tipo=autos&no=2950&usuario=&sector=&fecha=2018&resuelve= HTTP/1.1" 200 1307
200.91.250.98 - - [02/Jun/2023:11:22:27 -0500] "GET /BLA/resoluciones/RESOLUCIONES%202020/0465.pdf HTTP/1.1" 200 314652
201.245.192.253 - - [02/Jun/2023:11:22:27 -0500] "POST /sipsepre/faces/bienvenido.xhtml HTTP/1.1" 200 911
200.91.250.98 - - [02/Jun/2023:11:22:28 -0500] "GET /BLA/resoluciones/RESOLUCIONES%202020/0465.pdf HTTP/1.1" 200 314652
200.91.250.98 - - [02/Jun/2023:11:22:28 -0500] "GET /BLA/resoluciones/RESOLUCIONES%202020/0465.pdf HTTP/1.1" 206 1025
167.0.157.61 - - [02/Jun/2023:11:22:28 -0500] "POST /sipse/faces/presentacion/financiero/solicitudProceso/consultarSolicitudProceso.xhtml HTTP/1.1" 200 336325
201.245.192.253 - - [02/Jun/2023:11:22:29 -0500] "GET /BLA/resoluciones/AUTOS%202018/2950.pdf HTTP/1.1" 200 2811780
201.245.192.253 - - [02/Jun/2023:11:22:32 -0500] "GET /sipsesda/ HTTP/1.1" 200 1477
201.245.192.253 - - [02/Jun/2023:11:22:32 -0500] "GET /css/segobdis.css HTTP/1.1" 404 1264
201.245.192.253 - - [02/Jun/2023:11:22:32 -0500] "GET /sipsesda/faces/login.jspx HTTP/1.1" 200 6860
200.91.250.98 - - [02/Jun/2023:11:22:34 -0500] "GET /BLA/resoluciones/RESOLUCIONES%202020/0465.pdf HTTP/1.1" 206 64512
201.245.192.253 - - [02/Jun/2023:11:22:34 -0500] "POST /sipsesda/faces/login.jspx HTTP/1.1" 200 5764
200.91.250.98 - - [02/Jun/2023:11:22:35 -0500] "GET /BLA/resoluciones/RESOLUCIONES%202020/0465.pdf HTTP/1.1" 206 52508
201.245.192.253 - - [02/Jun/2023:11:22:38 -0500] "POST /sipsesda/faces/vista/sistema/seleccionRol.jspx HTTP/1.1" 200 32827
201.245.192.253 - - [02/Jun/2023:11:22:38 -0500] "GET /sipsesda/faces/imagenes/vinetaAbajo.gif HTTP/1.1" 200 72
201.245.192.253 - - [02/Jun/2023:11:22:38 -0500] "GET /sipsesda/faces/imagenes/vinetaDerecha.gif HTTP/1.1" 200 107
201.245.192.253 - - [02/Jun/2023:11:22:38 -0500] "GET /sipsesda/imagenes/logoAplicacion.jpg HTTP/1.1" 200 155084
201.245.192.253 - - [02/Jun/2023:11:23:00 -0500] "GET /sipsesda/faces/vista/sistema/cargarMenu.jspx?accionMenu=listadoSolicitudProceso&menuID=11 HTTP/1.1" 200 33034
201.245.192.253 - - [02/Jun/2023:11:23:00 -0500] "GET /sipsesda/imagenes/cargando.gif HTTP/1.1" 200 1287
201.245.192.253 - - [02/Jun/2023:11:23:00 -0500] "GET /favicon.ico HTTP/1.1" 200 7782
201.245.192.253 - - [02/Jun/2023:11:23:00 -0500] "POST /sipsesda/faces/vista/sistema/cargarMenu.jspx HTTP/1.1" 200 41247
201.245.192.253 - - [02/Jun/2023:11:23:01 -0500] "GET /sipsesda/adf/jsLibs/resources/LocaleElements_es_CO10_1_3_4_0.js HTTP/1.1" 200 824
201.245.192.253 - - [02/Jun/2023:11:23:01 -0500] "GET /sipsesda/adf/images/dfb.gif HTTP/1.1" 200 194
216.245.221.92 - - [02/Jun/2023:11:23:05 -0500] "HEAD / HTTP/1.1" 200 -
201.245.192.253 - - [02/Jun/2023:11:23:08 -0500] "POST /sipsesda/faces/vista/financiero/solicitudProceso/listadoSolicitudProceso.jspx HTTP/1.1" 302 201
167.0.157.61 - - [02/Jun/2023:11:23:12 -0500] "POST /sipse/faces/presentacion/financiero/solicitudProceso/consultarSolicitudProceso.xhtml HTTP/1.1" 200 225919
201.245.192.253 - - [02/Jun/2023:11:23:13 -0500] "GET /sipsesda/ HTTP/1.1" 200 1477
201.245.192.253 - - [02/Jun/2023:11:23:13 -0500] "GET /css/segobdis.css HTTP/1.1" 404 1264
201.245.192.253 - - [02/Jun/2023:11:23:13 -0500] "GET /favicon.ico HTTP/1.1" 200 7782
201.245.192.253 - - [02/Jun/2023:11:23:13 -0500] "GET /sipsesda/faces/login.jspx HTTP/1.1" 200 6860
201.245.192.253 - - [02/Jun/2023:11:23:16 -0500] "POST /sipsesda/faces/login.jspx HTTP/1.1" 200 5764
201.245.192.253 - - [02/Jun/2023:11:23:18 -0500] "POST /sipsesda/faces/vista/sistema/seleccionRol.jspx HTTP/1.1" 200 11525
167.0.157.61 - - [02/Jun/2023:11:23:20 -0500] "POST /sipse/faces/presentacion/financiero/solicitudProceso/consultarSolicitudProceso.xhtml HTTP/1.1" 200 37231
201.245.192.253 - - [02/Jun/2023:11:23:21 -0500] "GET /sipsesda/faces/vista/sistema/cargarMenu.jspx?accionMenu=listadoSolicitudProceso&menuID=11 HTTP/1.1" 200 11653
201.245.192.253 - - [02/Jun/2023:11:23:21 -0500] "GET /favicon.ico HTTP/1.1" 200 7782
201.245.192.253 - - [02/Jun/2023:11:23:21 -0500] "POST /sipsesda/faces/vista/sistema/cargarMenu.jspx HTTP/1.1" 200 19866
201.245.192.253 - - [02/Jun/2023:11:23:22 -0500] "GET /sipsesda/adf/jsLibs/resources/LocaleElements_es_CO10_1_3_4_0.js HTTP/1.1" 200 824
167.0.157.61 - - [02/Jun/2023:11:23:27 -0500] "POST /sipse/faces/presentacion/financiero/solicitudProceso/consultarSolicitudProceso.xhtml HTTP/1.1" 200 394433
172.22.2.4 - - [02/Jun/2023:11:23:28 -0500] "GET /BLA/boletinlegal/consulta_actos.php?tipo=autos&no=2952&usuario=&sector=&fecha=2018&resuelve= HTTP/1.1" 200 1081
172.22.2.4 - - [02/Jun/2023:11:23:29 -0500] "GET /BLA/boletinlegal/consulta_actos.php?tipo=autos&no=2952&usuario=&sector=&fecha=2018&resuelve= HTTP/1.1" 200 1081
201.245.192.253 - - [02/Jun/2023:11:23:30 -0500] "GET /BLA/resoluciones/AUTOS%202018/2952.pdf HTTP/1.1" 200 271872
201.245.192.253 - - [02/Jun/2023:11:23:31 -0500] "POST /sipsesda/faces/vista/financiero/solicitudProceso/listadoSolicitudProceso.jspx HTTP/1.1" 302 201
167.0.157.61 - - [02/Jun/2023:11:23:40 -0500] "POST /sipse/faces/presentacion/financiero/solicitudProceso/consultarSolicitudProceso.xhtml HTTP/1.1" 200 153824
201.245.192.253 - - [02/Jun/2023:11:23:42 -0500] "GET /sipsesda/ HTTP/1.1" 200 1477
201.245.192.253 - - [02/Jun/2023:11:23:42 -0500] "GET /css/segobdis.css HTTP/1.1" 404 1264
201.245.192.253 - - [02/Jun/2023:11:23:42 -0500] "GET /sipsesda/faces/login.jspx HTTP/1.1" 200 6860
172.22.2.4 - - [02/Jun/2023:11:23:46 -0500] "GET /BLA/boletinlegal/consulta_actos.php?tipo=autos&no=2954&usuario=&sector=&fecha=2018&resuelve= HTTP/1.1" 200 1069
201.245.192.253 - - [02/Jun/2023:11:23:47 -0500] "POST /sipsesda/faces/login.jspx HTTP/1.1" 200 5764
201.245.192.253 - - [02/Jun/2023:11:23:47 -0500] "GET /favicon.ico HTTP/1.1" 200 7782
167.0.157.61 - - [02/Jun/2023:11:23:46 -0500] "POST /sipse/faces/presentacion/financiero/solicitudProceso/consultarSolicitudProceso.xhtml HTTP/1.1" 200 3230489
201.245.192.253 - - [02/Jun/2023:11:23:49 -0500] "GET /BLA/resoluciones/AUTOS%202018/2954.pdf HTTP/1.1" 200 266928
201.245.192.253 - - [02/Jun/2023:11:23:49 -0500] "POST /sipsesda/faces/vista/sistema/seleccionRol.jspx HTTP/1.1" 200 11762
201.245.192.253 - - [02/Jun/2023:11:23:52 -0500] "GET /sipsesda/faces/vista/sistema/cargarMenu.jspx?accionMenu=listadoSolicitudProceso&menuID=11 HTTP/1.1" 200 11890
201.245.192.253 - - [02/Jun/2023:11:23:52 -0500] "GET /sipsesda/imagenes/cargando.gif HTTP/1.1" 200 1287
201.245.192.253 - - [02/Jun/2023:11:23:52 -0500] "POST /sipsesda/faces/vista/sistema/cargarMenu.jspx HTTP/1.1" 200 20103
201.245.192.253 - - [02/Jun/2023:11:23:53 -0500] "GET /sipsesda/adf/jsLibs/resources/LocaleElements_es_CO10_1_3_4_0.js HTTP/1.1" 200 824
201.245.192.253 - - [02/Jun/2023:11:23:54 -0500] "POST /sipsesda/faces/vista/financiero/solicitudProceso/listadoSolicitudProceso.jspx HTTP/1.1" 302 201
167.0.157.61 - - [02/Jun/2023:11:23:52 -0500] "POST /sipse/faces/presentacion/financiero/solicitudProceso/consultarSolicitudProceso.xhtml HTTP/1.1" 200 2735220
201.245.192.253 - - [02/Jun/2023:11:23:56 -0500] "GET /sipsesda/ HTTP/1.1" 200 1477
201.245.192.253 - - [02/Jun/2023:11:23:56 -0500] "GET /css/segobdis.css HTTP/1.1" 404 1264
201.245.192.253 - - [02/Jun/2023:11:23:57 -0500] "GET /favicon.ico HTTP/1.1" 200 7782
201.245.192.253 - - [02/Jun/2023:11:23:57 -0500] "GET /sipsesda/faces/login.jspx HTTP/1.1" 200 6860
201.245.192.253 - - [02/Jun/2023:11:23:59 -0500] "POST /sipsesda/faces/login.jspx HTTP/1.1" 200 5764
201.245.192.253 - - [02/Jun/2023:11:23:59 -0500] "GET /favicon.ico HTTP/1.1" 200 7782
40.77.167.205 - - [02/Jun/2023:11:24:01 -0500] "GET /portaldeninos/tipos-de-arboles-en-bogota/ HTTP/1.1" 200 109802
201.245.192.253 - - [02/Jun/2023:11:24:02 -0500] "POST /sipsesda/faces/vista/sistema/seleccionRol.jspx HTTP/1.1" 200 8242
167.0.157.61 - - [02/Jun/2023:11:24:04 -0500] "POST /sipse/faces/presentacion/financiero/solicitudProceso/consultarSolicitudProceso.xhtml HTTP/1.1" 200 172279
172.22.2.4 - - [02/Jun/2023:11:24:09 -0500] "GET /BLA/boletinlegal/consulta_actos.php?tipo=autos&no=2957&usuario=&sector=&fecha=2018&resuelve= HTTP/1.1" 200 626
167.0.157.61 - - [02/Jun/2023:11:24:14 -0500] "POST /sipse/faces/presentacion/financiero/solicitudProceso/consultarSolicitudProceso.xhtml HTTP/1.1" 200 1734726
172.22.2.4 - - [02/Jun/2023:11:24:17 -0500] "GET /BLA/boletinlegal/consulta_actos.php?tipo=autos&no=2958&usuario=&sector=&fecha=2018&resuelve= HTTP/1.1" 200 626
172.22.2.4 - - [02/Jun/2023:11:24:17 -0500] "GET /BLA/boletinlegal/consulta_actos.php?tipo=autos&no=2958&usuario=&sector=&fecha=2018&resuelve= HTTP/1.1" 200 626
172.22.2.4 - - [02/Jun/2023:11:24:18 -0500] "GET /BLA/boletinlegal/consulta_actos.php?tipo=autos&no=2958&usuario=&sector=&fecha=2018&resuelve= HTTP/1.1" 200 626
172.22.2.4 - - [02/Jun/2023:11:24:18 -0500] "GET /BLA/boletinlegal/consulta_actos.php?tipo=autos&no=2958&usuario=&sector=&fecha=2018&resuelve= HTTP/1.1" 200 626
172.22.2.4 - - [02/Jun/2023:11:24:18 -0500] "GET /BLA/boletinlegal/consulta_actos.php?tipo=autos&no=2958&usuario=&sector=&fecha=2018&resuelve= HTTP/1.1" 200 626
172.22.2.4 - - [02/Jun/2023:11:24:19 -0500] "GET /BLA/boletinlegal/consulta_actos.php?tipo=autos&no=2958&usuario=&sector=&fecha=2018&resuelve= HTTP/1.1" 200 626
40.77.167.245 - - [02/Jun/2023:11:24:21 -0500] "GET /portaldeninos/wp-content/plugins/smart-slider-3/library/media/dist/smartslider-frontend.min.js?1563274780 HTTP/1.1" 200 128256
40.77.167.245 - - [02/Jun/2023:11:24:21 -0500] "GET /portaldeninos/wp-content/plugins/smart-slider-3/nextend/media/dist/nextend-frontend.min.js?1563274780 HTTP/1.1" 200 76980
40.77.167.245 - - [02/Jun/2023:11:24:21 -0500] "GET /portaldeninos/wp-content/themes/betheme/assets/jplayer/jplayer.min.js?ver=20.9.6 HTTP/1.1" 200 52702
40.77.167.245 - - [02/Jun/2023:11:24:22 -0500] "GET /portaldeninos/wp-content/themes/betheme/fonts/mfn-icons.ttf?93978679 HTTP/1.1" 200 124684
40.77.167.245 - - [02/Jun/2023:11:24:22 -0500] "GET /portaldeninos/wp-includes/js/wp-emoji-release.min.js?ver=4.9.8 HTTP/1.1" 200 12026
201.245.192.253 - - [02/Jun/2023:11:24:23 -0500] "POST /sipsesda/faces/vista/sistema/inicial.jspx HTTP/1.1" 302 201
40.77.167.205 - - [02/Jun/2023:11:24:25 -0500] "GET /portaldeninos/wp-content/plugins/smart-slider-3/library/media/plugins/type/simple/simple/dist/smartslider-simple-type-frontend.min.js?1563274780 HTTP/1.1" 200 18726
40.77.167.205 - - [02/Jun/2023:11:24:25 -0500] "GET /portaldeninos/wp-content/plugins/smart-slider-3/nextend/media/dist/n2.min.js?1528383544 HTTP/1.1" 200 3495
40.77.167.205 - - [02/Jun/2023:11:24:25 -0500] "GET /portaldeninos/wp-content/themes/betheme/assets/animations/animations.min.css?ver=20.9.6 HTTP/1.1" 200 58508
40.77.167.205 - - [02/Jun/2023:11:24:25 -0500] "GET /portaldeninos/wp-includes/js/jquery/ui/accordion.min.js?ver=1.11.4 HTTP/1.1" 200 8584
40.77.167.205 - - [02/Jun/2023:11:24:25 -0500] "GET /portaldeninos/wp-includes/js/jquery/ui/tabs.min.js?ver=1.11.4 HTTP/1.1" 200 12110
172.22.2.4 - - [02/Jun/2023:11:24:25 -0500] "GET /BLA/boletinlegal/consulta_actos.php?tipo=autos&no=2960&usuario=&sector=&fecha=2018&resuelve= HTTP/1.1" 200 1057
201.245.192.253 - - [02/Jun/2023:11:24:25 -0500] "GET /sipsesda/ HTTP/1.1" 200 1477
201.245.192.253 - - [02/Jun/2023:11:24:25 -0500] "GET /css/segobdis.css HTTP/1.1" 404 1264
201.245.192.253 - - [02/Jun/2023:11:24:26 -0500] "GET /sipsesda/faces/login.jspx HTTP/1.1" 200 6860
201.245.192.253 - - [02/Jun/2023:11:24:27 -0500] "POST /sipsesda/faces/login.jspx HTTP/1.1" 200 5764
201.245.192.253 - - [02/Jun/2023:11:24:28 -0500] "GET /favicon.ico HTTP/1.1" 200 7782
201.245.192.253 - - [02/Jun/2023:11:24:28 -0500] "GET /BLA/resoluciones/AUTOS%202018/2960.pdf HTTP/1.1" 200 262901
201.245.192.253 - - [02/Jun/2023:11:24:30 -0500] "POST /sipsesda/faces/vista/sistema/seleccionRol.jspx HTTP/1.1" 200 28275
201.245.192.253 - - [02/Jun/2023:11:24:31 -0500] "GET /sipsesda/faces/imagenes/vinetaDerecha.gif HTTP/1.1" 200 107
201.245.192.253 - - [02/Jun/2023:11:24:33 -0500] "GET /sipsesda/faces/vista/sistema/cargarMenu.jspx?accionMenu=listadoSolicitudProceso&menuID=11 HTTP/1.1" 200 28482
201.245.192.253 - - [02/Jun/2023:11:24:33 -0500] "GET /sipsesda/imagenes/cargando.gif HTTP/1.1" 200 1287
201.245.192.253 - - [02/Jun/2023:11:24:33 -0500] "GET /favicon.ico HTTP/1.1" 200 7782
201.245.192.253 - - [02/Jun/2023:11:24:33 -0500] "POST /sipsesda/faces/vista/sistema/cargarMenu.jspx HTTP/1.1" 200 36695
201.245.192.253 - - [02/Jun/2023:11:24:33 -0500] "GET /sipsesda/adf/jsLibs/resources/LocaleElements_es_CO10_1_3_4_0.js HTTP/1.1" 200 824
201.245.192.253 - - [02/Jun/2023:11:24:33 -0500] "GET /sipsesda/adf/images/dfb.gif HTTP/1.1" 200 194
201.245.192.253 - - [02/Jun/2023:11:24:35 -0500] "POST /sipsesda/faces/vista/financiero/solicitudProceso/listadoSolicitudProceso.jspx HTTP/1.1" 302 201
52.167.144.46 - - [02/Jun/2023:11:24:35 -0500] "GET /portaldeninos/wp-content/plugins/gallery-videos/CSS/Total-Soft-Gallery-Video-Widget.css?ver=4.9.8 HTTP/1.1" 200 51554
52.167.144.46 - - [02/Jun/2023:11:24:35 -0500] "GET /portaldeninos/wp-content/plugins/gallery-videos/CSS/totalsoft.css?ver=4.9.8 HTTP/1.1" 200 40622
52.167.144.46 - - [02/Jun/2023:11:24:35 -0500] "GET /portaldeninos/wp-content/plugins/gallery-videos/JS/modernizr.custom.js?ver=4.9.8 HTTP/1.1" 200 9019
52.167.144.46 - - [02/Jun/2023:11:24:35 -0500] "GET /portaldeninos/wp-content/plugins/smart-slider-3/library/media/smartslider.min.css?1558968666 HTTP/1.1" 200 19594
52.167.144.46 - - [02/Jun/2023:11:24:35 -0500] "GET /portaldeninos/wp-content/themes/betheme/js/scripts.js?ver=20.9.6 HTTP/1.1" 200 77162
52.167.144.46 - - [02/Jun/2023:11:24:36 -0500] "GET /portaldeninos/wp-content/uploads/useanyfont/uaf.css?ver=1589905315 HTTP/1.1" 200 408
201.245.192.253 - - [02/Jun/2023:11:24:37 -0500] "GET /sipsesda/ HTTP/1.1" 200 1477
201.245.192.253 - - [02/Jun/2023:11:24:37 -0500] "GET /css/segobdis.css HTTP/1.1" 404 1264
201.245.192.253 - - [02/Jun/2023:11:24:37 -0500] "GET /favicon.ico HTTP/1.1" 200 7782
201.245.192.253 - - [02/Jun/2023:11:24:37 -0500] "GET /sipsesda/faces/login.jspx HTTP/1.1" 200 6860
201.245.192.253 - - [02/Jun/2023:11:24:39 -0500] "POST /sipsesda/faces/login.jspx HTTP/1.1" 200 5764
201.245.192.253 - - [02/Jun/2023:11:24:44 -0500] "POST /sipsesda/faces/vista/sistema/seleccionRol.jspx HTTP/1.1" 302 201
172.22.2.4 - - [02/Jun/2023:11:24:47 -0500] "GET /BLA/boletinlegal/consulta_actos.php?tipo=autos&no=2961&usuario=&sector=&fecha=2018&resuelve= HTTP/1.1" 200 626
200.69.84.132 - - [02/Jun/2023:11:24:48 -0500] "GET /reportes_sipse/jsp/inicio.jsp HTTP/1.1" 200 2935
40.77.167.205 - - [02/Jun/2023:11:24:52 -0500] "GET /el-plan-de-accion-climatica-de-bogota-inspirador-para-otras-ciudades-del-mundo.html HTTP/1.1" 200 876
172.22.2.4 - - [02/Jun/2023:11:24:52 -0500] "GET /BLA/boletinlegal/consulta_actos.php?tipo=autos&no=2962&usuario=&sector=&fecha=2018&resuelve= HTTP/1.1" 200 626
200.69.84.132 - - [02/Jun/2023:11:24:53 -0500] "POST /reportes_sipse/sdg/ServletReporte?ViabilidadxAnalista& HTTP/1.1" 200 5909
172.22.2.4 - - [02/Jun/2023:11:24:53 -0500] "GET /BLA/boletinlegal/consulta_actos.php?tipo=autos&no=2962&usuario=&sector=&fecha=2018&resuelve= HTTP/1.1" 200 626
172.22.2.4 - - [02/Jun/2023:11:24:54 -0500] "GET /BLA/boletinlegal/consulta_actos.php?tipo=autos&no=2962&usuario=&sector=&fecha=2018&resuelve= HTTP/1.1" 200 626
172.22.2.4 - - [02/Jun/2023:11:24:54 -0500] "GET /BLA/boletinlegal/consulta_actos.php?tipo=autos&no=2962&usuario=&sector=&fecha=2018&resuelve= HTTP/1.1" 200 626
172.22.2.4 - - [02/Jun/2023:11:23:14 -0500] "GET /BLA/boletinlegal/ HTTP/1.1" 200 51032
172.22.2.4 - - [02/Jun/2023:11:23:22 -0500] "HEAD /BLA/boletinlegal/ HTTP/1.1" 200 -
172.22.2.4 - - [02/Jun/2023:11:25:02 -0500] "GET /BLA/boletinlegal/consulta_actos.php?tipo=autos&no=2963&usuario=&sector=&fecha=2018&resuelve= HTTP/1.1" 200 626
172.22.2.4 - - [02/Jun/2023:11:25:03 -0500] "GET /BLA/boletinlegal/consulta_actos.php?tipo=autos&no=2963&usuario=&sector=&fecha=2018&resuelve= HTTP/1.1" 200 626
172.22.2.4 - - [02/Jun/2023:11:25:03 -0500] "GET /BLA/boletinlegal/consulta_actos.php?tipo=autos&no=2963&usuario=&sector=&fecha=2018&resuelve= HTTP/1.1" 200 626
172.22.2.4 - - [02/Jun/2023:11:25:03 -0500] "GET /BLA/boletinlegal/consulta_actos.php?tipo=autos&no=2963&usuario=&sector=&fecha=2018&resuelve= HTTP/1.1" 200 626
172.22.2.4 - - [02/Jun/2023:11:25:05 -0500] "GET /BLA/boletinlegal/js/jquery.js HTTP/1.1" 200 57254
172.22.2.4 - - [02/Jun/2023:11:25:05 -0500] "GET /BLA/boletinlegal/styles2.css HTTP/1.1" 200 1838
172.22.2.4 - - [02/Jun/2023:11:25:05 -0500] "GET /BLA/boletinlegal/style.css HTTP/1.1" 200 9406
172.22.2.4 - - [02/Jun/2023:11:25:09 -0500] "GET /BLA/boletinlegal/consulta_actos.php?tipo=autos&no=2964&usuario=&sector=&fecha=2018&resuelve= HTTP/1.1" 200 626
172.22.2.4 - - [02/Jun/2023:11:25:10 -0500] "GET /BLA/boletinlegal/consulta_actos.php?tipo=autos&no=2964&usuario=&sector=&fecha=2018&resuelve= HTTP/1.1" 200 626
172.22.2.4 - - [02/Jun/2023:11:25:10 -0500] "GET /BLA/boletinlegal/consulta_actos.php?tipo=autos&no=2964&usuario=&sector=&fecha=2018&resuelve= HTTP/1.1" 200 626
172.22.2.4 - - [02/Jun/2023:11:25:10 -0500] "GET /BLA/boletinlegal/consulta_actos.php?tipo=autos&no=2964&usuario=&sector=&fecha=2018&resuelve= HTTP/1.1" 200 626
172.22.2.4 - - [02/Jun/2023:11:25:11 -0500] "GET /BLA/boletinlegal/js/jquery.scrollShow.js HTTP/1.1" 200 4586
172.22.2.4 - - [02/Jun/2023:11:25:11 -0500] "GET /BLA/boletinlegal/js/jquery.scrollTo-min.js HTTP/1.1" 200 1150
172.22.2.4 - - [02/Jun/2023:11:25:16 -0500] "GET /BLA/boletinlegal/consulta_actos.php?tipo=autos&no=2965&usuario=&sector=&fecha=2018&resuelve= HTTP/1.1" 200 626
172.22.2.4 - - [02/Jun/2023:11:25:17 -0500] "GET /BLA/boletinlegal/consulta_actos.php?tipo=autos&no=2965&usuario=&sector=&fecha=2018&resuelve= HTTP/1.1" 200 626
172.22.2.4 - - [02/Jun/2023:11:25:17 -0500] "GET /BLA/boletinlegal/consulta_actos.php?tipo=autos&no=2965&usuario=&sector=&fecha=2018&resuelve= HTTP/1.1" 200 626
172.22.2.4 - - [02/Jun/2023:11:25:17 -0500] "GET /BLA/boletinlegal/consulta_actos.php?tipo=autos&no=2965&usuario=&sector=&fecha=2018&resuelve= HTTP/1.1" 200 626
200.69.84.132 - - [02/Jun/2023:11:25:19 -0500] "POST /reportes_sipse/sdg/ServletControlador HTTP/1.1" 200 105258
172.22.2.4 - - [02/Jun/2023:11:25:23 -0500] "GET /BLA/boletinlegal/consulta_actos.php?tipo=autos&no=2966&usuario=&sector=&fecha=2018&resuelve= HTTP/1.1" 200 1114
172.22.2.4 - - [02/Jun/2023:11:25:24 -0500] "GET /BLA/boletinlegal/consulta_actos.php?tipo=autos&no=2966&usuario=&sector=&fecha=2018&resuelve= HTTP/1.1" 200 1114
201.245.192.253 - - [02/Jun/2023:11:25:26 -0500] "GET /BLA/resoluciones/AUTOS%202018/2966.pdf HTTP/1.1" 200 288677
172.22.2.4 - - [02/Jun/2023:11:25:48 -0500] "GET /BLA/boletinlegal/consulta_actos.php?tipo=autos&no=2967&usuario=&sector=&fecha=2018&resuelve= HTTP/1.1" 200 626
172.22.2.4 - - [02/Jun/2023:11:24:12 -0500] "GET /BLA/boletinlegal/ HTTP/1.1" 200 54808
172.22.2.4 - - [02/Jun/2023:11:25:59 -0500] "GET /BLA/boletinlegal/consulta_actos.php?tipo=autos&no=2970&usuario=&sector=&fecha=2018&resuelve= HTTP/1.1" 200 1113
201.245.192.253 - - [02/Jun/2023:11:26:02 -0500] "GET /BLA/resoluciones/AUTOS%202018/2970.pdf HTTP/1.1" 200 263157
172.22.2.4 - - [02/Jun/2023:11:26:19 -0500] "GET /BLA/boletinlegal/consulta_actos.php?tipo=autos&no=2971&usuario=&sector=&fecha=2018&resuelve= HTTP/1.1" 200 626
172.22.2.4 - - [02/Jun/2023:11:26:20 -0500] "GET /BLA/boletinlegal/consulta_actos.php?tipo=autos&no=2971&usuario=&sector=&fecha=2018&resuelve= HTTP/1.1" 200 626
172.22.2.4 - - [02/Jun/2023:11:26:27 -0500] "GET /BLA/boletinlegal/consulta_actos.php?tipo=autos&no=2972&usuario=&sector=&fecha=2018&resuelve= HTTP/1.1" 200 1085
181.56.171.197 - - [02/Jun/2023:11:26:27 -0500] "POST /sipse/faces/presentacion/financiero/solicitudProceso/listarSolicitudProceso.xhtml HTTP/1.1" 200 43833
181.56.171.197 - - [02/Jun/2023:11:26:27 -0500] "GET /sipse/css/custom_css_sg.css HTTP/1.1" 304 -
181.56.171.197 - - [02/Jun/2023:11:26:27 -0500] "GET /sipse/js/disable_browser_buttons.js HTTP/1.1" 304 -
181.56.171.197 - - [02/Jun/2023:11:26:27 -0500] "GET /sipse/css/custom_css_sg_prime.css HTTP/1.1" 304 -
181.56.171.197 - - [02/Jun/2023:11:26:27 -0500] "GET /sipse/faces/javax.faces.resource/primefaces.css?ln=primefaces&v=4.0 HTTP/1.1" 304 -
181.56.171.197 - - [02/Jun/2023:11:26:27 -0500] "GET /sipse/faces/javax.faces.resource/theme.css?ln=primefaces-sipse HTTP/1.1" 304 -
181.56.171.197 - - [02/Jun/2023:11:26:27 -0500] "GET /sipse/faces/javax.faces.resource/layout/layout.css?ln=primefaces&v=4.0 HTTP/1.1" 304 -
181.56.171.197 - - [02/Jun/2023:11:26:27 -0500] "GET /sipse/js/jquery.min.js HTTP/1.1" 304 -
181.56.171.197 - - [02/Jun/2023:11:26:28 -0500] "GET /sipse/js/funciones.js HTTP/1.1" 304 -
181.56.171.197 - - [02/Jun/2023:11:26:28 -0500] "GET /sipse/faces/javax.faces.resource/jquery/jquery.js?ln=primefaces&v=4.0 HTTP/1.1" 304 -
181.56.171.197 - - [02/Jun/2023:11:26:28 -0500] "GET /sipse/faces/javax.faces.resource/jquery/jquery-plugins.js?ln=primefaces&v=4.0 HTTP/1.1" 304 -
181.56.171.197 - - [02/Jun/2023:11:26:28 -0500] "GET /sipse/faces/javax.faces.resource/primefaces.js?ln=primefaces&v=4.0 HTTP/1.1" 304 -
181.56.171.197 - - [02/Jun/2023:11:26:28 -0500] "GET /sipse/faces/javax.faces.resource/layout/layout.js?ln=primefaces&v=4.0 HTTP/1.1" 304 -
181.56.171.197 - - [02/Jun/2023:11:26:28 -0500] "POST /sipse/faces/presentacion/financiero/solicitudProceso/consultar.xhtml HTTP/1.1" 200 37247
181.56.171.197 - - [02/Jun/2023:11:26:28 -0500] "POST /sipse/faces/presentacion/financiero/solicitudProceso/consultar.xhtml HTTP/1.1" 200 37247
201.245.192.253 - - [02/Jun/2023:11:26:29 -0500] "GET /BLA/resoluciones/AUTOS%202018/2972.pdf HTTP/1.1" 200 250875
52.167.144.158 - - [02/Jun/2023:11:26:30 -0500] "GET /BLA/resoluciones/AUTOS%202021/5597.pdf HTTP/1.1" 304 -
181.56.171.197 - - [02/Jun/2023:11:26:31 -0500] "POST /sipse/faces/presentacion/financiero/solicitudProceso/consultar.xhtml HTTP/1.1" 200 23081
181.56.171.197 - - [02/Jun/2023:11:26:31 -0500] "POST /sipse/faces/presentacion/financiero/solicitudProceso/consultar.xhtml HTTP/1.1" 200 23089
181.56.171.197 - - [02/Jun/2023:11:26:35 -0500] "POST /sipse/faces/presentacion/financiero/solicitudProceso/consultar.xhtml HTTP/1.1" 200 12843
172.22.2.4 - - [02/Jun/2023:11:26:37 -0500] "GET /BLA/boletinlegal/jurisprudencia/analisis/CUADRO%20ANALISIS%20SENTENCIA%20C-554%20DE%202007.doc HTTP/1.1" 200 35328
201.245.192.253 - - [02/Jun/2023:11:26:42 -0500] "POST /kwsrmcab/Wsrmcab  HTTP/1.1" 200 43202
172.22.2.4 - - [02/Jun/2023:11:26:49 -0500] "GET /BLA/boletinlegal/consulta_actos.php?tipo=autos&no=2973&usuario=&sector=&fecha=2018&resuelve= HTTP/1.1" 200 1099
201.245.192.253 - - [02/Jun/2023:11:26:52 -0500] "GET /BLA/resoluciones/AUTOS%202018/2973.pdf HTTP/1.1" 200 260646
172.22.2.4 - - [02/Jun/2023:11:27:04 -0500] "GET /BLA/boletinlegal/consulta_actos.php?tipo=autos&no=2974&usuario=&sector=&fecha=2018&resuelve= HTTP/1.1" 200 1120
201.245.192.253 - - [02/Jun/2023:11:27:07 -0500] "GET /BLA/resoluciones/AUTOS%202018/2974.pdf HTTP/1.1" 200 290771
181.56.171.197 - - [02/Jun/2023:11:27:07 -0500] "POST /sipse/faces/presentacion/financiero/solicitudProceso/consultar.xhtml HTTP/1.1" 200 157838
181.56.171.197 - - [02/Jun/2023:11:27:09 -0500] "GET /sipse/faces/javax.faces.resource/theme.css?ln=primefaces-sipse HTTP/1.1" 304 -
181.56.171.197 - - [02/Jun/2023:11:27:09 -0500] "GET /sipse/faces/javax.faces.resource/primefaces.css?ln=primefaces&v=4.0 HTTP/1.1" 304 -
181.56.171.197 - - [02/Jun/2023:11:27:09 -0500] "GET /sipse/faces/javax.faces.resource/layout/layout.css?ln=primefaces&v=4.0 HTTP/1.1" 304 -
181.56.171.197 - - [02/Jun/2023:11:27:09 -0500] "GET /sipse/faces/javax.faces.resource/jquery/jquery.js?ln=primefaces&v=4.0 HTTP/1.1" 304 -
181.56.171.197 - - [02/Jun/2023:11:27:09 -0500] "GET /sipse/faces/javax.faces.resource/jquery/jquery-plugins.js?ln=primefaces&v=4.0 HTTP/1.1" 304 -
181.56.171.197 - - [02/Jun/2023:11:27:09 -0500] "GET /sipse/faces/javax.faces.resource/primefaces.js?ln=primefaces&v=4.0 HTTP/1.1" 304 -
181.56.171.197 - - [02/Jun/2023:11:27:09 -0500] "GET /sipse/faces/javax.faces.resource/layout/layout.js?ln=primefaces&v=4.0 HTTP/1.1" 304 -
40.77.167.245 - - [02/Jun/2023:11:27:21 -0500] "GET /en-junio-conectate-con-la-naturaleza-y-el-medioambiente-a-traves-de-estas-caminatas-ecologicas.html HTTP/1.1" 200 900
172.22.2.4 - - [02/Jun/2023:11:27:34 -0500] "GET /BLA/boletinlegal/consulta_actos.php?tipo=autos&no=2976&usuario=&sector=&fecha=2018&resuelve= HTTP/1.1" 200 1058
172.22.2.4 - - [02/Jun/2023:11:27:35 -0500] "GET /BLA/boletinlegal/.env HTTP/1.1" 404 1018
201.245.192.253 - - [02/Jun/2023:11:27:38 -0500] "GET /BLA/resoluciones/AUTOS%202018/2976.pdf HTTP/1.1" 200 257895
172.22.2.4 - - [02/Jun/2023:11:27:57 -0500] "GET /BLA/boletinlegal/consulta_actos.php?tipo=autos&no=2977&usuario=&sector=&fecha=2018&resuelve= HTTP/1.1" 200 626
172.22.2.4 - - [02/Jun/2023:11:27:59 -0500] "GET /BLA/boletinlegal/style.css HTTP/1.1" 200 9406
172.22.2.4 - - [02/Jun/2023:11:27:59 -0500] "GET /BLA/boletinlegal/styles2.css HTTP/1.1" 200 1838
172.22.2.4 - - [02/Jun/2023:11:27:59 -0500] "GET /BLA/boletinlegal/js/jquery.js HTTP/1.1" 200 57254
172.22.2.4 - - [02/Jun/2023:11:27:59 -0500] "GET /BLA/boletinlegal/js/jquery.scrollTo-min.js HTTP/1.1" 200 1150
172.22.2.4 - - [02/Jun/2023:11:27:59 -0500] "GET /BLA/boletinlegal/js/jquery.scrollShow.js HTTP/1.1" 200 4586
172.22.2.4 - - [02/Jun/2023:11:27:59 -0500] "GET /BLA/boletinlegal/images/cabezote%20BLEGAL.jpg HTTP/1.1" 200 118164
172.22.2.4 - - [02/Jun/2023:11:28:00 -0500] "GET /BLA/boletinlegal/images/subscribe-icon-big.png HTTP/1.1" 200 47702
172.22.2.4 - - [02/Jun/2023:11:28:00 -0500] "GET /BLA/boletinlegal/images/arr_l.jpg HTTP/1.1" 200 1979
172.22.2.4 - - [02/Jun/2023:11:28:00 -0500] "GET /BLA/boletinlegal/images/historia.png HTTP/1.1" 200 52775
172.22.2.4 - - [02/Jun/2023:11:28:00 -0500] "GET /BLA/boletinlegal/images/registro-usuarios.png HTTP/1.1" 200 8106
172.22.2.4 - - [02/Jun/2023:11:28:00 -0500] "GET /BLA/boletinlegal/images/body_bg.jpg HTTP/1.1" 200 1601
172.22.2.4 - - [02/Jun/2023:11:28:00 -0500] "GET /BLA/boletinlegal/images/menu_lft.gif HTTP/1.1" 200 1713
172.22.2.4 - - [02/Jun/2023:11:28:01 -0500] "GET /BLA/boletinlegal/images/hover.jpg HTTP/1.1" 200 640
172.22.2.4 - - [02/Jun/2023:11:28:01 -0500] "GET /BLA/boletinlegal/images/bg_top.jpg HTTP/1.1" 200 522
172.22.2.4 - - [02/Jun/2023:11:28:01 -0500] "GET /BLA/boletinlegal/images/menu_rght.gif HTTP/1.1" 200 1627
172.22.2.4 - - [02/Jun/2023:11:28:01 -0500] "GET /BLA/boletinlegal/images/menu_bg.jpg HTTP/1.1" 200 620
172.22.2.4 - - [02/Jun/2023:11:28:01 -0500] "GET /BLA/boletinlegal/images/text.jpg HTTP/1.1" 200 568
172.22.2.4 - - [02/Jun/2023:11:28:01 -0500] "GET /BLA/boletinlegal/images/screen_1.png HTTP/1.1" 200 202547
172.22.2.4 - - [02/Jun/2023:11:28:01 -0500] "GET /BLA/boletinlegal/images/launch.jpg HTTP/1.1" 200 14577
201.245.192.253 - - [02/Jun/2023:11:28:03 -0500] "GET /sipse/faces/index.xhtml HTTP/1.1" 200 677
201.245.192.253 - - [02/Jun/2023:11:28:03 -0500] "GET /sipse/faces/javax.faces.resource/theme.css?ln=primefaces-sipse HTTP/1.1" 200 50058
201.245.192.253 - - [02/Jun/2023:11:28:03 -0500] "GET /favicon.ico HTTP/1.1" 200 7782
201.245.192.253 - - [02/Jun/2023:11:28:03 -0500] "GET /sipse/faces/faces/autenticacion.xhtml HTTP/1.1" 200 12178
201.245.192.253 - - [02/Jun/2023:11:28:03 -0500] "GET /sipse/js/disable_browser_buttons.js HTTP/1.1" 200 3230
201.245.192.253 - - [02/Jun/2023:11:28:03 -0500] "GET /sipse/css/custom_css_sg.css HTTP/1.1" 200 9694
201.245.192.253 - - [02/Jun/2023:11:28:03 -0500] "GET /sipse/js/funciones.js HTTP/1.1" 200 12592
201.245.192.253 - - [02/Jun/2023:11:28:03 -0500] "GET /sipse/css/custom_css_sg_prime_login.css HTTP/1.1" 200 443
201.245.192.253 - - [02/Jun/2023:11:28:03 -0500] "GET /sipse/faces/javax.faces.resource/theme.css?ln=primefaces-sipse HTTP/1.1" 304 -
201.245.192.253 - - [02/Jun/2023:11:28:03 -0500] "GET /sipse/faces/javax.faces.resource/layout/layout.css?ln=primefaces&v=4.0 HTTP/1.1" 200 542
201.245.192.253 - - [02/Jun/2023:11:28:03 -0500] "GET /sipse/faces/javax.faces.resource/jquery/jquery-plugins.js?ln=primefaces&v=4.0 HTTP/1.1" 304 -
201.245.192.253 - - [02/Jun/2023:11:28:03 -0500] "GET /sipse/faces/javax.faces.resource/jquery/jquery.js?ln=primefaces&v=4.0 HTTP/1.1" 304 -
201.245.192.253 - - [02/Jun/2023:11:28:03 -0500] "GET /sipse/faces/javax.faces.resource/layout/layout.js?ln=primefaces&v=4.0 HTTP/1.1" 304 -
201.245.192.253 - - [02/Jun/2023:11:28:03 -0500] "GET /sipse/faces/javax.faces.resource/primefaces.js?ln=primefaces&v=4.0 HTTP/1.1" 304 -
201.245.192.253 - - [02/Jun/2023:11:28:03 -0500] "GET /sipse/faces/javax.faces.resource/primefaces.css?ln=primefaces&v=4.0 HTTP/1.1" 200 53295
201.245.192.253 - - [02/Jun/2023:11:28:03 -0500] "GET /sipse/css/imagen/logoSDG.png HTTP/1.1" 200 53064
201.245.192.253 - - [02/Jun/2023:11:28:03 -0500] "GET /sipse/faces/javax.faces.resource/images/ui-icons_898989_256x240.png?ln=primefaces-aristo HTTP/1.1" 200 5355
201.245.192.253 - - [02/Jun/2023:11:28:03 -0500] "GET /sipse/css/imagen/loginimg.png HTTP/1.1" 200 71635
172.22.2.4 - - [02/Jun/2023:11:28:04 -0500] "GET /BLA/boletinlegal/consulta_actos.php?tipo=autos&no=2979&usuario=&sector=&fecha=2018&resuelve= HTTP/1.1" 200 626
172.22.2.4 - - [02/Jun/2023:11:28:04 -0500] "GET /BLA/boletinlegal/actos.php HTTP/1.1" 200 9682
172.22.2.4 - - [02/Jun/2023:11:28:04 -0500] "GET /BLA/boletinlegal/js/ajax_actos.js HTTP/1.1" 200 1322
172.22.2.4 - - [02/Jun/2023:11:28:04 -0500] "GET /BLA/boletinlegal/js/popup.js HTTP/1.1" 200 1270
172.22.2.4 - - [02/Jun/2023:11:28:04 -0500] "GET /BLA/boletinlegal/js/lib.js HTTP/1.1" 200 6474
172.22.2.4 - - [02/Jun/2023:11:28:04 -0500] "GET /BLA/boletinlegal/niceforms-default.css HTTP/1.1" 200 6694
172.22.2.4 - - [02/Jun/2023:11:28:04 -0500] "GET /BLA/boletinlegal/niceforms.js HTTP/1.1" 200 22876
172.22.2.4 - - [02/Jun/2023:11:28:04 -0500] "GET /BLA/boletinlegal/js/jquery1.js HTTP/1.1" 200 29846
172.22.2.4 - - [02/Jun/2023:11:28:04 -0500] "GET /BLA/boletinlegal/images/green-yellow-blue-pink-th.png HTTP/1.1" 200 7394
172.22.2.4 - - [02/Jun/2023:11:28:04 -0500] "GET /BLA/boletinlegal/images/tel.png HTTP/1.1" 200 14477
172.22.2.4 - - [02/Jun/2023:11:28:04 -0500] "GET /BLA/boletinlegal/images/icono-email.png HTTP/1.1" 200 5544
172.22.2.4 - - [02/Jun/2023:11:28:04 -0500] "GET /BLA/boletinlegal/images/footer_bg.jpg HTTP/1.1" 200 586
172.22.2.4 - - [02/Jun/2023:11:28:04 -0500] "GET /BLA/boletinlegal/images/footer_bg_l.jpg HTTP/1.1" 200 776
172.22.2.4 - - [02/Jun/2023:11:28:05 -0500] "GET /BLA/boletinlegal/img/0.png HTTP/1.1" 200 110
172.22.2.4 - - [02/Jun/2023:11:28:05 -0500] "GET /BLA/boletinlegal/img/button.png HTTP/1.1" 200 43241
172.22.2.4 - - [02/Jun/2023:11:28:05 -0500] "GET /BLA/boletinlegal/img/button-left.png HTTP/1.1" 200 57071
172.22.2.4 - - [02/Jun/2023:11:28:05 -0500] "GET /BLA/boletinlegal/img/select-right.png HTTP/1.1" 200 44019
172.22.2.4 - - [02/Jun/2023:11:28:05 -0500] "GET /BLA/boletinlegal/img/select-left.png HTTP/1.1" 200 263
172.22.2.4 - - [02/Jun/2023:11:28:05 -0500] "GET /BLA/boletinlegal/img/button-right.png HTTP/1.1" 200 57878
172.22.2.4 - - [02/Jun/2023:11:28:05 -0500] "GET /BLA/boletinlegal/favicon.ico HTTP/1.1" 404 1326
216.245.221.92 - - [02/Jun/2023:11:28:05 -0500] "HEAD / HTTP/1.1" 200 -
172.22.2.4 - - [02/Jun/2023:11:28:05 -0500] "GET /BLA/boletinlegal/consulta_actos.php?tipo=autos&no=2979&usuario=&sector=&fecha=2018&resuelve= HTTP/1.1" 200 626
172.22.2.4 - - [02/Jun/2023:11:28:06 -0500] "GET /BLA/boletinlegal/consulta_actos.php?tipo=autos&no=2979&usuario=&sector=&fecha=2018&resuelve= HTTP/1.1" 200 626
201.245.192.253 - - [02/Jun/2023:11:28:11 -0500] "POST /sipse/faces/autenticacion.xhtml HTTP/1.1" 200 11968
201.245.192.253 - - [02/Jun/2023:11:28:11 -0500] "GET /sipse/css/custom_css_sg_prime.css HTTP/1.1" 200 5201
201.245.192.253 - - [02/Jun/2023:11:28:11 -0500] "GET /sipse/faces/javax.faces.resource/jquery/jquery.js?ln=primefaces&v=4.0 HTTP/1.1" 304 -
201.245.192.253 - - [02/Jun/2023:11:28:11 -0500] "GET /sipse/faces/javax.faces.resource/jquery/jquery-plugins.js?ln=primefaces&v=4.0 HTTP/1.1" 304 -
201.245.192.253 - - [02/Jun/2023:11:28:11 -0500] "GET /sipse/faces/javax.faces.resource/primefaces.js?ln=primefaces&v=4.0 HTTP/1.1" 304 -
201.245.192.253 - - [02/Jun/2023:11:28:11 -0500] "GET /sipse/faces/javax.faces.resource/layout/layout.js?ln=primefaces&v=4.0 HTTP/1.1" 304 -
201.245.192.253 - - [02/Jun/2023:11:28:11 -0500] "GET /sipse/faces/javax.faces.resource/messages/messages.png?ln=primefaces&v=4.0 HTTP/1.1" 200 27209
172.22.2.4 - - [02/Jun/2023:11:28:12 -0500] "GET /BLA/boletinlegal/consulta_actos.php?tipo=autos&no=2981&usuario=&sector=&fecha=2018&resuelve= HTTP/1.1" 200 626
172.22.2.4 - - [02/Jun/2023:11:28:13 -0500] "GET /BLA/boletinlegal/actos.php HTTP/1.1" 200 9682
172.22.2.4 - - [02/Jun/2023:11:28:14 -0500] "GET /BLA/boletinlegal/js/jquery1.js HTTP/1.1" 200 29846
172.22.2.4 - - [02/Jun/2023:11:28:14 -0500] "GET /BLA/boletinlegal/consulta_actos.php?tipo=autos&no=2981&usuario=&sector=&fecha=2018&resuelve= HTTP/1.1" 200 626
172.22.2.4 - - [02/Jun/2023:11:28:14 -0500] "GET /BLA/boletinlegal/niceforms.js HTTP/1.1" 200 22876
172.22.2.4 - - [02/Jun/2023:11:28:14 -0500] "GET /BLA/boletinlegal/niceforms-default.css HTTP/1.1" 200 6694
201.245.192.253 - - [02/Jun/2023:11:28:14 -0500] "POST /sipse/faces/presentacion/sistema/seguridad/seleccionRol.xhtml HTTP/1.1" 200 6403
172.22.2.4 - - [02/Jun/2023:11:28:15 -0500] "GET /BLA/boletinlegal/js/ajax_actos.js HTTP/1.1" 200 1322
172.22.2.4 - - [02/Jun/2023:11:28:15 -0500] "GET /BLA/boletinlegal/js/lib.js HTTP/1.1" 200 6474
201.245.192.253 - - [02/Jun/2023:11:28:15 -0500] "POST /sipse/faces/presentacion/sistema/seguridad/seleccionRol.xhtml HTTP/1.1" 200 21404
201.245.192.253 - - [02/Jun/2023:11:28:16 -0500] "GET /sipse/js/jquery.min.js HTTP/1.1" 304 -
201.245.192.253 - - [02/Jun/2023:11:28:16 -0500] "GET /sipse/faces/javax.faces.resource/jquery/jquery.js?ln=primefaces&v=4.0 HTTP/1.1" 304 -
201.245.192.253 - - [02/Jun/2023:11:28:16 -0500] "GET /sipse/faces/javax.faces.resource/jquery/jquery-plugins.js?ln=primefaces&v=4.0 HTTP/1.1" 304 -
201.245.192.253 - - [02/Jun/2023:11:28:16 -0500] "GET /sipse/faces/javax.faces.resource/primefaces.js?ln=primefaces&v=4.0 HTTP/1.1" 304 -
201.245.192.253 - - [02/Jun/2023:11:28:16 -0500] "GET /sipse/faces/javax.faces.resource/layout/layout.js?ln=primefaces&v=4.0 HTTP/1.1" 304 -
201.245.192.253 - - [02/Jun/2023:11:28:16 -0500] "GET /sipse/css/v_mergente.css HTTP/1.1" 200 1505
201.245.192.253 - - [02/Jun/2023:11:28:16 -0500] "GET /sipse/imagenes/cargando.gif HTTP/1.1" 200 36959
201.245.192.253 - - [02/Jun/2023:11:28:16 -0500] "GET /sipse/css/imagen/contrasena.png HTTP/1.1" 404 383
201.245.192.253 - - [02/Jun/2023:11:28:16 -0500] "GET /sipse/imagenes/logoAplicacion.jpg HTTP/1.1" 200 155084
201.245.192.253 - - [02/Jun/2023:11:28:18 -0500] "GET /sipse/faces/javax.faces.resource/images/ui-bg_flat_0_2d5972_40x100.png?ln=primefaces-aristo HTTP/1.1" 200 183
201.245.192.253 - - [02/Jun/2023:11:28:18 -0500] "POST /sipse/faces/bienvenido.xhtml HTTP/1.1" 200 3182
201.245.192.253 - - [02/Jun/2023:11:28:20 -0500] "POST /sipse/faces/bienvenido.xhtml HTTP/1.1" 200 14899
201.245.192.253 - - [02/Jun/2023:11:28:21 -0500] "POST /sipse/faces/bienvenido.xhtml HTTP/1.1" 200 4499
172.22.2.4 - - [02/Jun/2023:11:28:21 -0500] "GET /BLA/boletinlegal/consulta_actos.php?tipo=autos&no=2983&usuario=&sector=&fecha=2018&resuelve= HTTP/1.1" 200 1083
201.245.192.253 - - [02/Jun/2023:11:28:22 -0500] "POST /sipse/faces/bienvenido.xhtml HTTP/1.1" 200 43236
201.245.192.253 - - [02/Jun/2023:11:28:23 -0500] "GET /sipse/faces/javax.faces.resource/jquery/jquery.js?ln=primefaces&v=4.0 HTTP/1.1" 304 -
201.245.192.253 - - [02/Jun/2023:11:28:23 -0500] "GET /sipse/faces/javax.faces.resource/jquery/jquery-plugins.js?ln=primefaces&v=4.0 HTTP/1.1" 304 -
201.245.192.253 - - [02/Jun/2023:11:28:23 -0500] "GET /sipse/faces/javax.faces.resource/primefaces.js?ln=primefaces&v=4.0 HTTP/1.1" 304 -
201.245.192.253 - - [02/Jun/2023:11:28:23 -0500] "GET /sipse/faces/javax.faces.resource/layout/layout.js?ln=primefaces&v=4.0 HTTP/1.1" 304 -
201.245.192.253 - - [02/Jun/2023:11:28:24 -0500] "GET /BLA/resoluciones/AUTOS%202018/2983.pdf HTTP/1.1" 200 281795
172.22.2.4 - - [02/Jun/2023:11:28:27 -0500] "GET /BLA/boletinlegal/consulta_actos.php?tipo=autos&no=&usuario=LAURITA&sector=&fecha=2016&resuelve= HTTP/1.1" 200 626
172.22.2.4 - - [02/Jun/2023:11:27:59 -0500] "GET /BLA/boletinlegal/ HTTP/1.1" 200 24523
201.245.192.253 - - [02/Jun/2023:11:28:24 -0500] "POST /sipse/faces/presentacion/financiero/solicitudProceso/consultar.xhtml HTTP/1.1" 200 44045
172.22.2.4 - - [02/Jun/2023:11:28:38 -0500] "GET /BLA/boletinlegal/consulta_actos.php?tipo=autos&no=&usuario=&sector=&fecha=2016&resuelve=LAURITA HTTP/1.1" 200 626
181.61.145.168 - - [02/Jun/2023:11:28:38 -0500] "POST /sipse/faces/bienvenido.xhtml HTTP/1.1" 200 2677
201.245.192.253 - - [02/Jun/2023:11:28:37 -0500] "POST /kwsrmcab/Wsrmcab HTTP/1.1" 200 40986
181.61.145.168 - - [02/Jun/2023:11:28:39 -0500] "POST /sipse/faces/bienvenido.xhtml HTTP/1.1" 200 38995
181.61.145.168 - - [02/Jun/2023:11:28:40 -0500] "GET /sipse/faces/javax.faces.resource/theme.css?ln=primefaces-sipse HTTP/1.1" 304 -
181.61.145.168 - - [02/Jun/2023:11:28:40 -0500] "GET /sipse/faces/javax.faces.resource/primefaces.css?ln=primefaces&v=4.0 HTTP/1.1" 304 -
181.61.145.168 - - [02/Jun/2023:11:28:40 -0500] "GET /sipse/faces/javax.faces.resource/layout/layout.css?ln=primefaces&v=4.0 HTTP/1.1" 304 -
181.61.145.168 - - [02/Jun/2023:11:28:40 -0500] "GET /sipse/faces/javax.faces.resource/jquery/jquery.js?ln=primefaces&v=4.0 HTTP/1.1" 304 -
181.61.145.168 - - [02/Jun/2023:11:28:40 -0500] "GET /sipse/faces/javax.faces.resource/jquery/jquery-plugins.js?ln=primefaces&v=4.0 HTTP/1.1" 304 -
181.61.145.168 - - [02/Jun/2023:11:28:40 -0500] "GET /sipse/faces/javax.faces.resource/primefaces.js?ln=primefaces&v=4.0 HTTP/1.1" 304 -
181.61.145.168 - - [02/Jun/2023:11:28:40 -0500] "GET /sipse/faces/javax.faces.resource/layout/layout.js?ln=primefaces&v=4.0 HTTP/1.1" 304 -
201.245.192.253 - - [02/Jun/2023:11:28:40 -0500] "POST /kwsrmcab/Wsrmcab HTTP/1.1" 200 40497
172.22.2.4 - - [02/Jun/2023:11:28:44 -0500] "GET /BLA/boletinlegal/consulta_actos.php?tipo=autos&no=&usuario=&sector=&fecha=2015&resuelve=LAURITA HTTP/1.1" 200 626
181.61.145.168 - - [02/Jun/2023:11:28:45 -0500] "POST /sipse/faces/presentacion/financiero/solicitudProceso/consultar.xhtml HTTP/1.1" 200 12939
172.22.2.4 - - [02/Jun/2023:11:28:46 -0500] "GET /BLA/boletinlegal/consulta_actos.php?tipo=autos&no=&usuario=&sector=&fecha=2015&resuelve=LAURITA HTTP/1.1" 200 626
201.245.192.253 - - [02/Jun/2023:11:28:46 -0500] "POST /sipse/faces/presentacion/financiero/solicitudProceso/consultar.xhtml HTTP/1.1" 200 121790
201.245.192.253 - - [02/Jun/2023:11:28:47 -0500] "GET /sipse/faces/javax.faces.resource/jquery/jquery.js?ln=primefaces&v=4.0 HTTP/1.1" 304 -
201.245.192.253 - - [02/Jun/2023:11:28:47 -0500] "GET /sipse/faces/javax.faces.resource/jquery/jquery-plugins.js?ln=primefaces&v=4.0 HTTP/1.1" 304 -
