190.158.36.36 - - [03/Jun/2023:17:40:06 -0500] "GET /sipse/faces/javax.faces.resource/theme.css?ln=primefaces-sipse HTTP/1.1" 304 -
190.158.36.36 - - [03/Jun/2023:17:40:06 -0500] "GET /sipse/faces/javax.faces.resource/jquery/jquery.js?ln=primefaces&v=4.0 HTTP/1.1" 304 -
190.158.36.36 - - [03/Jun/2023:17:40:06 -0500] "GET /sipse/faces/javax.faces.resource/jquery/jquery-plugins.js?ln=primefaces&v=4.0 HTTP/1.1" 304 -
190.158.36.36 - - [03/Jun/2023:17:40:06 -0500] "GET /sipse/faces/javax.faces.resource/primefaces.js?ln=primefaces&v=4.0 HTTP/1.1" 304 -
190.158.36.36 - - [03/Jun/2023:17:40:06 -0500] "GET /sipse/faces/javax.faces.resource/layout/layout.js?ln=primefaces&v=4.0 HTTP/1.1" 304 -
190.158.36.36 - - [03/Jun/2023:17:40:06 -0500] "GET /sipse/css/imagen/loginimg.png HTTP/1.1" 304 -
190.158.36.36 - - [03/Jun/2023:17:40:06 -0500] "GET /sipse/css/imagen/logoSDG.png HTTP/1.1" 304 -
190.158.36.36 - - [03/Jun/2023:17:40:06 -0500] "GET /sipse/faces/javax.faces.resource/images/ui-icons_898989_256x240.png?ln=primefaces-aristo HTTP/1.1" 304 -
190.158.36.36 - - [03/Jun/2023:17:40:10 -0500] "POST /sipse/faces/autenticacion.xhtml HTTP/1.1" 200 2221
190.158.36.36 - - [03/Jun/2023:17:40:10 -0500] "GET /sipse/faces/javax.faces.resource/messages/messages.png?ln=primefaces&v=4.0 HTTP/1.1" 304 -
190.158.36.36 - - [03/Jun/2023:17:40:11 -0500] "POST /sipse/faces/autenticacion.xhtml HTTP/1.1" 200 18953
190.158.36.36 - - [03/Jun/2023:17:40:11 -0500] "GET /sipse/faces/javax.faces.resource/primefaces.css?ln=primefaces&v=4.0 HTTP/1.1" 304 -
190.158.36.36 - - [03/Jun/2023:17:40:11 -0500] "GET /sipse/faces/javax.faces.resource/layout/layout.css?ln=primefaces&v=4.0 HTTP/1.1" 304 -
190.158.36.36 - - [03/Jun/2023:17:40:11 -0500] "GET /sipse/faces/javax.faces.resource/theme.css?ln=primefaces-sipse HTTP/1.1" 304 -
190.158.36.36 - - [03/Jun/2023:17:40:11 -0500] "GET /sipse/css/custom_css_sg_prime.css HTTP/1.1" 304 -
190.158.36.36 - - [03/Jun/2023:17:40:11 -0500] "GET /sipse/js/jquery.min.js HTTP/1.1" 304 -
190.158.36.36 - - [03/Jun/2023:17:40:11 -0500] "GET /sipse/faces/javax.faces.resource/jquery/jquery.js?ln=primefaces&v=4.0 HTTP/1.1" 304 -
190.158.36.36 - - [03/Jun/2023:17:40:11 -0500] "GET /sipse/faces/javax.faces.resource/jquery/jquery-plugins.js?ln=primefaces&v=4.0 HTTP/1.1" 304 -
190.158.36.36 - - [03/Jun/2023:17:40:11 -0500] "GET /sipse/faces/javax.faces.resource/primefaces.js?ln=primefaces&v=4.0 HTTP/1.1" 304 -
190.158.36.36 - - [03/Jun/2023:17:40:12 -0500] "GET /sipse/faces/javax.faces.resource/layout/layout.js?ln=primefaces&v=4.0 HTTP/1.1" 304 -
190.158.36.36 - - [03/Jun/2023:17:40:12 -0500] "GET /sipse/css/v_mergente.css HTTP/1.1" 304 -
190.158.36.36 - - [03/Jun/2023:17:40:12 -0500] "GET /sipse/imagenes/cargando.gif HTTP/1.1" 304 -
190.158.36.36 - - [03/Jun/2023:17:40:12 -0500] "GET /sipse/imagenes/logoAplicacion.jpg HTTP/1.1" 304 -
190.158.36.36 - - [03/Jun/2023:17:40:12 -0500] "GET /sipse/css/imagen/contrasena.png HTTP/1.1" 404 383
190.158.36.36 - - [03/Jun/2023:17:40:15 -0500] "GET /sipse/faces/javax.faces.resource/images/ui-bg_flat_0_2d5972_40x100.png?ln=primefaces-aristo HTTP/1.1" 304 -
190.158.36.36 - - [03/Jun/2023:17:40:15 -0500] "POST /sipse/faces/bienvenido.xhtml HTTP/1.1" 200 3182
201.245.192.253 - - [03/Jun/2023:17:40:18 -0500] "POST /kwsrmcab/Wsrmcab  HTTP/1.1" 200 43202
190.158.36.36 - - [03/Jun/2023:17:40:20 -0500] "POST /sipse/faces/bienvenido.xhtml HTTP/1.1" 200 3262
190.158.36.36 - - [03/Jun/2023:17:40:21 -0500] "POST /sipse/faces/bienvenido.xhtml HTTP/1.1" 200 12463
190.158.36.36 - - [03/Jun/2023:17:40:22 -0500] "POST /sipse/faces/bienvenido.xhtml HTTP/1.1" 200 3262
190.158.36.36 - - [03/Jun/2023:17:40:23 -0500] "POST /sipse/faces/bienvenido.xhtml HTTP/1.1" 200 65551
190.158.36.36 - - [03/Jun/2023:17:40:25 -0500] "GET /sipse/faces/javax.faces.resource/theme.css?ln=primefaces-sipse HTTP/1.1" 304 -
190.158.36.36 - - [03/Jun/2023:17:40:25 -0500] "GET /sipse/faces/javax.faces.resource/layout/layout.css?ln=primefaces&v=4.0 HTTP/1.1" 304 -
190.158.36.36 - - [03/Jun/2023:17:40:25 -0500] "GET /sipse/faces/javax.faces.resource/primefaces.css?ln=primefaces&v=4.0 HTTP/1.1" 304 -
190.158.36.36 - - [03/Jun/2023:17:40:25 -0500] "GET /sipse/faces/javax.faces.resource/jquery/jquery.js?ln=primefaces&v=4.0 HTTP/1.1" 304 -
190.158.36.36 - - [03/Jun/2023:17:40:25 -0500] "GET /sipse/faces/javax.faces.resource/jquery/jquery-plugins.js?ln=primefaces&v=4.0 HTTP/1.1" 304 -
190.158.36.36 - - [03/Jun/2023:17:40:25 -0500] "GET /sipse/faces/javax.faces.resource/primefaces.js?ln=primefaces&v=4.0 HTTP/1.1" 304 -
190.158.36.36 - - [03/Jun/2023:17:40:25 -0500] "GET /sipse/faces/javax.faces.resource/layout/layout.js?ln=primefaces&v=4.0 HTTP/1.1" 304 -
190.158.36.36 - - [03/Jun/2023:17:40:26 -0500] "POST /sipse/faces/presentacion/financiero/solicitudProceso/listarSolicitudProceso.xhtml HTTP/1.1" 200 1556
190.158.36.36 - - [03/Jun/2023:17:40:33 -0500] "POST /sipse/faces/presentacion/financiero/solicitudProceso/listarSolicitudProceso.xhtml HTTP/1.1" 200 47959
190.158.36.36 - - [03/Jun/2023:17:40:33 -0500] "POST /sipse/faces/presentacion/financiero/solicitudProceso/listarSolicitudProceso.xhtml HTTP/1.1" 200 1560
190.158.36.36 - - [03/Jun/2023:17:40:37 -0500] "POST /sipse/faces/presentacion/financiero/solicitudProceso/listarSolicitudProceso.xhtml HTTP/1.1" 200 1683
190.158.36.36 - - [03/Jun/2023:17:40:40 -0500] "POST /sipse/faces/presentacion/financiero/solicitudProceso/listarSolicitudProceso.xhtml HTTP/1.1" 200 33299
190.158.36.36 - - [03/Jun/2023:17:40:40 -0500] "POST /sipse/faces/presentacion/financiero/solicitudProceso/listarSolicitudProceso.xhtml HTTP/1.1" 200 46900
190.158.36.36 - - [03/Jun/2023:17:40:43 -0500] "POST /sipse/faces/presentacion/financiero/solicitudProceso/listarSolicitudProceso.xhtml HTTP/1.1" 200 6037
186.154.131.171 - - [03/Jun/2023:17:40:45 -0500] "GET /sipse/faces/index.xhtml HTTP/1.1" 200 677
186.154.131.171 - - [03/Jun/2023:17:40:45 -0500] "GET /sipse/faces/javax.faces.resource/theme.css?ln=primefaces-sipse HTTP/1.1" 304 -
186.154.131.171 - - [03/Jun/2023:17:40:45 -0500] "GET /sipse/faces/faces/autenticacion.xhtml HTTP/1.1" 200 12178
186.154.131.171 - - [03/Jun/2023:17:40:45 -0500] "GET /favicon.ico HTTP/1.1" 200 7782
186.154.131.171 - - [03/Jun/2023:17:40:46 -0500] "GET /sipse/css/custom_css_sg.css HTTP/1.1" 304 -
186.154.131.171 - - [03/Jun/2023:17:40:46 -0500] "GET /sipse/faces/javax.faces.resource/theme.css?ln=primefaces-sipse HTTP/1.1" 304 -
186.154.131.171 - - [03/Jun/2023:17:40:46 -0500] "GET /sipse/faces/javax.faces.resource/jquery/jquery.js?ln=primefaces&v=4.0 HTTP/1.1" 304 -
186.154.131.171 - - [03/Jun/2023:17:40:46 -0500] "GET /sipse/faces/javax.faces.resource/jquery/jquery-plugins.js?ln=primefaces&v=4.0 HTTP/1.1" 304 -
186.154.131.171 - - [03/Jun/2023:17:40:46 -0500] "GET /sipse/faces/javax.faces.resource/primefaces.css?ln=primefaces&v=4.0 HTTP/1.1" 304 -
186.154.131.171 - - [03/Jun/2023:17:40:46 -0500] "GET /sipse/faces/javax.faces.resource/layout/layout.css?ln=primefaces&v=4.0 HTTP/1.1" 304 -
186.154.131.171 - - [03/Jun/2023:17:40:46 -0500] "GET /sipse/faces/javax.faces.resource/layout/layout.js?ln=primefaces&v=4.0 HTTP/1.1" 304 -
186.154.131.171 - - [03/Jun/2023:17:40:46 -0500] "GET /sipse/faces/javax.faces.resource/primefaces.js?ln=primefaces&v=4.0 HTTP/1.1" 304 -
186.154.131.171 - - [03/Jun/2023:17:40:46 -0500] "GET /sipse/css/imagen/loginimg.png HTTP/1.1" 304 -
186.154.131.171 - - [03/Jun/2023:17:40:46 -0500] "GET /sipse/css/imagen/logoSDG.png HTTP/1.1" 304 -
186.154.131.171 - - [03/Jun/2023:17:40:46 -0500] "GET /sipse/faces/javax.faces.resource/images/ui-icons_898989_256x240.png?ln=primefaces-aristo HTTP/1.1" 304 -
190.158.36.36 - - [03/Jun/2023:17:40:52 -0500] "POST /sipse/faces/presentacion/financiero/solicitudProceso/listarSolicitudProceso.xhtml HTTP/1.1" 200 33101
186.154.131.171 - - [03/Jun/2023:17:41:02 -0500] "POST /sipse/faces/autenticacion.xhtml HTTP/1.1" 200 19391
186.154.131.171 - - [03/Jun/2023:17:41:03 -0500] "GET /sipse/css/custom_css_sg_prime.css HTTP/1.1" 304 -
186.154.131.171 - - [03/Jun/2023:17:41:03 -0500] "GET /sipse/js/jquery.min.js HTTP/1.1" 304 -
186.154.131.171 - - [03/Jun/2023:17:41:03 -0500] "GET /sipse/faces/javax.faces.resource/theme.css?ln=primefaces-sipse HTTP/1.1" 304 -
186.154.131.171 - - [03/Jun/2023:17:41:03 -0500] "GET /sipse/faces/javax.faces.resource/primefaces.css?ln=primefaces&v=4.0 HTTP/1.1" 304 -
186.154.131.171 - - [03/Jun/2023:17:41:03 -0500] "GET /sipse/faces/javax.faces.resource/layout/layout.css?ln=primefaces&v=4.0 HTTP/1.1" 304 -
186.154.131.171 - - [03/Jun/2023:17:41:03 -0500] "GET /sipse/faces/javax.faces.resource/jquery/jquery.js?ln=primefaces&v=4.0 HTTP/1.1" 304 -
186.154.131.171 - - [03/Jun/2023:17:41:03 -0500] "GET /sipse/faces/javax.faces.resource/jquery/jquery-plugins.js?ln=primefaces&v=4.0 HTTP/1.1" 304 -
186.154.131.171 - - [03/Jun/2023:17:41:03 -0500] "GET /sipse/faces/javax.faces.resource/primefaces.js?ln=primefaces&v=4.0 HTTP/1.1" 304 -
186.154.131.171 - - [03/Jun/2023:17:41:03 -0500] "GET /sipse/faces/javax.faces.resource/layout/layout.js?ln=primefaces&v=4.0 HTTP/1.1" 304 -
186.154.131.171 - - [03/Jun/2023:17:41:03 -0500] "GET /sipse/css/v_mergente.css HTTP/1.1" 304 -
186.154.131.171 - - [03/Jun/2023:17:41:03 -0500] "GET /sipse/imagenes/cargando.gif HTTP/1.1" 304 -
186.154.131.171 - - [03/Jun/2023:17:41:03 -0500] "GET /sipse/imagenes/logoAplicacion.jpg HTTP/1.1" 304 -
186.154.131.171 - - [03/Jun/2023:17:41:03 -0500] "GET /sipse/css/imagen/contrasena.png HTTP/1.1" 404 383
186.154.131.171 - - [03/Jun/2023:17:41:03 -0500] "GET /sipse/faces/javax.faces.resource/messages/messages.png?ln=primefaces&v=4.0 HTTP/1.1" 304 -
186.154.131.171 - - [03/Jun/2023:17:41:05 -0500] "GET /sipse/faces/javax.faces.resource/images/ui-bg_flat_0_2d5972_40x100.png?ln=primefaces-aristo HTTP/1.1" 304 -
186.154.131.171 - - [03/Jun/2023:17:41:05 -0500] "POST /sipse/faces/bienvenido.xhtml HTTP/1.1" 200 3182
186.154.131.171 - - [03/Jun/2023:17:41:07 -0500] "POST /sipse/faces/bienvenido.xhtml HTTP/1.1" 200 3262
186.154.131.171 - - [03/Jun/2023:17:41:10 -0500] "POST /sipse/faces/bienvenido.xhtml HTTP/1.1" 200 39035
186.154.131.171 - - [03/Jun/2023:17:41:10 -0500] "GET /sipse/faces/javax.faces.resource/theme.css?ln=primefaces-sipse HTTP/1.1" 304 -
186.154.131.171 - - [03/Jun/2023:17:41:10 -0500] "GET /sipse/faces/javax.faces.resource/primefaces.css?ln=primefaces&v=4.0 HTTP/1.1" 304 -
186.154.131.171 - - [03/Jun/2023:17:41:10 -0500] "GET /sipse/faces/javax.faces.resource/layout/layout.css?ln=primefaces&v=4.0 HTTP/1.1" 304 -
186.154.131.171 - - [03/Jun/2023:17:41:10 -0500] "GET /sipse/faces/javax.faces.resource/jquery/jquery.js?ln=primefaces&v=4.0 HTTP/1.1" 304 -
186.154.131.171 - - [03/Jun/2023:17:41:10 -0500] "GET /sipse/faces/javax.faces.resource/jquery/jquery-plugins.js?ln=primefaces&v=4.0 HTTP/1.1" 304 -
186.154.131.171 - - [03/Jun/2023:17:41:10 -0500] "GET /sipse/faces/javax.faces.resource/primefaces.js?ln=primefaces&v=4.0 HTTP/1.1" 304 -
186.154.131.171 - - [03/Jun/2023:17:41:11 -0500] "GET /sipse/faces/javax.faces.resource/layout/layout.js?ln=primefaces&v=4.0 HTTP/1.1" 304 -
186.154.131.171 - - [03/Jun/2023:17:41:11 -0500] "POST /sipse/faces/presentacion/financiero/solicitudProceso/listarSolicitudProceso.xhtml HTTP/1.1" 200 1416
186.154.131.171 - - [03/Jun/2023:17:41:14 -0500] "POST /sipse/faces/presentacion/financiero/solicitudProceso/listarSolicitudProceso.xhtml HTTP/1.1" 200 2721
186.102.95.102 - - [03/Jun/2023:17:41:14 -0500] "OPTIONS /kwssiamovil/sm/setfile/f? HTTP/1.1" 200 13
186.154.131.171 - - [03/Jun/2023:17:41:16 -0500] "POST /sipse/faces/presentacion/financiero/solicitudProceso/listarSolicitudProceso.xhtml HTTP/1.1" 200 40726
186.154.131.171 - - [03/Jun/2023:17:41:16 -0500] "GET /sipse/faces/javax.faces.resource/theme.css?ln=primefaces-sipse HTTP/1.1" 304 -
186.154.131.171 - - [03/Jun/2023:17:41:16 -0500] "GET /sipse/faces/javax.faces.resource/primefaces.css?ln=primefaces&v=4.0 HTTP/1.1" 304 -
186.154.131.171 - - [03/Jun/2023:17:41:16 -0500] "GET /sipse/faces/javax.faces.resource/layout/layout.css?ln=primefaces&v=4.0 HTTP/1.1" 304 -
186.154.131.171 - - [03/Jun/2023:17:41:16 -0500] "GET /sipse/faces/javax.faces.resource/jquery/jquery.js?ln=primefaces&v=4.0 HTTP/1.1" 304 -
186.154.131.171 - - [03/Jun/2023:17:41:16 -0500] "GET /sipse/faces/javax.faces.resource/jquery/jquery-plugins.js?ln=primefaces&v=4.0 HTTP/1.1" 304 -
186.154.131.171 - - [03/Jun/2023:17:41:16 -0500] "GET /sipse/faces/javax.faces.resource/primefaces.js?ln=primefaces&v=4.0 HTTP/1.1" 304 -
186.154.131.171 - - [03/Jun/2023:17:41:16 -0500] "GET /sipse/faces/javax.faces.resource/layout/layout.js?ln=primefaces&v=4.0 HTTP/1.1" 304 -
186.154.131.171 - - [03/Jun/2023:17:41:16 -0500] "POST /sipse/faces/presentacion/financiero/solicitudProceso/consultar.xhtml HTTP/1.1" 200 34153
190.26.46.101 - - [03/Jun/2023:17:41:23 -0500] "GET /galeria/galeria/jquery.fancybox.css?v=2.1.5 HTTP/1.1" 200 4895
190.26.46.101 - - [03/Jun/2023:17:41:23 -0500] "GET /BLA/boletinlegal/js/jquery.scrollShow.js HTTP/1.1" 200 4586
190.26.46.101 - - [03/Jun/2023:17:41:23 -0500] "GET /galeria/galeria/jquery.fancybox.js?v=2.1.5 HTTP/1.1" 200 48706
190.26.46.101 - - [03/Jun/2023:17:41:24 -0500] "GET /autoliquidacion2020 HTTP/1.1" 301 250
190.26.46.101 - - [03/Jun/2023:17:41:24 -0500] "GET /autoliquidacion2020/ HTTP/1.1" 200 6146
190.26.46.101 - - [03/Jun/2023:17:41:24 -0500] "GET /autoliquidacion2020/dlf/styles.css HTTP/1.1" 200 3045
190.26.46.101 - - [03/Jun/2023:17:41:24 -0500] "GET /autoliquidacion2020/dlf/folder.png HTTP/1.1" 200 410
190.26.46.101 - - [03/Jun/2023:17:41:24 -0500] "GET /autoliquidacion2020/dlf/bg.gif HTTP/1.1" 200 54
186.102.95.102 - - [03/Jun/2023:17:41:15 -0500] "POST /kwssiamovil/sm/setfile/f? HTTP/1.1" 200 381
186.102.95.102 - - [03/Jun/2023:17:41:33 -0500] "GET /kwssiamovil/sm/acme/a?s=U2FsdGVkX19vOPWAIa+crJeYiZYywGR7H/kHo7hCXgb1Kqbw/Myp4cpNiQzbLqM5+e+UHahIfZf/AOlAL7OdU/QUs2lUE6dnwjo3LEZ1sHNDMyrQbbbhSfuREcu1+yaUgws1Nhkp0HuyAjoYBRZXlBG5osAUlKEu+losNN3UbVr6ssGVuSckeX1uCSnRTis4tc0GYopuiZhv+Vq9G6FW2WlaUTt4CCIvObN+FxKfnSSd2ZyKZy4LlPM8Io2YHeh6ta+qXgWr/D2ndJHspkMHRw==&u=U2FsdGVkX19ptURkUKhDIxbzNSjW39C5xYZfXm5MvoGurtvMCZnYXdGpTLkAA4Hs&y=U2FsdGVkX1+id6+6zNBpu9E0YEd0JMVmpIgH9TFguLXdfhLRR+J0wt02w9UoPiat HTTP/1.1" 200 26
186.102.95.102 - - [03/Jun/2023:17:41:33 -0500] "GET /kwssiamovil/sm/acme/a?s=U2FsdGVkX1/MBgmz4+YaKQKsdykDQUNoVtI9uchHPg7//dl/ERtLAXi3rhPqcWzrldnxIt1h+dLCAm+oZ0HWZJLGk8r+GZMNPZOQlFqjzCzHpDpqF27ze9P+Bcvee0CXrl2A/MED91ntWrQybrIrPqP9U6S5fg2lS4J+MolWyDe1WphrPWPD+Uu0ZoKndoGohfwhaa/2IZNwxNjtKjv1a3fj25rPjdAd3aZgbpl7Qe1ii+3+LzSttxtrpZgFw0lHTls4YMVAXT06+VC3vVVEO1Df+i1YAe78hnmrIHiTgGUNiZNCvtkqsCLm6lXpiYEaNS8PkXLxvt5yGNxIbJkaVB+UX3u8bQDmxYMm93DpGKyxrAvIsY5T/trf0kSfm5rsMmuDRZZs4Mf7QClx5IIvgssJ0sfFWAxYrT68yvccyGitClSrUCDRy5sRevnGKTVmDayIuuQEUL5w0feOrwjK5efswDyL5Et1JtHzIilACH08NVo+roKrg+nmPs03bzRya8iQ3uEk+2Xd3TX2VfmFJtzJzx31m/YXhFLX6ZbGvmIbJDeYJK+uwLbL21Be7cLRX6mhtvLFTa0aHuEW+x/JzyB1hIUQ+sav/phuLWNClCxlrOSjslG5OfTN2kJaGWQYYP61/4/xV2d1mcKYJEAvGlsXLPGslNnOI+tslky/T09/Rc6rEBetUN51ngu3SKbniPxxlUk63fszD2JdSn443c+wlFlCtPzthjb6l+sf2Bk9vasjcptTC0gF4RNXBDaEwikK4SKD7fQi7EywzL/StGtlAf0OOakFmcCionbINk022WqHg8DW6UOEz66QA7mceDtcWJvKcriBfXW2rPHOTB5nYSN4BIzx+45gIBeSFUWC32yL9lTBDyEDkOzEPniO7fMlKOC8Pw73ZxdESZVgYolbihgG9CLctqG9G1DxJj3jpKss80D+K1vLmuGW7dUAUgmPQhZnMhbhpDLzdAsFZMPaMDDineAvq1G7BilNO26WzH/2rJf08icqzOnKt4NHjNaezWKp6Ym15f8OuI1gAHTnQyImRBBNblqfXe3fL5lyNPaII2SZhsrnN3wthIV7LxmCXl6OQjiYdemYTnGOzQDyxvUO53gfT3d49ZzR7h6RENc7u21qfMS28lDwvP6sO2jyywluncS/wnsPEBrap44oKM5E2j5CdV09S3otnvD424ED7QA7hHPPop7wc4xvf+PtEdMyx31EGoDvPnbq07aMR1uvsVF4Icp/nZS0TC5AFc/RnJgbKCgMhx/rjEzRKdP3fD0uhYlwjqIjE01pOMsYtWt4qh5tZjWchwa9DKe4D2BtLHlomirRWCmno2iUd965pVAdJXqNFn2Ps8TZFPIBQRJVjGzMvOyfNzLXC4LKc1ujqxQ5XyGp4WBkhFQeGiMU9Y8EyQ0CxMraefIJN+zrPx2oAqrZwQWgdneoaQIxb4lNvlHb++LIido7lS0CMuInE6SO6CY3zyuVpipPL7qs3+zTTg1a9lIZ4p4Vf8R2eb/q9fcRTl63ojduWJGGNOR4zQG3iD4d31mX9irlzrnJBSOpsM9j74JZg+xMYwma7atoXOGYalZG1gahHQT8IVI7eZfcZjQXHDo9Sz7X587URpm5CA1iAtFLZn98P6TETp5rlfEi0HMY4tWv5rzo6CQdq0QtVNyksASN3NVidXDVUXDvZb7mAXPaPxFVEGvsm2pP0sAEhuvMI9aPg9rnFtXIxbidfKXygnl8QdO4HKCgg0ezXSH1zN2ko/wiJe4OKd6crxKTwH/a7mjpOsdf0xO+zhM+qva5YR3m2qmffXMp8p++X3WwPehpZIrvoAGS4cAkPuUIcoDrJ3Z8aKTFkBSStLkhHsHwonUJCV+CIehZSoVE5ZhfFmvftW3dLASH3AUUDMcb27p1bGyu3eUi6Par5eb1jSCLIN/yiPTE8ZAk+XRgcGomYsOw9t6fr9e4OHX5T88rghTYbAh//tHC7Ziy7XoCztFISPU3cAJHOodP8eyaJaXLB+Qg+Qj8tAmBdBlPH9/cWi4ieULY27Gn&u=U2FsdGVkX19ptURkUKhDIxbzNSjW39C5xYZfXm5MvoGurtvMCZnYXdGpTLkAA4Hs&y=U2FsdGVkX1+id6+6zNBpu9E0YEd0JMVmpIgH9TFguLXdfhLRR+J0wt02w9UoPiat HTTP/1.1" 200 26
186.102.95.102 - - [03/Jun/2023:17:41:33 -0500] "GET /kwssiamovil/sm/acme/a?s=U2FsdGVkX197G/E5qZARNtylP8Vc+aG7q3TbFjqXD1K9Bxrutsaq4QD3Rb9wbADGcwm+fwWxKBvhp3ShUYysfCSjb0+nuAtxvhoSR6OUwSvLP9gqpE+LBgBvyoaH6WydU6EkmdhsiTd2zcUtg6EpKd4W+XpQ95zQxhR0SlUc+Kc=&u=U2FsdGVkX19ptURkUKhDIxbzNSjW39C5xYZfXm5MvoGurtvMCZnYXdGpTLkAA4Hs&y=U2FsdGVkX1+id6+6zNBpu9E0YEd0JMVmpIgH9TFguLXdfhLRR+J0wt02w9UoPiat HTTP/1.1" 200 26
186.102.95.102 - - [03/Jun/2023:17:41:34 -0500] "GET /kwssiamovil/sm/acme/a?s=U2FsdGVkX18SdyP0nGCIq3lBqry7tZljq24uzFd2Gtkb3r2lSvypFU/ypRKk2/txxGVdjIP543eX3zBjEB5Q5TVKUrdU+ylmEUbtMhLjWz0Iy7W/pZ6ClAq4uDx0EWTgJ1r1yqZNTLwmYTiPeC14kg49iSdoIO1AR68zpUYeD6I=&u=U2FsdGVkX19ptURkUKhDIxbzNSjW39C5xYZfXm5MvoGurtvMCZnYXdGpTLkAA4Hs&y=U2FsdGVkX1+id6+6zNBpu9E0YEd0JMVmpIgH9TFguLXdfhLRR+J0wt02w9UoPiat HTTP/1.1" 200 26
186.102.95.102 - - [03/Jun/2023:17:41:34 -0500] "GET /kwssiamovil/sm/acme/a?s=U2FsdGVkX1942u/lThhfxP/Z+pl82i4dC26g/vGpAa+abYjEzcV8JfDY3RfDX43xBCMnoTKNW+UKgLN2gEXddSgS78bhBHFDllfofJbMEjhzc1QvaGeavOuggFZXdp8YewToWO7JOR8wtsWtwgr7x/wZ3VA7ddsdgVIIeNlTKhs=&u=U2FsdGVkX19ptURkUKhDIxbzNSjW39C5xYZfXm5MvoGurtvMCZnYXdGpTLkAA4Hs&y=U2FsdGVkX1+id6+6zNBpu9E0YEd0JMVmpIgH9TFguLXdfhLRR+J0wt02w9UoPiat HTTP/1.1" 200 26
186.102.95.102 - - [03/Jun/2023:17:41:34 -0500] "GET /kwssiamovil/sm/acme/a?s=U2FsdGVkX1+rErL/onuK+p7Ov/8ANjRHChWcp0S8TIyf667Zfx5k4teRp6bQtTKI+OIohkpCz+rTOG7Y1ZXqA3IJe2L7EfQV6wniJ7wxCukFc44HrXCdsqmjPd/Fhz4hm6XzHVH6HaevtpcWUd3P6Bn8jZxX0pFvUuVmEs19Q8qGHZ73oWHthfPWQyhcIBSGqkC/dCjLkK1MD2lHH74VJA==&u=U2FsdGVkX19ptURkUKhDIxbzNSjW39C5xYZfXm5MvoGurtvMCZnYXdGpTLkAA4Hs&y=U2FsdGVkX1+id6+6zNBpu9E0YEd0JMVmpIgH9TFguLXdfhLRR+J0wt02w9UoPiat HTTP/1.1" 200 26
186.102.95.102 - - [03/Jun/2023:17:41:34 -0500] "GET /kwssiamovil/sm/acme/a?s=U2FsdGVkX19eDPnFFig0O6XpXeVrHKfLZLSYxEM0aPp3ySyppUAeJTTSQPuOiVstH1LjJUkAiGyvjX9o4/BN3f14qggsDN1LnqdBVsWORsBNJTNBb+CA+DjYYB770Hrrlbtg53uvpKZiXiv+INcjWiyoSS+33YqYFErcaiLSZfw8ImaOkxW9vP28hlmILQVn5sIh2/Fvbp5EgAXjBtSTwA==&u=U2FsdGVkX19ptURkUKhDIxbzNSjW39C5xYZfXm5MvoGurtvMCZnYXdGpTLkAA4Hs&y=U2FsdGVkX1+id6+6zNBpu9E0YEd0JMVmpIgH9TFguLXdfhLRR+J0wt02w9UoPiat HTTP/1.1" 200 26
186.102.95.102 - - [03/Jun/2023:17:41:35 -0500] "GET /kwssiamovil/sm/acme/a?s=U2FsdGVkX1++4aO4YwioXSi8SByF5uDcfRSvl7Tp+62SpWj6Os1mpVyKFetb+DrRT03Od1YnH6Jn0SIPeCi1efT//BkCikEM2Qej+IK9n22dpCeT3CofF+w1BZFRO1OvlODkCUDY3D7PM8gO/uv95wm4tEML55sP+mbEOLh/G+ZV9E8K73NJo3udOaWYl2xM&u=U2FsdGVkX19ptURkUKhDIxbzNSjW39C5xYZfXm5MvoGurtvMCZnYXdGpTLkAA4Hs&y=U2FsdGVkX1+id6+6zNBpu9E0YEd0JMVmpIgH9TFguLXdfhLRR+J0wt02w9UoPiat HTTP/1.1" 200 26
52.167.144.158 - - [03/Jun/2023:17:41:38 -0500] "GET /BLA/resoluciones/AUTOS%202021/4382.pdf HTTP/1.1" 304 -
66.249.69.31 - - [03/Jun/2023:17:41:47 -0500] "-" 408 -
186.154.131.171 - - [03/Jun/2023:17:42:08 -0500] "POST /sipse/faces/presentacion/financiero/solicitudProceso/consultar.xhtml HTTP/1.1" 200 12865
190.26.46.101 - - [03/Jun/2023:17:42:11 -0500] "GET /autoliquidacion2020/index.php?dir=Grupo+Forestal+-+Silvicultura%2F HTTP/1.1" 200 2799
190.26.46.101 - - [03/Jun/2023:17:42:11 -0500] "GET /autoliquidacion2020/dlf/dirup.png HTTP/1.1" 200 644
190.26.46.101 - - [03/Jun/2023:17:42:12 -0500] "GET /autoliquidacion2020/dlf/html.gif HTTP/1.1" 200 632
190.26.46.101 - - [03/Jun/2023:17:42:13 -0500] "GET /autoliquidacion2020/Grupo%20Forestal%20-%20Silvicultura/Aplicativo.html HTTP/1.1" 200 359
216.245.221.92 - - [03/Jun/2023:17:43:00 -0500] "HEAD / HTTP/1.1" 200 -
186.102.36.187 - - [03/Jun/2023:17:44:44 -0500] "-" 408 -
186.102.36.187 - - [03/Jun/2023:17:44:44 -0500] "-" 408 -
186.102.36.187 - - [03/Jun/2023:17:44:44 -0500] "-" 408 -
186.102.36.187 - - [03/Jun/2023:17:44:44 -0500] "-" 408 -
172.22.2.4 - - [03/Jun/2023:17:43:18 -0500] "HEAD /BLA/boletinlegal/ HTTP/1.1" 200 -
201.245.192.253 - - [03/Jun/2023:17:45:17 -0500] "POST /kwsrmcab/Wsrmcab  HTTP/1.1" 200 43202
172.22.2.4 - - [03/Jun/2023:17:44:09 -0500] "GET /BLA/boletinlegal/ HTTP/1.1" 200 56754
173.252.111.17 - - [03/Jun/2023:17:47:05 -0500] "GET /camino-guadalupe-aguanoso-abierto-de-nuevo-al-publico.html HTTP/1.1" 200 879
216.245.221.92 - - [03/Jun/2023:17:48:00 -0500] "HEAD / HTTP/1.1" 200 -
168.119.252.243 - - [03/Jun/2023:17:48:21 -0500] "GET / HTTP/1.1" 200 4720
168.119.252.243 - - [03/Jun/2023:17:48:21 -0500] "GET / HTTP/1.1" 200 319
172.22.2.4 - - [03/Jun/2023:17:49:44 -0500] "GET /BLA/boletinlegal/robots.txt HTTP/1.1" 404 1018
172.22.2.4 - - [03/Jun/2023:17:49:45 -0500] "GET /BLA/boletinlegal/sitemap.xml HTTP/1.1" 404 1018
172.22.2.4 - - [03/Jun/2023:17:49:45 -0500] "GET /BLA/boletinlegal/.well-known/security.txt HTTP/1.1" 404 1018
172.22.2.4 - - [03/Jun/2023:17:49:46 -0500] "GET /BLA/boletinlegal/favicon.ico HTTP/1.1" 404 1018
172.22.2.4 - - [03/Jun/2023:17:49:49 -0500] "GET /BLA/boletinlegal/aaa9 HTTP/1.1" 404 1018
172.22.2.4 - - [03/Jun/2023:17:49:50 -0500] "GET /BLA/boletinlegal/aad7 HTTP/1.1" 404 1018
172.22.2.4 - - [03/Jun/2023:17:48:26 -0500] "GET /BLA/boletinlegal/ HTTP/1.1" 200 53195
201.245.192.253 - - [03/Jun/2023:17:50:16 -0500] "POST /kwsrmcab/Wsrmcab  HTTP/1.1" 200 43202
40.77.167.97 - - [03/Jun/2023:17:50:36 -0500] "GET /BLA/resoluciones/AUTOS%202021/0274.pdf HTTP/1.1" 304 -
172.22.2.4 - - [03/Jun/2023:17:49:08 -0500] "HEAD /BLA/boletinlegal/ HTTP/1.1" 200 -
172.22.2.4 - - [03/Jun/2023:17:49:59 -0500] "GET /BLA/boletinlegal/ HTTP/1.1" 200 57151
201.244.244.228 - - [03/Jun/2023:17:52:14 -0500] "GET /BLA/resoluciones/index.php?dir= HTTP/1.1" 200 13502
201.244.244.228 - - [03/Jun/2023:17:52:17 -0500] "GET /BLA/resoluciones/index.php?dir=AUTOS+2021%2F HTTP/1.1" 200 397891
216.245.221.92 - - [03/Jun/2023:17:53:00 -0500] "HEAD / HTTP/1.1" 200 -
66.249.69.31 - - [03/Jun/2023:17:54:58 -0500] "-" 408 -
168.119.51.200 - - [03/Jun/2023:17:55:10 -0500] "GET / HTTP/1.1" 200 319
168.119.51.200 - - [03/Jun/2023:17:55:11 -0500] "GET / HTTP/1.1" 200 4720
201.245.192.253 - - [03/Jun/2023:17:55:14 -0500] "POST /kwsrmcab/Wsrmcab  HTTP/1.1" 200 43202
74.125.210.206 - - [03/Jun/2023:17:55:26 -0500] "GET /BLA/boletinlegal/js/jquery.scrollShow.js HTTP/1.1" 200 4586
74.125.210.212 - - [03/Jun/2023:17:55:26 -0500] "GET /galeria/galeria/jquery.fancybox.js?v=2.1.5 HTTP/1.1" 200 48706
74.125.210.212 - - [03/Jun/2023:17:55:26 -0500] "GET /galeria/galeria/jquery.fancybox.css?v=2.1.5 HTTP/1.1" 200 4895
74.125.210.212 - - [03/Jun/2023:17:55:27 -0500] "GET /galeria/carrusel/Carrusel/jquery.thumbnailScroller.css HTTP/1.1" 200 2066
74.125.210.206 - - [03/Jun/2023:17:55:27 -0500] "GET /galeria/carrusel/Carrusel/jquery-ui-1.8.13.custom.min.js HTTP/1.1" 200 10800
74.125.210.209 - - [03/Jun/2023:17:55:27 -0500] "GET /galeria/carrusel/Carrusel/jquery.thumbnailScroller.js HTTP/1.1" 200 8157
74.125.210.209 - - [03/Jun/2023:17:55:28 -0500] "GET /galeria/nivo-slider/demo/banner.html HTTP/1.1" 200 5446
74.125.210.209 - - [03/Jun/2023:17:55:29 -0500] "GET /galeria/nivo-slider/themes/default/default.css HTTP/1.1" 200 1569
74.125.210.206 - - [03/Jun/2023:17:55:29 -0500] "GET /galeria/nivo-slider/jquery.nivo.slider.pack.js HTTP/1.1" 200 11561
74.125.210.212 - - [03/Jun/2023:17:55:29 -0500] "GET /galeria/nivo-slider/themes/pascal/pascal.css HTTP/1.1" 200 2258
74.125.210.212 - - [03/Jun/2023:17:55:29 -0500] "GET /galeria/nivo-slider/nivo-slider.css HTTP/1.1" 200 1507
74.125.210.206 - - [03/Jun/2023:17:55:29 -0500] "GET /galeria/nivo-slider/themes/orman/orman.css HTTP/1.1" 200 2152
74.125.210.209 - - [03/Jun/2023:17:55:29 -0500] "GET /galeria/nivo-slider/demo/style.css HTTP/1.1" 200 2222
74.125.210.212 - - [03/Jun/2023:17:55:29 -0500] "GET /galeria/nivo-slider/demo/images/bannertortuga_optimized.jpg HTTP/1.1" 200 39066
74.125.210.206 - - [03/Jun/2023:17:55:29 -0500] "GET /galeria/nivo-slider/demo/scripts/jquery-1.7.1.min.js HTTP/1.1" 200 93868
74.125.210.212 - - [03/Jun/2023:17:55:29 -0500] "GET /galeria/nivo-slider/demo/images/banneraire2021.jpg HTTP/1.1" 200 265101
74.125.210.206 - - [03/Jun/2023:17:55:30 -0500] "GET /galeria/nivo-slider/demo/images/Bannersedeelectronica.jpg HTTP/1.1" 200 40383
74.125.210.209 - - [03/Jun/2023:17:55:30 -0500] "GET /galeria/nivo-slider/demo/images/bannertrafico_optimized.jpg HTTP/1.1" 200 42578
74.125.210.206 - - [03/Jun/2023:17:55:30 -0500] "GET /galeria/nivo-slider/demo/images/Bannerplasticosseptiembre.jpg HTTP/1.1" 200 45633
74.125.210.206 - - [03/Jun/2023:17:55:30 -0500] "GET /galeria/nivo-slider/demo/images/Bannermujeresquereverdecen.jpg HTTP/1.1" 200 46558
74.125.210.209 - - [03/Jun/2023:17:55:30 -0500] "GET /galeria/nivo-slider/demo/images/bannerrutaesperanza.jpg HTTP/1.1" 200 55560
74.125.210.209 - - [03/Jun/2023:17:55:30 -0500] "GET /galeria/nivo-slider/demo/images/bannerresiduoshospitalariosagosto.jpg HTTP/1.1" 200 36499
74.125.210.206 - - [03/Jun/2023:17:55:30 -0500] "GET /galeria/nivo-slider/demo/images/banneraccionpopularcrr68.jpg HTTP/1.1" 200 51887
74.125.210.212 - - [03/Jun/2023:17:55:30 -0500] "GET /galeria/nivo-slider/demo/images/banneraccionpopular.jpeg HTTP/1.1" 200 41707
74.125.210.209 - - [03/Jun/2023:17:55:30 -0500] "GET /galeria/nivo-slider/demo/images/bannerclases2021.jpg HTTP/1.1" 200 68230
74.125.210.209 - - [03/Jun/2023:17:55:30 -0500] "GET /galeria/nivo-slider/demo/images/Bannerenvases.jpg HTTP/1.1" 200 37316
74.125.210.206 - - [03/Jun/2023:17:55:30 -0500] "GET /galeria/nivo-slider/demo/images/bannercapacitacionesbogota.jpg HTTP/1.1" 200 42416
74.125.210.212 - - [03/Jun/2023:17:55:30 -0500] "GET /galeria/nivo-slider/demo/images/Bannervirtualescanales.jpg HTTP/1.1" 200 174544
74.125.210.206 - - [03/Jun/2023:17:55:30 -0500] "GET /galeria/nivo-slider/demo/images/4Simple_Slider.png HTTP/1.1" 200 11722
74.125.210.212 - - [03/Jun/2023:17:55:31 -0500] "GET /galeria/nivo-slider/themes/default/loading.gif HTTP/1.1" 200 1737
74.125.210.209 - - [03/Jun/2023:17:55:32 -0500] "GET /galeria/nivo-slider/themes/default/arrows.png HTTP/1.1" 200 824
74.125.210.206 - - [03/Jun/2023:17:55:32 -0500] "GET /galeria/nivo-slider/themes/default/bullets.png HTTP/1.1" 200 1281
172.22.2.4 - - [03/Jun/2023:17:54:58 -0500] "HEAD /BLA/boletinlegal/ HTTP/1.1" 200 -
172.22.2.4 - - [03/Jun/2023:17:55:49 -0500] "GET /BLA/boletinlegal/ HTTP/1.1" 200 57151
52.167.144.158 - - [03/Jun/2023:17:57:40 -0500] "GET /BLA/resoluciones/AUTOS%202021/0227.pdf HTTP/1.1" 304 -
216.245.221.92 - - [03/Jun/2023:17:58:00 -0500] "HEAD / HTTP/1.1" 200 -
217.182.175.162 - - [03/Jun/2023:17:58:34 -0500] "HEAD /usaquen-comprometida-con-la-accion-climatica-en-bogota.html HTTP/1.1" 200 -
51.15.164.30 - - [03/Jun/2023:17:58:35 -0500] "HEAD /usaquen-comprometida-con-la-accion-climatica-en-bogota.html HTTP/1.1" 200 -
40.77.167.205 - - [03/Jun/2023:17:59:21 -0500] "GET /portaldeninos/aulas-ambientales/aula-ambiental-sorotama/ HTTP/1.1" 200 89596
40.77.167.205 - - [03/Jun/2023:17:59:31 -0500] "GET /portaldeninos/aulas-ambientales/aula-ambiental-sorotama/ HTTP/1.1" 200 89596
173.252.127.118 - - [03/Jun/2023:18:00:05 -0500] "GET /images/Acuerdos%2001%20(1)%20(1).jpeg HTTP/1.1" 200 32884
201.245.192.253 - - [03/Jun/2023:18:00:14 -0500] "POST /kwsrmcab/Wsrmcab  HTTP/1.1" 200 43202
157.55.39.239 - - [03/Jun/2023:18:01:15 -0500] "GET /BLA/resoluciones/AUTOS%202021/2080.pdf HTTP/1.1" 304 -
66.249.69.31 - - [03/Jun/2023:18:01:24 -0500] "-" 408 -
52.167.144.158 - - [03/Jun/2023:18:02:19 -0500] "GET /BLA/resoluciones/AUTOS%202021/0290.pdf HTTP/1.1" 304 -
172.22.2.4 - - [03/Jun/2023:18:00:48 -0500] "HEAD /BLA/boletinlegal/ HTTP/1.1" 200 -
216.245.221.92 - - [03/Jun/2023:18:03:00 -0500] "HEAD / HTTP/1.1" 200 -
172.22.2.4 - - [03/Jun/2023:18:01:39 -0500] "GET /BLA/boletinlegal/ HTTP/1.1" 200 58307
201.245.192.253 - - [03/Jun/2023:18:05:13 -0500] "POST /kwsrmcab/Wsrmcab  HTTP/1.1" 200 43202
172.22.2.4 - - [03/Jun/2023:18:05:23 -0500] "GET /BLA/boletinlegal/?XDEBUG_SESSION_START=phpstorm HTTP/1.1" 200 28619
157.55.39.239 - - [03/Jun/2023:18:07:13 -0500] "GET /BLA/resoluciones/AUTOS%202019/4446.pdf HTTP/1.1" 304 -
216.245.221.92 - - [03/Jun/2023:18:08:00 -0500] "HEAD / HTTP/1.1" 200 -
172.22.2.4 - - [03/Jun/2023:18:06:38 -0500] "HEAD /BLA/boletinlegal/ HTTP/1.1" 200 -
66.249.69.31 - - [03/Jun/2023:18:08:28 -0500] "-" 408 -
40.77.167.97 - - [03/Jun/2023:18:08:37 -0500] "GET /BLA/resoluciones/AUTOS%202022/1897.pdf HTTP/1.1" 304 -
172.22.2.4 - - [03/Jun/2023:18:07:29 -0500] "GET /BLA/boletinlegal/ HTTP/1.1" 200 57151
35.203.210.223 - - [03/Jun/2023:18:09:48 -0500] "GET / HTTP/1.1" 200 319
201.245.192.253 - - [03/Jun/2023:18:10:11 -0500] "POST /kwsrmcab/Wsrmcab  HTTP/1.1" 200 43202
173.252.107.4 - - [03/Jun/2023:18:12:22 -0500] "GET /images/Acuerdos%2001%20(1)%20(1).jpeg HTTP/1.1" 200 32884
173.252.79.22 - - [03/Jun/2023:18:12:31 -0500] "GET /images/jardines-verticales-plantas-24-mayo.jpg HTTP/1.1" 200 148288
179.43.177.244 - - [03/Jun/2023:18:12:32 -0500] "GET / HTTP/1.1" 200 319
157.55.39.239 - - [03/Jun/2023:18:12:36 -0500] "GET /Autoliquidacion/index.php?dir=Solicitudes+relacionadas+con+ocupaci%F3n+de+cauce%2F HTTP/1.1" 200 2870
216.245.221.92 - - [03/Jun/2023:18:13:00 -0500] "HEAD / HTTP/1.1" 200 -
66.220.149.3 - - [03/Jun/2023:18:13:12 -0500] "GET /images/eficiencia-energetica-11-marzo.jpg HTTP/1.1" 200 46478
172.22.2.4 - - [03/Jun/2023:18:12:28 -0500] "HEAD /BLA/boletinlegal/ HTTP/1.1" 200 -
172.22.2.4 - - [03/Jun/2023:18:13:19 -0500] "GET /BLA/boletinlegal/ HTTP/1.1" 200 52730
201.245.192.253 - - [03/Jun/2023:18:15:10 -0500] "POST /kwsrmcab/Wsrmcab  HTTP/1.1" 200 43202
173.252.95.118 - - [03/Jun/2023:18:17:36 -0500] "GET /elabora-tu-jardin-vertical-y-contribuye-a-mitigar-los-efectos-del-cambio-climatico.html HTTP/1.1" 206 985
173.252.95.13 - - [03/Jun/2023:18:17:37 -0500] "GET /secretaria-de-ambiente-abre-inscripciones-para-la-ruta-de-emprendimiento-verde-2022.html HTTP/1.1" 200 902
173.252.95.116 - - [03/Jun/2023:18:17:37 -0500] "GET /bogota-destacada-en-america-latina-por-su-accion-climatica.html HTTP/1.1" 206 768
216.245.221.92 - - [03/Jun/2023:18:18:00 -0500] "HEAD / HTTP/1.1" 200 -
186.155.48.138 - - [03/Jun/2023:18:18:10 -0500] "GET /BLA/boletinlegal/js/jquery.scrollShow.js HTTP/1.1" 200 4586
186.155.48.138 - - [03/Jun/2023:18:18:10 -0500] "GET /galeria/galeria/jquery.fancybox.css?v=2.1.5 HTTP/1.1" 200 4895
186.155.48.138 - - [03/Jun/2023:18:18:10 -0500] "GET /galeria/galeria/jquery.fancybox.js?v=2.1.5 HTTP/1.1" 200 48706
201.245.192.253 - - [03/Jun/2023:18:18:30 -0500] "POST /kwsrmcab/Wsrmcab HTTP/1.1" 200 43377
201.245.192.253 - - [03/Jun/2023:18:18:33 -0500] "POST /kwsrmcab/Wsrmcab HTTP/1.1" 200 40435
172.22.2.4 - - [03/Jun/2023:18:18:18 -0500] "HEAD /BLA/boletinlegal/ HTTP/1.1" 200 -
201.245.192.253 - - [03/Jun/2023:18:20:09 -0500] "POST /kwsrmcab/Wsrmcab  HTTP/1.1" 200 43202
66.249.69.31 - - [03/Jun/2023:18:20:20 -0500] "-" 408 -
172.22.2.4 - - [03/Jun/2023:18:19:09 -0500] "GET /BLA/boletinlegal/ HTTP/1.1" 200 56754
40.77.167.205 - - [03/Jun/2023:18:20:56 -0500] "GET /convocatoria-conviertete-en-nuestro-corresponsal-ambiental-y-aporta-a-la-transformacion-de-tu-localidad.html HTTP/1.1" 200 818
52.167.144.158 - - [03/Jun/2023:18:21:41 -0500] "GET /galeria/galeria/fotos/Capellania3P.jpg HTTP/1.1" 200 34835
66.249.70.170 - - [03/Jun/2023:18:22:08 -0500] "GET /usaquen-comprometida-con-la-accion-climatica-en-bogota.html HTTP/1.1" 200 771
216.245.221.92 - - [03/Jun/2023:18:23:00 -0500] "HEAD / HTTP/1.1" 200 -
201.245.192.253 - - [03/Jun/2023:18:25:07 -0500] "POST /kwsrmcab/Wsrmcab  HTTP/1.1" 200 43202
172.22.2.4 - - [03/Jun/2023:18:24:08 -0500] "HEAD /BLA/boletinlegal/ HTTP/1.1" 200 -
186.28.223.235 - - [03/Jun/2023:18:26:27 -0500] "GET /secretaria-de-ambiente-abre-inscripciones-para-recorridos-gratuitos-en-aulas-ambientales-de-bogota.html HTTP/1.1" 200 916
172.22.2.4 - - [03/Jun/2023:18:24:59 -0500] "GET /BLA/boletinlegal/ HTTP/1.1" 200 57561
173.252.127.119 - - [03/Jun/2023:18:27:41 -0500] "GET /mujeres-secretaria-de-ambiente-abre-nueva-convocatoria-para-aprender-sobre-el-cuidado-de-los-humedales.html HTTP/1.1" 200 853
216.245.221.92 - - [03/Jun/2023:18:28:00 -0500] "HEAD / HTTP/1.1" 200 -
201.245.192.253 - - [03/Jun/2023:18:28:31 -0500] "POST /kwsrmcab/Wsrmcab HTTP/1.1" 200 43377
201.245.192.253 - - [03/Jun/2023:18:28:34 -0500] "POST /kwsrmcab/Wsrmcab HTTP/1.1" 200 40435
45.238.183.115 - - [03/Jun/2023:18:29:08 -0500] "GET /postulate-al-programa-de-mujeres-por-el-cambio-climatico-en-bogota.html HTTP/1.1" 304 -
152.203.182.58 - - [03/Jun/2023:18:30:00 -0500] "OPTIONS /kwssiamovil/sm/setfile/f? HTTP/1.1" 200 13
152.203.182.58 - - [03/Jun/2023:18:30:00 -0500] "POST /kwssiamovil/sm/setfile/f? HTTP/1.1" 200 381
152.203.182.58 - - [03/Jun/2023:18:30:02 -0500] "OPTIONS /kwssiamovil/sm/setfile/f? HTTP/1.1" 200 13
152.203.182.58 - - [03/Jun/2023:18:30:02 -0500] "POST /kwssiamovil/sm/setfile/f? HTTP/1.1" 200 381
152.203.182.58 - - [03/Jun/2023:18:30:05 -0500] "OPTIONS /kwssiamovil/sm/setfile/f? HTTP/1.1" 200 13
152.203.182.58 - - [03/Jun/2023:18:30:05 -0500] "POST /kwssiamovil/sm/setfile/f? HTTP/1.1" 200 381
152.203.182.58 - - [03/Jun/2023:18:30:08 -0500] "OPTIONS /kwssiamovil/sm/setfile/f? HTTP/1.1" 200 13
201.245.192.253 - - [03/Jun/2023:18:30:06 -0500] "POST /kwsrmcab/Wsrmcab  HTTP/1.1" 200 43202
152.203.182.58 - - [03/Jun/2023:18:30:08 -0500] "POST /kwssiamovil/sm/setfile/f? HTTP/1.1" 200 381
152.203.182.58 - - [03/Jun/2023:18:30:10 -0500] "OPTIONS /kwssiamovil/sm/setfile/f? HTTP/1.1" 200 13
152.203.182.58 - - [03/Jun/2023:18:30:11 -0500] "POST /kwssiamovil/sm/setfile/f? HTTP/1.1" 200 381
152.203.182.58 - - [03/Jun/2023:18:30:21 -0500] "GET /kwssiamovil/sm/acme/a?s=U2FsdGVkX1//pCyEssRx8NLKpqN5bqpmwYRC7esnDMvrEoBzuRmK2fujbPb0klpIyiz71EVc25Djm8DtMIwGF/xglXULonwjc+NE/1qh6E0IPGQ/8MYTMiiHrlKXNHnLjvnidu3dqekuOurKS+7EB0SQSEjHT5ObHy1zXRHVZjGN+9bvVKjrxP7XLzZqvDOK1k0Ucnwvkj7+JPvRLbIaapfAsUteUpIGAfDsGdTEBsbXp1WxypHvdkcsQmqJum9UAnONFxBulyjgQfI/Yno/Aw==&u=U2FsdGVkX1+njM+9XeSZXBvy7yKLvsDGfHSOZve3bayRt0biLK4SaFp3S0LDv5Nd&y=U2FsdGVkX18GfqNrU5/5a6JhQRs4Cv5RU0SbAHQtkWHEFVqtr26l/VmV0aCLmGam HTTP/1.1" 200 26
152.203.182.58 - - [03/Jun/2023:18:30:22 -0500] "GET /kwssiamovil/sm/acme/a?s=U2FsdGVkX18LgU2tVQ9L4kRs2RUb3Q5a3+N/M1UrOXrp+FweihU7NtIJMESQ6iEDS6DLPjzwF5B/0NE2CSuPpzGeddGU3sdTE9l4l27sLjC2fcVqY6NmcJefBvLRiYewoUcauReNoP7wBmKKfn5yxq/vM2hZ8JqkOcdcpn2LZiDhH1Ex2NJgMP1yO3B1TOsIHjl44gqZh2UKws5cQNU41JYKbOL2vHTykXgzod3Ipk5SFOq8YJ5mK4+gk9s83fEvqn6J53sdmllX7KqaD/6GdMxKXfVyGhOy224W7F8uhsJzwhR4l0mqDO1+RXo3hUsHVmrWw4An3E8iyKhxGrfBuvqZXZKbJTc3BZwg0OeMrWShWc+kMriwLIuIPuPcC4GvoWuZeoTUX0QqrebdOV15QLbUXYXk1mvvuiTYWbv2DrRm648wjY+FpAguRft7Rbn4F2E1UBRyTe09DbuOURTVJaGdY9kc45ToDnRomNDt5beJFlTmD3i6DW2MGeCA1KxSVTizZ+9So6HEjcAPmHY0N0rfSQhq5XL0cGAZ8glhCPSaTnSDxgYs7A2M0GYcZQ6IaJEKgM2RC+vHdyYGBiDjYzv951QcjF2qXs25s1aMrcj114ooOcYtAeO4VPCL7dMkuhNfHZTeClZ2pSz9WRzuRICGtKcLss1JTVXsnOmKaePzMgBVtOgFZoztU9vdnWkQWQHr7t7spe5601UbjEeUmv3LmTKx8TxMvjGd5EwSqeXZx9rG42JHjKf8aGM57ZR2wcfrKYuB9EXfijIcum+ggn+sjtZYwmeZyenMLNXkxvxH5Q1n9AVRMMjjurvTN1q0w0agy8DsyfdBju+vSEBIhNgQuzT2GpW/S7s4lFYIgLnuY8YLQQ1AUAsC6HCY9vKJtwKPuyDZCTgMjXDdfyYVftU5t+JeEy/HGoKB4tfHS054XYPAkI7Xu0ZBWCqusLekuwtSi4XmkHA4I9fSXPrhzJrFi1UXobN02REgGwdMyj6kmmOJ14djOC/IuWpUy9I06b+8mQIR3F75q0kLYV5vbQpTZZyJsp9Resr5b3oDmAmR79Vn0W+AvWK76a9MId7T52MDrcJW8NMZHxpMN9Zdp0ADngJuHLJcpD3wRKtSSvg+XBIwShOAGbpmbOglh1x4Bb+qaNZHAKGYnJAh7DOyqJLrp3MXZy6TLQlRohAjXX5WjfwSEP4F1kCIGruW5Jje&u=U2FsdGVkX1+njM+9XeSZXBvy7yKLvsDGfHSOZve3bayRt0biLK4SaFp3S0LDv5Nd&y=U2FsdGVkX18GfqNrU5/5a6JhQRs4Cv5RU0SbAHQtkWHEFVqtr26l/VmV0aCLmGam HTTP/1.1" 200 26
152.203.182.58 - - [03/Jun/2023:18:30:22 -0500] "GET /kwssiamovil/sm/acme/a?s=U2FsdGVkX19hzsd5VKB3YAwOTiZ37qoq41fDQnsf9yI8fCgEj8Xuwd5jZ2EDOObFUgi0177I7qBCe8plVQpDWl/3GNySZixI8YEp9IWsdtex6nn3aDukx7w+M0G7vs332u/UFn5SlywXexXHDtx/dYXD3PRNjCMvNRqR3sY081M=&u=U2FsdGVkX1+njM+9XeSZXBvy7yKLvsDGfHSOZve3bayRt0biLK4SaFp3S0LDv5Nd&y=U2FsdGVkX18GfqNrU5/5a6JhQRs4Cv5RU0SbAHQtkWHEFVqtr26l/VmV0aCLmGam HTTP/1.1" 200 26
152.203.182.58 - - [03/Jun/2023:18:30:22 -0500] "GET /kwssiamovil/sm/acme/a?s=U2FsdGVkX1+l3R8ou1uZ/Yafzi85kODpZorGum+2wt7arSQp464j7Y+sTeZ1QUfaARN+eHexHWs/Um4ZRBWp9xYHE+bI5hOskgXNO0w42kIjReQk1kbAKhNsxecbHhP9EzDW8/zlP1PsDkN967/4muFIRRWD5JDpAvd1YCJD9YQ=&u=U2FsdGVkX1+njM+9XeSZXBvy7yKLvsDGfHSOZve3bayRt0biLK4SaFp3S0LDv5Nd&y=U2FsdGVkX18GfqNrU5/5a6JhQRs4Cv5RU0SbAHQtkWHEFVqtr26l/VmV0aCLmGam HTTP/1.1" 200 26
152.203.182.58 - - [03/Jun/2023:18:30:22 -0500] "GET /kwssiamovil/sm/acme/a?s=U2FsdGVkX18OfNYjm3WFi9GvcnrSKj1NQnHK+XqVEg8aWaSIzQLSzm89zkICTARPtITL9UhjKT9LYXWO0jg1ebexp7jZC+fZQlmoQ28YuROv5sIxxOv09xG4clJhg/uWwBbRe9Hv8xECdV7O8LYRqzwCAzNovW2Sj3mahE4XmaI=&u=U2FsdGVkX1+njM+9XeSZXBvy7yKLvsDGfHSOZve3bayRt0biLK4SaFp3S0LDv5Nd&y=U2FsdGVkX18GfqNrU5/5a6JhQRs4Cv5RU0SbAHQtkWHEFVqtr26l/VmV0aCLmGam HTTP/1.1" 200 26
152.203.182.58 - - [03/Jun/2023:18:30:23 -0500] "GET /kwssiamovil/sm/acme/a?s=U2FsdGVkX194C5AbWi98tLn9gbxhnW3jTw1Pf+k78JV3ZSSXEoJWHF3nLWZ0L76bwGTXC2KAxQS4csl8+YeGVXZS0Do7d8rh0bsx/sMxDIMhwHDAg1v2/Pf8sk6m2OffAnw6xhgeLQTKGvLD8nWFfhEKHcZL4e08aG3TMOQh83E0xyEfrKxUtnQEfy2CmIPyy05Zg5Ms2uNjukQlwjLzmw==&u=U2FsdGVkX1+njM+9XeSZXBvy7yKLvsDGfHSOZve3bayRt0biLK4SaFp3S0LDv5Nd&y=U2FsdGVkX18GfqNrU5/5a6JhQRs4Cv5RU0SbAHQtkWHEFVqtr26l/VmV0aCLmGam HTTP/1.1" 200 26
152.203.182.58 - - [03/Jun/2023:18:30:23 -0500] "GET /kwssiamovil/sm/acme/a?s=U2FsdGVkX18FzRQTax9rakisguhcy8513hEC8OU40lE/wMZ7yf6lo5YVV5aMojBccEzvqxmNCY6aMfk7hpGUBbTomEsSimQLEeQuj96A8vWtW/SCqQgMl1EDRBaFo1mlDsh6npdasImswOgyNZkB5zaK+AfpxaeJZvXpmUdHvreRJeeIvuZ/f4DqFeGaE10aqAPgc1REH7kiII/gceyyDA==&u=U2FsdGVkX1+njM+9XeSZXBvy7yKLvsDGfHSOZve3bayRt0biLK4SaFp3S0LDv5Nd&y=U2FsdGVkX18GfqNrU5/5a6JhQRs4Cv5RU0SbAHQtkWHEFVqtr26l/VmV0aCLmGam HTTP/1.1" 200 26
152.203.182.58 - - [03/Jun/2023:18:30:23 -0500] "GET /kwssiamovil/sm/acme/a?s=U2FsdGVkX19I3xvK6x9jdW3Mb+YXFHCxy4FHQUkC32SCcV7n1eDtm0ph6VEi+kHMnW3JPYhe20nTNKUUx9VY054WltI+5eKpwe4yWWnHTIwlnwDobTRLPyw4a9rZu/kEAwLxW9aI7dLBDBnWq1FErDO2chF7dy5CxRJQdb1oUsOgV1p40l0EZT9i5iuOKx8g&u=U2FsdGVkX1+njM+9XeSZXBvy7yKLvsDGfHSOZve3bayRt0biLK4SaFp3S0LDv5Nd&y=U2FsdGVkX18GfqNrU5/5a6JhQRs4Cv5RU0SbAHQtkWHEFVqtr26l/VmV0aCLmGam HTTP/1.1" 200 26
152.203.182.58 - - [03/Jun/2023:18:30:23 -0500] "GET /kwssiamovil/sm/acme/a?s=U2FsdGVkX1+KCBZ1N05zQOXk5r1JI4EQoAGHYjhIkQkQHhRIbsscxlSQmirtWmWpJYmIgFvwn+hZRQUBW99dS317z4NbJyI01bV5I4t/6jzNLlOWA58ulpL3/HVxFA+SZEBAHhacrwg+xqE3nPAJK5RgKSXywFf0y6Z7Rh7cfEhPwPH1RztcGe9RqgPAe72dGYynkeXD0zL4KkV2n6pynQ==&u=U2FsdGVkX1+njM+9XeSZXBvy7yKLvsDGfHSOZve3bayRt0biLK4SaFp3S0LDv5Nd&y=U2FsdGVkX18GfqNrU5/5a6JhQRs4Cv5RU0SbAHQtkWHEFVqtr26l/VmV0aCLmGam HTTP/1.1" 200 26
152.203.182.58 - - [03/Jun/2023:18:30:23 -0500] "GET /kwssiamovil/sm/acme/a?s=U2FsdGVkX1/2BFQGWJ3VIqpcs8UEYmcksdqQbyxDyvtRcrFELTnLowKGFzzuPY8EIRS7HYw1Ek/03dvWwW+4LFq6pUv4sPW8QZPaJd+b5gDf1FMEyQDV1wndDyCc163RCDOSrgF4h9A/Szb1V8cjXupWOsSUVlfyazfdLXhJyg5uWLcbbSdrFoBFqMHrkPeO8U57sAE27dI94eyle6YWyQ==&u=U2FsdGVkX1+njM+9XeSZXBvy7yKLvsDGfHSOZve3bayRt0biLK4SaFp3S0LDv5Nd&y=U2FsdGVkX18GfqNrU5/5a6JhQRs4Cv5RU0SbAHQtkWHEFVqtr26l/VmV0aCLmGam HTTP/1.1" 200 26
152.203.182.58 - - [03/Jun/2023:18:30:23 -0500] "GET /kwssiamovil/sm/acme/a?s=U2FsdGVkX1/hevqLi+nwyACD7p8wb0y/JX2MjFvNiDl7FqNG6teqzNXPTZZCP1up5uwHTdqPPqwVM62j5el4+l2/fkmmn8aDHYyy4dYeEQ6gPaK3BCI0gBmGrPGHwcZKmUV/OFVugo1/AnNOmgtqMc5q8LlAlFn7TWNsVgwWWtw2njdWo+wp/0SDSUO7V0gJydu6SiiXxtz8vMQVELIACg==&u=U2FsdGVkX1+njM+9XeSZXBvy7yKLvsDGfHSOZve3bayRt0biLK4SaFp3S0LDv5Nd&y=U2FsdGVkX18GfqNrU5/5a6JhQRs4Cv5RU0SbAHQtkWHEFVqtr26l/VmV0aCLmGam HTTP/1.1" 200 26
152.203.182.58 - - [03/Jun/2023:18:30:23 -0500] "GET /kwssiamovil/sm/acme/a?s=U2FsdGVkX18JfcsP3zMqPBvKOhWQof2k2m55zOBMW1UwWmD2CS9xY+2EAVyTE8Jlswdh/wjQsEnvlF/rga7l0R4qh8Hh1U12+cmyKLyR8l2EZ6i+8DKfVSwjme/nJSATdwsOHu4+We7Qm14Obw6p1vRmgn6x7MitbAiYWUAU6+ny0mBdf8Gy0j7PzpvVZnR4&u=U2FsdGVkX1+njM+9XeSZXBvy7yKLvsDGfHSOZve3bayRt0biLK4SaFp3S0LDv5Nd&y=U2FsdGVkX18GfqNrU5/5a6JhQRs4Cv5RU0SbAHQtkWHEFVqtr26l/VmV0aCLmGam HTTP/1.1" 200 26
152.203.182.58 - - [03/Jun/2023:18:30:24 -0500] "GET /kwssiamovil/sm/acme/a?s=U2FsdGVkX195Wz5r161/b273ZcEANwWi76vJ8uAjw6VHwmDgLLCddgOnvstClLf4ZMsYzAObB3OXqZIcgN6qzLmrdhWa2C/e2Ja6tdIWksXxndtpbUiqi7Qbf8XY/F2kMXr0a2EMuF2nrqluYXRxtPf+MaldXYjmROBWpbRhhA97VqantzaX9sphnOWJYltYUtHILafZe7k0UN1z+1g5OA==&u=U2FsdGVkX1+njM+9XeSZXBvy7yKLvsDGfHSOZve3bayRt0biLK4SaFp3S0LDv5Nd&y=U2FsdGVkX18GfqNrU5/5a6JhQRs4Cv5RU0SbAHQtkWHEFVqtr26l/VmV0aCLmGam HTTP/1.1" 200 26
152.203.182.58 - - [03/Jun/2023:18:30:24 -0500] "GET /kwssiamovil/sm/acme/a?s=U2FsdGVkX19jBtv1K0e5d9XXV3P1bVYIt9GABRGKL354FQZM/TuLDwyXlID09/IpWSRAhAnvOMtVfRLkjv+O3obaLnnBOtn5NOGI/OTqQBzW2bYFe5uS2KxqKISD81fQZ7s8b+VW5rnuSTqLMrQMhzQgt9w6X0ux3fB3J04ri5QtF4YczGKeBhiMGTxwENOf&u=U2FsdGVkX1+njM+9XeSZXBvy7yKLvsDGfHSOZve3bayRt0biLK4SaFp3S0LDv5Nd&y=U2FsdGVkX18GfqNrU5/5a6JhQRs4Cv5RU0SbAHQtkWHEFVqtr26l/VmV0aCLmGam HTTP/1.1" 200 26
152.203.182.58 - - [03/Jun/2023:18:30:24 -0500] "GET /kwssiamovil/sm/acme/a?s=U2FsdGVkX1/Dcqn0yWs/0Ypa+ev5R/993DYn+hnIAtlSlcxHJerM7wd/0uHW3kpsHLgxgl/RUV3s45afPfD/d/hahjqzI7DG3cUb8ho3JtZ8VSL7kKc3H/GFPrBEHJt6lzd44KzgsjHKCpH76ei/RVx6ECBQDUiV1x1SObnHJL1+0CH0B1T9f0UkE6cze6hJCNCcy6yvfRXwpyGvPuq3Cw==&u=U2FsdGVkX1+njM+9XeSZXBvy7yKLvsDGfHSOZve3bayRt0biLK4SaFp3S0LDv5Nd&y=U2FsdGVkX18GfqNrU5/5a6JhQRs4Cv5RU0SbAHQtkWHEFVqtr26l/VmV0aCLmGam HTTP/1.1" 200 26
152.203.182.58 - - [03/Jun/2023:18:30:24 -0500] "GET /kwssiamovil/sm/acme/a?s=U2FsdGVkX1/KFiXyHlZslgQlZEIrc+lL4r4iNCzU14tV7QJsij9bCpODjVs7efkfzXde8H83l/ZDDqyW327YlCTxuOnZFMyt3aKg+IfPeb7bQvKcdA70q9EjydV6ESfH2a/gsHBNKkkuoeHk2KQl31WZtkVvTx6X/BZjnXIAEOatYzThUPRhEfer0+M6eK0Fh+mWMRaK+hF0ThXWcztkbg==&u=U2FsdGVkX1+njM+9XeSZXBvy7yKLvsDGfHSOZve3bayRt0biLK4SaFp3S0LDv5Nd&y=U2FsdGVkX18GfqNrU5/5a6JhQRs4Cv5RU0SbAHQtkWHEFVqtr26l/VmV0aCLmGam HTTP/1.1" 200 26
172.22.2.4 - - [03/Jun/2023:18:29:58 -0500] "HEAD /BLA/boletinlegal/ HTTP/1.1" 200 -
172.22.2.4 - - [03/Jun/2023:18:30:49 -0500] "GET /BLA/boletinlegal/ HTTP/1.1" 200 54808
216.245.221.92 - - [03/Jun/2023:18:33:00 -0500] "HEAD / HTTP/1.1" 200 -
181.61.204.24 - - [03/Jun/2023:18:33:36 -0500] "GET /galeria/galeria/jquery.fancybox.css?v=2.1.5 HTTP/1.1" 200 4895
181.61.204.24 - - [03/Jun/2023:18:33:36 -0500] "GET /BLA/boletinlegal/js/jquery.scrollShow.js HTTP/1.1" 200 4586
181.61.204.24 - - [03/Jun/2023:18:33:36 -0500] "GET /galeria/galeria/jquery.fancybox.js?v=2.1.5 HTTP/1.1" 200 48706
172.22.2.4 - - [03/Jun/2023:18:32:59 -0500] "GET /BLA/boletinlegal/ HTTP/1.1" 200 61759
201.245.192.253 - - [03/Jun/2023:18:35:05 -0500] "POST /kwsrmcab/Wsrmcab  HTTP/1.1" 200 43202
172.22.2.4 - - [03/Jun/2023:18:36:53 -0500] "GET /BLA/boletinlegal/Circulares/2019/.pdf HTTP/1.1" 404 1218
172.22.2.4 - - [03/Jun/2023:18:37:02 -0500] "GET /BLA/boletinlegal/Circulares/2012/Circular%20No.%2010%20del%2026%20de%20Enero%20de%202012.pdf HTTP/1.1" 404 1218
172.22.2.4 - - [03/Jun/2023:18:35:48 -0500] "HEAD /BLA/boletinlegal/ HTTP/1.1" 200 -
216.245.221.92 - - [03/Jun/2023:18:38:00 -0500] "HEAD / HTTP/1.1" 200 -
172.22.2.4 - - [03/Jun/2023:18:36:39 -0500] "GET /BLA/boletinlegal/ HTTP/1.1" 200 57151
201.245.192.253 - - [03/Jun/2023:18:38:30 -0500] "POST /kwsrmcab/Wsrmcab HTTP/1.1" 200 43377
201.245.192.253 - - [03/Jun/2023:18:38:33 -0500] "POST /kwsrmcab/Wsrmcab HTTP/1.1" 200 40435
201.245.192.253 - - [03/Jun/2023:18:40:04 -0500] "POST /kwsrmcab/Wsrmcab  HTTP/1.1" 200 43202
40.77.167.97 - - [03/Jun/2023:18:40:23 -0500] "GET /autoliquidacion2020/Calidad%20del%20aire%20auditiva%20y%20visual-/Registro%20de%20la%20publicidad%20exterior%20visual/PM04-PR16-F1Lista%20de%20Chequeo%20Documentos%20Solicitud%20de%20Registro%20PEV.xls HTTP/1.1" 304 -
52.167.144.158 - - [03/Jun/2023:18:42:23 -0500] "GET /BLA/resoluciones/AUTOS%202022/1951.pdf HTTP/1.1" 304 -
216.245.221.92 - - [03/Jun/2023:18:43:00 -0500] "HEAD / HTTP/1.1" 200 -
172.22.2.4 - - [03/Jun/2023:18:41:38 -0500] "HEAD /BLA/boletinlegal/ HTTP/1.1" 200 -
172.22.2.4 - - [03/Jun/2023:18:42:29 -0500] "GET /BLA/boletinlegal/ HTTP/1.1" 200 57561
201.245.192.253 - - [03/Jun/2023:18:45:02 -0500] "POST /kwsrmcab/Wsrmcab  HTTP/1.1" 200 43202
66.249.69.2 - - [03/Jun/2023:18:45:25 -0500] "-" 408 -
216.245.221.92 - - [03/Jun/2023:18:48:00 -0500] "HEAD / HTTP/1.1" 200 -
172.22.2.4 - - [03/Jun/2023:18:47:28 -0500] "HEAD /BLA/boletinlegal/ HTTP/1.1" 200 -
172.22.2.4 - - [03/Jun/2023:18:49:35 -0500] "GET /BLA/boletinlegal/robots.txt HTTP/1.1" 404 1038
157.55.39.239 - - [03/Jun/2023:18:49:48 -0500] "GET /BLA/resoluciones/AUTOS%202021/3867.pdf HTTP/1.1" 200 361811
172.22.2.4 - - [03/Jun/2023:18:48:19 -0500] "GET /BLA/boletinlegal/ HTTP/1.1" 200 53924
201.245.192.253 - - [03/Jun/2023:18:50:02 -0500] "POST /kwsrmcab/Wsrmcab  HTTP/1.1" 200 43202
172.22.2.4 - - [03/Jun/2023:18:50:45 -0500] "GET /BLA/boletinlegal/actos.php HTTP/1.1" 200 9682
172.22.2.4 - - [03/Jun/2023:18:50:47 -0500] "GET /BLA/boletinlegal/styles2.css HTTP/1.1" 200 1838
172.22.2.4 - - [03/Jun/2023:18:50:47 -0500] "GET /BLA/boletinlegal/niceforms-default.css HTTP/1.1" 200 6694
172.22.2.4 - - [03/Jun/2023:18:50:47 -0500] "GET /BLA/boletinlegal/style.css HTTP/1.1" 200 9406
172.22.2.4 - - [03/Jun/2023:18:50:47 -0500] "GET /BLA/boletinlegal/js/ajax_actos.js HTTP/1.1" 200 1322
172.22.2.4 - - [03/Jun/2023:18:50:47 -0500] "GET /BLA/boletinlegal/niceforms.js HTTP/1.1" 200 22876
172.22.2.4 - - [03/Jun/2023:18:50:47 -0500] "GET /BLA/boletinlegal/js/popup.js HTTP/1.1" 200 1270
172.22.2.4 - - [03/Jun/2023:18:50:47 -0500] "GET /BLA/boletinlegal/js/lib.js HTTP/1.1" 200 6474
172.22.2.4 - - [03/Jun/2023:18:50:48 -0500] "GET /BLA/boletinlegal/js/jquery1.js HTTP/1.1" 200 29846
172.22.2.4 - - [03/Jun/2023:18:50:48 -0500] "GET /BLA/boletinlegal/images/cabezote%20BLEGAL.jpg HTTP/1.1" 200 118164
172.22.2.4 - - [03/Jun/2023:18:50:50 -0500] "GET /BLA/boletinlegal/images/subscribe-icon-big.png HTTP/1.1" 200 47702
172.22.2.4 - - [03/Jun/2023:18:50:50 -0500] "GET /BLA/boletinlegal/images/historia.png HTTP/1.1" 200 52775
172.22.2.4 - - [03/Jun/2023:18:50:50 -0500] "GET /BLA/boletinlegal/images/registro-usuarios.png HTTP/1.1" 200 8106
172.22.2.4 - - [03/Jun/2023:18:50:51 -0500] "GET /BLA/boletinlegal/images/menu_bg.jpg HTTP/1.1" 200 620
172.22.2.4 - - [03/Jun/2023:18:50:51 -0500] "GET /BLA/boletinlegal/images/body_bg.jpg HTTP/1.1" 200 1601
172.22.2.4 - - [03/Jun/2023:18:50:51 -0500] "GET /BLA/boletinlegal/images/menu_lft.gif HTTP/1.1" 200 1713
172.22.2.4 - - [03/Jun/2023:18:50:51 -0500] "GET /BLA/boletinlegal/images/hover.jpg HTTP/1.1" 200 640
172.22.2.4 - - [03/Jun/2023:18:50:51 -0500] "GET /BLA/boletinlegal/images/footer_bg.jpg HTTP/1.1" 200 586
172.22.2.4 - - [03/Jun/2023:18:50:51 -0500] "GET /BLA/boletinlegal/images/menu_rght.gif HTTP/1.1" 200 1627
172.22.2.4 - - [03/Jun/2023:18:50:51 -0500] "GET /BLA/boletinlegal/images/bg_top.jpg HTTP/1.1" 200 522
172.22.2.4 - - [03/Jun/2023:18:50:51 -0500] "GET /BLA/boletinlegal/images/green-yellow-blue-pink-th.png HTTP/1.1" 200 7394
172.22.2.4 - - [03/Jun/2023:18:50:51 -0500] "GET /BLA/boletinlegal/images/text.jpg HTTP/1.1" 200 568
172.22.2.4 - - [03/Jun/2023:18:50:52 -0500] "GET /BLA/boletinlegal/images/tel.png HTTP/1.1" 200 14477
172.22.2.4 - - [03/Jun/2023:18:50:52 -0500] "GET /BLA/boletinlegal/images/icono-email.png HTTP/1.1" 200 5544
172.22.2.4 - - [03/Jun/2023:18:50:52 -0500] "GET /BLA/boletinlegal/images/footer_bg_l.jpg HTTP/1.1" 200 776
172.22.2.4 - - [03/Jun/2023:18:50:52 -0500] "GET /BLA/boletinlegal/img/0.png HTTP/1.1" 200 110
172.22.2.4 - - [03/Jun/2023:18:50:52 -0500] "GET /BLA/boletinlegal/img/select-left.png HTTP/1.1" 200 263
172.22.2.4 - - [03/Jun/2023:18:50:52 -0500] "GET /BLA/boletinlegal/img/select-right.png HTTP/1.1" 200 44019
172.22.2.4 - - [03/Jun/2023:18:50:52 -0500] "GET /BLA/boletinlegal/img/button-left.png HTTP/1.1" 200 57071
172.22.2.4 - - [03/Jun/2023:18:50:52 -0500] "GET /BLA/boletinlegal/img/button.png HTTP/1.1" 200 43241
172.22.2.4 - - [03/Jun/2023:18:50:52 -0500] "GET /BLA/boletinlegal/img/button-right.png HTTP/1.1" 200 57878
172.22.2.4 - - [03/Jun/2023:18:50:52 -0500] "GET /BLA/boletinlegal/favicon.ico HTTP/1.1" 404 1326
172.22.2.4 - - [03/Jun/2023:18:51:15 -0500] "GET /BLA/boletinlegal/consulta_actos.php?tipo=resoluciones&no=7837&usuario=&sector=&fecha=2010&resuelve= HTTP/1.1" 200 1124
172.22.2.4 - - [03/Jun/2023:18:51:15 -0500] "GET /BLA/boletinlegal/consulta_actos.php?tipo=resoluciones&no=7837&usuario=&sector=&fecha=2010&resuelve= HTTP/1.1" 200 1124
172.22.2.4 - - [03/Jun/2023:18:51:16 -0500] "GET /BLA/boletinlegal/images/pdf.gif HTTP/1.1" 200 567
186.80.52.35 - - [03/Jun/2023:18:51:16 -0500] "GET /BLA/resoluciones/ HTTP/1.1" 200 13502
172.22.2.4 - - [03/Jun/2023:18:49:36 -0500] "GET /BLA/boletinlegal/index.php HTTP/1.1" 200 59656
186.80.52.35 - - [03/Jun/2023:18:51:17 -0500] "GET /BLA/resoluciones/dlf/styles.css HTTP/1.1" 200 3049
186.80.52.35 - - [03/Jun/2023:18:51:17 -0500] "GET /BLA/resoluciones/dlf/folder.png HTTP/1.1" 200 410
186.80.52.35 - - [03/Jun/2023:18:51:17 -0500] "GET /BLA/resoluciones/dlf/bg.gif HTTP/1.1" 200 54
186.80.52.35 - - [03/Jun/2023:18:51:17 -0500] "GET /favicon.ico HTTP/1.1" 200 7782
157.55.39.239 - - [03/Jun/2023:18:51:18 -0500] "GET /Autoliquidacion/index.php HTTP/1.1" 200 7098
186.80.52.35 - - [03/Jun/2023:18:51:20 -0500] "GET /BLA/resoluciones/dlf/dirup.png HTTP/1.1" 200 644
186.80.52.35 - - [03/Jun/2023:18:51:20 -0500] "GET /BLA/resoluciones/dlf/pdf.gif HTTP/1.1" 200 272
186.80.52.35 - - [03/Jun/2023:18:51:20 -0500] "GET /BLA/resoluciones/index.php?dir=RESOLUCIONES+2010%2F HTTP/1.1" 200 1307967
40.77.167.97 - - [03/Jun/2023:18:51:42 -0500] "GET /Autoliquidacion/dlf/styles.css HTTP/1.1" 200 3045
186.80.52.35 - - [03/Jun/2023:18:52:00 -0500] "GET /BLA/resoluciones/RESOLUCIONES%202010/7837.pdf HTTP/1.1" 200 455404
186.80.52.35 - - [03/Jun/2023:18:52:00 -0500] "GET /BLA/resoluciones/RESOLUCIONES%202010/7837.pdf HTTP/1.1" 206 1025
186.80.52.35 - - [03/Jun/2023:18:52:00 -0500] "GET /BLA/resoluciones/RESOLUCIONES%202010/7837.pdf HTTP/1.1" 200 455404
