52.167.144.46 - - [03/Jun/2023:18:52:22 -0500] "GET /images/dia-mundial-agua-secretaria-22-marzo.jpg HTTP/1.1" 200 36625
216.245.221.92 - - [03/Jun/2023:18:53:00 -0500] "HEAD / HTTP/1.1" 200 -
40.77.167.97 - - [03/Jun/2023:18:54:02 -0500] "GET /galeria/galeria/jquery.fancybox.js?v=2.1.5 HTTP/1.1" 200 48706
172.22.2.4 - - [03/Jun/2023:18:53:18 -0500] "HEAD /BLA/boletinlegal/ HTTP/1.1" 200 -
201.245.192.253 - - [03/Jun/2023:18:55:01 -0500] "POST /kwsrmcab/Wsrmcab  HTTP/1.1" 200 43202
172.22.2.4 - - [03/Jun/2023:18:54:09 -0500] "GET /BLA/boletinlegal/ HTTP/1.1" 200 57151
87.236.176.65 - - [03/Jun/2023:18:55:53 -0500] "GET / HTTP/1.1" 200 319
40.77.167.97 - - [03/Jun/2023:18:56:43 -0500] "GET /galeria/galeria/fotos/Capellania4P.jpg HTTP/1.1" 200 37377
199.16.157.180 - - [03/Jun/2023:18:57:17 -0500] "-" 408 -
216.245.221.92 - - [03/Jun/2023:18:58:00 -0500] "HEAD / HTTP/1.1" 200 -
201.245.192.253 - - [03/Jun/2023:19:00:00 -0500] "POST /kwsrmcab/Wsrmcab  HTTP/1.1" 200 43202
172.22.2.4 - - [03/Jun/2023:18:59:08 -0500] "HEAD /BLA/boletinlegal/ HTTP/1.1" 200 -
172.22.2.4 - - [03/Jun/2023:19:00:53 -0500] "POST /BLA/boletinlegal/mifs/.;/services/LogService HTTP/1.1" 404 1158
205.210.31.186 - - [03/Jun/2023:19:01:13 -0500] "\x16\x03\x01" 400 226
172.22.2.4 - - [03/Jun/2023:18:59:59 -0500] "GET /BLA/boletinlegal/ HTTP/1.1" 200 52730
216.245.221.92 - - [03/Jun/2023:19:03:00 -0500] "HEAD / HTTP/1.1" 200 -
201.245.192.253 - - [03/Jun/2023:19:04:59 -0500] "POST /kwsrmcab/Wsrmcab  HTTP/1.1" 200 43202
172.22.2.4 - - [03/Jun/2023:19:04:58 -0500] "HEAD /BLA/boletinlegal/ HTTP/1.1" 200 -
172.22.2.4 - - [03/Jun/2023:19:05:49 -0500] "GET /BLA/boletinlegal/ HTTP/1.1" 200 55934
216.245.221.92 - - [03/Jun/2023:19:08:00 -0500] "HEAD / HTTP/1.1" 200 -
79.110.73.184 - - [03/Jun/2023:19:09:40 -0500] "GET /BLA/resoluciones/RESOLUCIONES%202014/1016.pdf HTTP/1.1" 200 431810
201.245.192.253 - - [03/Jun/2023:19:09:57 -0500] "POST /kwsrmcab/Wsrmcab  HTTP/1.1" 200 43202
201.244.212.160 - - [03/Jun/2023:19:10:37 -0500] "GET /galeria/galeria/jquery.fancybox.js?v=2.1.5 HTTP/1.1" 200 48706
201.244.212.160 - - [03/Jun/2023:19:10:37 -0500] "GET /BLA/boletinlegal/js/jquery.scrollShow.js HTTP/1.1" 200 4586
201.244.212.160 - - [03/Jun/2023:19:10:37 -0500] "GET /galeria/galeria/jquery.fancybox.css?v=2.1.5 HTTP/1.1" 200 4895
172.22.2.4 - - [03/Jun/2023:19:10:48 -0500] "HEAD /BLA/boletinlegal/ HTTP/1.1" 200 -
40.77.167.97 - - [03/Jun/2023:19:12:34 -0500] "GET /BLA/resoluciones/RESOLUCIONES%202012/1753.pdf HTTP/1.1" 200 451690
186.31.208.51 - - [03/Jun/2023:19:12:40 -0500] "GET /en-junio-conectate-con-la-naturaleza-y-el-medioambiente-a-traves-de-estas-caminatas-ecologicas.html HTTP/1.1" 200 900
216.245.221.92 - - [03/Jun/2023:19:13:00 -0500] "HEAD / HTTP/1.1" 200 -
172.22.2.4 - - [03/Jun/2023:19:11:39 -0500] "GET /BLA/boletinlegal/ HTTP/1.1" 200 56754
172.22.2.4 - - [03/Jun/2023:19:13:41 -0500] "GET /BLA/boletinlegal/robots.txt HTTP/1.1" 404 1037
172.22.2.4 - - [03/Jun/2023:19:13:41 -0500] "GET /BLA/boletinlegal/Circulares/2020/Circular%2000010%20del%2027%20de%20julio%20de%202020.pdf HTTP/1.1" 304 -
74.125.210.188 - - [03/Jun/2023:19:14:26 -0500] "GET /images/jardines-verticales_optimized.jpeg HTTP/1.1" 200 138197
201.245.192.253 - - [03/Jun/2023:19:14:57 -0500] "POST /kwsrmcab/Wsrmcab  HTTP/1.1" 200 43202
172.22.2.4 - - [03/Jun/2023:19:16:17 -0500] "GET /BLA/boletinlegal/actos.php HTTP/1.1" 200 9682
40.77.167.97 - - [03/Jun/2023:19:17:04 -0500] "GET /BLA/resoluciones/RESOLUCIONES%202005/00001067.tif HTTP/1.1" 200 212792
179.51.107.149 - - [03/Jun/2023:19:17:45 -0500] "GET /en-junio-conectate-con-la-naturaleza-y-el-medioambiente-a-traves-de-estas-caminatas-ecologicas.html HTTP/1.1" 200 900
216.245.221.92 - - [03/Jun/2023:19:18:00 -0500] "HEAD / HTTP/1.1" 200 -
172.22.2.4 - - [03/Jun/2023:19:16:38 -0500] "HEAD /BLA/boletinlegal/ HTTP/1.1" 200 -
201.245.192.253 - - [03/Jun/2023:19:18:30 -0500] "POST /kwsrmcab/Wsrmcab HTTP/1.1" 200 43508
201.245.192.253 - - [03/Jun/2023:19:18:33 -0500] "POST /kwsrmcab/Wsrmcab HTTP/1.1" 200 40425
172.22.2.4 - - [03/Jun/2023:19:17:29 -0500] "GET /BLA/boletinlegal/ HTTP/1.1" 200 52730
201.245.192.253 - - [03/Jun/2023:19:19:56 -0500] "POST /kwsrmcab/Wsrmcab  HTTP/1.1" 200 43202
172.22.2.4 - - [03/Jun/2023:19:21:42 -0500] "GET /BLA/boletinlegal/Circulares/2023/CIRCULAR%20No.%2000003%20DEL%2021%20DE%20FEBRERO%20DEL%202023.pdf HTTP/1.1" 304 -
181.61.205.23 - - [03/Jun/2023:19:22:38 -0500] "GET /appsia/controlador HTTP/1.1" 200 4799
181.61.205.23 - - [03/Jun/2023:19:22:39 -0500] "GET /appsia/css/estilos.css HTTP/1.1" 200 4804
181.61.205.23 - - [03/Jun/2023:19:22:39 -0500] "GET /appsia/scripts/validarIngreso.js HTTP/1.1" 200 851
181.61.205.23 - - [03/Jun/2023:19:22:39 -0500] "GET /appsia/images/logo_bogota_p.png HTTP/1.1" 200 14951
181.61.205.23 - - [03/Jun/2023:19:22:39 -0500] "GET /appsia/images/cabezoteHojaVida.png HTTP/1.1" 200 32493
181.61.205.23 - - [03/Jun/2023:19:22:39 -0500] "GET /favicon.ico HTTP/1.1" 200 7782
216.245.221.92 - - [03/Jun/2023:19:23:00 -0500] "HEAD / HTTP/1.1" 200 -
186.155.75.103 - - [03/Jun/2023:19:23:01 -0500] "GET /galeria/galeria/jquery.fancybox.css?v=2.1.5 HTTP/1.1" 200 4895
186.155.75.103 - - [03/Jun/2023:19:23:01 -0500] "GET /BLA/boletinlegal/js/jquery.scrollShow.js HTTP/1.1" 200 4586
186.155.75.103 - - [03/Jun/2023:19:23:01 -0500] "GET /galeria/galeria/jquery.fancybox.js?v=2.1.5 HTTP/1.1" 200 48706
181.61.205.23 - - [03/Jun/2023:19:23:03 -0500] "POST /appsia/controlador HTTP/1.1" 200 5437
191.102.224.201 - - [03/Jun/2023:19:23:07 -0500] "GET /appsia/controlador HTTP/1.1" 200 4799
191.102.224.201 - - [03/Jun/2023:19:23:07 -0500] "GET /appsia/css/estilos.css HTTP/1.1" 200 4804
191.102.224.201 - - [03/Jun/2023:19:23:07 -0500] "GET /appsia/scripts/validarIngreso.js HTTP/1.1" 200 851
191.102.224.201 - - [03/Jun/2023:19:23:07 -0500] "GET /appsia/images/logo_bogota_p.png HTTP/1.1" 200 14951
191.102.224.201 - - [03/Jun/2023:19:23:07 -0500] "GET /appsia/images/cabezoteHojaVida.png HTTP/1.1" 200 32493
181.61.205.23 - - [03/Jun/2023:19:23:10 -0500] "POST /appsia/controlador HTTP/1.1" 200 7775
181.61.205.23 - - [03/Jun/2023:19:23:12 -0500] "POST /appsia/controlador HTTP/1.1" 200 5234
181.61.205.23 - - [03/Jun/2023:19:23:14 -0500] "GET /appsia/controlador?comando=ingresarMenuPrincipal&id=79384995&funcionario=CARLOS.NEIRA+NEIRA+TUZO&desde=79384995&hasta=79384995&version=79384995&accion=Regresar HTTP/1.1" 200 5437
181.61.205.23 - - [03/Jun/2023:19:23:15 -0500] "POST /appsia/controlador HTTP/1.1" 200 53930
181.61.205.23 - - [03/Jun/2023:19:23:16 -0500] "GET /appsia/images/logo_escudo.png HTTP/1.1" 200 36965
157.55.39.239 - - [03/Jun/2023:19:23:21 -0500] "GET /BLA/resoluciones/AUTOS%202022/3251.pdf HTTP/1.1" 200 423139
181.61.205.23 - - [03/Jun/2023:19:23:24 -0500] "POST /appsia/controlador HTTP/1.1" 200 7775
181.61.205.23 - - [03/Jun/2023:19:23:30 -0500] "POST /appsia/controlador HTTP/1.1" 200 6640
181.61.205.23 - - [03/Jun/2023:19:23:31 -0500] "POST /appsia/controlador HTTP/1.1" 200 10975
181.61.205.23 - - [03/Jun/2023:19:23:34 -0500] "POST /appsia/controlador HTTP/1.1" 200 75908
181.61.205.23 - - [03/Jun/2023:19:23:41 -0500] "POST /appsia/controlador HTTP/1.1" 200 7775
181.61.205.23 - - [03/Jun/2023:19:23:47 -0500] "POST /appsia/controlador HTTP/1.1" 200 6640
181.61.205.23 - - [03/Jun/2023:19:23:49 -0500] "POST /appsia/controlador HTTP/1.1" 200 10975
181.61.205.23 - - [03/Jun/2023:19:23:57 -0500] "POST /appsia/controlador HTTP/1.1" 200 75908
172.22.2.4 - - [03/Jun/2023:19:22:28 -0500] "HEAD /BLA/boletinlegal/ HTTP/1.1" 200 -
186.155.75.103 - - [03/Jun/2023:19:24:09 -0500] "GET /galeria/carrusel/Carrusel/jquery.thumbnailScroller.css HTTP/1.1" 200 2066
186.155.75.103 - - [03/Jun/2023:19:24:09 -0500] "GET /galeria/carrusel/Carrusel/jquery-ui-1.8.13.custom.min.js HTTP/1.1" 200 10800
186.155.75.103 - - [03/Jun/2023:19:24:09 -0500] "GET /galeria/carrusel/Carrusel/jquery.thumbnailScroller.js HTTP/1.1" 200 8157
186.155.75.103 - - [03/Jun/2023:19:24:09 -0500] "GET /galeria/nivo-slider/demo/banner.html HTTP/1.1" 200 5446
186.155.75.103 - - [03/Jun/2023:19:24:10 -0500] "GET /galeria/nivo-slider/themes/default/default.css HTTP/1.1" 200 1569
186.155.75.103 - - [03/Jun/2023:19:24:10 -0500] "GET /galeria/nivo-slider/themes/pascal/pascal.css HTTP/1.1" 200 2258
186.155.75.103 - - [03/Jun/2023:19:24:10 -0500] "GET /galeria/nivo-slider/themes/orman/orman.css HTTP/1.1" 200 2152
186.155.75.103 - - [03/Jun/2023:19:24:10 -0500] "GET /galeria/nivo-slider/nivo-slider.css HTTP/1.1" 200 1507
186.155.75.103 - - [03/Jun/2023:19:24:10 -0500] "GET /galeria/nivo-slider/demo/style.css HTTP/1.1" 200 2222
186.155.75.103 - - [03/Jun/2023:19:24:10 -0500] "GET /galeria/nivo-slider/demo/scripts/jquery-1.7.1.min.js HTTP/1.1" 200 93868
186.155.75.103 - - [03/Jun/2023:19:24:10 -0500] "GET /galeria/nivo-slider/jquery.nivo.slider.pack.js HTTP/1.1" 200 11561
186.155.75.103 - - [03/Jun/2023:19:24:10 -0500] "GET /galeria/nivo-slider/demo/images/bannertortuga_optimized.jpg HTTP/1.1" 200 39066
186.155.75.103 - - [03/Jun/2023:19:24:10 -0500] "GET /galeria/nivo-slider/demo/images/Bannermujeresquereverdecen.jpg HTTP/1.1" 200 46558
186.155.75.103 - - [03/Jun/2023:19:24:10 -0500] "GET /galeria/nivo-slider/demo/images/bannertrafico_optimized.jpg HTTP/1.1" 200 42578
186.155.75.103 - - [03/Jun/2023:19:24:10 -0500] "GET /galeria/nivo-slider/demo/images/Bannersedeelectronica.jpg HTTP/1.1" 200 40383
186.155.75.103 - - [03/Jun/2023:19:24:10 -0500] "GET /galeria/nivo-slider/demo/images/4Simple_Slider.png HTTP/1.1" 200 11722
186.155.75.103 - - [03/Jun/2023:19:24:10 -0500] "GET /galeria/nivo-slider/demo/images/bannerrutaesperanza.jpg HTTP/1.1" 200 55560
186.155.75.103 - - [03/Jun/2023:19:24:10 -0500] "GET /galeria/nivo-slider/demo/images/banneraire2021.jpg HTTP/1.1" 200 265101
186.155.75.103 - - [03/Jun/2023:19:24:10 -0500] "GET /galeria/nivo-slider/demo/images/Bannerplasticosseptiembre.jpg HTTP/1.1" 200 45633
186.155.75.103 - - [03/Jun/2023:19:24:10 -0500] "GET /galeria/nivo-slider/demo/images/bannerresiduoshospitalariosagosto.jpg HTTP/1.1" 200 36499
186.155.75.103 - - [03/Jun/2023:19:24:10 -0500] "GET /galeria/nivo-slider/demo/images/banneraccionpopularcrr68.jpg HTTP/1.1" 200 51887
186.155.75.103 - - [03/Jun/2023:19:24:10 -0500] "GET /galeria/nivo-slider/demo/images/banneraccionpopular.jpeg HTTP/1.1" 200 41707
186.155.75.103 - - [03/Jun/2023:19:24:10 -0500] "GET /galeria/nivo-slider/themes/default/loading.gif HTTP/1.1" 200 1737
186.155.75.103 - - [03/Jun/2023:19:24:10 -0500] "GET /galeria/nivo-slider/demo/images/bannerclases2021.jpg HTTP/1.1" 200 68230
186.155.75.103 - - [03/Jun/2023:19:24:10 -0500] "GET /galeria/nivo-slider/demo/images/bannercapacitacionesbogota.jpg HTTP/1.1" 200 42416
186.155.75.103 - - [03/Jun/2023:19:24:10 -0500] "GET /galeria/nivo-slider/demo/images/Bannerenvases.jpg HTTP/1.1" 200 37316
186.155.75.103 - - [03/Jun/2023:19:24:10 -0500] "GET /galeria/nivo-slider/demo/images/Bannervirtualescanales.jpg HTTP/1.1" 200 174544
186.155.75.103 - - [03/Jun/2023:19:24:12 -0500] "GET /galeria/nivo-slider/themes/default/arrows.png HTTP/1.1" 200 824
186.155.75.103 - - [03/Jun/2023:19:24:12 -0500] "GET /galeria/nivo-slider/themes/default/bullets.png HTTP/1.1" 200 1281
201.245.192.253 - - [03/Jun/2023:19:24:55 -0500] "POST /kwsrmcab/Wsrmcab  HTTP/1.1" 200 43202
172.22.2.4 - - [03/Jun/2023:19:23:19 -0500] "GET /BLA/boletinlegal/ HTTP/1.1" 200 59306
181.61.205.23 - - [03/Jun/2023:19:25:50 -0500] "POST /appsia/controlador HTTP/1.1" 200 7775
181.61.205.23 - - [03/Jun/2023:19:25:56 -0500] "POST /appsia/controlador HTTP/1.1" 200 6640
181.61.205.23 - - [03/Jun/2023:19:26:00 -0500] "POST /appsia/controlador HTTP/1.1" 200 10983
181.61.205.23 - - [03/Jun/2023:19:26:01 -0500] "POST /appsia/controlador HTTP/1.1" 200 75903
186.102.47.173 - - [03/Jun/2023:19:26:03 -0500] "GET /kwssiamovil/sm/ldap/au?x=U2FsdGVkX1/nwjNKBndSxg6PCc/S7nPzW/gqRMOKoB3rCJa2wo0mSrN5X4PP/og+&y=U2FsdGVkX19AGoG+xVmQWVt2cQTASenRrcS3DIRECdsb92BOOL5Dk8fAQVx1o7zb HTTP/1.1" 200 30
186.102.47.173 - - [03/Jun/2023:19:26:03 -0500] "GET /kwssiamovil/sm/acme/s?s=U2FsdGVkX1/WIqPc+0BMkerTSkWhvSyXKVK5+v1rI34Qh4/Qe8F5AwoskKlUq1IifXeg+1mnCm0yKJUhiQY5DSPISdeavWMylL8sVq3nsAU=&u=U2FsdGVkX19EyYgIUqTNE/RIAwqzZ1Jp+SxiCkcQafktdE+7GX6RcLpTHKLuoOIR&y=U2FsdGVkX19AGoG+xVmQWVt2cQTASenRrcS3DIRECdsb92BOOL5Dk8fAQVx1o7zb HTTP/1.1" 200 97
186.102.47.173 - - [03/Jun/2023:19:26:03 -0500] "GET /kwssiamovil/sm/acme/s?s=U2FsdGVkX18x9EDTUqsKouajpu1Ond/17EZmNlvXL900cUmoU/EvqRTdfFQoBgpKt78R4IaJVRpBBZP1SAHqw6YiW4jF16hH7Mj4eYLWc2YItTYaCPdaYoiWmn6nKCZbYn5Zt8vU9JU1fNkd9A5DO2a5XM42q+Q8AVzDRcthugwI7wzlrZYTZFSoQNpWARSoAyFH5u+gOjNsIhZY30eKN7tjK0odLqCszFeBtNMY7po/DW7NIqmxRxmgpG+v9PzoLugwpaYAdYm+PLVxDYDNDq7RipzxZ8neGALswcGsKrmtRckSFfet8fddMe8EqxE/zivHu/isfENAtGBStkfj/7A/9QXJD0l3O69pgbN5PhSYR3dj+YHn5yKi3C0Ay7VP+PQ/EEYCKITAy+HJfhrDZbGPd81eGhUnvMTp6r/Zd1BcKpoWYZuyD0se3EnjoX0GE/63Nf2zRtI5EkG3O9JJJt4uzd6YbMS/eoWZmqyEhHKASt2mLbtMviCQrzJ800IHWtMosYWg5aGg0SsHN5e66N4UuLPcn7uog22KRFCBxG4+mddzObwWRydUKtm07RDhmppWgjrfswjoN+VhBdYhJZgWksyIdgF+JH77PjAmfLU9aj5Oq+tNmpKtKEYu/yRJeQbRtzS+LqoQJfTZCOCAgea4wCf4JsHVDSFWa3nxUfIKpOVmINw9QJ4XMSsny5UTOPpChbg1rBloWwjXEF2NaNQzA1AGh1tWunGlpiSngQQ9+gFlM263RGyxeQhaZ/Ywl4f6SCKNiO+xQWSmull0eG54t8YGes6H0A1HKk4mcnMhwPdmVc8i/j2OxtIqNuGeivcxWszaFLV0FI3TmlO1pEVtJg4SGkrz8K9VC/zcTcyNjeEJ4wuHidGGIx9+wLwu9jYBP3c5FLw2+lyID4kK9zTDqU3lF9B32sJWiAufn19awnT/N3iav3PcOQP2VCkkH+qKNI7LnPdJgbsdg7/I+QhW1fDng9iUXQ/7K5LDu9lAoQakzdzY8vXEQNZOmAFhm3Z/w+xHrhII6wSqlu2K3FuLfqDUPjT092wGUldxUTfNIhqoOsiery2zrPZ/ddKO5e0VuBLRkK/l+VPo7+Q9MK9k6BNOOjKBCnFfZuN8OzFOD0REIBk6HglaNU2e1H3HukNf2mDKzT7n2swiTAuwbGtfQBL3UtKN1kQTBUDsvKg8tJeAmrEy78XP6oegXtBqHhSc6WQwQdVoSz9YpmQh0JAITUnjiCB7IAy8gzRpjjTmk63kyNwM2/3tqU4zSkPODzIeEpfMfGRCVUkQpcTujcGxeNVtaFI6yVKPt5PGc1Ioje7dkaPLouNaYx8Zisaywi9Yy8JbmvKH784PbyASUVMIgvaJ9N3KLm2SWEdonu8bxSZCrJ/hPd7OS24g02wlbgMBmAve7n+bUGh47RNpTFAHWAC1NgF6jgZCPZM6KHg=&u=U2FsdGVkX19EyYgIUqTNE/RIAwqzZ1Jp+SxiCkcQafktdE+7GX6RcLpTHKLuoOIR&y=U2FsdGVkX19AGoG+xVmQWVt2cQTASenRrcS3DIRECdsb92BOOL5Dk8fAQVx1o7zb HTTP/1.1" 200 2276
186.102.47.173 - - [03/Jun/2023:19:26:04 -0500] "GET /kwssiamovil/sm/acme/s?s=U2FsdGVkX18TtlEgc19waPmaGmQPWljgDDsISRm45GSUIRk8GcbtBdpZZfYpT5mk6IZN4tlfwNm3mhmY4iMs1BbUglOiFJJB7KIDwY75i1fsiO+/I/sMatJCAC802yYtO1/+67Pt8FC+thO6fZjPiwNUvs5zFDwNeIC9YEoa+EGObTfRrIIlRd5YkuzVhnyvihejQCOSZsEFo7dECvNe9SgHvarcRGvAl4n4b8mh/e24ft+vA++DkPmWZygbfSCfQ4pm76VTuZ8GYl+xkYinBlGfnb1F802AlrBinVsXZysspD3s+IQ6jGVVLNEEcVifBqUwLuN+CZPyJMaC72BWvcJwCjdngTa3nDK66Wc1Lzk=&u=U2FsdGVkX19EyYgIUqTNE/RIAwqzZ1Jp+SxiCkcQafktdE+7GX6RcLpTHKLuoOIR&y=U2FsdGVkX19AGoG+xVmQWVt2cQTASenRrcS3DIRECdsb92BOOL5Dk8fAQVx1o7zb HTTP/1.1" 200 196
181.61.205.23 - - [03/Jun/2023:19:26:04 -0500] "POST /appsia/controlador HTTP/1.1" 200 7775
186.102.47.173 - - [03/Jun/2023:19:26:04 -0500] "GET /kwssiamovil/sm/cjson/pre?f=1&x=U2FsdGVkX1/nwjNKBndSxg6PCc/S7nPzW/gqRMOKoB3rCJa2wo0mSrN5X4PP/og+ HTTP/1.1" 200 31032
181.61.205.23 - - [03/Jun/2023:19:26:10 -0500] "POST /appsia/controlador HTTP/1.1" 200 6640
181.61.205.23 - - [03/Jun/2023:19:26:12 -0500] "POST /appsia/controlador HTTP/1.1" 200 10985
181.61.205.23 - - [03/Jun/2023:19:26:15 -0500] "POST /appsia/controlador HTTP/1.1" 200 75911
181.61.205.23 - - [03/Jun/2023:19:27:37 -0500] "POST /appsia/controlador HTTP/1.1" 200 7775
181.61.205.23 - - [03/Jun/2023:19:27:49 -0500] "POST /appsia/controlador HTTP/1.1" 200 6640
181.61.205.23 - - [03/Jun/2023:19:27:50 -0500] "POST /appsia/controlador HTTP/1.1" 200 12125
181.61.205.23 - - [03/Jun/2023:19:27:52 -0500] "POST /appsia/controlador HTTP/1.1" 200 76020
181.61.205.23 - - [03/Jun/2023:19:27:58 -0500] "POST /appsia/controlador HTTP/1.1" 200 7775
216.245.221.92 - - [03/Jun/2023:19:28:00 -0500] "HEAD / HTTP/1.1" 200 -
181.61.205.23 - - [03/Jun/2023:19:28:07 -0500] "POST /appsia/controlador HTTP/1.1" 200 6640
181.61.205.23 - - [03/Jun/2023:19:28:08 -0500] "POST /appsia/controlador HTTP/1.1" 200 12870
52.167.144.46 - - [03/Jun/2023:19:28:16 -0500] "GET /portaldeninos/2021/06/29/jasbleady-castaneda-una-mujer-que-le-pone-el-alma-a-la-proteccion-de-las-tinguas-azules/ HTTP/1.1" 200 108388
186.84.88.0 - - [03/Jun/2023:19:28:29 -0500] "GET /galeria/galeria/jquery.fancybox.css?v=2.1.5 HTTP/1.1" 200 4895
186.84.88.0 - - [03/Jun/2023:19:28:29 -0500] "GET /galeria/galeria/jquery.fancybox.js?v=2.1.5 HTTP/1.1" 200 48706
186.84.88.0 - - [03/Jun/2023:19:28:29 -0500] "GET /BLA/boletinlegal/js/jquery.scrollShow.js HTTP/1.1" 200 4586
201.245.192.253 - - [03/Jun/2023:19:28:30 -0500] "POST /kwsrmcab/Wsrmcab HTTP/1.1" 200 43508
181.61.205.23 - - [03/Jun/2023:19:28:34 -0500] "POST /appsia/controlador HTTP/1.1" 200 7775
201.245.192.253 - - [03/Jun/2023:19:28:33 -0500] "POST /kwsrmcab/Wsrmcab HTTP/1.1" 200 40425
181.61.205.23 - - [03/Jun/2023:19:28:40 -0500] "POST /appsia/controlador HTTP/1.1" 200 6640
181.61.205.23 - - [03/Jun/2023:19:28:42 -0500] "POST /appsia/controlador HTTP/1.1" 200 10974
181.61.205.23 - - [03/Jun/2023:19:28:43 -0500] "POST /appsia/controlador HTTP/1.1" 200 75907
206.204.25.164 - - [03/Jun/2023:19:28:46 -0500] "GET /usaquen-comprometida-con-la-accion-climatica-en-bogota.html HTTP/1.1" 200 771
172.22.2.4 - - [03/Jun/2023:19:29:12 -0500] "GET /BLA/boletinlegal/ab2g HTTP/1.1" 404 1018
172.22.2.4 - - [03/Jun/2023:19:29:13 -0500] "GET /BLA/boletinlegal/ab2h HTTP/1.1" 404 1018
172.22.2.4 - - [03/Jun/2023:19:29:25 -0500] "GET /BLA/boletinlegal/t4 HTTP/1.1" 404 1018
172.22.2.4 - - [03/Jun/2023:19:29:26 -0500] "GET /BLA/boletinlegal/favicon.ico HTTP/1.1" 404 1018
201.245.192.253 - - [03/Jun/2023:19:29:54 -0500] "POST /kwsrmcab/Wsrmcab  HTTP/1.1" 200 43202
172.22.2.4 - - [03/Jun/2023:19:28:18 -0500] "HEAD /BLA/boletinlegal/ HTTP/1.1" 200 -
172.22.2.4 - - [03/Jun/2023:19:29:15 -0500] "GET /BLA/boletinlegal/ HTTP/1.1" 200 24523
172.22.2.4 - - [03/Jun/2023:19:29:09 -0500] "GET /BLA/boletinlegal/ HTTP/1.1" 200 52730
40.77.167.245 - - [03/Jun/2023:19:31:19 -0500] "GET /secretaria-de-ambiente-en-sumapaz-trabajo-de-la-mano-con-los-campesinos-aliados-de-la-conservacion.html HTTP/1.1" 200 853
18.143.123.40 - - [03/Jun/2023:19:32:23 -0500] "-" 408 -
173.252.79.20 - - [03/Jun/2023:19:32:30 -0500] "GET /images/reciclaton-mayo-3-mayo.jpg HTTP/1.1" 200 278453
201.244.244.228 - - [03/Jun/2023:19:32:48 -0500] "GET /BLA/resoluciones/index.php?dir= HTTP/1.1" 200 13502
201.244.244.228 - - [03/Jun/2023:19:32:50 -0500] "GET /BLA/resoluciones/index.php?dir=AUTOS+2021%2F HTTP/1.1" 200 397891
216.245.221.92 - - [03/Jun/2023:19:33:00 -0500] "HEAD / HTTP/1.1" 200 -
149.167.151.7 - - [03/Jun/2023:19:33:27 -0500] "-" 408 -
186.102.47.173 - - [03/Jun/2023:19:34:32 -0500] "GET /kwssiamovil/sm/acme/a?s=U2FsdGVkX1/lYY8VCAZW0n9Ryv9ja6PqPctLPHxTDuBolvjyBrF7+vUSZld3tZ2wHLFjFeT2ZPqt95UsCpRP62wuEzWVyRP4+eElxaFJyuIjMmBl/5m807dX8L4T5j2mMfTq6bAu759vFtGCjyGCbIKwXlfniNqqG5ghaNQkN71N1a8YJ9LLBxNPUFl4V05T1r9QcP1ggaBXWzjcQlvAPtshJlgRTRsQmGBhh0TS9rcCi4afGVKq3fL3Yhr+j7TJQtcTvKJOZ7wbyVgxRPfscKHfBPqbVi6fZ2ePG7Bw1EQ=&u=U2FsdGVkX19EyYgIUqTNE/RIAwqzZ1Jp+SxiCkcQafktdE+7GX6RcLpTHKLuoOIR&y=U2FsdGVkX19AGoG+xVmQWVt2cQTASenRrcS3DIRECdsb92BOOL5Dk8fAQVx1o7zb HTTP/1.1" 200 26
186.102.47.173 - - [03/Jun/2023:19:34:33 -0500] "GET /kwssiamovil/sm/acme/a?s=U2FsdGVkX181rCcyciJXNokBwnQWB0YjdVz/KxJ/KhfaTCQOnc8qlfKjXQ3wRoNbgBN6zSgzKvPAKGCLpLTacXVPCoOqmu6KeJIG0CYgH9xlpbVWkbf9p7Nge0ReetMyLj8TwfGytFbTQVPzzupudiKKHQsl4kj+vH2Eb2P4XdhtITcoCPrLAaF8LJPecnaLCO3ZdBiYrwfHV7ndr5XsQJ4UcBlywdiE6lNn23YczIpfZtuBRNDxYPFfVz5tHSZ1m0khdxnAgknfHZCmEmT6NcZ0VDzIrXjI+Ou5W3nJm8rsHb5Dof/tVCk4ScQRw3TP1JkuhK9EensF9XqrB6biZG8Q8SXCtHjIRGLq3xa92zQ4Mac21JR2NHujzAlxX2IDXUNJ3r/7IsDRrp6R1hMTXu64QCBvHnmY71TuRdWpU/qPZ6djQ+o3amQ/Xa9MgvHsWzItOrhdIJdf0BZs8j4vHqA0+Cn32OPdf6v7imxVIweRPPEGO9WSy0dh5kGuHEZKrOtE7U6NMgZ1JaEbpM2JOYsP64TFRm52HkLURaQCNjDztOv+5aiEu252vdPYVtOySGuP4XQnGCrXm+bUbq9N0ORI3WSHuUoOvnXWOBrDzn74XmW9xVR7yR1yLzXFATAw01k1KzoEXtUSJt17jY7PA7e0KB/+jDfJE4PE5UJzzcx6p+yioypvoY0csQss9kzdvt39PgmkqmWbBNijpIyFc3R/bNZay/JedOlV6nI9m7qeO3r77aJIFaAwArhyAEHFhIfxCNNFZ5fUFnOe9xgL+SXfDWEHjPdLnqrnJfGSe9Yn00ggCLjBelmXo1a/vcgI3+qy4/RWJf6yGL3RfEC8irLaZqODJDrAyBswvc83r4Rc3FfZE5Hg4ksl7CPaNdIHBe0t0FMHRkt1mTbw1m4gMcpiyNJwSpCuTAlMrXGAbU3iQdZwdKVDaV0opg4oNRHTGB6mIQjECGkHHCu5QvU4pGvd/Mlrf2VWHXA+oB4Fog4oIj1tE8/qCuq9LlpbHHh597JwNNkJFB+62AhZnWkIB5nyvhGVIYVF5/hHI4x+cXZ6r/IJOvMYHD81N3+mmVYLjbXFm/ed5EM+qWsbdM37kY4dWGrdC1pMKuQG1GCirghwFnad3g5kmI0Pt76Hnrh20KMlxqweegKQLT3q0nOXA51HSttWO40Gq5S2IOH8liVbtEwM5IX25RdoWO238q5uYE1U3OMciIstdXXNSCObHucn/XAVJ/DFaMeYQczyR8DgbXrYlI6k+hYV16WOe9sl96GbEVKmG7yqDMuE+SwHCNXQVqGA1eUBnKvFIGihMtSJr6x40Mzu3ud/tz/K2jDHTz2NGSN5ijou5KeiMQGewAhjfOMGPPPAWc70Lf7j+NqRyVX1vC884CbU5H/tFKv4wCGwJnalyPMkVmurU+xvmpOkUeM+yHWCbC5vdZLfk25UCzG6IR/p2/vsLPZrp1NeLaypMEb9c1VG09LDBfyepJzpiPeGbMqxc3+c+xNWdwUi7ZQ7zPitS+oE42ZB9WOB6poXQJvlbXZ+sctazWNN+SMB2q0/9zx0lQHvow9EfyQmmg/4O4nBFRgUaU4aFx3ZEDNu+zxHIhXzhbW0m50+qA99UfVf0Kpl7UiMeu6frELpklzqnJUYdV+tFPbiaN+CKxOO7T7MguU6O8tjbPISFztrd+VkLhdiiaD44Apq/sFT1wQTB7eUBc08a64raCrgMN3Rp1TOdurq2qMmHwLwrEPl5LLuEXsBEzoGZ5TXwS+mChHl3J5+jRSBrbJ+ApIqpyO5TmK7c1m+HYAiscrUtnMJnu1CdomJXSRh9AhxxdKRDF+Q31n6dj9/qsCYPX/yjkdga3g4NhJ/LSi0vGdfm/pfnKK+8B8bPmFEUMj3BGcnUKMn83l6QOm94lbGUJLxIfnvSKSYFMB9izp86MPwOZOSAqyWor/jzey4xTCUF+ifGlCLZObu74UBNWk0YI9UAQaqSUIDqitv4wswtk05AdBVOu1El+kuKaxiT4k/uQdqozsGif25SxPTaBr9+eDtc8L3UL5/7vkg7yNjlbsEJxkJqYNTmbcU+gYInETR5ctExj+4xal06oAg6fHV4yVkXCf1cFI+qyFslx3F7YHHNiwq8qpHjmofCpwR2+XFxE9WxV/GHBhHNw/Wwcx3B/K49BJZykLsi9qgTcHObS50WAUPB7s6fJd4lNDYyf5FvRxp8JuOSwt37Mcx3oya1wa8LYVkS7ga2b8OyxD8yIYRI1HJ8fbRmwX6oRMAqAMXrJaZyUq+q8lSa+kRo//4g4BZitKIK8DJXoJhTLfVjRoy9VGHW4XAyBbPsRlNM4CGGIsmdn/945Wy2y9F7AyPaEnLMVRziUht/MJT9dmRIdysjkDiE9JJgZYHCGhlbhRMH+sQLuq+bth+QzqTOUNOaVAvfitKyFvJL/NyBNwoFgzCpA==&u=U2FsdGVkX19EyYgIUqTNE/RIAwqzZ1Jp+SxiCkcQafktdE+7GX6RcLpTHKLuoOIR&y=U2FsdGVkX19AGoG+xVmQWVt2cQTASenRrcS3DIRECdsb92BOOL5Dk8fAQVx1o7zb HTTP/1.1" 200 26
186.102.47.173 - - [03/Jun/2023:19:34:33 -0500] "GET /kwssiamovil/sm/acme/a?s=U2FsdGVkX1/az8zLp8Qqj7TGfdQeeSDbRurTkiW9hNOhAmxyPUryrkRihSPbdv5x31EIdVe/qG547p59Y3nJHnJVw5NvD2g+gj3u3EtFgJ0qwBEcqJ1FhElJN7zVNROiwYgmEC687eTuwAVcWvSBbaJ4Do94hjKL4vlSHXmZZOQ=&u=U2FsdGVkX19EyYgIUqTNE/RIAwqzZ1Jp+SxiCkcQafktdE+7GX6RcLpTHKLuoOIR&y=U2FsdGVkX19AGoG+xVmQWVt2cQTASenRrcS3DIRECdsb92BOOL5Dk8fAQVx1o7zb HTTP/1.1" 200 26
186.102.47.173 - - [03/Jun/2023:19:34:33 -0500] "GET /kwssiamovil/sm/acme/a?s=U2FsdGVkX1/oKj7AuEsOuL2EXA5r+KC0SMM+905jI4+yo3iLLfygqY5m0HNWLES9R7ZSG6dLE6p6F2gq10ZFNl8fkbN5VdIymadBMHOMaRPOScLsV+dhTJouspgEBOxm6h0ljKA6a+na3yGl9IbAT9Iy6dRrWXmSWFl5eBIZTgE=&u=U2FsdGVkX19EyYgIUqTNE/RIAwqzZ1Jp+SxiCkcQafktdE+7GX6RcLpTHKLuoOIR&y=U2FsdGVkX19AGoG+xVmQWVt2cQTASenRrcS3DIRECdsb92BOOL5Dk8fAQVx1o7zb HTTP/1.1" 200 26
186.102.47.173 - - [03/Jun/2023:19:34:33 -0500] "GET /kwssiamovil/sm/acme/a?s=U2FsdGVkX1/yNs5QCJ7CUamzcqMTtGSyrs+L/SMlbgH1+CAx54cFzkDmDhweCKGO8+ttN7Si0fC1ejP+HJ7Vl1OdsRlyLv4qiSWWPTxLHsks7xS9n5cnQ9LPnS5xo30oolnYxlhqqQepzB7Aus2bu3Lh0sOUS5g857xJKIya3TA=&u=U2FsdGVkX19EyYgIUqTNE/RIAwqzZ1Jp+SxiCkcQafktdE+7GX6RcLpTHKLuoOIR&y=U2FsdGVkX19AGoG+xVmQWVt2cQTASenRrcS3DIRECdsb92BOOL5Dk8fAQVx1o7zb HTTP/1.1" 200 26
186.102.47.173 - - [03/Jun/2023:19:34:34 -0500] "GET /kwssiamovil/sm/acme/a?s=U2FsdGVkX1/ojZ30xRc3RZ+HlANY24ECW4AKQRxeFrrEp++IxCEyYAnluNrdHj78d0vIRLXLIqXk871tTK/Lsnm7TrfZ30TlVklr2YOgr3gvhtxhuE92t6mGuhJ8JTP0Ws9nRs7LcA9UA9MwyVrmSAEPpDcX8Jn/T1idzjDjwDRJcWwoIj0EfM1mQL/2hj/qY03dhkKwlegLoaI361e4TA==&u=U2FsdGVkX19EyYgIUqTNE/RIAwqzZ1Jp+SxiCkcQafktdE+7GX6RcLpTHKLuoOIR&y=U2FsdGVkX19AGoG+xVmQWVt2cQTASenRrcS3DIRECdsb92BOOL5Dk8fAQVx1o7zb HTTP/1.1" 200 26
172.22.2.4 - - [03/Jun/2023:19:32:58 -0500] "GET /BLA/boletinlegal/ HTTP/1.1" 200 59656
201.245.192.253 - - [03/Jun/2023:19:34:53 -0500] "POST /kwsrmcab/Wsrmcab  HTTP/1.1" 200 43202
172.22.2.4 - - [03/Jun/2023:19:34:08 -0500] "HEAD /BLA/boletinlegal/ HTTP/1.1" 200 -
172.22.2.4 - - [03/Jun/2023:19:34:59 -0500] "GET /BLA/boletinlegal/ HTTP/1.1" 200 56754
172.22.2.4 - - [03/Jun/2023:19:36:51 -0500] "GET /BLA/boletinlegal/Circulares/2019/.pdf HTTP/1.1" 404 1218
172.22.2.4 - - [03/Jun/2023:19:37:01 -0500] "GET /BLA/boletinlegal/Circulares/2012/Circular%20No.%2010%20del%2026%20de%20Enero%20de%202012.pdf HTTP/1.1" 404 1218
216.245.221.92 - - [03/Jun/2023:19:38:00 -0500] "HEAD / HTTP/1.1" 200 -
201.245.192.253 - - [03/Jun/2023:19:38:30 -0500] "POST /kwsrmcab/Wsrmcab HTTP/1.1" 200 43508
201.245.192.253 - - [03/Jun/2023:19:38:34 -0500] "POST /kwsrmcab/Wsrmcab HTTP/1.1" 200 40425
191.156.37.5 - - [03/Jun/2023:19:38:56 -0500] "GET /galeria/galeria/jquery.fancybox.css?v=2.1.5 HTTP/1.1" 200 4895
191.156.42.110 - - [03/Jun/2023:19:38:56 -0500] "GET /BLA/boletinlegal/js/jquery.scrollShow.js HTTP/1.1" 200 4586
191.156.45.96 - - [03/Jun/2023:19:38:56 -0500] "GET /galeria/galeria/jquery.fancybox.js?v=2.1.5 HTTP/1.1" 200 48706
81.71.99.67 - - [03/Jun/2023:19:39:37 -0500] "GET /portaldeninos/wp-content/uploads/2020/06/mapa-humedales-de-bogot%C3%A1-1.jpg HTTP/1.1" 200 1170768
201.245.192.253 - - [03/Jun/2023:19:39:52 -0500] "POST /kwsrmcab/Wsrmcab  HTTP/1.1" 200 43202
186.84.90.248 - - [03/Jun/2023:19:39:57 -0500] "GET /BLA/resoluciones/index.php?dir= HTTP/1.1" 200 13502
66.249.70.170 - - [03/Jun/2023:19:39:59 -0500] "GET /reciclaton-empresarial-2023-como-inscribirse-a-la-primera-jornada-del-ano.html HTTP/1.1" 200 705
186.84.90.248 - - [03/Jun/2023:19:40:01 -0500] "GET /BLA/resoluciones/index.php?dir=AUTOS+2019%2F HTTP/1.1" 200 379672
52.167.144.158 - - [03/Jun/2023:19:40:07 -0500] "GET /BLA/resoluciones/AUTOS%202022/4584.pdf HTTP/1.1" 304 -
172.22.2.4 - - [03/Jun/2023:19:40:41 -0500] "GET /BLA/boletinlegal/Circulares/2020/Circular%20No.%2000018%20del%2002%20de%20diciembre%20del%202020.pdf HTTP/1.1" 200 276868
172.22.2.4 - - [03/Jun/2023:19:39:58 -0500] "HEAD /BLA/boletinlegal/ HTTP/1.1" 200 -
172.22.2.4 - - [03/Jun/2023:19:41:58 -0500] "GET /BLA/boletinlegal/jurisprudencia/analisis/AnalisisT-606-15.docx HTTP/1.1" 200 26698
172.22.2.4 - - [03/Jun/2023:19:41:59 -0500] "GET /BLA/boletinlegal/apple-touch-icon-120x120-precomposed.png HTTP/1.1" 404 1140
172.22.2.4 - - [03/Jun/2023:19:41:59 -0500] "GET /BLA/boletinlegal/apple-touch-icon-120x120.png HTTP/1.1" 404 1140
172.22.2.4 - - [03/Jun/2023:19:41:59 -0500] "GET /BLA/boletinlegal/apple-touch-icon-precomposed.png HTTP/1.1" 404 1140
172.22.2.4 - - [03/Jun/2023:19:41:59 -0500] "GET /BLA/boletinlegal/apple-touch-icon.png HTTP/1.1" 404 1140
172.22.2.4 - - [03/Jun/2023:19:41:59 -0500] "GET /BLA/boletinlegal/favicon.ico HTTP/1.1" 404 1140
172.22.2.4 - - [03/Jun/2023:19:41:59 -0500] "GET /BLA/boletinlegal/apple-touch-icon-120x120-precomposed.png HTTP/1.1" 404 1140
172.22.2.4 - - [03/Jun/2023:19:41:59 -0500] "GET /BLA/boletinlegal/apple-touch-icon-120x120.png HTTP/1.1" 404 1140
172.22.2.4 - - [03/Jun/2023:19:41:59 -0500] "GET /BLA/boletinlegal/apple-touch-icon-precomposed.png HTTP/1.1" 404 1140
172.22.2.4 - - [03/Jun/2023:19:41:59 -0500] "GET /BLA/boletinlegal/apple-touch-icon.png HTTP/1.1" 404 1140
172.22.2.4 - - [03/Jun/2023:19:41:59 -0500] "GET /BLA/boletinlegal/favicon.ico HTTP/1.1" 404 1140
172.22.2.4 - - [03/Jun/2023:19:40:49 -0500] "GET /BLA/boletinlegal/ HTTP/1.1" 200 52326
216.245.221.92 - - [03/Jun/2023:19:43:00 -0500] "HEAD / HTTP/1.1" 200 -
201.245.192.253 - - [03/Jun/2023:19:44:52 -0500] "POST /kwsrmcab/Wsrmcab  HTTP/1.1" 200 43202
40.77.167.245 - - [03/Jun/2023:19:46:00 -0500] "GET /images/grafica-aire-alerta-ambiental-10-febrero.jpg HTTP/1.1" 200 101310
8.242.210.19 - - [03/Jun/2023:19:46:39 -0500] "GET /galeria/galeria/jquery.fancybox.css?v=2.1.5 HTTP/1.1" 200 4895
8.242.210.19 - - [03/Jun/2023:19:46:40 -0500] "GET /BLA/boletinlegal/js/jquery.scrollShow.js HTTP/1.1" 200 4586
8.242.210.19 - - [03/Jun/2023:19:46:41 -0500] "GET /galeria/galeria/jquery.fancybox.js?v=2.1.5 HTTP/1.1" 200 48706
172.22.2.4 - - [03/Jun/2023:19:45:48 -0500] "HEAD /BLA/boletinlegal/ HTTP/1.1" 200 -
216.245.221.92 - - [03/Jun/2023:19:48:00 -0500] "HEAD / HTTP/1.1" 200 -
172.22.2.4 - - [03/Jun/2023:19:46:39 -0500] "GET /BLA/boletinlegal/ HTTP/1.1" 200 58663
201.245.192.253 - - [03/Jun/2023:19:49:51 -0500] "POST /kwsrmcab/Wsrmcab  HTTP/1.1" 200 43202
40.77.167.97 - - [03/Jun/2023:19:52:16 -0500] "GET /galeria/galeria/jquery.fancybox.js?v=2.1.5 HTTP/1.1" 200 48706
216.245.221.92 - - [03/Jun/2023:19:53:00 -0500] "HEAD / HTTP/1.1" 200 -
172.22.2.4 - - [03/Jun/2023:19:51:38 -0500] "HEAD /BLA/boletinlegal/ HTTP/1.1" 200 -
172.22.2.4 - - [03/Jun/2023:19:52:29 -0500] "GET /BLA/boletinlegal/ HTTP/1.1" 200 51620
201.245.192.253 - - [03/Jun/2023:19:54:49 -0500] "POST /kwsrmcab/Wsrmcab  HTTP/1.1" 200 43202
66.249.69.31 - - [03/Jun/2023:19:55:53 -0500] "-" 408 -
52.167.144.158 - - [03/Jun/2023:19:55:59 -0500] "GET /BLA/resoluciones/AUTOS%202021/1734.pdf HTTP/1.1" 304 -
38.32.70.140 - - [03/Jun/2023:19:56:19 -0500] "GET /galeria/galeria/fotos/Humedal-la-conejera3P.jpg HTTP/1.1" 200 31355
216.245.221.92 - - [03/Jun/2023:19:58:00 -0500] "HEAD / HTTP/1.1" 200 -
40.77.167.97 - - [03/Jun/2023:19:58:27 -0500] "GET /galeria/galeria/jquery.fancybox.js?v=2.1.5 HTTP/1.1" 200 48706
172.22.2.4 - - [03/Jun/2023:19:57:28 -0500] "HEAD /BLA/boletinlegal/ HTTP/1.1" 200 -
201.245.192.253 - - [03/Jun/2023:19:59:48 -0500] "POST /kwsrmcab/Wsrmcab  HTTP/1.1" 200 43202
172.22.2.4 - - [03/Jun/2023:19:58:19 -0500] "GET /BLA/boletinlegal/ HTTP/1.1" 200 57561
216.245.221.92 - - [03/Jun/2023:20:03:00 -0500] "HEAD / HTTP/1.1" 200 -
201.245.192.253 - - [03/Jun/2023:20:04:47 -0500] "POST /kwsrmcab/Wsrmcab  HTTP/1.1" 200 43202
172.22.2.4 - - [03/Jun/2023:20:03:18 -0500] "HEAD /BLA/boletinlegal/ HTTP/1.1" 200 -
172.22.2.4 - - [03/Jun/2023:20:04:09 -0500] "GET /BLA/boletinlegal/ HTTP/1.1" 200 58307
172.22.2.4 - - [03/Jun/2023:20:07:57 -0500] "GET /BLA/boletinlegal/console/ HTTP/1.1" 404 1018
216.245.221.92 - - [03/Jun/2023:20:08:00 -0500] "HEAD / HTTP/1.1" 200 -
201.245.192.253 - - [03/Jun/2023:20:09:46 -0500] "POST /kwsrmcab/Wsrmcab  HTTP/1.1" 200 43202
52.167.144.158 - - [03/Jun/2023:20:09:51 -0500] "GET /sipse/faces/autenticacion.xhtml HTTP/1.1" 200 12500
172.22.2.4 - - [03/Jun/2023:20:09:08 -0500] "HEAD /BLA/boletinlegal/ HTTP/1.1" 200 -
45.156.129.7 - - [03/Jun/2023:20:11:13 -0500] "GET /portaldeninos/ HTTP/1.1" 200 110197
45.156.129.7 - - [03/Jun/2023:20:11:27 -0500] "GET /portaldeninos/ HTTP/1.1" 200 110197
172.22.2.4 - - [03/Jun/2023:20:09:59 -0500] "GET /BLA/boletinlegal/ HTTP/1.1" 200 57151
45.156.129.7 - - [03/Jun/2023:20:11:42 -0500] "GET /portaldeninos/ HTTP/1.1" 200 110197
216.245.221.92 - - [03/Jun/2023:20:13:00 -0500] "HEAD / HTTP/1.1" 200 -
201.245.192.253 - - [03/Jun/2023:20:14:45 -0500] "POST /kwsrmcab/Wsrmcab  HTTP/1.1" 200 43202
172.22.2.4 - - [03/Jun/2023:20:14:58 -0500] "HEAD /BLA/boletinlegal/ HTTP/1.1" 200 -
179.19.145.190 - - [03/Jun/2023:20:16:45 -0500] "GET /galeria/galeria/jquery.fancybox.css?v=2.1.5 HTTP/1.1" 200 4895
179.19.145.190 - - [03/Jun/2023:20:16:45 -0500] "GET /BLA/boletinlegal/js/jquery.scrollShow.js HTTP/1.1" 200 4586
179.19.145.190 - - [03/Jun/2023:20:16:45 -0500] "GET /galeria/galeria/jquery.fancybox.js?v=2.1.5 HTTP/1.1" 200 48706
172.22.2.4 - - [03/Jun/2023:20:15:49 -0500] "GET /BLA/boletinlegal/ HTTP/1.1" 200 55571
216.245.221.92 - - [03/Jun/2023:20:18:00 -0500] "HEAD / HTTP/1.1" 200 -
201.245.192.253 - - [03/Jun/2023:20:18:30 -0500] "POST /kwsrmcab/Wsrmcab HTTP/1.1" 200 43483
201.245.192.253 - - [03/Jun/2023:20:18:33 -0500] "POST /kwsrmcab/Wsrmcab HTTP/1.1" 200 40415
201.245.192.253 - - [03/Jun/2023:20:19:44 -0500] "POST /kwsrmcab/Wsrmcab  HTTP/1.1" 200 43202
13.58.148.15 - - [03/Jun/2023:20:21:02 -0500] "GET /ai.txt?t=1685840512.345712 HTTP/1.1" 404 1035
13.58.148.15 - - [03/Jun/2023:20:21:02 -0500] "GET /.well-known/ai.txt?t=1685840512.345712 HTTP/1.1" 404 1035
172.22.2.4 - - [03/Jun/2023:20:20:48 -0500] "HEAD /BLA/boletinlegal/ HTTP/1.1" 200 -
216.245.221.92 - - [03/Jun/2023:20:23:00 -0500] "HEAD / HTTP/1.1" 200 -
172.22.2.4 - - [03/Jun/2023:20:21:39 -0500] "GET /BLA/boletinlegal/ HTTP/1.1" 200 57561
172.22.2.4 - - [03/Jun/2023:20:24:40 -0500] "GET /BLA/boletinlegal/jurisprudencia/analisis/ANALISIST-257-96.docx HTTP/1.1" 200 19486
201.245.192.253 - - [03/Jun/2023:20:24:44 -0500] "POST /kwsrmcab/Wsrmcab  HTTP/1.1" 200 43202
108.174.8.21 - - [03/Jun/2023:20:27:54 -0500] "GET /mas-de-400-animales-silvestres-fueron-liberados-y-reubicados-en-el-caribe.html HTTP/1.1" 206 730
216.245.221.92 - - [03/Jun/2023:20:28:00 -0500] "HEAD / HTTP/1.1" 200 -
172.22.2.4 - - [03/Jun/2023:20:26:38 -0500] "HEAD /BLA/boletinlegal/ HTTP/1.1" 200 -
201.245.192.253 - - [03/Jun/2023:20:28:30 -0500] "POST /kwsrmcab/Wsrmcab HTTP/1.1" 200 43483
201.245.192.253 - - [03/Jun/2023:20:28:33 -0500] "POST /kwsrmcab/Wsrmcab HTTP/1.1" 200 40415
172.22.2.4 - - [03/Jun/2023:20:27:28 -0500] "GET /BLA/boletinlegal/ HTTP/1.1" 200 54808
201.245.192.253 - - [03/Jun/2023:20:29:42 -0500] "POST /kwsrmcab/Wsrmcab  HTTP/1.1" 200 43202
216.245.221.92 - - [03/Jun/2023:20:33:00 -0500] "HEAD / HTTP/1.1" 200 -
172.22.2.4 - - [03/Jun/2023:20:33:11 -0500] "GET /BLA/boletinlegal/ HTTP/1.1" 200 24523
172.22.2.4 - - [03/Jun/2023:20:32:28 -0500] "HEAD /BLA/boletinlegal/ HTTP/1.1" 200 -
201.245.192.253 - - [03/Jun/2023:20:34:42 -0500] "POST /kwsrmcab/Wsrmcab  HTTP/1.1" 200 43202
172.22.2.4 - - [03/Jun/2023:20:33:10 -0500] "GET /BLA/boletinlegal/ HTTP/1.1" 200 42097
172.22.2.4 - - [03/Jun/2023:20:33:19 -0500] "GET /BLA/boletinlegal/ HTTP/1.1" 200 45144
172.22.2.4 - - [03/Jun/2023:20:37:00 -0500] "GET /BLA/boletinlegal/Circulares/2019/.pdf HTTP/1.1" 404 1218
223.190.83.223 - - [03/Jun/2023:20:37:14 -0500] "GET / HTTP/1.1" 200 319
3.145.43.76 - - [03/Jun/2023:20:37:45 -0500] "GET /ai.txt?t=1685840493.529473 HTTP/1.1" 404 1018
3.145.43.76 - - [03/Jun/2023:20:37:46 -0500] "GET /.well-known/ai.txt?t=1685840493.529473 HTTP/1.1" 404 1018
216.245.221.92 - - [03/Jun/2023:20:38:00 -0500] "HEAD / HTTP/1.1" 200 -
191.156.190.170 - - [03/Jun/2023:20:38:00 -0500] "GET /mujeres-que-reverdecen-secretaria-de-ambiente-anuncia-300-cupos-para-la-tercera-fase-del-programa.html HTTP/1.1" 200 823
173.252.107.1 - - [03/Jun/2023:20:38:00 -0500] "GET /mujeres-que-reverdecen-secretaria-de-ambiente-anuncia-300-cupos-para-la-tercera-fase-del-programa.html HTTP/1.1" 200 823
66.249.69.5 - - [03/Jun/2023:20:38:17 -0500] "-" 408 -
201.245.192.253 - - [03/Jun/2023:20:38:30 -0500] "POST /kwsrmcab/Wsrmcab HTTP/1.1" 200 43483
201.245.192.253 - - [03/Jun/2023:20:38:33 -0500] "POST /kwsrmcab/Wsrmcab HTTP/1.1" 200 40415
40.77.167.97 - - [03/Jun/2023:20:39:41 -0500] "GET /galeria/galeria/jquery.fancybox.js?v=2.1.5 HTTP/1.1" 200 48706
201.245.192.253 - - [03/Jun/2023:20:39:41 -0500] "POST /kwsrmcab/Wsrmcab  HTTP/1.1" 200 43202
172.22.2.4 - - [03/Jun/2023:20:38:18 -0500] "HEAD /BLA/boletinlegal/ HTTP/1.1" 200 -
172.22.2.4 - - [03/Jun/2023:20:39:09 -0500] "GET /BLA/boletinlegal/ HTTP/1.1" 200 57151
172.22.2.4 - - [03/Jun/2023:20:42:02 -0500] "GET /BLA/boletinlegal/robots.txt HTTP/1.1" 404 1038
172.22.2.4 - - [03/Jun/2023:20:42:02 -0500] "GET /BLA/boletinlegal/Circulares/2015/Circular%20No.%202%20del%201%20de%20julio%20de%202015.pdf HTTP/1.1" 200 752890
216.245.221.92 - - [03/Jun/2023:20:43:00 -0500] "HEAD / HTTP/1.1" 200 -
66.249.70.172 - - [03/Jun/2023:20:43:39 -0500] "GET /images/actividades-dia-de-la-tierra-2023.jpg HTTP/1.1" 200 85154
201.245.192.253 - - [03/Jun/2023:20:44:40 -0500] "POST /kwsrmcab/Wsrmcab  HTTP/1.1" 200 43202
172.22.2.4 - - [03/Jun/2023:20:44:08 -0500] "HEAD /BLA/boletinlegal/ HTTP/1.1" 200 -
172.22.2.4 - - [03/Jun/2023:20:44:58 -0500] "GET /BLA/boletinlegal/ HTTP/1.1" 200 57151
52.167.144.158 - - [03/Jun/2023:20:46:45 -0500] "GET /BLA/resoluciones/AUTOS%202021/2445.pdf HTTP/1.1" 304 -
40.77.167.97 - - [03/Jun/2023:20:47:33 -0500] "GET /BLA/resoluciones/AUTOS%202023/2106.pdf HTTP/1.1" 200 402475
216.245.221.92 - - [03/Jun/2023:20:48:00 -0500] "HEAD / HTTP/1.1" 200 -
179.43.177.244 - - [03/Jun/2023:20:48:55 -0500] "POST /boaform/admin/formLogin HTTP/1.1" 404 1186
201.245.192.253 - - [03/Jun/2023:20:49:39 -0500] "POST /kwsrmcab/Wsrmcab  HTTP/1.1" 200 43202
52.167.144.158 - - [03/Jun/2023:20:49:54 -0500] "GET /BLA/resoluciones/RESOLUCIONES%202019/0430.pdf HTTP/1.1" 304 -
168.119.251.242 - - [03/Jun/2023:20:50:27 -0500] "GET / HTTP/1.1" 200 319
168.119.251.242 - - [03/Jun/2023:20:50:27 -0500] "GET / HTTP/1.1" 200 4720
172.22.2.4 - - [03/Jun/2023:20:49:58 -0500] "HEAD /BLA/boletinlegal/ HTTP/1.1" 200 -
172.22.2.4 - - [03/Jun/2023:20:50:48 -0500] "GET /BLA/boletinlegal/ HTTP/1.1" 200 57151
216.245.221.92 - - [03/Jun/2023:20:53:00 -0500] "HEAD / HTTP/1.1" 200 -
201.245.192.253 - - [03/Jun/2023:20:54:38 -0500] "POST /kwsrmcab/Wsrmcab  HTTP/1.1" 200 43202
40.77.167.205 - - [03/Jun/2023:20:54:59 -0500] "GET /portaldeninos/2021/04/24/identifica-la-ubicacion-de-las-aulas-ambientales-en-el-visor-geografico-de-la-secretaria-de-ambiente/ HTTP/1.1" 200 104086
54.39.177.173 - - [03/Jun/2023:20:56:09 -0500] "GET /usaquen-comprometida-con-la-accion-climatica-en-bogota.html HTTP/1.1" 200 771
52.151.201.131 - - [03/Jun/2023:20:56:32 -0500] "GET /images/videos-postulados_optimized.jpeg HTTP/1.1" 200 139484
172.22.2.4 - - [03/Jun/2023:20:55:48 -0500] "HEAD /BLA/boletinlegal/ HTTP/1.1" 200 -
3.1.42.150 - - [03/Jun/2023:20:57:51 -0500] "GET /galeria/galeria/jquery.fancybox.css?v=2.1.5 HTTP/1.1" 200 4895
3.1.42.150 - - [03/Jun/2023:20:57:51 -0500] "GET /BLA/boletinlegal/js/jquery.scrollShow.js HTTP/1.1" 200 4586
216.245.221.92 - - [03/Jun/2023:20:58:00 -0500] "HEAD / HTTP/1.1" 200 -
172.22.2.4 - - [03/Jun/2023:20:56:38 -0500] "GET /BLA/boletinlegal/ HTTP/1.1" 200 55571
201.245.192.253 - - [03/Jun/2023:20:59:36 -0500] "POST /kwsrmcab/Wsrmcab  HTTP/1.1" 200 43202
216.245.221.92 - - [03/Jun/2023:21:03:00 -0500] "HEAD / HTTP/1.1" 200 -
172.22.2.4 - - [03/Jun/2023:21:01:38 -0500] "HEAD /BLA/boletinlegal/ HTTP/1.1" 200 -
172.22.2.4 - - [03/Jun/2023:21:02:28 -0500] "GET /BLA/boletinlegal/ HTTP/1.1" 200 59306
201.245.192.253 - - [03/Jun/2023:21:04:35 -0500] "POST /kwsrmcab/Wsrmcab  HTTP/1.1" 200 43202
198.235.24.45 - - [03/Jun/2023:21:05:30 -0500] "GET / HTTP/1.0" 200 319
18.142.7.119 - - [03/Jun/2023:21:06:24 -0500] "GET /portaldeninos/wp-content/uploads/useanyfont/uaf.css?ver=1589905315 HTTP/1.1" 200 408
18.142.7.119 - - [03/Jun/2023:21:06:23 -0500] "GET /portaldeninos/wp-includes/js/wp-emoji-release.min.js?ver=4.9.8 HTTP/1.1" 200 12026
18.142.7.119 - - [03/Jun/2023:21:06:24 -0500] "GET /portaldeninos/wp-content/themes/betheme/style.css?ver=20.9.6 HTTP/1.1" 200 287
18.142.7.119 - - [03/Jun/2023:21:06:23 -0500] "GET /portaldeninos/wp-content/plugins/gallery-videos/JS/Total-Soft-Gallery-Video-Widget.js?ver=4.9.8 HTTP/1.1" 200 80264
18.142.7.119 - - [03/Jun/2023:21:06:23 -0500] "GET /portaldeninos/wp-content/plugins/gallery-videos/CSS/Total-Soft-Gallery-Video-Widget.css?ver=4.9.8 HTTP/1.1" 200 51554
18.142.7.119 - - [03/Jun/2023:21:06:24 -0500] "GET /portaldeninos/wp-content/themes/betheme/css/base.css?ver=20.9.6 HTTP/1.1" 200 57283
18.142.7.119 - - [03/Jun/2023:21:06:23 -0500] "GET /portaldeninos/wp-content/plugins/gallery-videos/CSS/totalsoft.css?ver=4.9.8 HTTP/1.1" 200 40622
18.142.7.119 - - [03/Jun/2023:21:06:21 -0500] "GET /portaldeninos/glosario/ HTTP/1.1" 200 97198
18.142.7.119 - - [03/Jun/2023:21:06:31 -0500] "GET /portaldeninos/wp-content/themes/betheme/assets/jplayer/css/jplayer.blue.monday.css?ver=20.9.6 HTTP/1.1" 200 9834
18.142.7.119 - - [03/Jun/2023:21:06:28 -0500] "GET /portaldeninos/wp-content/themes/betheme/assets/animations/animations.min.css?ver=20.9.6 HTTP/1.1" 200 58508
18.142.7.119 - - [03/Jun/2023:21:06:30 -0500] "GET /portaldeninos/wp-content/themes/betheme/assets/ui/jquery.ui.all.css?ver=20.9.6 HTTP/1.1" 200 18765
18.142.7.119 - - [03/Jun/2023:21:06:34 -0500] "GET /portaldeninos/wp-includes/js/jquery/jquery-migrate.min.js?ver=1.4.1 HTTP/1.1" 200 10056
18.142.7.119 - - [03/Jun/2023:21:06:32 -0500] "GET /portaldeninos/wp-content/themes/betheme/css/responsive.css?ver=20.9.6 HTTP/1.1" 200 55740
18.142.7.119 - - [03/Jun/2023:21:06:36 -0500] "GET /portaldeninos/wp-includes/js/jquery/ui/core.min.js?ver=1.11.4 HTTP/1.1" 200 4000
18.142.7.119 - - [03/Jun/2023:21:06:36 -0500] "GET /portaldeninos/wp-content/plugins/gallery-videos/JS/modernizr.custom.js?ver=4.9.8 HTTP/1.1" 200 9019
18.142.7.119 - - [03/Jun/2023:21:06:37 -0500] "GET /portaldeninos/wp-includes/js/jquery/ui/widget.min.js?ver=1.11.4 HTTP/1.1" 200 6908
18.142.7.119 - - [03/Jun/2023:21:06:38 -0500] "GET /portaldeninos/wp-includes/js/jquery/ui/mouse.min.js?ver=1.11.4 HTTP/1.1" 200 3148
18.142.7.119 - - [03/Jun/2023:21:06:25 -0500] "GET /portaldeninos/wp-content/themes/betheme/css/layout.css?ver=20.9.6 HTTP/1.1" 200 116639
18.142.7.119 - - [03/Jun/2023:21:06:39 -0500] "GET /portaldeninos/wp-includes/js/jquery/ui/accordion.min.js?ver=1.11.4 HTTP/1.1" 200 8584
18.142.7.119 - - [03/Jun/2023:21:06:38 -0500] "GET /portaldeninos/wp-includes/js/jquery/ui/tabs.min.js?ver=1.11.4 HTTP/1.1" 200 12110
18.142.7.119 - - [03/Jun/2023:21:06:40 -0500] "GET /portaldeninos/wp-content/themes/betheme/js/menu.js?ver=20.9.6 HTTP/1.1" 200 2449
18.142.7.119 - - [03/Jun/2023:21:06:40 -0500] "GET /portaldeninos/wp-content/themes/betheme/assets/animations/animations.min.js?ver=20.9.6 HTTP/1.1" 200 1896
18.142.7.119 - - [03/Jun/2023:21:06:38 -0500] "GET /portaldeninos/wp-includes/js/jquery/ui/sortable.min.js?ver=1.11.4 HTTP/1.1" 200 24899
18.142.7.119 - - [03/Jun/2023:21:06:40 -0500] "GET /portaldeninos/wp-includes/js/wp-embed.min.js?ver=4.9.8 HTTP/1.1" 200 1398
18.142.7.119 - - [03/Jun/2023:21:06:40 -0500] "GET /portaldeninos/wp-content/themes/betheme/js/scripts.js?ver=20.9.6 HTTP/1.1" 200 77162
18.142.7.119 - - [03/Jun/2023:21:06:28 -0500] "GET /portaldeninos/wp-content/themes/betheme/css/shortcodes.css?ver=20.9.6 HTTP/1.1" 200 138889
18.142.7.119 - - [03/Jun/2023:21:06:40 -0500] "GET /portaldeninos/wp-content/themes/betheme/assets/jplayer/jplayer.min.js?ver=20.9.6 HTTP/1.1" 200 52702
18.142.7.119 - - [03/Jun/2023:21:06:32 -0500] "GET /portaldeninos/wp-includes/js/jquery/jquery.js?ver=1.12.4 HTTP/1.1" 200 97184
18.142.7.119 - - [03/Jun/2023:21:06:50 -0500] "GET /portaldeninos/wp-content/uploads/2019/08/Logo-Ambientic.png HTTP/1.1" 200 22941
18.142.7.119 - - [03/Jun/2023:21:06:50 -0500] "GET /portaldeninos/wp-content/uploads/2021/07/Banners-pa%CC%81gina-de-nin%CC%83os-Glosario.jpg HTTP/1.1" 200 16446
18.142.7.119 - - [03/Jun/2023:21:06:50 -0500] "GET /portaldeninos/wp-content/themes/betheme/fonts/mfn-icons.ttf?93978679 HTTP/1.1" 200 124684
52.167.144.158 - - [03/Jun/2023:21:07:17 -0500] "GET /BLA/resoluciones/RESOLUCIONES%202022/5631.pdf HTTP/1.1" 304 -
216.245.221.92 - - [03/Jun/2023:21:08:00 -0500] "HEAD / HTTP/1.1" 200 -
172.22.2.4 - - [03/Jun/2023:21:07:28 -0500] "HEAD /BLA/boletinlegal/ HTTP/1.1" 200 -
201.245.192.253 - - [03/Jun/2023:21:09:34 -0500] "POST /kwsrmcab/Wsrmcab  HTTP/1.1" 200 43202
172.22.2.4 - - [03/Jun/2023:21:08:19 -0500] "GET /BLA/boletinlegal/ HTTP/1.1" 200 58307
216.245.221.92 - - [03/Jun/2023:21:13:00 -0500] "HEAD / HTTP/1.1" 200 -
157.55.39.239 - - [03/Jun/2023:21:13:21 -0500] "GET /BLA/resoluciones/RESOLUCIONES%202018/4280.pdf HTTP/1.1" 200 328410
40.77.167.255 - - [03/Jun/2023:21:13:43 -0500] "GET /BLA/resoluciones/AUTOS%202021/3196.pdf HTTP/1.1" 304 -
201.245.192.253 - - [03/Jun/2023:21:14:33 -0500] "POST /kwsrmcab/Wsrmcab  HTTP/1.1" 200 43202
172.22.2.4 - - [03/Jun/2023:21:13:18 -0500] "HEAD /BLA/boletinlegal/ HTTP/1.1" 200 -
172.22.2.4 - - [03/Jun/2023:21:14:09 -0500] "GET /BLA/boletinlegal/ HTTP/1.1" 200 59306
216.245.221.92 - - [03/Jun/2023:21:18:00 -0500] "HEAD / HTTP/1.1" 200 -
201.245.192.253 - - [03/Jun/2023:21:18:30 -0500] "POST /kwsrmcab/Wsrmcab HTTP/1.1" 200 43335
201.245.192.253 - - [03/Jun/2023:21:18:33 -0500] "POST /kwsrmcab/Wsrmcab HTTP/1.1" 200 40396
201.245.192.253 - - [03/Jun/2023:21:19:32 -0500] "POST /kwsrmcab/Wsrmcab  HTTP/1.1" 200 43202
172.22.2.4 - - [03/Jun/2023:21:19:08 -0500] "HEAD /BLA/boletinlegal/ HTTP/1.1" 200 -
186.82.9.39 - - [03/Jun/2023:21:20:53 -0500] "GET /BLA/boletinlegal/js/jquery.scrollShow.js HTTP/1.1" 200 4586
186.82.9.39 - - [03/Jun/2023:21:20:53 -0500] "GET /galeria/galeria/jquery.fancybox.css?v=2.1.5 HTTP/1.1" 200 4895
186.82.9.39 - - [03/Jun/2023:21:20:53 -0500] "GET /galeria/galeria/jquery.fancybox.js?v=2.1.5 HTTP/1.1" 200 48706
172.22.2.4 - - [03/Jun/2023:21:19:58 -0500] "GET /BLA/boletinlegal/ HTTP/1.1" 200 57561
216.245.221.92 - - [03/Jun/2023:21:23:00 -0500] "HEAD / HTTP/1.1" 200 -
40.77.167.97 - - [03/Jun/2023:21:23:25 -0500] "GET /BLA/resoluciones/AUTOS%202021/2483.pdf HTTP/1.1" 304 -
52.167.144.158 - - [03/Jun/2023:21:23:46 -0500] "GET /BLA/resoluciones/RESOLUCIONES%202021/4048.pdf HTTP/1.1" 304 -
201.245.192.253 - - [03/Jun/2023:21:24:31 -0500] "POST /kwsrmcab/Wsrmcab  HTTP/1.1" 200 43202
172.22.2.4 - - [03/Jun/2023:21:23:15 -0500] "GET /BLA/boletinlegal/ HTTP/1.1" 200 61759
172.22.2.4 - - [03/Jun/2023:21:24:56 -0500] "GET /BLA/boletinlegal/Directivas/2012/Directiva%20No.%201%20del%2030%20de%20octubre%20de%202012.pdf HTTP/1.1" 200 1522771
157.55.39.239 - - [03/Jun/2023:21:25:24 -0500] "GET /BLA/resoluciones/RESOLUCIONES%202019/1065.pdf HTTP/1.1" 304 -
172.22.2.4 - - [03/Jun/2023:21:26:22 -0500] "GET /BLA/boletinlegal/images/arr_r.jpg HTTP/1.1" 200 1998
172.22.2.4 - - [03/Jun/2023:21:24:58 -0500] "HEAD /BLA/boletinlegal/ HTTP/1.1" 200 -
172.22.2.4 - - [03/Jun/2023:21:25:48 -0500] "GET /BLA/boletinlegal/ HTTP/1.1" 200 57151
172.22.2.4 - - [03/Jun/2023:21:27:36 -0500] "GET /BLA/boletinlegal/images/pdf.gif HTTP/1.1" 200 567
216.245.221.92 - - [03/Jun/2023:21:28:00 -0500] "HEAD / HTTP/1.1" 200 -
186.30.61.25 - - [03/Jun/2023:21:28:02 -0500] "GET /en-junio-conectate-con-la-naturaleza-y-el-medioambiente-a-traves-de-estas-caminatas-ecologicas.html HTTP/1.1" 200 900
201.245.192.253 - - [03/Jun/2023:21:28:29 -0500] "POST /kwsrmcab/Wsrmcab HTTP/1.1" 200 43335
201.245.192.253 - - [03/Jun/2023:21:28:32 -0500] "POST /kwsrmcab/Wsrmcab HTTP/1.1" 200 40396
66.249.70.172 - - [03/Jun/2023:21:28:39 -0500] "GET /images/Di%CC%81a-de-la-Tierra-OPEL-banner.jpg HTTP/1.1" 404 1034
172.22.2.4 - - [03/Jun/2023:21:28:39 -0500] "GET /BLA/boletinlegal/images/arr_l.jpg HTTP/1.1" 200 1979
201.245.192.253 - - [03/Jun/2023:21:29:30 -0500] "POST /kwsrmcab/Wsrmcab  HTTP/1.1" 200 43202
172.22.2.4 - - [03/Jun/2023:21:29:33 -0500] "GET /BLA/boletinlegal/images/launch.jpg HTTP/1.1" 200 14577
172.22.2.4 - - [03/Jun/2023:21:30:18 -0500] "GET /BLA/boletinlegal/images/screen_3.png HTTP/1.1" 200 210620
172.22.2.4 - - [03/Jun/2023:21:30:58 -0500] "GET /BLA/boletinlegal/images/screen_1.png HTTP/1.1" 200 202547
69.171.251.6 - - [03/Jun/2023:21:30:58 -0500] "GET /images/Sello%201%20JA-2.jpeg HTTP/1.1" 200 42236
172.22.2.4 - - [03/Jun/2023:21:31:31 -0500] "GET /BLA/boletinlegal/images/screen_5.png HTTP/1.1" 200 368876
172.22.2.4 - - [03/Jun/2023:21:32:00 -0500] "GET /BLA/boletinlegal/images/screen_2.png HTTP/1.1" 200 362502
172.22.2.4 - - [03/Jun/2023:21:32:25 -0500] "GET /BLA/boletinlegal/images/cabezote%20BLEGAL.jpg HTTP/1.1" 200 118164
172.22.2.4 - - [03/Jun/2023:21:30:48 -0500] "HEAD /BLA/boletinlegal/ HTTP/1.1" 200 -
173.252.83.3 - - [03/Jun/2023:21:32:42 -0500] "GET /images/foto%202.jpg HTTP/1.1" 200 63300
216.245.221.92 - - [03/Jun/2023:21:33:00 -0500] "HEAD / HTTP/1.1" 200 -
172.22.2.4 - - [03/Jun/2023:21:31:38 -0500] "GET /BLA/boletinlegal/ HTTP/1.1" 200 51620
201.245.192.253 - - [03/Jun/2023:21:34:29 -0500] "POST /kwsrmcab/Wsrmcab  HTTP/1.1" 200 43202
172.22.2.4 - - [03/Jun/2023:21:33:06 -0500] "GET /BLA/boletinlegal/ HTTP/1.1" 200 60886
191.156.237.142 - - [03/Jun/2023:21:35:14 -0500] "GET /BLA/boletinlegal/actos.php HTTP/1.1" 200 9682
191.156.237.142 - - [03/Jun/2023:21:35:14 -0500] "GET /BLA/boletinlegal/niceforms-default.css HTTP/1.1" 200 6694
191.156.237.142 - - [03/Jun/2023:21:35:14 -0500] "GET /BLA/boletinlegal/niceforms.js HTTP/1.1" 200 22876
191.156.237.142 - - [03/Jun/2023:21:35:14 -0500] "GET /BLA/boletinlegal/style.css HTTP/1.1" 200 9406
191.156.237.142 - - [03/Jun/2023:21:35:14 -0500] "GET /BLA/boletinlegal/js/lib.js HTTP/1.1" 200 6474
191.156.237.142 - - [03/Jun/2023:21:35:14 -0500] "GET /BLA/boletinlegal/js/popup.js HTTP/1.1" 200 1270
191.156.237.142 - - [03/Jun/2023:21:35:14 -0500] "GET /BLA/boletinlegal/js/jquery1.js HTTP/1.1" 200 29846
191.156.237.142 - - [03/Jun/2023:21:35:15 -0500] "GET /BLA/boletinlegal/styles2.css HTTP/1.1" 200 1838
191.156.237.142 - - [03/Jun/2023:21:35:15 -0500] "GET /BLA/boletinlegal/js/ajax_actos.js HTTP/1.1" 200 1322
191.156.237.142 - - [03/Jun/2023:21:35:15 -0500] "GET /BLA/boletinlegal/images/subscribe-icon-big.png HTTP/1.1" 200 47702
191.156.237.142 - - [03/Jun/2023:21:35:15 -0500] "GET /BLA/boletinlegal/images/registro-usuarios.png HTTP/1.1" 200 8106
191.156.237.142 - - [03/Jun/2023:21:35:15 -0500] "GET /BLA/boletinlegal/images/historia.png HTTP/1.1" 200 52775
191.156.237.142 - - [03/Jun/2023:21:35:15 -0500] "GET /BLA/boletinlegal/images/icono-email.png HTTP/1.1" 200 5544
191.156.237.142 - - [03/Jun/2023:21:35:15 -0500] "GET /BLA/boletinlegal/images/tel.png HTTP/1.1" 200 14477
191.156.237.142 - - [03/Jun/2023:21:35:15 -0500] "GET /BLA/boletinlegal/images/green-yellow-blue-pink-th.png HTTP/1.1" 200 7394
191.156.237.142 - - [03/Jun/2023:21:35:15 -0500] "GET /BLA/boletinlegal/images/body_bg.jpg HTTP/1.1" 200 1601
191.156.237.142 - - [03/Jun/2023:21:35:15 -0500] "GET /BLA/boletinlegal/images/menu_lft.gif HTTP/1.1" 200 1713
191.156.237.142 - - [03/Jun/2023:21:35:15 -0500] "GET /BLA/boletinlegal/images/menu_rght.gif HTTP/1.1" 200 1627
191.156.237.142 - - [03/Jun/2023:21:35:15 -0500] "GET /BLA/boletinlegal/images/bg_top.jpg HTTP/1.1" 200 522
191.156.237.142 - - [03/Jun/2023:21:35:15 -0500] "GET /BLA/boletinlegal/images/cabezote%20BLEGAL.jpg HTTP/1.1" 200 118164
191.156.237.142 - - [03/Jun/2023:21:35:15 -0500] "GET /BLA/boletinlegal/images/menu_bg.jpg HTTP/1.1" 200 620
191.156.237.142 - - [03/Jun/2023:21:35:15 -0500] "GET /BLA/boletinlegal/images/hover.jpg HTTP/1.1" 200 640
191.156.237.142 - - [03/Jun/2023:21:35:15 -0500] "GET /BLA/boletinlegal/images/footer_bg.jpg HTTP/1.1" 200 586
191.156.237.142 - - [03/Jun/2023:21:35:15 -0500] "GET /BLA/boletinlegal/images/text.jpg HTTP/1.1" 200 568
