201.245.192.253 - - [04/Jun/2023:18:17:19 -0500] "POST /kwsrmcab/Wsrmcab  HTTP/1.1" 200 14501
216.245.221.92 - - [04/Jun/2023:18:17:57 -0500] "HEAD / HTTP/1.1" 200 -
201.245.192.253 - - [04/Jun/2023:18:18:25 -0500] "POST /kwsrmcab/Wsrmcab HTTP/1.1" 200 43958
201.245.192.253 - - [04/Jun/2023:18:18:27 -0500] "POST /kwsrmcab/Wsrmcab  HTTP/1.1" 200 43202
201.245.192.253 - - [04/Jun/2023:18:18:34 -0500] "POST /kwsrmcab/Wsrmcab HTTP/1.1" 200 43787
201.245.192.253 - - [04/Jun/2023:18:19:32 -0500] "POST /kwsrmcab/Wsrmcab  HTTP/1.1" 200 43202
162.216.149.132 - - [04/Jun/2023:18:19:45 -0500] "GET / HTTP/1.1" 200 319
172.22.2.4 - - [04/Jun/2023:18:19:05 -0500] "HEAD /BLA/boletinlegal/ HTTP/1.1" 200 -
172.22.2.4 - - [04/Jun/2023:18:19:55 -0500] "GET /BLA/boletinlegal/ HTTP/1.1" 200 57561
216.245.221.92 - - [04/Jun/2023:18:22:57 -0500] "HEAD / HTTP/1.1" 200 -
201.245.192.253 - - [04/Jun/2023:18:24:31 -0500] "POST /kwsrmcab/Wsrmcab  HTTP/1.1" 200 43202
172.22.2.4 - - [04/Jun/2023:18:23:42 -0500] "GET /BLA/boletinlegal/ HTTP/1.1" 200 59656
172.22.2.4 - - [04/Jun/2023:18:25:24 -0500] "GET /BLA/boletinlegal/ HTTP/1.1" 200 20427
172.22.2.4 - - [04/Jun/2023:18:24:55 -0500] "HEAD /BLA/boletinlegal/ HTTP/1.1" 200 -
172.22.2.4 - - [04/Jun/2023:18:25:45 -0500] "GET /BLA/boletinlegal/ HTTP/1.1" 200 52326
216.245.221.92 - - [04/Jun/2023:18:27:57 -0500] "HEAD / HTTP/1.1" 200 -
201.245.192.253 - - [04/Jun/2023:18:28:25 -0500] "POST /kwsrmcab/Wsrmcab HTTP/1.1" 200 43958
201.245.192.253 - - [04/Jun/2023:18:28:34 -0500] "POST /kwsrmcab/Wsrmcab HTTP/1.1" 200 43787
201.245.192.253 - - [04/Jun/2023:18:29:30 -0500] "POST /kwsrmcab/Wsrmcab  HTTP/1.1" 200 43202
3.140.11.254 - - [04/Jun/2023:18:29:53 -0500] "HEAD /secretaria-de-ambiente-entrego-balance-de-su-gestion-en-2022-y-presento-los-retos-para-el-2023.html HTTP/1.1" 200 -
157.55.39.239 - - [04/Jun/2023:18:31:39 -0500] "GET /BLA/resoluciones/AUTOS%202021/3382.pdf HTTP/1.1" 304 -
172.22.2.4 - - [04/Jun/2023:18:30:45 -0500] "HEAD /BLA/boletinlegal/ HTTP/1.1" 200 -
3.140.11.254 - - [04/Jun/2023:18:32:46 -0500] "HEAD /inicia-la-convocatoria-2023-para-el-panel-distrital-de-cambio-climatico.html HTTP/1.1" 200 -
3.140.11.254 - - [04/Jun/2023:18:32:51 -0500] "HEAD /inicia-la-convocatoria-2023-para-el-panel-distrital-de-cambio-climatico.html HTTP/1.1" 200 -
216.245.221.92 - - [04/Jun/2023:18:32:57 -0500] "HEAD / HTTP/1.1" 200 -
172.22.2.4 - - [04/Jun/2023:18:31:35 -0500] "GET /BLA/boletinlegal/ HTTP/1.1" 200 54424
201.245.192.253 - - [04/Jun/2023:18:34:29 -0500] "POST /kwsrmcab/Wsrmcab  HTTP/1.1" 200 43202
172.22.2.4 - - [04/Jun/2023:18:33:33 -0500] "GET /BLA/boletinlegal/ HTTP/1.1" 200 62212
172.22.2.4 - - [04/Jun/2023:18:36:04 -0500] "GET /BLA/boletinlegal/jurisprudencia/analisis/CUADRO%20ANALISIS%20SENTENCIA%20T-411%20DE%201992.doc HTTP/1.1" 200 41984
201.221.172.1 - - [04/Jun/2023:18:37:01 -0500] "GET /sipse/faces/faces/faces/index.xhtml HTTP/1.1" 200 677
201.221.172.1 - - [04/Jun/2023:18:37:02 -0500] "GET /sipse/faces/javax.faces.resource/theme.css?ln=primefaces-sipse HTTP/1.1" 304 -
201.221.172.1 - - [04/Jun/2023:18:37:02 -0500] "GET /sipse/faces/faces/faces/faces/autenticacion.xhtml HTTP/1.1" 200 12178
201.221.172.1 - - [04/Jun/2023:18:37:02 -0500] "GET /sipse/js/disable_browser_buttons.js HTTP/1.1" 200 3230
201.221.172.1 - - [04/Jun/2023:18:37:02 -0500] "GET /sipse/faces/javax.faces.resource/layout/layout.css?ln=primefaces&v=4.0 HTTP/1.1" 304 -
201.221.172.1 - - [04/Jun/2023:18:37:02 -0500] "GET /sipse/css/custom_css_sg_prime_login.css HTTP/1.1" 200 443
201.221.172.1 - - [04/Jun/2023:18:37:02 -0500] "GET /sipse/faces/javax.faces.resource/theme.css?ln=primefaces-sipse HTTP/1.1" 304 -
201.221.172.1 - - [04/Jun/2023:18:37:02 -0500] "GET /sipse/css/custom_css_sg.css HTTP/1.1" 200 9694
201.221.172.1 - - [04/Jun/2023:18:37:02 -0500] "GET /sipse/faces/javax.faces.resource/primefaces.css?ln=primefaces&v=4.0 HTTP/1.1" 304 -
201.221.172.1 - - [04/Jun/2023:18:37:02 -0500] "GET /sipse/faces/javax.faces.resource/layout/layout.js?ln=primefaces&v=4.0 HTTP/1.1" 304 -
201.221.172.1 - - [04/Jun/2023:18:37:02 -0500] "GET /sipse/faces/javax.faces.resource/jquery/jquery.js?ln=primefaces&v=4.0 HTTP/1.1" 304 -
201.221.172.1 - - [04/Jun/2023:18:37:02 -0500] "GET /sipse/faces/javax.faces.resource/primefaces.js?ln=primefaces&v=4.0 HTTP/1.1" 304 -
201.221.172.1 - - [04/Jun/2023:18:37:02 -0500] "GET /sipse/faces/javax.faces.resource/jquery/jquery-plugins.js?ln=primefaces&v=4.0 HTTP/1.1" 304 -
201.221.172.1 - - [04/Jun/2023:18:37:02 -0500] "GET /sipse/js/funciones.js HTTP/1.1" 200 12592
201.221.172.1 - - [04/Jun/2023:18:37:02 -0500] "GET /sipse/faces/javax.faces.resource/images/ui-icons_898989_256x240.png?ln=primefaces-aristo HTTP/1.1" 304 -
201.221.172.1 - - [04/Jun/2023:18:37:02 -0500] "GET /sipse/css/imagen/logoSDG.png HTTP/1.1" 200 53064
201.221.172.1 - - [04/Jun/2023:18:37:02 -0500] "GET /sipse/css/imagen/loginimg.png HTTP/1.1" 200 71635
201.221.172.1 - - [04/Jun/2023:18:37:12 -0500] "POST /sipse/faces/autenticacion.xhtml HTTP/1.1" 200 2221
201.221.172.1 - - [04/Jun/2023:18:37:13 -0500] "GET /sipse/faces/javax.faces.resource/messages/messages.png?ln=primefaces&v=4.0 HTTP/1.1" 304 -
201.221.172.1 - - [04/Jun/2023:18:37:14 -0500] "GET /sipse/faces/javax.faces.resource/images/ui-icons_898989_256x240.png?ln=primefaces-aristo HTTP/1.1" 304 -
201.221.172.1 - - [04/Jun/2023:18:37:14 -0500] "POST /sipse/faces/autenticacion.xhtml HTTP/1.1" 200 18970
201.221.172.1 - - [04/Jun/2023:18:37:15 -0500] "GET /sipse/faces/javax.faces.resource/theme.css?ln=primefaces-sipse HTTP/1.1" 304 -
201.221.172.1 - - [04/Jun/2023:18:37:15 -0500] "GET /sipse/faces/javax.faces.resource/layout/layout.css?ln=primefaces&v=4.0 HTTP/1.1" 304 -
201.221.172.1 - - [04/Jun/2023:18:37:15 -0500] "GET /sipse/faces/javax.faces.resource/primefaces.css?ln=primefaces&v=4.0 HTTP/1.1" 304 -
201.221.172.1 - - [04/Jun/2023:18:37:15 -0500] "GET /sipse/css/custom_css_sg_prime.css HTTP/1.1" 200 5201
201.221.172.1 - - [04/Jun/2023:18:37:15 -0500] "GET /sipse/js/jquery.min.js HTTP/1.1" 200 85582
201.221.172.1 - - [04/Jun/2023:18:37:15 -0500] "GET /sipse/faces/javax.faces.resource/jquery/jquery.js?ln=primefaces&v=4.0 HTTP/1.1" 304 -
201.221.172.1 - - [04/Jun/2023:18:37:15 -0500] "GET /sipse/faces/javax.faces.resource/jquery/jquery-plugins.js?ln=primefaces&v=4.0 HTTP/1.1" 304 -
201.221.172.1 - - [04/Jun/2023:18:37:15 -0500] "GET /sipse/faces/javax.faces.resource/primefaces.js?ln=primefaces&v=4.0 HTTP/1.1" 304 -
201.221.172.1 - - [04/Jun/2023:18:37:15 -0500] "GET /sipse/faces/javax.faces.resource/layout/layout.js?ln=primefaces&v=4.0 HTTP/1.1" 304 -
201.221.172.1 - - [04/Jun/2023:18:37:15 -0500] "GET /sipse/css/v_mergente.css HTTP/1.1" 200 1505
201.221.172.1 - - [04/Jun/2023:18:37:15 -0500] "GET /sipse/css/imagen/contrasena.png HTTP/1.1" 404 383
201.221.172.1 - - [04/Jun/2023:18:37:15 -0500] "GET /sipse/imagenes/cargando.gif HTTP/1.1" 200 36959
201.221.172.1 - - [04/Jun/2023:18:37:15 -0500] "GET /sipse/faces/javax.faces.resource/images/ui-icons_898989_256x240.png?ln=primefaces-aristo HTTP/1.1" 304 -
201.221.172.1 - - [04/Jun/2023:18:37:15 -0500] "GET /sipse/imagenes/logoAplicacion.jpg HTTP/1.1" 200 155084
172.22.2.4 - - [04/Jun/2023:18:37:28 -0500] "GET /BLA/boletinlegal/Circulares/2019/.pdf HTTP/1.1" 404 1218
201.221.172.1 - - [04/Jun/2023:18:37:33 -0500] "GET /sipse/faces/faces/faces/faces/autenticacion.xhtml HTTP/1.1" 200 12184
201.221.172.1 - - [04/Jun/2023:18:37:33 -0500] "GET /sipse/faces/javax.faces.resource/jquery/jquery-plugins.js?ln=primefaces&v=4.0 HTTP/1.1" 304 -
201.221.172.1 - - [04/Jun/2023:18:37:33 -0500] "GET /sipse/faces/javax.faces.resource/theme.css?ln=primefaces-sipse HTTP/1.1" 304 -
201.221.172.1 - - [04/Jun/2023:18:37:33 -0500] "GET /sipse/faces/javax.faces.resource/primefaces.css?ln=primefaces&v=4.0 HTTP/1.1" 304 -
201.221.172.1 - - [04/Jun/2023:18:37:33 -0500] "GET /sipse/faces/javax.faces.resource/jquery/jquery.js?ln=primefaces&v=4.0 HTTP/1.1" 304 -
201.221.172.1 - - [04/Jun/2023:18:37:33 -0500] "GET /sipse/faces/javax.faces.resource/layout/layout.css?ln=primefaces&v=4.0 HTTP/1.1" 304 -
201.221.172.1 - - [04/Jun/2023:18:37:33 -0500] "GET /sipse/faces/javax.faces.resource/layout/layout.js?ln=primefaces&v=4.0 HTTP/1.1" 304 -
201.221.172.1 - - [04/Jun/2023:18:37:33 -0500] "GET /sipse/faces/javax.faces.resource/primefaces.js?ln=primefaces&v=4.0 HTTP/1.1" 304 -
201.221.172.1 - - [04/Jun/2023:18:37:33 -0500] "GET /sipse/faces/javax.faces.resource/images/ui-icons_898989_256x240.png?ln=primefaces-aristo HTTP/1.1" 304 -
172.22.2.4 - - [04/Jun/2023:18:37:37 -0500] "GET /BLA/boletinlegal/Circulares/2012/Circular%20No.%2010%20del%2026%20de%20Enero%20de%202012.pdf HTTP/1.1" 404 1218
201.221.172.1 - - [04/Jun/2023:18:37:41 -0500] "POST /sipse/faces/autenticacion.xhtml HTTP/1.1" 200 2221
201.221.172.1 - - [04/Jun/2023:18:37:41 -0500] "GET /sipse/faces/javax.faces.resource/messages/messages.png?ln=primefaces&v=4.0 HTTP/1.1" 304 -
201.221.172.1 - - [04/Jun/2023:18:37:43 -0500] "GET /sipse/faces/javax.faces.resource/images/ui-icons_898989_256x240.png?ln=primefaces-aristo HTTP/1.1" 304 -
201.221.172.1 - - [04/Jun/2023:18:37:43 -0500] "POST /sipse/faces/autenticacion.xhtml HTTP/1.1" 200 18970
201.221.172.1 - - [04/Jun/2023:18:37:43 -0500] "GET /sipse/faces/javax.faces.resource/primefaces.css?ln=primefaces&v=4.0 HTTP/1.1" 304 -
201.221.172.1 - - [04/Jun/2023:18:37:43 -0500] "GET /sipse/faces/javax.faces.resource/theme.css?ln=primefaces-sipse HTTP/1.1" 304 -
201.221.172.1 - - [04/Jun/2023:18:37:43 -0500] "GET /sipse/faces/javax.faces.resource/layout/layout.css?ln=primefaces&v=4.0 HTTP/1.1" 304 -
201.221.172.1 - - [04/Jun/2023:18:37:43 -0500] "GET /sipse/faces/javax.faces.resource/jquery/jquery.js?ln=primefaces&v=4.0 HTTP/1.1" 304 -
201.221.172.1 - - [04/Jun/2023:18:37:43 -0500] "GET /sipse/faces/javax.faces.resource/jquery/jquery-plugins.js?ln=primefaces&v=4.0 HTTP/1.1" 304 -
201.221.172.1 - - [04/Jun/2023:18:37:43 -0500] "GET /sipse/faces/javax.faces.resource/primefaces.js?ln=primefaces&v=4.0 HTTP/1.1" 304 -
201.221.172.1 - - [04/Jun/2023:18:37:43 -0500] "GET /sipse/faces/javax.faces.resource/layout/layout.js?ln=primefaces&v=4.0 HTTP/1.1" 304 -
201.221.172.1 - - [04/Jun/2023:18:37:43 -0500] "GET /sipse/faces/javax.faces.resource/images/ui-icons_898989_256x240.png?ln=primefaces-aristo HTTP/1.1" 304 -
40.77.167.205 - - [04/Jun/2023:18:37:44 -0500] "GET /portaldeninos/2021/05/21/2070/ HTTP/1.1" 200 109949
191.156.191.41 - - [04/Jun/2023:18:37:49 -0500] "GET /sipse/js/disable_browser_buttons.js HTTP/1.1" 200 3230
191.156.181.211 - - [04/Jun/2023:18:37:49 -0500] "GET /sipse/css/custom_css_sg.css HTTP/1.1" 200 9694
191.156.190.7 - - [04/Jun/2023:18:37:49 -0500] "GET /sipse/js/funciones.js HTTP/1.1" 200 12592
191.156.191.41 - - [04/Jun/2023:18:37:49 -0500] "GET /sipse/css/custom_css_sg_prime_login.css HTTP/1.1" 200 443
191.156.191.41 - - [04/Jun/2023:18:37:49 -0500] "GET /sipse/faces/javax.faces.resource/theme.css?ln=primefaces-sipse HTTP/1.1" 304 -
191.156.190.7 - - [04/Jun/2023:18:37:49 -0500] "GET /sipse/faces/javax.faces.resource/primefaces.css?ln=primefaces&v=4.0 HTTP/1.1" 304 -
191.156.191.41 - - [04/Jun/2023:18:37:49 -0500] "GET /sipse/faces/javax.faces.resource/layout/layout.css?ln=primefaces&v=4.0 HTTP/1.1" 304 -
191.156.190.7 - - [04/Jun/2023:18:37:49 -0500] "GET /sipse/faces/javax.faces.resource/jquery/jquery.js?ln=primefaces&v=4.0 HTTP/1.1" 304 -
191.156.190.7 - - [04/Jun/2023:18:37:49 -0500] "GET /sipse/faces/javax.faces.resource/jquery/jquery-plugins.js?ln=primefaces&v=4.0 HTTP/1.1" 304 -
191.156.191.41 - - [04/Jun/2023:18:37:49 -0500] "GET /sipse/faces/javax.faces.resource/primefaces.js?ln=primefaces&v=4.0 HTTP/1.1" 304 -
191.156.181.211 - - [04/Jun/2023:18:37:49 -0500] "GET /sipse/faces/javax.faces.resource/layout/layout.js?ln=primefaces&v=4.0 HTTP/1.1" 304 -
191.156.190.7 - - [04/Jun/2023:18:37:49 -0500] "GET /sipse/faces/javax.faces.resource/images/ui-icons_898989_256x240.png?ln=primefaces-aristo HTTP/1.1" 304 -
191.156.191.41 - - [04/Jun/2023:18:37:49 -0500] "GET /sipse/css/imagen/loginimg.png HTTP/1.1" 200 71635
191.156.181.211 - - [04/Jun/2023:18:37:49 -0500] "GET /sipse/css/imagen/logoSDG.png HTTP/1.1" 200 53064
191.156.181.211 - - [04/Jun/2023:18:37:50 -0500] "GET /sipse/faces/faces/faces/index.xhtml HTTP/1.1" 200 677
191.156.181.211 - - [04/Jun/2023:18:37:51 -0500] "GET /sipse/faces/javax.faces.resource/theme.css?ln=primefaces-sipse HTTP/1.1" 304 -
191.156.181.211 - - [04/Jun/2023:18:37:51 -0500] "GET /sipse/faces/faces/faces/faces/autenticacion.xhtml HTTP/1.1" 200 12178
191.156.181.211 - - [04/Jun/2023:18:37:51 -0500] "GET /sipse/faces/javax.faces.resource/theme.css?ln=primefaces-sipse HTTP/1.1" 304 -
191.156.191.41 - - [04/Jun/2023:18:37:51 -0500] "GET /sipse/faces/javax.faces.resource/primefaces.css?ln=primefaces&v=4.0 HTTP/1.1" 304 -
191.156.190.7 - - [04/Jun/2023:18:37:51 -0500] "GET /sipse/faces/javax.faces.resource/layout/layout.css?ln=primefaces&v=4.0 HTTP/1.1" 304 -
191.156.186.1 - - [04/Jun/2023:18:37:51 -0500] "GET /sipse/faces/javax.faces.resource/jquery/jquery.js?ln=primefaces&v=4.0 HTTP/1.1" 304 -
191.156.190.7 - - [04/Jun/2023:18:37:51 -0500] "GET /sipse/faces/javax.faces.resource/primefaces.js?ln=primefaces&v=4.0 HTTP/1.1" 304 -
191.156.191.41 - - [04/Jun/2023:18:37:51 -0500] "GET /sipse/faces/javax.faces.resource/jquery/jquery-plugins.js?ln=primefaces&v=4.0 HTTP/1.1" 304 -
191.156.176.49 - - [04/Jun/2023:18:37:51 -0500] "GET /sipse/faces/javax.faces.resource/layout/layout.js?ln=primefaces&v=4.0 HTTP/1.1" 304 -
216.245.221.92 - - [04/Jun/2023:18:37:57 -0500] "HEAD / HTTP/1.1" 200 -
172.22.2.4 - - [04/Jun/2023:18:36:35 -0500] "HEAD /BLA/boletinlegal/ HTTP/1.1" 200 -
201.221.172.1 - - [04/Jun/2023:18:38:18 -0500] "GET /sipse/faces/javax.faces.resource/images/ui-icons_898989_256x240.png?ln=primefaces-aristo HTTP/1.1" 304 -
201.245.192.253 - - [04/Jun/2023:18:38:26 -0500] "POST /kwsrmcab/Wsrmcab HTTP/1.1" 200 43958
201.245.192.253 - - [04/Jun/2023:18:38:29 -0500] "POST /kwsrmcab/Wsrmcab HTTP/1.1" 200 43787
167.0.144.135 - - [04/Jun/2023:18:39:03 -0500] "GET /manos-reparadoras-protagonistas-en-la-segunda-feria-de-moda-sostenible.html HTTP/1.1" 200 774
172.22.2.4 - - [04/Jun/2023:18:37:25 -0500] "GET /BLA/boletinlegal/ HTTP/1.1" 200 52730
201.245.192.253 - - [04/Jun/2023:18:39:28 -0500] "POST /kwsrmcab/Wsrmcab  HTTP/1.1" 200 43202
152.203.251.43 - - [04/Jun/2023:18:41:51 -0500] "GET /BLA/resoluciones/ HTTP/1.1" 200 13502
152.203.251.43 - - [04/Jun/2023:18:41:55 -0500] "GET /BLA/resoluciones/index.php?dir=AUTOS+2015%2F HTTP/1.1" 200 582538
173.252.111.1 - - [04/Jun/2023:18:42:07 -0500] "GET /manos-reparadoras-protagonistas-en-la-segunda-feria-de-moda-sostenible.html HTTP/1.1" 206 774
173.252.111.17 - - [04/Jun/2023:18:42:11 -0500] "GET /manos-reparadoras-protagonistas-en-la-segunda-feria-de-moda-sostenible.html HTTP/1.1" 206 774
173.252.83.5 - - [04/Jun/2023:18:42:13 -0500] "GET /images/cr\xc3\xb3nica-29-nov-1_optimized.jpeg HTTP/1.1" 404 1034
216.245.221.92 - - [04/Jun/2023:18:42:57 -0500] "HEAD / HTTP/1.1" 200 -
181.53.12.70 - - [04/Jun/2023:18:43:07 -0500] "GET /sipse/faces/faces/autenticacion.xhtml HTTP/1.1" 200 12500
181.53.12.70 - - [04/Jun/2023:18:43:08 -0500] "GET /sipse/js/disable_browser_buttons.js HTTP/1.1" 200 3230
181.53.12.70 - - [04/Jun/2023:18:43:08 -0500] "GET /sipse/js/funciones.js HTTP/1.1" 200 12592
181.53.12.70 - - [04/Jun/2023:18:43:08 -0500] "GET /sipse/css/custom_css_sg_prime_login.css HTTP/1.1" 200 443
181.53.12.70 - - [04/Jun/2023:18:43:08 -0500] "GET /sipse/css/custom_css_sg.css HTTP/1.1" 200 9694
181.53.12.70 - - [04/Jun/2023:18:43:08 -0500] "GET /sipse/faces/javax.faces.resource/theme.css?ln=primefaces-sipse HTTP/1.1" 304 -
181.53.12.70 - - [04/Jun/2023:18:43:08 -0500] "GET /sipse/faces/javax.faces.resource/layout/layout.css;jsessionid=4Se5ZtGWx9wvZU7RXF3BdwK7.undefined?ln=primefaces&v=4.0 HTTP/1.1" 200 542
181.53.12.70 - - [04/Jun/2023:18:43:08 -0500] "GET /sipse/faces/javax.faces.resource/primefaces.css;jsessionid=4Se5ZtGWx9wvZU7RXF3BdwK7.undefined?ln=primefaces&v=4.0 HTTP/1.1" 200 53295
181.53.12.70 - - [04/Jun/2023:18:43:08 -0500] "GET /sipse/faces/javax.faces.resource/layout/layout.js;jsessionid=4Se5ZtGWx9wvZU7RXF3BdwK7.undefined?ln=primefaces&v=4.0 HTTP/1.1" 200 87560
181.53.12.70 - - [04/Jun/2023:18:43:08 -0500] "GET /sipse/faces/javax.faces.resource/jquery/jquery.js;jsessionid=4Se5ZtGWx9wvZU7RXF3BdwK7.undefined?ln=primefaces&v=4.0 HTTP/1.1" 200 105384
181.53.12.70 - - [04/Jun/2023:18:43:08 -0500] "GET /sipse/faces/javax.faces.resource/primefaces.js;jsessionid=4Se5ZtGWx9wvZU7RXF3BdwK7.undefined?ln=primefaces&v=4.0 HTTP/1.1" 200 276924
181.53.12.70 - - [04/Jun/2023:18:43:08 -0500] "GET /sipse/faces/javax.faces.resource/jquery/jquery-plugins.js;jsessionid=4Se5ZtGWx9wvZU7RXF3BdwK7.undefined?ln=primefaces&v=4.0 HTTP/1.1" 200 220526
181.53.12.70 - - [04/Jun/2023:18:43:09 -0500] "GET /sipse/faces/javax.faces.resource/images/ui-icons_898989_256x240.png?ln=primefaces-aristo HTTP/1.1" 200 5355
181.53.12.70 - - [04/Jun/2023:18:43:09 -0500] "GET /sipse/css/imagen/logoSDG.png HTTP/1.1" 200 53064
181.53.12.70 - - [04/Jun/2023:18:43:09 -0500] "GET /sipse/css/imagen/loginimg.png HTTP/1.1" 200 71635
181.53.12.70 - - [04/Jun/2023:18:43:09 -0500] "GET /favicon.ico HTTP/1.1" 200 7782
181.53.12.70 - - [04/Jun/2023:18:43:09 -0500] "GET /sipse/faces/faces/index.xhtml HTTP/1.1" 200 677
181.53.12.70 - - [04/Jun/2023:18:43:09 -0500] "GET /sipse/faces/javax.faces.resource/theme.css?ln=primefaces-sipse HTTP/1.1" 304 -
181.53.12.70 - - [04/Jun/2023:18:43:10 -0500] "GET /sipse/faces/faces/faces/autenticacion.xhtml HTTP/1.1" 200 12178
181.53.12.70 - - [04/Jun/2023:18:43:10 -0500] "GET /sipse/faces/javax.faces.resource/theme.css?ln=primefaces-sipse HTTP/1.1" 304 -
181.53.12.70 - - [04/Jun/2023:18:43:10 -0500] "GET /sipse/faces/javax.faces.resource/primefaces.css?ln=primefaces&v=4.0 HTTP/1.1" 304 -
181.53.12.70 - - [04/Jun/2023:18:43:10 -0500] "GET /sipse/faces/javax.faces.resource/layout/layout.css?ln=primefaces&v=4.0 HTTP/1.1" 304 -
181.53.12.70 - - [04/Jun/2023:18:43:10 -0500] "GET /sipse/faces/javax.faces.resource/jquery/jquery.js?ln=primefaces&v=4.0 HTTP/1.1" 304 -
181.53.12.70 - - [04/Jun/2023:18:43:10 -0500] "GET /sipse/faces/javax.faces.resource/jquery/jquery-plugins.js?ln=primefaces&v=4.0 HTTP/1.1" 304 -
181.53.12.70 - - [04/Jun/2023:18:43:10 -0500] "GET /sipse/faces/javax.faces.resource/primefaces.js?ln=primefaces&v=4.0 HTTP/1.1" 304 -
181.53.12.70 - - [04/Jun/2023:18:43:10 -0500] "GET /sipse/faces/javax.faces.resource/layout/layout.js?ln=primefaces&v=4.0 HTTP/1.1" 304 -
181.53.12.70 - - [04/Jun/2023:18:43:10 -0500] "GET /sipse/faces/javax.faces.resource/images/ui-icons_898989_256x240.png?ln=primefaces-aristo HTTP/1.1" 304 -
181.53.12.70 - - [04/Jun/2023:18:43:19 -0500] "POST /sipse/faces/autenticacion.xhtml HTTP/1.1" 200 18799
181.53.12.70 - - [04/Jun/2023:18:43:19 -0500] "GET /sipse/css/custom_css_sg_prime.css HTTP/1.1" 304 -
181.53.12.70 - - [04/Jun/2023:18:43:19 -0500] "GET /sipse/js/jquery.min.js HTTP/1.1" 304 -
181.53.12.70 - - [04/Jun/2023:18:43:19 -0500] "GET /sipse/faces/javax.faces.resource/jquery/jquery.js?ln=primefaces&v=4.0 HTTP/1.1" 304 -
181.53.12.70 - - [04/Jun/2023:18:43:19 -0500] "GET /sipse/faces/javax.faces.resource/jquery/jquery-plugins.js?ln=primefaces&v=4.0 HTTP/1.1" 304 -
181.53.12.70 - - [04/Jun/2023:18:43:19 -0500] "GET /sipse/faces/javax.faces.resource/primefaces.js?ln=primefaces&v=4.0 HTTP/1.1" 304 -
181.53.12.70 - - [04/Jun/2023:18:43:19 -0500] "GET /sipse/faces/javax.faces.resource/layout/layout.js?ln=primefaces&v=4.0 HTTP/1.1" 304 -
181.53.12.70 - - [04/Jun/2023:18:43:19 -0500] "GET /sipse/imagenes/logoAplicacion.jpg HTTP/1.1" 304 -
181.53.12.70 - - [04/Jun/2023:18:43:19 -0500] "GET /sipse/imagenes/cargando.gif HTTP/1.1" 304 -
181.53.12.70 - - [04/Jun/2023:18:43:19 -0500] "GET /sipse/css/v_mergente.css HTTP/1.1" 304 -
181.53.12.70 - - [04/Jun/2023:18:43:19 -0500] "GET /sipse/css/imagen/contrasena.png HTTP/1.1" 404 383
181.53.12.70 - - [04/Jun/2023:18:43:19 -0500] "GET /sipse/faces/javax.faces.resource/messages/messages.png?ln=primefaces&v=4.0 HTTP/1.1" 304 -
181.53.12.70 - - [04/Jun/2023:18:43:22 -0500] "GET /sipse/faces/javax.faces.resource/images/ui-bg_flat_0_2d5972_40x100.png?ln=primefaces-aristo HTTP/1.1" 304 -
181.53.12.70 - - [04/Jun/2023:18:43:22 -0500] "POST /sipse/faces/bienvenido.xhtml HTTP/1.1" 200 3182
3.140.11.254 - - [04/Jun/2023:18:43:27 -0500] "HEAD /secretaria-de-ambiente-carnetizo-a-87-miembros-del-programa-de-voluntariado-ambiental.html HTTP/1.1" 200 -
181.53.12.70 - - [04/Jun/2023:18:43:32 -0500] "POST /sipse/faces/bienvenido.xhtml HTTP/1.1" 200 2075
181.53.12.70 - - [04/Jun/2023:18:43:33 -0500] "POST /sipse/faces/bienvenido.xhtml HTTP/1.1" 200 63500
181.53.12.70 - - [04/Jun/2023:18:43:34 -0500] "GET /sipse/faces/javax.faces.resource/jquery/jquery.js?ln=primefaces&v=4.0 HTTP/1.1" 304 -
181.53.12.70 - - [04/Jun/2023:18:43:34 -0500] "GET /sipse/faces/javax.faces.resource/jquery/jquery-plugins.js?ln=primefaces&v=4.0 HTTP/1.1" 304 -
181.53.12.70 - - [04/Jun/2023:18:43:34 -0500] "GET /sipse/faces/javax.faces.resource/primefaces.js?ln=primefaces&v=4.0 HTTP/1.1" 304 -
181.53.12.70 - - [04/Jun/2023:18:43:35 -0500] "GET /sipse/faces/javax.faces.resource/layout/layout.js?ln=primefaces&v=4.0 HTTP/1.1" 304 -
181.53.12.70 - - [04/Jun/2023:18:43:35 -0500] "POST /sipse/faces/presentacion/financiero/solicitudProceso/listarSolicitudProceso.xhtml HTTP/1.1" 200 1556
181.53.12.70 - - [04/Jun/2023:18:43:43 -0500] "POST /sipse/faces/presentacion/financiero/solicitudProceso/listarSolicitudProceso.xhtml HTTP/1.1" 200 4727
181.53.12.70 - - [04/Jun/2023:18:43:50 -0500] "POST /sipse/faces/presentacion/financiero/solicitudProceso/listarSolicitudProceso.xhtml HTTP/1.1" 200 146864
181.53.12.70 - - [04/Jun/2023:18:43:52 -0500] "GET /sipse/faces/javax.faces.resource/jquery/jquery.js?ln=primefaces&v=4.0 HTTP/1.1" 304 -
181.53.12.70 - - [04/Jun/2023:18:43:52 -0500] "GET /sipse/faces/javax.faces.resource/jquery/jquery-plugins.js?ln=primefaces&v=4.0 HTTP/1.1" 304 -
181.53.12.70 - - [04/Jun/2023:18:43:52 -0500] "GET /sipse/faces/javax.faces.resource/primefaces.js?ln=primefaces&v=4.0 HTTP/1.1" 304 -
181.53.12.70 - - [04/Jun/2023:18:43:52 -0500] "GET /sipse/faces/javax.faces.resource/layout/layout.js?ln=primefaces&v=4.0 HTTP/1.1" 304 -
181.53.12.70 - - [04/Jun/2023:18:44:01 -0500] "POST /sipse/faces/presentacion/financiero/solicitudProceso/consultarSolicitudProceso.xhtml HTTP/1.1" 200 22872
181.53.12.70 - - [04/Jun/2023:18:44:01 -0500] "GET /sipse/faces/javax.faces.resource/theme.css?ln=primefaces-sipse HTTP/1.1" 304 -
181.53.12.70 - - [04/Jun/2023:18:44:01 -0500] "GET /sipse/faces/javax.faces.resource/primefaces.css?ln=primefaces&v=4.0 HTTP/1.1" 304 -
181.53.12.70 - - [04/Jun/2023:18:44:01 -0500] "GET /sipse/faces/javax.faces.resource/layout/layout.css?ln=primefaces&v=4.0 HTTP/1.1" 304 -
181.53.12.70 - - [04/Jun/2023:18:44:01 -0500] "GET /sipse/faces/javax.faces.resource/jquery/jquery.js?ln=primefaces&v=4.0 HTTP/1.1" 304 -
181.53.12.70 - - [04/Jun/2023:18:44:01 -0500] "GET /sipse/faces/javax.faces.resource/primefaces.js?ln=primefaces&v=4.0 HTTP/1.1" 304 -
181.53.12.70 - - [04/Jun/2023:18:44:01 -0500] "GET /sipse/faces/javax.faces.resource/jquery/jquery-plugins.js?ln=primefaces&v=4.0 HTTP/1.1" 304 -
181.53.12.70 - - [04/Jun/2023:18:44:01 -0500] "GET /sipse/faces/javax.faces.resource/layout/layout.js?ln=primefaces&v=4.0 HTTP/1.1" 304 -
181.53.12.70 - - [04/Jun/2023:18:44:01 -0500] "GET /sipse/faces/javax.faces.resource/images/ui-icons_898989_256x240.png?ln=primefaces-aristo HTTP/1.1" 304 -
172.22.2.4 - - [04/Jun/2023:18:42:25 -0500] "HEAD /BLA/boletinlegal/ HTTP/1.1" 200 -
181.53.12.70 - - [04/Jun/2023:18:44:08 -0500] "GET /sipse/faces/javax.faces.resource/theme.css?ln=primefaces-sipse HTTP/1.1" 304 -
181.53.12.70 - - [04/Jun/2023:18:44:08 -0500] "GET /sipse/faces/javax.faces.resource/layout/layout.css?ln=primefaces&v=4.0 HTTP/1.1" 304 -
181.53.12.70 - - [04/Jun/2023:18:44:08 -0500] "GET /sipse/faces/javax.faces.resource/primefaces.css?ln=primefaces&v=4.0 HTTP/1.1" 304 -
181.53.12.70 - - [04/Jun/2023:18:44:08 -0500] "GET /sipse/faces/javax.faces.resource/jquery/jquery.js?ln=primefaces&v=4.0 HTTP/1.1" 304 -
181.53.12.70 - - [04/Jun/2023:18:44:08 -0500] "GET /sipse/faces/javax.faces.resource/jquery/jquery-plugins.js?ln=primefaces&v=4.0 HTTP/1.1" 304 -
181.53.12.70 - - [04/Jun/2023:18:44:08 -0500] "GET /sipse/faces/javax.faces.resource/primefaces.js?ln=primefaces&v=4.0 HTTP/1.1" 304 -
181.53.12.70 - - [04/Jun/2023:18:44:08 -0500] "GET /sipse/faces/javax.faces.resource/layout/layout.js?ln=primefaces&v=4.0 HTTP/1.1" 304 -
181.53.12.70 - - [04/Jun/2023:18:44:08 -0500] "GET /sipse/faces/javax.faces.resource/images/ui-icons_898989_256x240.png?ln=primefaces-aristo HTTP/1.1" 304 -
181.53.12.70 - - [04/Jun/2023:18:44:08 -0500] "POST /sipse/faces/presentacion/financiero/solicitudProceso/registrarAnotacion.xhtml HTTP/1.1" 200 192658
181.53.12.70 - - [04/Jun/2023:18:44:19 -0500] "POST /sipse/faces/presentacion/financiero/solicitudProceso/consultarSolicitudProceso.xhtml HTTP/1.1" 200 37427
181.53.12.70 - - [04/Jun/2023:18:44:20 -0500] "GET /sipse/faces/javax.faces.resource/theme.css?ln=primefaces-sipse HTTP/1.1" 304 -
181.53.12.70 - - [04/Jun/2023:18:44:20 -0500] "GET /sipse/faces/javax.faces.resource/primefaces.css?ln=primefaces&v=4.0 HTTP/1.1" 304 -
181.53.12.70 - - [04/Jun/2023:18:44:20 -0500] "GET /sipse/faces/javax.faces.resource/jquery/jquery.js?ln=primefaces&v=4.0 HTTP/1.1" 304 -
181.53.12.70 - - [04/Jun/2023:18:44:20 -0500] "GET /sipse/faces/javax.faces.resource/layout/layout.css?ln=primefaces&v=4.0 HTTP/1.1" 304 -
181.53.12.70 - - [04/Jun/2023:18:44:20 -0500] "GET /sipse/faces/javax.faces.resource/jquery/jquery-plugins.js?ln=primefaces&v=4.0 HTTP/1.1" 304 -
181.53.12.70 - - [04/Jun/2023:18:44:20 -0500] "GET /sipse/faces/javax.faces.resource/primefaces.js?ln=primefaces&v=4.0 HTTP/1.1" 304 -
181.53.12.70 - - [04/Jun/2023:18:44:20 -0500] "GET /sipse/faces/javax.faces.resource/layout/layout.js?ln=primefaces&v=4.0 HTTP/1.1" 304 -
181.53.12.70 - - [04/Jun/2023:18:44:20 -0500] "GET /sipse/faces/javax.faces.resource/images/ui-icons_898989_256x240.png?ln=primefaces-aristo HTTP/1.1" 304 -
201.245.192.253 - - [04/Jun/2023:18:44:27 -0500] "POST /kwsrmcab/Wsrmcab  HTTP/1.1" 200 43202
172.22.2.4 - - [04/Jun/2023:18:43:15 -0500] "GET /BLA/boletinlegal/ HTTP/1.1" 200 59306
181.53.12.70 - - [04/Jun/2023:18:46:50 -0500] "GET /sipse/faces/javax.faces.resource/theme.css?ln=primefaces-sipse HTTP/1.1" 304 -
181.53.12.70 - - [04/Jun/2023:18:46:50 -0500] "GET /sipse/faces/javax.faces.resource/layout/layout.css?ln=primefaces&v=4.0 HTTP/1.1" 304 -
181.53.12.70 - - [04/Jun/2023:18:46:50 -0500] "GET /sipse/faces/javax.faces.resource/jquery/jquery-plugins.js?ln=primefaces&v=4.0 HTTP/1.1" 304 -
181.53.12.70 - - [04/Jun/2023:18:46:50 -0500] "GET /sipse/faces/javax.faces.resource/primefaces.css?ln=primefaces&v=4.0 HTTP/1.1" 304 -
181.53.12.70 - - [04/Jun/2023:18:46:50 -0500] "GET /sipse/faces/javax.faces.resource/primefaces.js?ln=primefaces&v=4.0 HTTP/1.1" 304 -
181.53.12.70 - - [04/Jun/2023:18:46:50 -0500] "GET /sipse/faces/javax.faces.resource/jquery/jquery.js?ln=primefaces&v=4.0 HTTP/1.1" 304 -
181.53.12.70 - - [04/Jun/2023:18:46:50 -0500] "GET /sipse/faces/javax.faces.resource/layout/layout.js?ln=primefaces&v=4.0 HTTP/1.1" 304 -
181.53.12.70 - - [04/Jun/2023:18:46:50 -0500] "GET /sipse/faces/javax.faces.resource/images/ui-icons_898989_256x240.png?ln=primefaces-aristo HTTP/1.1" 304 -
181.53.12.70 - - [04/Jun/2023:18:46:49 -0500] "POST /sipse/faces/presentacion/financiero/solicitudProceso/consultarHistorialSolProceso.xhtml HTTP/1.1" 200 192658
216.245.221.92 - - [04/Jun/2023:18:47:57 -0500] "HEAD / HTTP/1.1" 200 -
3.140.11.254 - - [04/Jun/2023:18:48:00 -0500] "HEAD /distrito-declara-alerta-preventiva-en-el-suroccidente-de-la-ciudad-por-mala-calidad-del-aire.html HTTP/1.1" 200 -
40.77.167.97 - - [04/Jun/2023:18:48:50 -0500] "GET /BLA/resoluciones/AUTOS%202021/2198.pdf HTTP/1.1" 200 358673
201.245.192.253 - - [04/Jun/2023:18:49:26 -0500] "POST /kwsrmcab/Wsrmcab  HTTP/1.1" 200 43202
172.22.2.4 - - [04/Jun/2023:18:48:15 -0500] "HEAD /BLA/boletinlegal/ HTTP/1.1" 200 -
172.22.2.4 - - [04/Jun/2023:18:49:56 -0500] "GET /BLA/boletinlegal/_ignition/execute-solution HTTP/1.1" 404 1018
172.22.2.4 - - [04/Jun/2023:18:49:05 -0500] "GET /BLA/boletinlegal/ HTTP/1.1" 200 57151
216.245.221.92 - - [04/Jun/2023:18:52:57 -0500] "HEAD / HTTP/1.1" 200 -
201.245.192.253 - - [04/Jun/2023:18:54:25 -0500] "POST /kwsrmcab/Wsrmcab  HTTP/1.1" 200 43202
69.171.231.117 - - [04/Jun/2023:18:54:47 -0500] "GET /images/mercados-campesinos-5-mayo.jpg HTTP/1.1" 200 95848
40.77.167.97 - - [04/Jun/2023:18:55:27 -0500] "GET /galeria/galeria/jquery.fancybox.js?v=2.1.5 HTTP/1.1" 200 48706
190.24.73.188 - - [04/Jun/2023:18:55:28 -0500] "GET /BLA/resoluciones/index.php?dir=AUTOS+2020%2F HTTP/1.1" 200 328775
172.22.2.4 - - [04/Jun/2023:18:54:05 -0500] "HEAD /BLA/boletinlegal/ HTTP/1.1" 200 -
172.22.2.4 - - [04/Jun/2023:18:54:55 -0500] "GET /BLA/boletinlegal/ HTTP/1.1" 200 52326
190.25.121.128 - - [04/Jun/2023:18:56:48 -0500] "GET /en-junio-conectate-con-la-naturaleza-y-el-medioambiente-a-traves-de-estas-caminatas-ecologicas.html HTTP/1.1" 200 900
216.245.221.92 - - [04/Jun/2023:18:57:57 -0500] "HEAD / HTTP/1.1" 200 -
201.245.192.253 - - [04/Jun/2023:18:59:24 -0500] "POST /kwsrmcab/Wsrmcab  HTTP/1.1" 200 43202
173.252.107.18 - - [04/Jun/2023:19:00:48 -0500] "GET /secretaria-de-ambiente-sensibiliza-a-ciudadanos-sobre-la-importancia-de-proteger-la-fauna-silvestre.html HTTP/1.1" 200 819
157.55.39.239 - - [04/Jun/2023:19:01:02 -0500] "GET /BLA/resoluciones/AUTOS%202021/1899.pdf HTTP/1.1" 304 -
172.22.2.4 - - [04/Jun/2023:18:59:55 -0500] "HEAD /BLA/boletinlegal/ HTTP/1.1" 200 -
157.55.39.239 - - [04/Jun/2023:19:02:22 -0500] "GET /sia/ HTTP/1.1" 304 -
172.22.2.4 - - [04/Jun/2023:19:00:45 -0500] "GET /BLA/boletinlegal/ HTTP/1.1" 200 59306
173.252.95.12 - - [04/Jun/2023:19:02:34 -0500] "GET /images/Junio%2002-experiencias-jardines-verticales-sda.jpeg HTTP/1.1" 200 31171
216.245.221.92 - - [04/Jun/2023:19:02:57 -0500] "HEAD / HTTP/1.1" 200 -
201.245.192.253 - - [04/Jun/2023:19:04:22 -0500] "POST /kwsrmcab/Wsrmcab  HTTP/1.1" 200 43202
190.60.33.173 - - [04/Jun/2023:19:05:57 -0500] "GET /mujeres-que-reverdecen-secretaria-de-ambiente-anuncia-300-cupos-para-la-tercera-fase-del-programa.html HTTP/1.1" 200 823
172.22.2.4 - - [04/Jun/2023:19:05:45 -0500] "HEAD /BLA/boletinlegal/ HTTP/1.1" 200 -
40.77.167.97 - - [04/Jun/2023:19:07:51 -0500] "GET /BLA/resoluciones/AUTOS%202010/4476.pdf HTTP/1.1" 304 -
216.245.221.92 - - [04/Jun/2023:19:07:56 -0500] "HEAD / HTTP/1.1" 200 -
172.22.2.4 - - [04/Jun/2023:19:06:35 -0500] "GET /BLA/boletinlegal/ HTTP/1.1" 200 58307
157.55.39.239 - - [04/Jun/2023:19:09:03 -0500] "GET /forest/ HTTP/1.1" 200 12041
201.245.192.253 - - [04/Jun/2023:19:09:22 -0500] "POST /kwsrmcab/Wsrmcab  HTTP/1.1" 200 43202
172.22.2.4 - - [04/Jun/2023:19:09:24 -0500] "GET /BLA/boletinlegal/images/arr_r.jpg HTTP/1.1" 200 1998
172.22.2.4 - - [04/Jun/2023:19:09:24 -0500] "GET /BLA/boletinlegal/images/screen_2.png HTTP/1.1" 200 362502
172.22.2.4 - - [04/Jun/2023:19:09:24 -0500] "GET /BLA/boletinlegal/images/screen_3.png HTTP/1.1" 200 210620
172.22.2.4 - - [04/Jun/2023:19:09:24 -0500] "GET /BLA/boletinlegal/images/screen_5.png HTTP/1.1" 200 368876
172.22.2.4 - - [04/Jun/2023:19:09:38 -0500] "GET /BLA/boletinlegal/actos.php HTTP/1.1" 200 9682
186.29.33.64 - - [04/Jun/2023:19:09:40 -0500] "GET /BLA/resoluciones/ HTTP/1.1" 200 13502
186.29.33.64 - - [04/Jun/2023:19:09:43 -0500] "GET /BLA/resoluciones/index.php?dir=AUTOS+2022%2F HTTP/1.1" 200 496555
172.22.2.4 - - [04/Jun/2023:19:09:17 -0500] "GET /BLA/boletinlegal/ HTTP/1.1" 200 36811
3.140.11.254 - - [04/Jun/2023:19:10:25 -0500] "HEAD /por-un-corazon-mas-verde-del-1-al-9-de-junio-se-celebrara-la-semana-ambiental-2023-en-bogota.html HTTP/1.1" 200 -
173.252.107.11 - - [04/Jun/2023:19:10:28 -0500] "GET /images/manos-reparadoras-plaza-americas-1.jpg HTTP/1.1" 200 47593
191.95.129.207 - - [04/Jun/2023:19:11:34 -0500] "GET /en-junio-conectate-con-la-naturaleza-y-el-medioambiente-a-traves-de-estas-caminatas-ecologicas.html HTTP/1.1" 200 900
173.252.127.15 - - [04/Jun/2023:19:12:40 -0500] "GET /moda-circular-manos-reparadoras-la-estrategia-del-distrito-para-restaurar-prendas-usadas.html HTTP/1.1" 200 901
216.245.221.92 - - [04/Jun/2023:19:12:57 -0500] "HEAD / HTTP/1.1" 200 -
172.22.2.4 - - [04/Jun/2023:19:11:35 -0500] "HEAD /BLA/boletinlegal/ HTTP/1.1" 200 -
3.140.11.254 - - [04/Jun/2023:19:13:21 -0500] "HEAD /en-junio-conectate-con-la-naturaleza-y-el-medioambiente-a-traves-de-estas-caminatas-ecologicas.html HTTP/1.1" 200 -
172.22.2.4 - - [04/Jun/2023:19:12:25 -0500] "GET /BLA/boletinlegal/ HTTP/1.1" 200 59306
201.245.192.253 - - [04/Jun/2023:19:14:21 -0500] "POST /kwsrmcab/Wsrmcab  HTTP/1.1" 200 43202
40.77.167.97 - - [04/Jun/2023:19:17:11 -0500] "GET /BLA/resoluciones/RESOLUCIONES%202012/1753.pdf HTTP/1.1" 200 451690
66.249.70.170 - - [04/Jun/2023:19:17:40 -0500] "GET /si-tienes-ropa-y-calzado-que-ya-no-usas-aca-te-presentamos-seis-puntos-a-donde-los-puedes-llevar.html HTTP/1.1" 200 872
66.249.70.172 - - [04/Jun/2023:19:17:41 -0500] "GET /los-pies-descalzos-que-recorrieron-chinavita-boyaca-y-que-hoy-siembran-esperanza-en-bogota.html HTTP/1.1" 200 802
216.245.221.92 - - [04/Jun/2023:19:17:57 -0500] "HEAD / HTTP/1.1" 200 -
201.245.192.253 - - [04/Jun/2023:19:18:25 -0500] "POST /kwsrmcab/Wsrmcab HTTP/1.1" 200 43935
201.245.192.253 - - [04/Jun/2023:19:18:28 -0500] "POST /kwsrmcab/Wsrmcab HTTP/1.1" 200 43798
172.22.2.4 - - [04/Jun/2023:19:17:25 -0500] "HEAD /BLA/boletinlegal/ HTTP/1.1" 200 -
201.245.192.253 - - [04/Jun/2023:19:19:20 -0500] "POST /kwsrmcab/Wsrmcab  HTTP/1.1" 200 43202
172.22.2.4 - - [04/Jun/2023:19:18:15 -0500] "GET /BLA/boletinlegal/ HTTP/1.1" 200 58663
152.203.251.43 - - [04/Jun/2023:19:19:58 -0500] "GET /BLA/resoluciones/ HTTP/1.1" 200 13502
152.203.251.43 - - [04/Jun/2023:19:20:02 -0500] "GET /BLA/resoluciones/index.php?dir=AUTOS+2015%2F HTTP/1.1" 200 582538
157.55.39.239 - - [04/Jun/2023:19:20:48 -0500] "GET /sipse/faces/index.xhtml HTTP/1.1" 200 677
69.63.184.4 - - [04/Jun/2023:19:21:36 -0500] "GET /mujeres-secretaria-de-ambiente-abre-nueva-convocatoria-para-aprender-sobre-el-cuidado-de-los-humedales.html HTTP/1.1" 200 853
3.140.11.254 - - [04/Jun/2023:19:21:55 -0500] "HEAD /dia-nacional-del-arbol-atributos-y-caracteristicas-de-las-especies-representativas-de-bogota.html HTTP/1.1" 200 -
172.22.2.4 - - [04/Jun/2023:19:22:19 -0500] "GET /BLA/boletinlegal/favicon.ico HTTP/1.1" 404 1018
172.22.2.4 - - [04/Jun/2023:19:22:04 -0500] "GET /BLA/boletinlegal/ HTTP/1.1" 200 20427
172.22.2.4 - - [04/Jun/2023:19:22:04 -0500] "GET /BLA/boletinlegal/ HTTP/1.1" 200 28619
216.245.221.92 - - [04/Jun/2023:19:22:57 -0500] "HEAD / HTTP/1.1" 200 -
3.140.11.254 - - [04/Jun/2023:19:23:03 -0500] "HEAD /reciclaton-empresarial-2023-como-inscribirse-a-la-primera-jornada-del-ano.html HTTP/1.1" 200 -
201.245.192.253 - - [04/Jun/2023:19:24:19 -0500] "POST /kwsrmcab/Wsrmcab  HTTP/1.1" 200 43202
172.22.2.4 - - [04/Jun/2023:19:23:15 -0500] "HEAD /BLA/boletinlegal/ HTTP/1.1" 200 -
172.22.2.4 - - [04/Jun/2023:19:24:05 -0500] "GET /BLA/boletinlegal/ HTTP/1.1" 200 52730
190.27.182.224 - - [04/Jun/2023:19:26:46 -0500] "GET /BLA/resoluciones/index.php?dir=AUTOS+2015%2F HTTP/1.1" 200 582538
190.27.182.224 - - [04/Jun/2023:19:26:48 -0500] "GET /BLA/resoluciones/dlf/unknown.png HTTP/1.1" 200 266
31.13.127.14 - - [04/Jun/2023:19:27:34 -0500] "GET /BLA/resoluciones/RESOLUCIONES%202016/2228.pdf HTTP/1.1" 200 340571
31.13.127.7 - - [04/Jun/2023:19:27:34 -0500] "GET /BLA/resoluciones/RESOLUCIONES%202016/2228.pdf HTTP/1.1" 200 340571
216.245.221.92 - - [04/Jun/2023:19:27:57 -0500] "HEAD / HTTP/1.1" 200 -
52.167.144.46 - - [04/Jun/2023:19:28:11 -0500] "GET /portaldeninos/2021/06/29/jasbleady-castaneda-una-mujer-que-le-pone-el-alma-a-la-proteccion-de-las-tinguas-azules/ HTTP/1.1" 200 108388
201.245.192.253 - - [04/Jun/2023:19:28:25 -0500] "POST /kwsrmcab/Wsrmcab HTTP/1.1" 200 43935
40.77.167.205 - - [04/Jun/2023:19:28:28 -0500] "GET /portaldeninos/wp-content/themes/betheme/assets/animations/animations.min.css?ver=20.9.6 HTTP/1.1" 200 58508
201.245.192.253 - - [04/Jun/2023:19:28:28 -0500] "POST /kwsrmcab/Wsrmcab HTTP/1.1" 200 43798
40.77.167.245 - - [04/Jun/2023:19:28:33 -0500] "GET /portaldeninos/wp-includes/js/wp-emoji-release.min.js?ver=4.9.8 HTTP/1.1" 200 12026
172.22.2.4 - - [04/Jun/2023:19:27:11 -0500] "GET /BLA/boletinlegal/index.php HTTP/1.1" 200 62212
201.245.192.253 - - [04/Jun/2023:19:29:17 -0500] "POST /kwsrmcab/Wsrmcab  HTTP/1.1" 200 43202
74.125.210.206 - - [04/Jun/2023:19:30:23 -0500] "GET /galeria/mapa/3MapaBogot%C3%A1.jpg HTTP/1.1" 200 688183
66.249.69.31 - - [04/Jun/2023:19:30:23 -0500] "-" 408 -
172.22.2.4 - - [04/Jun/2023:19:29:05 -0500] "HEAD /BLA/boletinlegal/ HTTP/1.1" 200 -
172.22.2.4 - - [04/Jun/2023:19:29:55 -0500] "GET /BLA/boletinlegal/ HTTP/1.1" 200 58307
40.77.167.245 - - [04/Jun/2023:19:32:34 -0500] "GET /secretaria-de-ambiente-en-sumapaz-trabajo-de-la-mano-con-los-campesinos-aliados-de-la-conservacion.html HTTP/1.1" 200 853
216.245.221.92 - - [04/Jun/2023:19:32:56 -0500] "HEAD / HTTP/1.1" 200 -
201.245.192.253 - - [04/Jun/2023:19:34:16 -0500] "POST /kwsrmcab/Wsrmcab  HTTP/1.1" 200 43202
172.22.2.4 - - [04/Jun/2023:19:33:01 -0500] "GET /BLA/boletinlegal/ HTTP/1.1" 200 61759
157.55.39.239 - - [04/Jun/2023:19:35:05 -0500] "GET /forest/ HTTP/1.1" 200 12041
172.22.2.4 - - [04/Jun/2023:19:34:55 -0500] "HEAD /BLA/boletinlegal/ HTTP/1.1" 200 -
172.22.2.4 - - [04/Jun/2023:19:36:57 -0500] "GET /BLA/boletinlegal/Circulares/2019/.pdf HTTP/1.1" 404 1218
181.59.2.82 - - [04/Jun/2023:19:37:04 -0500] "GET /galeria/galeria/jquery.fancybox.css?v=2.1.5 HTTP/1.1" 200 4895
181.59.2.82 - - [04/Jun/2023:19:37:04 -0500] "GET /BLA/boletinlegal/js/jquery.scrollShow.js HTTP/1.1" 200 4586
181.59.2.82 - - [04/Jun/2023:19:37:04 -0500] "GET /galeria/galeria/jquery.fancybox.js?v=2.1.5 HTTP/1.1" 200 48706
172.22.2.4 - - [04/Jun/2023:19:37:05 -0500] "GET /BLA/boletinlegal/Circulares/2012/Circular%20No.%2010%20del%2026%20de%20Enero%20de%202012.pdf HTTP/1.1" 404 1218
172.22.2.4 - - [04/Jun/2023:19:35:45 -0500] "GET /BLA/boletinlegal/ HTTP/1.1" 200 54424
216.245.221.92 - - [04/Jun/2023:19:37:56 -0500] "HEAD / HTTP/1.1" 200 -
40.77.167.97 - - [04/Jun/2023:19:38:22 -0500] "GET /galeria/galeria/jquery.fancybox.js?v=2.1.5 HTTP/1.1" 200 48706
201.245.192.253 - - [04/Jun/2023:19:38:25 -0500] "POST /kwsrmcab/Wsrmcab HTTP/1.1" 200 43935
201.245.192.253 - - [04/Jun/2023:19:38:28 -0500] "POST /kwsrmcab/Wsrmcab HTTP/1.1" 200 43798
40.77.167.97 - - [04/Jun/2023:19:38:32 -0500] "GET /galeria/galeria/jquery.fancybox.js?v=2.1.5 HTTP/1.1" 200 48706
201.245.192.253 - - [04/Jun/2023:19:39:16 -0500] "POST /kwsrmcab/Wsrmcab  HTTP/1.1" 200 43202
52.167.144.158 - - [04/Jun/2023:19:41:31 -0500] "GET /BLA/resoluciones/AUTOS%202022/0397.pdf HTTP/1.1" 304 -
172.22.2.4 - - [04/Jun/2023:19:40:52 -0500] "GET /BLA/boletinlegal/ HTTP/1.1" 200 28619
172.22.2.4 - - [04/Jun/2023:19:40:45 -0500] "HEAD /BLA/boletinlegal/ HTTP/1.1" 200 -
54.78.41.250 - - [04/Jun/2023:19:42:42 -0500] "GET /galeria/nivo-slider/demo/banner.html#? HTTP/1.0" 200 5446
216.245.221.92 - - [04/Jun/2023:19:42:56 -0500] "HEAD / HTTP/1.1" 200 -
172.22.2.4 - - [04/Jun/2023:19:41:35 -0500] "GET /BLA/boletinlegal/ HTTP/1.1" 200 52326
69.171.249.7 - - [04/Jun/2023:19:43:39 -0500] "GET /agendate-para-las-ferias-de-servicios-ambientales-para-mayo-en-usaquen-y-fontibon.html HTTP/1.1" 200 799
69.63.189.4 - - [04/Jun/2023:19:44:08 -0500] "GET /images/Acuerdos%2001%20(1)%20(1).jpeg HTTP/1.1" 200 32884
201.245.192.253 - - [04/Jun/2023:19:44:15 -0500] "POST /kwsrmcab/Wsrmcab  HTTP/1.1" 200 43202
190.24.73.188 - - [04/Jun/2023:19:44:20 -0500] "GET /BLA/resoluciones/index.php?dir=AUTOS+2019%2F HTTP/1.1" 200 379672
40.77.190.165 - - [04/Jun/2023:19:44:34 -0500] "GET /portaldeninos/wp-content/themes/betheme/css/base.css?ver=20.9.6 HTTP/1.1" 200 57283
190.159.184.39 - - [04/Jun/2023:19:46:19 -0500] "GET /BLA/resoluciones/ HTTP/1.1" 200 13502
69.171.249.17 - - [04/Jun/2023:19:46:23 -0500] "GET /images/cr%C3%B3nica-29-nov-1_optimized.jpeg HTTP/1.1" 404 1034
69.171.249.6 - - [04/Jun/2023:19:46:27 -0500] "GET /images/cr\xc3\xb3nica-29-nov-1_optimized.jpeg HTTP/1.1" 404 1034
190.159.184.39 - - [04/Jun/2023:19:46:27 -0500] "GET /BLA/resoluciones/index.php?dir=AUTOS+2023%2F HTTP/1.1" 200 93849
190.159.184.39 - - [04/Jun/2023:19:46:51 -0500] "GET /BLA/resoluciones/ HTTP/1.1" 200 13502
35.208.187.63 - - [04/Jun/2023:19:47:37 -0500] "HEAD /BLA/resoluciones/RESOLUCIONES%202017/0520.pdf HTTP/1.1" 200 -
216.245.221.92 - - [04/Jun/2023:19:47:56 -0500] "HEAD / HTTP/1.1" 200 -
172.22.2.4 - - [04/Jun/2023:19:46:35 -0500] "HEAD /BLA/boletinlegal/ HTTP/1.1" 200 -
201.221.172.165 - - [04/Jun/2023:19:48:35 -0500] "OPTIONS /kwssiamovil/sm/setfile/f HTTP/1.1" 200 13
201.221.172.165 - - [04/Jun/2023:19:48:35 -0500] "POST /kwssiamovil/sm/setfile/f HTTP/1.1" 200 381
172.22.2.4 - - [04/Jun/2023:19:47:25 -0500] "GET /BLA/boletinlegal/ HTTP/1.1" 200 57561
66.249.69.31 - - [04/Jun/2023:19:49:09 -0500] "-" 408 -
201.245.192.253 - - [04/Jun/2023:19:49:14 -0500] "POST /kwsrmcab/Wsrmcab  HTTP/1.1" 200 43202
157.55.39.239 - - [04/Jun/2023:19:50:00 -0500] "GET /BLA/resoluciones/RESOLUCIONES%202017/1712.pdf HTTP/1.1" 200 426609
199.16.157.182 - - [04/Jun/2023:19:50:50 -0500] "-" 408 -
199.16.157.181 - - [04/Jun/2023:19:50:51 -0500] "-" 408 -
216.245.221.92 - - [04/Jun/2023:19:52:57 -0500] "HEAD / HTTP/1.1" 200 -
172.22.2.4 - - [04/Jun/2023:19:52:25 -0500] "HEAD /BLA/boletinlegal/ HTTP/1.1" 200 -
201.245.192.253 - - [04/Jun/2023:19:54:13 -0500] "POST /kwsrmcab/Wsrmcab  HTTP/1.1" 200 43202
66.249.70.168 - - [04/Jun/2023:19:54:44 -0500] "GET /inscribete-en-este-proceso-de-formacion-para-ser-un-lider-o-una-lideresa-ambiental-en-tu-localidad.html HTTP/1.1" 200 903
173.252.107.18 - - [04/Jun/2023:19:54:53 -0500] "GET /images/manos-reparadoras-plaza-americas-1.jpg HTTP/1.1" 200 47593
172.22.2.4 - - [04/Jun/2023:19:53:15 -0500] "GET /BLA/boletinlegal/ HTTP/1.1" 200 53114
71.6.232.25 - - [04/Jun/2023:19:55:06 -0500] "GET / HTTP/1.1" 200 319
191.95.54.186 - - [04/Jun/2023:19:55:19 -0500] "GET /galeria/galeria/jquery.fancybox.css?v=2.1.5 HTTP/1.1" 200 4895
191.95.54.186 - - [04/Jun/2023:19:55:19 -0500] "GET /BLA/boletinlegal/js/jquery.scrollShow.js HTTP/1.1" 200 4586
191.95.54.186 - - [04/Jun/2023:19:55:19 -0500] "GET /galeria/galeria/jquery.fancybox.js?v=2.1.5 HTTP/1.1" 200 48706
173.252.107.9 - - [04/Jun/2023:19:56:19 -0500] "GET /caminos-de-los-cerros-estaran-cerrados-este-fin-de-semana-en-bogota.html HTTP/1.1" 200 813
173.252.107.15 - - [04/Jun/2023:19:56:19 -0500] "GET /caminos-de-los-cerros-estaran-cerrados-este-fin-de-semana-en-bogota.html HTTP/1.1" 200 813
173.252.107.23 - - [04/Jun/2023:19:56:19 -0500] "GET /images/ecositemas-cerros-10-marzo.jpg HTTP/1.1" 200 85534
173.252.79.6 - - [04/Jun/2023:19:56:19 -0500] "GET /images/ecositemas-cerros-10-marzo.jpg HTTP/1.1" 200 85534
172.22.2.4 - - [04/Jun/2023:19:57:02 -0500] "GET /BLA/boletinlegal/conceptos.php HTTP/1.1" 200 7496
172.22.2.4 - - [04/Jun/2023:19:57:02 -0500] "GET /BLA/boletinlegal/styles2.css HTTP/1.1" 200 1838
172.22.2.4 - - [04/Jun/2023:19:57:02 -0500] "GET /BLA/boletinlegal/js/ajax_conceptos.js HTTP/1.1" 200 1326
172.22.2.4 - - [04/Jun/2023:19:57:02 -0500] "GET /BLA/boletinlegal/niceforms.js HTTP/1.1" 200 22876
172.22.2.4 - - [04/Jun/2023:19:57:02 -0500] "GET /BLA/boletinlegal/style.css HTTP/1.1" 200 9406
172.22.2.4 - - [04/Jun/2023:19:57:02 -0500] "GET /BLA/boletinlegal/niceforms-default.css HTTP/1.1" 200 6694
172.22.2.4 - - [04/Jun/2023:19:57:02 -0500] "GET /BLA/boletinlegal/images/subscribe-icon-big.png HTTP/1.1" 200 47702
172.22.2.4 - - [04/Jun/2023:19:57:02 -0500] "GET /BLA/boletinlegal/images/cabezote%20BLEGAL.jpg HTTP/1.1" 200 118164
172.22.2.4 - - [04/Jun/2023:19:57:02 -0500] "GET /BLA/boletinlegal/images/historia.png HTTP/1.1" 200 52775
172.22.2.4 - - [04/Jun/2023:19:57:02 -0500] "GET /BLA/boletinlegal/images/registro-usuarios.png HTTP/1.1" 200 8106
172.22.2.4 - - [04/Jun/2023:19:57:02 -0500] "GET /BLA/boletinlegal/images/tel.png HTTP/1.1" 200 14477
172.22.2.4 - - [04/Jun/2023:19:57:02 -0500] "GET /BLA/boletinlegal/images/icono-email.png HTTP/1.1" 200 5544
172.22.2.4 - - [04/Jun/2023:19:57:03 -0500] "GET /BLA/boletinlegal/images/body_bg.jpg HTTP/1.1" 200 1601
172.22.2.4 - - [04/Jun/2023:19:57:03 -0500] "GET /BLA/boletinlegal/images/menu_lft.gif HTTP/1.1" 200 1713
172.22.2.4 - - [04/Jun/2023:19:57:03 -0500] "GET /BLA/boletinlegal/images/menu_rght.gif HTTP/1.1" 200 1627
172.22.2.4 - - [04/Jun/2023:19:57:03 -0500] "GET /BLA/boletinlegal/images/bg_top.jpg HTTP/1.1" 200 522
172.22.2.4 - - [04/Jun/2023:19:57:03 -0500] "GET /BLA/boletinlegal/images/hover.jpg HTTP/1.1" 200 640
172.22.2.4 - - [04/Jun/2023:19:57:03 -0500] "GET /BLA/boletinlegal/images/menu_bg.jpg HTTP/1.1" 200 620
172.22.2.4 - - [04/Jun/2023:19:57:03 -0500] "GET /BLA/boletinlegal/images/footer_bg.jpg HTTP/1.1" 200 586
172.22.2.4 - - [04/Jun/2023:19:57:03 -0500] "GET /BLA/boletinlegal/images/text.jpg HTTP/1.1" 200 568
172.22.2.4 - - [04/Jun/2023:19:57:03 -0500] "GET /BLA/boletinlegal/images/footer_bg_l.jpg HTTP/1.1" 200 776
172.22.2.4 - - [04/Jun/2023:19:57:03 -0500] "GET /BLA/boletinlegal/img/0.png HTTP/1.1" 200 110
172.22.2.4 - - [04/Jun/2023:19:57:06 -0500] "GET /BLA/boletinlegal/img/select-left.png HTTP/1.1" 200 263
172.22.2.4 - - [04/Jun/2023:19:57:06 -0500] "GET /BLA/boletinlegal/img/select-right.png HTTP/1.1" 200 44019
172.22.2.4 - - [04/Jun/2023:19:57:06 -0500] "GET /BLA/boletinlegal/img/button-left.png HTTP/1.1" 200 57071
172.22.2.4 - - [04/Jun/2023:19:57:06 -0500] "GET /BLA/boletinlegal/img/button.png HTTP/1.1" 200 43241
172.22.2.4 - - [04/Jun/2023:19:57:06 -0500] "GET /BLA/boletinlegal/img/button-right.png HTTP/1.1" 200 57878
40.77.167.245 - - [04/Jun/2023:19:57:08 -0500] "GET /moda-circular-manos-reparadoras-la-estrategia-del-distrito-para-restaurar-prendas-usadas.html HTTP/1.1" 200 901
172.22.2.4 - - [04/Jun/2023:19:57:11 -0500] "GET /BLA/boletinlegal/actos.php HTTP/1.1" 200 9682
172.22.2.4 - - [04/Jun/2023:19:57:11 -0500] "GET /BLA/boletinlegal/js/ajax_actos.js HTTP/1.1" 200 1322
172.22.2.4 - - [04/Jun/2023:19:57:11 -0500] "GET /BLA/boletinlegal/js/popup.js HTTP/1.1" 200 1270
172.22.2.4 - - [04/Jun/2023:19:57:11 -0500] "GET /BLA/boletinlegal/js/lib.js HTTP/1.1" 200 6474
172.22.2.4 - - [04/Jun/2023:19:57:11 -0500] "GET /BLA/boletinlegal/js/jquery1.js HTTP/1.1" 200 29846
172.22.2.4 - - [04/Jun/2023:19:57:11 -0500] "GET /BLA/boletinlegal/images/green-yellow-blue-pink-th.png HTTP/1.1" 200 7394
172.22.2.4 - - [04/Jun/2023:19:57:25 -0500] "GET /BLA/boletinlegal/consulta_actos.php?tipo=autos&no=&usuario=&sector=SILVICULTURA&fecha=2023&resuelve=sanci%F3n HTTP/1.1" 200 55693
172.22.2.4 - - [04/Jun/2023:19:57:25 -0500] "GET /BLA/boletinlegal/images/pdf.gif HTTP/1.1" 200 567
172.22.2.4 - - [04/Jun/2023:19:57:25 -0500] "GET /BLA/boletinlegal/images/background.gif HTTP/1.1" 200 -
216.245.221.92 - - [04/Jun/2023:19:57:56 -0500] "HEAD / HTTP/1.1" 200 -
186.82.40.133 - - [04/Jun/2023:19:58:19 -0500] "GET /BLA/resoluciones/AUTOS%202023/2074.pdf HTTP/1.1" 200 662004
66.249.83.196 - - [04/Jun/2023:19:58:29 -0500] "GET /BLA/resoluciones/AUTOS%202023/2074.pdf HTTP/1.1" 200 662004
201.245.192.253 - - [04/Jun/2023:19:59:12 -0500] "POST /kwsrmcab/Wsrmcab  HTTP/1.1" 200 43202
172.22.2.4 - - [04/Jun/2023:19:58:15 -0500] "HEAD /BLA/boletinlegal/ HTTP/1.1" 200 -
172.22.2.4 - - [04/Jun/2023:19:59:05 -0500] "GET /BLA/boletinlegal/ HTTP/1.1" 200 54808
66.249.83.86 - - [04/Jun/2023:20:01:22 -0500] "GET /BLA/resoluciones/AUTOS%202023/1410.pdf HTTP/1.1" 200 419547
186.28.167.26 - - [04/Jun/2023:20:01:34 -0500] "GET /manos-reparadoras-protagonistas-en-la-segunda-feria-de-moda-sostenible.html HTTP/1.1" 200 774
216.245.221.92 - - [04/Jun/2023:20:02:56 -0500] "HEAD / HTTP/1.1" 200 -
201.244.142.228 - - [04/Jun/2023:20:03:58 -0500] "GET / HTTP/1.1" 200 4720
201.244.142.228 - - [04/Jun/2023:20:03:59 -0500] "GET /js/url.js HTTP/1.1" 404 1294
201.245.192.253 - - [04/Jun/2023:20:04:11 -0500] "POST /kwsrmcab/Wsrmcab  HTTP/1.1" 200 43202
172.22.2.4 - - [04/Jun/2023:20:04:04 -0500] "HEAD /BLA/boletinlegal/ HTTP/1.1" 200 -
40.77.167.97 - - [04/Jun/2023:20:05:54 -0500] "GET /galeria/galeria/jquery.fancybox.js?v=2.1.5 HTTP/1.1" 200 48706
201.244.142.228 - - [04/Jun/2023:20:06:19 -0500] "POST /procesar.php HTTP/1.1" 200 1043
201.244.142.228 - - [04/Jun/2023:20:06:33 -0500] "GET /dia-mundial-del-medio-ambiente-distrito-liberara-animales-silvestres-plantara-arboles-y-desarrollara-actividades-pedagogicas.html HTTP/1.1" 206 856
201.244.142.228 - - [04/Jun/2023:20:06:33 -0500] "GET /images/liberacion-animales-silvestres.jpg HTTP/1.1" 206 57397
172.22.2.4 - - [04/Jun/2023:20:04:55 -0500] "GET /BLA/boletinlegal/ HTTP/1.1" 200 57151
173.252.107.116 - - [04/Jun/2023:20:07:06 -0500] "GET /secretaria-de-ambiente-invita-a-comunidad-de-bosa-a-entregar-residuos-especiales-y-peligrosos.html HTTP/1.1" 200 992
173.252.107.116 - - [04/Jun/2023:20:07:06 -0500] "GET /secretaria-de-ambiente-invita-a-comunidad-de-bosa-a-entregar-residuos-especiales-y-peligrosos.html HTTP/1.1" 200 992
186.31.150.135 - - [04/Jun/2023:20:07:54 -0500] "GET /dia-mundial-del-medio-ambiente-distrito-liberara-animales-silvestres-plantara-arboles-y-desarrollara-actividades-pedagogicas.html HTTP/1.1" 200 856
186.31.150.135 - - [04/Jun/2023:20:07:54 -0500] "GET /images/liberacion-animales-silvestres.jpg HTTP/1.1" 200 57397
216.245.221.92 - - [04/Jun/2023:20:07:56 -0500] "HEAD / HTTP/1.1" 200 -
66.220.149.120 - - [04/Jun/2023:20:08:01 -0500] "GET /images/24%20de%20febrero%20Sendero%20guadalupe%202.jpeg HTTP/1.1" 200 70964
