172.22.2.4 - - [04/Jun/2023:05:17:27 -0500] "HEAD /BLA/boletinlegal/ HTTP/1.1" 200 -
172.22.2.4 - - [04/Jun/2023:05:18:17 -0500] "GET /BLA/boletinlegal/ HTTP/1.1" 200 57561
40.77.167.245 - - [04/Jun/2023:05:21:07 -0500] "GET /ecourbanismo-estrategia-para-transformar-y-llevar-a-bogota-por-el-camino-de-la-sostenibilidad.html HTTP/1.1" 200 788
201.245.192.253 - - [04/Jun/2023:05:22:50 -0500] "POST /kwsrmcab/Wsrmcab  HTTP/1.1" 200 43202
216.245.221.92 - - [04/Jun/2023:05:22:59 -0500] "HEAD / HTTP/1.1" 200 -
40.77.167.97 - - [04/Jun/2023:05:23:23 -0500] "GET /galeria/galeria/jquery.fancybox.js?v=2.1.5 HTTP/1.1" 200 48706
172.22.2.4 - - [04/Jun/2023:05:23:17 -0500] "HEAD /BLA/boletinlegal/ HTTP/1.1" 200 -
172.22.2.4 - - [04/Jun/2023:05:24:07 -0500] "GET /BLA/boletinlegal/ HTTP/1.1" 200 57945
40.77.167.97 - - [04/Jun/2023:05:26:05 -0500] "GET /BLA/resoluciones/RESOLUCIONES%202014/2205.pdf HTTP/1.1" 200 441292
201.245.192.253 - - [04/Jun/2023:05:27:49 -0500] "POST /kwsrmcab/Wsrmcab  HTTP/1.1" 200 43202
216.245.221.92 - - [04/Jun/2023:05:27:59 -0500] "HEAD / HTTP/1.1" 200 -
201.245.192.253 - - [04/Jun/2023:05:28:28 -0500] "POST /kwsrmcab/Wsrmcab HTTP/1.1" 200 43231
201.245.192.253 - - [04/Jun/2023:05:28:31 -0500] "POST /kwsrmcab/Wsrmcab HTTP/1.1" 200 40162
172.22.2.4 - - [04/Jun/2023:05:28:58 -0500] "GET /BLA/boletinlegal/ HTTP/1.1" 200 53114
172.22.2.4 - - [04/Jun/2023:05:29:07 -0500] "HEAD /BLA/boletinlegal/ HTTP/1.1" 200 -
172.22.2.4 - - [04/Jun/2023:05:29:57 -0500] "GET /BLA/boletinlegal/ HTTP/1.1" 200 52730
40.77.167.97 - - [04/Jun/2023:05:31:44 -0500] "GET /galeria/galeria/jquery.fancybox.js?v=2.1.5 HTTP/1.1" 200 48706
172.22.2.4 - - [04/Jun/2023:05:32:47 -0500] "GET /BLA/boletinlegal/robots.txt HTTP/1.1" 404 1139
201.245.192.253 - - [04/Jun/2023:05:32:48 -0500] "POST /kwsrmcab/Wsrmcab  HTTP/1.1" 200 43202
216.245.221.92 - - [04/Jun/2023:05:32:59 -0500] "HEAD / HTTP/1.1" 200 -
40.77.167.97 - - [04/Jun/2023:05:35:04 -0500] "GET /galeria/galeria/jquery.fancybox.js?v=2.1.5 HTTP/1.1" 200 48706
38.32.70.140 - - [04/Jun/2023:05:36:03 -0500] "GET /galeria/galeria/fotos/Humedal-la-conejera2P.jpg HTTP/1.1" 200 31007
172.22.2.4 - - [04/Jun/2023:05:34:57 -0500] "HEAD /BLA/boletinlegal/ HTTP/1.1" 200 -
40.77.167.97 - - [04/Jun/2023:05:36:48 -0500] "GET /BLA/resoluciones/AUTOS%202021/0480.pdf HTTP/1.1" 304 -
172.22.2.4 - - [04/Jun/2023:05:35:47 -0500] "GET /BLA/boletinlegal/ HTTP/1.1" 200 57561
201.245.192.253 - - [04/Jun/2023:05:37:47 -0500] "POST /kwsrmcab/Wsrmcab  HTTP/1.1" 200 43202
216.245.221.92 - - [04/Jun/2023:05:37:59 -0500] "HEAD / HTTP/1.1" 200 -
52.167.144.158 - - [04/Jun/2023:05:38:04 -0500] "GET /BLA/resoluciones/RESOLUCIONES%202021/1865.pdf HTTP/1.1" 304 -
201.245.192.253 - - [04/Jun/2023:05:38:28 -0500] "POST /kwsrmcab/Wsrmcab HTTP/1.1" 200 43231
201.245.192.253 - - [04/Jun/2023:05:38:30 -0500] "POST /kwsrmcab/Wsrmcab HTTP/1.1" 200 40162
52.167.144.158 - - [04/Jun/2023:05:40:14 -0500] "GET /BLA/resoluciones/RESOLUCIONES%202021/3231.pdf HTTP/1.1" 304 -
40.77.167.97 - - [04/Jun/2023:05:42:25 -0500] "GET /galeria/galeria/jquery.fancybox.js?v=2.1.5 HTTP/1.1" 200 48706
172.22.2.4 - - [04/Jun/2023:05:40:47 -0500] "HEAD /BLA/boletinlegal/ HTTP/1.1" 200 -
201.245.192.253 - - [04/Jun/2023:05:42:46 -0500] "POST /kwsrmcab/Wsrmcab  HTTP/1.1" 200 43202
216.245.221.92 - - [04/Jun/2023:05:42:58 -0500] "HEAD / HTTP/1.1" 200 -
172.22.2.4 - - [04/Jun/2023:05:43:09 -0500] "GET /BLA/boletinlegal/actos.php HTTP/1.1" 200 9682
172.22.2.4 - - [04/Jun/2023:05:41:37 -0500] "GET /BLA/boletinlegal/ HTTP/1.1" 200 59306
201.245.192.253 - - [04/Jun/2023:05:47:45 -0500] "POST /kwsrmcab/Wsrmcab  HTTP/1.1" 200 43202
216.245.221.92 - - [04/Jun/2023:05:47:59 -0500] "HEAD / HTTP/1.1" 200 -
172.22.2.4 - - [04/Jun/2023:05:46:37 -0500] "HEAD /BLA/boletinlegal/ HTTP/1.1" 200 -
66.249.69.2 - - [04/Jun/2023:05:48:19 -0500] "-" 408 -
172.22.2.4 - - [04/Jun/2023:05:47:27 -0500] "GET /BLA/boletinlegal/ HTTP/1.1" 200 56754
201.245.192.253 - - [04/Jun/2023:05:52:43 -0500] "POST /kwsrmcab/Wsrmcab  HTTP/1.1" 200 43202
216.245.221.92 - - [04/Jun/2023:05:52:59 -0500] "HEAD / HTTP/1.1" 200 -
172.22.2.4 - - [04/Jun/2023:05:52:27 -0500] "HEAD /BLA/boletinlegal/ HTTP/1.1" 200 -
157.55.39.239 - - [04/Jun/2023:05:54:48 -0500] "GET /portalsiaccapacitaciones/Listas%20de%20Asistencia%202017/Lista%20de%20asistencia-%2005-06-2017.pdf HTTP/1.1" 200 1681994
172.22.2.4 - - [04/Jun/2023:05:53:17 -0500] "GET /BLA/boletinlegal/ HTTP/1.1" 200 57561
201.245.192.253 - - [04/Jun/2023:05:57:42 -0500] "POST /kwsrmcab/Wsrmcab  HTTP/1.1" 200 43202
216.245.221.92 - - [04/Jun/2023:05:57:58 -0500] "HEAD / HTTP/1.1" 200 -
64.125.238.74 - - [04/Jun/2023:05:58:56 -0500] "GET /galeria/galeria/fotos/juan-amarillo2P.jpg HTTP/1.1" 200 32696
172.22.2.4 - - [04/Jun/2023:05:58:17 -0500] "HEAD /BLA/boletinlegal/ HTTP/1.1" 200 -
172.22.2.4 - - [04/Jun/2023:05:59:07 -0500] "GET /BLA/boletinlegal/ HTTP/1.1" 200 59306
66.249.70.172 - - [04/Jun/2023:06:02:39 -0500] "GET /en-junio-conectate-con-la-naturaleza-y-el-medioambiente-a-traves-de-estas-caminatas-ecologicas.html HTTP/1.1" 304 -
201.245.192.253 - - [04/Jun/2023:06:02:41 -0500] "POST /kwsrmcab/Wsrmcab  HTTP/1.1" 200 43202
66.249.69.31 - - [04/Jun/2023:06:02:56 -0500] "-" 408 -
216.245.221.92 - - [04/Jun/2023:06:02:58 -0500] "HEAD / HTTP/1.1" 200 -
40.77.167.245 - - [04/Jun/2023:06:02:59 -0500] "GET /reciclaton-empresarial-2023-como-inscribirse-a-la-primera-jornada-del-ano.html HTTP/1.1" 200 705
172.22.2.4 - - [04/Jun/2023:06:04:07 -0500] "HEAD /BLA/boletinlegal/ HTTP/1.1" 200 -
172.22.2.4 - - [04/Jun/2023:06:04:57 -0500] "GET /BLA/boletinlegal/ HTTP/1.1" 200 55934
201.245.192.253 - - [04/Jun/2023:06:07:39 -0500] "POST /kwsrmcab/Wsrmcab  HTTP/1.1" 200 43202
216.245.221.92 - - [04/Jun/2023:06:07:58 -0500] "HEAD / HTTP/1.1" 200 -
172.22.2.4 - - [04/Jun/2023:06:08:15 -0500] "HEAD /BLA/boletinlegal/ HTTP/1.1" 200 -
172.22.2.4 - - [04/Jun/2023:06:09:57 -0500] "HEAD /BLA/boletinlegal/ HTTP/1.1" 200 -
172.22.2.4 - - [04/Jun/2023:06:10:47 -0500] "GET /BLA/boletinlegal/ HTTP/1.1" 200 57151
52.167.144.56 - - [04/Jun/2023:06:12:28 -0500] "-" 408 -
201.245.192.253 - - [04/Jun/2023:06:12:38 -0500] "POST /kwsrmcab/Wsrmcab  HTTP/1.1" 200 43202
216.245.221.92 - - [04/Jun/2023:06:12:58 -0500] "HEAD / HTTP/1.1" 200 -
172.22.2.4 - - [04/Jun/2023:06:15:47 -0500] "HEAD /BLA/boletinlegal/ HTTP/1.1" 200 -
172.22.2.4 - - [04/Jun/2023:06:16:47 -0500] "GET /BLA/boletinlegal/ HTTP/1.1" 200 20427
201.245.192.253 - - [04/Jun/2023:06:17:37 -0500] "POST /kwsrmcab/Wsrmcab  HTTP/1.1" 200 43202
216.245.221.92 - - [04/Jun/2023:06:17:58 -0500] "HEAD / HTTP/1.1" 200 -
172.22.2.4 - - [04/Jun/2023:06:16:37 -0500] "GET /BLA/boletinlegal/ HTTP/1.1" 200 53114
201.245.192.253 - - [04/Jun/2023:06:18:28 -0500] "POST /kwsrmcab/Wsrmcab HTTP/1.1" 200 42494
201.245.192.253 - - [04/Jun/2023:06:18:30 -0500] "POST /kwsrmcab/Wsrmcab HTTP/1.1" 200 40036
201.245.192.253 - - [04/Jun/2023:06:22:37 -0500] "POST /kwsrmcab/Wsrmcab  HTTP/1.1" 200 43202
216.245.221.92 - - [04/Jun/2023:06:22:58 -0500] "HEAD / HTTP/1.1" 200 -
172.22.2.4 - - [04/Jun/2023:06:21:37 -0500] "HEAD /BLA/boletinlegal/ HTTP/1.1" 200 -
172.22.2.4 - - [04/Jun/2023:06:23:51 -0500] "GET /BLA/boletinlegal/jurisprudencia/analisis/G__Jurisp.%20Junio%202014_Sent%20Tutela%20Drumond.docx HTTP/1.1" 304 -
172.22.2.4 - - [04/Jun/2023:06:22:27 -0500] "GET /BLA/boletinlegal/ HTTP/1.1" 200 58307
172.22.2.4 - - [04/Jun/2023:06:24:47 -0500] "GET /BLA/boletinlegal/robots.txt HTTP/1.1" 404 1140
173.252.107.117 - - [04/Jun/2023:06:25:13 -0500] "GET /por-un-corazon-mas-verde-del-1-al-9-de-junio-se-celebrara-la-semana-ambiental-2023-en-bogota.html HTTP/1.1" 200 819
201.245.192.253 - - [04/Jun/2023:06:27:35 -0500] "POST /kwsrmcab/Wsrmcab  HTTP/1.1" 200 43202
216.245.221.92 - - [04/Jun/2023:06:27:58 -0500] "HEAD / HTTP/1.1" 200 -
201.245.192.253 - - [04/Jun/2023:06:28:28 -0500] "POST /kwsrmcab/Wsrmcab HTTP/1.1" 200 42494
201.245.192.253 - - [04/Jun/2023:06:28:31 -0500] "POST /kwsrmcab/Wsrmcab HTTP/1.1" 200 40036
172.22.2.4 - - [04/Jun/2023:06:27:26 -0500] "HEAD /BLA/boletinlegal/ HTTP/1.1" 200 -
172.22.2.4 - - [04/Jun/2023:06:28:17 -0500] "GET /BLA/boletinlegal/ HTTP/1.1" 200 52326
52.167.144.46 - - [04/Jun/2023:06:31:50 -0500] "GET /portaldeninos/humedal-el-tunjo/ HTTP/1.1" 200 87661
40.77.167.245 - - [04/Jun/2023:06:32:12 -0500] "GET /portaldeninos/wp-content/themes/betheme/fonts/mfn-icons.ttf?93978679 HTTP/1.1" 200 124684
66.249.69.5 - - [04/Jun/2023:06:32:17 -0500] "-" 408 -
201.245.192.253 - - [04/Jun/2023:06:32:35 -0500] "POST /kwsrmcab/Wsrmcab  HTTP/1.1" 200 43202
216.245.221.92 - - [04/Jun/2023:06:32:58 -0500] "HEAD / HTTP/1.1" 200 -
40.77.188.151 - - [04/Jun/2023:06:33:55 -0500] "GET /galeria/galeria/jquery.fancybox.js?v=2.1.5 HTTP/1.1" 200 48706
172.22.2.4 - - [04/Jun/2023:06:33:16 -0500] "HEAD /BLA/boletinlegal/ HTTP/1.1" 200 -
157.55.39.239 - - [04/Jun/2023:06:35:33 -0500] "GET /BLA/resoluciones/RESOLUCIONES%202019/3332.pdf HTTP/1.1" 304 -
172.22.2.4 - - [04/Jun/2023:06:34:07 -0500] "GET /BLA/boletinlegal/ HTTP/1.1" 200 57151
66.249.70.172 - - [04/Jun/2023:06:37:16 -0500] "GET /postulate-al-programa-de-mujeres-por-el-cambio-climatico-en-bogota.html HTTP/1.1" 200 856
201.245.192.253 - - [04/Jun/2023:06:37:33 -0500] "POST /kwsrmcab/Wsrmcab  HTTP/1.1" 200 43202
216.245.221.92 - - [04/Jun/2023:06:37:58 -0500] "HEAD / HTTP/1.1" 200 -
40.77.167.254 - - [04/Jun/2023:06:38:23 -0500] "GET /BLA/resoluciones/AUTOS%202021/2987.pdf HTTP/1.1" 304 -
201.245.192.253 - - [04/Jun/2023:06:38:28 -0500] "POST /kwsrmcab/Wsrmcab HTTP/1.1" 200 42494
201.245.192.253 - - [04/Jun/2023:06:38:30 -0500] "POST /kwsrmcab/Wsrmcab HTTP/1.1" 200 40036
172.22.2.4 - - [04/Jun/2023:06:39:06 -0500] "HEAD /BLA/boletinlegal/ HTTP/1.1" 200 -
172.22.2.4 - - [04/Jun/2023:06:39:57 -0500] "GET /BLA/boletinlegal/ HTTP/1.1" 200 59306
201.245.192.253 - - [04/Jun/2023:06:42:31 -0500] "POST /kwsrmcab/Wsrmcab  HTTP/1.1" 200 43202
216.245.221.92 - - [04/Jun/2023:06:42:58 -0500] "HEAD / HTTP/1.1" 200 -
40.77.167.245 - - [04/Jun/2023:06:44:04 -0500] "GET /gran-mercado-campesino-en-bogota.html HTTP/1.1" 200 759
157.55.39.239 - - [04/Jun/2023:06:45:15 -0500] "GET /BLA/resoluciones/index.php?dir=AUTOS+2012%2F HTTP/1.1" 200 276152
52.167.144.158 - - [04/Jun/2023:06:45:50 -0500] "GET /BLA/resoluciones/dlf/styles.css HTTP/1.1" 200 3049
172.22.2.4 - - [04/Jun/2023:06:44:56 -0500] "HEAD /BLA/boletinlegal/ HTTP/1.1" 200 -
172.22.2.4 - - [04/Jun/2023:06:45:47 -0500] "GET /BLA/boletinlegal/ HTTP/1.1" 200 57151
201.245.192.253 - - [04/Jun/2023:06:47:31 -0500] "POST /kwsrmcab/Wsrmcab  HTTP/1.1" 200 43202
66.249.70.170 - - [04/Jun/2023:06:47:39 -0500] "GET /ciudadanos-pueden-enviar-comentarios-y-propuestas-al-proyecto-de-decreto-para-reducir-la-utilizacion-de-plasticos-de-un-solo-uso-en-las-entidades-del-distrito.html HTTP/1.1" 200 1170
216.245.221.92 - - [04/Jun/2023:06:47:58 -0500] "HEAD / HTTP/1.1" 200 -
114.119.145.19 - - [04/Jun/2023:06:48:54 -0500] "-" 408 -
52.167.144.25 - - [04/Jun/2023:06:51:48 -0500] "GET /BLA/resoluciones/AUTOS%202018/4035.pdf HTTP/1.1" 304 -
52.167.144.25 - - [04/Jun/2023:06:51:49 -0500] "GET /BLA/resoluciones/AUTOS%202021/4138.pdf HTTP/1.1" 304 -
52.167.144.25 - - [04/Jun/2023:06:51:49 -0500] "GET /BLA/resoluciones/RESOLUCIONES%202021/4967.pdf HTTP/1.1" 304 -
172.22.2.4 - - [04/Jun/2023:06:52:18 -0500] "GET /BLA/boletinlegal/style.css HTTP/1.1" 200 9406
172.22.2.4 - - [04/Jun/2023:06:52:18 -0500] "GET /BLA/boletinlegal/styles2.css HTTP/1.1" 200 1838
172.22.2.4 - - [04/Jun/2023:06:52:18 -0500] "GET /BLA/boletinlegal/js/jquery.js HTTP/1.1" 200 57254
172.22.2.4 - - [04/Jun/2023:06:52:18 -0500] "GET /BLA/boletinlegal/js/jquery.scrollTo-min.js HTTP/1.1" 200 1150
172.22.2.4 - - [04/Jun/2023:06:52:18 -0500] "GET /BLA/boletinlegal/js/jquery.scrollShow.js HTTP/1.1" 200 4586
172.22.2.4 - - [04/Jun/2023:06:52:18 -0500] "GET /BLA/boletinlegal/images/cabezote%20BLEGAL.jpg HTTP/1.1" 200 118164
172.22.2.4 - - [04/Jun/2023:06:52:18 -0500] "GET /BLA/boletinlegal/images/subscribe-icon-big.png HTTP/1.1" 200 47702
172.22.2.4 - - [04/Jun/2023:06:52:18 -0500] "GET /BLA/boletinlegal/images/registro-usuarios.png HTTP/1.1" 200 8106
172.22.2.4 - - [04/Jun/2023:06:52:18 -0500] "GET /BLA/boletinlegal/images/historia.png HTTP/1.1" 200 52775
172.22.2.4 - - [04/Jun/2023:06:52:18 -0500] "GET /BLA/boletinlegal/images/arr_l.jpg HTTP/1.1" 200 1979
172.22.2.4 - - [04/Jun/2023:06:52:18 -0500] "GET /BLA/boletinlegal/images/screen_1.png HTTP/1.1" 200 202547
172.22.2.4 - - [04/Jun/2023:06:52:18 -0500] "GET /BLA/boletinlegal/images/body_bg.jpg HTTP/1.1" 200 1601
172.22.2.4 - - [04/Jun/2023:06:52:18 -0500] "GET /BLA/boletinlegal/images/launch.jpg HTTP/1.1" 200 14577
172.22.2.4 - - [04/Jun/2023:06:52:18 -0500] "GET /BLA/boletinlegal/images/bg_top.jpg HTTP/1.1" 200 522
172.22.2.4 - - [04/Jun/2023:06:52:18 -0500] "GET /BLA/boletinlegal/images/text.jpg HTTP/1.1" 200 568
172.22.2.4 - - [04/Jun/2023:06:52:18 -0500] "GET /BLA/boletinlegal/images/menu_rght.gif HTTP/1.1" 200 1627
172.22.2.4 - - [04/Jun/2023:06:52:18 -0500] "GET /BLA/boletinlegal/images/menu_bg.jpg HTTP/1.1" 200 620
172.22.2.4 - - [04/Jun/2023:06:52:18 -0500] "GET /BLA/boletinlegal/images/hover.jpg HTTP/1.1" 200 640
172.22.2.4 - - [04/Jun/2023:06:52:18 -0500] "GET /BLA/boletinlegal/images/menu_lft.gif HTTP/1.1" 200 1713
172.22.2.4 - - [04/Jun/2023:06:52:23 -0500] "GET /BLA/boletinlegal/actos.php HTTP/1.1" 200 9682
172.22.2.4 - - [04/Jun/2023:06:52:23 -0500] "GET /BLA/boletinlegal/js/ajax_actos.js HTTP/1.1" 200 1322
172.22.2.4 - - [04/Jun/2023:06:52:23 -0500] "GET /BLA/boletinlegal/niceforms.js HTTP/1.1" 200 22876
172.22.2.4 - - [04/Jun/2023:06:52:23 -0500] "GET /BLA/boletinlegal/niceforms-default.css HTTP/1.1" 200 6694
172.22.2.4 - - [04/Jun/2023:06:52:23 -0500] "GET /BLA/boletinlegal/js/lib.js HTTP/1.1" 200 6474
172.22.2.4 - - [04/Jun/2023:06:52:23 -0500] "GET /BLA/boletinlegal/js/popup.js HTTP/1.1" 200 1270
172.22.2.4 - - [04/Jun/2023:06:52:23 -0500] "GET /BLA/boletinlegal/js/jquery1.js HTTP/1.1" 200 29846
172.22.2.4 - - [04/Jun/2023:06:52:23 -0500] "GET /BLA/boletinlegal/images/green-yellow-blue-pink-th.png HTTP/1.1" 200 7394
172.22.2.4 - - [04/Jun/2023:06:52:23 -0500] "GET /BLA/boletinlegal/images/tel.png HTTP/1.1" 200 14477
172.22.2.4 - - [04/Jun/2023:06:52:23 -0500] "GET /BLA/boletinlegal/images/icono-email.png HTTP/1.1" 200 5544
172.22.2.4 - - [04/Jun/2023:06:52:23 -0500] "GET /BLA/boletinlegal/images/footer_bg.jpg HTTP/1.1" 200 586
172.22.2.4 - - [04/Jun/2023:06:52:23 -0500] "GET /BLA/boletinlegal/images/footer_bg_l.jpg HTTP/1.1" 200 776
172.22.2.4 - - [04/Jun/2023:06:52:23 -0500] "GET /BLA/boletinlegal/img/0.png HTTP/1.1" 200 110
172.22.2.4 - - [04/Jun/2023:06:52:23 -0500] "GET /BLA/boletinlegal/img/button.png HTTP/1.1" 200 43241
172.22.2.4 - - [04/Jun/2023:06:52:23 -0500] "GET /BLA/boletinlegal/img/button-left.png HTTP/1.1" 200 57071
172.22.2.4 - - [04/Jun/2023:06:52:23 -0500] "GET /BLA/boletinlegal/img/select-right.png HTTP/1.1" 200 44019
172.22.2.4 - - [04/Jun/2023:06:52:23 -0500] "GET /BLA/boletinlegal/img/select-left.png HTTP/1.1" 200 263
172.22.2.4 - - [04/Jun/2023:06:52:23 -0500] "GET /BLA/boletinlegal/img/button-right.png HTTP/1.1" 200 57878
172.22.2.4 - - [04/Jun/2023:06:52:24 -0500] "GET /BLA/boletinlegal/favicon.ico HTTP/1.1" 404 1326
172.22.2.4 - - [04/Jun/2023:06:50:46 -0500] "HEAD /BLA/boletinlegal/ HTTP/1.1" 200 -
201.245.192.253 - - [04/Jun/2023:06:52:30 -0500] "POST /kwsrmcab/Wsrmcab  HTTP/1.1" 200 43202
186.80.199.188 - - [04/Jun/2023:06:52:34 -0500] "GET /BLA/resoluciones/ HTTP/1.1" 200 13502
186.80.199.188 - - [04/Jun/2023:06:52:35 -0500] "GET /BLA/resoluciones/dlf/styles.css HTTP/1.1" 200 3049
186.80.199.188 - - [04/Jun/2023:06:52:35 -0500] "GET /BLA/resoluciones/dlf/folder.png HTTP/1.1" 200 410
186.80.199.188 - - [04/Jun/2023:06:52:35 -0500] "GET /BLA/resoluciones/dlf/bg.gif HTTP/1.1" 200 54
186.80.199.188 - - [04/Jun/2023:06:52:38 -0500] "GET /BLA/resoluciones/dlf/dirup.png HTTP/1.1" 200 644
186.80.199.188 - - [04/Jun/2023:06:52:38 -0500] "GET /BLA/resoluciones/index.php?dir=AUTOS+2023%2F HTTP/1.1" 200 93849
186.80.199.188 - - [04/Jun/2023:06:52:38 -0500] "GET /BLA/resoluciones/dlf/pdf.gif HTTP/1.1" 200 272
186.80.199.188 - - [04/Jun/2023:06:52:38 -0500] "GET /BLA/resoluciones/dlf/archive.png HTTP/1.1" 200 632
216.245.221.92 - - [04/Jun/2023:06:52:58 -0500] "HEAD / HTTP/1.1" 200 -
172.22.2.4 - - [04/Jun/2023:06:52:18 -0500] "GET /BLA/boletinlegal/ HTTP/1.1" 200 24523
52.167.144.158 - - [04/Jun/2023:06:53:11 -0500] "GET /BLA/resoluciones/RESOLUCIONES%202022/3747.pdf HTTP/1.1" 304 -
172.22.2.4 - - [04/Jun/2023:06:51:37 -0500] "GET /BLA/boletinlegal/ HTTP/1.1" 200 55221
179.33.237.92 - - [04/Jun/2023:06:54:27 -0500] "GET /BLA/resoluciones/RESOLUCIONES%202021/1865.pdf HTTP/1.1" 200 466582
179.33.237.92 - - [04/Jun/2023:06:54:28 -0500] "GET /favicon.ico HTTP/1.1" 200 7782
143.244.175.97 - - [04/Jun/2023:06:54:40 -0500] "\x16\x03\x01\x02" 400 226
40.77.167.97 - - [04/Jun/2023:06:55:43 -0500] "GET /galeria/galeria/jquery.fancybox.js?v=2.1.5 HTTP/1.1" 200 48706
168.119.33.47 - - [04/Jun/2023:06:56:02 -0500] "GET /olga-romero-una-mujer-que-reverdece-con-corazon-inquieto-que-encontro-en-el-reciclaje-su-pasion.html HTTP/1.1" 206 798
201.245.192.253 - - [04/Jun/2023:06:57:29 -0500] "POST /kwsrmcab/Wsrmcab  HTTP/1.1" 200 43202
216.245.221.92 - - [04/Jun/2023:06:57:58 -0500] "HEAD / HTTP/1.1" 200 -
172.22.2.4 - - [04/Jun/2023:06:56:36 -0500] "HEAD /BLA/boletinlegal/ HTTP/1.1" 200 -
172.22.2.4 - - [04/Jun/2023:06:57:27 -0500] "GET /BLA/boletinlegal/ HTTP/1.1" 200 44065
172.22.2.4 - - [04/Jun/2023:06:57:49 -0500] "GET /BLA/boletinlegal/index.php HTTP/1.1" 200 46827
66.220.149.10 - - [04/Jun/2023:07:01:19 -0500] "GET /gran-mercado-campesino-en-bogota.html HTTP/1.1" 200 759
40.77.167.97 - - [04/Jun/2023:07:02:02 -0500] "GET /galeria/galeria/jquery.fancybox.js?v=2.1.5 HTTP/1.1" 200 48706
201.245.192.253 - - [04/Jun/2023:07:02:28 -0500] "POST /kwsrmcab/Wsrmcab  HTTP/1.1" 200 43202
216.245.221.92 - - [04/Jun/2023:07:02:58 -0500] "HEAD / HTTP/1.1" 200 -
172.22.2.4 - - [04/Jun/2023:07:02:26 -0500] "HEAD /BLA/boletinlegal/ HTTP/1.1" 200 -
191.156.53.46 - - [04/Jun/2023:07:04:43 -0500] "GET /en-junio-conectate-con-la-naturaleza-y-el-medioambiente-a-traves-de-estas-caminatas-ecologicas.html HTTP/1.1" 200 900
172.22.2.4 - - [04/Jun/2023:07:03:17 -0500] "GET /BLA/boletinlegal/ HTTP/1.1" 200 55571
166.0.218.53 - - [04/Jun/2023:07:07:07 -0500] "GET / HTTP/1.1" 200 319
173.252.107.18 - - [04/Jun/2023:07:07:08 -0500] "GET /mujeres-secretaria-de-ambiente-abre-nueva-convocatoria-para-aprender-sobre-el-cuidado-de-los-humedales.html HTTP/1.1" 200 853
173.252.107.16 - - [04/Jun/2023:07:07:08 -0500] "GET /mujeres-secretaria-de-ambiente-abre-nueva-convocatoria-para-aprender-sobre-el-cuidado-de-los-humedales.html HTTP/1.1" 200 853
201.245.192.253 - - [04/Jun/2023:07:07:27 -0500] "POST /kwsrmcab/Wsrmcab  HTTP/1.1" 200 43202
216.245.221.92 - - [04/Jun/2023:07:07:58 -0500] "HEAD / HTTP/1.1" 200 -
157.55.39.239 - - [04/Jun/2023:07:08:56 -0500] "GET /BLA/resoluciones/AUTOS%202018/4033.pdf HTTP/1.1" 200 310772
172.22.2.4 - - [04/Jun/2023:07:08:16 -0500] "HEAD /BLA/boletinlegal/ HTTP/1.1" 200 -
190.67.247.181 - - [04/Jun/2023:07:10:22 -0500] "GET /mujeres-secretaria-de-ambiente-abre-nueva-convocatoria-para-aprender-sobre-el-cuidado-de-los-humedales.html HTTP/1.1" 304 -
40.77.167.97 - - [04/Jun/2023:07:10:44 -0500] "GET /galeria/galeria/jquery.fancybox.js?v=2.1.5 HTTP/1.1" 200 48706
172.22.2.4 - - [04/Jun/2023:07:09:07 -0500] "GET /BLA/boletinlegal/ HTTP/1.1" 200 57561
157.55.39.239 - - [04/Jun/2023:07:11:20 -0500] "GET /BLA/resoluciones/AUTOS%202019/4776.pdf HTTP/1.1" 200 235548
173.252.107.20 - - [04/Jun/2023:07:12:07 -0500] "GET /mujeres-que-reverdecen-secretaria-de-ambiente-anuncia-300-cupos-para-la-tercera-fase-del-programa.html HTTP/1.1" 200 823
173.252.107.2 - - [04/Jun/2023:07:12:07 -0500] "GET /mujeres-que-reverdecen-secretaria-de-ambiente-anuncia-300-cupos-para-la-tercera-fase-del-programa.html HTTP/1.1" 200 823
201.245.192.253 - - [04/Jun/2023:07:12:26 -0500] "POST /kwsrmcab/Wsrmcab  HTTP/1.1" 200 43202
216.245.221.92 - - [04/Jun/2023:07:12:58 -0500] "HEAD / HTTP/1.1" 200 -
52.167.144.158 - - [04/Jun/2023:07:13:22 -0500] "GET /autoliquidacion2020 HTTP/1.1" 301 250
52.167.144.158 - - [04/Jun/2023:07:13:23 -0500] "GET /autoliquidacion2020/ HTTP/1.1" 200 6146
40.77.167.97 - - [04/Jun/2023:07:13:27 -0500] "GET /galeria/galeria/jquery.fancybox.js?v=2.1.5 HTTP/1.1" 200 48706
173.252.107.17 - - [04/Jun/2023:07:14:24 -0500] "GET /bogota-tendra-una-nueva-reciclaton-empresarial.html HTTP/1.1" 200 886
173.252.107.23 - - [04/Jun/2023:07:14:24 -0500] "GET /bogota-tendra-una-nueva-reciclaton-empresarial.html HTTP/1.1" 200 886
173.252.127.21 - - [04/Jun/2023:07:14:25 -0500] "GET /images/reciclaton-mayo-3-mayo.jpg HTTP/1.1" 200 278453
172.22.2.4 - - [04/Jun/2023:07:14:06 -0500] "HEAD /BLA/boletinlegal/ HTTP/1.1" 200 -
172.22.2.4 - - [04/Jun/2023:07:14:57 -0500] "GET /BLA/boletinlegal/ HTTP/1.1" 200 57561
201.245.192.253 - - [04/Jun/2023:07:17:25 -0500] "POST /kwsrmcab/Wsrmcab  HTTP/1.1" 200 43202
216.245.221.92 - - [04/Jun/2023:07:17:58 -0500] "HEAD / HTTP/1.1" 200 -
201.245.192.253 - - [04/Jun/2023:07:18:28 -0500] "POST /kwsrmcab/Wsrmcab HTTP/1.1" 200 42512
201.245.192.253 - - [04/Jun/2023:07:18:31 -0500] "POST /kwsrmcab/Wsrmcab HTTP/1.1" 200 40192
172.22.2.4 - - [04/Jun/2023:07:19:56 -0500] "HEAD /BLA/boletinlegal/ HTTP/1.1" 200 -
186.84.90.248 - - [04/Jun/2023:07:22:03 -0500] "GET /BLA/resoluciones/index.php?dir= HTTP/1.1" 200 13502
186.84.90.248 - - [04/Jun/2023:07:22:10 -0500] "GET /BLA/resoluciones/index.php?dir=AUTOS+2019%2F HTTP/1.1" 200 379672
201.245.192.253 - - [04/Jun/2023:07:22:24 -0500] "POST /kwsrmcab/Wsrmcab  HTTP/1.1" 200 43202
172.22.2.4 - - [04/Jun/2023:07:20:47 -0500] "GET /BLA/boletinlegal/ HTTP/1.1" 200 57151
216.245.221.92 - - [04/Jun/2023:07:22:58 -0500] "HEAD / HTTP/1.1" 200 -
172.22.2.4 - - [04/Jun/2023:07:24:43 -0500] "GET /BLA/boletinlegal/ecp/Current/exporttool/microsoft.exchange.ediscovery.exporttool.application HTTP/1.1" 404 1018
172.22.2.4 - - [04/Jun/2023:07:24:49 -0500] "GET /BLA/boletinlegal/owa/auth/logon.aspx HTTP/1.1" 404 1018
40.77.167.97 - - [04/Jun/2023:07:25:15 -0500] "GET /BLA/resoluciones/AUTOS%202021/0486.pdf HTTP/1.1" 304 -
52.167.144.158 - - [04/Jun/2023:07:26:36 -0500] "GET /BLA/resoluciones/AUTOS%202022/7940.pdf HTTP/1.1" 304 -
201.245.192.253 - - [04/Jun/2023:07:27:23 -0500] "POST /kwsrmcab/Wsrmcab  HTTP/1.1" 200 43202
172.22.2.4 - - [04/Jun/2023:07:25:46 -0500] "HEAD /BLA/boletinlegal/ HTTP/1.1" 200 -
216.245.221.92 - - [04/Jun/2023:07:27:58 -0500] "HEAD / HTTP/1.1" 200 -
157.55.39.239 - - [04/Jun/2023:07:27:59 -0500] "GET /Autoliquidacion/index.php?dir=Grupo+Forestal+-+Silvicultura%2F HTTP/1.1" 200 2759
172.22.2.4 - - [04/Jun/2023:07:26:37 -0500] "GET /BLA/boletinlegal/ HTTP/1.1" 200 57561
66.249.64.78 - - [04/Jun/2023:07:28:28 -0500] "GET /ecourbanismo-estrategia-para-transformar-y-llevar-a-bogota-por-el-camino-de-la-sostenibilidad.html HTTP/1.1" 200 788
201.245.192.253 - - [04/Jun/2023:07:28:28 -0500] "POST /kwsrmcab/Wsrmcab HTTP/1.1" 200 42512
201.245.192.253 - - [04/Jun/2023:07:28:31 -0500] "POST /kwsrmcab/Wsrmcab HTTP/1.1" 200 40192
40.77.190.191 - - [04/Jun/2023:07:29:23 -0500] "GET /dlf/styles.css HTTP/1.1" 404 1018
173.252.107.117 - - [04/Jun/2023:07:30:10 -0500] "GET /bogota-tendra-la-primera-planta-de-termovalorizacion-de-colombia-la-cual-convertira-los-residuos-en-energia-para-la-ciudad.html HTTP/1.1" 200 883
173.252.107.117 - - [04/Jun/2023:07:30:11 -0500] "GET /images/reunion-planta-termovalorizacion-11-mayo.jpg HTTP/1.1" 200 34782
186.84.91.65 - - [04/Jun/2023:07:31:54 -0500] "GET /mujeres-que-reverdec HTTP/1.1" 404 1136
186.84.91.65 - - [04/Jun/2023:07:31:57 -0500] "GET /favicon.ico HTTP/1.1" 404 1334
201.245.192.253 - - [04/Jun/2023:07:32:22 -0500] "POST /kwsrmcab/Wsrmcab  HTTP/1.1" 200 43202
66.249.64.74 - - [04/Jun/2023:07:32:39 -0500] "GET /vota-por-bogota-en-we-love-cities-pioneros-en-sostenibilidad.html HTTP/1.1" 200 850
216.245.221.92 - - [04/Jun/2023:07:32:58 -0500] "HEAD / HTTP/1.1" 200 -
172.22.2.4 - - [04/Jun/2023:07:31:36 -0500] "HEAD /BLA/boletinlegal/ HTTP/1.1" 200 -
172.22.2.4 - - [04/Jun/2023:07:33:20 -0500] "GET /BLA/boletinlegal/owa/auth/x.js HTTP/1.1" 404 1018
172.22.2.4 - - [04/Jun/2023:07:32:27 -0500] "GET /BLA/boletinlegal/ HTTP/1.1" 200 57151
172.22.2.4 - - [04/Jun/2023:07:34:10 -0500] "GET /BLA/boletinlegal/Directivas/2013/Directiva%20No.%201%20del%2004%20de%20Abril%20de%202013.pdf HTTP/1.1" 304 -
40.77.167.205 - - [04/Jun/2023:07:35:13 -0500] "GET /zuma-propuesta-de-pot-una-herramienta-clave-para-seguir-mejorando-la-calidad-del-aire-de-bogota.html HTTP/1.1" 200 1029
40.77.167.97 - - [04/Jun/2023:07:35:35 -0500] "GET /galeria/galeria/jquery.fancybox.js?v=2.1.5 HTTP/1.1" 200 48706
52.167.144.158 - - [04/Jun/2023:07:36:07 -0500] "GET /BLA/resoluciones/AUTOS%202018/0403.pdf HTTP/1.1" 200 337322
201.245.192.253 - - [04/Jun/2023:07:37:21 -0500] "POST /kwsrmcab/Wsrmcab  HTTP/1.1" 200 43202
216.245.221.92 - - [04/Jun/2023:07:37:58 -0500] "HEAD / HTTP/1.1" 200 -
201.245.192.253 - - [04/Jun/2023:07:38:27 -0500] "POST /kwsrmcab/Wsrmcab HTTP/1.1" 200 42512
201.245.192.253 - - [04/Jun/2023:07:38:30 -0500] "POST /kwsrmcab/Wsrmcab HTTP/1.1" 200 40192
172.22.2.4 - - [04/Jun/2023:07:38:14 -0500] "GET /BLA/boletinlegal/ HTTP/1.1" 200 20427
172.22.2.4 - - [04/Jun/2023:07:37:26 -0500] "HEAD /BLA/boletinlegal/ HTTP/1.1" 200 -
186.84.90.21 - - [04/Jun/2023:07:39:56 -0500] "GET /galeria/galeria/jquery.fancybox.css?v=2.1.5 HTTP/1.1" 200 4895
186.84.90.21 - - [04/Jun/2023:07:39:56 -0500] "GET /BLA/boletinlegal/js/jquery.scrollShow.js HTTP/1.1" 200 4586
186.84.90.21 - - [04/Jun/2023:07:39:56 -0500] "GET /galeria/galeria/jquery.fancybox.js?v=2.1.5 HTTP/1.1" 200 48706
172.22.2.4 - - [04/Jun/2023:07:38:17 -0500] "GET /BLA/boletinlegal/ HTTP/1.1" 200 54424
172.22.2.4 - - [04/Jun/2023:07:40:29 -0500] "GET /BLA/boletinlegal/robots.txt HTTP/1.1" 404 1038
172.22.2.4 - - [04/Jun/2023:07:41:06 -0500] "GET /BLA/boletinlegal/ HTTP/1.1" 200 36811
172.22.2.4 - - [04/Jun/2023:07:40:30 -0500] "GET /BLA/boletinlegal/index.php HTTP/1.1" 200 56754
201.245.192.253 - - [04/Jun/2023:07:42:19 -0500] "POST /kwsrmcab/Wsrmcab  HTTP/1.1" 200 43202
216.245.221.92 - - [04/Jun/2023:07:42:58 -0500] "HEAD / HTTP/1.1" 200 -
13.213.112.155 - - [04/Jun/2023:07:43:14 -0500] "GET /portaldeninos HTTP/1.1" 404 1035
66.249.69.2 - - [04/Jun/2023:07:44:22 -0500] "-" 408 -
172.22.2.4 - - [04/Jun/2023:07:43:16 -0500] "HEAD /BLA/boletinlegal/ HTTP/1.1" 200 -
40.77.167.97 - - [04/Jun/2023:07:45:07 -0500] "GET /galeria/galeria/jquery.fancybox.js?v=2.1.5 HTTP/1.1" 200 48706
172.22.2.4 - - [04/Jun/2023:07:44:07 -0500] "GET /BLA/boletinlegal/ HTTP/1.1" 200 55571
201.245.192.253 - - [04/Jun/2023:07:47:19 -0500] "POST /kwsrmcab/Wsrmcab  HTTP/1.1" 200 43202
216.245.221.92 - - [04/Jun/2023:07:47:58 -0500] "HEAD / HTTP/1.1" 200 -
156.59.198.136 - - [04/Jun/2023:07:48:33 -0500] "GET /portaldeninos/wp-content/uploads/2021/07/Banners-p%C3%A1gina-de-ni%C3%B1os-Glosario.jpg HTTP/1.0" 404 75240
186.84.91.65 - - [04/Jun/2023:07:48:57 -0500] "GET /moda-circular-manos-reparadoras-la-estrategia-del-distrito-para-restaurar-prendas-usadas.html HTTP/1.1" 304 -
173.252.79.6 - - [04/Jun/2023:07:49:50 -0500] "GET /images/17%20de%20febrero%20mujeres%20que%20reverdecen.jpeg HTTP/1.1" 200 85735
186.84.21.222 - - [04/Jun/2023:07:49:55 -0500] "POST /sipse/faces/presentacion/financiero/solicitudProceso/listarSolicitudProceso.xhtml HTTP/1.1" 302 -
186.84.21.222 - - [04/Jun/2023:07:49:55 -0500] "GET /sipse/faces/autenticacion.xhtml HTTP/1.1" 200 1099
186.84.21.222 - - [04/Jun/2023:07:49:55 -0500] "POST /sipse/faces/presentacion/financiero/solicitudProceso/listarSolicitudProceso.xhtml HTTP/1.1" 302 -
186.84.21.222 - - [04/Jun/2023:07:49:55 -0500] "GET /sipse/faces/autenticacion.xhtml HTTP/1.1" 200 1099
186.84.21.222 - - [04/Jun/2023:07:50:04 -0500] "GET /sipse/faces/presentacion/sistema/reporte/listarReportes.xhtml HTTP/1.1" 302 -
186.84.21.222 - - [04/Jun/2023:07:50:04 -0500] "GET /sipse/faces/autenticacion.xhtml HTTP/1.1" 200 12178
186.84.21.222 - - [04/Jun/2023:07:50:05 -0500] "GET /sipse/js/disable_browser_buttons.js HTTP/1.1" 200 3230
186.84.21.222 - - [04/Jun/2023:07:50:05 -0500] "GET /sipse/css/custom_css_sg_prime_login.css HTTP/1.1" 200 443
186.84.21.222 - - [04/Jun/2023:07:50:05 -0500] "GET /sipse/css/custom_css_sg.css HTTP/1.1" 200 9694
186.84.21.222 - - [04/Jun/2023:07:50:05 -0500] "GET /sipse/faces/javax.faces.resource/jquery/jquery-plugins.js?ln=primefaces&v=4.0 HTTP/1.1" 304 -
186.84.21.222 - - [04/Jun/2023:07:50:05 -0500] "GET /sipse/faces/javax.faces.resource/jquery/jquery.js?ln=primefaces&v=4.0 HTTP/1.1" 304 -
186.84.21.222 - - [04/Jun/2023:07:50:05 -0500] "GET /sipse/faces/javax.faces.resource/layout/layout.css?ln=primefaces&v=4.0 HTTP/1.1" 304 -
186.84.21.222 - - [04/Jun/2023:07:50:05 -0500] "GET /sipse/faces/javax.faces.resource/theme.css?ln=primefaces-sipse HTTP/1.1" 304 -
186.84.21.222 - - [04/Jun/2023:07:50:05 -0500] "GET /sipse/faces/javax.faces.resource/layout/layout.js?ln=primefaces&v=4.0 HTTP/1.1" 304 -
186.84.21.222 - - [04/Jun/2023:07:50:05 -0500] "GET /sipse/faces/javax.faces.resource/primefaces.js?ln=primefaces&v=4.0 HTTP/1.1" 304 -
186.84.21.222 - - [04/Jun/2023:07:50:05 -0500] "GET /sipse/js/funciones.js HTTP/1.1" 200 12592
186.84.21.222 - - [04/Jun/2023:07:50:05 -0500] "GET /sipse/faces/javax.faces.resource/primefaces.css?ln=primefaces&v=4.0 HTTP/1.1" 200 53295
186.84.21.222 - - [04/Jun/2023:07:50:05 -0500] "GET /sipse/faces/javax.faces.resource/images/ui-icons_898989_256x240.png?ln=primefaces-aristo HTTP/1.1" 200 5355
186.84.21.222 - - [04/Jun/2023:07:50:05 -0500] "GET /sipse/css/imagen/logoSDG.png HTTP/1.1" 200 53064
186.84.21.222 - - [04/Jun/2023:07:50:05 -0500] "GET /sipse/css/imagen/loginimg.png HTTP/1.1" 200 71635
186.84.21.222 - - [04/Jun/2023:07:50:05 -0500] "GET /favicon.ico HTTP/1.1" 200 7782
186.84.21.222 - - [04/Jun/2023:07:50:05 -0500] "GET /sipse/faces/index.xhtml HTTP/1.1" 200 677
186.84.21.222 - - [04/Jun/2023:07:50:05 -0500] "GET /sipse/faces/javax.faces.resource/theme.css?ln=primefaces-sipse HTTP/1.1" 304 -
186.84.21.222 - - [04/Jun/2023:07:50:05 -0500] "GET /sipse/faces/faces/autenticacion.xhtml HTTP/1.1" 200 12178
186.84.21.222 - - [04/Jun/2023:07:50:05 -0500] "GET /sipse/faces/javax.faces.resource/primefaces.css?ln=primefaces&v=4.0 HTTP/1.1" 304 -
186.84.21.222 - - [04/Jun/2023:07:50:05 -0500] "GET /sipse/faces/javax.faces.resource/theme.css?ln=primefaces-sipse HTTP/1.1" 304 -
186.84.21.222 - - [04/Jun/2023:07:50:05 -0500] "GET /sipse/faces/javax.faces.resource/layout/layout.css?ln=primefaces&v=4.0 HTTP/1.1" 304 -
186.84.21.222 - - [04/Jun/2023:07:50:05 -0500] "GET /sipse/faces/javax.faces.resource/jquery/jquery.js?ln=primefaces&v=4.0 HTTP/1.1" 304 -
186.84.21.222 - - [04/Jun/2023:07:50:05 -0500] "GET /sipse/faces/javax.faces.resource/jquery/jquery-plugins.js?ln=primefaces&v=4.0 HTTP/1.1" 304 -
186.84.21.222 - - [04/Jun/2023:07:50:05 -0500] "GET /sipse/faces/javax.faces.resource/primefaces.js?ln=primefaces&v=4.0 HTTP/1.1" 304 -
186.84.21.222 - - [04/Jun/2023:07:50:05 -0500] "GET /sipse/faces/javax.faces.resource/layout/layout.js?ln=primefaces&v=4.0 HTTP/1.1" 304 -
186.84.21.222 - - [04/Jun/2023:07:50:05 -0500] "GET /sipse/faces/javax.faces.resource/images/ui-icons_898989_256x240.png?ln=primefaces-aristo HTTP/1.1" 304 -
186.84.21.222 - - [04/Jun/2023:07:50:10 -0500] "POST /sipse/faces/autenticacion.xhtml HTTP/1.1" 200 18788
186.84.21.222 - - [04/Jun/2023:07:50:10 -0500] "GET /sipse/css/custom_css_sg_prime.css HTTP/1.1" 200 5201
186.84.21.222 - - [04/Jun/2023:07:50:10 -0500] "GET /sipse/js/jquery.min.js HTTP/1.1" 200 85582
186.84.21.222 - - [04/Jun/2023:07:50:10 -0500] "GET /sipse/faces/javax.faces.resource/jquery/jquery.js?ln=primefaces&v=4.0 HTTP/1.1" 304 -
186.84.21.222 - - [04/Jun/2023:07:50:10 -0500] "GET /sipse/faces/javax.faces.resource/jquery/jquery-plugins.js?ln=primefaces&v=4.0 HTTP/1.1" 304 -
186.84.21.222 - - [04/Jun/2023:07:50:10 -0500] "GET /sipse/faces/javax.faces.resource/primefaces.js?ln=primefaces&v=4.0 HTTP/1.1" 304 -
186.84.21.222 - - [04/Jun/2023:07:50:10 -0500] "GET /sipse/faces/javax.faces.resource/layout/layout.js?ln=primefaces&v=4.0 HTTP/1.1" 304 -
186.84.21.222 - - [04/Jun/2023:07:50:10 -0500] "GET /sipse/css/v_mergente.css HTTP/1.1" 200 1505
186.84.21.222 - - [04/Jun/2023:07:50:10 -0500] "GET /sipse/css/imagen/contrasena.png HTTP/1.1" 404 383
186.84.21.222 - - [04/Jun/2023:07:50:10 -0500] "GET /sipse/faces/javax.faces.resource/messages/messages.png?ln=primefaces&v=4.0 HTTP/1.1" 304 -
186.84.21.222 - - [04/Jun/2023:07:50:10 -0500] "GET /sipse/imagenes/cargando.gif HTTP/1.1" 200 36959
186.84.21.222 - - [04/Jun/2023:07:50:10 -0500] "GET /sipse/imagenes/logoAplicacion.jpg HTTP/1.1" 200 155084
186.84.21.222 - - [04/Jun/2023:07:50:14 -0500] "GET /sipse/faces/javax.faces.resource/images/ui-bg_flat_0_2d5972_40x100.png?ln=primefaces-aristo HTTP/1.1" 304 -
186.84.21.222 - - [04/Jun/2023:07:50:14 -0500] "POST /sipse/faces/bienvenido.xhtml HTTP/1.1" 200 3182
186.84.21.222 - - [04/Jun/2023:07:50:17 -0500] "POST /sipse/faces/bienvenido.xhtml HTTP/1.1" 200 2075
172.22.2.4 - - [04/Jun/2023:07:50:18 -0500] "GET /BLA/boletinlegal/robots.txt HTTP/1.1" 404 1037
172.22.2.4 - - [04/Jun/2023:07:50:18 -0500] "GET /BLA/boletinlegal/Directivas/2009/Directiva%20No.%20del%2023%20de%20Diciembre%20de%202009.pdf HTTP/1.1" 304 -
186.84.21.222 - - [04/Jun/2023:07:50:18 -0500] "POST /sipse/faces/bienvenido.xhtml HTTP/1.1" 200 40412
186.84.21.222 - - [04/Jun/2023:07:50:18 -0500] "GET /sipse/faces/javax.faces.resource/jquery/jquery.js?ln=primefaces&v=4.0 HTTP/1.1" 304 -
186.84.21.222 - - [04/Jun/2023:07:50:18 -0500] "GET /sipse/faces/javax.faces.resource/jquery/jquery-plugins.js?ln=primefaces&v=4.0 HTTP/1.1" 304 -
186.84.21.222 - - [04/Jun/2023:07:50:19 -0500] "GET /sipse/faces/javax.faces.resource/primefaces.js?ln=primefaces&v=4.0 HTTP/1.1" 304 -
186.84.21.222 - - [04/Jun/2023:07:50:19 -0500] "GET /sipse/faces/javax.faces.resource/layout/layout.js?ln=primefaces&v=4.0 HTTP/1.1" 304 -
173.252.79.9 - - [04/Jun/2023:07:50:19 -0500] "GET /images/mujeres-reverdecen-humedales-2-febrero.jpg HTTP/1.1" 200 47327
186.84.21.222 - - [04/Jun/2023:07:50:19 -0500] "POST /sipse/faces/presentacion/financiero/solicitudProceso/listarSolicitudProceso.xhtml HTTP/1.1" 200 1436
172.22.2.4 - - [04/Jun/2023:07:49:06 -0500] "HEAD /BLA/boletinlegal/ HTTP/1.1" 200 -
172.22.2.4 - - [04/Jun/2023:07:49:57 -0500] "GET /BLA/boletinlegal/ HTTP/1.1" 200 57561
186.84.21.222 - - [04/Jun/2023:07:51:37 -0500] "POST /sipse/faces/presentacion/financiero/solicitudProceso/listarSolicitudProceso.xhtml HTTP/1.1" 200 153618
186.84.21.222 - - [04/Jun/2023:07:51:38 -0500] "GET /sipse/faces/javax.faces.resource/jquery/jquery.js?ln=primefaces&v=4.0 HTTP/1.1" 304 -
186.84.21.222 - - [04/Jun/2023:07:51:38 -0500] "GET /sipse/faces/javax.faces.resource/jquery/jquery-plugins.js?ln=primefaces&v=4.0 HTTP/1.1" 304 -
186.84.21.222 - - [04/Jun/2023:07:51:39 -0500] "GET /sipse/faces/javax.faces.resource/primefaces.js?ln=primefaces&v=4.0 HTTP/1.1" 304 -
186.84.21.222 - - [04/Jun/2023:07:51:39 -0500] "GET /sipse/faces/javax.faces.resource/layout/layout.js?ln=primefaces&v=4.0 HTTP/1.1" 304 -
186.84.21.222 - - [04/Jun/2023:07:51:39 -0500] "GET /sipse/faces/javax.faces.resource/dynamiccontent.properties?ln=primefaces&pfdrid=XjOR5%2F%2FfPAZAuY9TpWQeCiM0BhlXxYRBGKi%2FQcXXfeA%3D&pfdrid_c=false HTTP/1.1" 500 383
172.22.2.4 - - [04/Jun/2023:07:51:48 -0500] "GET /BLA/boletinlegal/.env HTTP/1.1" 404 1018
186.84.21.222 - - [04/Jun/2023:07:51:52 -0500] "POST /sipse/faces/presentacion/financiero/solicitudProceso/consultarSolicitudProceso.xhtml HTTP/1.1" 200 5526
186.84.21.222 - - [04/Jun/2023:07:52:04 -0500] "POST /sipse/faces/presentacion/financiero/solicitudProceso/consultarSolicitudProceso.xhtml HTTP/1.1" 200 69291
201.245.192.253 - - [04/Jun/2023:07:52:18 -0500] "POST /kwsrmcab/Wsrmcab  HTTP/1.1" 200 43202
172.22.2.4 - - [04/Jun/2023:07:51:49 -0500] "POST /BLA/boletinlegal/ HTTP/1.1" 200 24523
168.119.252.243 - - [04/Jun/2023:07:52:44 -0500] "GET / HTTP/1.1" 200 4720
168.119.252.243 - - [04/Jun/2023:07:52:44 -0500] "GET / HTTP/1.1" 200 319
186.84.21.222 - - [04/Jun/2023:07:52:57 -0500] "POST /sipse/faces/presentacion/financiero/solicitudProceso/consultarSolicitudProceso.xhtml HTTP/1.1" 200 84864
216.245.221.92 - - [04/Jun/2023:07:52:58 -0500] "HEAD / HTTP/1.1" 200 -
186.84.21.222 - - [04/Jun/2023:07:54:00 -0500] "POST /sipse/faces/presentacion/financiero/solicitudProceso/consultarSolicitudProceso.xhtml HTTP/1.1" 200 5522
40.77.167.97 - - [04/Jun/2023:07:54:09 -0500] "GET /BLA/resoluciones/AUTOS%202023/0252.pdf HTTP/1.1" 304 -
186.84.21.222 - - [04/Jun/2023:07:54:30 -0500] "POST /sipse/faces/presentacion/financiero/solicitudProceso/consultarSolicitudProceso.xhtml HTTP/1.1" 200 5526
157.55.39.239 - - [04/Jun/2023:07:55:00 -0500] "GET /sipse/faces/index.xhtml HTTP/1.1" 200 677
186.84.21.222 - - [04/Jun/2023:07:55:49 -0500] "POST /sipse/faces/presentacion/financiero/solicitudProceso/consultarSolicitudProceso.xhtml HTTP/1.1" 200 37853
186.84.21.222 - - [04/Jun/2023:07:55:52 -0500] "GET /sipse/faces/javax.faces.resource/jquery/jquery.js?ln=primefaces&v=4.0 HTTP/1.1" 304 -
186.84.21.222 - - [04/Jun/2023:07:55:52 -0500] "GET /sipse/faces/javax.faces.resource/jquery/jquery-plugins.js?ln=primefaces&v=4.0 HTTP/1.1" 304 -
186.84.21.222 - - [04/Jun/2023:07:55:52 -0500] "GET /sipse/faces/javax.faces.resource/primefaces.js?ln=primefaces&v=4.0 HTTP/1.1" 304 -
186.84.21.222 - - [04/Jun/2023:07:55:52 -0500] "GET /sipse/faces/javax.faces.resource/layout/layout.js?ln=primefaces&v=4.0 HTTP/1.1" 304 -
186.84.21.222 - - [04/Jun/2023:07:55:52 -0500] "POST /sipse/faces/presentacion/financiero/solicitudProceso/listarSolicitudProceso.xhtml HTTP/1.1" 200 1416
186.84.21.222 - - [04/Jun/2023:07:56:21 -0500] "POST /sipse/faces/presentacion/financiero/solicitudProceso/listarSolicitudProceso.xhtml HTTP/1.1" 200 139134
186.84.21.222 - - [04/Jun/2023:07:56:22 -0500] "GET /sipse/faces/javax.faces.resource/jquery/jquery.js?ln=primefaces&v=4.0 HTTP/1.1" 304 -
186.84.21.222 - - [04/Jun/2023:07:56:22 -0500] "GET /sipse/faces/javax.faces.resource/jquery/jquery-plugins.js?ln=primefaces&v=4.0 HTTP/1.1" 304 -
186.84.21.222 - - [04/Jun/2023:07:56:22 -0500] "GET /sipse/faces/javax.faces.resource/primefaces.js?ln=primefaces&v=4.0 HTTP/1.1" 304 -
186.84.21.222 - - [04/Jun/2023:07:56:22 -0500] "GET /sipse/faces/javax.faces.resource/layout/layout.js?ln=primefaces&v=4.0 HTTP/1.1" 304 -
186.84.21.222 - - [04/Jun/2023:07:56:30 -0500] "POST /sipse/faces/presentacion/financiero/solicitudProceso/consultarSolicitudProceso.xhtml HTTP/1.1" 200 5526
172.22.2.4 - - [04/Jun/2023:07:54:56 -0500] "HEAD /BLA/boletinlegal/ HTTP/1.1" 200 -
186.84.21.222 - - [04/Jun/2023:07:56:43 -0500] "POST /sipse/faces/presentacion/financiero/solicitudProceso/consultarSolicitudProceso.xhtml HTTP/1.1" 200 76655
186.84.21.222 - - [04/Jun/2023:07:57:09 -0500] "POST /sipse/faces/presentacion/financiero/solicitudProceso/consultarSolicitudProceso.xhtml HTTP/1.1" 200 34816
186.84.21.222 - - [04/Jun/2023:07:57:11 -0500] "GET /sipse/faces/javax.faces.resource/jquery/jquery.js?ln=primefaces&v=4.0 HTTP/1.1" 304 -
186.84.21.222 - - [04/Jun/2023:07:57:11 -0500] "GET /sipse/faces/javax.faces.resource/jquery/jquery-plugins.js?ln=primefaces&v=4.0 HTTP/1.1" 304 -
186.84.21.222 - - [04/Jun/2023:07:57:11 -0500] "GET /sipse/faces/javax.faces.resource/primefaces.js?ln=primefaces&v=4.0 HTTP/1.1" 304 -
186.84.21.222 - - [04/Jun/2023:07:57:11 -0500] "GET /sipse/faces/javax.faces.resource/layout/layout.js?ln=primefaces&v=4.0 HTTP/1.1" 304 -
186.84.21.222 - - [04/Jun/2023:07:57:11 -0500] "POST /sipse/faces/presentacion/financiero/solicitudProceso/listarSolicitudProceso.xhtml HTTP/1.1" 200 1396
201.245.192.253 - - [04/Jun/2023:07:57:17 -0500] "POST /kwsrmcab/Wsrmcab  HTTP/1.1" 200 43202
172.22.2.4 - - [04/Jun/2023:07:55:47 -0500] "GET /BLA/boletinlegal/ HTTP/1.1" 200 55934
40.77.167.97 - - [04/Jun/2023:07:57:48 -0500] "GET /galeria/galeria/jquery.fancybox.js?v=2.1.5 HTTP/1.1" 200 48706
216.245.221.92 - - [04/Jun/2023:07:57:58 -0500] "HEAD / HTTP/1.1" 200 -
172.22.2.4 - - [04/Jun/2023:07:57:15 -0500] "GET /BLA/boletinlegal/ HTTP/1.1" 200 44065
40.77.167.97 - - [04/Jun/2023:07:59:38 -0500] "GET /galeria/galeria/jquery.fancybox.js?v=2.1.5 HTTP/1.1" 200 48706
61.135.159.192 - - [04/Jun/2023:07:59:42 -0500] "GET / HTTP/1.1" 200 319
52.167.144.25 - - [04/Jun/2023:07:59:48 -0500] "GET /BLA/resoluciones/AUTOS%202021/2765.pdf HTTP/1.1" 304 -
35.212.72.131 - - [04/Jun/2023:07:59:54 -0500] "GET / HTTP/1.1" 200 4720
35.212.72.131 - - [04/Jun/2023:08:01:01 -0500] "GET /galeria/nivo-slider/demo/banner.html HTTP/1.1" 200 5446
35.212.72.131 - - [04/Jun/2023:08:01:01 -0500] "GET /galeria/galeria/jquery.fancybox.js?v=2.1.5 HTTP/1.1" 200 48706
35.212.72.131 - - [04/Jun/2023:08:01:01 -0500] "GET /BLA/boletinlegal/js/jquery.scrollShow.js HTTP/1.1" 200 4586
35.212.72.131 - - [04/Jun/2023:08:01:01 -0500] "GET /js/url.js HTTP/1.1" 404 1198
35.212.72.131 - - [04/Jun/2023:08:01:01 -0500] "GET /galeria/carrusel/Carrusel/jquery.thumbnailScroller.js HTTP/1.1" 200 8157
35.212.72.131 - - [04/Jun/2023:08:01:01 -0500] "GET /galeria/carrusel/Carrusel/jquery-ui-1.8.13.custom.min.js HTTP/1.1" 200 10800
35.212.72.131 - - [04/Jun/2023:08:01:07 -0500] "GET /ads.txt HTTP/1.1" 404 1034
35.212.72.131 - - [04/Jun/2023:08:01:07 -0500] "GET /js/url.js HTTP/1.1" 404 1034
35.212.72.131 - - [04/Jun/2023:08:01:07 -0500] "GET /app-ads.txt HTTP/1.1" 404 1034
35.212.72.131 - - [04/Jun/2023:08:01:11 -0500] "GET /galeria/nivo-slider/jquery.nivo.slider.pack.js HTTP/1.1" 200 11561
35.212.72.131 - - [04/Jun/2023:08:01:11 -0500] "GET /galeria/nivo-slider/demo/scripts/jquery-1.7.1.min.js HTTP/1.1" 200 93868
201.245.192.253 - - [04/Jun/2023:08:02:16 -0500] "POST /kwsrmcab/Wsrmcab  HTTP/1.1" 200 43202
172.22.2.4 - - [04/Jun/2023:08:00:46 -0500] "HEAD /BLA/boletinlegal/ HTTP/1.1" 200 -
216.245.221.92 - - [04/Jun/2023:08:02:58 -0500] "HEAD / HTTP/1.1" 200 -
172.22.2.4 - - [04/Jun/2023:08:01:37 -0500] "GET /BLA/boletinlegal/ HTTP/1.1" 200 59306
157.55.39.239 - - [04/Jun/2023:08:03:41 -0500] "GET /sipse/faces/faces/autenticacion.xhtml HTTP/1.1" 200 12500
181.57.14.65 - - [04/Jun/2023:08:06:46 -0500] "GET /reciclaton-empresarial-2023-como-inscribirse-a-la-primera-jornada-del-ano.html HTTP/1.1" 200 705
201.245.192.253 - - [04/Jun/2023:08:07:15 -0500] "POST /kwsrmcab/Wsrmcab  HTTP/1.1" 200 43202
216.245.221.92 - - [04/Jun/2023:08:07:58 -0500] "HEAD / HTTP/1.1" 200 -
172.22.2.4 - - [04/Jun/2023:08:06:36 -0500] "HEAD /BLA/boletinlegal/ HTTP/1.1" 200 -
172.22.2.4 - - [04/Jun/2023:08:07:27 -0500] "GET /BLA/boletinlegal/ HTTP/1.1" 200 59306
66.220.149.116 - - [04/Jun/2023:08:11:19 -0500] "GET /images/camino-cerros-orientales-guadalupe.jpg HTTP/1.1" 200 68101
201.245.192.253 - - [04/Jun/2023:08:12:15 -0500] "POST /kwsrmcab/Wsrmcab  HTTP/1.1" 200 43202
216.245.221.92 - - [04/Jun/2023:08:12:58 -0500] "HEAD / HTTP/1.1" 200 -
52.167.144.158 - - [04/Jun/2023:08:13:38 -0500] "GET /BLA/resoluciones/AUTOS%202021/2609.pdf HTTP/1.1" 304 -
172.22.2.4 - - [04/Jun/2023:08:12:26 -0500] "HEAD /BLA/boletinlegal/ HTTP/1.1" 200 -
172.22.2.4 - - [04/Jun/2023:08:13:17 -0500] "GET /BLA/boletinlegal/ HTTP/1.1" 200 57561
192.155.90.118 - - [04/Jun/2023:08:17:00 -0500] "GET / HTTP/1.1" 200 319
201.245.192.253 - - [04/Jun/2023:08:17:14 -0500] "POST /kwsrmcab/Wsrmcab  HTTP/1.1" 200 43202
66.249.64.44 - - [04/Jun/2023:08:17:40 -0500] "GET /secretaria-de-ambiente-y-universidad-de-la-salle-firman-acuerdo-de-conservacion-en-17-hectareas.html HTTP/1.1" 200 990
216.245.221.92 - - [04/Jun/2023:08:17:58 -0500] "HEAD / HTTP/1.1" 200 -
201.245.192.253 - - [04/Jun/2023:08:18:28 -0500] "POST /kwsrmcab/Wsrmcab HTTP/1.1" 200 42673
201.245.192.253 - - [04/Jun/2023:08:18:31 -0500] "POST /kwsrmcab/Wsrmcab HTTP/1.1" 200 40195
172.22.2.4 - - [04/Jun/2023:08:19:41 -0500] "GET /BLA/boletinlegal/jurisprudencia/analisis/AnalisisT-146-16.docx HTTP/1.1" 200 23021
172.22.2.4 - - [04/Jun/2023:08:18:16 -0500] "HEAD /BLA/boletinlegal/ HTTP/1.1" 200 -
172.22.2.4 - - [04/Jun/2023:08:20:10 -0500] "GET /BLA/boletinlegal/actos.php HTTP/1.1" 200 9682
172.22.2.4 - - [04/Jun/2023:08:20:20 -0500] "GET /BLA/boletinlegal/consulta_actos.php?tipo=autos&no=0380&usuario=&sector=&fecha=2020&resuelve= HTTP/1.1" 200 1358
172.22.2.4 - - [04/Jun/2023:08:19:07 -0500] "GET /BLA/boletinlegal/ HTTP/1.1" 200 59306
157.55.39.239 - - [04/Jun/2023:08:21:02 -0500] "GET /Publicaciones/2023EE90836.pdf HTTP/1.1" 404 227
172.22.2.4 - - [04/Jun/2023:08:21:33 -0500] "GET /BLA/boletinlegal/Circulares/2022/CIRCULAR%20No.%2000009%20DEL%2010%20DE%20OCTUBRE%20DEL%202022.pdf HTTP/1.1" 200 292772
172.22.2.4 - - [04/Jun/2023:08:21:53 -0500] "GET /BLA/boletinlegal/Circulares/2011/Circular%20003%20de%20Febrero%20de%202011.pdf HTTP/1.1" 200 224758
201.245.192.253 - - [04/Jun/2023:08:22:13 -0500] "POST /kwsrmcab/Wsrmcab  HTTP/1.1" 200 43202
216.245.221.92 - - [04/Jun/2023:08:22:58 -0500] "HEAD / HTTP/1.1" 200 -
172.22.2.4 - - [04/Jun/2023:08:24:06 -0500] "HEAD /BLA/boletinlegal/ HTTP/1.1" 200 -
94.102.61.10 - - [04/Jun/2023:08:26:09 -0500] "GET /portaldeninos/ HTTP/1.1" 200 110197
172.22.2.4 - - [04/Jun/2023:08:26:23 -0500] "GET /BLA/boletinlegal/favicon.ico HTTP/1.1" 404 1326
172.22.2.4 - - [04/Jun/2023:08:24:57 -0500] "GET /BLA/boletinlegal/ HTTP/1.1" 200 56287
201.245.192.253 - - [04/Jun/2023:08:27:13 -0500] "POST /kwsrmcab/Wsrmcab  HTTP/1.1" 200 43202
216.245.221.92 - - [04/Jun/2023:08:27:58 -0500] "HEAD / HTTP/1.1" 200 -
201.245.192.253 - - [04/Jun/2023:08:28:27 -0500] "POST /kwsrmcab/Wsrmcab HTTP/1.1" 200 42673
201.245.192.253 - - [04/Jun/2023:08:28:30 -0500] "POST /kwsrmcab/Wsrmcab HTTP/1.1" 200 40195
66.249.69.31 - - [04/Jun/2023:08:29:22 -0500] "-" 408 -
172.22.2.4 - - [04/Jun/2023:08:29:56 -0500] "HEAD /BLA/boletinlegal/ HTTP/1.1" 200 -
201.245.192.253 - - [04/Jun/2023:08:32:11 -0500] "POST /kwsrmcab/Wsrmcab  HTTP/1.1" 200 43202
172.22.2.4 - - [04/Jun/2023:08:30:47 -0500] "GET /BLA/boletinlegal/ HTTP/1.1" 200 57151
157.55.39.239 - - [04/Jun/2023:08:32:55 -0500] "GET /BLA/resoluciones/RESOLUCIONES%202021/0016.pdf HTTP/1.1" 304 -
216.245.221.92 - - [04/Jun/2023:08:32:58 -0500] "HEAD / HTTP/1.1" 200 -
52.167.144.20 - - [04/Jun/2023:08:33:34 -0500] "GET /BLA/resoluciones/RESOLUCIONES%202020/2249.pdf HTTP/1.1" 304 -
40.77.167.97 - - [04/Jun/2023:08:34:21 -0500] "GET /galeria/galeria/jquery.fancybox.js?v=2.1.5 HTTP/1.1" 200 48706
201.245.192.253 - - [04/Jun/2023:08:37:10 -0500] "POST /kwsrmcab/Wsrmcab  HTTP/1.1" 200 43202
172.22.2.4 - - [04/Jun/2023:08:35:46 -0500] "HEAD /BLA/boletinlegal/ HTTP/1.1" 200 -
216.245.221.92 - - [04/Jun/2023:08:37:58 -0500] "HEAD / HTTP/1.1" 200 -
172.22.2.4 - - [04/Jun/2023:08:36:37 -0500] "GET /BLA/boletinlegal/ HTTP/1.1" 200 58307
201.245.192.253 - - [04/Jun/2023:08:38:27 -0500] "POST /kwsrmcab/Wsrmcab HTTP/1.1" 200 42673
201.245.192.253 - - [04/Jun/2023:08:38:30 -0500] "POST /kwsrmcab/Wsrmcab HTTP/1.1" 200 40195
66.249.69.31 - - [04/Jun/2023:08:39:01 -0500] "-" 408 -
52.167.144.158 - - [04/Jun/2023:08:41:00 -0500] "GET /BLA/resoluciones/AUTOS%202022/1913.pdf HTTP/1.1" 304 -
69.63.184.3 - - [04/Jun/2023:08:41:08 -0500] "GET /secretaria-de-ambiente-impone-medidas-preventivas-a-un-privado-que-utilizaba-un-area-protegida-para-promocionar-proyectos.html HTTP/1.1" 206 866
201.245.192.253 - - [04/Jun/2023:08:42:09 -0500] "POST /kwsrmcab/Wsrmcab  HTTP/1.1" 200 43202
208.127.116.235 - - [04/Jun/2023:08:42:22 -0500] "GET /galeria/nivo-slider/demo/images/febrero.jpg HTTP/1.1" 304 -
65.154.226.169 - - [04/Jun/2023:08:42:25 -0500] "GET /galeria/nivo-slider/demo/images/febrero.jpg HTTP/1.1" 200 562920
216.245.221.92 - - [04/Jun/2023:08:42:58 -0500] "HEAD / HTTP/1.1" 200 -
172.22.2.4 - - [04/Jun/2023:08:41:36 -0500] "HEAD /BLA/boletinlegal/ HTTP/1.1" 200 -
172.22.2.4 - - [04/Jun/2023:08:42:27 -0500] "GET /BLA/boletinlegal/ HTTP/1.1" 200 59306
191.156.226.120 - - [04/Jun/2023:08:45:37 -0500] "GET /en-junio-conectate-con-la-naturaleza-y-el-medioambiente-a-traves-de-estas-caminatas-ecologicas.html HTTP/1.1" 200 900
186.155.18.117 - - [04/Jun/2023:08:46:35 -0500] "GET /en-junio-conectate-con-la-naturaleza-y-el-medioambiente-a-traves-de-estas-caminatas-ecologicas.html?fbclid=IwAR02sfvd1DSTPTvMvQ1AX-lsnqeBBWEWkbya3NBaegaRSFwGRUsr4ufuajw HTTP/1.1" 200 900
201.245.192.253 - - [04/Jun/2023:08:47:08 -0500] "POST /kwsrmcab/Wsrmcab  HTTP/1.1" 200 43202
216.245.221.92 - - [04/Jun/2023:08:47:58 -0500] "HEAD / HTTP/1.1" 200 -
172.22.2.4 - - [04/Jun/2023:08:47:26 -0500] "HEAD /BLA/boletinlegal/ HTTP/1.1" 200 -
172.22.2.4 - - [04/Jun/2023:08:48:17 -0500] "GET /BLA/boletinlegal/ HTTP/1.1" 200 57561
181.50.205.39 - - [04/Jun/2023:08:50:53 -0500] "GET /reciclaton-empresarial-2023-como-inscribirse-a-la-primera-jornada-del-ano.html HTTP/1.1" 200 705
201.245.192.253 - - [04/Jun/2023:08:52:07 -0500] "POST /kwsrmcab/Wsrmcab  HTTP/1.1" 200 43202
216.245.221.92 - - [04/Jun/2023:08:52:58 -0500] "HEAD / HTTP/1.1" 200 -
166.0.218.42 - - [04/Jun/2023:08:53:03 -0500] "GET / HTTP/1.1" 200 319
52.74.90.58 - - [04/Jun/2023:08:53:23 -0500] "GET /galeria/galeria/jquery.fancybox.js?v=2.1.5 HTTP/1.1" 200 48706
52.74.90.58 - - [04/Jun/2023:08:53:23 -0500] "GET /BLA/boletinlegal/js/jquery.scrollShow.js HTTP/1.1" 200 4586
66.249.70.10 - - [04/Jun/2023:08:53:24 -0500] "GET /reciclaton-empresarial-2023-como-inscribirse-a-la-primera-jornada-del-ano.html HTTP/1.1" 200 705
172.22.2.4 - - [04/Jun/2023:08:53:16 -0500] "HEAD /BLA/boletinlegal/ HTTP/1.1" 200 -
172.22.2.4 - - [04/Jun/2023:08:54:07 -0500] "GET /BLA/boletinlegal/ HTTP/1.1" 200 57945
201.245.192.253 - - [04/Jun/2023:08:57:06 -0500] "POST /kwsrmcab/Wsrmcab  HTTP/1.1" 200 43202
216.245.221.92 - - [04/Jun/2023:08:57:58 -0500] "HEAD / HTTP/1.1" 200 -
