!C99Shell v. 1.0 pre-release build #13!

Software: Apache. PHP/5.5.15 

uname -a: Windows NT SVR-DMZ 6.1 build 7600 (Windows Server 2008 R2 Enterprise Edition) i586 

SYSTEM 

Safe-mode: OFF (not secure)

E:\nuevo\apache\logs\   drwxrwxrwx
Free 5.02 GB of 239.26 GB (2.1%)
Detected drives: [ a ] [ c ] [ d ] [ e ] [ f ]
Home    Back    Forward    UPDIR    Refresh    Search    Buffer    Encoder    Tools    Proc.    FTP brute    Sec.    SQL    PHP-code    Update    Feedback    Self remove    Logout    


Viewing file:     access.2023.06.04.log (531.5 KB)      -rw-rw-rw-
Select action/file-type:
(+) | (+) | (+) | Code (+) | Session (+) | (+) | SDB (+) | (+) | (+) | (+) | (+) | (+) |
172.22.2.4 - - [04/Jun/2023:00:00:47 -0500] "GET /BLA/boletinlegal/actos.php HTTP/1.1" 200 9682
172.22.2.4 - - [04/Jun/2023:00:00:48 -0500] "GET /BLA/boletinlegal/favicon.ico HTTP/1.1" 404 1326
172.22.2.4 - - [04/Jun/2023:00:00:58 -0500] "GET /BLA/boletinlegal/consulta_actos.php?tipo=resoluciones&no=0272&usuario=&sector=&fecha=2019&resuelve= HTTP/1.1" 200 1354
181.58.38.72 - - [04/Jun/2023:00:01:02 -0500] "GET /BLA/resoluciones/RESOLUCIONES%202019/0272.pdf HTTP/1.1" 200 622741
181.58.38.72 - - [04/Jun/2023:00:01:02 -0500] "GET /favicon.ico HTTP/1.1" 200 7782
172.22.2.4 - - [04/Jun/2023:00:00:40 -0500] "GET /BLA/boletinlegal/ HTTP/1.1" 200 24523
172.22.2.4 - - [04/Jun/2023:00:02:24 -0500] "GET /BLA/boletinlegal/actos.php HTTP/1.1" 200 9682
172.22.2.4 - - [04/Jun/2023:00:02:31 -0500] "GET /BLA/boletinlegal/consulta_actos.php?tipo=resoluciones&no=&usuario=&sector=&fecha=2000&resuelve= HTTP/1.1" 200 28474
216.245.221.92 - - [04/Jun/2023:00:02:59 -0500] "HEAD / HTTP/1.1" 200 -
172.22.2.4 - - [04/Jun/2023:00:02:15 -0500] "GET /BLA/boletinlegal/ HTTP/1.1" 200 46402
201.245.192.253 - - [04/Jun/2023:00:03:57 -0500] "POST /kwsrmcab/Wsrmcab  HTTP/1.1" 200 43202
172.22.2.4 - - [04/Jun/2023:00:02:27 -0500] "HEAD /BLA/boletinlegal/ HTTP/1.1" 200 -
172.22.2.4 - - [04/Jun/2023:00:03:18 -0500] "GET /BLA/boletinlegal/ HTTP/1.1" 200 49754
172.22.2.4 - - [04/Jun/2023:00:03:22 -0500] "GET /BLA/boletinlegal/ HTTP/1.1" 200 50283
40.77.167.97 - - [04/Jun/2023:00:05:10 -0500] "GET /galeria/galeria/jquery.fancybox.js?v=2.1.5 HTTP/1.1" 200 48706
172.22.2.4 - - [04/Jun/2023:00:06:22 -0500] "GET /BLA/boletinlegal/consulta_actos.php?tipo=resoluciones&no=&usuario=&sector=&fecha=2001&resuelve= HTTP/1.1" 200 33809
173.252.95.16 - - [04/Jun/2023:00:07:02 -0500] "GET /reciclaton-empresarial-2023-como-inscribirse-a-la-primera-jornada-del-ano.html HTTP/1.1" 206 705
172.22.2.4 - - [04/Jun/2023:00:07:04 -0500] "GET /BLA/boletinlegal/consulta_actos.php?tipo=resoluciones&no=3505&usuario=&sector=&fecha=2018&resuelve= HTTP/1.1" 200 1069
181.58.38.72 - - [04/Jun/2023:00:07:07 -0500] "GET /BLA/resoluciones/RESOLUCIONES%202018/3505.pdf HTTP/1.1" 200 281584
40.77.167.97 - - [04/Jun/2023:00:07:20 -0500] "GET /BLA/resoluciones/AUTOS%202021/1562.pdf HTTP/1.1" 304 -
40.77.167.97 - - [04/Jun/2023:00:07:21 -0500] "GET /galeria/galeria/jquery.fancybox.js?v=2.1.5 HTTP/1.1" 200 48706
216.245.221.92 - - [04/Jun/2023:00:07:59 -0500] "HEAD / HTTP/1.1" 200 -
201.245.192.253 - - [04/Jun/2023:00:08:56 -0500] "POST /kwsrmcab/Wsrmcab  HTTP/1.1" 200 43202
52.167.144.57 - - [04/Jun/2023:00:09:32 -0500] "-" 408 -
172.22.2.4 - - [04/Jun/2023:00:08:17 -0500] "HEAD /BLA/boletinlegal/ HTTP/1.1" 200 -
172.22.2.4 - - [04/Jun/2023:00:09:08 -0500] "GET /BLA/boletinlegal/ HTTP/1.1" 200 57561
216.245.221.92 - - [04/Jun/2023:00:12:59 -0500] "HEAD / HTTP/1.1" 200 -
201.245.192.253 - - [04/Jun/2023:00:13:54 -0500] "POST /kwsrmcab/Wsrmcab  HTTP/1.1" 200 43202
157.55.39.239 - - [04/Jun/2023:00:15:29 -0500] "GET /BLA/resoluciones/AUTOS%202014/5840.pdf HTTP/1.1" 200 465824
172.22.2.4 - - [04/Jun/2023:00:14:07 -0500] "HEAD /BLA/boletinlegal/ HTTP/1.1" 200 -
172.22.2.4 - - [04/Jun/2023:00:14:58 -0500] "GET /BLA/boletinlegal/ HTTP/1.1" 200 57945
173.252.127.118 - - [04/Jun/2023:00:17:56 -0500] "GET /images/Rmasar%2018%20de%20febrero%20Grupo.jpg HTTP/1.1" 200 68398
216.245.221.92 - - [04/Jun/2023:00:17:59 -0500] "HEAD / HTTP/1.1" 200 -
201.245.192.253 - - [04/Jun/2023:00:18:29 -0500] "POST /kwsrmcab/Wsrmcab HTTP/1.1" 200 43048
201.245.192.253 - - [04/Jun/2023:00:18:32 -0500] "POST /kwsrmcab/Wsrmcab HTTP/1.1" 200 40148
172.22.2.4 - - [04/Jun/2023:00:18:51 -0500] "GET /BLA/boletinlegal/actos.php HTTP/1.1" 200 9682
181.58.38.72 - - [04/Jun/2023:00:18:53 -0500] "GET /BLA/resoluciones/ HTTP/1.1" 200 13502
201.245.192.253 - - [04/Jun/2023:00:18:54 -0500] "POST /kwsrmcab/Wsrmcab  HTTP/1.1" 200 43202
172.22.2.4 - - [04/Jun/2023:00:19:11 -0500] "GET /BLA/boletinlegal/consulta_actos.php?tipo=resoluciones&no=&usuario=zigurat&sector=&fecha=2022&resuelve= HTTP/1.1" 200 1101
172.22.2.4 - - [04/Jun/2023:00:19:17 -0500] "GET /BLA/boletinlegal/consulta_actos.php?tipo=resoluciones&no=&usuario=zigurat&sector=&fecha=2023&resuelve= HTTP/1.1" 200 626
172.22.2.4 - - [04/Jun/2023:00:19:21 -0500] "GET /BLA/boletinlegal/consulta_actos.php?tipo=resoluciones&no=&usuario=zigurat&sector=&fecha=2022&resuelve= HTTP/1.1" 200 1101
181.58.38.72 - - [04/Jun/2023:00:19:23 -0500] "GET /BLA/resoluciones/RESOLUCIONES%202022/0958.pdf HTTP/1.1" 200 3844161
172.22.2.4 - - [04/Jun/2023:00:18:50 -0500] "GET /BLA/boletinlegal/ HTTP/1.1" 200 24523
172.22.2.4 - - [04/Jun/2023:00:19:57 -0500] "HEAD /BLA/boletinlegal/ HTTP/1.1" 200 -
191.95.61.63 - - [04/Jun/2023:00:22:13 -0500] "GET /galeria/galeria/jquery.fancybox.css?v=2.1.5 HTTP/1.1" 200 4895
191.95.61.63 - - [04/Jun/2023:00:22:13 -0500] "GET /BLA/boletinlegal/js/jquery.scrollShow.js HTTP/1.1" 200 4586
191.95.61.63 - - [04/Jun/2023:00:22:13 -0500] "GET /galeria/galeria/jquery.fancybox.js?v=2.1.5 HTTP/1.1" 200 48706
172.22.2.4 - - [04/Jun/2023:00:20:48 -0500] "GET /BLA/boletinlegal/ HTTP/1.1" 200 57561
157.55.39.239 - - [04/Jun/2023:00:22:49 -0500] "GET /sipse/faces/faces/autenticacion.xhtml HTTP/1.1" 200 12500
216.245.221.92 - - [04/Jun/2023:00:22:59 -0500] "HEAD / HTTP/1.1" 200 -
201.245.192.253 - - [04/Jun/2023:00:23:53 -0500] "POST /kwsrmcab/Wsrmcab  HTTP/1.1" 200 43202
157.55.39.239 - - [04/Jun/2023:00:24:30 -0500] "GET /BLA/resoluciones/AUTOS%202021/2207.pdf HTTP/1.1" 304 -
152.61.192.232 - - [04/Jun/2023:00:25:51 -0500] "GET / HTTP/1.1" 200 319
40.77.167.97 - - [04/Jun/2023:00:26:22 -0500] "GET /galeria/galeria/jquery.fancybox.js?v=2.1.5 HTTP/1.1" 200 48706
13.251.231.104 - - [04/Jun/2023:00:26:45 -0500] "GET /videos/galeria-cronicas/1V3wnplaylist.htm? HTTP/1.1" 200 4013
13.251.231.104 - - [04/Jun/2023:00:26:46 -0500] "GET /videos/galeria-cronicas/skin/blue.monday/jplayer.blue.monday.css HTTP/1.1" 200 12518
13.251.231.104 - - [04/Jun/2023:00:26:47 -0500] "GET /videos/galeria-cronicas/js/jquery.jplayer.min.js HTTP/1.1" 200 43668
13.251.231.104 - - [04/Jun/2023:00:26:47 -0500] "GET /videos/galeria-cronicas/js/jplayer.playlist.min.js HTTP/1.1" 200 8608
172.22.2.4 - - [04/Jun/2023:00:25:47 -0500] "HEAD /BLA/boletinlegal/ HTTP/1.1" 200 -
40.77.167.97 - - [04/Jun/2023:00:27:42 -0500] "GET /galeria/galeria/jquery.fancybox.js?v=2.1.5 HTTP/1.1" 200 48706
216.245.221.92 - - [04/Jun/2023:00:27:59 -0500] "HEAD / HTTP/1.1" 200 -
172.22.2.4 - - [04/Jun/2023:00:26:38 -0500] "GET /BLA/boletinlegal/ HTTP/1.1" 200 58663
201.245.192.253 - - [04/Jun/2023:00:28:29 -0500] "POST /kwsrmcab/Wsrmcab HTTP/1.1" 200 43048
201.245.192.253 - - [04/Jun/2023:00:28:32 -0500] "POST /kwsrmcab/Wsrmcab HTTP/1.1" 200 40148
201.245.192.253 - - [04/Jun/2023:00:28:53 -0500] "POST /kwsrmcab/Wsrmcab  HTTP/1.1" 200 43202
216.245.221.92 - - [04/Jun/2023:00:32:59 -0500] "HEAD / HTTP/1.1" 200 -
172.22.2.4 - - [04/Jun/2023:00:31:37 -0500] "HEAD /BLA/boletinlegal/ HTTP/1.1" 200 -
172.22.2.4 - - [04/Jun/2023:00:31:54 -0500] "GET /BLA/boletinlegal/index.php HTTP/1.1" 200 48260
201.245.192.253 - - [04/Jun/2023:00:33:52 -0500] "POST /kwsrmcab/Wsrmcab  HTTP/1.1" 200 43202
172.22.2.4 - - [04/Jun/2023:00:32:28 -0500] "GET /BLA/boletinlegal/ HTTP/1.1" 200 51620
152.61.128.50 - - [04/Jun/2023:00:34:32 -0500] "GET / HTTP/1.1" 200 319
118.184.177.106 - - [04/Jun/2023:00:36:37 -0500] "GET / HTTP/1.1" 200 319
216.245.221.92 - - [04/Jun/2023:00:37:59 -0500] "HEAD / HTTP/1.1" 200 -
201.245.192.253 - - [04/Jun/2023:00:38:29 -0500] "POST /kwsrmcab/Wsrmcab HTTP/1.1" 200 43048
201.245.192.253 - - [04/Jun/2023:00:38:32 -0500] "POST /kwsrmcab/Wsrmcab HTTP/1.1" 200 40148
201.245.192.253 - - [04/Jun/2023:00:38:52 -0500] "POST /kwsrmcab/Wsrmcab  HTTP/1.1" 200 43202
172.22.2.4 - - [04/Jun/2023:00:37:27 -0500] "HEAD /BLA/boletinlegal/ HTTP/1.1" 200 -
172.22.2.4 - - [04/Jun/2023:00:38:18 -0500] "GET /BLA/boletinlegal/ HTTP/1.1" 200 57561
52.167.144.158 - - [04/Jun/2023:00:40:57 -0500] "GET /BLA/resoluciones/RESOLUCIONES%202023/0442.pdf HTTP/1.1" 200 413936
66.249.69.2 - - [04/Jun/2023:00:41:34 -0500] "-" 408 -
40.77.167.97 - - [04/Jun/2023:00:41:48 -0500] "GET /galeria/galeria/jquery.fancybox.js?v=2.1.5 HTTP/1.1" 200 48706
216.245.221.92 - - [04/Jun/2023:00:42:59 -0500] "HEAD / HTTP/1.1" 200 -
201.245.192.253 - - [04/Jun/2023:00:43:50 -0500] "POST /kwsrmcab/Wsrmcab  HTTP/1.1" 200 43202
172.22.2.4 - - [04/Jun/2023:00:43:17 -0500] "HEAD /BLA/boletinlegal/ HTTP/1.1" 200 -
172.22.2.4 - - [04/Jun/2023:00:44:08 -0500] "GET /BLA/boletinlegal/ HTTP/1.1" 200 52326
216.245.221.92 - - [04/Jun/2023:00:47:59 -0500] "HEAD / HTTP/1.1" 200 -
201.245.192.253 - - [04/Jun/2023:00:48:49 -0500] "POST /kwsrmcab/Wsrmcab  HTTP/1.1" 200 43202
66.249.69.31 - - [04/Jun/2023:00:48:53 -0500] "-" 408 -
199.16.157.182 - - [04/Jun/2023:00:50:27 -0500] "GET /images/atencion-al-ciudadano-abril.jpg HTTP/1.1" 200 116523
40.77.188.212 - - [04/Jun/2023:00:50:35 -0500] "GET /galeria/galeria/jquery.fancybox.js?v=2.1.5 HTTP/1.1" 200 48706
172.22.2.4 - - [04/Jun/2023:00:49:07 -0500] "HEAD /BLA/boletinlegal/ HTTP/1.1" 200 -
172.22.2.4 - - [04/Jun/2023:00:51:29 -0500] "GET /BLA/boletinlegal/actos.php HTTP/1.1" 200 9682
128.14.134.170 - - [04/Jun/2023:00:51:36 -0500] "GET /portaldeninos/ HTTP/1.1" 200 110197
172.22.2.4 - - [04/Jun/2023:00:49:58 -0500] "GET /BLA/boletinlegal/ HTTP/1.1" 200 57561
216.245.221.92 - - [04/Jun/2023:00:52:59 -0500] "HEAD / HTTP/1.1" 200 -
201.245.192.253 - - [04/Jun/2023:00:53:48 -0500] "POST /kwsrmcab/Wsrmcab  HTTP/1.1" 200 43202
157.55.39.239 - - [04/Jun/2023:00:54:12 -0500] "GET /BLA/resoluciones/AUTOS%202021/4609.pdf HTTP/1.1" 304 -
40.77.167.97 - - [04/Jun/2023:00:54:51 -0500] "GET /BLA/resoluciones/RESOLUCIONES%202023/0186.pdf HTTP/1.1" 304 -
40.77.167.97 - - [04/Jun/2023:00:55:49 -0500] "GET /BLA/resoluciones/AUTOS%202021/0248.pdf HTTP/1.1" 304 -
66.249.69.31 - - [04/Jun/2023:00:56:05 -0500] "-" 408 -
152.61.192.232 - - [04/Jun/2023:00:56:13 -0500] "GET /arcgis/services/Calidad_del_Agua_WQI/MapServer/WMSServer?request=GetCapabilities&service=WMS HTTP/1.1" 503 1020
152.61.192.232 - - [04/Jun/2023:00:56:14 -0500] "GET /arcgis/services/Calidad_del_Agua_WQI/MapServer/WMSServer?SERVICE=WMS&REQUEST=GetCapabilities HTTP/1.1" 503 1020
152.61.192.232 - - [04/Jun/2023:00:56:14 -0500] "GET /arcgis/services/Calidad_del_Agua_WQI/MapServer/WMSServer?WMTVER=1.0.0&REQUEST=capabilities HTTP/1.1" 503 1020
172.22.2.4 - - [04/Jun/2023:00:54:57 -0500] "HEAD /BLA/boletinlegal/ HTTP/1.1" 200 -
172.22.2.4 - - [04/Jun/2023:00:55:48 -0500] "GET /BLA/boletinlegal/ HTTP/1.1" 200 59306
216.245.221.92 - - [04/Jun/2023:00:57:59 -0500] "HEAD / HTTP/1.1" 200 -
201.245.192.253 - - [04/Jun/2023:00:58:47 -0500] "POST /kwsrmcab/Wsrmcab  HTTP/1.1" 200 43202
51.159.195.16 - - [04/Jun/2023:00:59:29 -0500] "GET /en-junio-conectate-con-la-naturaleza-y-el-medioambiente-a-traves-de-estas-caminatas-ecologicas.html HTTP/1.1" 200 900
51.159.195.16 - - [04/Jun/2023:00:59:29 -0500] "GET /images/caminatas-ecologicas-junio_optimized.jpg HTTP/1.1" 200 42068
40.77.167.97 - - [04/Jun/2023:00:59:30 -0500] "GET /galeria/galeria/jquery.fancybox.js?v=2.1.5 HTTP/1.1" 200 48706
52.167.144.158 - - [04/Jun/2023:01:00:48 -0500] "GET /BLA/resoluciones/AUTOS%202023/2056.pdf HTTP/1.1" 200 428167
172.22.2.4 - - [04/Jun/2023:01:00:47 -0500] "HEAD /BLA/boletinlegal/ HTTP/1.1" 200 -
216.245.221.92 - - [04/Jun/2023:01:02:59 -0500] "HEAD / HTTP/1.1" 200 -
172.22.2.4 - - [04/Jun/2023:01:01:38 -0500] "GET /BLA/boletinlegal/ HTTP/1.1" 200 52326
201.245.192.253 - - [04/Jun/2023:01:03:46 -0500] "POST /kwsrmcab/Wsrmcab  HTTP/1.1" 200 43202
157.55.39.239 - - [04/Jun/2023:01:06:02 -0500] "GET /forest/ HTTP/1.1" 200 12041
216.245.221.92 - - [04/Jun/2023:01:07:59 -0500] "HEAD / HTTP/1.1" 200 -
172.22.2.4 - - [04/Jun/2023:01:06:37 -0500] "HEAD /BLA/boletinlegal/ HTTP/1.1" 200 -
67.161.55.58 - - [04/Jun/2023:01:08:22 -0500] "GET / HTTP/1.1" 200 4720
67.161.55.58 - - [04/Jun/2023:01:08:22 -0500] "GET /js/url.js HTTP/1.1" 404 1198
67.161.55.58 - - [04/Jun/2023:01:08:22 -0500] "GET /css/style.css HTTP/1.1" 200 3473
67.161.55.58 - - [04/Jun/2023:01:08:22 -0500] "GET /fonts/icomoon/style.css HTTP/1.1" 200 79820
67.161.55.58 - - [04/Jun/2023:01:08:22 -0500] "GET /css/bootstrap.min.css HTTP/1.1" 200 178212
67.161.55.58 - - [04/Jun/2023:01:08:25 -0500] "GET / HTTP/1.1" 200 4720
67.161.55.58 - - [04/Jun/2023:01:08:25 -0500] "GET /fonts/icomoon/style.css HTTP/1.1" 200 79820
67.161.55.58 - - [04/Jun/2023:01:08:25 -0500] "GET /js/url.js HTTP/1.1" 404 1198
67.161.55.58 - - [04/Jun/2023:01:08:25 -0500] "GET /css/bootstrap.min.css HTTP/1.1" 200 178212
67.161.55.58 - - [04/Jun/2023:01:08:26 -0500] "GET /favicon.ico HTTP/1.1" 404 1198
201.245.192.253 - - [04/Jun/2023:01:08:44 -0500] "POST /kwsrmcab/Wsrmcab  HTTP/1.1" 200 43202
172.22.2.4 - - [04/Jun/2023:01:07:28 -0500] "GET /BLA/boletinlegal/ HTTP/1.1" 200 57151
172.22.2.4 - - [04/Jun/2023:01:09:13 -0500] "GET /BLA/boletinlegal/robots.txt HTTP/1.1" 404 1038
46.226.145.64 - - [04/Jun/2023:01:10:36 -0500] "GET /catalogoisis/ HTTP/1.1" 200 8575
46.226.145.64 - - [04/Jun/2023:01:10:36 -0500] "GET /catalogoisis/Js/Cookies.js HTTP/1.1" 200 1369
46.226.145.64 - - [04/Jun/2023:01:10:36 -0500] "GET /catalogoisis/Js/CriterioCombinada.js HTTP/1.1" 200 1843
46.226.145.64 - - [04/Jun/2023:01:10:36 -0500] "GET /catalogoisis/Js/AceptarLimpiar.js HTTP/1.1" 200 331
46.226.145.64 - - [04/Jun/2023:01:10:36 -0500] "GET /catalogoisis/Js/LimpiarCombinada.js HTTP/1.1" 200 207
46.226.145.64 - - [04/Jun/2023:01:10:36 -0500] "GET /catalogoisis/Js/Remote.js HTTP/1.1" 200 436
46.226.145.64 - - [04/Jun/2023:01:10:36 -0500] "GET /catalogoisis/Js/Go.js HTTP/1.1" 200 364
46.226.145.64 - - [04/Jun/2023:01:10:37 -0500] "GET /catalogoisis/Js/Numero.js HTTP/1.1" 200 398
46.226.145.64 - - [04/Jun/2023:01:10:37 -0500] "GET /catalogoisis/Js/Enter.js HTTP/1.1" 200 1208
172.22.2.4 - - [04/Jun/2023:01:09:14 -0500] "GET /BLA/boletinlegal/index.php HTTP/1.1" 200 62212
52.167.144.158 - - [04/Jun/2023:01:12:20 -0500] "GET /BLA/resoluciones/AUTOS%202018/4345.pdf HTTP/1.1" 200 251908
216.245.221.92 - - [04/Jun/2023:01:12:59 -0500] "HEAD / HTTP/1.1" 200 -
201.245.192.253 - - [04/Jun/2023:01:13:43 -0500] "POST /kwsrmcab/Wsrmcab  HTTP/1.1" 200 43202
172.22.2.4 - - [04/Jun/2023:01:12:27 -0500] "HEAD /BLA/boletinlegal/ HTTP/1.1" 200 -
172.22.2.4 - - [04/Jun/2023:01:13:18 -0500] "GET /BLA/boletinlegal/ HTTP/1.1" 200 52326
40.77.167.97 - - [04/Jun/2023:01:15:21 -0500] "GET /galeria/galeria/jquery.fancybox.js?v=2.1.5 HTTP/1.1" 200 48706
40.77.167.205 - - [04/Jun/2023:01:17:19 -0500] "GET /por-un-corazon-mas-verde-del-1-al-9-de-junio-se-celebrara-la-semana-ambiental-2023-en-bogota.html HTTP/1.1" 200 819
216.245.221.92 - - [04/Jun/2023:01:17:59 -0500] "HEAD / HTTP/1.1" 200 -
201.245.192.253 - - [04/Jun/2023:01:18:29 -0500] "POST /kwsrmcab/Wsrmcab HTTP/1.1" 200 42884
190.111.182.243 - - [04/Jun/2023:01:18:32 -0500] "GET / HTTP/1.1" 200 319
201.245.192.253 - - [04/Jun/2023:01:18:32 -0500] "POST /kwsrmcab/Wsrmcab HTTP/1.1" 200 39986
201.245.192.253 - - [04/Jun/2023:01:18:43 -0500] "POST /kwsrmcab/Wsrmcab  HTTP/1.1" 200 43202
66.249.69.31 - - [04/Jun/2023:01:18:56 -0500] "-" 408 -
52.167.144.57 - - [04/Jun/2023:01:18:57 -0500] "-" 408 -
172.22.2.4 - - [04/Jun/2023:01:18:17 -0500] "HEAD /BLA/boletinlegal/ HTTP/1.1" 200 -
172.22.2.4 - - [04/Jun/2023:01:19:08 -0500] "GET /BLA/boletinlegal/ HTTP/1.1" 200 55571
52.167.144.158 - - [04/Jun/2023:01:21:31 -0500] "GET /BLA/resoluciones/RESOLUCIONES%202023/0595.pdf HTTP/1.1" 200 2093002
216.245.221.92 - - [04/Jun/2023:01:22:59 -0500] "HEAD / HTTP/1.1" 200 -
152.61.128.50 - - [04/Jun/2023:01:23:28 -0500] "GET /arcgis/services/Calidad_del_Agua_WQI/MapServer/WMSServer?request=GetCapabilities&service=WMS HTTP/1.1" 503 1020
152.61.128.50 - - [04/Jun/2023:01:23:29 -0500] "GET /arcgis/services/Calidad_del_Agua_WQI/MapServer/WMSServer?SERVICE=WMS&REQUEST=GetCapabilities HTTP/1.1" 503 1020
152.61.128.50 - - [04/Jun/2023:01:23:29 -0500] "GET /arcgis/services/Calidad_del_Agua_WQI/MapServer/WMSServer?WMTVER=1.0.0&REQUEST=capabilities HTTP/1.1" 503 1020
201.245.192.253 - - [04/Jun/2023:01:23:42 -0500] "POST /kwsrmcab/Wsrmcab  HTTP/1.1" 200 43202
172.22.2.4 - - [04/Jun/2023:01:24:07 -0500] "HEAD /BLA/boletinlegal/ HTTP/1.1" 200 -
35.203.210.203 - - [04/Jun/2023:01:26:30 -0500] "GET / HTTP/1.1" 200 319
172.22.2.4 - - [04/Jun/2023:01:24:58 -0500] "GET /BLA/boletinlegal/ HTTP/1.1" 200 57945
40.77.167.97 - - [04/Jun/2023:01:27:05 -0500] "GET / HTTP/1.1" 200 319
216.245.221.92 - - [04/Jun/2023:01:27:59 -0500] "HEAD / HTTP/1.1" 200 -
201.245.192.253 - - [04/Jun/2023:01:28:29 -0500] "POST /kwsrmcab/Wsrmcab HTTP/1.1" 200 42884
201.245.192.253 - - [04/Jun/2023:01:28:31 -0500] "POST /kwsrmcab/Wsrmcab HTTP/1.1" 200 39986
201.245.192.253 - - [04/Jun/2023:01:28:41 -0500] "POST /kwsrmcab/Wsrmcab  HTTP/1.1" 200 43202
199.16.157.180 - - [04/Jun/2023:01:28:48 -0500] "GET /secretaria-de-ambiente-y-universidad-de-la-salle-firman-acuerdo-de-conservacion-en-17-hectareas.html HTTP/1.1" 200 990
199.16.157.183 - - [04/Jun/2023:01:28:48 -0500] "GET /images/Acuerdos%2001%20(1)%20(1).jpeg HTTP/1.1" 200 32884
199.16.157.182 - - [04/Jun/2023:01:29:00 -0500] "GET /images/Acuerdos%2001%20(1)%20(1).jpeg HTTP/1.1" 200 32884
157.55.39.239 - - [04/Jun/2023:01:31:35 -0500] "GET /appsia/controlador HTTP/1.1" 200 4799
172.22.2.4 - - [04/Jun/2023:01:29:57 -0500] "HEAD /BLA/boletinlegal/ HTTP/1.1" 200 -
52.167.144.158 - - [04/Jun/2023:01:31:51 -0500] "GET /appsia/scripts/validarIngreso.js HTTP/1.1" 200 851
40.77.167.97 - - [04/Jun/2023:01:31:55 -0500] "GET /appsia/css/estilos.css HTTP/1.1" 200 4804
172.22.2.4 - - [04/Jun/2023:01:30:48 -0500] "GET /BLA/boletinlegal/ HTTP/1.1" 200 57561
216.245.221.92 - - [04/Jun/2023:01:32:59 -0500] "HEAD / HTTP/1.1" 200 -
201.245.192.253 - - [04/Jun/2023:01:33:39 -0500] "POST /kwsrmcab/Wsrmcab  HTTP/1.1" 200 43202
60.190.226.188 - - [04/Jun/2023:01:35:31 -0500] "GET / HTTP/1.0" 200 319
172.22.2.4 - - [04/Jun/2023:01:35:47 -0500] "HEAD /BLA/boletinlegal/ HTTP/1.1" 200 -
216.245.221.92 - - [04/Jun/2023:01:37:59 -0500] "HEAD / HTTP/1.1" 200 -
122.224.129.237 - - [04/Jun/2023:01:38:06 -0500] "GET / HTTP/1.0" 200 319
172.22.2.4 - - [04/Jun/2023:01:36:38 -0500] "GET /BLA/boletinlegal/ HTTP/1.1" 200 57945
201.245.192.253 - - [04/Jun/2023:01:38:29 -0500] "POST /kwsrmcab/Wsrmcab HTTP/1.1" 200 42884
201.245.192.253 - - [04/Jun/2023:01:38:32 -0500] "POST /kwsrmcab/Wsrmcab HTTP/1.1" 200 39986
201.245.192.253 - - [04/Jun/2023:01:38:38 -0500] "POST /kwsrmcab/Wsrmcab  HTTP/1.1" 200 43202
40.77.167.97 - - [04/Jun/2023:01:40:44 -0500] "GET /galeria/galeria/jquery.fancybox.js?v=2.1.5 HTTP/1.1" 200 48706
95.108.213.144 - - [04/Jun/2023:01:40:57 -0500] "GET /incendios-forestales-como-prevenirlos-y-aportar-al-cuidado-de-los-ecosistemas.html HTTP/1.1" 200 883
216.245.221.92 - - [04/Jun/2023:01:42:59 -0500] "HEAD / HTTP/1.1" 200 -
172.22.2.4 - - [04/Jun/2023:01:41:37 -0500] "HEAD /BLA/boletinlegal/ HTTP/1.1" 200 -
201.245.192.253 - - [04/Jun/2023:01:43:38 -0500] "POST /kwsrmcab/Wsrmcab  HTTP/1.1" 200 43202
172.22.2.4 - - [04/Jun/2023:01:42:28 -0500] "GET /BLA/boletinlegal/ HTTP/1.1" 200 59306
216.245.221.92 - - [04/Jun/2023:01:47:59 -0500] "HEAD / HTTP/1.1" 200 -
201.245.192.253 - - [04/Jun/2023:01:48:37 -0500] "POST /kwsrmcab/Wsrmcab  HTTP/1.1" 200 43202
172.22.2.4 - - [04/Jun/2023:01:47:27 -0500] "HEAD /BLA/boletinlegal/ HTTP/1.1" 200 -
172.22.2.4 - - [04/Jun/2023:01:48:18 -0500] "GET /BLA/boletinlegal/ HTTP/1.1" 200 57151
66.249.69.5 - - [04/Jun/2023:01:50:50 -0500] "-" 408 -
66.249.70.168 - - [04/Jun/2023:01:51:38 -0500] "GET /secretaria-de-ambiente-invita-a-proteger-la-culebra-sabanera.html HTTP/1.1" 200 924
216.245.221.92 - - [04/Jun/2023:01:52:59 -0500] "HEAD / HTTP/1.1" 200 -
201.245.192.253 - - [04/Jun/2023:01:53:36 -0500] "POST /kwsrmcab/Wsrmcab  HTTP/1.1" 200 43202
172.22.2.4 - - [04/Jun/2023:01:53:54 -0500] "GET /BLA/boletinlegal/robots.txt HTTP/1.1" 404 1038
172.22.2.4 - - [04/Jun/2023:01:53:57 -0500] "GET /BLA/boletinlegal/actos.php HTTP/1.1" 200 9682
172.22.2.4 - - [04/Jun/2023:01:53:59 -0500] "GET /BLA/boletinlegal/niceforms-default.css HTTP/1.1" 200 6694
172.22.2.4 - - [04/Jun/2023:01:54:00 -0500] "GET /BLA/boletinlegal/images/cabezote%20BLEGAL.jpg HTTP/1.1" 200 118164
172.22.2.4 - - [04/Jun/2023:01:54:01 -0500] "GET /BLA/boletinlegal/js/ajax_actos.js HTTP/1.1" 200 1322
172.22.2.4 - - [04/Jun/2023:01:54:02 -0500] "GET /BLA/boletinlegal/js/jquery1.js HTTP/1.1" 200 29846
172.22.2.4 - - [04/Jun/2023:01:54:03 -0500] "GET /BLA/boletinlegal/images/historia.png HTTP/1.1" 200 52775
172.22.2.4 - - [04/Jun/2023:01:54:03 -0500] "GET /BLA/boletinlegal/images/subscribe-icon-big.png HTTP/1.1" 200 47702
172.22.2.4 - - [04/Jun/2023:01:54:04 -0500] "GET /BLA/boletinlegal/images/icono-email.png HTTP/1.1" 200 5544
172.22.2.4 - - [04/Jun/2023:01:54:05 -0500] "GET /BLA/boletinlegal/style.css HTTP/1.1" 200 9406
172.22.2.4 - - [04/Jun/2023:01:54:05 -0500] "GET /BLA/boletinlegal/images/registro-usuarios.png HTTP/1.1" 200 8106
172.22.2.4 - - [04/Jun/2023:01:54:06 -0500] "GET /BLA/boletinlegal/js/popup.js HTTP/1.1" 200 1270
172.22.2.4 - - [04/Jun/2023:01:54:06 -0500] "GET /BLA/boletinlegal/styles2.css HTTP/1.1" 200 1838
172.22.2.4 - - [04/Jun/2023:01:54:07 -0500] "GET /BLA/boletinlegal/niceforms.js HTTP/1.1" 200 22876
172.22.2.4 - - [04/Jun/2023:01:54:07 -0500] "GET /BLA/boletinlegal/images/tel.png HTTP/1.1" 200 14477
172.22.2.4 - - [04/Jun/2023:01:54:08 -0500] "GET /BLA/boletinlegal/js/lib.js HTTP/1.1" 200 6474
172.22.2.4 - - [04/Jun/2023:01:53:17 -0500] "HEAD /BLA/boletinlegal/ HTTP/1.1" 200 -
172.22.2.4 - - [04/Jun/2023:01:54:08 -0500] "GET /BLA/boletinlegal/ HTTP/1.1" 200 57561
216.245.221.92 - - [04/Jun/2023:01:57:59 -0500] "HEAD / HTTP/1.1" 200 -
201.245.192.253 - - [04/Jun/2023:01:58:34 -0500] "POST /kwsrmcab/Wsrmcab  HTTP/1.1" 200 43202
157.55.39.239 - - [04/Jun/2023:01:59:27 -0500] "GET /BLA/resoluciones/RESOLUCIONES%202007/RES%202007%204001%20AL%204100/RESOLUCION%204090%20DE%202007.pdf HTTP/1.1" 304 -
172.22.2.4 - - [04/Jun/2023:01:59:07 -0500] "HEAD /BLA/boletinlegal/ HTTP/1.1" 200 -
172.22.2.4 - - [04/Jun/2023:01:59:58 -0500] "GET /BLA/boletinlegal/ HTTP/1.1" 200 57151
216.245.221.92 - - [04/Jun/2023:02:02:59 -0500] "HEAD / HTTP/1.1" 200 -
201.245.192.253 - - [04/Jun/2023:02:03:32 -0500] "POST /kwsrmcab/Wsrmcab  HTTP/1.1" 200 43202
168.119.252.253 - - [04/Jun/2023:02:04:09 -0500] "GET / HTTP/1.1" 200 319
168.119.252.253 - - [04/Jun/2023:02:04:12 -0500] "GET / HTTP/1.1" 200 4720
172.22.2.4 - - [04/Jun/2023:02:04:57 -0500] "HEAD /BLA/boletinlegal/ HTTP/1.1" 200 -
172.22.2.4 - - [04/Jun/2023:02:05:48 -0500] "GET /BLA/boletinlegal/ HTTP/1.1" 200 58307
216.245.221.92 - - [04/Jun/2023:02:07:59 -0500] "HEAD / HTTP/1.1" 200 -
66.249.69.5 - - [04/Jun/2023:02:08:17 -0500] "-" 408 -
201.245.192.253 - - [04/Jun/2023:02:08:32 -0500] "POST /kwsrmcab/Wsrmcab  HTTP/1.1" 200 43202
172.22.2.4 - - [04/Jun/2023:02:08:32 -0500] "GET /BLA/boletinlegal/ HTTP/1.1" 200 24523
52.167.144.158 - - [04/Jun/2023:02:12:05 -0500] "GET /BLA/resoluciones/AUTOS%202020/1652.pdf HTTP/1.1" 200 798378
172.22.2.4 - - [04/Jun/2023:02:10:47 -0500] "HEAD /BLA/boletinlegal/ HTTP/1.1" 200 -
216.245.221.92 - - [04/Jun/2023:02:12:59 -0500] "HEAD / HTTP/1.1" 200 -
172.22.2.4 - - [04/Jun/2023:02:11:38 -0500] "GET /BLA/boletinlegal/ HTTP/1.1" 200 59306
201.245.192.253 - - [04/Jun/2023:02:13:31 -0500] "POST /kwsrmcab/Wsrmcab  HTTP/1.1" 200 43202
66.249.69.31 - - [04/Jun/2023:02:14:01 -0500] "-" 408 -
66.249.70.168 - - [04/Jun/2023:02:17:38 -0500] "GET /inscribete-en-este-proceso-de-formacion-para-ser-un-lider-o-una-lideresa-ambiental-en-tu-localidad.html HTTP/1.1" 200 903
216.245.221.92 - - [04/Jun/2023:02:17:59 -0500] "HEAD / HTTP/1.1" 200 -
172.22.2.4 - - [04/Jun/2023:02:16:37 -0500] "HEAD /BLA/boletinlegal/ HTTP/1.1" 200 -
201.245.192.253 - - [04/Jun/2023:02:18:29 -0500] "POST /kwsrmcab/Wsrmcab HTTP/1.1" 200 43040
201.245.192.253 - - [04/Jun/2023:02:18:31 -0500] "POST /kwsrmcab/Wsrmcab  HTTP/1.1" 200 43202
201.245.192.253 - - [04/Jun/2023:02:18:32 -0500] "POST /kwsrmcab/Wsrmcab HTTP/1.1" 200 40152
172.22.2.4 - - [04/Jun/2023:02:17:28 -0500] "GET /BLA/boletinlegal/ HTTP/1.1" 200 57561
66.249.69.31 - - [04/Jun/2023:02:21:37 -0500] "-" 408 -
213.180.203.155 - - [04/Jun/2023:02:22:49 -0500] "GET /carolina-urrutia-tener-trazado-un-camino-en-el-que-cada-sector-sepa-lo-que-invierte-sacrifica-y-gana-es-lo-que-dejara-la-politica-de-accion-climatica-para-bogota.html HTTP/1.1" 200 856
216.245.221.92 - - [04/Jun/2023:02:22:59 -0500] "HEAD / HTTP/1.1" 200 -
201.245.192.253 - - [04/Jun/2023:02:23:30 -0500] "POST /kwsrmcab/Wsrmcab  HTTP/1.1" 200 43202
172.22.2.4 - - [04/Jun/2023:02:22:27 -0500] "HEAD /BLA/boletinlegal/ HTTP/1.1" 200 -
172.22.2.4 - - [04/Jun/2023:02:23:18 -0500] "GET /BLA/boletinlegal/ HTTP/1.1" 200 57151
216.245.221.92 - - [04/Jun/2023:02:27:59 -0500] "HEAD / HTTP/1.1" 200 -
66.249.69.31 - - [04/Jun/2023:02:28:18 -0500] "-" 408 -
201.245.192.253 - - [04/Jun/2023:02:28:28 -0500] "POST /kwsrmcab/Wsrmcab  HTTP/1.1" 200 43202
201.245.192.253 - - [04/Jun/2023:02:28:29 -0500] "POST /kwsrmcab/Wsrmcab HTTP/1.1" 200 43040
201.245.192.253 - - [04/Jun/2023:02:28:32 -0500] "POST /kwsrmcab/Wsrmcab HTTP/1.1" 200 40152
172.22.2.4 - - [04/Jun/2023:02:28:17 -0500] "HEAD /BLA/boletinlegal/ HTTP/1.1" 200 -
172.22.2.4 - - [04/Jun/2023:02:29:08 -0500] "GET /BLA/boletinlegal/ HTTP/1.1" 200 57561
216.245.221.92 - - [04/Jun/2023:02:32:59 -0500] "HEAD / HTTP/1.1" 200 -
201.245.192.253 - - [04/Jun/2023:02:33:27 -0500] "POST /kwsrmcab/Wsrmcab  HTTP/1.1" 200 43202
108.174.5.113 - - [04/Jun/2023:02:35:37 -0500] "GET /autoridades-frenan-disposicion-de-residuos-de-construccion-cerca-al-humedal-salitre.html HTTP/1.1" 206 935
172.22.2.4 - - [04/Jun/2023:02:34:07 -0500] "HEAD /BLA/boletinlegal/ HTTP/1.1" 200 -
172.22.2.4 - - [04/Jun/2023:02:34:58 -0500] "GET /BLA/boletinlegal/ HTTP/1.1" 200 57561
216.245.221.92 - - [04/Jun/2023:02:37:59 -0500] "HEAD / HTTP/1.1" 200 -
201.245.192.253 - - [04/Jun/2023:02:38:26 -0500] "POST /kwsrmcab/Wsrmcab  HTTP/1.1" 200 43202
201.245.192.253 - - [04/Jun/2023:02:38:29 -0500] "POST /kwsrmcab/Wsrmcab HTTP/1.1" 200 43040
201.245.192.253 - - [04/Jun/2023:02:38:32 -0500] "POST /kwsrmcab/Wsrmcab HTTP/1.1" 200 40152
66.249.69.31 - - [04/Jun/2023:02:38:48 -0500] "-" 408 -
172.22.2.4 - - [04/Jun/2023:02:39:57 -0500] "HEAD /BLA/boletinlegal/ HTTP/1.1" 200 -
40.77.167.97 - - [04/Jun/2023:02:41:59 -0500] "GET /galeria/galeria/jquery.fancybox.js?v=2.1.5 HTTP/1.1" 200 48706
199.16.157.183 - - [04/Jun/2023:02:42:00 -0500] "GET /no-uses-musgo-en-la-elaboracion-de-tu-pesebre.html HTTP/1.1" 200 846
199.16.157.183 - - [04/Jun/2023:02:42:00 -0500] "GET /images/Musgo%20SDA%20(1)%20(1).png HTTP/1.1" 200 302122
172.22.2.4 - - [04/Jun/2023:02:40:47 -0500] "GET /BLA/boletinlegal/ HTTP/1.1" 200 57945
216.245.221.92 - - [04/Jun/2023:02:42:59 -0500] "HEAD / HTTP/1.1" 200 -
201.245.192.253 - - [04/Jun/2023:02:43:24 -0500] "POST /kwsrmcab/Wsrmcab  HTTP/1.1" 200 43202
168.119.76.137 - - [04/Jun/2023:02:44:07 -0500] "GET /usaquen-comprometida-con-la-accion-climatica-en-bogota.html HTTP/1.1" 200 771
172.22.2.4 - - [04/Jun/2023:02:45:47 -0500] "HEAD /BLA/boletinlegal/ HTTP/1.1" 200 -
216.245.221.92 - - [04/Jun/2023:02:47:59 -0500] "HEAD / HTTP/1.1" 200 -
172.22.2.4 - - [04/Jun/2023:02:46:38 -0500] "GET /BLA/boletinlegal/ HTTP/1.1" 200 51620
201.245.192.253 - - [04/Jun/2023:02:48:23 -0500] "POST /kwsrmcab/Wsrmcab  HTTP/1.1" 200 43202
157.55.39.239 - - [04/Jun/2023:02:50:42 -0500] "GET /Publicaciones/2023EE91736.pdf HTTP/1.1" 404 227
40.77.167.97 - - [04/Jun/2023:02:51:10 -0500] "GET /galeria/galeria/jquery.fancybox.js?v=2.1.5 HTTP/1.1" 200 48706
213.180.203.67 - - [04/Jun/2023:02:52:11 -0500] "GET /carolina-urrutia-tener-trazado-un-camino-en-el-que-cada-sector-sepa-lo-que-invierte-sacrifica-y-gana-es-lo-que-dejara-la-politica-de-accion-climatica-para-bogota.html HTTP/1.1" 200 856
40.77.167.97 - - [04/Jun/2023:02:52:50 -0500] "GET /BLA/resoluciones/RESOLUCIONES%202021/4766.pdf HTTP/1.1" 304 -
216.245.221.92 - - [04/Jun/2023:02:52:59 -0500] "HEAD / HTTP/1.1" 200 -
172.22.2.4 - - [04/Jun/2023:02:51:37 -0500] "HEAD /BLA/boletinlegal/ HTTP/1.1" 200 -
201.245.192.253 - - [04/Jun/2023:02:53:22 -0500] "POST /kwsrmcab/Wsrmcab  HTTP/1.1" 200 43202
172.22.2.4 - - [04/Jun/2023:02:52:28 -0500] "GET /BLA/boletinlegal/ HTTP/1.1" 200 56287
216.245.221.92 - - [04/Jun/2023:02:57:59 -0500] "HEAD / HTTP/1.1" 200 -
201.245.192.253 - - [04/Jun/2023:02:58:21 -0500] "POST /kwsrmcab/Wsrmcab  HTTP/1.1" 200 43202
172.22.2.4 - - [04/Jun/2023:02:57:27 -0500] "HEAD /BLA/boletinlegal/ HTTP/1.1" 200 -
172.22.2.4 - - [04/Jun/2023:02:58:17 -0500] "GET /BLA/boletinlegal/ HTTP/1.1" 200 57561
40.77.167.97 - - [04/Jun/2023:03:02:51 -0500] "GET /galeria/galeria/jquery.fancybox.js?v=2.1.5 HTTP/1.1" 200 48706
216.245.221.92 - - [04/Jun/2023:03:02:59 -0500] "HEAD / HTTP/1.1" 200 -
201.245.192.253 - - [04/Jun/2023:03:03:20 -0500] "POST /kwsrmcab/Wsrmcab  HTTP/1.1" 200 43202
66.249.69.5 - - [04/Jun/2023:03:04:44 -0500] "-" 408 -
172.22.2.4 - - [04/Jun/2023:03:03:17 -0500] "HEAD /BLA/boletinlegal/ HTTP/1.1" 200 -
172.22.2.4 - - [04/Jun/2023:03:04:07 -0500] "GET /BLA/boletinlegal/ HTTP/1.1" 200 54424
216.245.221.92 - - [04/Jun/2023:03:07:59 -0500] "HEAD / HTTP/1.1" 200 -
201.245.192.253 - - [04/Jun/2023:03:08:19 -0500] "POST /kwsrmcab/Wsrmcab  HTTP/1.1" 200 43202
66.249.69.31 - - [04/Jun/2023:03:09:15 -0500] "-" 408 -
172.22.2.4 - - [04/Jun/2023:03:09:07 -0500] "HEAD /BLA/boletinlegal/ HTTP/1.1" 200 -
41.78.75.186 - - [04/Jun/2023:03:11:07 -0500] "GET / HTTP/1.1" 200 319
128.14.136.18 - - [04/Jun/2023:03:11:31 -0500] "GET / HTTP/1.1" 200 319
172.22.2.4 - - [04/Jun/2023:03:09:58 -0500] "GET /BLA/boletinlegal/ HTTP/1.1" 200 57561
216.245.221.92 - - [04/Jun/2023:03:12:59 -0500] "HEAD / HTTP/1.1" 200 -
201.245.192.253 - - [04/Jun/2023:03:13:18 -0500] "POST /kwsrmcab/Wsrmcab  HTTP/1.1" 200 43202
172.22.2.4 - - [04/Jun/2023:03:14:19 -0500] "GET /BLA/boletinlegal/ HTTP/1.1" 200 28619
157.55.39.239 - - [04/Jun/2023:03:15:55 -0500] "GET /BLA/resoluciones/RESOLUCIONES%202019/3332.pdf HTTP/1.1" 304 -
172.22.2.4 - - [04/Jun/2023:03:14:57 -0500] "HEAD /BLA/boletinlegal/ HTTP/1.1" 200 -
172.22.2.4 - - [04/Jun/2023:03:15:47 -0500] "GET /BLA/boletinlegal/ HTTP/1.1" 200 53924
216.245.221.92 - - [04/Jun/2023:03:17:59 -0500] "HEAD / HTTP/1.1" 200 -
201.245.192.253 - - [04/Jun/2023:03:18:16 -0500] "POST /kwsrmcab/Wsrmcab  HTTP/1.1" 200 43202
201.245.192.253 - - [04/Jun/2023:03:18:28 -0500] "POST /kwsrmcab/Wsrmcab HTTP/1.1" 200 43029
201.245.192.253 - - [04/Jun/2023:03:18:31 -0500] "POST /kwsrmcab/Wsrmcab HTTP/1.1" 200 40158
157.55.39.239 - - [04/Jun/2023:03:20:24 -0500] "GET /bla/resoluciones/resoluciones%202007/res%202007%202401%20al%202500/RESOLUCION%202488%20DE%202007.pdf HTTP/1.1" 304 -
5.255.231.81 - - [04/Jun/2023:03:20:51 -0500] "-" 408 -
172.22.2.4 - - [04/Jun/2023:03:20:47 -0500] "HEAD /BLA/boletinlegal/ HTTP/1.1" 200 -
216.245.221.92 - - [04/Jun/2023:03:22:59 -0500] "HEAD / HTTP/1.1" 200 -
201.245.192.253 - - [04/Jun/2023:03:23:15 -0500] "POST /kwsrmcab/Wsrmcab  HTTP/1.1" 200 43202
172.22.2.4 - - [04/Jun/2023:03:21:37 -0500] "GET /BLA/boletinlegal/ HTTP/1.1" 200 58663
172.22.2.4 - - [04/Jun/2023:03:24:12 -0500] "GET /BLA/boletinlegal/ HTTP/1.1" 200 28619
216.245.221.92 - - [04/Jun/2023:03:27:59 -0500] "HEAD / HTTP/1.1" 200 -
201.245.192.253 - - [04/Jun/2023:03:28:14 -0500] "POST /kwsrmcab/Wsrmcab  HTTP/1.1" 200 43202
172.22.2.4 - - [04/Jun/2023:03:26:37 -0500] "HEAD /BLA/boletinlegal/ HTTP/1.1" 200 -
201.245.192.253 - - [04/Jun/2023:03:28:29 -0500] "POST /kwsrmcab/Wsrmcab HTTP/1.1" 200 43029
201.245.192.253 - - [04/Jun/2023:03:28:32 -0500] "POST /kwsrmcab/Wsrmcab HTTP/1.1" 200 40158
172.22.2.4 - - [04/Jun/2023:03:27:27 -0500] "GET /BLA/boletinlegal/ HTTP/1.1" 200 57151
216.245.221.92 - - [04/Jun/2023:03:32:59 -0500] "HEAD / HTTP/1.1" 200 -
201.245.192.253 - - [04/Jun/2023:03:33:13 -0500] "POST /kwsrmcab/Wsrmcab  HTTP/1.1" 200 43202
172.22.2.4 - - [04/Jun/2023:03:32:27 -0500] "HEAD /BLA/boletinlegal/ HTTP/1.1" 200 -
157.55.39.239 - - [04/Jun/2023:03:34:46 -0500] "GET /BLA/resoluciones/AUTOS%202018/0954.pdf HTTP/1.1" 304 -
172.22.2.4 - - [04/Jun/2023:03:33:17 -0500] "GET /BLA/boletinlegal/ HTTP/1.1" 200 43266
172.22.2.4 - - [04/Jun/2023:03:33:36 -0500] "GET /BLA/boletinlegal/ HTTP/1.1" 200 46402
208.127.116.235 - - [04/Jun/2023:03:36:18 -0500] "GET /siipev/Diseno%20de%20Elementos%20de%20Mobiliario%20Urbano/Otros%20Elementos/Infografia/Parte2/M-146.png HTTP/1.1" 304 -
65.154.226.166 - - [04/Jun/2023:03:36:32 -0500] "GET /siipev/Diseno%20de%20Elementos%20de%20Mobiliario%20Urbano/Otros%20Elementos/Infografia/Parte2/M-146.png HTTP/1.1" 200 29315
69.171.249.1 - - [04/Jun/2023:03:37:43 -0500] "GET /images/palma-de-cera-1-abril_optimized.jpeg HTTP/1.1" 200 171987
69.171.249.13 - - [04/Jun/2023:03:37:45 -0500] "GET /images/idpyba-4-marzo-1_optimized.jpeg HTTP/1.1" 200 115318
69.171.249.12 - - [04/Jun/2023:03:37:45 -0500] "GET /images/camino-a-los-cerros-1_optimized.jpeg HTTP/1.1" 200 222279
69.171.249.3 - - [04/Jun/2023:03:37:45 -0500] "GET /images/empresas-alertas_optimized.jpeg HTTP/1.1" 200 142365
216.245.221.92 - - [04/Jun/2023:03:37:59 -0500] "HEAD / HTTP/1.1" 200 -
201.245.192.253 - - [04/Jun/2023:03:38:12 -0500] "POST /kwsrmcab/Wsrmcab  HTTP/1.1" 200 43202
208.127.116.235 - - [04/Jun/2023:03:38:22 -0500] "GET /siipev/Diseno%20de%20Elementos%20de%20Mobiliario%20Urbano/Otros%20Elementos/Infografia/Parte2/M-90.png HTTP/1.1" 304 -
201.245.192.253 - - [04/Jun/2023:03:38:28 -0500] "POST /kwsrmcab/Wsrmcab HTTP/1.1" 200 43029
201.245.192.253 - - [04/Jun/2023:03:38:31 -0500] "POST /kwsrmcab/Wsrmcab HTTP/1.1" 200 40158
172.22.2.4 - - [04/Jun/2023:03:38:17 -0500] "HEAD /BLA/boletinlegal/ HTTP/1.1" 200 -
172.22.2.4 - - [04/Jun/2023:03:39:07 -0500] "GET /BLA/boletinlegal/ HTTP/1.1" 200 57151
216.245.221.92 - - [04/Jun/2023:03:42:59 -0500] "HEAD / HTTP/1.1" 200 -
208.127.116.235 - - [04/Jun/2023:03:43:05 -0500] "GET /siipev/Diseno%20de%20Elementos%20de%20Mobiliario%20Urbano/Otros%20Elementos/Infografia/Parte2/M-72.png HTTP/1.1" 304 -
201.245.192.253 - - [04/Jun/2023:03:43:10 -0500] "POST /kwsrmcab/Wsrmcab  HTTP/1.1" 200 43202
40.77.167.255 - - [04/Jun/2023:03:43:35 -0500] "GET /BLA/resoluciones/AUTOS%202021/5404.pdf HTTP/1.1" 304 -
40.77.167.97 - - [04/Jun/2023:03:45:34 -0500] "GET /BLA/resoluciones/AUTOS%202022/0166.pdf HTTP/1.1" 304 -
172.22.2.4 - - [04/Jun/2023:03:44:07 -0500] "HEAD /BLA/boletinlegal/ HTTP/1.1" 200 -
172.22.2.4 - - [04/Jun/2023:03:44:57 -0500] "GET /BLA/boletinlegal/ HTTP/1.1" 200 57561
208.127.116.235 - - [04/Jun/2023:03:47:41 -0500] "GET /siipev/Diseno%20de%20Elementos%20de%20Mobiliario%20Urbano/Otros%20Elementos/Infografia/Parte2/M-81.png HTTP/1.1" 304 -
216.245.221.92 - - [04/Jun/2023:03:47:59 -0500] "HEAD / HTTP/1.1" 200 -
201.245.192.253 - - [04/Jun/2023:03:48:09 -0500] "POST /kwsrmcab/Wsrmcab  HTTP/1.1" 200 43202
157.55.39.239 - - [04/Jun/2023:03:51:08 -0500] "GET /BLA/resoluciones/AUTOS%202018/0726.pdf HTTP/1.1" 304 -
172.22.2.4 - - [04/Jun/2023:03:49:57 -0500] "HEAD /BLA/boletinlegal/ HTTP/1.1" 200 -
40.77.167.97 - - [04/Jun/2023:03:52:16 -0500] "GET /galeria/galeria/jquery.fancybox.js?v=2.1.5 HTTP/1.1" 200 48706
172.22.2.4 - - [04/Jun/2023:03:50:47 -0500] "GET /BLA/boletinlegal/ HTTP/1.1" 200 55934
216.245.221.92 - - [04/Jun/2023:03:52:59 -0500] "HEAD / HTTP/1.1" 200 -
201.245.192.253 - - [04/Jun/2023:03:53:08 -0500] "POST /kwsrmcab/Wsrmcab  HTTP/1.1" 200 43202
172.22.2.4 - - [04/Jun/2023:03:55:47 -0500] "HEAD /BLA/boletinlegal/ HTTP/1.1" 200 -
216.245.221.92 - - [04/Jun/2023:03:57:59 -0500] "HEAD / HTTP/1.1" 200 -
201.245.192.253 - - [04/Jun/2023:03:58:07 -0500] "POST /kwsrmcab/Wsrmcab  HTTP/1.1" 200 43202
172.22.2.4 - - [04/Jun/2023:03:56:37 -0500] "GET /BLA/boletinlegal/ HTTP/1.1" 200 57561
40.77.167.97 - - [04/Jun/2023:04:01:59 -0500] "GET /POT-2013/Cartografia/28_USOS%20Y%20AREAS%20DE%20ACTIVIDAD.pdf HTTP/1.1" 304 -
213.180.203.146 - - [04/Jun/2023:04:02:44 -0500] "-" 408 -
172.22.2.4 - - [04/Jun/2023:04:02:00 -0500] "GET /BLA/boletinlegal/ HTTP/1.1" 200 24523
216.245.221.92 - - [04/Jun/2023:04:02:59 -0500] "HEAD / HTTP/1.1" 200 -
201.245.192.253 - - [04/Jun/2023:04:03:06 -0500] "POST /kwsrmcab/Wsrmcab  HTTP/1.1" 200 43202
172.22.2.4 - - [04/Jun/2023:04:01:37 -0500] "HEAD /BLA/boletinlegal/ HTTP/1.1" 200 -
172.22.2.4 - - [04/Jun/2023:04:02:27 -0500] "GET /BLA/boletinlegal/ HTTP/1.1" 200 53114
66.249.69.2 - - [04/Jun/2023:04:06:00 -0500] "-" 408 -
216.245.221.92 - - [04/Jun/2023:04:07:59 -0500] "HEAD / HTTP/1.1" 200 -
201.245.192.253 - - [04/Jun/2023:04:08:05 -0500] "POST /kwsrmcab/Wsrmcab  HTTP/1.1" 200 43202
172.22.2.4 - - [04/Jun/2023:04:07:27 -0500] "HEAD /BLA/boletinlegal/ HTTP/1.1" 200 -
172.22.2.4 - - [04/Jun/2023:04:08:17 -0500] "GET /BLA/boletinlegal/ HTTP/1.1" 200 57151
52.167.144.46 - - [04/Jun/2023:04:12:18 -0500] "GET /apple-touch-icon-57x57-precomposed.png HTTP/1.1" 404 1035
52.167.144.46 - - [04/Jun/2023:04:12:18 -0500] "GET /apple-touch-icon.png HTTP/1.1" 404 1035
40.77.167.245 - - [04/Jun/2023:04:12:23 -0500] "GET /favicon.ico HTTP/1.1" 200 7782
216.245.221.92 - - [04/Jun/2023:04:12:59 -0500] "HEAD / HTTP/1.1" 200 -
201.245.192.253 - - [04/Jun/2023:04:13:04 -0500] "POST /kwsrmcab/Wsrmcab  HTTP/1.1" 200 43202
40.77.167.97 - - [04/Jun/2023:04:13:30 -0500] "GET /autoliquidacion2020/Calidad%20del%20aire%20auditiva%20y%20visual-/Registro%20de%20la%20publicidad%20exterior%20visual/PM04-PR16-F2%20Formulario%20Solicitud%20de%20Registro%20PEV.xls HTTP/1.1" 200 3604480
172.22.2.4 - - [04/Jun/2023:04:13:17 -0500] "HEAD /BLA/boletinlegal/ HTTP/1.1" 200 -
172.22.2.4 - - [04/Jun/2023:04:15:43 -0500] "GET /BLA/boletinlegal/jurisprudencia/analisis/Analisis%20jurisprudencial%20Sentencia%20C-366-11.doc HTTP/1.1" 304 -
172.22.2.4 - - [04/Jun/2023:04:14:07 -0500] "GET /BLA/boletinlegal/ HTTP/1.1" 200 54424
40.77.167.205 - - [04/Jun/2023:04:16:05 -0500] "GET /portaldeninos/parque-ecologico-distrital-humedal-santa-maria-del-lago/ HTTP/1.1" 200 90199
40.77.167.205 - - [04/Jun/2023:04:16:25 -0500] "GET /portaldeninos/wp-content/plugins/gallery-videos/JS/Total-Soft-Gallery-Video-Widget.js?ver=4.9.8 HTTP/1.1" 200 80264
40.77.167.205 - - [04/Jun/2023:04:16:26 -0500] "GET /portaldeninos/wp-content/themes/betheme/assets/animations/animations.min.css?ver=20.9.6 HTTP/1.1" 200 58508
40.77.167.205 - - [04/Jun/2023:04:16:26 -0500] "GET /portaldeninos/wp-content/themes/betheme/js/menu.js?ver=20.9.6 HTTP/1.1" 200 2449
40.77.167.205 - - [04/Jun/2023:04:16:26 -0500] "GET /portaldeninos/wp-includes/js/jquery/ui/accordion.min.js?ver=1.11.4 HTTP/1.1" 200 8584
40.77.167.205 - - [04/Jun/2023:04:16:26 -0500] "GET /portaldeninos/wp-includes/js/jquery/ui/mouse.min.js?ver=1.11.4 HTTP/1.1" 200 3148
40.77.167.205 - - [04/Jun/2023:04:16:26 -0500] "GET /portaldeninos/wp-includes/js/jquery/ui/tabs.min.js?ver=1.11.4 HTTP/1.1" 200 12110
40.77.167.205 - - [04/Jun/2023:04:16:26 -0500] "GET /portaldeninos/wp-includes/js/jquery/ui/widget.min.js?ver=1.11.4 HTTP/1.1" 200 6908
40.77.167.205 - - [04/Jun/2023:04:16:26 -0500] "GET /portaldeninos/wp-includes/js/wp-embed.min.js?ver=4.9.8 HTTP/1.1" 200 1398
52.167.144.46 - - [04/Jun/2023:04:16:33 -0500] "GET /portaldeninos/wp-content/plugins/gallery-videos/CSS/Total-Soft-Gallery-Video-Widget.css?ver=4.9.8 HTTP/1.1" 200 51554
52.167.144.46 - - [04/Jun/2023:04:16:33 -0500] "GET /portaldeninos/wp-content/plugins/gallery-videos/CSS/totalsoft.css?ver=4.9.8 HTTP/1.1" 200 40622
52.167.144.46 - - [04/Jun/2023:04:16:33 -0500] "GET /portaldeninos/wp-content/plugins/gallery-videos/JS/modernizr.custom.js?ver=4.9.8 HTTP/1.1" 200 9019
52.167.144.46 - - [04/Jun/2023:04:16:33 -0500] "GET /portaldeninos/wp-content/themes/betheme/assets/jplayer/css/jplayer.blue.monday.css?ver=20.9.6 HTTP/1.1" 200 9834
52.167.144.46 - - [04/Jun/2023:04:16:33 -0500] "GET /portaldeninos/wp-content/themes/betheme/css/base.css?ver=20.9.6 HTTP/1.1" 200 57283
52.167.144.46 - - [04/Jun/2023:04:16:33 -0500] "GET /portaldeninos/wp-content/themes/betheme/assets/ui/jquery.ui.all.css?ver=20.9.6 HTTP/1.1" 200 18765
52.167.144.46 - - [04/Jun/2023:04:16:34 -0500] "GET /portaldeninos/wp-content/themes/betheme/css/layout.css?ver=20.9.6 HTTP/1.1" 200 116639
52.167.144.46 - - [04/Jun/2023:04:16:34 -0500] "GET /portaldeninos/wp-content/themes/betheme/css/responsive.css?ver=20.9.6 HTTP/1.1" 200 55740
52.167.144.46 - - [04/Jun/2023:04:16:34 -0500] "GET /portaldeninos/wp-content/themes/betheme/js/scripts.js?ver=20.9.6 HTTP/1.1" 200 77162
52.167.144.46 - - [04/Jun/2023:04:16:34 -0500] "GET /portaldeninos/wp-includes/js/jquery/jquery-migrate.min.js?ver=1.4.1 HTTP/1.1" 200 10056
52.167.144.46 - - [04/Jun/2023:04:16:35 -0500] "GET /portaldeninos/wp-content/uploads/useanyfont/uaf.css?ver=1589905315 HTTP/1.1" 200 408
52.167.144.46 - - [04/Jun/2023:04:16:35 -0500] "GET /portaldeninos/wp-includes/js/jquery/jquery.js?ver=1.12.4 HTTP/1.1" 200 97184
40.77.167.245 - - [04/Jun/2023:04:16:44 -0500] "GET /portaldeninos/wp-content/themes/betheme/assets/animations/animations.min.js?ver=20.9.6 HTTP/1.1" 200 1896
40.77.167.245 - - [04/Jun/2023:04:16:44 -0500] "GET /portaldeninos/wp-content/themes/betheme/assets/jplayer/jplayer.min.js?ver=20.9.6 HTTP/1.1" 200 52702
40.77.167.245 - - [04/Jun/2023:04:16:45 -0500] "GET /portaldeninos/wp-content/themes/betheme/css/shortcodes.css?ver=20.9.6 HTTP/1.1" 200 138889
40.77.167.245 - - [04/Jun/2023:04:16:45 -0500] "GET /portaldeninos/wp-content/themes/betheme/style.css?ver=20.9.6 HTTP/1.1" 200 287
40.77.167.245 - - [04/Jun/2023:04:16:45 -0500] "GET /portaldeninos/wp-content/themes/betheme/js/plugins.js?ver=20.9.6 HTTP/1.1" 200 197151
40.77.167.245 - - [04/Jun/2023:04:16:45 -0500] "GET /portaldeninos/wp-content/uploads/2021/07/Humedal-Santa-Maria-del-Lago.mp4 HTTP/1.1" 200 10767982
40.77.167.245 - - [04/Jun/2023:04:17:10 -0500] "GET /portaldeninos/wp-includes/js/jquery/ui/core.min.js?ver=1.11.4 HTTP/1.1" 200 4000
40.77.167.245 - - [04/Jun/2023:04:17:10 -0500] "GET /portaldeninos/wp-includes/js/jquery/ui/sortable.min.js?ver=1.11.4 HTTP/1.1" 200 24899
40.77.167.245 - - [04/Jun/2023:04:17:10 -0500] "GET /portaldeninos/wp-includes/js/wp-emoji-release.min.js?ver=4.9.8 HTTP/1.1" 200 12026
216.245.221.92 - - [04/Jun/2023:04:17:59 -0500] "HEAD / HTTP/1.1" 200 -
201.245.192.253 - - [04/Jun/2023:04:18:03 -0500] "POST /kwsrmcab/Wsrmcab  HTTP/1.1" 200 43202
201.245.192.253 - - [04/Jun/2023:04:18:28 -0500] "POST /kwsrmcab/Wsrmcab HTTP/1.1" 200 43198
201.245.192.253 - - [04/Jun/2023:04:18:31 -0500] "POST /kwsrmcab/Wsrmcab HTTP/1.1" 200 40166
172.22.2.4 - - [04/Jun/2023:04:19:07 -0500] "HEAD /BLA/boletinlegal/ HTTP/1.1" 200 -
172.22.2.4 - - [04/Jun/2023:04:21:03 -0500] "GET /BLA/boletinlegal/dns-query?dns=fFEBAAABAAAAAAAABmdvb2dsZQNjb20AAAEAAQ HTTP/1.1" 406 -
172.22.2.4 - - [04/Jun/2023:04:19:57 -0500] "GET /BLA/boletinlegal/ HTTP/1.1" 200 53561
216.245.221.92 - - [04/Jun/2023:04:22:59 -0500] "HEAD / HTTP/1.1" 200 -
201.245.192.253 - - [04/Jun/2023:04:23:02 -0500] "POST /kwsrmcab/Wsrmcab  HTTP/1.1" 200 43202
168.119.76.137 - - [04/Jun/2023:04:23:32 -0500] "-" 408 -
66.249.69.2 - - [04/Jun/2023:04:24:36 -0500] "-" 408 -
172.22.2.4 - - [04/Jun/2023:04:24:57 -0500] "HEAD /BLA/boletinlegal/ HTTP/1.1" 200 -
168.119.253.85 - - [04/Jun/2023:04:27:19 -0500] "GET / HTTP/1.1" 200 4720
168.119.253.85 - - [04/Jun/2023:04:27:21 -0500] "GET / HTTP/1.1" 200 319
172.22.2.4 - - [04/Jun/2023:04:25:47 -0500] "GET /BLA/boletinlegal/ HTTP/1.1" 200 58663
216.245.221.92 - - [04/Jun/2023:04:27:59 -0500] "HEAD / HTTP/1.1" 200 -
201.245.192.253 - - [04/Jun/2023:04:28:01 -0500] "POST /kwsrmcab/Wsrmcab  HTTP/1.1" 200 43202
201.245.192.253 - - [04/Jun/2023:04:28:28 -0500] "POST /kwsrmcab/Wsrmcab HTTP/1.1" 200 43198
201.245.192.253 - - [04/Jun/2023:04:28:31 -0500] "POST /kwsrmcab/Wsrmcab HTTP/1.1" 200 40166
172.22.2.4 - - [04/Jun/2023:04:30:47 -0500] "HEAD /BLA/boletinlegal/ HTTP/1.1" 200 -
40.77.188.149 - - [04/Jun/2023:04:32:32 -0500] "GET /portaldeninos/wp-content/themes/betheme/fonts/mfn-icons.woff?93978679 HTTP/1.1" 200 80932
216.245.221.92 - - [04/Jun/2023:04:32:59 -0500] "HEAD / HTTP/1.1" 200 -
201.245.192.253 - - [04/Jun/2023:04:33:00 -0500] "POST /kwsrmcab/Wsrmcab  HTTP/1.1" 200 43202
172.22.2.4 - - [04/Jun/2023:04:31:37 -0500] "GET /BLA/boletinlegal/ HTTP/1.1" 200 57561
172.22.2.4 - - [04/Jun/2023:04:36:06 -0500] "POST /BLA/boletinlegal/dns-query HTTP/1.1" 406 -
216.245.221.92 - - [04/Jun/2023:04:37:59 -0500] "HEAD / HTTP/1.1" 200 -
201.245.192.253 - - [04/Jun/2023:04:37:59 -0500] "POST /kwsrmcab/Wsrmcab  HTTP/1.1" 200 43202
172.22.2.4 - - [04/Jun/2023:04:38:09 -0500] "GET /BLA/boletinlegal/robots.txt HTTP/1.1" 404 1038
172.22.2.4 - - [04/Jun/2023:04:36:37 -0500] "HEAD /BLA/boletinlegal/ HTTP/1.1" 200 -
201.245.192.253 - - [04/Jun/2023:04:38:29 -0500] "POST /kwsrmcab/Wsrmcab HTTP/1.1" 200 43198
201.245.192.253 - - [04/Jun/2023:04:38:31 -0500] "POST /kwsrmcab/Wsrmcab HTTP/1.1" 200 40166
66.249.69.31 - - [04/Jun/2023:04:39:05 -0500] "-" 408 -
172.22.2.4 - - [04/Jun/2023:04:37:27 -0500] "GET /BLA/boletinlegal/ HTTP/1.1" 200 52326
172.22.2.4 - - [04/Jun/2023:04:38:11 -0500] "GET /BLA/boletinlegal/index.php HTTP/1.1" 200 56287
216.245.221.92 - - [04/Jun/2023:04:42:59 -0500] "HEAD / HTTP/1.1" 200 -
201.245.192.253 - - [04/Jun/2023:04:42:58 -0500] "POST /kwsrmcab/Wsrmcab  HTTP/1.1" 200 43202
172.22.2.4 - - [04/Jun/2023:04:42:27 -0500] "HEAD /BLA/boletinlegal/ HTTP/1.1" 200 -
172.22.2.4 - - [04/Jun/2023:04:43:17 -0500] "GET /BLA/boletinlegal/ HTTP/1.1" 200 53114
162.55.167.166 - - [04/Jun/2023:04:45:52 -0500] "GET / HTTP/1.1" 200 4720
162.55.167.166 - - [04/Jun/2023:04:45:53 -0500] "GET / HTTP/1.1" 200 319
172.22.2.4 - - [04/Jun/2023:04:47:06 -0500] "GET /BLA/boletinlegal/jurisprudencia/analisis/analisis%20C-595-2010.doc HTTP/1.1" 304 -
201.245.192.253 - - [04/Jun/2023:04:47:56 -0500] "POST /kwsrmcab/Wsrmcab  HTTP/1.1" 200 43202
216.245.221.92 - - [04/Jun/2023:04:47:59 -0500] "HEAD / HTTP/1.1" 200 -
66.249.69.31 - - [04/Jun/2023:04:48:25 -0500] "-" 408 -
40.77.167.97 - - [04/Jun/2023:04:48:41 -0500] "GET /galeria/galeria/jquery.fancybox.js?v=2.1.5 HTTP/1.1" 200 48706
172.22.2.4 - - [04/Jun/2023:04:48:17 -0500] "HEAD /BLA/boletinlegal/ HTTP/1.1" 200 -
172.22.2.4 - - [04/Jun/2023:04:49:07 -0500] "GET /BLA/boletinlegal/ HTTP/1.1" 200 57561
52.167.144.20 - - [04/Jun/2023:04:52:09 -0500] "GET /BLA/resoluciones/AUTOS%202018/0740.pdf HTTP/1.1" 200 310683
201.245.192.253 - - [04/Jun/2023:04:52:55 -0500] "POST /kwsrmcab/Wsrmcab  HTTP/1.1" 200 43202
216.245.221.92 - - [04/Jun/2023:04:52:59 -0500] "HEAD / HTTP/1.1" 200 -
208.127.116.235 - - [04/Jun/2023:04:54:40 -0500] "GET /galeria/nivo-slider/demo/images/bannerdesarrollo2020.jpg HTTP/1.1" 304 -
162.55.37.179 - - [04/Jun/2023:04:54:42 -0500] "GET / HTTP/1.1" 200 319
162.55.37.179 - - [04/Jun/2023:04:54:43 -0500] "GET / HTTP/1.1" 200 4720
65.154.226.166 - - [04/Jun/2023:04:54:49 -0500] "GET /galeria/nivo-slider/demo/images/bannerdesarrollo2020.jpg HTTP/1.1" 200 322320
172.22.2.4 - - [04/Jun/2023:04:54:07 -0500] "HEAD /BLA/boletinlegal/ HTTP/1.1" 200 -
40.77.188.38 - - [04/Jun/2023:04:56:00 -0500] "GET /galeria/galeria/jquery.fancybox.js?v=2.1.5 HTTP/1.1" 200 48706
172.22.2.4 - - [04/Jun/2023:04:54:57 -0500] "GET /BLA/boletinlegal/ HTTP/1.1" 200 53924
201.245.192.253 - - [04/Jun/2023:04:57:54 -0500] "POST /kwsrmcab/Wsrmcab  HTTP/1.1" 200 43202
216.245.221.92 - - [04/Jun/2023:04:57:59 -0500] "HEAD / HTTP/1.1" 200 -
66.249.69.31 - - [04/Jun/2023:04:58:59 -0500] "-" 408 -
172.22.2.4 - - [04/Jun/2023:04:59:57 -0500] "HEAD /BLA/boletinlegal/ HTTP/1.1" 200 -
172.22.2.4 - - [04/Jun/2023:05:00:47 -0500] "GET /BLA/boletinlegal/ HTTP/1.1" 200 57945
201.245.192.253 - - [04/Jun/2023:05:02:53 -0500] "POST /kwsrmcab/Wsrmcab  HTTP/1.1" 200 43202
216.245.221.92 - - [04/Jun/2023:05:02:59 -0500] "HEAD / HTTP/1.1" 200 -
66.249.69.31 - - [04/Jun/2023:05:02:59 -0500] "-" 408 -
172.22.2.4 - - [04/Jun/2023:05:05:47 -0500] "HEAD /BLA/boletinlegal/ HTTP/1.1" 200 -
61.135.159.130 - - [04/Jun/2023:05:07:42 -0500] "GET / HTTP/1.1" 200 319
201.245.192.253 - - [04/Jun/2023:05:07:53 -0500] "POST /kwsrmcab/Wsrmcab  HTTP/1.1" 200 43202
216.245.221.92 - - [04/Jun/2023:05:07:59 -0500] "HEAD / HTTP/1.1" 200 -
172.22.2.4 - - [04/Jun/2023:05:06:37 -0500] "GET /BLA/boletinlegal/ HTTP/1.1" 200 57561
66.249.69.31 - - [04/Jun/2023:05:09:22 -0500] "-" 408 -
38.32.70.140 - - [04/Jun/2023:05:11:03 -0500] "GET /galeria/galeria/fotos/GuaymaralTorca4G.jpg HTTP/1.1" 200 373786
201.245.192.253 - - [04/Jun/2023:05:12:51 -0500] "POST /kwsrmcab/Wsrmcab  HTTP/1.1" 200 43202
216.245.221.92 - - [04/Jun/2023:05:12:59 -0500] "HEAD / HTTP/1.1" 200 -
172.22.2.4 - - [04/Jun/2023:05:11:37 -0500] "HEAD /BLA/boletinlegal/ HTTP/1.1" 200 -
172.22.2.4 - - [04/Jun/2023:05:12:27 -0500] "GET /BLA/boletinlegal/ HTTP/1.1" 200 59306
201.245.192.253 - - [04/Jun/2023:05:17:51 -0500] "POST /kwsrmcab/Wsrmcab  HTTP/1.1" 200 43202
216.245.221.92 - - [04/Jun/2023:05:17:59 -0500] "HEAD / HTTP/1.1" 200 -
201.245.192.253 - - [04/Jun/2023:05:18:28 -0500] "POST /kwsrmcab/Wsrmcab HTTP/1.1" 200 43231
201.245.192.253 - - [04/Jun/2023:05:18:31 -0500] "POST /kwsrmcab/Wsrmcab HTTP/1.1" 200 40162
66.249.69.31 - - [04/Jun/2023:05:18:57 -0500] "-" 408 -
