172.22.2.4 - - [04/Jun/2023:14:37:25 -0500] "HEAD /BLA/boletinlegal/ HTTP/1.1" 200 -
3.140.11.254 - - [04/Jun/2023:14:39:08 -0500] "HEAD /secretaria-de-ambiente-carnetizo-a-87-miembros-del-programa-de-voluntariado-ambiental.html HTTP/1.1" 200 -
172.22.2.4 - - [04/Jun/2023:14:38:16 -0500] "GET /BLA/boletinlegal/ HTTP/1.1" 200 59306
201.245.192.253 - - [04/Jun/2023:14:40:51 -0500] "POST /kwsrmcab/Wsrmcab  HTTP/1.1" 200 43202
157.55.39.239 - - [04/Jun/2023:14:41:22 -0500] "GET /BLA/resoluciones/AUTOS%202021/5580.pdf HTTP/1.1" 304 -
167.114.1.28 - - [04/Jun/2023:14:41:24 -0500] "GET /manos-reparadoras-protagonistas-en-la-segunda-feria-de-moda-sostenible.html HTTP/1.1" 200 774
40.77.167.97 - - [04/Jun/2023:14:41:45 -0500] "GET /Publicaciones/2023EE94729.pdf HTTP/1.1" 404 227
216.245.221.92 - - [04/Jun/2023:14:42:57 -0500] "HEAD / HTTP/1.1" 200 -
172.22.2.4 - - [04/Jun/2023:14:43:15 -0500] "HEAD /BLA/boletinlegal/ HTTP/1.1" 200 -
172.22.2.4 - - [04/Jun/2023:14:44:06 -0500] "GET /BLA/boletinlegal/ HTTP/1.1" 200 53561
201.245.192.253 - - [04/Jun/2023:14:45:50 -0500] "POST /kwsrmcab/Wsrmcab  HTTP/1.1" 200 43202
66.249.69.31 - - [04/Jun/2023:14:46:58 -0500] "-" 408 -
216.245.221.92 - - [04/Jun/2023:14:47:57 -0500] "HEAD / HTTP/1.1" 200 -
116.202.33.239 - - [04/Jun/2023:14:48:15 -0500] "-" 408 -
179.33.166.233 - - [04/Jun/2023:14:48:22 -0500] "GET /kwssiamovil/sm/acme/a?s=U2FsdGVkX1/Im50fLan5IuSSrVTuTK+ERXPnSL9aj8Bg2O3oyeOqOku+t5dPGjwmCKRxhaLIEcYF/dmDwKZ5JY1z+mLIgphlpMu10dLSt9k4uZ5dQM+hSpCrEBwy79X/wIeS8um0zN/coGAIZG4fr5GccgH8WbIiPcX5LL2xc7LpxxMmWNWl/lmvRdSnlAUshOPRm9/j4TNIOdxw94e46Dl0vlpaYXWupq3Uafr2cb5R4PuskpaEuEo1XRZk/zIm++2Wbyd+lZd8w31WwaqsBw==&u=U2FsdGVkX1+jgIkVvHnTdQY7H/Y4jGKwpvbYje1gnpA=&y=U2FsdGVkX18TBRqiEtcnKNPjVxpuXN+erLfD9DM1M1eemILsITSOHP5OynKbnsm8 HTTP/1.1" 200 26
179.33.166.233 - - [04/Jun/2023:14:48:22 -0500] "GET /kwssiamovil/sm/acme/a?s=U2FsdGVkX18Iv4/r7Tj3R/pv8/VHH4OF90nMnw8IWrn2RWhj6DVw1SABWrEn4QifaG+qbYX/A6QcWSFU89wGswBiwGL/A/bMJMJKLnJDSILwVdNqhfhA4aAVnbzCOf6O3C0/TPpwBmPJsr8fSH15Rq6DMJODjXu6gQZvaQIRJ0pkqmvRNUvHbVa7A92UIG9hrHtp8ryOGvoBzCQo8fuFeB5KWnMkzw86Zr5qoFOC6bdkZf13Om+FO/gf5X14lzGKpdcJXdsxdb8liIdEa/j6HwII0Hg8PHY3FJQI6C5fpnggrz7bvJp9CBiynFRXVf6s6gidB4l9/Bs1yQ57N51q/pbGk0vTpZDheEAm7k9jaWamE55+F+XKfYee6JNyP79hbrEnXTYHBfjFM4PLYkKeIfmsqZ+1qaHEEjUqf2sikpsXjwMfOpgyktigY8Md9HOeUSPjDOBcmE9RVKkhvQud364IGqcqPOz/pQ6ejvd4gy3ieH9KAcHrYdMFnu+gRnQoXABLDW74Orj/ed0ct1ljTi3pVWxb31K06HYq33+Iu4O69Ak8XnRozDUM9YhRM7J9qCiXlNEsUUpUesp+iFaFzyzvHPtjUWlpJKegNbt/hjoC/Qabjp64PRk0q6F24GdR07Vcj1tPBdtp3lmSHPSBCF3eFbxPvvzYEvwWb/04Oo70zcr9sqBXQqoG9SjU47CkJPYqQhig2ldgpWlT9SG5Q8nObHcGLTslZplKFn2q5PqywYMCVIgq9/j0+57/Yngb006ROzHe8t3DylFJYXa/+IO74PfSx2i8zmRW4eNVZMvbFca9aCQ/AcVYPh/9W+CZrPZUO3pv0xf2kQv6sficO1uaNITEw6lMLjp1zAxT0djHsNw80RHV26ZgoEdex3n0YFlZs6hUBtiVLXoZchgSHrtpazRa+qrhe8FHSsRcHyJ6u0x2rPqAhp6XV3So5VbQtTMfKC3DiK0XiePD2C1vUOl6nvhZSdLqvyS8eNdRunTPXFi8JmSDuFdrTCUTbAS2WB3cMXJPmGMUU5AoVUBQiwyD4ieKgpU35C0N0xbGyRuqmDtmDpjea7P+KSWTi2fCdd4KLSrO77J4oKigCd3i5VBT2i+/VknYk3fDEv/R+upERo7G3JG9XA/5mintSQDLxmais+gKCgpNJFv2qilVSTaBVQz75SRKkwbNs57RwXBuMt3yh7xEQtfxiayOgsEfkkMEq7auKZcCOzuh2VTx5ceJ5/2LenHUbTIneY6uELgFJaDtGXCBjwfFnuPqSPufe1GlZ2Q6lcDI68aH/J/7QBS3Jrn+vrueuDLiS+i7kMB+4rxI/9CVrqzm6SeYVgYs5zs1mPzWjGyoZBI8Zo/joUeW8T5cJacQ7m1hfP8X3zm5LMy5X07sZ8V99JBJZ5Cqxlz3pMZD4G124Ug6wkiVTA==&u=U2FsdGVkX1+jgIkVvHnTdQY7H/Y4jGKwpvbYje1gnpA=&y=U2FsdGVkX18TBRqiEtcnKNPjVxpuXN+erLfD9DM1M1eemILsITSOHP5OynKbnsm8 HTTP/1.1" 200 26
179.33.166.233 - - [04/Jun/2023:14:48:22 -0500] "GET /kwssiamovil/sm/acme/a?s=U2FsdGVkX1+qiU1s+sBsuZoOIfvmg0voiTBpO52mtyW1r9a+haMW5la+IrfTD2r7EuMVgY1yLoh9F/DLHnz45Dp+lbz99+TOrFp89ED1k+xsN5tHZbBCGa347eb+gZVKqQA1nWKD1nhDpJSK6y/Pb8N7nmN6DlM6Sre3jiWFsyg=&u=U2FsdGVkX1+jgIkVvHnTdQY7H/Y4jGKwpvbYje1gnpA=&y=U2FsdGVkX18TBRqiEtcnKNPjVxpuXN+erLfD9DM1M1eemILsITSOHP5OynKbnsm8 HTTP/1.1" 200 26
179.33.166.233 - - [04/Jun/2023:14:48:23 -0500] "GET /kwssiamovil/sm/acme/a?s=U2FsdGVkX18lmw03KczZ/VvrN7IdLk6vNq4531474pCqpnZLPmTNRZxbcW46Z8aDMxmocDMtof6jK9HXKG5EcEb7somEVNQx14GZjaSSw6yS+SIegs0l3lsZApl/wWVRmfIvvVIfOwY/bY6LJOgaa353Tcp71wTTZGvrJ9TWpoA=&u=U2FsdGVkX1+jgIkVvHnTdQY7H/Y4jGKwpvbYje1gnpA=&y=U2FsdGVkX18TBRqiEtcnKNPjVxpuXN+erLfD9DM1M1eemILsITSOHP5OynKbnsm8 HTTP/1.1" 200 26
179.33.166.233 - - [04/Jun/2023:14:48:23 -0500] "GET /kwssiamovil/sm/acme/a?s=U2FsdGVkX1+nS23h6ej2iJqSzS5E/mObhNF1tI/MBGjYYYG5Pn+1dSm8KG6sEtNAbanvsYbgC85TrSW5tfN4xiO6pzGIi6qUj7oTPy/HZEs8dBXbsqR9YkVHK4Ua56oS9LZqeAEzMOyg2/i/HZyb7uP5oKJX/zg2W5dO/XaCOyw=&u=U2FsdGVkX1+jgIkVvHnTdQY7H/Y4jGKwpvbYje1gnpA=&y=U2FsdGVkX18TBRqiEtcnKNPjVxpuXN+erLfD9DM1M1eemILsITSOHP5OynKbnsm8 HTTP/1.1" 200 26
179.33.166.233 - - [04/Jun/2023:14:48:23 -0500] "GET /kwssiamovil/sm/acme/a?s=U2FsdGVkX1/UJhF87OFFN3L9lscKJeeQYpXuGE01aY4phpi5L5L7BJOOBO7O63dSA+DstiNrb4D0YVlCYG4/cMl4vIJeTSVgtAq/Opt7ygpbGQm/wN95Tl3R4vSsX+mPDKoi12LmRwwbq2hZ+40NOl+h/Wpo1umzy6Fx+/CrlNsTPPPtTXO6pfrqk2tqux8FINN+4fNYD70KHBrR6UgjUg==&u=U2FsdGVkX1+jgIkVvHnTdQY7H/Y4jGKwpvbYje1gnpA=&y=U2FsdGVkX18TBRqiEtcnKNPjVxpuXN+erLfD9DM1M1eemILsITSOHP5OynKbnsm8 HTTP/1.1" 200 26
125.209.235.176 - - [04/Jun/2023:14:48:25 -0500] "-" 408 -
66.249.70.172 - - [04/Jun/2023:14:48:41 -0500] "GET /agendate-para-participar-en-las-caminatas-ecologicas-de-febrero.html HTTP/1.1" 200 830
172.22.2.4 - - [04/Jun/2023:14:49:05 -0500] "HEAD /BLA/boletinlegal/ HTTP/1.1" 200 -
201.245.192.253 - - [04/Jun/2023:14:50:49 -0500] "POST /kwsrmcab/Wsrmcab  HTTP/1.1" 200 43202
172.22.2.4 - - [04/Jun/2023:14:49:56 -0500] "GET /BLA/boletinlegal/ HTTP/1.1" 200 55221
216.245.221.92 - - [04/Jun/2023:14:52:57 -0500] "HEAD / HTTP/1.1" 200 -
190.24.73.188 - - [04/Jun/2023:14:54:20 -0500] "GET /BLA/resoluciones/index.php?dir= HTTP/1.1" 200 13502
190.24.73.188 - - [04/Jun/2023:14:54:27 -0500] "GET /BLA/resoluciones/index.php?dir=AUTOS+2020%2F HTTP/1.1" 200 328775
172.22.2.4 - - [04/Jun/2023:14:55:17 -0500] "GET /BLA/boletinlegal/actos.php HTTP/1.1" 200 9682
172.22.2.4 - - [04/Jun/2023:14:55:17 -0500] "GET /BLA/boletinlegal/favicon.ico HTTP/1.1" 404 1326
3.140.11.254 - - [04/Jun/2023:14:55:23 -0500] "HEAD /distrito-declara-alerta-preventiva-en-el-suroccidente-de-la-ciudad-por-mala-calidad-del-aire.html HTTP/1.1" 200 -
172.22.2.4 - - [04/Jun/2023:14:55:41 -0500] "GET /BLA/boletinlegal/consulta_actos.php?tipo=autos&no=2404&usuario=&sector=&fecha=2020&resuelve= HTTP/1.1" 200 1108
201.245.192.253 - - [04/Jun/2023:14:55:47 -0500] "POST /kwsrmcab/Wsrmcab  HTTP/1.1" 200 43202
172.22.2.4 - - [04/Jun/2023:14:54:55 -0500] "HEAD /BLA/boletinlegal/ HTTP/1.1" 200 -
172.22.2.4 - - [04/Jun/2023:14:55:46 -0500] "GET /BLA/boletinlegal/ HTTP/1.1" 200 57561
3.140.11.254 - - [04/Jun/2023:14:57:38 -0500] "HEAD /inicia-la-convocatoria-2023-para-el-panel-distrital-de-cambio-climatico.html HTTP/1.1" 200 -
216.245.221.92 - - [04/Jun/2023:14:57:57 -0500] "HEAD / HTTP/1.1" 200 -
40.77.167.97 - - [04/Jun/2023:14:59:26 -0500] "GET /BLA/resoluciones/RESOLUCIONES%202022/4665.pdf HTTP/1.1" 304 -
201.245.192.253 - - [04/Jun/2023:15:00:46 -0500] "POST /kwsrmcab/Wsrmcab  HTTP/1.1" 200 43202
172.22.2.4 - - [04/Jun/2023:15:01:21 -0500] "GET /BLA/boletinlegal/?XDEBUG_SESSION_START=phpstorm HTTP/1.1" 200 24523
172.22.2.4 - - [04/Jun/2023:15:00:46 -0500] "HEAD /BLA/boletinlegal/ HTTP/1.1" 200 -
216.245.221.92 - - [04/Jun/2023:15:02:58 -0500] "HEAD / HTTP/1.1" 200 -
172.22.2.4 - - [04/Jun/2023:15:01:36 -0500] "GET /BLA/boletinlegal/ HTTP/1.1" 200 56287
190.25.119.232 - - [04/Jun/2023:15:05:09 -0500] "GET /catalogoisis/ HTTP/1.1" 200 8575
190.25.119.232 - - [04/Jun/2023:15:05:09 -0500] "GET /catalogoisis/Css/Busqueda.css HTTP/1.1" 200 1995
190.25.119.232 - - [04/Jun/2023:15:05:09 -0500] "GET /catalogoisis/Js/Remote.js HTTP/1.1" 200 436
190.25.119.232 - - [04/Jun/2023:15:05:09 -0500] "GET /catalogoisis/Js/Numero.js HTTP/1.1" 200 398
190.25.119.232 - - [04/Jun/2023:15:05:09 -0500] "GET /catalogoisis/Js/CriterioCombinada.js HTTP/1.1" 200 1843
190.25.119.232 - - [04/Jun/2023:15:05:09 -0500] "GET /catalogoisis/Js/Enter.js HTTP/1.1" 200 1208
190.25.119.232 - - [04/Jun/2023:15:05:09 -0500] "GET /catalogoisis/Js/AceptarLimpiar.js HTTP/1.1" 200 331
190.25.119.232 - - [04/Jun/2023:15:05:09 -0500] "GET /catalogoisis/Js/Go.js HTTP/1.1" 200 364
190.25.119.232 - - [04/Jun/2023:15:05:09 -0500] "GET /catalogoisis/Js/Cookies.js HTTP/1.1" 200 1369
190.25.119.232 - - [04/Jun/2023:15:05:09 -0500] "GET /catalogoisis/Js/LimpiarCombinada.js HTTP/1.1" 200 207
190.25.119.232 - - [04/Jun/2023:15:05:09 -0500] "GET /catalogoisis/imagenes/br1c1.gif HTTP/1.1" 200 172
190.25.119.232 - - [04/Jun/2023:15:05:09 -0500] "GET /catalogoisis/imagenes/Header.gif HTTP/1.1" 200 30313
190.25.119.232 - - [04/Jun/2023:15:05:09 -0500] "GET /catalogoisis/imagenes/br1c3.gif HTTP/1.1" 200 302
190.25.119.232 - - [04/Jun/2023:15:05:09 -0500] "GET /catalogoisis/imagenes/Turnbo1.gif HTTP/1.1" 200 227
190.25.119.232 - - [04/Jun/2023:15:05:09 -0500] "GET /catalogoisis/imagenes/br3c1.gif HTTP/1.1" 200 177
190.25.119.232 - - [04/Jun/2023:15:05:09 -0500] "GET /catalogoisis/imagenes/limpiar1.gif HTTP/1.1" 200 606
190.25.119.232 - - [04/Jun/2023:15:05:09 -0500] "GET /catalogoisis/imagenes/aceptar1.gif HTTP/1.1" 200 604
190.25.119.232 - - [04/Jun/2023:15:05:09 -0500] "GET /catalogoisis/imagenes/br3c2.gif HTTP/1.1" 200 285
190.25.119.232 - - [04/Jun/2023:15:05:09 -0500] "GET /catalogoisis/imagenes/br3c3.gif HTTP/1.1" 200 186
190.25.119.232 - - [04/Jun/2023:15:05:09 -0500] "GET /catalogoisis/imagenes/br2c1.gif HTTP/1.1" 200 297
190.25.119.232 - - [04/Jun/2023:15:05:09 -0500] "GET /catalogoisis/imagenes/br1c2.gif HTTP/1.1" 200 297
190.25.119.232 - - [04/Jun/2023:15:05:09 -0500] "GET /catalogoisis/imagenes/br2c2.gif HTTP/1.1" 200 302
190.25.119.232 - - [04/Jun/2023:15:05:09 -0500] "GET /catalogoisis/imagenes/br2c3.gif HTTP/1.1" 200 416
190.25.119.232 - - [04/Jun/2023:15:05:09 -0500] "GET /favicon.ico HTTP/1.1" 200 7782
190.25.119.232 - - [04/Jun/2023:15:05:11 -0500] "GET /catalogoisis/imagenes/aceptar2.gif HTTP/1.1" 200 586
173.252.83.111 - - [04/Jun/2023:15:05:17 -0500] "GET /images/Reciclaton-2023.jpg HTTP/1.1" 200 68883
201.245.192.253 - - [04/Jun/2023:15:05:45 -0500] "POST /kwsrmcab/Wsrmcab  HTTP/1.1" 200 43202
40.77.167.97 - - [04/Jun/2023:15:06:00 -0500] "GET /BLA/resoluciones/AUTOS%202022/0526.pdf HTTP/1.1" 200 346919
190.27.153.245 - - [04/Jun/2023:15:06:13 -0500] "GET /sipse/faces/index.xhtml HTTP/1.1" 200 677
190.27.153.245 - - [04/Jun/2023:15:06:14 -0500] "GET /sipse/faces/javax.faces.resource/theme.css?ln=primefaces-sipse HTTP/1.1" 304 -
190.27.153.245 - - [04/Jun/2023:15:06:15 -0500] "GET /sipse/faces/faces/autenticacion.xhtml HTTP/1.1" 200 12178
190.27.153.245 - - [04/Jun/2023:15:06:15 -0500] "GET /sipse/faces/javax.faces.resource/theme.css?ln=primefaces-sipse HTTP/1.1" 304 -
190.27.153.245 - - [04/Jun/2023:15:06:15 -0500] "GET /sipse/css/custom_css_sg.css HTTP/1.1" 304 -
190.27.153.245 - - [04/Jun/2023:15:06:15 -0500] "GET /sipse/js/funciones.js HTTP/1.1" 304 -
190.27.153.245 - - [04/Jun/2023:15:06:15 -0500] "GET /sipse/css/custom_css_sg_prime_login.css HTTP/1.1" 304 -
190.27.153.245 - - [04/Jun/2023:15:06:15 -0500] "GET /sipse/faces/javax.faces.resource/primefaces.css?ln=primefaces&v=4.0 HTTP/1.1" 304 -
190.27.153.245 - - [04/Jun/2023:15:06:15 -0500] "GET /sipse/faces/javax.faces.resource/layout/layout.css?ln=primefaces&v=4.0 HTTP/1.1" 304 -
190.27.153.245 - - [04/Jun/2023:15:06:15 -0500] "GET /sipse/faces/javax.faces.resource/jquery/jquery.js?ln=primefaces&v=4.0 HTTP/1.1" 304 -
190.27.153.245 - - [04/Jun/2023:15:06:15 -0500] "GET /sipse/faces/javax.faces.resource/jquery/jquery-plugins.js?ln=primefaces&v=4.0 HTTP/1.1" 304 -
190.27.153.245 - - [04/Jun/2023:15:06:15 -0500] "GET /sipse/faces/javax.faces.resource/primefaces.js?ln=primefaces&v=4.0 HTTP/1.1" 304 -
190.27.153.245 - - [04/Jun/2023:15:06:15 -0500] "GET /sipse/js/disable_browser_buttons.js HTTP/1.1" 304 -
190.27.153.245 - - [04/Jun/2023:15:06:15 -0500] "GET /sipse/faces/javax.faces.resource/layout/layout.js?ln=primefaces&v=4.0 HTTP/1.1" 304 -
190.27.153.245 - - [04/Jun/2023:15:06:15 -0500] "GET /sipse/css/imagen/logoSDG.png HTTP/1.1" 304 -
190.27.153.245 - - [04/Jun/2023:15:06:15 -0500] "GET /sipse/css/imagen/loginimg.png HTTP/1.1" 304 -
190.27.153.245 - - [04/Jun/2023:15:06:15 -0500] "GET /sipse/faces/javax.faces.resource/images/ui-icons_898989_256x240.png?ln=primefaces-aristo HTTP/1.1" 304 -
74.235.59.81 - - [04/Jun/2023:15:06:17 -0500] "GET /sipsesda/faces/login.jspx HTTP/1.1" 200 7588
190.27.153.245 - - [04/Jun/2023:15:06:19 -0500] "POST /sipse/faces/autenticacion.xhtml HTTP/1.1" 200 19399
190.27.153.245 - - [04/Jun/2023:15:06:19 -0500] "GET /sipse/css/custom_css_sg_prime.css HTTP/1.1" 304 -
190.27.153.245 - - [04/Jun/2023:15:06:19 -0500] "GET /sipse/faces/javax.faces.resource/theme.css?ln=primefaces-sipse HTTP/1.1" 304 -
190.27.153.245 - - [04/Jun/2023:15:06:19 -0500] "GET /sipse/faces/javax.faces.resource/primefaces.css?ln=primefaces&v=4.0 HTTP/1.1" 304 -
190.27.153.245 - - [04/Jun/2023:15:06:19 -0500] "GET /sipse/faces/javax.faces.resource/layout/layout.css?ln=primefaces&v=4.0 HTTP/1.1" 304 -
190.27.153.245 - - [04/Jun/2023:15:06:19 -0500] "GET /sipse/js/jquery.min.js HTTP/1.1" 304 -
190.27.153.245 - - [04/Jun/2023:15:06:19 -0500] "GET /sipse/faces/javax.faces.resource/jquery/jquery.js?ln=primefaces&v=4.0 HTTP/1.1" 304 -
190.27.153.245 - - [04/Jun/2023:15:06:19 -0500] "GET /sipse/faces/javax.faces.resource/jquery/jquery-plugins.js?ln=primefaces&v=4.0 HTTP/1.1" 304 -
74.235.59.81 - - [04/Jun/2023:15:06:19 -0500] "GET /sipsesda/js/disable_browser_buttons.js;jsessionid=ac16012b22b8687cc72c9a464f979b468575abc75ac9.e34Lc3uRbN4Oc40Lb3n0 HTTP/1.1" 200 2767
190.27.153.245 - - [04/Jun/2023:15:06:19 -0500] "GET /sipse/faces/javax.faces.resource/primefaces.js?ln=primefaces&v=4.0 HTTP/1.1" 304 -
190.27.153.245 - - [04/Jun/2023:15:06:19 -0500] "GET /sipse/faces/javax.faces.resource/layout/layout.js?ln=primefaces&v=4.0 HTTP/1.1" 304 -
190.27.153.245 - - [04/Jun/2023:15:06:19 -0500] "GET /sipse/css/v_mergente.css HTTP/1.1" 304 -
190.27.153.245 - - [04/Jun/2023:15:06:19 -0500] "GET /sipse/imagenes/cargando.gif HTTP/1.1" 304 -
190.27.153.245 - - [04/Jun/2023:15:06:19 -0500] "GET /sipse/imagenes/logoAplicacion.jpg HTTP/1.1" 304 -
190.27.153.245 - - [04/Jun/2023:15:06:19 -0500] "GET /sipse/css/imagen/contrasena.png HTTP/1.1" 404 383
74.235.59.81 - - [04/Jun/2023:15:06:19 -0500] "GET /sipsesda/adf/styles/cache/segobdis16-desktop-10_1_3_4_0-webkit.css;jsessionid=ac16012b22b8687cc72c9a464f979b468575abc75ac9.e34Lc3uRbN4Oc40Lb3n0 HTTP/1.1" 200 57326
74.235.59.81 - - [04/Jun/2023:15:06:19 -0500] "GET /sipsesda/js/funciones.js;jsessionid=ac16012b22b8687cc72c9a464f979b468575abc75ac9.e34Lc3uRbN4Oc40Lb3n0 HTTP/1.1" 200 36377
190.27.153.245 - - [04/Jun/2023:15:06:19 -0500] "GET /sipse/faces/javax.faces.resource/messages/messages.png?ln=primefaces&v=4.0 HTTP/1.1" 304 -
74.235.59.81 - - [04/Jun/2023:15:06:20 -0500] "GET /sipsesda/adf/images/t.gif;jsessionid=ac16012b22b8687cc72c9a464f979b468575abc75ac9.e34Lc3uRbN4Oc40Lb3n0 HTTP/1.1" 200 86
74.235.59.81 - - [04/Jun/2023:15:06:20 -0500] "GET /sipsesda/imagenes/encabezado.jpg;jsessionid=ac16012b22b8687cc72c9a464f979b468575abc75ac9.e34Lc3uRbN4Oc40Lb3n0 HTTP/1.1" 200 18018
74.235.59.81 - - [04/Jun/2023:15:06:19 -0500] "GET /sipsesda/adf/jsLibs/Common10_1_3_4_0.js;jsessionid=ac16012b22b8687cc72c9a464f979b468575abc75ac9.e34Lc3uRbN4Oc40Lb3n0 HTTP/1.1" 200 132959
74.235.59.81 - - [04/Jun/2023:15:06:21 -0500] "GET /sipsesda/faces/faces/index.jsp HTTP/1.1" 200 1477
190.27.153.245 - - [04/Jun/2023:15:06:21 -0500] "GET /sipse/faces/javax.faces.resource/images/ui-bg_flat_0_2d5972_40x100.png?ln=primefaces-aristo HTTP/1.1" 304 -
190.27.153.245 - - [04/Jun/2023:15:06:21 -0500] "POST /sipse/faces/bienvenido.xhtml HTTP/1.1" 200 3182
74.235.59.81 - - [04/Jun/2023:15:06:21 -0500] "GET /sipsesda/faces/css/segobdis.css HTTP/1.1" 200 35840
74.235.59.81 - - [04/Jun/2023:15:06:22 -0500] "GET /sipsesda/faces/faces/faces/login.jspx HTTP/1.1" 200 6587
74.235.59.81 - - [04/Jun/2023:15:06:22 -0500] "GET /sipsesda/js/disable_browser_buttons.js HTTP/1.1" 200 2767
190.27.153.245 - - [04/Jun/2023:15:06:22 -0500] "POST /sipse/faces/bienvenido.xhtml HTTP/1.1" 200 3262
74.235.59.81 - - [04/Jun/2023:15:06:22 -0500] "GET /sipsesda/adf/styles/cache/segobdis16-desktop-10_1_3_4_0-webkit.css HTTP/1.1" 200 57326
74.235.59.81 - - [04/Jun/2023:15:06:22 -0500] "GET /sipsesda/js/funciones.js HTTP/1.1" 200 36377
74.235.59.81 - - [04/Jun/2023:15:06:23 -0500] "GET /sipsesda/adf/images/t.gif HTTP/1.1" 200 86
74.235.59.81 - - [04/Jun/2023:15:06:23 -0500] "GET /sipsesda/adf/jsLibs/Common10_1_3_4_0.js HTTP/1.1" 200 132959
74.235.59.81 - - [04/Jun/2023:15:06:23 -0500] "GET /sipsesda/imagenes/encabezado.jpg HTTP/1.1" 200 18018
190.27.153.245 - - [04/Jun/2023:15:06:23 -0500] "POST /sipse/faces/bienvenido.xhtml HTTP/1.1" 200 33023
190.27.153.245 - - [04/Jun/2023:15:06:24 -0500] "GET /sipse/faces/javax.faces.resource/primefaces.css?ln=primefaces&v=4.0 HTTP/1.1" 304 -
190.27.153.245 - - [04/Jun/2023:15:06:24 -0500] "GET /sipse/faces/javax.faces.resource/theme.css?ln=primefaces-sipse HTTP/1.1" 304 -
190.27.153.245 - - [04/Jun/2023:15:06:24 -0500] "GET /sipse/faces/javax.faces.resource/layout/layout.css?ln=primefaces&v=4.0 HTTP/1.1" 304 -
190.27.153.245 - - [04/Jun/2023:15:06:24 -0500] "GET /sipse/faces/javax.faces.resource/jquery/jquery.js?ln=primefaces&v=4.0 HTTP/1.1" 304 -
190.27.153.245 - - [04/Jun/2023:15:06:24 -0500] "GET /sipse/faces/javax.faces.resource/jquery/jquery-plugins.js?ln=primefaces&v=4.0 HTTP/1.1" 304 -
190.27.153.245 - - [04/Jun/2023:15:06:24 -0500] "GET /sipse/faces/javax.faces.resource/primefaces.js?ln=primefaces&v=4.0 HTTP/1.1" 304 -
190.27.153.245 - - [04/Jun/2023:15:06:24 -0500] "GET /sipse/faces/javax.faces.resource/layout/layout.js?ln=primefaces&v=4.0 HTTP/1.1" 304 -
190.27.153.245 - - [04/Jun/2023:15:06:24 -0500] "POST /sipse/faces/presentacion/financiero/solicitudProceso/listarSolicitudProceso.xhtml HTTP/1.1" 200 1376
74.235.59.81 - - [04/Jun/2023:15:06:28 -0500] "GET /favicon.ico HTTP/1.1" 200 7782
190.27.153.245 - - [04/Jun/2023:15:06:29 -0500] "POST /sipse/faces/presentacion/financiero/solicitudProceso/listarSolicitudProceso.xhtml HTTP/1.1" 200 184
190.27.153.245 - - [04/Jun/2023:15:06:29 -0500] "POST /sipse/faces/presentacion/financiero/solicitudProceso/listarSolicitudProceso.xhtml HTTP/1.1" 200 184
190.27.153.245 - - [04/Jun/2023:15:06:29 -0500] "GET /sipse/faces/presentacion/financiero/solicitudAnulacion/solicitudAnulacion.xhtml HTTP/1.1" 200 17832
190.27.153.245 - - [04/Jun/2023:15:06:29 -0500] "GET /sipse/faces/presentacion/financiero/solicitudAnulacion/solicitudAnulacion.xhtml HTTP/1.1" 200 31132
190.27.153.245 - - [04/Jun/2023:15:06:29 -0500] "GET /sipse/faces/javax.faces.resource/theme.css?ln=primefaces-sipse HTTP/1.1" 304 -
190.27.153.245 - - [04/Jun/2023:15:06:29 -0500] "GET /sipse/faces/javax.faces.resource/primefaces.css?ln=primefaces&v=4.0 HTTP/1.1" 304 -
190.27.153.245 - - [04/Jun/2023:15:06:29 -0500] "GET /sipse/faces/javax.faces.resource/layout/layout.css?ln=primefaces&v=4.0 HTTP/1.1" 304 -
190.27.153.245 - - [04/Jun/2023:15:06:29 -0500] "GET /sipse/faces/javax.faces.resource/jquery/jquery.js?ln=primefaces&v=4.0 HTTP/1.1" 304 -
190.27.153.245 - - [04/Jun/2023:15:06:29 -0500] "GET /sipse/faces/javax.faces.resource/jquery/jquery-plugins.js?ln=primefaces&v=4.0 HTTP/1.1" 304 -
190.27.153.245 - - [04/Jun/2023:15:06:29 -0500] "GET /sipse/faces/javax.faces.resource/primefaces.js?ln=primefaces&v=4.0 HTTP/1.1" 304 -
190.27.153.245 - - [04/Jun/2023:15:06:29 -0500] "GET /sipse/faces/javax.faces.resource/layout/layout.js?ln=primefaces&v=4.0 HTTP/1.1" 304 -
74.235.59.81 - - [04/Jun/2023:15:06:30 -0500] "GET /sipsesda/faces/faces/faces/login.jspx HTTP/1.1" 200 6587
190.27.153.245 - - [04/Jun/2023:15:06:30 -0500] "POST /sipse/faces/presentacion/financiero/solicitudAnulacion/solicitudAnulacion.xhtml HTTP/1.1" 200 10464
190.27.153.245 - - [04/Jun/2023:15:06:31 -0500] "POST /sipse/faces/presentacion/financiero/solicitudAnulacion/solicitudAnulacion.xhtml HTTP/1.1" 200 3001
190.27.153.245 - - [04/Jun/2023:15:06:32 -0500] "POST /sipse/faces/presentacion/financiero/solicitudAnulacion/solicitudAnulacion.xhtml HTTP/1.1" 200 40733
190.27.153.245 - - [04/Jun/2023:15:06:33 -0500] "GET /sipse/faces/javax.faces.resource/theme.css?ln=primefaces-sipse HTTP/1.1" 304 -
190.27.153.245 - - [04/Jun/2023:15:06:33 -0500] "GET /sipse/faces/javax.faces.resource/primefaces.css?ln=primefaces&v=4.0 HTTP/1.1" 304 -
190.27.153.245 - - [04/Jun/2023:15:06:33 -0500] "GET /sipse/faces/javax.faces.resource/layout/layout.css?ln=primefaces&v=4.0 HTTP/1.1" 304 -
190.27.153.245 - - [04/Jun/2023:15:06:33 -0500] "GET /sipse/faces/javax.faces.resource/jquery/jquery.js?ln=primefaces&v=4.0 HTTP/1.1" 304 -
190.27.153.245 - - [04/Jun/2023:15:06:33 -0500] "GET /sipse/faces/javax.faces.resource/jquery/jquery-plugins.js?ln=primefaces&v=4.0 HTTP/1.1" 304 -
190.27.153.245 - - [04/Jun/2023:15:06:33 -0500] "GET /sipse/faces/javax.faces.resource/primefaces.js?ln=primefaces&v=4.0 HTTP/1.1" 304 -
190.27.153.245 - - [04/Jun/2023:15:06:33 -0500] "GET /sipse/faces/javax.faces.resource/layout/layout.js?ln=primefaces&v=4.0 HTTP/1.1" 304 -
190.27.153.245 - - [04/Jun/2023:15:06:38 -0500] "POST /sipse/faces/presentacion/financiero/solicitudProceso/consultar.xhtml HTTP/1.1" 200 12802
190.27.153.245 - - [04/Jun/2023:15:06:44 -0500] "POST /sipse/faces/presentacion/financiero/solicitudProceso/consultar.xhtml HTTP/1.1" 200 9861
190.27.153.245 - - [04/Jun/2023:15:07:13 -0500] "POST /sipse/faces/presentacion/financiero/solicitudProceso/consultar.xhtml HTTP/1.1" 200 12731
190.27.153.245 - - [04/Jun/2023:15:07:16 -0500] "GET /sipse/faces/javax.faces.resource/images/ui-icons_898989_256x240.png?ln=primefaces-aristo HTTP/1.1" 304 -
190.27.153.245 - - [04/Jun/2023:15:07:18 -0500] "POST /sipse/faces/presentacion/financiero/solicitudProceso/consultar.xhtml HTTP/1.1" 200 101216
190.27.153.245 - - [04/Jun/2023:15:07:18 -0500] "GET /sipse/faces/javax.faces.resource/theme.css?ln=primefaces-sipse HTTP/1.1" 304 -
190.27.153.245 - - [04/Jun/2023:15:07:18 -0500] "GET /sipse/faces/javax.faces.resource/primefaces.css?ln=primefaces&v=4.0 HTTP/1.1" 304 -
190.27.153.245 - - [04/Jun/2023:15:07:18 -0500] "GET /sipse/faces/javax.faces.resource/layout/layout.css?ln=primefaces&v=4.0 HTTP/1.1" 304 -
190.27.153.245 - - [04/Jun/2023:15:07:18 -0500] "GET /sipse/faces/javax.faces.resource/jquery/jquery.js?ln=primefaces&v=4.0 HTTP/1.1" 304 -
190.27.153.245 - - [04/Jun/2023:15:07:18 -0500] "GET /sipse/faces/javax.faces.resource/jquery/jquery-plugins.js?ln=primefaces&v=4.0 HTTP/1.1" 304 -
190.27.153.245 - - [04/Jun/2023:15:07:18 -0500] "GET /sipse/faces/javax.faces.resource/primefaces.js?ln=primefaces&v=4.0 HTTP/1.1" 304 -
190.27.153.245 - - [04/Jun/2023:15:07:18 -0500] "GET /sipse/faces/javax.faces.resource/layout/layout.js?ln=primefaces&v=4.0 HTTP/1.1" 304 -
216.245.221.92 - - [04/Jun/2023:15:07:57 -0500] "HEAD / HTTP/1.1" 200 -
186.84.88.171 - - [04/Jun/2023:15:08:08 -0500] "GET /bla/resoluciones/ HTTP/1.1" 200 13502
186.84.88.171 - - [04/Jun/2023:15:08:08 -0500] "GET /bla/resoluciones/dlf/folder.png HTTP/1.1" 200 410
186.84.88.171 - - [04/Jun/2023:15:08:08 -0500] "GET /bla/resoluciones/dlf/styles.css HTTP/1.1" 200 3049
186.84.88.171 - - [04/Jun/2023:15:08:08 -0500] "GET /bla/resoluciones/dlf/bg.gif HTTP/1.1" 200 54
186.84.88.171 - - [04/Jun/2023:15:08:09 -0500] "GET /favicon.ico HTTP/1.1" 200 7782
186.84.88.171 - - [04/Jun/2023:15:08:15 -0500] "GET /bla/resoluciones/index.php?dir=RESOLUCIONES+2023%2F HTTP/1.1" 200 27896
186.84.88.171 - - [04/Jun/2023:15:08:15 -0500] "GET /bla/resoluciones/dlf/pdf.gif HTTP/1.1" 200 272
186.84.88.171 - - [04/Jun/2023:15:08:15 -0500] "GET /bla/resoluciones/dlf/dirup.png HTTP/1.1" 200 644
172.22.2.4 - - [04/Jun/2023:15:06:35 -0500] "HEAD /BLA/boletinlegal/ HTTP/1.1" 200 -
172.22.2.4 - - [04/Jun/2023:15:07:26 -0500] "GET /BLA/boletinlegal/ HTTP/1.1" 200 59306
40.77.167.97 - - [04/Jun/2023:15:09:38 -0500] "GET /BLA/resoluciones/AUTOS%202021/2828.pdf HTTP/1.1" 304 -
74.235.59.81 - - [04/Jun/2023:15:09:42 -0500] "GET /appsia/controlador HTTP/1.1" 200 4799
74.235.59.81 - - [04/Jun/2023:15:09:45 -0500] "GET /appsia/css/estilos.css HTTP/1.1" 200 4804
74.235.59.81 - - [04/Jun/2023:15:09:45 -0500] "GET /appsia/scripts/validarIngreso.js HTTP/1.1" 200 851
74.235.59.81 - - [04/Jun/2023:15:09:46 -0500] "GET /appsia/images/cabezoteHojaVida.png HTTP/1.1" 200 32493
74.235.59.81 - - [04/Jun/2023:15:09:46 -0500] "GET /appsia/images/logo_bogota_p.png HTTP/1.1" 200 14951
74.235.59.81 - - [04/Jun/2023:15:09:53 -0500] "GET /favicon.ico HTTP/1.1" 200 7782
201.245.192.253 - - [04/Jun/2023:15:10:45 -0500] "POST /kwsrmcab/Wsrmcab  HTTP/1.1" 200 43202
66.249.69.5 - - [04/Jun/2023:15:11:35 -0500] "-" 408 -
216.245.221.92 - - [04/Jun/2023:15:12:57 -0500] "HEAD / HTTP/1.1" 200 -
172.22.2.4 - - [04/Jun/2023:15:12:25 -0500] "HEAD /BLA/boletinlegal/ HTTP/1.1" 200 -
186.86.33.230 - - [04/Jun/2023:15:14:38 -0500] "GET /portaldeninos/humedal-el-burro-2/ HTTP/1.1" 200 87926
186.86.33.230 - - [04/Jun/2023:15:14:39 -0500] "GET /portaldeninos/wp-content/plugins/gallery-videos/CSS/Total-Soft-Gallery-Video-Widget.css?ver=4.9.8 HTTP/1.1" 200 51554
186.86.33.230 - - [04/Jun/2023:15:14:39 -0500] "GET /portaldeninos/wp-content/uploads/useanyfont/uaf.css?ver=1589905315 HTTP/1.1" 200 408
186.86.33.230 - - [04/Jun/2023:15:14:39 -0500] "GET /portaldeninos/wp-content/themes/betheme/style.css?ver=20.9.6 HTTP/1.1" 200 287
186.86.33.230 - - [04/Jun/2023:15:14:39 -0500] "GET /portaldeninos/wp-content/plugins/gallery-videos/CSS/totalsoft.css?ver=4.9.8 HTTP/1.1" 200 40622
186.86.33.230 - - [04/Jun/2023:15:14:39 -0500] "GET /portaldeninos/wp-content/themes/betheme/assets/jplayer/css/jplayer.blue.monday.css?ver=20.9.6 HTTP/1.1" 200 9834
186.86.33.230 - - [04/Jun/2023:15:14:39 -0500] "GET /portaldeninos/wp-content/themes/betheme/assets/ui/jquery.ui.all.css?ver=20.9.6 HTTP/1.1" 200 18765
186.86.33.230 - - [04/Jun/2023:15:14:39 -0500] "GET /portaldeninos/wp-content/themes/betheme/css/base.css?ver=20.9.6 HTTP/1.1" 200 57283
186.86.33.230 - - [04/Jun/2023:15:14:39 -0500] "GET /portaldeninos/wp-content/themes/betheme/assets/animations/animations.min.css?ver=20.9.6 HTTP/1.1" 200 58508
186.86.33.230 - - [04/Jun/2023:15:14:39 -0500] "GET /portaldeninos/wp-content/plugins/google-analytics-for-wordpress/assets/js/frontend-gtag.min.js?ver=8.5.0 HTTP/1.1" 200 11801
186.86.33.230 - - [04/Jun/2023:15:14:39 -0500] "GET /portaldeninos/wp-content/themes/betheme/css/shortcodes.css?ver=20.9.6 HTTP/1.1" 200 138889
186.86.33.230 - - [04/Jun/2023:15:14:39 -0500] "GET /portaldeninos/wp-content/themes/betheme/css/responsive.css?ver=20.9.6 HTTP/1.1" 200 55740
186.86.33.230 - - [04/Jun/2023:15:14:39 -0500] "GET /portaldeninos/wp-content/themes/betheme/css/layout.css?ver=20.9.6 HTTP/1.1" 200 116639
186.86.33.230 - - [04/Jun/2023:15:14:39 -0500] "GET /portaldeninos/wp-includes/js/jquery/jquery-migrate.min.js?ver=1.4.1 HTTP/1.1" 200 10056
186.86.33.230 - - [04/Jun/2023:15:14:39 -0500] "GET /portaldeninos/wp-includes/js/jquery/jquery.js?ver=1.12.4 HTTP/1.1" 200 97184
186.86.33.230 - - [04/Jun/2023:15:14:39 -0500] "GET /portaldeninos/wp-includes/js/jquery/ui/core.min.js?ver=1.11.4 HTTP/1.1" 200 4000
186.86.33.230 - - [04/Jun/2023:15:14:39 -0500] "GET /portaldeninos/wp-content/plugins/gallery-videos/JS/modernizr.custom.js?ver=4.9.8 HTTP/1.1" 200 9019
186.86.33.230 - - [04/Jun/2023:15:14:39 -0500] "GET /portaldeninos/wp-includes/js/wp-emoji-release.min.js?ver=4.9.8 HTTP/1.1" 200 12026
186.86.33.230 - - [04/Jun/2023:15:14:39 -0500] "GET /portaldeninos/wp-content/plugins/gallery-videos/JS/Total-Soft-Gallery-Video-Widget.js?ver=4.9.8 HTTP/1.1" 200 80264
186.86.33.230 - - [04/Jun/2023:15:14:39 -0500] "GET /portaldeninos/wp-includes/js/jquery/ui/mouse.min.js?ver=1.11.4 HTTP/1.1" 200 3148
186.86.33.230 - - [04/Jun/2023:15:14:39 -0500] "GET /portaldeninos/wp-includes/js/jquery/ui/widget.min.js?ver=1.11.4 HTTP/1.1" 200 6908
186.86.33.230 - - [04/Jun/2023:15:14:39 -0500] "GET /portaldeninos/wp-content/themes/betheme/images/box_shadow.png HTTP/1.1" 200 108
186.86.33.230 - - [04/Jun/2023:15:14:39 -0500] "GET /portaldeninos/wp-includes/js/jquery/ui/accordion.min.js?ver=1.11.4 HTTP/1.1" 200 8584
186.86.33.230 - - [04/Jun/2023:15:14:39 -0500] "GET /portaldeninos/wp-includes/js/jquery/ui/tabs.min.js?ver=1.11.4 HTTP/1.1" 200 12110
186.86.33.230 - - [04/Jun/2023:15:14:39 -0500] "GET /portaldeninos/wp-content/themes/betheme/js/menu.js?ver=20.9.6 HTTP/1.1" 200 2449
186.86.33.230 - - [04/Jun/2023:15:14:39 -0500] "GET /portaldeninos/wp-includes/js/jquery/ui/sortable.min.js?ver=1.11.4 HTTP/1.1" 200 24899
186.86.33.230 - - [04/Jun/2023:15:14:39 -0500] "GET /portaldeninos/wp-content/uploads/2019/08/Logo-Ambientic.png HTTP/1.1" 200 22941
186.86.33.230 - - [04/Jun/2023:15:14:39 -0500] "GET /portaldeninos/wp-content/themes/betheme/assets/animations/animations.min.js?ver=20.9.6 HTTP/1.1" 200 1896
186.86.33.230 - - [04/Jun/2023:15:14:39 -0500] "GET /portaldeninos/wp-content/uploads/2020/11/EL-Burro-B-1-1024x576.jpg HTTP/1.1" 200 120653
186.86.33.230 - - [04/Jun/2023:15:14:39 -0500] "GET /portaldeninos/wp-content/themes/betheme/js/plugins.js?ver=20.9.6 HTTP/1.1" 200 197151
186.86.33.230 - - [04/Jun/2023:15:14:39 -0500] "GET /portaldeninos/wp-content/themes/betheme/assets/jplayer/jplayer.min.js?ver=20.9.6 HTTP/1.1" 200 52702
186.86.33.230 - - [04/Jun/2023:15:14:40 -0500] "GET /portaldeninos/wp-includes/js/wp-embed.min.js?ver=4.9.8 HTTP/1.1" 200 1398
186.86.33.230 - - [04/Jun/2023:15:14:40 -0500] "GET /portaldeninos/wp-content/themes/betheme/fonts/mfn-icons.woff?93978679 HTTP/1.1" 200 80932
186.86.33.230 - - [04/Jun/2023:15:14:40 -0500] "GET /portaldeninos/wp-content/themes/betheme/js/scripts.js?ver=20.9.6 HTTP/1.1" 200 77162
172.22.2.4 - - [04/Jun/2023:15:13:16 -0500] "GET /BLA/boletinlegal/ HTTP/1.1" 200 57561
186.86.33.230 - - [04/Jun/2023:15:15:01 -0500] "GET /portaldeninos/fauna/ HTTP/1.1" 200 88429
186.86.33.230 - - [04/Jun/2023:15:15:01 -0500] "GET /portaldeninos/wp-content/uploads/2021/07/Banners-pa%CC%81gina-de-nin%CC%83os10.jpg HTTP/1.1" 200 21316
186.86.33.230 - - [04/Jun/2023:15:15:01 -0500] "GET /portaldeninos/wp-content/uploads/2021/10/infografia-fauna-ni%C3%B1os-ambientic.jpg HTTP/1.1" 200 295755
54.39.177.48 - - [04/Jun/2023:15:15:02 -0500] "GET /manos-reparadoras-protagonistas-en-la-segunda-feria-de-moda-sostenible.html HTTP/1.1" 200 774
201.245.192.253 - - [04/Jun/2023:15:15:43 -0500] "POST /kwsrmcab/Wsrmcab  HTTP/1.1" 200 43202
157.55.39.239 - - [04/Jun/2023:15:16:12 -0500] "GET /appsia/controlador HTTP/1.1" 200 4799
216.245.221.92 - - [04/Jun/2023:15:17:57 -0500] "HEAD / HTTP/1.1" 200 -
201.245.192.253 - - [04/Jun/2023:15:18:27 -0500] "POST /kwsrmcab/Wsrmcab HTTP/1.1" 200 43819
201.245.192.253 - - [04/Jun/2023:15:18:29 -0500] "POST /kwsrmcab/Wsrmcab HTTP/1.1" 200 43789
66.249.69.31 - - [04/Jun/2023:15:19:13 -0500] "-" 408 -
172.22.2.4 - - [04/Jun/2023:15:18:15 -0500] "HEAD /BLA/boletinlegal/ HTTP/1.1" 200 -
201.245.192.253 - - [04/Jun/2023:15:20:42 -0500] "POST /kwsrmcab/Wsrmcab  HTTP/1.1" 200 43202
172.22.2.4 - - [04/Jun/2023:15:19:06 -0500] "GET /BLA/boletinlegal/ HTTP/1.1" 200 57151
216.245.221.92 - - [04/Jun/2023:15:22:57 -0500] "HEAD / HTTP/1.1" 200 -
173.252.83.3 - - [04/Jun/2023:15:23:18 -0500] "GET /images/manos-reparadoras-plaza-americas-1.jpg HTTP/1.1" 200 47593
173.252.95.21 - - [04/Jun/2023:15:25:18 -0500] "GET /cerca-de-20-actividades-al-abrigo-de-las-aves-no-te-pierdas-la-jornada-cultural-jardin-de-noche.html HTTP/1.1" 200 793
173.252.95.6 - - [04/Jun/2023:15:25:21 -0500] "GET /cerca-de-20-actividades-al-abrigo-de-las-aves-no-te-pierdas-la-jornada-cultural-jardin-de-noche.html HTTP/1.1" 200 793
172.22.2.4 - - [04/Jun/2023:15:25:41 -0500] "GET /BLA/boletinlegal/actos.php HTTP/1.1" 200 9682
201.245.192.253 - - [04/Jun/2023:15:25:41 -0500] "POST /kwsrmcab/Wsrmcab  HTTP/1.1" 200 43202
186.29.33.64 - - [04/Jun/2023:15:25:43 -0500] "GET /BLA/resoluciones/ HTTP/1.1" 200 13502
172.22.2.4 - - [04/Jun/2023:15:24:05 -0500] "HEAD /BLA/boletinlegal/ HTTP/1.1" 200 -
186.29.33.64 - - [04/Jun/2023:15:25:46 -0500] "GET /BLA/resoluciones/index.php?dir=AUTOS+2023%2F HTTP/1.1" 200 93849
172.22.2.4 - - [04/Jun/2023:15:26:06 -0500] "GET /BLA/boletinlegal/consulta_actos.php?tipo=autos&no=&usuario=&sector=AIRE&fecha=2023&resuelve=inicio HTTP/1.1" 200 27506
172.22.2.4 - - [04/Jun/2023:15:26:06 -0500] "GET /BLA/boletinlegal/images/background.gif HTTP/1.1" 200 -
172.22.2.4 - - [04/Jun/2023:15:26:06 -0500] "GET /BLA/boletinlegal/images/pdf.gif HTTP/1.1" 200 567
186.29.33.64 - - [04/Jun/2023:15:26:10 -0500] "GET /BLA/resoluciones/AUTOS%202023/2004.pdf HTTP/1.1" 200 1263728
172.22.2.4 - - [04/Jun/2023:15:25:39 -0500] "GET /BLA/boletinlegal/ HTTP/1.1" 200 24523
186.29.33.64 - - [04/Jun/2023:15:26:28 -0500] "GET /BLA/resoluciones/AUTOS%202023/1861.pdf HTTP/1.1" 200 3440196
172.22.2.4 - - [04/Jun/2023:15:24:56 -0500] "GET /BLA/boletinlegal/ HTTP/1.1" 200 55571
172.22.2.4 - - [04/Jun/2023:15:27:17 -0500] "GET /BLA/boletinlegal/consulta_actos.php?tipo=autos&no=1223&usuario=&sector=&fecha=2020&resuelve= HTTP/1.1" 200 1069
5.161.183.255 - - [04/Jun/2023:15:27:24 -0500] "GET /manos-reparadoras-protagonistas-en-la-segunda-feria-de-moda-sostenible.html HTTP/1.1" 200 774
5.161.183.255 - - [04/Jun/2023:15:27:24 -0500] "GET /images/manos-reparadoras-plaza-americas-1.jpg HTTP/1.1" 200 47593
216.245.221.92 - - [04/Jun/2023:15:27:57 -0500] "HEAD / HTTP/1.1" 200 -
186.29.33.64 - - [04/Jun/2023:15:28:14 -0500] "GET /BLA/resoluciones/AUTOS%202023/1831.pdf HTTP/1.1" 200 434600
201.245.192.253 - - [04/Jun/2023:15:28:26 -0500] "POST /kwsrmcab/Wsrmcab HTTP/1.1" 200 43819
201.245.192.253 - - [04/Jun/2023:15:28:29 -0500] "POST /kwsrmcab/Wsrmcab HTTP/1.1" 200 43789
186.29.33.64 - - [04/Jun/2023:15:28:52 -0500] "GET /BLA/resoluciones/AUTOS%202023/1353.pdf HTTP/1.1" 200 3005087
40.77.167.97 - - [04/Jun/2023:15:28:59 -0500] "GET /BLA/resoluciones/AUTOS%202021/1715.pdf HTTP/1.1" 304 -
152.203.251.43 - - [04/Jun/2023:15:29:17 -0500] "GET /BLA/resoluciones/ HTTP/1.1" 200 13502
152.203.251.43 - - [04/Jun/2023:15:29:20 -0500] "GET /BLA/resoluciones/index.php?dir=AUTOS+2015%2F HTTP/1.1" 200 582538
186.29.33.64 - - [04/Jun/2023:15:29:28 -0500] "GET /BLA/resoluciones/AUTOS%202023/0965.pdf HTTP/1.1" 200 727682
186.29.33.64 - - [04/Jun/2023:15:30:06 -0500] "GET /BLA/resoluciones/AUTOS%202023/0039.pdf HTTP/1.1" 200 416058
201.245.192.253 - - [04/Jun/2023:15:30:40 -0500] "POST /kwsrmcab/Wsrmcab  HTTP/1.1" 200 43202
172.22.2.4 - - [04/Jun/2023:15:29:55 -0500] "HEAD /BLA/boletinlegal/ HTTP/1.1" 200 -
172.22.2.4 - - [04/Jun/2023:15:31:36 -0500] "GET /BLA/boletinlegal/Directivas/2009/Directiva%20No.%20del%2023%20de%20Diciembre%20de%202009.pdf HTTP/1.1" 200 1636862
172.22.2.4 - - [04/Jun/2023:15:31:37 -0500] "GET /BLA/boletinlegal/favicon.ico HTTP/1.1" 404 1486
179.33.237.92 - - [04/Jun/2023:15:32:12 -0500] "GET /BLA/resoluciones/RESOLUCIONES%202022/0046.pdf HTTP/1.1" 206 1
179.33.237.92 - - [04/Jun/2023:15:32:12 -0500] "GET /BLA/resoluciones/RESOLUCIONES%202022/0046.pdf HTTP/1.1" 206 771
172.22.2.4 - - [04/Jun/2023:15:30:46 -0500] "GET /BLA/boletinlegal/ HTTP/1.1" 200 57945
78.188.48.240 - - [04/Jun/2023:15:32:40 -0500] "GET / HTTP/1.0" 200 319
216.245.221.92 - - [04/Jun/2023:15:32:57 -0500] "HEAD / HTTP/1.1" 200 -
66.249.70.170 - - [04/Jun/2023:15:33:41 -0500] "GET /secretaria-de-ambiente-adelanta-rehabilitacion-de-un-tayra-mamifero-entregado-en-bogota.html HTTP/1.1" 200 786
66.249.69.31 - - [04/Jun/2023:15:34:12 -0500] "-" 408 -
40.77.167.97 - - [04/Jun/2023:15:34:29 -0500] "GET /Publicaciones/2023EE93724.pdf HTTP/1.1" 404 227
172.22.2.4 - - [04/Jun/2023:15:32:50 -0500] "GET /BLA/boletinlegal/ HTTP/1.1" 200 61759
172.22.2.4 - - [04/Jun/2023:15:35:13 -0500] "GET /BLA/boletinlegal/ HTTP/1.1" 200 20427
201.245.192.253 - - [04/Jun/2023:15:35:39 -0500] "POST /kwsrmcab/Wsrmcab  HTTP/1.1" 200 43202
172.22.2.4 - - [04/Jun/2023:15:36:45 -0500] "GET /BLA/boletinlegal/Circulares/2019/.pdf HTTP/1.1" 404 1218
172.22.2.4 - - [04/Jun/2023:15:36:53 -0500] "GET /BLA/boletinlegal/Circulares/2012/Circular%20No.%2010%20del%2026%20de%20Enero%20de%202012.pdf HTTP/1.1" 404 1218
172.22.2.4 - - [04/Jun/2023:15:35:45 -0500] "HEAD /BLA/boletinlegal/ HTTP/1.1" 200 -
173.252.79.4 - - [04/Jun/2023:15:37:48 -0500] "GET /images/manos-reparadoras-plaza-americas-1.jpg HTTP/1.1" 200 47593
216.245.221.92 - - [04/Jun/2023:15:37:58 -0500] "HEAD / HTTP/1.1" 200 -
172.22.2.4 - - [04/Jun/2023:15:36:36 -0500] "GET /BLA/boletinlegal/ HTTP/1.1" 200 57561
201.245.192.253 - - [04/Jun/2023:15:38:26 -0500] "POST /kwsrmcab/Wsrmcab HTTP/1.1" 200 43819
201.245.192.253 - - [04/Jun/2023:15:38:29 -0500] "POST /kwsrmcab/Wsrmcab HTTP/1.1" 200 43789
147.182.154.58 - - [04/Jun/2023:15:38:37 -0500] "GET /human.aspx HTTP/1.1" 404 1018
147.182.154.58 - - [04/Jun/2023:15:38:46 -0500] "GET /human2.aspx HTTP/1.1" 404 1018
147.182.154.58 - - [04/Jun/2023:15:39:02 -0500] "GET /Eetie0ph.aspx HTTP/1.1" 404 1018
201.245.192.253 - - [04/Jun/2023:15:40:38 -0500] "POST /kwsrmcab/Wsrmcab  HTTP/1.1" 200 43202
186.155.113.157 - - [04/Jun/2023:15:42:19 -0500] "GET /catalogoisis/ HTTP/1.1" 200 8575
186.155.113.157 - - [04/Jun/2023:15:42:19 -0500] "GET /catalogoisis/Css/Busqueda.css HTTP/1.1" 200 1995
186.155.113.157 - - [04/Jun/2023:15:42:19 -0500] "GET /catalogoisis/Js/AceptarLimpiar.js HTTP/1.1" 200 331
186.155.113.157 - - [04/Jun/2023:15:42:19 -0500] "GET /catalogoisis/Js/CriterioCombinada.js HTTP/1.1" 200 1843
186.155.113.157 - - [04/Jun/2023:15:42:19 -0500] "GET /catalogoisis/Js/Cookies.js HTTP/1.1" 200 1369
186.155.113.157 - - [04/Jun/2023:15:42:19 -0500] "GET /catalogoisis/Js/LimpiarCombinada.js HTTP/1.1" 200 207
186.155.113.157 - - [04/Jun/2023:15:42:19 -0500] "GET /catalogoisis/Js/Remote.js HTTP/1.1" 200 436
186.155.113.157 - - [04/Jun/2023:15:42:19 -0500] "GET /catalogoisis/Js/Go.js HTTP/1.1" 200 364
186.155.113.157 - - [04/Jun/2023:15:42:19 -0500] "GET /catalogoisis/Js/Numero.js HTTP/1.1" 200 398
186.155.113.157 - - [04/Jun/2023:15:42:19 -0500] "GET /catalogoisis/Js/Enter.js HTTP/1.1" 200 1208
186.155.113.157 - - [04/Jun/2023:15:42:19 -0500] "GET /catalogoisis/imagenes/br1c1.gif HTTP/1.1" 200 172
186.155.113.157 - - [04/Jun/2023:15:42:19 -0500] "GET /catalogoisis/imagenes/br1c3.gif HTTP/1.1" 200 302
186.155.113.157 - - [04/Jun/2023:15:42:19 -0500] "GET /catalogoisis/imagenes/Turnbo1.gif HTTP/1.1" 200 227
186.155.113.157 - - [04/Jun/2023:15:42:19 -0500] "GET /catalogoisis/imagenes/aceptar1.gif HTTP/1.1" 200 604
186.155.113.157 - - [04/Jun/2023:15:42:19 -0500] "GET /catalogoisis/imagenes/limpiar1.gif HTTP/1.1" 200 606
186.155.113.157 - - [04/Jun/2023:15:42:19 -0500] "GET /catalogoisis/imagenes/Header.gif HTTP/1.1" 200 30313
186.155.113.157 - - [04/Jun/2023:15:42:19 -0500] "GET /catalogoisis/imagenes/br3c1.gif HTTP/1.1" 200 177
186.155.113.157 - - [04/Jun/2023:15:42:19 -0500] "GET /catalogoisis/imagenes/br3c2.gif HTTP/1.1" 200 285
186.155.113.157 - - [04/Jun/2023:15:42:19 -0500] "GET /catalogoisis/imagenes/br3c3.gif HTTP/1.1" 200 186
186.155.113.157 - - [04/Jun/2023:15:42:19 -0500] "GET /catalogoisis/imagenes/br2c1.gif HTTP/1.1" 200 297
186.155.113.157 - - [04/Jun/2023:15:42:19 -0500] "GET /catalogoisis/imagenes/br1c2.gif HTTP/1.1" 200 297
186.155.113.157 - - [04/Jun/2023:15:42:19 -0500] "GET /catalogoisis/imagenes/br2c2.gif HTTP/1.1" 200 302
186.155.113.157 - - [04/Jun/2023:15:42:19 -0500] "GET /catalogoisis/imagenes/br2c3.gif HTTP/1.1" 200 416
186.155.113.157 - - [04/Jun/2023:15:42:19 -0500] "GET /favicon.ico HTTP/1.1" 200 7782
186.155.113.157 - - [04/Jun/2023:15:42:20 -0500] "GET /catalogoisis/imagenes/aceptar2.gif HTTP/1.1" 200 586
186.29.33.64 - - [04/Jun/2023:15:42:28 -0500] "GET /BLA/resoluciones/AUTOS%202023/0038.pdf HTTP/1.1" 200 411629
186.29.33.64 - - [04/Jun/2023:15:42:40 -0500] "GET /BLA/resoluciones/AUTOS%202023/0005.pdf HTTP/1.1" 200 412414
216.245.221.92 - - [04/Jun/2023:15:42:57 -0500] "HEAD / HTTP/1.1" 200 -
172.22.2.4 - - [04/Jun/2023:15:41:35 -0500] "HEAD /BLA/boletinlegal/ HTTP/1.1" 200 -
186.29.33.64 - - [04/Jun/2023:15:43:26 -0500] "GET /BLA/resoluciones/AUTOS%202023/0544.pdf HTTP/1.1" 200 437019
173.252.79.24 - - [04/Jun/2023:15:43:35 -0500] "GET /images/manos-reparadoras-plaza-americas-1.jpg HTTP/1.1" 200 47593
172.22.2.4 - - [04/Jun/2023:15:42:26 -0500] "GET /BLA/boletinlegal/ HTTP/1.1" 200 57561
172.22.2.4 - - [04/Jun/2023:15:44:15 -0500] "OPTIONS /BLA/boletinlegal/js/jquery.scrollTo-min.js HTTP/1.1" 200 -
172.22.2.4 - - [04/Jun/2023:15:44:15 -0500] "OPTIONS /BLA/boletinlegal/js/jquery.js HTTP/1.1" 200 -
172.22.2.4 - - [04/Jun/2023:15:44:15 -0500] "OPTIONS /BLA/boletinlegal/style.css HTTP/1.1" 200 -
172.22.2.4 - - [04/Jun/2023:15:44:15 -0500] "OPTIONS /BLA/boletinlegal/js/jquery.scrollShow.js HTTP/1.1" 200 -
172.22.2.4 - - [04/Jun/2023:15:44:15 -0500] "OPTIONS /BLA/boletinlegal/styles2.css HTTP/1.1" 200 -
172.22.2.4 - - [04/Jun/2023:15:44:15 -0500] "OPTIONS /BLA/boletinlegal/images/cabezote%20BLEGAL.jpg HTTP/1.1" 200 -
172.22.2.4 - - [04/Jun/2023:15:44:15 -0500] "OPTIONS /BLA/boletinlegal/images/subscribe-icon-big.png HTTP/1.1" 200 -
172.22.2.4 - - [04/Jun/2023:15:44:15 -0500] "OPTIONS /BLA/boletinlegal/images/historia.png HTTP/1.1" 200 -
172.22.2.4 - - [04/Jun/2023:15:44:15 -0500] "OPTIONS /BLA/boletinlegal/images/registro-usuarios.png HTTP/1.1" 200 -
172.22.2.4 - - [04/Jun/2023:15:44:15 -0500] "OPTIONS /BLA/boletinlegal/images/arr_l.jpg HTTP/1.1" 200 -
172.22.2.4 - - [04/Jun/2023:15:44:15 -0500] "OPTIONS /BLA/boletinlegal/images/screen_1.png HTTP/1.1" 200 -
172.22.2.4 - - [04/Jun/2023:15:44:15 -0500] "OPTIONS /BLA/boletinlegal/images/launch.jpg HTTP/1.1" 200 -
172.22.2.4 - - [04/Jun/2023:15:44:15 -0500] "OPTIONS /BLA/boletinlegal/images/body_bg.jpg HTTP/1.1" 200 -
172.22.2.4 - - [04/Jun/2023:15:44:15 -0500] "OPTIONS /BLA/boletinlegal/images/menu_rght.gif HTTP/1.1" 200 -
172.22.2.4 - - [04/Jun/2023:15:44:15 -0500] "OPTIONS /BLA/boletinlegal/images/menu_lft.gif HTTP/1.1" 200 -
172.22.2.4 - - [04/Jun/2023:15:44:15 -0500] "OPTIONS /BLA/boletinlegal/images/bg_top.jpg HTTP/1.1" 200 -
172.22.2.4 - - [04/Jun/2023:15:44:15 -0500] "OPTIONS /BLA/boletinlegal/images/menu_bg.jpg HTTP/1.1" 200 -
172.22.2.4 - - [04/Jun/2023:15:44:15 -0500] "OPTIONS /BLA/boletinlegal/images/hover.jpg HTTP/1.1" 200 -
172.22.2.4 - - [04/Jun/2023:15:44:15 -0500] "OPTIONS /BLA/boletinlegal/images/text.jpg HTTP/1.1" 200 -
172.22.2.4 - - [04/Jun/2023:15:44:17 -0500] "GET /BLA/boletinlegal/actos.php HTTP/1.1" 200 9682
172.22.2.4 - - [04/Jun/2023:15:44:17 -0500] "OPTIONS /BLA/boletinlegal/js/ajax_actos.js HTTP/1.1" 200 -
172.22.2.4 - - [04/Jun/2023:15:44:17 -0500] "OPTIONS /BLA/boletinlegal/niceforms.js HTTP/1.1" 200 -
172.22.2.4 - - [04/Jun/2023:15:44:17 -0500] "OPTIONS /BLA/boletinlegal/js/jquery1.js HTTP/1.1" 200 -
172.22.2.4 - - [04/Jun/2023:15:44:17 -0500] "OPTIONS /BLA/boletinlegal/niceforms-default.css HTTP/1.1" 200 -
172.22.2.4 - - [04/Jun/2023:15:44:17 -0500] "OPTIONS /BLA/boletinlegal/js/lib.js HTTP/1.1" 200 -
172.22.2.4 - - [04/Jun/2023:15:44:17 -0500] "OPTIONS /BLA/boletinlegal/js/popup.js HTTP/1.1" 200 -
172.22.2.4 - - [04/Jun/2023:15:44:17 -0500] "OPTIONS /BLA/boletinlegal/images/green-yellow-blue-pink-th.png HTTP/1.1" 200 -
172.22.2.4 - - [04/Jun/2023:15:44:17 -0500] "OPTIONS /BLA/boletinlegal/images/tel.png HTTP/1.1" 200 -
172.22.2.4 - - [04/Jun/2023:15:44:17 -0500] "OPTIONS /BLA/boletinlegal/images/icono-email.png HTTP/1.1" 200 -
172.22.2.4 - - [04/Jun/2023:15:44:17 -0500] "OPTIONS /BLA/boletinlegal/images/footer_bg.jpg HTTP/1.1" 200 -
172.22.2.4 - - [04/Jun/2023:15:44:17 -0500] "OPTIONS /BLA/boletinlegal/images/footer_bg_l.jpg HTTP/1.1" 200 -
172.22.2.4 - - [04/Jun/2023:15:44:17 -0500] "OPTIONS /BLA/boletinlegal/img/0.png HTTP/1.1" 200 -
172.22.2.4 - - [04/Jun/2023:15:44:17 -0500] "OPTIONS /BLA/boletinlegal/img/select-left.png HTTP/1.1" 200 -
172.22.2.4 - - [04/Jun/2023:15:44:17 -0500] "OPTIONS /BLA/boletinlegal/img/select-right.png HTTP/1.1" 200 -
172.22.2.4 - - [04/Jun/2023:15:44:17 -0500] "OPTIONS /BLA/boletinlegal/img/button.png HTTP/1.1" 200 -
172.22.2.4 - - [04/Jun/2023:15:44:17 -0500] "OPTIONS /BLA/boletinlegal/img/button-left.png HTTP/1.1" 200 -
172.22.2.4 - - [04/Jun/2023:15:44:17 -0500] "OPTIONS /BLA/boletinlegal/img/button-right.png HTTP/1.1" 200 -
172.22.2.4 - - [04/Jun/2023:15:44:17 -0500] "GET /BLA/boletinlegal/favicon.ico HTTP/1.1" 404 1326
190.25.64.23 - - [04/Jun/2023:15:44:19 -0500] "GET /BLA/resoluciones/ HTTP/1.1" 200 13502
190.25.64.23 - - [04/Jun/2023:15:44:22 -0500] "GET /BLA/resoluciones/index.php?dir=AUTOS+2019%2F HTTP/1.1" 200 12235
190.25.64.23 - - [04/Jun/2023:15:44:22 -0500] "GET /BLA/resoluciones/index.php?dir=AUTOS+2019%2F HTTP/1.1" 200 379672
190.25.64.23 - - [04/Jun/2023:15:44:23 -0500] "GET /BLA/resoluciones/dlf/archive.png HTTP/1.1" 200 632
172.22.2.4 - - [04/Jun/2023:15:44:15 -0500] "GET /BLA/boletinlegal/ HTTP/1.1" 200 24523
172.22.2.4 - - [04/Jun/2023:15:45:34 -0500] "GET /BLA/boletinlegal/style.css HTTP/1.1" 200 9406
172.22.2.4 - - [04/Jun/2023:15:45:34 -0500] "GET /BLA/boletinlegal/styles2.css HTTP/1.1" 200 1838
172.22.2.4 - - [04/Jun/2023:15:45:34 -0500] "GET /BLA/boletinlegal/js/jquery.scrollTo-min.js HTTP/1.1" 200 1150
172.22.2.4 - - [04/Jun/2023:15:45:34 -0500] "GET /BLA/boletinlegal/js/jquery.js HTTP/1.1" 200 57254
172.22.2.4 - - [04/Jun/2023:15:45:34 -0500] "GET /BLA/boletinlegal/js/jquery.scrollShow.js HTTP/1.1" 200 4586
172.22.2.4 - - [04/Jun/2023:15:45:34 -0500] "GET /BLA/boletinlegal/images/cabezote%20BLEGAL.jpg HTTP/1.1" 200 118164
172.22.2.4 - - [04/Jun/2023:15:45:34 -0500] "GET /BLA/boletinlegal/images/subscribe-icon-big.png HTTP/1.1" 200 47702
172.22.2.4 - - [04/Jun/2023:15:45:34 -0500] "GET /BLA/boletinlegal/images/historia.png HTTP/1.1" 200 52775
172.22.2.4 - - [04/Jun/2023:15:45:34 -0500] "GET /BLA/boletinlegal/images/registro-usuarios.png HTTP/1.1" 200 8106
172.22.2.4 - - [04/Jun/2023:15:45:34 -0500] "GET /BLA/boletinlegal/images/arr_l.jpg HTTP/1.1" 200 1979
172.22.2.4 - - [04/Jun/2023:15:45:34 -0500] "GET /BLA/boletinlegal/images/screen_1.png HTTP/1.1" 200 202547
172.22.2.4 - - [04/Jun/2023:15:45:34 -0500] "GET /BLA/boletinlegal/images/launch.jpg HTTP/1.1" 200 14577
172.22.2.4 - - [04/Jun/2023:15:45:34 -0500] "GET /BLA/boletinlegal/images/body_bg.jpg HTTP/1.1" 200 1601
172.22.2.4 - - [04/Jun/2023:15:45:34 -0500] "GET /BLA/boletinlegal/images/menu_rght.gif HTTP/1.1" 200 1627
172.22.2.4 - - [04/Jun/2023:15:45:34 -0500] "GET /BLA/boletinlegal/images/bg_top.jpg HTTP/1.1" 200 522
172.22.2.4 - - [04/Jun/2023:15:45:34 -0500] "GET /BLA/boletinlegal/images/text.jpg HTTP/1.1" 200 568
172.22.2.4 - - [04/Jun/2023:15:45:34 -0500] "GET /BLA/boletinlegal/images/hover.jpg HTTP/1.1" 200 640
172.22.2.4 - - [04/Jun/2023:15:45:34 -0500] "GET /BLA/boletinlegal/images/menu_bg.jpg HTTP/1.1" 200 620
172.22.2.4 - - [04/Jun/2023:15:45:34 -0500] "GET /BLA/boletinlegal/images/menu_lft.gif HTTP/1.1" 200 1713
172.22.2.4 - - [04/Jun/2023:15:45:36 -0500] "GET /BLA/boletinlegal/actos.php HTTP/1.1" 200 9682
172.22.2.4 - - [04/Jun/2023:15:45:36 -0500] "GET /BLA/boletinlegal/js/ajax_actos.js HTTP/1.1" 200 1322
172.22.2.4 - - [04/Jun/2023:15:45:36 -0500] "GET /BLA/boletinlegal/niceforms.js HTTP/1.1" 200 22876
172.22.2.4 - - [04/Jun/2023:15:45:36 -0500] "GET /BLA/boletinlegal/niceforms-default.css HTTP/1.1" 200 6694
172.22.2.4 - - [04/Jun/2023:15:45:36 -0500] "GET /BLA/boletinlegal/js/popup.js HTTP/1.1" 200 1270
172.22.2.4 - - [04/Jun/2023:15:45:36 -0500] "GET /BLA/boletinlegal/js/lib.js HTTP/1.1" 200 6474
172.22.2.4 - - [04/Jun/2023:15:45:36 -0500] "GET /BLA/boletinlegal/js/jquery1.js HTTP/1.1" 200 29846
172.22.2.4 - - [04/Jun/2023:15:45:36 -0500] "GET /BLA/boletinlegal/images/green-yellow-blue-pink-th.png HTTP/1.1" 200 7394
172.22.2.4 - - [04/Jun/2023:15:45:36 -0500] "GET /BLA/boletinlegal/images/tel.png HTTP/1.1" 200 14477
172.22.2.4 - - [04/Jun/2023:15:45:36 -0500] "GET /BLA/boletinlegal/images/icono-email.png HTTP/1.1" 200 5544
172.22.2.4 - - [04/Jun/2023:15:45:36 -0500] "GET /BLA/boletinlegal/images/footer_bg.jpg HTTP/1.1" 200 586
172.22.2.4 - - [04/Jun/2023:15:45:36 -0500] "GET /BLA/boletinlegal/images/footer_bg_l.jpg HTTP/1.1" 200 776
172.22.2.4 - - [04/Jun/2023:15:45:36 -0500] "GET /BLA/boletinlegal/img/0.png HTTP/1.1" 200 110
172.22.2.4 - - [04/Jun/2023:15:45:36 -0500] "GET /BLA/boletinlegal/img/select-right.png HTTP/1.1" 200 44019
172.22.2.4 - - [04/Jun/2023:15:45:36 -0500] "GET /BLA/boletinlegal/img/select-left.png HTTP/1.1" 200 263
172.22.2.4 - - [04/Jun/2023:15:45:36 -0500] "GET /BLA/boletinlegal/img/button-left.png HTTP/1.1" 200 57071
172.22.2.4 - - [04/Jun/2023:15:45:36 -0500] "GET /BLA/boletinlegal/img/button.png HTTP/1.1" 200 43241
172.22.2.4 - - [04/Jun/2023:15:45:36 -0500] "GET /BLA/boletinlegal/favicon.ico HTTP/1.1" 404 1326
172.22.2.4 - - [04/Jun/2023:15:45:36 -0500] "GET /BLA/boletinlegal/img/button-right.png HTTP/1.1" 200 57878
200.118.62.0 - - [04/Jun/2023:15:45:38 -0500] "GET /BLA/resoluciones/dlf/styles.css HTTP/1.1" 200 3049
200.118.62.0 - - [04/Jun/2023:15:45:38 -0500] "GET /BLA/resoluciones/ HTTP/1.1" 200 13502
200.118.62.0 - - [04/Jun/2023:15:45:38 -0500] "GET /BLA/resoluciones/dlf/folder.png HTTP/1.1" 200 410
200.118.62.0 - - [04/Jun/2023:15:45:38 -0500] "GET /BLA/resoluciones/dlf/bg.gif HTTP/1.1" 200 54
200.118.62.0 - - [04/Jun/2023:15:45:38 -0500] "GET /favicon.ico HTTP/1.1" 200 7782
201.245.192.253 - - [04/Jun/2023:15:45:37 -0500] "POST /kwsrmcab/Wsrmcab  HTTP/1.1" 200 43202
200.118.62.0 - - [04/Jun/2023:15:45:43 -0500] "GET /BLA/resoluciones/dlf/dirup.png HTTP/1.1" 200 644
200.118.62.0 - - [04/Jun/2023:15:45:43 -0500] "GET /BLA/resoluciones/dlf/pdf.gif HTTP/1.1" 200 272
200.118.62.0 - - [04/Jun/2023:15:45:46 -0500] "GET /BLA/resoluciones/dlf/unknown.png HTTP/1.1" 200 266
200.118.62.0 - - [04/Jun/2023:15:45:42 -0500] "GET /BLA/resoluciones/index.php?dir=RESOLUCIONES+2008%2F HTTP/1.1" 200 976272
