66.249.69.2 - - [04/Jun/2023:08:58:14 -0500] "-" 408 -
40.77.167.97 - - [04/Jun/2023:08:58:53 -0500] "GET /galeria/galeria/jquery.fancybox.js?v=2.1.5 HTTP/1.1" 200 48706
172.22.2.4 - - [04/Jun/2023:08:59:06 -0500] "HEAD /BLA/boletinlegal/ HTTP/1.1" 200 -
172.22.2.4 - - [04/Jun/2023:08:59:14 -0500] "GET /BLA/boletinlegal/ HTTP/1.1" 200 48659
172.22.2.4 - - [04/Jun/2023:08:59:59 -0500] "GET /BLA/boletinlegal/ HTTP/1.1" 200 28619
172.22.2.4 - - [04/Jun/2023:08:59:57 -0500] "GET /BLA/boletinlegal/ HTTP/1.1" 200 50283
173.252.107.10 - - [04/Jun/2023:09:01:52 -0500] "GET /images/humedal-agua-lluvias-bogota-18-marzo.jpg HTTP/1.1" 200 146923
66.220.149.119 - - [04/Jun/2023:09:01:53 -0500] "GET /images/humedal-agua-lluvias-bogota-18-marzo.jpg HTTP/1.1" 200 146923
201.245.192.253 - - [04/Jun/2023:09:02:04 -0500] "POST /kwsrmcab/Wsrmcab  HTTP/1.1" 200 43202
52.167.144.158 - - [04/Jun/2023:09:02:13 -0500] "GET /BLA/resoluciones/RESOLUCIONES%202021/2903.pdf HTTP/1.1" 304 -
216.245.221.92 - - [04/Jun/2023:09:02:58 -0500] "HEAD / HTTP/1.1" 200 -
172.22.2.4 - - [04/Jun/2023:09:03:18 -0500] "GET /BLA/boletinlegal/owa/auth/logon.aspx?url=https%3a%2f%2f1%2fecp%2f HTTP/1.1" 404 1018
172.22.2.4 - - [04/Jun/2023:09:04:14 -0500] "GET /BLA/boletinlegal/Directivas/2011/Directiva%20No.%206%20del%208%20de%20Septiembre%20de%202011.pdf HTTP/1.1" 304 -
172.22.2.4 - - [04/Jun/2023:09:04:56 -0500] "HEAD /BLA/boletinlegal/ HTTP/1.1" 200 -
201.245.192.253 - - [04/Jun/2023:09:07:03 -0500] "POST /kwsrmcab/Wsrmcab  HTTP/1.1" 200 43202
172.22.2.4 - - [04/Jun/2023:09:05:47 -0500] "GET /BLA/boletinlegal/ HTTP/1.1" 200 57945
216.245.221.92 - - [04/Jun/2023:09:07:58 -0500] "HEAD / HTTP/1.1" 200 -
66.249.69.31 - - [04/Jun/2023:09:09:14 -0500] "-" 408 -
51.159.195.16 - - [04/Jun/2023:09:09:52 -0500] "GET /en-junio-conectate-con-la-naturaleza-y-el-medioambiente-a-traves-de-estas-caminatas-ecologicas.html HTTP/1.1" 200 900
51.159.195.16 - - [04/Jun/2023:09:09:52 -0500] "GET /images/caminatas-ecologicas-junio_optimized.jpg HTTP/1.1" 200 42068
173.252.107.15 - - [04/Jun/2023:09:09:57 -0500] "GET /humedales-por-que-son-importantes-en-epoca-de-lluvia.html HTTP/1.1" 200 793
52.31.19.243 - - [04/Jun/2023:09:11:31 -0500] "GET / HTTP/1.0" 200 319
201.245.192.253 - - [04/Jun/2023:09:12:02 -0500] "POST /kwsrmcab/Wsrmcab  HTTP/1.1" 200 43202
172.22.2.4 - - [04/Jun/2023:09:10:46 -0500] "HEAD /BLA/boletinlegal/ HTTP/1.1" 200 -
216.245.221.92 - - [04/Jun/2023:09:12:58 -0500] "HEAD / HTTP/1.1" 200 -
104.238.53.55 - - [04/Jun/2023:09:13:15 -0500] "GET /usaquen-comprometida-con-la-accion-climatica-en-bogota.html HTTP/1.1" 200 771
172.22.2.4 - - [04/Jun/2023:09:11:37 -0500] "GET /BLA/boletinlegal/ HTTP/1.1" 200 57561
157.55.39.239 - - [04/Jun/2023:09:13:19 -0500] "GET /sipse/faces/faces/autenticacion.xhtml HTTP/1.1" 200 12500
201.245.192.253 - - [04/Jun/2023:09:17:01 -0500] "POST /kwsrmcab/Wsrmcab  HTTP/1.1" 200 43202
216.245.221.92 - - [04/Jun/2023:09:17:58 -0500] "HEAD / HTTP/1.1" 200 -
172.22.2.4 - - [04/Jun/2023:09:16:36 -0500] "HEAD /BLA/boletinlegal/ HTTP/1.1" 200 -
201.245.192.253 - - [04/Jun/2023:09:18:27 -0500] "POST /kwsrmcab/Wsrmcab HTTP/1.1" 200 42788
201.245.192.253 - - [04/Jun/2023:09:18:30 -0500] "POST /kwsrmcab/Wsrmcab HTTP/1.1" 200 40197
172.22.2.4 - - [04/Jun/2023:09:17:27 -0500] "GET /BLA/boletinlegal/ HTTP/1.1" 200 59306
66.249.69.31 - - [04/Jun/2023:09:19:22 -0500] "-" 408 -
201.245.192.253 - - [04/Jun/2023:09:22:00 -0500] "POST /kwsrmcab/Wsrmcab  HTTP/1.1" 200 43202
216.245.221.92 - - [04/Jun/2023:09:22:58 -0500] "HEAD / HTTP/1.1" 200 -
172.22.2.4 - - [04/Jun/2023:09:22:26 -0500] "HEAD /BLA/boletinlegal/ HTTP/1.1" 200 -
172.22.2.4 - - [04/Jun/2023:09:23:17 -0500] "GET /BLA/boletinlegal/ HTTP/1.1" 200 57945
201.245.192.253 - - [04/Jun/2023:09:26:59 -0500] "POST /kwsrmcab/Wsrmcab  HTTP/1.1" 200 43202
40.77.167.97 - - [04/Jun/2023:09:27:06 -0500] "GET /galeria/galeria/jquery.fancybox.js?v=2.1.5 HTTP/1.1" 200 48706
69.171.249.9 - - [04/Jun/2023:09:27:24 -0500] "GET /dale-una-nueva-oportunidad-a-tu-ropa-usada-se-trasladan-dos-puntos-para-llevarla.html HTTP/1.1" 200 913
216.245.221.92 - - [04/Jun/2023:09:27:58 -0500] "HEAD / HTTP/1.1" 200 -
201.245.192.253 - - [04/Jun/2023:09:28:27 -0500] "POST /kwsrmcab/Wsrmcab HTTP/1.1" 200 42788
201.245.192.253 - - [04/Jun/2023:09:28:30 -0500] "POST /kwsrmcab/Wsrmcab HTTP/1.1" 200 40197
172.22.2.4 - - [04/Jun/2023:09:28:35 -0500] "GET /BLA/boletinlegal/ HTTP/1.1" 200 24523
172.22.2.4 - - [04/Jun/2023:09:28:16 -0500] "HEAD /BLA/boletinlegal/ HTTP/1.1" 200 -
172.22.2.4 - - [04/Jun/2023:09:29:07 -0500] "GET /BLA/boletinlegal/ HTTP/1.1" 200 56754
66.249.69.31 - - [04/Jun/2023:09:30:51 -0500] "-" 408 -
201.245.192.253 - - [04/Jun/2023:09:31:58 -0500] "POST /kwsrmcab/Wsrmcab  HTTP/1.1" 200 43202
172.22.2.4 - - [04/Jun/2023:09:32:13 -0500] "GET /BLA/boletinlegal/consulta_actos.php?tipo=autos&no=0365&usuario=&sector=&fecha=2020&resuelve= HTTP/1.1" 200 626
172.22.2.4 - - [04/Jun/2023:09:32:20 -0500] "GET /BLA/boletinlegal/actos.php HTTP/1.1" 200 9682
172.22.2.4 - - [04/Jun/2023:09:32:27 -0500] "GET /BLA/boletinlegal/consulta_actos.php?tipo=autos&no=0365&usuario=&sector=&fecha=2020&resuelve= HTTP/1.1" 200 626
172.22.2.4 - - [04/Jun/2023:09:32:31 -0500] "GET /BLA/boletinlegal/consulta_actos.php?tipo=autos&no=0365&usuario=&sector=&fecha=2021&resuelve= HTTP/1.1" 200 626
172.22.2.4 - - [04/Jun/2023:09:32:33 -0500] "GET /BLA/boletinlegal/consulta_actos.php?tipo=autos&no=0365&usuario=&sector=&fecha=2021&resuelve= HTTP/1.1" 200 626
172.22.2.4 - - [04/Jun/2023:09:32:39 -0500] "GET /BLA/boletinlegal/consulta_actos.php?tipo=autos&no=0365&usuario=&sector=&fecha=2020&resuelve= HTTP/1.1" 200 626
172.22.2.4 - - [04/Jun/2023:09:32:40 -0500] "GET /BLA/boletinlegal/consulta_actos.php?tipo=autos&no=0365&usuario=&sector=&fecha=2020&resuelve= HTTP/1.1" 200 626
172.22.2.4 - - [04/Jun/2023:09:32:40 -0500] "GET /BLA/boletinlegal/consulta_actos.php?tipo=autos&no=0365&usuario=&sector=&fecha=2020&resuelve= HTTP/1.1" 200 626
200.118.80.20 - - [04/Jun/2023:09:32:42 -0500] "GET /BLA/resoluciones/ HTTP/1.1" 200 13502
200.118.80.20 - - [04/Jun/2023:09:32:42 -0500] "GET /BLA/resoluciones/dlf/styles.css HTTP/1.1" 200 3049
200.118.80.20 - - [04/Jun/2023:09:32:42 -0500] "GET /BLA/resoluciones/dlf/folder.png HTTP/1.1" 200 410
200.118.80.20 - - [04/Jun/2023:09:32:42 -0500] "GET /BLA/resoluciones/dlf/bg.gif HTTP/1.1" 200 54
200.118.80.20 - - [04/Jun/2023:09:32:42 -0500] "GET /favicon.ico HTTP/1.1" 200 7782
200.118.80.20 - - [04/Jun/2023:09:32:44 -0500] "GET /BLA/resoluciones/dlf/dirup.png HTTP/1.1" 200 644
200.118.80.20 - - [04/Jun/2023:09:32:44 -0500] "GET /BLA/resoluciones/dlf/pdf.gif HTTP/1.1" 200 272
200.118.80.20 - - [04/Jun/2023:09:32:44 -0500] "GET /BLA/resoluciones/index.php?dir=AUTOS+2020%2F HTTP/1.1" 200 328775
216.245.221.92 - - [04/Jun/2023:09:32:58 -0500] "HEAD / HTTP/1.1" 200 -
54.170.80.139 - - [04/Jun/2023:09:33:23 -0500] "GET / HTTP/1.0" 200 4720
173.252.107.5 - - [04/Jun/2023:09:33:36 -0500] "GET /sin-raza-pero-con-casa-nuevas-jornadas-de-adopcion-en-el-distrito.html HTTP/1.1" 206 742
172.22.2.4 - - [04/Jun/2023:09:34:06 -0500] "HEAD /BLA/boletinlegal/ HTTP/1.1" 200 -
172.22.2.4 - - [04/Jun/2023:09:34:56 -0500] "GET /BLA/boletinlegal/ HTTP/1.1" 200 58307
201.244.142.228 - - [04/Jun/2023:09:36:59 -0500] "GET / HTTP/1.1" 200 4720
201.245.192.253 - - [04/Jun/2023:09:36:57 -0500] "POST /kwsrmcab/Wsrmcab  HTTP/1.1" 200 43202
201.244.142.228 - - [04/Jun/2023:09:36:59 -0500] "GET /js/url.js HTTP/1.1" 404 1294
201.244.142.228 - - [04/Jun/2023:09:37:21 -0500] "POST /procesar.php HTTP/1.1" 200 989
216.245.221.92 - - [04/Jun/2023:09:37:58 -0500] "HEAD / HTTP/1.1" 200 -
201.245.192.253 - - [04/Jun/2023:09:38:27 -0500] "POST /kwsrmcab/Wsrmcab HTTP/1.1" 200 42788
201.245.192.253 - - [04/Jun/2023:09:38:30 -0500] "POST /kwsrmcab/Wsrmcab HTTP/1.1" 200 40197
186.31.149.128 - - [04/Jun/2023:09:39:38 -0500] "GET /manos-reparadoras-protagonistas-en-la-segunda-feria-de-moda-sostenible.html HTTP/1.1" 200 774
54.255.12.12 - - [04/Jun/2023:09:39:47 -0500] "-" 408 -
35.212.72.131 - - [04/Jun/2023:09:39:54 -0500] "-" 408 -
186.31.149.128 - - [04/Jun/2023:09:39:57 -0500] "GET /moda-circular-manos-reparadoras-la-estrategia-del-distrito-para-restaurar-prendas-usadas.html HTTP/1.1" 200 901
216.15.93.62 - - [04/Jun/2023:09:40:48 -0500] "-" 408 -
186.31.149.128 - - [04/Jun/2023:09:41:17 -0500] "GET /manos-reparadoras-protagonistas-en-la-segunda-feria-de-moda-sostenible.html HTTP/1.1" 200 774
186.31.149.128 - - [04/Jun/2023:09:41:17 -0500] "GET /images/manos-reparadoras-plaza-americas-1.jpg HTTP/1.1" 200 47593
172.22.2.4 - - [04/Jun/2023:09:39:56 -0500] "HEAD /BLA/boletinlegal/ HTTP/1.1" 200 -
201.245.192.253 - - [04/Jun/2023:09:41:56 -0500] "POST /kwsrmcab/Wsrmcab  HTTP/1.1" 200 43202
172.22.2.4 - - [04/Jun/2023:09:40:47 -0500] "GET /BLA/boletinlegal/ HTTP/1.1" 200 56287
186.31.149.128 - - [04/Jun/2023:09:42:51 -0500] "GET /manos-reparadoras-protagonistas-en-la-segunda-feria-de-moda-sostenible.html HTTP/1.1" 304 -
216.245.221.92 - - [04/Jun/2023:09:42:58 -0500] "HEAD / HTTP/1.1" 200 -
186.31.149.128 - - [04/Jun/2023:09:43:27 -0500] "GET /manos-reparadoras-protagonistas-en-la-segunda-feria-de-moda-sostenible.html HTTP/1.1" 304 -
191.156.180.158 - - [04/Jun/2023:09:45:01 -0500] "GET /manos-reparadoras-protagonistas-en-la-segunda-feria-de-moda-sostenible.html HTTP/1.1" 200 774
66.249.69.31 - - [04/Jun/2023:09:45:33 -0500] "-" 408 -
168.119.253.69 - - [04/Jun/2023:09:45:47 -0500] "GET / HTTP/1.1" 200 319
168.119.253.69 - - [04/Jun/2023:09:45:47 -0500] "GET / HTTP/1.1" 200 4720
144.76.94.113 - - [04/Jun/2023:09:45:56 -0500] "HEAD /moda-circular-manos-reparadoras-la-estrategia-del-distrito-para-restaurar-prendas-usadas.html HTTP/1.1" 200 -
201.245.192.253 - - [04/Jun/2023:09:46:54 -0500] "POST /kwsrmcab/Wsrmcab  HTTP/1.1" 200 43202
191.156.184.197 - - [04/Jun/2023:09:46:56 -0500] "GET /manos-reparadoras-protagonistas-en-la-segunda-feria-de-moda-sostenible.html HTTP/1.1" 200 774
191.156.184.197 - - [04/Jun/2023:09:46:56 -0500] "GET /images/manos-reparadoras-plaza-americas-1.jpg HTTP/1.1" 200 47593
172.22.2.4 - - [04/Jun/2023:09:45:46 -0500] "HEAD /BLA/boletinlegal/ HTTP/1.1" 200 -
216.245.221.92 - - [04/Jun/2023:09:47:58 -0500] "HEAD / HTTP/1.1" 200 -
172.22.2.4 - - [04/Jun/2023:09:46:37 -0500] "GET /BLA/boletinlegal/ HTTP/1.1" 200 55221
40.77.167.97 - - [04/Jun/2023:09:48:50 -0500] "GET /BLA/resoluciones/RESOLUCIONES%202021/2645.pdf HTTP/1.1" 200 744932
204.199.94.87 - - [04/Jun/2023:09:51:09 -0500] "GET /manos-reparadoras-protagonistas-en-la-segunda-feria-de-moda-sostenible.html HTTP/1.1" 200 774
201.245.192.253 - - [04/Jun/2023:09:51:53 -0500] "POST /kwsrmcab/Wsrmcab  HTTP/1.1" 200 43202
172.22.2.4 - - [04/Jun/2023:09:52:31 -0500] "GET /BLA/boletinlegal/consulta_actos.php?tipo=autos&no=0921&usuario=&sector=&fecha=2020&resuelve= HTTP/1.1" 200 1083
216.245.221.92 - - [04/Jun/2023:09:52:58 -0500] "HEAD / HTTP/1.1" 200 -
172.22.2.4 - - [04/Jun/2023:09:51:36 -0500] "HEAD /BLA/boletinlegal/ HTTP/1.1" 200 -
172.22.2.4 - - [04/Jun/2023:09:52:27 -0500] "GET /BLA/boletinlegal/ HTTP/1.1" 200 41474
172.22.2.4 - - [04/Jun/2023:09:52:44 -0500] "GET /BLA/boletinlegal/ HTTP/1.1" 200 45003
168.119.52.80 - - [04/Jun/2023:09:54:36 -0500] "GET / HTTP/1.1" 200 319
168.119.52.80 - - [04/Jun/2023:09:54:38 -0500] "GET / HTTP/1.1" 200 4720
173.252.95.7 - - [04/Jun/2023:09:54:39 -0500] "GET /cerca-de-20-actividades-al-abrigo-de-las-aves-no-te-pierdas-la-jornada-cultural-jardin-de-noche.html HTTP/1.1" 200 793
173.252.95.23 - - [04/Jun/2023:09:54:39 -0500] "GET /cerca-de-20-actividades-al-abrigo-de-las-aves-no-te-pierdas-la-jornada-cultural-jardin-de-noche.html HTTP/1.1" 200 793
201.245.192.253 - - [04/Jun/2023:09:56:52 -0500] "POST /kwsrmcab/Wsrmcab  HTTP/1.1" 200 43202
173.252.83.2 - - [04/Jun/2023:09:57:34 -0500] "GET /images/caminos-de-los-cerros-1_optimized.jpeg HTTP/1.1" 200 49537
216.245.221.92 - - [04/Jun/2023:09:57:58 -0500] "HEAD / HTTP/1.1" 200 -
172.22.2.4 - - [04/Jun/2023:09:57:26 -0500] "HEAD /BLA/boletinlegal/ HTTP/1.1" 200 -
66.249.69.31 - - [04/Jun/2023:09:59:21 -0500] "-" 408 -
181.237.77.176 - - [04/Jun/2023:09:59:25 -0500] "GET /manos-reparadoras-protagonistas-en-la-segunda-feria-de-moda-sostenible.html HTTP/1.1" 200 774
172.22.2.4 - - [04/Jun/2023:09:58:17 -0500] "GET /BLA/boletinlegal/ HTTP/1.1" 200 59306
201.245.192.253 - - [04/Jun/2023:10:01:51 -0500] "POST /kwsrmcab/Wsrmcab  HTTP/1.1" 200 43202
216.245.221.92 - - [04/Jun/2023:10:02:58 -0500] "HEAD / HTTP/1.1" 200 -
172.22.2.4 - - [04/Jun/2023:10:03:16 -0500] "HEAD /BLA/boletinlegal/ HTTP/1.1" 200 -
191.95.63.36 - - [04/Jun/2023:10:04:59 -0500] "GET /BLA/boletinlegal/js/jquery.scrollShow.js HTTP/1.1" 200 4586
191.95.63.36 - - [04/Jun/2023:10:04:59 -0500] "GET /galeria/galeria/jquery.fancybox.js?v=2.1.5 HTTP/1.1" 200 48706
191.95.63.36 - - [04/Jun/2023:10:04:59 -0500] "GET /galeria/galeria/jquery.fancybox.css?v=2.1.5 HTTP/1.1" 200 4895
172.22.2.4 - - [04/Jun/2023:10:04:06 -0500] "GET /BLA/boletinlegal/ HTTP/1.1" 200 59306
201.245.192.253 - - [04/Jun/2023:10:06:50 -0500] "POST /kwsrmcab/Wsrmcab  HTTP/1.1" 200 43202
216.245.221.92 - - [04/Jun/2023:10:07:58 -0500] "HEAD / HTTP/1.1" 200 -
94.102.61.10 - - [04/Jun/2023:10:10:29 -0500] "GET /portaldeninos/ HTTP/1.1" 200 14393
172.22.2.4 - - [04/Jun/2023:10:09:06 -0500] "HEAD /BLA/boletinlegal/ HTTP/1.1" 200 -
172.22.2.4 - - [04/Jun/2023:10:09:57 -0500] "GET /BLA/boletinlegal/ HTTP/1.1" 200 57561
201.245.192.253 - - [04/Jun/2023:10:11:49 -0500] "POST /kwsrmcab/Wsrmcab  HTTP/1.1" 200 43202
216.245.221.92 - - [04/Jun/2023:10:12:58 -0500] "HEAD / HTTP/1.1" 200 -
40.77.167.241 - - [04/Jun/2023:10:13:25 -0500] "GET /BLA/resoluciones/AUTOS%202021/3409.pdf HTTP/1.1" 304 -
172.22.2.4 - - [04/Jun/2023:10:14:56 -0500] "HEAD /BLA/boletinlegal/ HTTP/1.1" 200 -
201.245.192.253 - - [04/Jun/2023:10:16:48 -0500] "POST /kwsrmcab/Wsrmcab  HTTP/1.1" 200 43202
172.22.2.4 - - [04/Jun/2023:10:15:46 -0500] "GET /BLA/boletinlegal/ HTTP/1.1" 200 58663
216.245.221.92 - - [04/Jun/2023:10:17:58 -0500] "HEAD / HTTP/1.1" 200 -
201.245.192.253 - - [04/Jun/2023:10:18:27 -0500] "POST /kwsrmcab/Wsrmcab HTTP/1.1" 200 42376
201.245.192.253 - - [04/Jun/2023:10:18:30 -0500] "POST /kwsrmcab/Wsrmcab HTTP/1.1" 200 40439
199.16.157.181 - - [04/Jun/2023:10:19:21 -0500] "GET /manos-reparadoras-protagonistas-en-la-segunda-feria-de-moda-sostenible.html HTTP/1.1" 200 774
199.16.157.181 - - [04/Jun/2023:10:19:21 -0500] "GET /images/manos-reparadoras-plaza-americas-1.jpg HTTP/1.1" 200 47593
199.16.157.182 - - [04/Jun/2023:10:20:09 -0500] "GET /manos-reparadoras-protagonistas-en-la-segunda-feria-de-moda-sostenible.html HTTP/1.1" 200 774
199.16.157.182 - - [04/Jun/2023:10:20:10 -0500] "GET /images/manos-reparadoras-plaza-americas-1.jpg HTTP/1.1" 200 47593
173.252.95.6 - - [04/Jun/2023:10:20:32 -0500] "GET /manos-reparadoras-protagonistas-en-la-segunda-feria-de-moda-sostenible.html HTTP/1.1" 206 774
173.252.95.14 - - [04/Jun/2023:10:20:32 -0500] "GET /images/manos-reparadoras-plaza-americas-1.jpg HTTP/1.1" 200 47593
173.252.95.4 - - [04/Jun/2023:10:20:34 -0500] "GET /images/manos-reparadoras-plaza-americas-1.jpg HTTP/1.1" 200 47593
173.252.95.22 - - [04/Jun/2023:10:20:34 -0500] "GET /manos-reparadoras-protagonistas-en-la-segunda-feria-de-moda-sostenible.html HTTP/1.1" 206 774
69.171.231.118 - - [04/Jun/2023:10:20:59 -0500] "GET /manos-reparadoras-protagonistas-en-la-segunda-feria-de-moda-sostenible.html HTTP/1.1" 206 774
173.252.95.19 - - [04/Jun/2023:10:21:01 -0500] "GET /images/manos-reparadoras-plaza-americas-1.jpg HTTP/1.1" 200 47593
173.252.95.13 - - [04/Jun/2023:10:21:01 -0500] "GET /manos-reparadoras-protagonistas-en-la-segunda-feria-de-moda-sostenible.html HTTP/1.1" 206 774
18.210.147.12 - - [04/Jun/2023:10:21:02 -0500] "HEAD /manos-reparadoras-protagonistas-en-la-segunda-feria-de-moda-sostenible.html HTTP/1.1" 200 -
66.220.149.20 - - [04/Jun/2023:10:21:06 -0500] "GET /images/manos-reparadoras-plaza-americas-1.jpg HTTP/1.1" 200 47593
69.171.230.1 - - [04/Jun/2023:10:21:14 -0500] "GET /images/manos-reparadoras-plaza-americas-1.jpg HTTP/1.1" 200 47593
116.202.35.109 - - [04/Jun/2023:10:21:14 -0500] "GET /manos-reparadoras-protagonistas-en-la-segunda-feria-de-moda-sostenible.html HTTP/1.1" 200 774
69.171.251.16 - - [04/Jun/2023:10:21:15 -0500] "GET /images/manos-reparadoras-plaza-americas-1.jpg HTTP/1.1" 200 47593
173.252.87.117 - - [04/Jun/2023:10:21:15 -0500] "GET /images/manos-reparadoras-plaza-americas-1.jpg HTTP/1.1" 200 47593
69.171.249.7 - - [04/Jun/2023:10:21:20 -0500] "GET /images/manos-reparadoras-plaza-americas-1.jpg HTTP/1.1" 200 47593
173.252.95.120 - - [04/Jun/2023:10:21:25 -0500] "GET /manos-reparadoras-protagonistas-en-la-segunda-feria-de-moda-sostenible.html HTTP/1.1" 206 774
201.245.192.253 - - [04/Jun/2023:10:21:47 -0500] "POST /kwsrmcab/Wsrmcab  HTTP/1.1" 200 43202
173.252.95.2 - - [04/Jun/2023:10:21:49 -0500] "GET /images/manos-reparadoras-plaza-americas-1.jpg HTTP/1.1" 200 47593
135.181.214.38 - - [04/Jun/2023:10:22:04 -0500] "GET /manos-reparadoras-protagonistas-en-la-segunda-feria-de-moda-sostenible.html HTTP/1.1" 200 774
186.31.149.128 - - [04/Jun/2023:10:22:05 -0500] "GET /manos-reparadoras-protagonistas-en-la-segunda-feria-de-moda-sostenible.html HTTP/1.1" 304 -
173.252.107.120 - - [04/Jun/2023:10:22:09 -0500] "GET /images/manos-reparadoras-plaza-americas-1.jpg HTTP/1.1" 200 47593
172.22.2.4 - - [04/Jun/2023:10:20:46 -0500] "HEAD /BLA/boletinlegal/ HTTP/1.1" 200 -
31.13.115.118 - - [04/Jun/2023:10:22:31 -0500] "GET /manos-reparadoras-protagonistas-en-la-segunda-feria-de-moda-sostenible.html HTTP/1.1" 206 774
69.63.184.117 - - [04/Jun/2023:10:22:38 -0500] "GET /images/manos-reparadoras-plaza-americas-1.jpg HTTP/1.1" 200 47593
216.245.221.92 - - [04/Jun/2023:10:22:58 -0500] "HEAD / HTTP/1.1" 200 -
173.252.127.116 - - [04/Jun/2023:10:23:06 -0500] "GET /manos-reparadoras-protagonistas-en-la-segunda-feria-de-moda-sostenible.html HTTP/1.1" 206 774
172.22.2.4 - - [04/Jun/2023:10:21:36 -0500] "GET /BLA/boletinlegal/ HTTP/1.1" 200 57561
162.55.37.148 - - [04/Jun/2023:10:25:38 -0500] "GET / HTTP/1.1" 200 4720
162.55.37.148 - - [04/Jun/2023:10:25:40 -0500] "GET / HTTP/1.1" 200 319
69.171.231.120 - - [04/Jun/2023:10:26:29 -0500] "GET /images/manos-reparadoras-plaza-americas-1.jpg HTTP/1.1" 200 47593
201.245.192.253 - - [04/Jun/2023:10:26:46 -0500] "POST /kwsrmcab/Wsrmcab  HTTP/1.1" 200 43202
216.245.221.92 - - [04/Jun/2023:10:27:58 -0500] "HEAD / HTTP/1.1" 200 -
172.22.2.4 - - [04/Jun/2023:10:26:36 -0500] "HEAD /BLA/boletinlegal/ HTTP/1.1" 200 -
201.245.192.253 - - [04/Jun/2023:10:28:27 -0500] "POST /kwsrmcab/Wsrmcab HTTP/1.1" 200 42376
201.245.192.253 - - [04/Jun/2023:10:28:30 -0500] "POST /kwsrmcab/Wsrmcab HTTP/1.1" 200 40439
172.22.2.4 - - [04/Jun/2023:10:27:26 -0500] "GET /BLA/boletinlegal/ HTTP/1.1" 200 59306
173.252.107.1 - - [04/Jun/2023:10:30:58 -0500] "GET /dale-una-nueva-oportunidad-a-tu-ropa-usada-se-trasladan-dos-puntos-para-llevarla.html HTTP/1.1" 200 913
181.59.2.106 - - [04/Jun/2023:10:31:23 -0500] "GET /galeria/galeria/jquery.fancybox.js?v=2.1.5 HTTP/1.1" 200 48706
181.59.2.106 - - [04/Jun/2023:10:31:23 -0500] "GET /galeria/galeria/jquery.fancybox.css?v=2.1.5 HTTP/1.1" 200 4895
181.59.2.106 - - [04/Jun/2023:10:31:23 -0500] "GET /BLA/boletinlegal/js/jquery.scrollShow.js HTTP/1.1" 200 4586
201.245.192.253 - - [04/Jun/2023:10:31:45 -0500] "POST /kwsrmcab/Wsrmcab  HTTP/1.1" 200 43202
66.249.70.172 - - [04/Jun/2023:10:32:06 -0500] "GET /manos-reparadoras-protagonistas-en-la-segunda-feria-de-moda-sostenible.html HTTP/1.1" 200 774
66.249.70.172 - - [04/Jun/2023:10:32:07 -0500] "GET /manos-reparadoras-protagonistas-en-la-segunda-feria-de-moda-sostenible.html HTTP/1.1" 200 774
191.95.56.238 - - [04/Jun/2023:10:32:25 -0500] "GET / HTTP/1.1" 200 4720
191.95.56.238 - - [04/Jun/2023:10:32:25 -0500] "GET /fonts/icomoon/style.css HTTP/1.1" 200 79820
191.95.56.238 - - [04/Jun/2023:10:32:25 -0500] "GET /js/url.js HTTP/1.1" 404 1294
191.95.56.238 - - [04/Jun/2023:10:32:25 -0500] "GET /css/style.css HTTP/1.1" 200 3473
191.95.56.238 - - [04/Jun/2023:10:32:25 -0500] "GET /css/bootstrap.min.css HTTP/1.1" 200 178212
69.63.184.117 - - [04/Jun/2023:10:32:26 -0500] "GET /images/manos-reparadoras-plaza-americas-1.jpg HTTP/1.1" 200 47593
191.102.117.217 - - [04/Jun/2023:10:32:44 -0500] "GET /forest/ HTTP/1.1" 200 12041
191.102.117.217 - - [04/Jun/2023:10:32:53 -0500] "POST /forest/index.php HTTP/1.1" 200 12268
181.54.140.219 - - [04/Jun/2023:10:32:57 -0500] "GET /galeria/galeria/jquery.fancybox.js?v=2.1.5 HTTP/1.1" 200 48706
181.54.140.219 - - [04/Jun/2023:10:32:57 -0500] "GET /BLA/boletinlegal/js/jquery.scrollShow.js HTTP/1.1" 200 4586
181.54.140.219 - - [04/Jun/2023:10:32:57 -0500] "GET /galeria/galeria/jquery.fancybox.css?v=2.1.5 HTTP/1.1" 200 4895
181.54.140.219 - - [04/Jun/2023:10:32:58 -0500] "GET /galeria/carrusel/Carrusel/jquery.thumbnailScroller.css HTTP/1.1" 200 2066
216.245.221.92 - - [04/Jun/2023:10:32:58 -0500] "HEAD / HTTP/1.1" 200 -
181.54.140.219 - - [04/Jun/2023:10:32:58 -0500] "GET /galeria/carrusel/Carrusel/jquery.thumbnailScroller.js HTTP/1.1" 200 8157
181.54.140.219 - - [04/Jun/2023:10:32:58 -0500] "GET /galeria/carrusel/Carrusel/jquery-ui-1.8.13.custom.min.js HTTP/1.1" 200 10800
181.54.140.219 - - [04/Jun/2023:10:32:59 -0500] "GET /galeria/nivo-slider/demo/banner.html HTTP/1.1" 200 5446
181.54.140.219 - - [04/Jun/2023:10:33:00 -0500] "GET /galeria/nivo-slider/themes/default/default.css HTTP/1.1" 200 1569
181.54.140.219 - - [04/Jun/2023:10:33:00 -0500] "GET /galeria/nivo-slider/demo/scripts/jquery-1.7.1.min.js HTTP/1.1" 200 93868
181.54.140.219 - - [04/Jun/2023:10:33:00 -0500] "GET /galeria/nivo-slider/jquery.nivo.slider.pack.js HTTP/1.1" 200 11561
181.54.140.219 - - [04/Jun/2023:10:33:00 -0500] "GET /galeria/nivo-slider/demo/images/Bannermujeresquereverdecen.jpg HTTP/1.1" 200 46558
181.54.140.219 - - [04/Jun/2023:10:33:00 -0500] "GET /galeria/nivo-slider/demo/images/bannertrafico_optimized.jpg HTTP/1.1" 200 42578
181.54.140.219 - - [04/Jun/2023:10:33:00 -0500] "GET /galeria/nivo-slider/demo/images/bannertortuga_optimized.jpg HTTP/1.1" 200 39066
181.54.140.219 - - [04/Jun/2023:10:33:00 -0500] "GET /galeria/nivo-slider/themes/pascal/pascal.css HTTP/1.1" 200 2258
181.54.140.219 - - [04/Jun/2023:10:33:00 -0500] "GET /galeria/nivo-slider/themes/orman/orman.css HTTP/1.1" 200 2152
181.54.140.219 - - [04/Jun/2023:10:33:00 -0500] "GET /galeria/nivo-slider/nivo-slider.css HTTP/1.1" 200 1507
181.54.140.219 - - [04/Jun/2023:10:33:00 -0500] "GET /galeria/nivo-slider/demo/style.css HTTP/1.1" 200 2222
181.54.140.219 - - [04/Jun/2023:10:33:00 -0500] "GET /galeria/nivo-slider/demo/images/Bannersedeelectronica.jpg HTTP/1.1" 200 40383
181.54.140.219 - - [04/Jun/2023:10:33:00 -0500] "GET /galeria/nivo-slider/demo/images/bannerrutaesperanza.jpg HTTP/1.1" 200 55560
181.54.140.219 - - [04/Jun/2023:10:33:00 -0500] "GET /galeria/nivo-slider/demo/images/banneraire2021.jpg HTTP/1.1" 200 265101
181.54.140.219 - - [04/Jun/2023:10:33:00 -0500] "GET /galeria/nivo-slider/demo/images/bannerresiduoshospitalariosagosto.jpg HTTP/1.1" 200 36499
181.54.140.219 - - [04/Jun/2023:10:33:00 -0500] "GET /galeria/nivo-slider/demo/images/Bannerplasticosseptiembre.jpg HTTP/1.1" 200 45633
181.54.140.219 - - [04/Jun/2023:10:33:00 -0500] "GET /galeria/nivo-slider/demo/images/banneraccionpopularcrr68.jpg HTTP/1.1" 200 51887
181.54.140.219 - - [04/Jun/2023:10:33:00 -0500] "GET /galeria/nivo-slider/demo/images/banneraccionpopular.jpeg HTTP/1.1" 200 41707
181.54.140.219 - - [04/Jun/2023:10:33:00 -0500] "GET /galeria/nivo-slider/demo/images/bannerclases2021.jpg HTTP/1.1" 200 68230
181.54.140.219 - - [04/Jun/2023:10:33:01 -0500] "GET /galeria/nivo-slider/demo/images/bannercapacitacionesbogota.jpg HTTP/1.1" 200 42416
181.54.140.219 - - [04/Jun/2023:10:33:01 -0500] "GET /galeria/nivo-slider/demo/images/Bannerenvases.jpg HTTP/1.1" 200 37316
181.54.140.219 - - [04/Jun/2023:10:33:01 -0500] "GET /galeria/nivo-slider/demo/images/Bannervirtualescanales.jpg HTTP/1.1" 200 174544
181.54.140.219 - - [04/Jun/2023:10:33:01 -0500] "GET /galeria/nivo-slider/themes/default/bullets.png HTTP/1.1" 200 1281
181.54.140.219 - - [04/Jun/2023:10:33:01 -0500] "GET /galeria/nivo-slider/demo/images/4Simple_Slider.png HTTP/1.1" 200 11722
181.54.140.219 - - [04/Jun/2023:10:33:02 -0500] "GET /galeria/nivo-slider/themes/default/arrows.png HTTP/1.1" 200 824
181.59.2.106 - - [04/Jun/2023:10:33:26 -0500] "GET /galeria/carrusel/Carrusel/jquery.thumbnailScroller.css HTTP/1.1" 200 2066
181.59.2.106 - - [04/Jun/2023:10:33:26 -0500] "GET /galeria/carrusel/Carrusel/jquery-ui-1.8.13.custom.min.js HTTP/1.1" 200 10800
181.59.2.106 - - [04/Jun/2023:10:33:26 -0500] "GET /galeria/carrusel/Carrusel/jquery.thumbnailScroller.js HTTP/1.1" 200 8157
181.59.2.106 - - [04/Jun/2023:10:33:26 -0500] "GET /galeria/nivo-slider/demo/banner.html HTTP/1.1" 200 5446
181.59.2.106 - - [04/Jun/2023:10:33:27 -0500] "GET /galeria/nivo-slider/themes/default/default.css HTTP/1.1" 200 1569
181.59.2.106 - - [04/Jun/2023:10:33:27 -0500] "GET /galeria/nivo-slider/themes/pascal/pascal.css HTTP/1.1" 200 2258
181.59.2.106 - - [04/Jun/2023:10:33:27 -0500] "GET /galeria/nivo-slider/demo/scripts/jquery-1.7.1.min.js HTTP/1.1" 200 93868
181.59.2.106 - - [04/Jun/2023:10:33:27 -0500] "GET /galeria/nivo-slider/nivo-slider.css HTTP/1.1" 200 1507
181.59.2.106 - - [04/Jun/2023:10:33:27 -0500] "GET /galeria/nivo-slider/demo/style.css HTTP/1.1" 200 2222
181.59.2.106 - - [04/Jun/2023:10:33:27 -0500] "GET /galeria/nivo-slider/themes/orman/orman.css HTTP/1.1" 200 2152
181.59.2.106 - - [04/Jun/2023:10:33:27 -0500] "GET /galeria/nivo-slider/demo/images/banneraire2021.jpg HTTP/1.1" 200 265101
181.59.2.106 - - [04/Jun/2023:10:33:27 -0500] "GET /galeria/nivo-slider/demo/images/Bannerplasticosseptiembre.jpg HTTP/1.1" 200 45633
181.59.2.106 - - [04/Jun/2023:10:33:27 -0500] "GET /galeria/nivo-slider/demo/images/Bannersedeelectronica.jpg HTTP/1.1" 200 40383
181.59.2.106 - - [04/Jun/2023:10:33:27 -0500] "GET /galeria/nivo-slider/demo/images/bannertrafico_optimized.jpg HTTP/1.1" 200 42578
181.59.2.106 - - [04/Jun/2023:10:33:27 -0500] "GET /galeria/nivo-slider/demo/images/Bannerenvases.jpg HTTP/1.1" 200 37316
181.59.2.106 - - [04/Jun/2023:10:33:27 -0500] "GET /galeria/nivo-slider/demo/images/Bannermujeresquereverdecen.jpg HTTP/1.1" 200 46558
181.59.2.106 - - [04/Jun/2023:10:33:27 -0500] "GET /galeria/nivo-slider/demo/images/Bannervirtualescanales.jpg HTTP/1.1" 200 174544
181.59.2.106 - - [04/Jun/2023:10:33:27 -0500] "GET /galeria/nivo-slider/demo/images/bannertortuga_optimized.jpg HTTP/1.1" 200 39066
181.59.2.106 - - [04/Jun/2023:10:33:27 -0500] "GET /galeria/nivo-slider/demo/images/banneraccionpopularcrr68.jpg HTTP/1.1" 200 51887
181.59.2.106 - - [04/Jun/2023:10:33:27 -0500] "GET /galeria/nivo-slider/demo/images/banneraccionpopular.jpeg HTTP/1.1" 200 41707
181.59.2.106 - - [04/Jun/2023:10:33:28 -0500] "GET /galeria/nivo-slider/demo/images/bannerresiduoshospitalariosagosto.jpg HTTP/1.1" 200 36499
181.59.2.106 - - [04/Jun/2023:10:33:28 -0500] "GET /galeria/nivo-slider/demo/images/bannercapacitacionesbogota.jpg HTTP/1.1" 200 42416
181.59.2.106 - - [04/Jun/2023:10:33:28 -0500] "GET /galeria/nivo-slider/demo/images/bannerclases2021.jpg HTTP/1.1" 200 68230
181.59.2.106 - - [04/Jun/2023:10:33:28 -0500] "GET /galeria/nivo-slider/demo/images/4Simple_Slider.png HTTP/1.1" 200 11722
181.59.2.106 - - [04/Jun/2023:10:33:28 -0500] "GET /galeria/nivo-slider/demo/images/bannerrutaesperanza.jpg HTTP/1.1" 200 55560
181.59.2.106 - - [04/Jun/2023:10:33:28 -0500] "GET /galeria/nivo-slider/themes/default/loading.gif HTTP/1.1" 200 1737
181.59.2.106 - - [04/Jun/2023:10:33:28 -0500] "GET /galeria/nivo-slider/jquery.nivo.slider.pack.js HTTP/1.1" 200 11561
181.59.2.106 - - [04/Jun/2023:10:33:28 -0500] "GET /galeria/nivo-slider/themes/default/bullets.png HTTP/1.1" 200 1281
181.59.2.106 - - [04/Jun/2023:10:33:28 -0500] "GET /galeria/nivo-slider/themes/default/arrows.png HTTP/1.1" 200 824
69.171.251.20 - - [04/Jun/2023:10:34:05 -0500] "GET /manos-reparadoras-protagonistas-en-la-segunda-feria-de-moda-sostenible.html HTTP/1.1" 206 774
172.22.2.4 - - [04/Jun/2023:10:32:26 -0500] "HEAD /BLA/boletinlegal/ HTTP/1.1" 200 -
69.171.251.5 - - [04/Jun/2023:10:34:08 -0500] "GET /manos-reparadoras-protagonistas-en-la-segunda-feria-de-moda-sostenible.html HTTP/1.1" 206 774
172.22.2.4 - - [04/Jun/2023:10:33:16 -0500] "GET /BLA/boletinlegal/ HTTP/1.1" 200 57561
157.55.39.239 - - [04/Jun/2023:10:34:57 -0500] "GET /BLA/resoluciones/AUTOS%202021/2045.pdf HTTP/1.1" 304 -
69.171.251.117 - - [04/Jun/2023:10:35:21 -0500] "GET /images/manos-reparadoras-plaza-americas-1.jpg HTTP/1.1" 200 47593
40.77.167.245 - - [04/Jun/2023:10:35:35 -0500] "GET /apple-touch-icon-57x57.png HTTP/1.1" 404 1035
34.78.249.41 - - [04/Jun/2023:10:35:38 -0500] "GET / HTTP/1.1" 200 319
52.167.144.46 - - [04/Jun/2023:10:35:43 -0500] "GET /apple-touch-icon-precomposed.png HTTP/1.1" 404 1035
213.186.1.245 - - [04/Jun/2023:10:36:24 -0500] "GET /manos-reparadoras-protagonistas-en-la-segunda-feria-de-moda-sostenible.html HTTP/1.1" 200 774
201.245.192.253 - - [04/Jun/2023:10:36:44 -0500] "POST /kwsrmcab/Wsrmcab  HTTP/1.1" 200 43202
216.245.221.92 - - [04/Jun/2023:10:37:58 -0500] "HEAD / HTTP/1.1" 200 -
201.245.192.253 - - [04/Jun/2023:10:38:27 -0500] "POST /kwsrmcab/Wsrmcab HTTP/1.1" 200 42376
201.245.192.253 - - [04/Jun/2023:10:38:30 -0500] "POST /kwsrmcab/Wsrmcab HTTP/1.1" 200 40439
172.22.2.4 - - [04/Jun/2023:10:38:16 -0500] "HEAD /BLA/boletinlegal/ HTTP/1.1" 200 -
172.22.2.4 - - [04/Jun/2023:10:38:55 -0500] "GET /BLA/boletinlegal/ HTTP/1.1" 200 52326
172.22.2.4 - - [04/Jun/2023:10:39:06 -0500] "GET /BLA/boletinlegal/ HTTP/1.1" 200 53114
201.245.192.253 - - [04/Jun/2023:10:41:43 -0500] "POST /kwsrmcab/Wsrmcab  HTTP/1.1" 200 43202
172.22.2.4 - - [04/Jun/2023:10:42:32 -0500] "GET /BLA/boletinlegal/robots.txt HTTP/1.1" 404 1038
216.245.221.92 - - [04/Jun/2023:10:42:58 -0500] "HEAD / HTTP/1.1" 200 -
31.13.103.7 - - [04/Jun/2023:10:44:01 -0500] "GET /manos-reparadoras-protagonistas-en-la-segunda-feria-de-moda-sostenible.html HTTP/1.1" 206 774
31.13.103.6 - - [04/Jun/2023:10:44:01 -0500] "GET /manos-reparadoras-protagonistas-en-la-segunda-feria-de-moda-sostenible.html HTTP/1.1" 206 774
31.13.103.7 - - [04/Jun/2023:10:44:02 -0500] "GET /manos-reparadoras-protagonistas-en-la-segunda-feria-de-moda-sostenible.html HTTP/1.1" 206 774
172.22.2.4 - - [04/Jun/2023:10:42:33 -0500] "GET /BLA/boletinlegal/index.php HTTP/1.1" 200 61250
172.22.2.4 - - [04/Jun/2023:10:44:06 -0500] "HEAD /BLA/boletinlegal/ HTTP/1.1" 200 -
172.22.2.4 - - [04/Jun/2023:10:44:56 -0500] "GET /BLA/boletinlegal/ HTTP/1.1" 200 59306
52.167.144.158 - - [04/Jun/2023:10:46:42 -0500] "GET /BLA/resoluciones/RESOLUCIONES%202021/3872.pdf HTTP/1.1" 304 -
201.245.192.253 - - [04/Jun/2023:10:46:42 -0500] "POST /kwsrmcab/Wsrmcab  HTTP/1.1" 200 43202
216.245.221.92 - - [04/Jun/2023:10:47:58 -0500] "HEAD / HTTP/1.1" 200 -
173.252.95.1 - - [04/Jun/2023:10:48:03 -0500] "GET /images/manos-reparadoras-plaza-americas-1.jpg HTTP/1.1" 200 47593
161.123.107.19 - - [04/Jun/2023:10:48:56 -0500] "GET /manos-reparadoras-protagonistas-en-la-segunda-feria-de-moda-sostenible.html HTTP/1.1" 200 774
172.22.2.4 - - [04/Jun/2023:10:49:29 -0500] "GET /BLA/boletinlegal/apple-touch-icon-precomposed.png HTTP/1.1" 404 1140
172.22.2.4 - - [04/Jun/2023:10:49:29 -0500] "GET /BLA/boletinlegal/apple-touch-icon.png HTTP/1.1" 404 1140
172.22.2.4 - - [04/Jun/2023:10:49:29 -0500] "GET /BLA/boletinlegal/favicon.ico HTTP/1.1" 404 1140
69.63.184.116 - - [04/Jun/2023:10:49:47 -0500] "GET /images/manos-reparadoras-plaza-americas-1.jpg HTTP/1.1" 200 47593
172.22.2.4 - - [04/Jun/2023:10:48:59 -0500] "GET /BLA/boletinlegal/ HTTP/1.1" 200 49099
172.22.2.4 - - [04/Jun/2023:10:49:56 -0500] "HEAD /BLA/boletinlegal/ HTTP/1.1" 200 -
201.245.192.253 - - [04/Jun/2023:10:51:41 -0500] "POST /kwsrmcab/Wsrmcab  HTTP/1.1" 200 43202
123.125.109.108 - - [04/Jun/2023:10:51:59 -0500] "GET / HTTP/1.1" 200 319
172.22.2.4 - - [04/Jun/2023:10:50:46 -0500] "GET /BLA/boletinlegal/ HTTP/1.1" 200 59306
216.245.221.92 - - [04/Jun/2023:10:52:58 -0500] "HEAD / HTTP/1.1" 200 -
173.252.111.2 - - [04/Jun/2023:10:55:29 -0500] "GET /images/manos-reparadoras-plaza-americas-1.jpg HTTP/1.1" 200 47593
172.22.2.4 - - [04/Jun/2023:10:54:12 -0500] "GET /BLA/boletinlegal/ HTTP/1.1" 200 61250
201.245.192.253 - - [04/Jun/2023:10:56:39 -0500] "POST /kwsrmcab/Wsrmcab  HTTP/1.1" 200 43202
173.252.107.14 - - [04/Jun/2023:10:56:58 -0500] "GET /agendate-para-las-ferias-de-servicios-ambientales-para-mayo-en-usaquen-y-fontibon.html HTTP/1.1" 200 799
173.252.107.3 - - [04/Jun/2023:10:56:58 -0500] "GET /agendate-para-las-ferias-de-servicios-ambientales-para-mayo-en-usaquen-y-fontibon.html HTTP/1.1" 200 799
172.22.2.4 - - [04/Jun/2023:10:55:46 -0500] "HEAD /BLA/boletinlegal/ HTTP/1.1" 200 -
216.245.221.92 - - [04/Jun/2023:10:57:58 -0500] "HEAD / HTTP/1.1" 200 -
186.84.90.248 - - [04/Jun/2023:10:58:13 -0500] "GET /BLA/resoluciones/index.php?dir= HTTP/1.1" 200 13502
172.22.2.4 - - [04/Jun/2023:10:56:36 -0500] "GET /BLA/boletinlegal/ HTTP/1.1" 200 57151
186.84.90.248 - - [04/Jun/2023:10:58:28 -0500] "GET /BLA/resoluciones/index.php?dir=AUTOS+2020%2F HTTP/1.1" 200 328775
201.245.192.253 - - [04/Jun/2023:11:01:38 -0500] "POST /kwsrmcab/Wsrmcab  HTTP/1.1" 200 43202
216.245.221.92 - - [04/Jun/2023:11:02:58 -0500] "HEAD / HTTP/1.1" 200 -
172.22.2.4 - - [04/Jun/2023:11:01:36 -0500] "HEAD /BLA/boletinlegal/ HTTP/1.1" 200 -
172.22.2.4 - - [04/Jun/2023:11:03:39 -0500] "GET /BLA/boletinlegal/robots.txt HTTP/1.1" 404 1038
173.252.107.6 - - [04/Jun/2023:11:03:52 -0500] "GET /guadalupe-aguanoso-un-nuevo-tramo-de-camino-para-disfrutar-en-los-cerros-orientales.html HTTP/1.1" 200 795
173.252.107.14 - - [04/Jun/2023:11:03:52 -0500] "GET /guadalupe-aguanoso-un-nuevo-tramo-de-camino-para-disfrutar-en-los-cerros-orientales.html HTTP/1.1" 200 795
51.159.214.49 - - [04/Jun/2023:11:03:54 -0500] "GET /portaldeninos/ HTTP/1.1" 200 110197
172.22.2.4 - - [04/Jun/2023:11:02:26 -0500] "GET /BLA/boletinlegal/ HTTP/1.1" 200 56287
173.252.83.21 - - [04/Jun/2023:11:04:09 -0500] "GET /images/cr\xc3\xb3nica-29-nov-1_optimized.jpeg HTTP/1.1" 404 1034
172.22.2.4 - - [04/Jun/2023:11:03:40 -0500] "GET /BLA/boletinlegal/ HTTP/1.1" 200 60506
40.77.167.97 - - [04/Jun/2023:11:05:49 -0500] "GET /BLA/resoluciones/AUTOS%202023/2106.pdf HTTP/1.1" 200 402475
69.63.189.117 - - [04/Jun/2023:11:06:20 -0500] "GET /images/manos-reparadoras-plaza-americas-1.jpg HTTP/1.1" 200 47593
201.245.192.253 - - [04/Jun/2023:11:06:37 -0500] "POST /kwsrmcab/Wsrmcab  HTTP/1.1" 200 43202
190.159.184.39 - - [04/Jun/2023:11:07:31 -0500] "GET /BLA/resoluciones/ HTTP/1.1" 200 13502
190.159.184.39 - - [04/Jun/2023:11:07:36 -0500] "GET /BLA/resoluciones/index.php?dir=AUTOS+2022%2F HTTP/1.1" 200 496555
31.13.127.33 - - [04/Jun/2023:11:07:51 -0500] "GET /images/manos-reparadoras-plaza-americas-1.jpg HTTP/1.1" 200 47593
216.245.221.92 - - [04/Jun/2023:11:07:58 -0500] "HEAD / HTTP/1.1" 200 -
172.22.2.4 - - [04/Jun/2023:11:07:26 -0500] "HEAD /BLA/boletinlegal/ HTTP/1.1" 200 -
190.67.223.43 - - [04/Jun/2023:11:09:27 -0500] "GET /galeria/galeria/jquery.fancybox.css?v=2.1.5 HTTP/1.1" 200 4895
190.67.223.43 - - [04/Jun/2023:11:09:27 -0500] "GET /BLA/boletinlegal/js/jquery.scrollShow.js HTTP/1.1" 200 4586
190.67.223.43 - - [04/Jun/2023:11:09:27 -0500] "GET /galeria/galeria/jquery.fancybox.js?v=2.1.5 HTTP/1.1" 200 48706
172.22.2.4 - - [04/Jun/2023:11:08:16 -0500] "GET /BLA/boletinlegal/ HTTP/1.1" 200 57151
186.28.134.144 - - [04/Jun/2023:11:10:27 -0500] "GET /en-junio-conectate-con-la-naturaleza-y-el-medioambiente-a-traves-de-estas-caminatas-ecologicas.html HTTP/1.1" 200 900
201.245.192.253 - - [04/Jun/2023:11:11:36 -0500] "POST /kwsrmcab/Wsrmcab  HTTP/1.1" 200 43202
216.245.221.92 - - [04/Jun/2023:11:12:58 -0500] "HEAD / HTTP/1.1" 200 -
172.22.2.4 - - [04/Jun/2023:11:13:16 -0500] "HEAD /BLA/boletinlegal/ HTTP/1.1" 200 -
95.108.213.243 - - [04/Jun/2023:11:15:31 -0500] "GET / HTTP/1.1" 200 319
172.22.2.4 - - [04/Jun/2023:11:14:06 -0500] "GET /BLA/boletinlegal/ HTTP/1.1" 200 57945
201.245.192.253 - - [04/Jun/2023:11:16:35 -0500] "POST /kwsrmcab/Wsrmcab  HTTP/1.1" 200 43202
172.22.2.4 - - [04/Jun/2023:11:17:44 -0500] "GET /BLA/boletinlegal/robots.txt HTTP/1.1" 404 1038
172.22.2.4 - - [04/Jun/2023:11:17:44 -0500] "GET /BLA/boletinlegal/js/jquery.scrollShow.js HTTP/1.1" 200 4586
216.245.221.92 - - [04/Jun/2023:11:17:58 -0500] "HEAD / HTTP/1.1" 200 -
201.245.192.253 - - [04/Jun/2023:11:18:27 -0500] "POST /kwsrmcab/Wsrmcab HTTP/1.1" 200 42548
201.245.192.253 - - [04/Jun/2023:11:18:30 -0500] "POST /kwsrmcab/Wsrmcab HTTP/1.1" 200 40279
40.77.167.97 - - [04/Jun/2023:11:18:38 -0500] "GET /bla/resoluciones/resoluciones%202022/0046.pdf HTTP/1.1" 304 -
52.167.144.46 - - [04/Jun/2023:11:20:39 -0500] "GET /se-abre-convocatoria-para-procesos-de-formacion-ambiental-para-habitantes-de-la-upz-89-de-san-isidro-patios.html HTTP/1.1" 200 811
172.22.2.4 - - [04/Jun/2023:11:19:06 -0500] "HEAD /BLA/boletinlegal/ HTTP/1.1" 200 -
201.245.192.253 - - [04/Jun/2023:11:21:34 -0500] "POST /kwsrmcab/Wsrmcab  HTTP/1.1" 200 43202
172.22.2.4 - - [04/Jun/2023:11:19:56 -0500] "GET /BLA/boletinlegal/ HTTP/1.1" 200 56287
216.245.221.92 - - [04/Jun/2023:11:22:58 -0500] "HEAD / HTTP/1.1" 200 -
173.252.95.15 - - [04/Jun/2023:11:23:01 -0500] "GET /distrito-declara-alerta-ambiental-por-calidad-del-aire-y-apoyara-extincion-de-incendios-en-la-amazonia.html HTTP/1.1" 200 928
40.77.167.97 - - [04/Jun/2023:11:23:26 -0500] "GET /BLA/resoluciones/RESOLUCIONES%202016/0147.pdf HTTP/1.1" 304 -
172.22.2.4 - - [04/Jun/2023:11:23:55 -0500] "GET /BLA/boletinlegal/normativa.php HTTP/1.1" 200 8343
172.22.2.4 - - [04/Jun/2023:11:23:55 -0500] "GET /BLA/boletinlegal/styles2.css HTTP/1.1" 200 1838
172.22.2.4 - - [04/Jun/2023:11:23:55 -0500] "GET /BLA/boletinlegal/niceforms-default.css HTTP/1.1" 200 6694
172.22.2.4 - - [04/Jun/2023:11:23:56 -0500] "GET /BLA/boletinlegal/js/ajax_normativa.js HTTP/1.1" 200 1154
172.22.2.4 - - [04/Jun/2023:11:23:56 -0500] "GET /BLA/boletinlegal/niceforms.js HTTP/1.1" 200 22876
172.22.2.4 - - [04/Jun/2023:11:23:56 -0500] "GET /BLA/boletinlegal/style.css HTTP/1.1" 200 9406
172.22.2.4 - - [04/Jun/2023:11:23:56 -0500] "GET /BLA/boletinlegal/images/cabezote%20BLEGAL.jpg HTTP/1.1" 200 118164
172.22.2.4 - - [04/Jun/2023:11:23:56 -0500] "GET /BLA/boletinlegal/images/subscribe-icon-big.png HTTP/1.1" 200 47702
172.22.2.4 - - [04/Jun/2023:11:23:56 -0500] "GET /BLA/boletinlegal/images/historia.png HTTP/1.1" 200 52775
172.22.2.4 - - [04/Jun/2023:11:23:56 -0500] "GET /BLA/boletinlegal/images/registro-usuarios.png HTTP/1.1" 200 8106
172.22.2.4 - - [04/Jun/2023:11:23:56 -0500] "GET /BLA/boletinlegal/images/tel.png HTTP/1.1" 200 14477
172.22.2.4 - - [04/Jun/2023:11:23:56 -0500] "GET /BLA/boletinlegal/images/icono-email.png HTTP/1.1" 200 5544
172.22.2.4 - - [04/Jun/2023:11:23:56 -0500] "GET /BLA/boletinlegal/images/body_bg.jpg HTTP/1.1" 200 1601
172.22.2.4 - - [04/Jun/2023:11:23:56 -0500] "GET /BLA/boletinlegal/images/footer_bg.jpg HTTP/1.1" 200 586
172.22.2.4 - - [04/Jun/2023:11:23:56 -0500] "GET /BLA/boletinlegal/images/menu_rght.gif HTTP/1.1" 200 1627
172.22.2.4 - - [04/Jun/2023:11:23:56 -0500] "GET /BLA/boletinlegal/images/menu_lft.gif HTTP/1.1" 200 1713
172.22.2.4 - - [04/Jun/2023:11:23:56 -0500] "GET /BLA/boletinlegal/images/menu_bg.jpg HTTP/1.1" 200 620
172.22.2.4 - - [04/Jun/2023:11:23:56 -0500] "GET /BLA/boletinlegal/images/bg_top.jpg HTTP/1.1" 200 522
172.22.2.4 - - [04/Jun/2023:11:23:56 -0500] "GET /BLA/boletinlegal/images/hover.jpg HTTP/1.1" 200 640
172.22.2.4 - - [04/Jun/2023:11:23:56 -0500] "GET /BLA/boletinlegal/images/text.jpg HTTP/1.1" 200 568
172.22.2.4 - - [04/Jun/2023:11:23:56 -0500] "GET /BLA/boletinlegal/images/footer_bg_l.jpg HTTP/1.1" 200 776
172.22.2.4 - - [04/Jun/2023:11:23:56 -0500] "GET /BLA/boletinlegal/img/0.png HTTP/1.1" 200 110
172.22.2.4 - - [04/Jun/2023:11:23:56 -0500] "GET /BLA/boletinlegal/img/select-right.png HTTP/1.1" 200 44019
172.22.2.4 - - [04/Jun/2023:11:23:56 -0500] "GET /BLA/boletinlegal/img/select-left.png HTTP/1.1" 200 263
172.22.2.4 - - [04/Jun/2023:11:23:56 -0500] "GET /BLA/boletinlegal/img/button-left.png HTTP/1.1" 200 57071
172.22.2.4 - - [04/Jun/2023:11:23:56 -0500] "GET /BLA/boletinlegal/img/button.png HTTP/1.1" 200 43241
172.22.2.4 - - [04/Jun/2023:11:23:56 -0500] "GET /BLA/boletinlegal/img/button-right.png HTTP/1.1" 200 57878
172.22.2.4 - - [04/Jun/2023:11:23:56 -0500] "GET /BLA/boletinlegal/favicon.ico HTTP/1.1" 404 1334
172.22.2.4 - - [04/Jun/2023:11:24:06 -0500] "GET /BLA/boletinlegal/consulta_normativa.php?tipo=&sector=flora&ano=&resuelve= HTTP/1.1" 200 2158
172.22.2.4 - - [04/Jun/2023:11:24:06 -0500] "GET /BLA/boletinlegal/images/docs.png HTTP/1.1" 200 10288
172.22.2.4 - - [04/Jun/2023:11:24:06 -0500] "GET /BLA/boletinlegal/images/background.gif HTTP/1.1" 200 -
173.252.87.12 - - [04/Jun/2023:11:25:02 -0500] "GET /manos-reparadoras-protagonistas-en-la-segunda-feria-de-moda-sostenible.html HTTP/1.1" 206 774
173.252.87.24 - - [04/Jun/2023:11:25:10 -0500] "GET /manos-reparadoras-protagonistas-en-la-segunda-feria-de-moda-sostenible.html HTTP/1.1" 206 774
172.22.2.4 - - [04/Jun/2023:11:24:16 -0500] "GET /BLA/boletinlegal/ HTTP/1.1" 200 57945
144.76.94.113 - - [04/Jun/2023:11:25:57 -0500] "-" 408 -
172.22.2.4 - - [04/Jun/2023:11:26:08 -0500] "GET /BLA/boletinlegal/js/jquery.js HTTP/1.1" 200 57254
172.22.2.4 - - [04/Jun/2023:11:26:08 -0500] "GET /BLA/boletinlegal/style.css HTTP/1.1" 200 9406
172.22.2.4 - - [04/Jun/2023:11:26:08 -0500] "GET /BLA/boletinlegal/styles2.css HTTP/1.1" 200 1838
172.22.2.4 - - [04/Jun/2023:11:26:14 -0500] "GET /BLA/boletinlegal/js/jquery.scrollShow.js HTTP/1.1" 200 4586
172.22.2.4 - - [04/Jun/2023:11:26:14 -0500] "GET /BLA/boletinlegal/js/jquery.scrollTo-min.js HTTP/1.1" 200 1150
201.245.192.253 - - [04/Jun/2023:11:26:32 -0500] "POST /kwsrmcab/Wsrmcab  HTTP/1.1" 200 43202
172.22.2.4 - - [04/Jun/2023:11:24:56 -0500] "HEAD /BLA/boletinlegal/ HTTP/1.1" 200 -
172.22.2.4 - - [04/Jun/2023:11:25:46 -0500] "GET /BLA/boletinlegal/ HTTP/1.1" 200 57151
216.245.221.92 - - [04/Jun/2023:11:27:58 -0500] "HEAD / HTTP/1.1" 200 -
201.245.192.253 - - [04/Jun/2023:11:28:27 -0500] "POST /kwsrmcab/Wsrmcab HTTP/1.1" 200 42548
201.245.192.253 - - [04/Jun/2023:11:28:30 -0500] "POST /kwsrmcab/Wsrmcab HTTP/1.1" 200 40279
201.245.192.253 - - [04/Jun/2023:11:31:32 -0500] "POST /kwsrmcab/Wsrmcab  HTTP/1.1" 200 43202
172.22.2.4 - - [04/Jun/2023:11:30:46 -0500] "HEAD /BLA/boletinlegal/ HTTP/1.1" 200 -
216.245.221.92 - - [04/Jun/2023:11:32:58 -0500] "HEAD / HTTP/1.1" 200 -
172.22.2.4 - - [04/Jun/2023:11:31:36 -0500] "GET /BLA/boletinlegal/ HTTP/1.1" 200 52326
52.167.144.46 - - [04/Jun/2023:11:33:28 -0500] "GET /experiencias-exitosas-en-la-implementacion-de-buenas-practicas-ambientales-en-entidades-del-distrito.html HTTP/1.1" 200 821
69.171.249.12 - - [04/Jun/2023:11:35:04 -0500] "GET /la-musica-como-bandera-para-el-cuidado-del-planeta.html HTTP/1.1" 200 855
69.171.249.118 - - [04/Jun/2023:11:35:04 -0500] "GET /la-musica-como-bandera-para-el-cuidado-del-planeta.html HTTP/1.1" 200 855
54.255.220.221 - - [04/Jun/2023:11:35:05 -0500] "GET /galeria/nivo-slider/themes/orman/orman.css HTTP/1.1" 200 2152
201.245.192.253 - - [04/Jun/2023:11:36:31 -0500] "POST /kwsrmcab/Wsrmcab  HTTP/1.1" 200 43202
216.245.221.92 - - [04/Jun/2023:11:37:58 -0500] "HEAD / HTTP/1.1" 200 -
172.22.2.4 - - [04/Jun/2023:11:36:36 -0500] "HEAD /BLA/boletinlegal/ HTTP/1.1" 200 -
66.249.69.5 - - [04/Jun/2023:11:38:28 -0500] "-" 408 -
201.245.192.253 - - [04/Jun/2023:11:38:27 -0500] "POST /kwsrmcab/Wsrmcab HTTP/1.1" 200 42548
201.245.192.253 - - [04/Jun/2023:11:38:30 -0500] "POST /kwsrmcab/Wsrmcab HTTP/1.1" 200 40279
157.55.39.239 - - [04/Jun/2023:11:39:01 -0500] "GET /BLA/resoluciones/RESOLUCIONES%202020/2605.pdf HTTP/1.1" 304 -
172.22.2.4 - - [04/Jun/2023:11:37:26 -0500] "GET /BLA/boletinlegal/ HTTP/1.1" 200 57561
52.167.144.158 - - [04/Jun/2023:11:39:09 -0500] "GET /autoliquidacion/solicitud%20de%20licencia%20ambiental/Solicitud%20de%20licencia%20ambiental.....pdf HTTP/1.1" 304 -
172.22.2.4 - - [04/Jun/2023:11:39:10 -0500] "GET /BLA/boletinlegal/actos.php HTTP/1.1" 200 9682
194.165.16.78 - - [04/Jun/2023:11:39:34 -0500] "\x03" 400 226
40.77.167.97 - - [04/Jun/2023:11:40:09 -0500] "GET /BLA/resoluciones/AUTOS%202021/6014.pdf HTTP/1.1" 200 344012
201.245.192.253 - - [04/Jun/2023:11:41:30 -0500] "POST /kwsrmcab/Wsrmcab  HTTP/1.1" 200 43202
40.77.167.97 - - [04/Jun/2023:11:42:40 -0500] "GET /BLA/resoluciones/AUTOS%202018/2921.pdf HTTP/1.1" 200 289206
216.245.221.92 - - [04/Jun/2023:11:42:58 -0500] "HEAD / HTTP/1.1" 200 -
208.127.116.235 - - [04/Jun/2023:11:43:08 -0500] "GET /galeria/nivo-slider/demo/images/bannercovid.jpg HTTP/1.1" 304 -
65.154.226.171 - - [04/Jun/2023:11:43:20 -0500] "GET /galeria/nivo-slider/demo/images/bannercovid.jpg HTTP/1.1" 200 352563
172.22.2.4 - - [04/Jun/2023:11:42:26 -0500] "HEAD /BLA/boletinlegal/ HTTP/1.1" 200 -
172.22.2.4 - - [04/Jun/2023:11:43:16 -0500] "GET /BLA/boletinlegal/ HTTP/1.1" 200 57151
201.245.192.253 - - [04/Jun/2023:11:46:29 -0500] "POST /kwsrmcab/Wsrmcab  HTTP/1.1" 200 43202
216.245.221.92 - - [04/Jun/2023:11:47:58 -0500] "HEAD / HTTP/1.1" 200 -
172.22.2.4 - - [04/Jun/2023:11:48:16 -0500] "HEAD /BLA/boletinlegal/ HTTP/1.1" 200 -
172.22.2.4 - - [04/Jun/2023:11:49:06 -0500] "GET /BLA/boletinlegal/ HTTP/1.1" 200 59306
52.167.144.23 - - [04/Jun/2023:11:50:53 -0500] "GET /BLA/resoluciones/RESOLUCIONES%202022/0183.pdf HTTP/1.1" 304 -
52.167.144.23 - - [04/Jun/2023:11:50:54 -0500] "GET /BLA/resoluciones/AUTOS%202021/6166.pdf HTTP/1.1" 304 -
186.102.43.194 - - [04/Jun/2023:11:51:04 -0500] "GET /kwssiamovil/sm/ldap/au?x=U2FsdGVkX19wvKX+apX+cB60g74ms9RKPjeSstTFnlcD5kH9CDrF+afas0/n3fSH&y=U2FsdGVkX19pFSR2OhirNrfw3Ctojxzbksp1k4DrhAOMq3ni+OQAOPED4UyhqzVk HTTP/1.1" 200 30
186.102.43.194 - - [04/Jun/2023:11:51:04 -0500] "GET /kwssiamovil/sm/acme/s?s=U2FsdGVkX19/QZmkU6nbyAwVTO519UJNkgo5wy9m0rMD5i2Pa/0/unykxBjzqKf8shwR2ST5SoucvjsbIxyUfB2L0vs7161lzYiPjoddERM=&u=U2FsdGVkX1/wVePm2Kyy5SglzNeMQMHxgiWS4fpfYneluWhn9RPLkBZzdlSZk0ra&y=U2FsdGVkX19pFSR2OhirNrfw3Ctojxzbksp1k4DrhAOMq3ni+OQAOPED4UyhqzVk HTTP/1.1" 200 97
186.102.43.194 - - [04/Jun/2023:11:51:04 -0500] "GET /kwssiamovil/sm/acme/s?s=U2FsdGVkX18wLej4FSt63dVwDOpPYsEYKrbizCEDjGal5fP6dYphTzQ449BexGzUQY7Mhlxh67jeZ22f2HpVMlu9uhifD5f4oeUhHtNSelm+Oh+IY1pXLPKgQ6rYjiHbvNmwNehQ4i8Hg4mV+5J2WSM7wAb9NnSEw/8u4hlAyyeFOoxMLufoZ7MT7CrAX3JBqKIGHiWD3GErWac8JI+oxTqVgLjWv5Ma/1CzBzZHxEkKjTLZ/i79ejET1DNDZZDLewkvlTdZaPJlD2uKa8I97PwbodyHpRXrlr8+tEFtOTB8zsUEbHj0urH1QBSpDkZyyg8FCbiTXyq5lw5RF1ONJibinX4xlPCdo6hcal3g6v13Mow3hSYSvXZyjIBIZPrrP5ujtPmkUyOFVcYRdoqqTszkICwFPd4hyZvZgNiEIuzGwCaH044HY965/3GY0r+KD22dE/AeQnLR+0yOEQ8bBd+4UDUMF5zt/Yo+1gJD8U0K14itIL4DhNnk5rgiDsxMUmX5jqiRR1nGWt26B3sO3HwtnbrVxavoB5uM70LoLzSl5qLUr+nkJkNl/xkl568jaNwM5juCUWg5+0te0DuwwLy0mKie5LdeqlOkFqtAv7JcY8lgeLJ93w2tMmtXzS3laYuZGiRaJmkxSANKODYFBhGcfuWl84bPPyRRoYjs+Uz2B7Akal7NoR2VHJTVjmVHuad8pgWD7mtlU7Zy3DciiKnMVPbqpD5Zb0yFj8aR4bkaY7zxy0l8DECdelfubCikWARjpBOBM0deLVK/rSIQ8YcIvKMDBkQX4IbBqA7a+kiUYQfRX0BcrStpQmGpA8FkuKYaRG78F1fYto5ebLvvu1CSDD3eH/tGwMCjwJpuuUQMoi068wz2JJp5nIn56Z7uZIMZ+CU0Ehk+U7iioLZHDGQcyM1l72lcxhoxGPIklk3Rg9ygJN/SP4BYNu4yh4Rl1L9xNjCtSccS7y7J2cEolmHa2FEtcz7simxybgVKv9OoPFvqaeBIZV9t8r95ioEVqN+fOvbudaTnGefvig0hFOmbGkTvEsnPR+Uuq0DG1Mj/JWkQJcCEaHDNqzxC2A7YLZcTRerVP2NGkPShHYpkq1hrSqdYgVShs/KjjdNmpgeoa++LsIK6zk2sV6N8Wg+VdYVuZ5R4aSp77tcB4q3j30YpqkDnmzW5l6CnRz+1DPxyBppdfx2aE3Ras5EazggXlnRnUTzP++qzMjC7+J1XyDCBOn+FTGzSOJ9HsLKLb8kcnyoAH/m2nC+9XrUlrcfcxvpbCP/H9aqU+zNNEO9e4KiS+1DSOhoZ9lqMh0h6qb9Dx8d7JgPNtFkEy2jmGac6xAwTw72y1uKqMyGAN1Dpv6bioP2z1ox3u5V4bgoEpXodEbHpsH7IWAistREdXFVU/q1nKxYQMWKEbetYwVEQXRPzVkPtINLXD3Bl7Q1L22y31P5cSTRYwC9ZCdCR2bwvNwj+ti9mF3PDmnzv83ngxk7chJ0R9HDxKbLuyofkWhzzbQEv1J7TyhzQzn0LTR0w8VMkXo76Upb2bo6vkmJ9CAzHIDsy4fFoiSKmrfItHwnZ3BHqSyvIE74giKGrXEA+g/XgMdu2UWZ3K5g4hlkEBI/n2xMTvBQKcp7kIgHoTfxdJHzd0uunpXviv6oF6Sp+narJV0V5FlKCOYuRyaldNweyJbEU/cQ5JcZVsz+VPIa/vkViVBAEOhSs/jGjv3OcgvtDTu5ciHqvs9oLTKUcAeiIZ3r/2/uGBJikx9pJrS3xuxB3tUPiWd8Y7Z8qKFHT&u=U2FsdGVkX1/wVePm2Kyy5SglzNeMQMHxgiWS4fpfYneluWhn9RPLkBZzdlSZk0ra&y=U2FsdGVkX19pFSR2OhirNrfw3Ctojxzbksp1k4DrhAOMq3ni+OQAOPED4UyhqzVk HTTP/1.1" 200 3088
186.102.43.194 - - [04/Jun/2023:11:51:04 -0500] "GET /kwssiamovil/sm/acme/s?s=U2FsdGVkX1/6Vt6KKCzpK6YqqPfAgFk6xGtzvCQKgFfZN6Kmd20vy+brsU4aOnBoH28kpuTS1bxrB2ff9RmLGdJBFX4AoGb7w7Xk6S3ATTO4eRDbDOtKwg2ls8b6B1NnJnLr63g+m2eZMxAR8VAhRUkwv7hHkbn6vm9RZw9AgJ+LTrOY/ir8nVq+0+kfARHseZ83ICffse0pe1k9zE9Zg9RcrdAASeWacV11sKMaW70GZN7llPJOYG7b54Jg0JeYU3Nj82KyoOaxwcClZQt1O5gc4v82ojG0YL7WRveg7KYJFAQ9zbR6RtRZnNgB2FASSBldvAigAAln3kFxpOQdHqqa75PqDE1jA6xZQlWzkPATmxAyQ9Ls4FT+RSZDK+QhNB/tJys6H9AvL5K3awUcbz8k5NT5BnQE7kvOReSn8qxONuP1rhIQ5wse8KcJDOUFVUuArvpJWGYmO446yFWA58KmX8QBnyqwjkBkjDwKGlcZu2xCXYwz/OcWGtLTWfGa0qGfouXnwc+brWLqHYDC4RHaYfQpRw8Q/4mHqI1utj38pIBjIf90JWnnuWFUfqvBfVLfrxRc7neU1lbhpRQVztBd0IHCPnaBzXLEfxYBVbjmVpZ8dg1TTfjWU/oF6r1KUQvyO6LMBfhnAIRjsM4emMD4gIDRBYdg1R88TQkD9sPAwvdimR1ycNZ0pno+Z+7rqW0XaMc8qX+IhalKMGSoweepDNKftUs/1yH+GQnGbDwSNatQgtpMX9prNgTtYJk/BL84Cln0AJx1g3fD11ruKQ==&u=U2FsdGVkX1/wVePm2Kyy5SglzNeMQMHxgiWS4fpfYneluWhn9RPLkBZzdlSZk0ra&y=U2FsdGVkX19pFSR2OhirNrfw3Ctojxzbksp1k4DrhAOMq3ni+OQAOPED4UyhqzVk HTTP/1.1" 200 208
186.102.43.194 - - [04/Jun/2023:11:51:05 -0500] "GET /kwssiamovil/sm/cjson/pre?f=1&x=U2FsdGVkX19wvKX+apX+cB60g74ms9RKPjeSstTFnlcD5kH9CDrF+afas0/n3fSH HTTP/1.1" 200 31032
201.245.192.253 - - [04/Jun/2023:11:51:28 -0500] "POST /kwsrmcab/Wsrmcab  HTTP/1.1" 200 43202
199.16.157.181 - - [04/Jun/2023:11:51:31 -0500] "GET /images/pot-humedales-2-octubre.jpg HTTP/1.1" 200 53089
199.16.157.183 - - [04/Jun/2023:11:51:31 -0500] "GET /en-este-pot-se-le-da-la-relevancia-que-merece-a-la-emergencia-climatica-y-la-proteccion-de-la-estructura-ecologica-principal-carolina-urrutia.html HTTP/1.1" 200 1047
