201.245.192.253 - - [07/Jun/2023:11:39:49 -0500] "POST /forms/lservlet;jsessionid=ac16012b30d66db595c4cb004bee933fa45f64494729.e3iSbxaKaheRe34Kc30KaNqQc41ynknvrkLOlQzNp65In0 HTTP/1.1" 200 2
186.80.64.204 - - [07/Jun/2023:11:39:50 -0500] "GET /cucarron-de-mayo-insecto-que-se-puede-observar-por-estos-dias-en-varios-ecosistemas-de-bogota.html HTTP/1.1" 200 762
181.189.25.9 - - [07/Jun/2023:11:39:52 -0500] "POST /sipse/faces/presentacion/financiero/solicitudProceso/consultarSolicitudProceso.xhtml HTTP/1.1" 200 40745
181.189.25.9 - - [07/Jun/2023:11:39:53 -0500] "GET /sipse/faces/javax.faces.resource/theme.css?ln=primefaces-sipse HTTP/1.1" 304 -
181.189.25.9 - - [07/Jun/2023:11:39:53 -0500] "GET /sipse/faces/javax.faces.resource/primefaces.css?ln=primefaces&v=4.0 HTTP/1.1" 304 -
181.189.25.9 - - [07/Jun/2023:11:39:53 -0500] "GET /sipse/faces/javax.faces.resource/jquery/jquery.js?ln=primefaces&v=4.0 HTTP/1.1" 304 -
181.189.25.9 - - [07/Jun/2023:11:39:53 -0500] "GET /sipse/faces/javax.faces.resource/layout/layout.css?ln=primefaces&v=4.0 HTTP/1.1" 304 -
181.189.25.9 - - [07/Jun/2023:11:39:53 -0500] "GET /sipse/faces/javax.faces.resource/jquery/jquery-plugins.js?ln=primefaces&v=4.0 HTTP/1.1" 304 -
181.189.25.9 - - [07/Jun/2023:11:39:53 -0500] "GET /sipse/faces/javax.faces.resource/primefaces.js?ln=primefaces&v=4.0 HTTP/1.1" 304 -
181.189.25.9 - - [07/Jun/2023:11:39:53 -0500] "GET /sipse/faces/javax.faces.resource/layout/layout.js?ln=primefaces&v=4.0 HTTP/1.1" 304 -
181.189.25.9 - - [07/Jun/2023:11:39:53 -0500] "POST /sipse/faces/presentacion/financiero/solicitudProceso/consultar.xhtml HTTP/1.1" 200 34153
181.189.25.9 - - [07/Jun/2023:11:39:54 -0500] "POST /sipse/faces/presentacion/financiero/solicitudProceso/consultar.xhtml HTTP/1.1" 200 34153
181.189.25.9 - - [07/Jun/2023:11:39:56 -0500] "POST /sipse/faces/presentacion/financiero/solicitudProceso/consultar.xhtml HTTP/1.1" 200 12869
216.245.221.92 - - [07/Jun/2023:11:39:56 -0500] "HEAD / HTTP/1.1" 200 -
181.189.25.9 - - [07/Jun/2023:11:39:59 -0500] "POST /sipse/faces/presentacion/financiero/solicitudProceso/consultar.xhtml HTTP/1.1" 200 167840
181.189.25.9 - - [07/Jun/2023:11:40:00 -0500] "GET /sipse/faces/javax.faces.resource/primefaces.css?ln=primefaces&v=4.0 HTTP/1.1" 304 -
181.189.25.9 - - [07/Jun/2023:11:40:00 -0500] "GET /sipse/faces/javax.faces.resource/layout/layout.css?ln=primefaces&v=4.0 HTTP/1.1" 304 -
181.189.25.9 - - [07/Jun/2023:11:40:00 -0500] "GET /sipse/faces/javax.faces.resource/jquery/jquery.js?ln=primefaces&v=4.0 HTTP/1.1" 304 -
181.189.25.9 - - [07/Jun/2023:11:40:00 -0500] "GET /sipse/faces/javax.faces.resource/theme.css?ln=primefaces-sipse HTTP/1.1" 304 -
181.189.25.9 - - [07/Jun/2023:11:40:00 -0500] "GET /sipse/faces/javax.faces.resource/jquery/jquery-plugins.js?ln=primefaces&v=4.0 HTTP/1.1" 304 -
181.189.25.9 - - [07/Jun/2023:11:40:00 -0500] "GET /sipse/faces/javax.faces.resource/primefaces.js?ln=primefaces&v=4.0 HTTP/1.1" 304 -
181.189.25.9 - - [07/Jun/2023:11:40:00 -0500] "GET /sipse/faces/javax.faces.resource/layout/layout.js?ln=primefaces&v=4.0 HTTP/1.1" 304 -
201.245.192.253 - - [07/Jun/2023:11:40:01 -0500] "POST /sipse/faces/presentacion/financiero/solicitudProceso/consultarSolicitudProceso.xhtml HTTP/1.1" 200 46216
201.245.192.253 - - [07/Jun/2023:11:40:05 -0500] "GET /sipse/faces/javax.faces.resource/jquery/jquery.js?ln=primefaces&v=4.0 HTTP/1.1" 304 -
201.245.192.253 - - [07/Jun/2023:11:40:05 -0500] "GET /sipse/faces/javax.faces.resource/jquery/jquery-plugins.js?ln=primefaces&v=4.0 HTTP/1.1" 304 -
201.245.192.253 - - [07/Jun/2023:11:40:05 -0500] "GET /sipse/faces/javax.faces.resource/primefaces.js?ln=primefaces&v=4.0 HTTP/1.1" 304 -
201.245.192.253 - - [07/Jun/2023:11:40:05 -0500] "GET /sipse/faces/javax.faces.resource/layout/layout.js?ln=primefaces&v=4.0 HTTP/1.1" 304 -
201.245.192.253 - - [07/Jun/2023:11:40:05 -0500] "POST /sipse/faces/presentacion/financiero/solicitudProceso/consultar.xhtml HTTP/1.1" 200 39630
201.245.192.253 - - [07/Jun/2023:11:40:05 -0500] "POST /sipse/faces/presentacion/financiero/solicitudProceso/consultar.xhtml HTTP/1.1" 200 39630
181.189.25.9 - - [07/Jun/2023:11:40:06 -0500] "POST /sipse/faces/presentacion/financiero/solicitudProceso/consultarSolicitudProceso.xhtml HTTP/1.1" 200 136783
201.245.192.253 - - [07/Jun/2023:11:40:09 -0500] "POST /forms/lservlet;jsessionid=ac16012b30d6a92f393de154482dbb9ed70e802439e1.e3iSbxaKaheRe34Kc30KaNqQc41ynknvrkLOlQzNp65In0 HTTP/1.1" 200 2
201.245.192.253 - - [07/Jun/2023:11:40:12 -0500] "POST /kwsrmcab/Wsrmcab HTTP/1.1" 200 40280
201.245.192.253 - - [07/Jun/2023:11:40:14 -0500] "POST /kwsrmcab/Wsrmcab HTTP/1.1" 200 42988
201.245.192.253 - - [07/Jun/2023:11:40:18 -0500] "POST /sipse/faces/presentacion/financiero/solicitudProceso/consultar.xhtml HTTP/1.1" 200 150639
201.245.192.253 - - [07/Jun/2023:11:40:19 -0500] "GET /sipse/faces/javax.faces.resource/jquery/jquery.js?ln=primefaces&v=4.0 HTTP/1.1" 304 -
201.245.192.253 - - [07/Jun/2023:11:40:19 -0500] "GET /sipse/faces/javax.faces.resource/jquery/jquery-plugins.js?ln=primefaces&v=4.0 HTTP/1.1" 304 -
201.245.192.253 - - [07/Jun/2023:11:40:19 -0500] "GET /sipse/faces/javax.faces.resource/primefaces.js?ln=primefaces&v=4.0 HTTP/1.1" 304 -
201.245.192.253 - - [07/Jun/2023:11:40:19 -0500] "GET /sipse/faces/javax.faces.resource/layout/layout.js?ln=primefaces&v=4.0 HTTP/1.1" 304 -
172.22.2.4 - - [07/Jun/2023:11:40:25 -0500] "GET /BLA/boletinlegal/actos.php HTTP/1.1" 200 9682
172.22.2.4 - - [07/Jun/2023:11:40:27 -0500] "GET /BLA/boletinlegal/favicon.ico HTTP/1.1" 404 1326
172.22.2.4 - - [07/Jun/2023:11:40:28 -0500] "GET /BLA/boletinlegal/favicon.ico HTTP/1.1" 404 1038
201.245.192.253 - - [07/Jun/2023:11:40:29 -0500] "POST /sipse/faces/presentacion/financiero/solicitudProceso/consultarSolicitudProceso.xhtml HTTP/1.1" 200 49240
201.245.192.253 - - [07/Jun/2023:11:40:30 -0500] "GET /sipse/faces/javax.faces.resource/primefaces.css?ln=primefaces&v=4.0 HTTP/1.1" 304 -
201.245.192.253 - - [07/Jun/2023:11:40:30 -0500] "GET /sipse/faces/javax.faces.resource/theme.css?ln=primefaces-sipse HTTP/1.1" 304 -
201.245.192.253 - - [07/Jun/2023:11:40:30 -0500] "GET /sipse/faces/javax.faces.resource/jquery/jquery.js?ln=primefaces&v=4.0 HTTP/1.1" 304 -
201.245.192.253 - - [07/Jun/2023:11:40:30 -0500] "GET /sipse/faces/javax.faces.resource/jquery/jquery-plugins.js?ln=primefaces&v=4.0 HTTP/1.1" 304 -
201.245.192.253 - - [07/Jun/2023:11:40:30 -0500] "GET /sipse/faces/javax.faces.resource/layout/layout.css?ln=primefaces&v=4.0 HTTP/1.1" 200 542
201.245.192.253 - - [07/Jun/2023:11:40:30 -0500] "GET /sipse/faces/javax.faces.resource/primefaces.js?ln=primefaces&v=4.0 HTTP/1.1" 304 -
201.245.192.253 - - [07/Jun/2023:11:40:30 -0500] "GET /sipse/faces/javax.faces.resource/layout/layout.js?ln=primefaces&v=4.0 HTTP/1.1" 304 -
201.245.192.253 - - [07/Jun/2023:11:40:30 -0500] "GET /favicon.ico HTTP/1.1" 200 7782
201.245.192.253 - - [07/Jun/2023:11:40:30 -0500] "GET /sipse/faces/javax.faces.resource/images/ui-icons_898989_256x240.png?ln=primefaces-aristo HTTP/1.1" 200 5355
172.22.2.4 - - [07/Jun/2023:11:40:53 -0500] "GET /BLA/boletinlegal/consulta_actos.php?tipo=resoluciones&no=2222&usuario=&sector=&fecha=2018&resuelve= HTTP/1.1" 200 1079
152.200.176.117 - - [07/Jun/2023:11:40:56 -0500] "GET /BLA/resoluciones/RESOLUCIONES%202018/2222.pdf HTTP/1.1" 200 320837
172.22.2.4 - - [07/Jun/2023:11:40:24 -0500] "GET /BLA/boletinlegal/ HTTP/1.1" 200 24523
201.245.192.253 - - [07/Jun/2023:11:41:40 -0500] "POST /kwsrmcab/Wsrmcab  HTTP/1.1" 200 42279
201.245.192.253 - - [07/Jun/2023:11:41:49 -0500] "POST /forms/lservlet;jsessionid=ac16012b30d66db595c4cb004bee933fa45f64494729.e3iSbxaKaheRe34Kc30KaNqQc41ynknvrkLOlQzNp65In0 HTTP/1.1" 200 2
201.245.192.253 - - [07/Jun/2023:11:42:09 -0500] "POST /forms/lservlet;jsessionid=ac16012b30d6a92f393de154482dbb9ed70e802439e1.e3iSbxaKaheRe34Kc30KaNqQc41ynknvrkLOlQzNp65In0 HTTP/1.1" 200 2
172.22.2.4 - - [07/Jun/2023:11:40:30 -0500] "HEAD /BLA/boletinlegal/ HTTP/1.1" 200 -
172.22.2.4 - - [07/Jun/2023:11:40:38 -0500] "GET /BLA/boletinlegal/ HTTP/1.1" 200 49141
186.102.16.225 - - [07/Jun/2023:11:42:25 -0500] "GET /kwssiamovil/sm/ldap/au?x=U2FsdGVkX1+R0aDw0FoUE/ScnbLoD9P9tJFq2Onz4AmgJbRQc3cNLS2UCPesDZNx&y=U2FsdGVkX18Yh4SKRNf/Te1lNrCCttDK8hiZCg+2bune2P2QYpPMs0wH/DXwquvO HTTP/1.1" 200 30
186.102.16.225 - - [07/Jun/2023:11:42:26 -0500] "GET /kwssiamovil/sm/acme/s?s=U2FsdGVkX1/85VDGwwY8RNZ93YsSQWyar5Zl/Z5DkOOSeGFQzmD6T6Qwk/7GkP+Labs3z5wkl2kM1ot/Dys6osFBOQd0di69uoHEmhrtoiQ=&u=U2FsdGVkX18m3iy3PSyce6BK5E56V4CWvee67VydWc2c5EDhqYqixvpUSpOyRSM4&y=U2FsdGVkX18Yh4SKRNf/Te1lNrCCttDK8hiZCg+2bune2P2QYpPMs0wH/DXwquvO HTTP/1.1" 200 97
172.22.2.4 - - [07/Jun/2023:11:42:25 -0500] "GET /BLA/boletinlegal/consulta_actos.php?tipo=autos&no=4132&usuario=&sector=&fecha=2018&resuelve= HTTP/1.1" 200 1115
186.102.16.225 - - [07/Jun/2023:11:42:26 -0500] "GET /kwssiamovil/sm/acme/s?s=U2FsdGVkX1/hmjc3V/GUi8lhkFquHpQWgh1+i7DIofFDJc4H3ZQK+/6M9/sIt8XvV4ejZOXazOC1vjN/VgxCXKuHiRIgtch0p6GoscTUvBTaTGVH1D+6EK4mZvDEOUtZbUYcxi4R9Ro+AEz+IG8kWfIKykxjC/dY3duzzNQIayhD3OBMimvn4m5D7mCjEiwbpyJCMCYNuZmpwzyt3BTBaF4k7xx7gSF302yeSY+VCH7gJaeg9sXBAIbSJURqomIVZwcq1tfSsd5pe9oz6hJx4fgWCQHd1RDtPmAGaB0AQmNvewndNHQj4Zi2lFbnoZ37lQRPHhpTMseKmZLFRKJ1cpLJK+o8LiTBDqHA+0e88bEr3TvBOvawR/W2WJomTdAzAododeDDosqBZumIizVfpcnn7sIEig+412lhtFC+02WYO6OUYEP4utnFXkOJj6f7R1SH2MeQHqsJE3YI7W+hGlAttCkLKc7oW6fENIsbRoi0ZUzpO135CwSuXIJj4xDfG28myOhqbL7IpKk/+Qb6Z+vBGLKkcv/4yDmgvWaJrQMP1e00+Ei5F9b1g5l83AJoX9L8JW9Ndz1RePkxK2TYFEtLPLQQP3fMxn2G2WCUlTu9eZ12JjLYIDcORkt3+fYFgYuwtyQAdPInAw1bxhc9rMFQd45UPMwjIDrYsHCxkwBBg1VwchSKRE0wH3j5emf2msRzIwrF+NQCt53QSqlyYLMg7Pp8UjU1AeZn/6t4kwHuOgB5cJp8xUuvhijptQfraeIFQS+HNEVO34B79OAJe7ksmGVnZ4uoL+6MnCi2+jSA7gcoMQnVzSfshsq7gH9BsUJty0Ih8PKeTd1ovqubQMfv7Tbi9ztRm42TugJ3J2yAx2CoWN7durC/SNByS6SDQ7+gv0Vh6MfpBN6qY++l3YQSTH38LhC82GLdzUzwE6sUD8a26ZJdO3EVL9z2EiO7MrwR9Zm/tlzcE+eZN6F43EkDTsNWEu0Oyi09m5H6uQ/N8mxSTEL+V9kx/vdDX2XV7+p+JRGplLu+qNehgShCsF9C5SM7vO8//R519InUzjn0EJ1u8nWDNYLoKchOupkq1tA8H4V3Vs58MSGvyKjhWoCQLhYjqGQA/55l8H7tDX6+tB/xa9vtfl8Be/bTRWPW8+/0i+4rXoesQoUQcWoew/9K9ylYAl6aVYkwjgNtdeRddV7Rg7HsiRds1uS7lHNBeTVk5WXv+IzuNWb+YuQsUi9fhcoYH8+0feevJGAAPuW4N1qaRWLv3cp9o79v/3yLrRYiIjRKbr5m0iK+ZGMfg4959mDhMILWk3gOs9k9q4N6Xbp8m0rDRofwPJuyd8jSCBZWnqpTPHbmK6iRO2h1tD4F8Vl7nOxAqFPldNyzrzDyi9FRdJBG1R4YKudgI6EU1PAuTchmykMG80MPh9312xirI0MCM9lkbXcFdOOf2Es=&u=U2FsdGVkX18m3iy3PSyce6BK5E56V4CWvee67VydWc2c5EDhqYqixvpUSpOyRSM4&y=U2FsdGVkX18Yh4SKRNf/Te1lNrCCttDK8hiZCg+2bune2P2QYpPMs0wH/DXwquvO HTTP/1.1" 200 1819
186.102.16.225 - - [07/Jun/2023:11:42:26 -0500] "GET /kwssiamovil/sm/acme/s?s=U2FsdGVkX19CQIhmAwinX5sv8YhNAeNcgwoOeqzHLtDvbW6sor0YW4EY2dwOlY0rfX1k0sKIKvRrQSgFNHetvTwIRm3wtPitEuI9Tgn2i9KDP94eZs/MSr/TqlzhvoUPQJRXRieNK1Kz+G/jASM0vSmz1GDXNoS+iP7x2IYxKg7rxt2E3T12VAIFm+gEXUMjoQYzA0kSimRihEta4u8ChIlTWg1FPXINGBY3pJsJUlasidpZz3NepU8WYf3ILyy+1CiBweqbqrasoiHI4WVAjHXqCrLZFd25xIBkv8W7SB+C+CL8Hc9iU8pN7xbskusm3JYZTeqh/lJMYMGpSY3hdsg4nj0OKFN1b4C2j9n2umM=&u=U2FsdGVkX18m3iy3PSyce6BK5E56V4CWvee67VydWc2c5EDhqYqixvpUSpOyRSM4&y=U2FsdGVkX18Yh4SKRNf/Te1lNrCCttDK8hiZCg+2bune2P2QYpPMs0wH/DXwquvO HTTP/1.1" 200 196
186.102.16.225 - - [07/Jun/2023:11:42:26 -0500] "GET /kwssiamovil/sm/cjson/pre?f=1&x=U2FsdGVkX1+R0aDw0FoUE/ScnbLoD9P9tJFq2Onz4AmgJbRQc3cNLS2UCPesDZNx HTTP/1.1" 200 31032
201.245.192.253 - - [07/Jun/2023:11:42:31 -0500] "GET /BLA/resoluciones/AUTOS%202018/4132.pdf HTTP/1.1" 200 256020
172.22.2.4 - - [07/Jun/2023:11:42:45 -0500] "GET /BLA/boletinlegal/consulta_actos.php?tipo=autos&no=4133&usuario=&sector=&fecha=2018&resuelve= HTTP/1.1" 200 1261
201.245.192.253 - - [07/Jun/2023:11:42:48 -0500] "GET /BLA/resoluciones/AUTOS%202018/4133.pdf HTTP/1.1" 200 256460
172.22.2.4 - - [07/Jun/2023:11:41:22 -0500] "GET /BLA/boletinlegal/ HTTP/1.1" 200 54424
172.22.2.4 - - [07/Jun/2023:11:43:06 -0500] "GET /BLA/boletinlegal/consulta_actos.php?tipo=autos&no=4135&usuario=&sector=&fecha=2018&resuelve= HTTP/1.1" 200 1076
201.245.192.253 - - [07/Jun/2023:11:43:10 -0500] "GET /BLA/resoluciones/AUTOS%202018/4135.pdf HTTP/1.1" 200 321963
172.22.2.4 - - [07/Jun/2023:11:43:19 -0500] "GET /BLA/boletinlegal/actos.php HTTP/1.1" 200 9682
172.22.2.4 - - [07/Jun/2023:11:43:21 -0500] "GET /BLA/boletinlegal/consulta_actos.php?tipo=autos&no=4136&usuario=&sector=&fecha=2018&resuelve= HTTP/1.1" 200 626
172.22.2.4 - - [07/Jun/2023:11:43:28 -0500] "GET /BLA/boletinlegal/consulta_actos.php?tipo=autos&no=4138&usuario=&sector=&fecha=2018&resuelve= HTTP/1.1" 200 1022
201.245.192.253 - - [07/Jun/2023:11:43:31 -0500] "GET /BLA/resoluciones/AUTOS%202018/4138.pdf HTTP/1.1" 200 226092
172.22.2.4 - - [07/Jun/2023:11:43:33 -0500] "GET /BLA/boletinlegal/consulta_actos.php?tipo=autos&no=6117&usuario=&sector=&fecha=2010&resuelve= HTTP/1.1" 200 626
172.22.2.4 - - [07/Jun/2023:11:43:47 -0500] "GET /BLA/boletinlegal/consulta_actos.php?tipo=autos&no=4139&usuario=&sector=&fecha=2018&resuelve= HTTP/1.1" 200 626
201.245.192.253 - - [07/Jun/2023:11:43:49 -0500] "POST /forms/lservlet;jsessionid=ac16012b30d66db595c4cb004bee933fa45f64494729.e3iSbxaKaheRe34Kc30KaNqQc41ynknvrkLOlQzNp65In0 HTTP/1.1" 200 2
172.22.2.4 - - [07/Jun/2023:11:43:18 -0500] "GET /BLA/boletinlegal/ HTTP/1.1" 200 24523
172.22.2.4 - - [07/Jun/2023:11:43:53 -0500] "GET /BLA/boletinlegal/consulta_actos.php?tipo=autos&no=4140&usuario=&sector=&fecha=2018&resuelve= HTTP/1.1" 200 626
172.22.2.4 - - [07/Jun/2023:11:43:53 -0500] "GET /BLA/boletinlegal/consulta_actos.php?tipo=autos&no=4140&usuario=&sector=&fecha=2018&resuelve= HTTP/1.1" 200 626
172.22.2.4 - - [07/Jun/2023:11:43:54 -0500] "GET /BLA/boletinlegal/consulta_actos.php?tipo=autos&no=4140&usuario=&sector=&fecha=2018&resuelve= HTTP/1.1" 200 626
172.22.2.4 - - [07/Jun/2023:11:43:54 -0500] "GET /BLA/boletinlegal/consulta_actos.php?tipo=autos&no=4140&usuario=&sector=&fecha=2018&resuelve= HTTP/1.1" 200 626
172.22.2.4 - - [07/Jun/2023:11:43:54 -0500] "GET /BLA/boletinlegal/consulta_actos.php?tipo=autos&no=4140&usuario=&sector=&fecha=2018&resuelve= HTTP/1.1" 200 626
172.22.2.4 - - [07/Jun/2023:11:43:59 -0500] "GET /BLA/boletinlegal/consulta_actos.php?tipo=autos&no=4141&usuario=&sector=&fecha=2018&resuelve= HTTP/1.1" 200 626
172.22.2.4 - - [07/Jun/2023:11:43:59 -0500] "GET /BLA/boletinlegal/consulta_actos.php?tipo=autos&no=4141&usuario=&sector=&fecha=2018&resuelve= HTTP/1.1" 200 626
172.22.2.4 - - [07/Jun/2023:11:43:59 -0500] "GET /BLA/boletinlegal/consulta_actos.php?tipo=autos&no=4141&usuario=&sector=&fecha=2018&resuelve= HTTP/1.1" 200 626
172.22.2.4 - - [07/Jun/2023:11:44:00 -0500] "GET /BLA/boletinlegal/consulta_actos.php?tipo=autos&no=4141&usuario=&sector=&fecha=2018&resuelve= HTTP/1.1" 200 626
172.22.2.4 - - [07/Jun/2023:11:44:06 -0500] "GET /BLA/boletinlegal/consulta_actos.php?tipo=autos&no=4142&usuario=&sector=&fecha=2018&resuelve= HTTP/1.1" 200 626
172.22.2.4 - - [07/Jun/2023:11:44:07 -0500] "GET /BLA/boletinlegal/consulta_actos.php?tipo=autos&no=4142&usuario=&sector=&fecha=2018&resuelve= HTTP/1.1" 200 626
172.22.2.4 - - [07/Jun/2023:11:44:07 -0500] "GET /BLA/boletinlegal/consulta_actos.php?tipo=autos&no=4142&usuario=&sector=&fecha=2018&resuelve= HTTP/1.1" 200 626
172.22.2.4 - - [07/Jun/2023:11:44:07 -0500] "GET /BLA/boletinlegal/consulta_actos.php?tipo=autos&no=4142&usuario=&sector=&fecha=2018&resuelve= HTTP/1.1" 200 626
201.245.192.253 - - [07/Jun/2023:11:44:09 -0500] "POST /forms/lservlet;jsessionid=ac16012b30d6a92f393de154482dbb9ed70e802439e1.e3iSbxaKaheRe34Kc30KaNqQc41ynknvrkLOlQzNp65In0 HTTP/1.1" 200 2
69.63.184.118 - - [07/Jun/2023:11:44:11 -0500] "GET /images/liberacion-animales-silvestres.jpg HTTP/1.1" 200 57397
172.22.2.4 - - [07/Jun/2023:11:44:12 -0500] "GET /BLA/boletinlegal/consulta_actos.php?tipo=autos&no=4143&usuario=&sector=&fecha=2018&resuelve= HTTP/1.1" 200 626
172.22.2.4 - - [07/Jun/2023:11:44:12 -0500] "GET /BLA/boletinlegal/consulta_actos.php?tipo=autos&no=4143&usuario=&sector=&fecha=2018&resuelve= HTTP/1.1" 200 626
172.22.2.4 - - [07/Jun/2023:11:44:13 -0500] "GET /BLA/boletinlegal/consulta_actos.php?tipo=autos&no=4143&usuario=&sector=&fecha=2018&resuelve= HTTP/1.1" 200 626
172.22.2.4 - - [07/Jun/2023:11:44:13 -0500] "GET /BLA/boletinlegal/consulta_actos.php?tipo=autos&no=4143&usuario=&sector=&fecha=2018&resuelve= HTTP/1.1" 200 626
172.22.2.4 - - [07/Jun/2023:11:44:18 -0500] "GET /BLA/boletinlegal/consulta_actos.php?tipo=autos&no=4145&usuario=&sector=&fecha=2018&resuelve= HTTP/1.1" 200 1091
201.245.192.253 - - [07/Jun/2023:11:44:22 -0500] "GET /BLA/resoluciones/AUTOS%202018/4145.pdf HTTP/1.1" 200 223567
191.156.177.173 - - [07/Jun/2023:11:44:37 -0500] "GET /css/date_blue.css HTTP/1.1" 404 1254
191.156.190.14 - - [07/Jun/2023:11:44:37 -0500] "GET /css/fondos.css HTTP/1.1" 404 1254
191.156.177.173 - - [07/Jun/2023:11:44:37 -0500] "GET /css/textos.css HTTP/1.1" 404 1254
191.156.177.173 - - [07/Jun/2023:11:44:39 -0500] "GET /css/bordes.css HTTP/1.1" 404 1254
172.22.2.4 - - [07/Jun/2023:11:44:41 -0500] "GET /BLA/boletinlegal/consulta_actos.php?tipo=autos&no=4146&usuario=&sector=&fecha=2018&resuelve= HTTP/1.1" 200 626
172.22.2.4 - - [07/Jun/2023:11:44:46 -0500] "GET /BLA/boletinlegal/consulta_actos.php?tipo=autos&no=4147&usuario=&sector=&fecha=2018&resuelve= HTTP/1.1" 200 626
172.22.2.4 - - [07/Jun/2023:11:44:51 -0500] "GET /BLA/boletinlegal/consulta_actos.php?tipo=autos&no=4148&usuario=&sector=&fecha=2018&resuelve= HTTP/1.1" 200 626
172.22.2.4 - - [07/Jun/2023:11:44:55 -0500] "GET /BLA/boletinlegal/consulta_actos.php?tipo=autos&no=4149&usuario=&sector=&fecha=2018&resuelve= HTTP/1.1" 200 626
172.22.2.4 - - [07/Jun/2023:11:44:55 -0500] "GET /BLA/boletinlegal/consulta_actos.php?tipo=resoluciones&no=&usuario=&sector=&fecha=2020&resuelve=FAUNA HTTP/1.1" 200 31882
216.245.221.92 - - [07/Jun/2023:11:44:59 -0500] "HEAD / HTTP/1.1" 200 -
172.22.2.4 - - [07/Jun/2023:11:45:01 -0500] "GET /BLA/boletinlegal/consulta_actos.php?tipo=autos&no=4150&usuario=&sector=&fecha=2018&resuelve= HTTP/1.1" 200 626
172.22.2.4 - - [07/Jun/2023:11:45:01 -0500] "GET /BLA/boletinlegal/consulta_actos.php?tipo=autos&no=4150&usuario=&sector=&fecha=2018&resuelve= HTTP/1.1" 200 626
172.22.2.4 - - [07/Jun/2023:11:45:05 -0500] "GET /BLA/boletinlegal/consulta_actos.php?tipo=autos&no=4151&usuario=&sector=&fecha=2018&resuelve= HTTP/1.1" 200 626
172.22.2.4 - - [07/Jun/2023:11:45:05 -0500] "GET /BLA/boletinlegal/consulta_actos.php?tipo=resoluciones&no=2649&usuario=&sector=&fecha=2021&resuelve= HTTP/1.1" 200 1144
172.22.2.4 - - [07/Jun/2023:11:45:06 -0500] "GET /BLA/boletinlegal/images/pdf.gif HTTP/1.1" 200 567
172.22.2.4 - - [07/Jun/2023:11:45:06 -0500] "GET /BLA/boletinlegal/consulta_actos.php?tipo=autos&no=4151&usuario=&sector=&fecha=2018&resuelve= HTTP/1.1" 200 626
172.22.2.4 - - [07/Jun/2023:11:45:06 -0500] "GET /BLA/boletinlegal/consulta_actos.php?tipo=autos&no=4151&usuario=&sector=&fecha=2018&resuelve= HTTP/1.1" 200 626
172.22.2.4 - - [07/Jun/2023:11:45:06 -0500] "GET /BLA/boletinlegal/consulta_actos.php?tipo=autos&no=4151&usuario=&sector=&fecha=2018&resuelve= HTTP/1.1" 200 626
181.53.12.253 - - [07/Jun/2023:11:45:07 -0500] "GET /BLA/resoluciones/RESOLUCIONES%202021/2649.pdf HTTP/1.1" 200 879373
54.39.177.173 - - [07/Jun/2023:11:45:08 -0500] "-" 408 -
201.245.192.253 - - [07/Jun/2023:11:45:10 -0500] "POST /sipse/faces/presentacion/financiero/solicitudProceso/consultarHistorialSolProceso.xhtml HTTP/1.1" 200 195953
201.245.192.253 - - [07/Jun/2023:11:45:11 -0500] "GET /sipse/faces/javax.faces.resource/theme.css?ln=primefaces-sipse HTTP/1.1" 304 -
201.245.192.253 - - [07/Jun/2023:11:45:11 -0500] "GET /sipse/faces/javax.faces.resource/primefaces.css?ln=primefaces&v=4.0 HTTP/1.1" 304 -
201.245.192.253 - - [07/Jun/2023:11:45:11 -0500] "GET /sipse/faces/javax.faces.resource/jquery/jquery-plugins.js?ln=primefaces&v=4.0 HTTP/1.1" 304 -
201.245.192.253 - - [07/Jun/2023:11:45:11 -0500] "GET /sipse/faces/javax.faces.resource/layout/layout.css?ln=primefaces&v=4.0 HTTP/1.1" 304 -
201.245.192.253 - - [07/Jun/2023:11:45:11 -0500] "GET /sipse/faces/javax.faces.resource/jquery/jquery.js?ln=primefaces&v=4.0 HTTP/1.1" 304 -
201.245.192.253 - - [07/Jun/2023:11:45:11 -0500] "GET /sipse/faces/javax.faces.resource/primefaces.js?ln=primefaces&v=4.0 HTTP/1.1" 304 -
201.245.192.253 - - [07/Jun/2023:11:45:11 -0500] "GET /sipse/faces/javax.faces.resource/layout/layout.js?ln=primefaces&v=4.0 HTTP/1.1" 304 -
172.22.2.4 - - [07/Jun/2023:11:45:12 -0500] "GET /BLA/boletinlegal/conceptos.php HTTP/1.1" 200 7496
172.22.2.4 - - [07/Jun/2023:11:45:12 -0500] "GET /BLA/boletinlegal/consulta_actos.php?tipo=autos&no=4152&usuario=&sector=&fecha=2018&resuelve= HTTP/1.1" 200 626
172.22.2.4 - - [07/Jun/2023:11:45:16 -0500] "GET /BLA/boletinlegal/consulta_conceptos.php?no=&solicitante=&radicado_entrada=&fecha_concepto=2023&objeto= HTTP/1.1" 200 14440
172.22.2.4 - - [07/Jun/2023:11:45:18 -0500] "GET /BLA/boletinlegal/consulta_actos.php?tipo=autos&no=4153&usuario=&sector=&fecha=2018&resuelve= HTTP/1.1" 200 626
172.22.2.4 - - [07/Jun/2023:11:45:18 -0500] "GET /BLA/boletinlegal/conceptos/2023/28.pdf HTTP/1.1" 404 1334
172.22.2.4 - - [07/Jun/2023:11:45:18 -0500] "GET /BLA/boletinlegal/consulta_actos.php?tipo=autos&no=4153&usuario=&sector=&fecha=2018&resuelve= HTTP/1.1" 200 626
172.22.2.4 - - [07/Jun/2023:11:45:18 -0500] "GET /BLA/boletinlegal/consulta_actos.php?tipo=autos&no=4153&usuario=&sector=&fecha=2018&resuelve= HTTP/1.1" 200 626
172.22.2.4 - - [07/Jun/2023:11:45:19 -0500] "GET /BLA/boletinlegal/consulta_actos.php?tipo=autos&no=4153&usuario=&sector=&fecha=2018&resuelve= HTTP/1.1" 200 626
201.245.192.253 - - [07/Jun/2023:11:45:20 -0500] "GET /sipse/faces/javax.faces.resource/images/ui-icons_898989_256x240.png?ln=primefaces-aristo HTTP/1.1" 304 -
172.22.2.4 - - [07/Jun/2023:11:45:22 -0500] "GET /BLA/boletinlegal/conceptos/2023/19.pdf HTTP/1.1" 200 393829
172.22.2.4 - - [07/Jun/2023:11:45:23 -0500] "GET /BLA/boletinlegal/consulta_actos.php?tipo=autos&no=4154&usuario=&sector=&fecha=2018&resuelve= HTTP/1.1" 200 626
172.22.2.4 - - [07/Jun/2023:11:45:24 -0500] "GET /BLA/boletinlegal/consulta_actos.php?tipo=autos&no=4154&usuario=&sector=&fecha=2018&resuelve= HTTP/1.1" 200 626
172.22.2.4 - - [07/Jun/2023:11:45:24 -0500] "GET /BLA/boletinlegal/consulta_actos.php?tipo=autos&no=4154&usuario=&sector=&fecha=2018&resuelve= HTTP/1.1" 200 626
172.22.2.4 - - [07/Jun/2023:11:45:24 -0500] "GET /BLA/boletinlegal/consulta_actos.php?tipo=autos&no=4154&usuario=&sector=&fecha=2018&resuelve= HTTP/1.1" 200 626
172.22.2.4 - - [07/Jun/2023:11:45:28 -0500] "GET /BLA/boletinlegal/consulta_actos.php?tipo=autos&no=4155&usuario=&sector=&fecha=2018&resuelve= HTTP/1.1" 200 626
172.22.2.4 - - [07/Jun/2023:11:45:29 -0500] "GET /BLA/boletinlegal/consulta_actos.php?tipo=autos&no=4155&usuario=&sector=&fecha=2018&resuelve= HTTP/1.1" 200 626
172.22.2.4 - - [07/Jun/2023:11:45:29 -0500] "GET /BLA/boletinlegal/consulta_actos.php?tipo=autos&no=4155&usuario=&sector=&fecha=2018&resuelve= HTTP/1.1" 200 626
172.22.2.4 - - [07/Jun/2023:11:45:29 -0500] "GET /BLA/boletinlegal/consulta_actos.php?tipo=autos&no=4155&usuario=&sector=&fecha=2018&resuelve= HTTP/1.1" 200 626
172.22.2.4 - - [07/Jun/2023:11:45:33 -0500] "GET /BLA/boletinlegal/consulta_actos.php?tipo=autos&no=4156&usuario=&sector=&fecha=2018&resuelve= HTTP/1.1" 200 1533
186.102.33.160 - - [07/Jun/2023:11:45:34 -0500] "GET /kwssiamovil/sm/ldap/au?x=U2FsdGVkX1+6qOdnfG2a8C6rStN7qhCzKmeHX7sgkQodJbgGfa+TIj7HN1PFyISd&y=U2FsdGVkX1+QmGWtnIk1dOjUMChgZPnVqWHOeg7tI+zPXV3jdecNT4xR5CQs2gUM HTTP/1.1" 200 31
201.245.192.253 - - [07/Jun/2023:11:45:37 -0500] "GET /BLA/resoluciones/AUTOS%202018/4156.pdf HTTP/1.1" 200 3317782
172.22.2.4 - - [07/Jun/2023:11:45:38 -0500] "GET /BLA/boletinlegal/conceptos/2023/18.pdf HTTP/1.1" 200 368039
172.22.2.4 - - [07/Jun/2023:11:45:09 -0500] "GET /BLA/boletinlegal/ HTTP/1.1" 200 24523
201.244.142.228 - - [07/Jun/2023:11:45:44 -0500] "GET / HTTP/1.1" 200 4720
201.244.142.228 - - [07/Jun/2023:11:45:45 -0500] "GET /js/url.js HTTP/1.1" 404 1294
201.244.142.228 - - [07/Jun/2023:11:45:45 -0500] "GET /favicon.ico HTTP/1.1" 404 1294
201.245.192.253 - - [07/Jun/2023:11:45:49 -0500] "POST /forms/lservlet;jsessionid=ac16012b30d66db595c4cb004bee933fa45f64494729.e3iSbxaKaheRe34Kc30KaNqQc41ynknvrkLOlQzNp65In0 HTTP/1.1" 200 2
172.22.2.4 - - [07/Jun/2023:11:46:08 -0500] "GET /BLA/boletinlegal/consulta_actos.php?tipo=autos&no=4157&usuario=&sector=&fecha=2018&resuelve= HTTP/1.1" 200 626
201.245.192.253 - - [07/Jun/2023:11:46:09 -0500] "POST /forms/lservlet;jsessionid=ac16012b30d6a92f393de154482dbb9ed70e802439e1.e3iSbxaKaheRe34Kc30KaNqQc41ynknvrkLOlQzNp65In0 HTTP/1.1" 200 2
172.22.2.4 - - [07/Jun/2023:11:46:10 -0500] "GET /BLA/boletinlegal/actos.php HTTP/1.1" 200 9682
172.22.2.4 - - [07/Jun/2023:11:46:11 -0500] "GET /BLA/boletinlegal/styles2.css HTTP/1.1" 200 1838
172.22.2.4 - - [07/Jun/2023:11:46:11 -0500] "GET /BLA/boletinlegal/js/ajax_actos.js HTTP/1.1" 200 1322
172.22.2.4 - - [07/Jun/2023:11:46:11 -0500] "GET /BLA/boletinlegal/niceforms.js HTTP/1.1" 200 22876
172.22.2.4 - - [07/Jun/2023:11:46:11 -0500] "GET /BLA/boletinlegal/js/lib.js HTTP/1.1" 200 6474
172.22.2.4 - - [07/Jun/2023:11:46:11 -0500] "GET /BLA/boletinlegal/niceforms-default.css HTTP/1.1" 200 6694
172.22.2.4 - - [07/Jun/2023:11:46:11 -0500] "GET /BLA/boletinlegal/style.css HTTP/1.1" 200 9406
172.22.2.4 - - [07/Jun/2023:11:46:11 -0500] "GET /BLA/boletinlegal/js/popup.js HTTP/1.1" 200 1270
172.22.2.4 - - [07/Jun/2023:11:46:11 -0500] "GET /BLA/boletinlegal/js/jquery1.js HTTP/1.1" 200 29846
172.22.2.4 - - [07/Jun/2023:11:46:11 -0500] "GET /BLA/boletinlegal/images/cabezote%20BLEGAL.jpg HTTP/1.1" 200 118164
172.22.2.4 - - [07/Jun/2023:11:46:11 -0500] "GET /BLA/boletinlegal/images/registro-usuarios.png HTTP/1.1" 200 8106
172.22.2.4 - - [07/Jun/2023:11:46:11 -0500] "GET /BLA/boletinlegal/images/subscribe-icon-big.png HTTP/1.1" 200 47702
172.22.2.4 - - [07/Jun/2023:11:46:11 -0500] "GET /BLA/boletinlegal/images/historia.png HTTP/1.1" 200 52775
172.22.2.4 - - [07/Jun/2023:11:46:11 -0500] "GET /BLA/boletinlegal/images/green-yellow-blue-pink-th.png HTTP/1.1" 200 7394
172.22.2.4 - - [07/Jun/2023:11:46:11 -0500] "GET /BLA/boletinlegal/images/tel.png HTTP/1.1" 200 14477
172.22.2.4 - - [07/Jun/2023:11:46:11 -0500] "GET /BLA/boletinlegal/images/icono-email.png HTTP/1.1" 200 5544
172.22.2.4 - - [07/Jun/2023:11:46:11 -0500] "GET /BLA/boletinlegal/images/body_bg.jpg HTTP/1.1" 200 1601
172.22.2.4 - - [07/Jun/2023:11:46:11 -0500] "GET /BLA/boletinlegal/images/footer_bg.jpg HTTP/1.1" 200 586
172.22.2.4 - - [07/Jun/2023:11:46:11 -0500] "GET /BLA/boletinlegal/images/menu_rght.gif HTTP/1.1" 200 1627
172.22.2.4 - - [07/Jun/2023:11:46:11 -0500] "GET /BLA/boletinlegal/images/text.jpg HTTP/1.1" 200 568
172.22.2.4 - - [07/Jun/2023:11:46:11 -0500] "GET /BLA/boletinlegal/images/menu_bg.jpg HTTP/1.1" 200 620
172.22.2.4 - - [07/Jun/2023:11:46:11 -0500] "GET /BLA/boletinlegal/images/menu_lft.gif HTTP/1.1" 200 1713
172.22.2.4 - - [07/Jun/2023:11:46:11 -0500] "GET /BLA/boletinlegal/images/bg_top.jpg HTTP/1.1" 200 522
172.22.2.4 - - [07/Jun/2023:11:46:11 -0500] "GET /BLA/boletinlegal/images/hover.jpg HTTP/1.1" 200 640
172.22.2.4 - - [07/Jun/2023:11:46:11 -0500] "GET /BLA/boletinlegal/images/footer_bg_l.jpg HTTP/1.1" 200 776
172.22.2.4 - - [07/Jun/2023:11:46:12 -0500] "GET /BLA/boletinlegal/img/0.png HTTP/1.1" 200 110
172.22.2.4 - - [07/Jun/2023:11:46:12 -0500] "GET /BLA/boletinlegal/img/select-left.png HTTP/1.1" 200 263
172.22.2.4 - - [07/Jun/2023:11:46:12 -0500] "GET /BLA/boletinlegal/img/button-left.png HTTP/1.1" 200 57071
172.22.2.4 - - [07/Jun/2023:11:46:12 -0500] "GET /BLA/boletinlegal/img/select-right.png HTTP/1.1" 200 44019
172.22.2.4 - - [07/Jun/2023:11:46:12 -0500] "GET /BLA/boletinlegal/img/button-right.png HTTP/1.1" 200 57878
172.22.2.4 - - [07/Jun/2023:11:46:12 -0500] "GET /BLA/boletinlegal/img/button.png HTTP/1.1" 200 43241
172.22.2.4 - - [07/Jun/2023:11:46:13 -0500] "GET /BLA/boletinlegal/consulta_actos.php?tipo=autos&no=4158&usuario=&sector=&fecha=2018&resuelve= HTTP/1.1" 200 626
201.244.197.240 - - [07/Jun/2023:11:46:19 -0500] "GET /BLA/resoluciones/index.php?dir= HTTP/1.1" 200 13502
172.22.2.4 - - [07/Jun/2023:11:46:19 -0500] "GET /BLA/boletinlegal/consulta_actos.php?tipo=autos&no=4159&usuario=&sector=&fecha=2018&resuelve= HTTP/1.1" 200 1084
201.245.192.253 - - [07/Jun/2023:11:46:22 -0500] "GET /BLA/resoluciones/AUTOS%202018/4159.pdf HTTP/1.1" 200 231796
172.22.2.4 - - [07/Jun/2023:11:46:22 -0500] "GET /BLA/boletinlegal/consulta_actos.php?tipo=resoluciones&no=2260&usuario=&sector=&fecha=2014&resuelve= HTTP/1.1" 200 1105
172.22.2.4 - - [07/Jun/2023:11:46:22 -0500] "GET /BLA/boletinlegal/images/pdf.gif HTTP/1.1" 200 567
201.244.197.240 - - [07/Jun/2023:11:46:22 -0500] "GET /BLA/resoluciones/index.php?dir=AUTOS+2018%2F HTTP/1.1" 200 459919
181.49.153.193 - - [07/Jun/2023:11:46:26 -0500] "GET /BLA/resoluciones/RESOLUCIONES%202014/2260.pdf HTTP/1.1" 200 320209
190.27.194.226 - - [07/Jun/2023:11:46:34 -0500] "GET /catalogoisis/ HTTP/1.1" 200 8575
190.27.194.226 - - [07/Jun/2023:11:46:34 -0500] "GET /catalogoisis/Css/Busqueda.css HTTP/1.1" 200 1995
190.27.194.226 - - [07/Jun/2023:11:46:34 -0500] "GET /catalogoisis/Js/AceptarLimpiar.js HTTP/1.1" 200 331
190.27.194.226 - - [07/Jun/2023:11:46:34 -0500] "GET /catalogoisis/Js/LimpiarCombinada.js HTTP/1.1" 200 207
190.27.194.226 - - [07/Jun/2023:11:46:34 -0500] "GET /catalogoisis/Js/Remote.js HTTP/1.1" 200 436
190.27.194.226 - - [07/Jun/2023:11:46:34 -0500] "GET /catalogoisis/Js/CriterioCombinada.js HTTP/1.1" 200 1843
190.27.194.226 - - [07/Jun/2023:11:46:34 -0500] "GET /catalogoisis/Js/Numero.js HTTP/1.1" 200 398
190.27.194.226 - - [07/Jun/2023:11:46:34 -0500] "GET /catalogoisis/Js/Go.js HTTP/1.1" 200 364
190.27.194.226 - - [07/Jun/2023:11:46:34 -0500] "GET /catalogoisis/Js/Cookies.js HTTP/1.1" 200 1369
190.27.194.226 - - [07/Jun/2023:11:46:34 -0500] "GET /catalogoisis/Js/Enter.js HTTP/1.1" 200 1208
190.27.194.226 - - [07/Jun/2023:11:46:34 -0500] "GET /catalogoisis/imagenes/br1c1.gif HTTP/1.1" 200 172
190.27.194.226 - - [07/Jun/2023:11:46:34 -0500] "GET /catalogoisis/imagenes/br1c3.gif HTTP/1.1" 200 302
190.27.194.226 - - [07/Jun/2023:11:46:34 -0500] "GET /catalogoisis/imagenes/Turnbo1.gif HTTP/1.1" 200 227
190.27.194.226 - - [07/Jun/2023:11:46:34 -0500] "GET /catalogoisis/imagenes/aceptar1.gif HTTP/1.1" 200 604
190.27.194.226 - - [07/Jun/2023:11:46:34 -0500] "GET /catalogoisis/imagenes/limpiar1.gif HTTP/1.1" 200 606
190.27.194.226 - - [07/Jun/2023:11:46:34 -0500] "GET /catalogoisis/imagenes/br3c1.gif HTTP/1.1" 200 177
190.27.194.226 - - [07/Jun/2023:11:46:34 -0500] "GET /catalogoisis/imagenes/br3c3.gif HTTP/1.1" 200 186
190.27.194.226 - - [07/Jun/2023:11:46:34 -0500] "GET /catalogoisis/imagenes/br2c2.gif HTTP/1.1" 200 302
190.27.194.226 - - [07/Jun/2023:11:46:34 -0500] "GET /catalogoisis/imagenes/br2c1.gif HTTP/1.1" 200 297
190.27.194.226 - - [07/Jun/2023:11:46:34 -0500] "GET /catalogoisis/imagenes/Header.gif HTTP/1.1" 200 30313
190.27.194.226 - - [07/Jun/2023:11:46:34 -0500] "GET /catalogoisis/imagenes/br1c2.gif HTTP/1.1" 200 297
190.27.194.226 - - [07/Jun/2023:11:46:34 -0500] "GET /catalogoisis/imagenes/br2c3.gif HTTP/1.1" 200 416
190.27.194.226 - - [07/Jun/2023:11:46:34 -0500] "GET /catalogoisis/imagenes/br3c2.gif HTTP/1.1" 200 285
190.27.194.226 - - [07/Jun/2023:11:46:35 -0500] "GET /favicon.ico HTTP/1.1" 200 7782
186.102.33.160 - - [07/Jun/2023:11:46:38 -0500] "GET /kwssiamovil/sm/ldap/au?x=U2FsdGVkX194OdCnDOY//E7/G3sbIJ6PwdSHvB/qqkYOjt1nIVLv8R5ZUZOey4Za&y=U2FsdGVkX1/rDeCC2odp1DErRPp5ZIssMBjxJznX9CbudEJEx8yB4GiwobQz3ES2 HTTP/1.1" 200 31
172.22.2.4 - - [07/Jun/2023:11:46:39 -0500] "GET /BLA/boletinlegal/consulta_actos.php?tipo=autos&no=4160&usuario=&sector=&fecha=2018&resuelve= HTTP/1.1" 200 626
201.245.192.253 - - [07/Jun/2023:11:46:39 -0500] "POST /kwsrmcab/Wsrmcab  HTTP/1.1" 200 42279
172.22.2.4 - - [07/Jun/2023:11:46:46 -0500] "GET /BLA/boletinlegal/consulta_actos.php?tipo=autos&no=4161&usuario=&sector=&fecha=2018&resuelve= HTTP/1.1" 200 626
172.22.2.4 - - [07/Jun/2023:11:46:47 -0500] "GET /BLA/boletinlegal/consulta_actos.php?tipo=autos&no=4161&usuario=&sector=&fecha=2018&resuelve= HTTP/1.1" 200 626
172.22.2.4 - - [07/Jun/2023:11:46:47 -0500] "GET /BLA/boletinlegal/consulta_actos.php?tipo=autos&no=4161&usuario=&sector=&fecha=2018&resuelve= HTTP/1.1" 200 626
201.244.142.228 - - [07/Jun/2023:11:46:47 -0500] "POST /procesar.php HTTP/1.1" 200 1015
172.22.2.4 - - [07/Jun/2023:11:46:53 -0500] "GET /BLA/boletinlegal/consulta_actos.php?tipo=autos&no=4162&usuario=&sector=&fecha=2018&resuelve= HTTP/1.1" 200 626
172.22.2.4 - - [07/Jun/2023:11:46:53 -0500] "GET /BLA/boletinlegal/consulta_actos.php?tipo=autos&no=4162&usuario=&sector=&fecha=2018&resuelve= HTTP/1.1" 200 626
172.22.2.4 - - [07/Jun/2023:11:46:53 -0500] "GET /BLA/boletinlegal/consulta_actos.php?tipo=autos&no=4162&usuario=&sector=&fecha=2018&resuelve= HTTP/1.1" 200 626
172.22.2.4 - - [07/Jun/2023:11:46:53 -0500] "GET /BLA/boletinlegal/consulta_actos.php?tipo=autos&no=4162&usuario=&sector=&fecha=2018&resuelve= HTTP/1.1" 200 626
181.189.25.9 - - [07/Jun/2023:11:46:55 -0500] "POST /sipse/faces/presentacion/financiero/solicitudProceso/consultarSolicitudProceso.xhtml HTTP/1.1" 200 88507
172.22.2.4 - - [07/Jun/2023:11:46:58 -0500] "GET /BLA/boletinlegal/consulta_actos.php?tipo=autos&no=4163&usuario=&sector=&fecha=2018&resuelve= HTTP/1.1" 200 626
172.22.2.4 - - [07/Jun/2023:11:46:59 -0500] "GET /BLA/boletinlegal/consulta_actos.php?tipo=autos&no=4163&usuario=&sector=&fecha=2018&resuelve= HTTP/1.1" 200 626
172.22.2.4 - - [07/Jun/2023:11:46:59 -0500] "GET /BLA/boletinlegal/consulta_actos.php?tipo=autos&no=4163&usuario=&sector=&fecha=2018&resuelve= HTTP/1.1" 200 626
172.22.2.4 - - [07/Jun/2023:11:46:59 -0500] "GET /BLA/boletinlegal/consulta_actos.php?tipo=autos&no=4163&usuario=&sector=&fecha=2018&resuelve= HTTP/1.1" 200 626
186.102.33.160 - - [07/Jun/2023:11:47:01 -0500] "GET /kwssiamovil/sm/ldap/au?x=U2FsdGVkX1/j1qTK55BbPAU1/D0wWadyhBN57QikPCLwb8KTtFV7C+T1huSCOn9Z&y=U2FsdGVkX18plc5unUX1eVa+Y8ctAm4VYONorDN6/NeGw2809n023gLdF2xvQhNR HTTP/1.1" 200 30
186.102.33.160 - - [07/Jun/2023:11:47:01 -0500] "GET /kwssiamovil/sm/acme/s?s=U2FsdGVkX19jcYSdaXynGhWbQkmy8hbF+NgtWGePB5gidUu7LhMxlKmgW2RnyTr4AnJJwqvr22EZ1BotJS0cJcbKi0Tya19GOam0rC0YOr4=&u=U2FsdGVkX18AfNhXqSr0cyISHtzRqJ4s+pWhu2+Xbt4=&y=U2FsdGVkX18plc5unUX1eVa+Y8ctAm4VYONorDN6/NeGw2809n023gLdF2xvQhNR HTTP/1.1" 200 97
186.102.33.160 - - [07/Jun/2023:11:47:01 -0500] "GET /kwssiamovil/sm/acme/s?s=U2FsdGVkX1/zfmdoxP5SKpn0HFzR3y6Pp9bw/9dlh27xztLib5KZ+5lb7GjodHD6f4OgGn5kS/2qC3hRdTJszMN3fPY4fWkHy2kRviMXeEs6wRvc1GfnVkbPdQOYcGWUBU8C/Egrgsk4fEUIGerU5aOU5POqmpOHAPld2Idvv4+NOxFHrccyCRe1PQrRfL/sM2YUhpPTjxuSFbaTGaRrS2tYtf5UA4muz6q9EpiY2BAt5G1KMRhmst4g6AMME6b3Sweiz9xTg6x2JzzTI/Y2WMQGTopzXnxvRqbkloE2Jmc9FVxDSWP7KI2m+zLWq14UsFtY5pxcYmCN0XvFWr+cd4vOYyyrGbX1gWaomSUM6nBeuQSO7ACkY5qLuK1ZH/UqvXhUiOCuOYJpZfj4bhwsvXTS4se4tJ5nuwO+KqNdF1Wc0chz/1IIHe0lNX/P0MmS4uuH1zjVZh180GN558LEX/ax4LT/XFEW1Eak7srCdZxs8WjK4gsfpNdNpQwl360KmmCclB2xC8MmG4rOg1QddldbUnVVfvTsKn7L4a4dQtJ1rJez/eSTNKYg5uhNjDf8M3q+oMYvl9DfRSoA2jmLAeTUQAhrI9wH9qfsSTRLqdOZHvJGgLIIwTaVJb2VR3Wuu+c+JK2JlZPzBy9EiqpC0sCwmDw9ZSNAqo3z96/wlIRkZ4geTsKe6wUA4xk48pgusIcXLyHD704QB5aUdudNOcaKdVnDu6SfPHGc3pElzLWTl0ravPTbuip4ZX/+UmUayUVQFsaEIxv3arB+7H0KxJZe1qvrcB4m8AnCV5XR+xbk+fm770zm+0q2ZUyr+leWLg2i0J18piVUEGgVAzcW5FBuEM0vYaau8x7WcGCMlOGNXTFC4ewzt+n1UTG3ZrUnzShyY6+CmMcoyzT4hk4CsAjLg9oCjucx1tWb4YmrmgpOeUAskYZZpE1FedBzIvI74pmvIHqZWdo+OGiD7fHA72xRMz90ZDgwa0xBQqG7bKvJ0UHnxS9GOLvzBWzKZMfKkP9Lb2V5OWbXg5LSi7avU2ecikGpQxNl7bp6ruSDX1v5C0eo/qUU1VKEP2hOQNxRgdycU1+z/yUC5pBjF3qjQp7kpFiTFuJYXw59MFo3o+WpoJg1o6R1JM/MjDbZHfiLGhgBOkDe8w3f2uE9USo0ypBdg2Nkb4/R5bkIs5atBN1wTbAdRZVPCseGgpbayhvC/HXgp6PCb6eXHaZusuBQI4ud5zX6G4R0rN/ilIbTwgxxvWqpyb3b9sDQnwwi6X0U6xjRfIVUQimtz/mwCs1kdj+vEIF+ASmQQAssTiPvyql8CNJphgDVfaGc4uUBvCZ2obUFiJ+ANmp+Npiq/J7ktO94o73sRN09So+Y+a6BvOJXxPg9MW0aeKJU3A0j8PTBHbrd5VpmSvJUbTuifRzIq4PjYFc1Curpb7y8HhsWS4FFOyB+Eb+U3ht/u6FdScIkeghAv5ECRn/FkjIPcWxjJR+21dck2sqT+NHxKNKZZo4W39jubAU2JDWvqbX/CDZXdR9gf4Uvo4W5X2jEmAY1EfJDWUStnzUvpOiDzsClLdBruSSjRbgvvkj+8W5mvos9J1aLrCENbSGufThC8c4pQyiFK1Zy94on1CZalTXwKotarw6vAkP0cWgjMtjfJ9cAacVocir1WiyjzMA6B46cK63DDbi7EjtXpXwPIoogzaN0QRAdMNX1qap4SMzMTONhYMvAEroi17ESB/UkVfgX5AbciXROh+w6UcWVsFOuTSk=&u=U2FsdGVkX18AfNhXqSr0cyISHtzRqJ4s+pWhu2+Xbt4=&y=U2FsdGVkX18plc5unUX1eVa+Y8ctAm4VYONorDN6/NeGw2809n023gLdF2xvQhNR HTTP/1.1" 200 358
186.102.33.160 - - [07/Jun/2023:11:47:02 -0500] "GET /kwssiamovil/sm/acme/s?s=U2FsdGVkX18COr4/KnpWxxZQnUVix4/bJTjc+jxk8KIhaWAmoCY0fvm1GO9mRkimrZIdUiwzggN7DQnUmSFXnJlf70jZojx4Ug0aMHm7FUPfCCaJM/j56LYj0obsgjH1Y74pi3tNGrI7gb3einvnaBIxP7TGcFV77rHMk/qgWEm6R18EiX+sfE/mQlFTh9ipc2GCOyqPayCgsu3etEcx1ljiVrtSCq0gAa/qt2fdqbmN5wtcrqBmyyqUlQJHel2j90foS4j/rYtcJvEjkQFZx1fN7El3Jblegx7fAHdXwI09eLcMkpSpWFAIJeVuJdIME+svQtcoEDSbTSaL3WmBFpzrKLZmwKS+ML2Aw28eTdHhekNA2UjGnLsBUd8k7iAdbpKhgwfAVU6iwA241oKedgAWucPw7wg0FW/dr42Uch0Ng3HGIxZ1LAgOX3oWUZa2+fV9oSUi2Hb5/3XzdH/wSbIU7S9Zvi6MM0trkU6gbCX4TBAlHaLNpL76DE9M2Z95YCnmGq3z5opuiO9XWpASxkuXcpQqu3YXMWYn3IJ/SHrZD/U2VShbd7aWzINUi/KmwItdUfr5FlOceEgk14ZLw1lU84G1iLCq7BKUkof0ycijfWHlpNcdWdcVjNIaWTvebA1nE1VWkOBz8EUsoTpsUdZMsg1ni6Zdmd2lnr9ziqbMhmkKBI/nEzRALC5KzkvOmkmZS0kTycnzCWGC0hu55pQkcJ+oyw/QJJA3M8x8jZTzdCXdO5gZq0qXnuh/h2hT&u=U2FsdGVkX18AfNhXqSr0cyISHtzRqJ4s+pWhu2+Xbt4=&y=U2FsdGVkX18plc5unUX1eVa+Y8ctAm4VYONorDN6/NeGw2809n023gLdF2xvQhNR HTTP/1.1" 200 208
186.102.33.160 - - [07/Jun/2023:11:47:02 -0500] "GET /kwssiamovil/sm/cjson/pre?f=1&x=U2FsdGVkX1/j1qTK55BbPAU1/D0wWadyhBN57QikPCLwb8KTtFV7C+T1huSCOn9Z HTTP/1.1" 200 31032
172.22.2.4 - - [07/Jun/2023:11:47:04 -0500] "GET /BLA/boletinlegal/consulta_actos.php?tipo=autos&no=4164&usuario=&sector=&fecha=2018&resuelve= HTTP/1.1" 200 1320
201.245.192.253 - - [07/Jun/2023:11:47:08 -0500] "GET /BLA/resoluciones/AUTOS%202018/4164.pdf HTTP/1.1" 200 244331
173.252.79.116 - - [07/Jun/2023:11:47:20 -0500] "GET /images/cr\xc3\xb3nica-29-nov-1_optimized.jpeg HTTP/1.1" 404 1034
172.22.2.4 - - [07/Jun/2023:11:47:26 -0500] "GET /BLA/boletinlegal/consulta_actos.php?tipo=autos&no=4165&usuario=&sector=&fecha=2018&resuelve= HTTP/1.1" 200 1085
201.245.192.253 - - [07/Jun/2023:11:47:29 -0500] "GET /BLA/resoluciones/AUTOS%202018/4165.pdf HTTP/1.1" 200 286544
172.22.2.4 - - [07/Jun/2023:11:47:45 -0500] "GET /BLA/boletinlegal/consulta_actos.php?tipo=autos&no=4166&usuario=&sector=&fecha=2018&resuelve= HTTP/1.1" 200 626
201.245.192.253 - - [07/Jun/2023:11:47:49 -0500] "POST /forms/lservlet;jsessionid=ac16012b30d66db595c4cb004bee933fa45f64494729.e3iSbxaKaheRe34Kc30KaNqQc41ynknvrkLOlQzNp65In0 HTTP/1.1" 200 2
172.22.2.4 - - [07/Jun/2023:11:47:51 -0500] "GET /BLA/boletinlegal/consulta_actos.php?tipo=resoluciones&no=2711&usuario=&sector=&fecha=2021&resuelve= HTTP/1.1" 200 626
172.22.2.4 - - [07/Jun/2023:11:47:52 -0500] "GET /BLA/boletinlegal/consulta_actos.php?tipo=autos&no=4167&usuario=&sector=&fecha=2018&resuelve= HTTP/1.1" 200 626
201.245.192.253 - - [07/Jun/2023:11:47:55 -0500] "GET /appsia/controlador HTTP/1.1" 200 4799
201.245.192.253 - - [07/Jun/2023:11:47:56 -0500] "GET /appsia/css/estilos.css HTTP/1.1" 200 4804
201.245.192.253 - - [07/Jun/2023:11:47:56 -0500] "GET /appsia/scripts/validarIngreso.js HTTP/1.1" 200 851
201.245.192.253 - - [07/Jun/2023:11:47:56 -0500] "GET /appsia/images/logo_bogota_p.png HTTP/1.1" 200 14951
201.245.192.253 - - [07/Jun/2023:11:47:56 -0500] "GET /appsia/images/cabezoteHojaVida.png HTTP/1.1" 200 32493
201.245.192.253 - - [07/Jun/2023:11:47:56 -0500] "GET /favicon.ico HTTP/1.1" 200 7782
172.22.2.4 - - [07/Jun/2023:11:47:58 -0500] "GET /BLA/boletinlegal/consulta_actos.php?tipo=autos&no=4168&usuario=&sector=&fecha=2018&resuelve= HTTP/1.1" 200 1089
172.22.2.4 - - [07/Jun/2023:11:46:20 -0500] "HEAD /BLA/boletinlegal/ HTTP/1.1" 200 -
201.245.192.253 - - [07/Jun/2023:11:48:01 -0500] "GET /BLA/resoluciones/AUTOS%202018/4168.pdf HTTP/1.1" 200 324653
192.168.171.63 - - [07/Jun/2023:11:48:02 -0500] "GET /asi-fue-el-reverdecer-de-leandra-marulanda-mujer-resiliente-que-ahora-emprende-con-el-compostaje.html HTTP/1.1" 200 842
201.245.192.253 - - [07/Jun/2023:11:48:09 -0500] "POST /forms/lservlet;jsessionid=ac16012b30d6a92f393de154482dbb9ed70e802439e1.e3iSbxaKaheRe34Kc30KaNqQc41ynknvrkLOlQzNp65In0 HTTP/1.1" 200 2
201.245.192.253 - - [07/Jun/2023:11:48:11 -0500] "POST /appsia/controlador HTTP/1.1" 200 5437
201.245.192.253 - - [07/Jun/2023:11:48:13 -0500] "GET /appsia/images/logo_escudo.png HTTP/1.1" 200 36965
201.245.192.253 - - [07/Jun/2023:11:48:13 -0500] "POST /appsia/controlador HTTP/1.1" 200 122380
172.22.2.4 - - [07/Jun/2023:11:48:15 -0500] "GET /BLA/boletinlegal/consulta_actos.php?tipo=autos&no=4170&usuario=&sector=&fecha=2018&resuelve= HTTP/1.1" 200 626
172.22.2.4 - - [07/Jun/2023:11:48:22 -0500] "GET /BLA/boletinlegal/consulta_actos.php?tipo=autos&no=4171&usuario=&sector=&fecha=2018&resuelve= HTTP/1.1" 200 1077
201.245.192.253 - - [07/Jun/2023:11:48:25 -0500] "GET /BLA/resoluciones/AUTOS%202018/4171.pdf HTTP/1.1" 200 264310
172.22.2.4 - - [07/Jun/2023:11:48:43 -0500] "GET /BLA/boletinlegal/consulta_actos.php?tipo=autos&no=4172&usuario=&sector=&fecha=2018&resuelve= HTTP/1.1" 200 626
201.245.192.253 - - [07/Jun/2023:11:48:45 -0500] "GET /sipse/faces/index.xhtml HTTP/1.1" 200 677
201.245.192.253 - - [07/Jun/2023:11:48:45 -0500] "GET /sipse/faces/javax.faces.resource/theme.css?ln=primefaces-sipse HTTP/1.1" 304 -
201.245.192.253 - - [07/Jun/2023:11:48:45 -0500] "GET /sipse/faces/faces/autenticacion.xhtml HTTP/1.1" 200 12181
201.245.192.253 - - [07/Jun/2023:11:48:46 -0500] "GET /sipse/faces/javax.faces.resource/theme.css?ln=primefaces-sipse HTTP/1.1" 304 -
201.245.192.253 - - [07/Jun/2023:11:48:46 -0500] "GET /sipse/faces/javax.faces.resource/jquery/jquery.js?ln=primefaces&v=4.0 HTTP/1.1" 200 105384
201.245.192.253 - - [07/Jun/2023:11:48:46 -0500] "GET /sipse/css/custom_css_sg_prime_login.css HTTP/1.1" 200 443
201.245.192.253 - - [07/Jun/2023:11:48:46 -0500] "GET /sipse/faces/javax.faces.resource/primefaces.css?ln=primefaces&v=4.0 HTTP/1.1" 304 -
201.245.192.253 - - [07/Jun/2023:11:48:46 -0500] "GET /sipse/faces/javax.faces.resource/layout/layout.js?ln=primefaces&v=4.0 HTTP/1.1" 200 87560
201.245.192.253 - - [07/Jun/2023:11:48:46 -0500] "GET /sipse/faces/javax.faces.resource/layout/layout.css?ln=primefaces&v=4.0 HTTP/1.1" 304 -
201.245.192.253 - - [07/Jun/2023:11:48:46 -0500] "GET /sipse/css/custom_css_sg.css HTTP/1.1" 200 9694
201.245.192.253 - - [07/Jun/2023:11:48:46 -0500] "GET /sipse/js/disable_browser_buttons.js HTTP/1.1" 200 3230
201.245.192.253 - - [07/Jun/2023:11:48:46 -0500] "GET /sipse/faces/javax.faces.resource/jquery/jquery-plugins.js?ln=primefaces&v=4.0 HTTP/1.1" 200 220526
201.245.192.253 - - [07/Jun/2023:11:48:46 -0500] "GET /sipse/js/funciones.js HTTP/1.1" 200 12592
201.245.192.253 - - [07/Jun/2023:11:48:46 -0500] "GET /sipse/faces/javax.faces.resource/primefaces.js?ln=primefaces&v=4.0 HTTP/1.1" 200 276924
201.245.192.253 - - [07/Jun/2023:11:48:46 -0500] "GET /sipse/css/imagen/loginimg.png HTTP/1.1" 200 71635
201.245.192.253 - - [07/Jun/2023:11:48:46 -0500] "GET /sipse/faces/javax.faces.resource/images/ui-icons_898989_256x240.png?ln=primefaces-aristo HTTP/1.1" 304 -
201.245.192.253 - - [07/Jun/2023:11:48:46 -0500] "GET /sipse/css/imagen/logoSDG.png HTTP/1.1" 200 53064
201.245.192.253 - - [07/Jun/2023:11:48:50 -0500] "POST /sipse/faces/autenticacion.xhtml HTTP/1.1" 200 2222
201.245.192.253 - - [07/Jun/2023:11:48:50 -0500] "GET /sipse/faces/javax.faces.resource/messages/messages.png?ln=primefaces&v=4.0 HTTP/1.1" 304 -
172.22.2.4 - - [07/Jun/2023:11:48:50 -0500] "GET /BLA/boletinlegal/consulta_actos.php?tipo=autos&no=4173&usuario=&sector=&fecha=2018&resuelve= HTTP/1.1" 200 626
172.22.2.4 - - [07/Jun/2023:11:47:11 -0500] "GET /BLA/boletinlegal/ HTTP/1.1" 200 54808
201.245.192.253 - - [07/Jun/2023:11:48:51 -0500] "POST /sipse/faces/autenticacion.xhtml HTTP/1.1" 200 18965
201.245.192.253 - - [07/Jun/2023:11:48:51 -0500] "GET /sipse/faces/javax.faces.resource/theme.css?ln=primefaces-sipse HTTP/1.1" 304 -
201.245.192.253 - - [07/Jun/2023:11:48:51 -0500] "GET /sipse/faces/javax.faces.resource/primefaces.css?ln=primefaces&v=4.0 HTTP/1.1" 304 -
201.245.192.253 - - [07/Jun/2023:11:48:51 -0500] "GET /sipse/faces/javax.faces.resource/layout/layout.css?ln=primefaces&v=4.0 HTTP/1.1" 304 -
201.245.192.253 - - [07/Jun/2023:11:48:51 -0500] "GET /sipse/css/custom_css_sg_prime.css HTTP/1.1" 200 5201
201.245.192.253 - - [07/Jun/2023:11:48:51 -0500] "GET /sipse/js/jquery.min.js HTTP/1.1" 200 85582
201.245.192.253 - - [07/Jun/2023:11:48:51 -0500] "GET /sipse/faces/javax.faces.resource/jquery/jquery.js?ln=primefaces&v=4.0 HTTP/1.1" 304 -
201.245.192.253 - - [07/Jun/2023:11:48:51 -0500] "GET /sipse/faces/javax.faces.resource/jquery/jquery-plugins.js?ln=primefaces&v=4.0 HTTP/1.1" 304 -
201.245.192.253 - - [07/Jun/2023:11:48:51 -0500] "GET /sipse/faces/javax.faces.resource/primefaces.js?ln=primefaces&v=4.0 HTTP/1.1" 304 -
201.245.192.253 - - [07/Jun/2023:11:48:51 -0500] "GET /sipse/faces/javax.faces.resource/layout/layout.js?ln=primefaces&v=4.0 HTTP/1.1" 304 -
201.245.192.253 - - [07/Jun/2023:11:48:52 -0500] "GET /sipse/imagenes/logoAplicacion.jpg HTTP/1.1" 200 155084
201.245.192.253 - - [07/Jun/2023:11:48:52 -0500] "GET /sipse/css/v_mergente.css HTTP/1.1" 200 1505
201.245.192.253 - - [07/Jun/2023:11:48:52 -0500] "GET /sipse/imagenes/cargando.gif HTTP/1.1" 200 36959
201.245.192.253 - - [07/Jun/2023:11:48:52 -0500] "GET /sipse/css/imagen/contrasena.png HTTP/1.1" 404 383
201.245.192.253 - - [07/Jun/2023:11:48:53 -0500] "POST /sipse/faces/bienvenido.xhtml HTTP/1.1" 200 3182
201.245.192.253 - - [07/Jun/2023:11:48:53 -0500] "GET /sipse/faces/javax.faces.resource/images/ui-bg_flat_0_2d5972_40x100.png?ln=primefaces-aristo HTTP/1.1" 304 -
201.245.166.34 - - [07/Jun/2023:11:48:55 -0500] "POST /sipse/faces/presentacion/financiero/solicitudProceso/consultarSolicitudProceso.xhtml HTTP/1.1" 200 53567
201.245.166.34 - - [07/Jun/2023:11:48:55 -0500] "GET /sipse/faces/javax.faces.resource/theme.css?ln=primefaces-sipse HTTP/1.1" 304 -
201.245.166.34 - - [07/Jun/2023:11:48:55 -0500] "GET /sipse/faces/javax.faces.resource/primefaces.css?ln=primefaces&v=4.0 HTTP/1.1" 304 -
201.245.166.34 - - [07/Jun/2023:11:48:55 -0500] "GET /sipse/faces/javax.faces.resource/layout/layout.css?ln=primefaces&v=4.0 HTTP/1.1" 304 -
201.245.166.34 - - [07/Jun/2023:11:48:55 -0500] "GET /sipse/css/imagen/contrasena.png HTTP/1.1" 404 383
201.245.166.34 - - [07/Jun/2023:11:48:55 -0500] "GET /sipse/faces/javax.faces.resource/jquery/jquery.js?ln=primefaces&v=4.0 HTTP/1.1" 304 -
201.245.166.34 - - [07/Jun/2023:11:48:55 -0500] "GET /sipse/faces/javax.faces.resource/jquery/jquery-plugins.js?ln=primefaces&v=4.0 HTTP/1.1" 304 -
201.245.166.34 - - [07/Jun/2023:11:48:55 -0500] "GET /sipse/faces/javax.faces.resource/primefaces.js?ln=primefaces&v=4.0 HTTP/1.1" 304 -
201.245.166.34 - - [07/Jun/2023:11:48:55 -0500] "GET /sipse/faces/javax.faces.resource/layout/layout.js?ln=primefaces&v=4.0 HTTP/1.1" 304 -
201.245.166.34 - - [07/Jun/2023:11:48:56 -0500] "GET /sipse/faces/javax.faces.resource/images/ui-icons_898989_256x240.png?ln=primefaces-aristo HTTP/1.1" 304 -
201.245.166.34 - - [07/Jun/2023:11:48:56 -0500] "POST /sipse/faces/presentacion/financiero/solicitudProceso/listarSolicitudProceso.xhtml HTTP/1.1" 200 46935
201.245.166.34 - - [07/Jun/2023:11:48:56 -0500] "GET /sipse/faces/javax.faces.resource/images/ui-bg_flat_0_2d5972_40x100.png?ln=primefaces-aristo HTTP/1.1" 304 -
172.22.2.4 - - [07/Jun/2023:11:48:56 -0500] "GET /BLA/boletinlegal/consulta_actos.php?tipo=autos&no=4174&usuario=&sector=&fecha=2018&resuelve= HTTP/1.1" 200 626
201.245.192.253 - - [07/Jun/2023:11:48:57 -0500] "POST /sipse/faces/bienvenido.xhtml HTTP/1.1" 200 2677
201.245.166.34 - - [07/Jun/2023:11:48:56 -0500] "POST /sipse/faces/presentacion/financiero/solicitudProceso/listarSolicitudProceso.xhtml HTTP/1.1" 200 46935
172.22.2.4 - - [07/Jun/2023:11:48:57 -0500] "GET /BLA/boletinlegal/consulta_actos.php?tipo=autos&no=4174&usuario=&sector=&fecha=2018&resuelve= HTTP/1.1" 200 626
201.245.166.34 - - [07/Jun/2023:11:48:57 -0500] "POST /sipse/faces/presentacion/financiero/solicitudProceso/listarSolicitudProceso.xhtml HTTP/1.1" 200 46935
172.22.2.4 - - [07/Jun/2023:11:48:57 -0500] "GET /BLA/boletinlegal/consulta_actos.php?tipo=autos&no=4174&usuario=&sector=&fecha=2018&resuelve= HTTP/1.1" 200 626
201.245.166.34 - - [07/Jun/2023:11:48:58 -0500] "POST /sipse/faces/presentacion/financiero/solicitudProceso/listarSolicitudProceso.xhtml HTTP/1.1" 200 1524
201.245.166.34 - - [07/Jun/2023:11:48:58 -0500] "POST /sipse/faces/presentacion/financiero/solicitudProceso/listarSolicitudProceso.xhtml HTTP/1.1" 200 1524
201.245.166.34 - - [07/Jun/2023:11:48:58 -0500] "POST /sipse/faces/presentacion/financiero/solicitudProceso/listarSolicitudProceso.xhtml HTTP/1.1" 200 1532
40.77.190.135 - - [07/Jun/2023:11:48:58 -0500] "GET /portaldeninos/wp-content/themes/betheme/fonts/mfn-icons.woff?93978679 HTTP/1.1" 200 80932
201.245.166.34 - - [07/Jun/2023:11:48:58 -0500] "POST /sipse/faces/presentacion/financiero/solicitudProceso/listarSolicitudProceso.xhtml HTTP/1.1" 200 16657
201.245.192.253 - - [07/Jun/2023:11:48:58 -0500] "POST /sipse/faces/bienvenido.xhtml HTTP/1.1" 200 38983
201.245.192.253 - - [07/Jun/2023:11:48:58 -0500] "GET /sipse/faces/javax.faces.resource/primefaces.css?ln=primefaces&v=4.0 HTTP/1.1" 304 -
201.245.192.253 - - [07/Jun/2023:11:48:58 -0500] "GET /sipse/faces/javax.faces.resource/layout/layout.css?ln=primefaces&v=4.0 HTTP/1.1" 304 -
201.245.192.253 - - [07/Jun/2023:11:48:58 -0500] "GET /sipse/faces/javax.faces.resource/theme.css?ln=primefaces-sipse HTTP/1.1" 304 -
201.245.192.253 - - [07/Jun/2023:11:48:58 -0500] "GET /sipse/faces/javax.faces.resource/jquery/jquery.js?ln=primefaces&v=4.0 HTTP/1.1" 304 -
201.245.192.253 - - [07/Jun/2023:11:48:58 -0500] "GET /sipse/faces/javax.faces.resource/jquery/jquery-plugins.js?ln=primefaces&v=4.0 HTTP/1.1" 304 -
201.245.192.253 - - [07/Jun/2023:11:48:58 -0500] "GET /sipse/faces/javax.faces.resource/primefaces.js?ln=primefaces&v=4.0 HTTP/1.1" 304 -
