172.22.2.4 - - [07/Jun/2023:10:38:29 -0500] "GET /BLA/boletinlegal/consulta_actos.php?tipo=autos&no=4072&usuario=&sector=&fecha=2018&resuelve= HTTP/1.1" 200 626
172.22.2.4 - - [07/Jun/2023:10:38:29 -0500] "GET /BLA/boletinlegal/consulta_actos.php?tipo=autos&no=4072&usuario=&sector=&fecha=2018&resuelve= HTTP/1.1" 200 626
172.22.2.4 - - [07/Jun/2023:10:38:30 -0500] "GET /BLA/boletinlegal/consulta_actos.php?tipo=autos&no=4072&usuario=&sector=&fecha=2018&resuelve= HTTP/1.1" 200 626
3.1.48.167 - - [07/Jun/2023:10:38:33 -0500] "GET /galeria/nivo-slider/demo/images/Banner%20canales%20virtuales.jpg HTTP/1.1" 200 209438
172.22.2.4 - - [07/Jun/2023:10:38:34 -0500] "GET /BLA/boletinlegal/consulta_actos.php?tipo=autos&no=4073&usuario=&sector=&fecha=2018&resuelve= HTTP/1.1" 200 626
172.22.2.4 - - [07/Jun/2023:10:38:35 -0500] "GET /BLA/boletinlegal/consulta_actos.php?tipo=autos&no=4073&usuario=&sector=&fecha=2018&resuelve= HTTP/1.1" 200 626
172.22.2.4 - - [07/Jun/2023:10:38:35 -0500] "GET /BLA/boletinlegal/consulta_actos.php?tipo=autos&no=4073&usuario=&sector=&fecha=2018&resuelve= HTTP/1.1" 200 626
172.22.2.4 - - [07/Jun/2023:10:38:35 -0500] "GET /BLA/boletinlegal/consulta_actos.php?tipo=autos&no=4073&usuario=&sector=&fecha=2018&resuelve= HTTP/1.1" 200 626
172.22.2.4 - - [07/Jun/2023:10:38:42 -0500] "GET /BLA/boletinlegal/consulta_actos.php?tipo=autos&no=4074&usuario=&sector=&fecha=2018&resuelve= HTTP/1.1" 200 1117
186.84.21.166 - - [07/Jun/2023:10:38:44 -0500] "GET /sipse/faces/index.xhtml HTTP/1.1" 200 677
186.84.21.166 - - [07/Jun/2023:10:38:44 -0500] "GET /sipse/faces/javax.faces.resource/theme.css?ln=primefaces-sipse HTTP/1.1" 304 -
186.84.21.166 - - [07/Jun/2023:10:38:44 -0500] "GET /sipse/faces/faces/autenticacion.xhtml HTTP/1.1" 200 12181
186.84.21.166 - - [07/Jun/2023:10:38:44 -0500] "GET /sipse/faces/javax.faces.resource/theme.css?ln=primefaces-sipse HTTP/1.1" 304 -
186.84.21.166 - - [07/Jun/2023:10:38:44 -0500] "GET /sipse/faces/javax.faces.resource/primefaces.css?ln=primefaces&v=4.0 HTTP/1.1" 304 -
186.84.21.166 - - [07/Jun/2023:10:38:44 -0500] "GET /sipse/faces/javax.faces.resource/layout/layout.css?ln=primefaces&v=4.0 HTTP/1.1" 304 -
186.84.21.166 - - [07/Jun/2023:10:38:44 -0500] "GET /sipse/faces/javax.faces.resource/jquery/jquery-plugins.js?ln=primefaces&v=4.0 HTTP/1.1" 304 -
186.84.21.166 - - [07/Jun/2023:10:38:44 -0500] "GET /sipse/faces/javax.faces.resource/primefaces.js?ln=primefaces&v=4.0 HTTP/1.1" 304 -
186.84.21.166 - - [07/Jun/2023:10:38:44 -0500] "GET /sipse/faces/javax.faces.resource/jquery/jquery.js?ln=primefaces&v=4.0 HTTP/1.1" 304 -
186.84.21.166 - - [07/Jun/2023:10:38:44 -0500] "GET /sipse/faces/javax.faces.resource/layout/layout.js?ln=primefaces&v=4.0 HTTP/1.1" 304 -
186.84.21.166 - - [07/Jun/2023:10:38:45 -0500] "GET /sipse/faces/javax.faces.resource/images/ui-icons_898989_256x240.png?ln=primefaces-aristo HTTP/1.1" 304 -
201.245.192.253 - - [07/Jun/2023:10:38:45 -0500] "GET /BLA/resoluciones/AUTOS%202018/4074.pdf HTTP/1.1" 200 256117
186.84.21.166 - - [07/Jun/2023:10:38:48 -0500] "POST /sipse/faces/autenticacion.xhtml HTTP/1.1" 200 2224
186.84.21.166 - - [07/Jun/2023:10:38:48 -0500] "GET /sipse/faces/javax.faces.resource/messages/messages.png?ln=primefaces&v=4.0 HTTP/1.1" 304 -
186.84.21.166 - - [07/Jun/2023:10:38:49 -0500] "POST /sipse/faces/autenticacion.xhtml HTTP/1.1" 200 18976
186.84.21.166 - - [07/Jun/2023:10:38:49 -0500] "GET /sipse/faces/javax.faces.resource/theme.css?ln=primefaces-sipse HTTP/1.1" 304 -
186.84.21.166 - - [07/Jun/2023:10:38:49 -0500] "GET /sipse/faces/javax.faces.resource/layout/layout.css?ln=primefaces&v=4.0 HTTP/1.1" 304 -
186.84.21.166 - - [07/Jun/2023:10:38:49 -0500] "GET /sipse/faces/javax.faces.resource/primefaces.css?ln=primefaces&v=4.0 HTTP/1.1" 304 -
186.84.21.166 - - [07/Jun/2023:10:38:50 -0500] "GET /sipse/faces/javax.faces.resource/jquery/jquery.js?ln=primefaces&v=4.0 HTTP/1.1" 304 -
186.84.21.166 - - [07/Jun/2023:10:38:50 -0500] "GET /sipse/faces/javax.faces.resource/jquery/jquery-plugins.js?ln=primefaces&v=4.0 HTTP/1.1" 304 -
186.84.21.166 - - [07/Jun/2023:10:38:50 -0500] "GET /sipse/faces/javax.faces.resource/primefaces.js?ln=primefaces&v=4.0 HTTP/1.1" 304 -
186.84.21.166 - - [07/Jun/2023:10:38:50 -0500] "GET /sipse/faces/javax.faces.resource/layout/layout.js?ln=primefaces&v=4.0 HTTP/1.1" 304 -
186.84.21.166 - - [07/Jun/2023:10:38:50 -0500] "GET /sipse/css/imagen/contrasena.png HTTP/1.1" 404 383
172.22.2.4 - - [07/Jun/2023:10:37:10 -0500] "GET /BLA/boletinlegal/ HTTP/1.1" 200 49141
192.168.169.34 - - [07/Jun/2023:10:38:50 -0500] "GET /BLA/boletinlegal/consulta_actos.php?tipo=autos&no=1574&usuario=&sector=&fecha=2023&resuelve= HTTP/1.1" 200 626
192.168.169.34 - - [07/Jun/2023:10:38:50 -0500] "GET /BLA/boletinlegal/consulta_actos.php?tipo=autos&no=1574&usuario=&sector=&fecha=2023&resuelve= HTTP/1.1" 200 626
186.84.21.166 - - [07/Jun/2023:10:38:52 -0500] "GET /sipse/faces/javax.faces.resource/images/ui-bg_flat_0_2d5972_40x100.png?ln=primefaces-aristo HTTP/1.1" 304 -
186.84.21.166 - - [07/Jun/2023:10:38:52 -0500] "POST /sipse/faces/bienvenido.xhtml HTTP/1.1" 200 3182
192.168.169.34 - - [07/Jun/2023:10:38:52 -0500] "GET /BLA/boletinlegal/actos.php HTTP/1.1" 200 9682
186.84.21.166 - - [07/Jun/2023:10:38:54 -0500] "POST /sipse/faces/bienvenido.xhtml HTTP/1.1" 200 2677
186.84.21.166 - - [07/Jun/2023:10:38:55 -0500] "POST /sipse/faces/bienvenido.xhtml HTTP/1.1" 200 38994
186.84.21.166 - - [07/Jun/2023:10:38:55 -0500] "GET /sipse/faces/javax.faces.resource/primefaces.css?ln=primefaces&v=4.0 HTTP/1.1" 304 -
186.84.21.166 - - [07/Jun/2023:10:38:55 -0500] "GET /sipse/faces/javax.faces.resource/theme.css?ln=primefaces-sipse HTTP/1.1" 304 -
186.84.21.166 - - [07/Jun/2023:10:38:55 -0500] "GET /sipse/faces/javax.faces.resource/layout/layout.css?ln=primefaces&v=4.0 HTTP/1.1" 304 -
186.84.21.166 - - [07/Jun/2023:10:38:55 -0500] "GET /sipse/faces/javax.faces.resource/jquery/jquery.js?ln=primefaces&v=4.0 HTTP/1.1" 304 -
186.84.21.166 - - [07/Jun/2023:10:38:55 -0500] "GET /sipse/faces/javax.faces.resource/jquery/jquery-plugins.js?ln=primefaces&v=4.0 HTTP/1.1" 304 -
186.84.21.166 - - [07/Jun/2023:10:38:55 -0500] "GET /sipse/faces/javax.faces.resource/primefaces.js?ln=primefaces&v=4.0 HTTP/1.1" 304 -
186.84.21.166 - - [07/Jun/2023:10:38:55 -0500] "GET /sipse/faces/javax.faces.resource/layout/layout.js?ln=primefaces&v=4.0 HTTP/1.1" 304 -
192.168.169.34 - - [07/Jun/2023:10:38:57 -0500] "GET /BLA/boletinlegal/actos.php HTTP/1.1" 200 9682
192.168.169.34 - - [07/Jun/2023:10:38:59 -0500] "GET /BLA/boletinlegal/consulta_actos.php?tipo=autos&no=1574&usuario=&sector=&fecha=2023&resuelve= HTTP/1.1" 200 626
172.22.2.4 - - [07/Jun/2023:10:39:02 -0500] "GET /BLA/boletinlegal/consulta_actos.php?tipo=autos&no=4075&usuario=&sector=&fecha=2018&resuelve= HTTP/1.1" 200 626
52.167.144.46 - - [07/Jun/2023:10:39:11 -0500] "GET /images/abril-Rueda-de-prensa-Van-der-Hammen.jpeg HTTP/1.1" 200 89228
192.168.169.34 - - [07/Jun/2023:10:38:55 -0500] "GET /BLA/boletinlegal/index.php HTTP/1.1" 200 16331
192.168.169.34 - - [07/Jun/2023:10:38:56 -0500] "GET /BLA/boletinlegal/index.php HTTP/1.1" 200 16331
172.22.2.4 - - [07/Jun/2023:10:39:14 -0500] "GET /BLA/boletinlegal/consulta_actos.php?tipo=autos&no=4076&usuario=&sector=&fecha=2018&resuelve= HTTP/1.1" 200 626
186.84.21.166 - - [07/Jun/2023:10:39:16 -0500] "POST /sipse/faces/presentacion/financiero/solicitudProceso/consultar.xhtml HTTP/1.1" 200 12861
172.22.2.4 - - [07/Jun/2023:10:39:19 -0500] "GET /BLA/boletinlegal/consulta_actos.php?tipo=autos&no=4077&usuario=&sector=&fecha=2018&resuelve= HTTP/1.1" 200 626
172.22.2.4 - - [07/Jun/2023:10:39:20 -0500] "GET /BLA/boletinlegal/consulta_actos.php?tipo=autos&no=4077&usuario=&sector=&fecha=2018&resuelve= HTTP/1.1" 200 626
172.22.2.4 - - [07/Jun/2023:10:39:20 -0500] "GET /BLA/boletinlegal/consulta_actos.php?tipo=autos&no=4077&usuario=&sector=&fecha=2018&resuelve= HTTP/1.1" 200 626
186.84.21.166 - - [07/Jun/2023:10:39:19 -0500] "POST /sipse/faces/presentacion/financiero/solicitudProceso/consultar.xhtml HTTP/1.1" 200 159667
186.84.21.166 - - [07/Jun/2023:10:39:20 -0500] "GET /sipse/faces/javax.faces.resource/theme.css?ln=primefaces-sipse HTTP/1.1" 304 -
186.84.21.166 - - [07/Jun/2023:10:39:20 -0500] "GET /sipse/faces/javax.faces.resource/layout/layout.css?ln=primefaces&v=4.0 HTTP/1.1" 304 -
186.84.21.166 - - [07/Jun/2023:10:39:20 -0500] "GET /sipse/faces/javax.faces.resource/primefaces.css?ln=primefaces&v=4.0 HTTP/1.1" 304 -
186.84.21.166 - - [07/Jun/2023:10:39:20 -0500] "GET /sipse/faces/javax.faces.resource/jquery/jquery.js?ln=primefaces&v=4.0 HTTP/1.1" 304 -
186.84.21.166 - - [07/Jun/2023:10:39:20 -0500] "GET /sipse/faces/javax.faces.resource/jquery/jquery-plugins.js?ln=primefaces&v=4.0 HTTP/1.1" 304 -
186.84.21.166 - - [07/Jun/2023:10:39:20 -0500] "GET /sipse/faces/javax.faces.resource/primefaces.js?ln=primefaces&v=4.0 HTTP/1.1" 304 -
186.84.21.166 - - [07/Jun/2023:10:39:20 -0500] "GET /sipse/faces/javax.faces.resource/layout/layout.js?ln=primefaces&v=4.0 HTTP/1.1" 304 -
201.245.192.253 - - [07/Jun/2023:10:39:21 -0500] "POST /sipse/faces/presentacion/financiero/solicitudProceso/consultarSolicitudProceso.xhtml HTTP/1.1" 200 42087
201.245.192.253 - - [07/Jun/2023:10:39:22 -0500] "GET /sipse/faces/javax.faces.resource/theme.css?ln=primefaces-sipse HTTP/1.1" 304 -
201.245.192.253 - - [07/Jun/2023:10:39:22 -0500] "GET /sipse/faces/javax.faces.resource/primefaces.css?ln=primefaces&v=4.0 HTTP/1.1" 304 -
201.245.192.253 - - [07/Jun/2023:10:39:22 -0500] "GET /sipse/faces/javax.faces.resource/layout/layout.css?ln=primefaces&v=4.0 HTTP/1.1" 304 -
201.245.192.253 - - [07/Jun/2023:10:39:22 -0500] "GET /sipse/faces/javax.faces.resource/jquery/jquery.js?ln=primefaces&v=4.0 HTTP/1.1" 304 -
201.245.192.253 - - [07/Jun/2023:10:39:22 -0500] "GET /sipse/faces/javax.faces.resource/jquery/jquery-plugins.js?ln=primefaces&v=4.0 HTTP/1.1" 304 -
201.245.192.253 - - [07/Jun/2023:10:39:22 -0500] "GET /sipse/faces/javax.faces.resource/primefaces.js?ln=primefaces&v=4.0 HTTP/1.1" 304 -
201.245.192.253 - - [07/Jun/2023:10:39:22 -0500] "GET /sipse/faces/javax.faces.resource/layout/layout.js?ln=primefaces&v=4.0 HTTP/1.1" 304 -
201.245.192.253 - - [07/Jun/2023:10:39:22 -0500] "GET /sipse/faces/javax.faces.resource/images/ui-icons_898989_256x240.png?ln=primefaces-aristo HTTP/1.1" 304 -
201.245.192.253 - - [07/Jun/2023:10:39:22 -0500] "POST /sipse/faces/presentacion/financiero/solicitudProceso/consultar.xhtml HTTP/1.1" 200 35484
201.245.192.253 - - [07/Jun/2023:10:39:22 -0500] "GET /sipse/faces/javax.faces.resource/images/ui-bg_flat_0_2d5972_40x100.png?ln=primefaces-aristo HTTP/1.1" 304 -
201.245.192.253 - - [07/Jun/2023:10:39:22 -0500] "POST /sipse/faces/presentacion/financiero/solicitudProceso/consultar.xhtml HTTP/1.1" 200 35484
201.245.192.253 - - [07/Jun/2023:10:39:25 -0500] "POST /sipse/faces/presentacion/financiero/solicitudProceso/consultar.xhtml HTTP/1.1" 200 12891
172.22.2.4 - - [07/Jun/2023:10:39:25 -0500] "GET /BLA/boletinlegal/consulta_actos.php?tipo=autos&no=4078&usuario=&sector=&fecha=2018&resuelve= HTTP/1.1" 200 626
172.22.2.4 - - [07/Jun/2023:10:39:26 -0500] "GET /BLA/boletinlegal/consulta_actos.php?tipo=autos&no=4078&usuario=&sector=&fecha=2018&resuelve= HTTP/1.1" 200 626
172.22.2.4 - - [07/Jun/2023:10:39:26 -0500] "GET /BLA/boletinlegal/consulta_actos.php?tipo=autos&no=4078&usuario=&sector=&fecha=2018&resuelve= HTTP/1.1" 200 626
172.22.2.4 - - [07/Jun/2023:10:39:26 -0500] "GET /BLA/boletinlegal/consulta_actos.php?tipo=autos&no=4078&usuario=&sector=&fecha=2018&resuelve= HTTP/1.1" 200 626
186.84.21.166 - - [07/Jun/2023:10:39:28 -0500] "POST /sipse/faces/presentacion/financiero/solicitudProceso/consultarSolicitudProceso.xhtml HTTP/1.1" 200 5526
172.22.2.4 - - [07/Jun/2023:10:39:31 -0500] "GET /BLA/boletinlegal/consulta_actos.php?tipo=autos&no=4079&usuario=&sector=&fecha=2018&resuelve= HTTP/1.1" 200 626
201.245.192.253 - - [07/Jun/2023:10:39:31 -0500] "POST /sipse/faces/presentacion/financiero/solicitudProceso/consultar.xhtml HTTP/1.1" 200 122466
201.245.192.253 - - [07/Jun/2023:10:39:32 -0500] "GET /sipse/faces/javax.faces.resource/theme.css?ln=primefaces-sipse HTTP/1.1" 304 -
201.245.192.253 - - [07/Jun/2023:10:39:32 -0500] "GET /sipse/faces/javax.faces.resource/primefaces.css?ln=primefaces&v=4.0 HTTP/1.1" 304 -
201.245.192.253 - - [07/Jun/2023:10:39:32 -0500] "GET /sipse/faces/javax.faces.resource/layout/layout.css?ln=primefaces&v=4.0 HTTP/1.1" 304 -
201.245.192.253 - - [07/Jun/2023:10:39:32 -0500] "GET /sipse/faces/javax.faces.resource/jquery/jquery.js?ln=primefaces&v=4.0 HTTP/1.1" 304 -
201.245.192.253 - - [07/Jun/2023:10:39:32 -0500] "GET /sipse/faces/javax.faces.resource/jquery/jquery-plugins.js?ln=primefaces&v=4.0 HTTP/1.1" 304 -
201.245.192.253 - - [07/Jun/2023:10:39:32 -0500] "GET /sipse/faces/javax.faces.resource/primefaces.js?ln=primefaces&v=4.0 HTTP/1.1" 304 -
201.245.192.253 - - [07/Jun/2023:10:39:32 -0500] "GET /sipse/faces/javax.faces.resource/layout/layout.js?ln=primefaces&v=4.0 HTTP/1.1" 304 -
172.22.2.4 - - [07/Jun/2023:10:39:32 -0500] "GET /BLA/boletinlegal/consulta_actos.php?tipo=autos&no=4079&usuario=&sector=&fecha=2018&resuelve= HTTP/1.1" 200 626
172.22.2.4 - - [07/Jun/2023:10:39:32 -0500] "GET /BLA/boletinlegal/consulta_actos.php?tipo=autos&no=4079&usuario=&sector=&fecha=2018&resuelve= HTTP/1.1" 200 626
172.22.2.4 - - [07/Jun/2023:10:39:33 -0500] "GET /BLA/boletinlegal/consulta_actos.php?tipo=autos&no=4079&usuario=&sector=&fecha=2018&resuelve= HTTP/1.1" 200 626
186.155.147.163 - - [07/Jun/2023:10:39:33 -0500] "POST /sipse/faces/presentacion/financiero/solicitudProceso/listarSolicitudProceso.xhtml HTTP/1.1" 200 112320
186.155.147.163 - - [07/Jun/2023:10:39:34 -0500] "GET /sipse/faces/javax.faces.resource/theme.css?ln=primefaces-sipse HTTP/1.1" 304 -
186.155.147.163 - - [07/Jun/2023:10:39:34 -0500] "GET /sipse/faces/javax.faces.resource/primefaces.css?ln=primefaces&v=4.0 HTTP/1.1" 304 -
186.155.147.163 - - [07/Jun/2023:10:39:34 -0500] "GET /sipse/faces/javax.faces.resource/layout/layout.css?ln=primefaces&v=4.0 HTTP/1.1" 304 -
186.155.147.163 - - [07/Jun/2023:10:39:34 -0500] "GET /sipse/faces/javax.faces.resource/jquery/jquery.js?ln=primefaces&v=4.0 HTTP/1.1" 304 -
186.155.147.163 - - [07/Jun/2023:10:39:34 -0500] "GET /sipse/faces/javax.faces.resource/jquery/jquery-plugins.js?ln=primefaces&v=4.0 HTTP/1.1" 304 -
186.155.147.163 - - [07/Jun/2023:10:39:34 -0500] "GET /sipse/faces/javax.faces.resource/primefaces.js?ln=primefaces&v=4.0 HTTP/1.1" 304 -
186.155.147.163 - - [07/Jun/2023:10:39:34 -0500] "GET /sipse/faces/javax.faces.resource/layout/layout.js?ln=primefaces&v=4.0 HTTP/1.1" 304 -
172.22.2.4 - - [07/Jun/2023:10:39:38 -0500] "GET /BLA/boletinlegal/consulta_actos.php?tipo=autos&no=4080&usuario=&sector=&fecha=2018&resuelve= HTTP/1.1" 200 626
172.22.2.4 - - [07/Jun/2023:10:39:39 -0500] "GET /BLA/boletinlegal/consulta_actos.php?tipo=autos&no=4080&usuario=&sector=&fecha=2018&resuelve= HTTP/1.1" 200 626
172.22.2.4 - - [07/Jun/2023:10:39:40 -0500] "GET /BLA/boletinlegal/consulta_actos.php?tipo=autos&no=4080&usuario=&sector=&fecha=2018&resuelve= HTTP/1.1" 200 626
172.22.2.4 - - [07/Jun/2023:10:39:40 -0500] "GET /BLA/boletinlegal/consulta_actos.php?tipo=autos&no=4080&usuario=&sector=&fecha=2018&resuelve= HTTP/1.1" 200 626
172.22.2.4 - - [07/Jun/2023:10:39:40 -0500] "GET /BLA/boletinlegal/consulta_actos.php?tipo=autos&no=4080&usuario=&sector=&fecha=2018&resuelve= HTTP/1.1" 200 626
172.22.2.4 - - [07/Jun/2023:10:39:40 -0500] "GET /BLA/boletinlegal/consulta_actos.php?tipo=autos&no=4080&usuario=&sector=&fecha=2018&resuelve= HTTP/1.1" 200 626
172.22.2.4 - - [07/Jun/2023:10:39:41 -0500] "GET /BLA/boletinlegal/consulta_actos.php?tipo=autos&no=4080&usuario=&sector=&fecha=2018&resuelve= HTTP/1.1" 200 626
172.22.2.4 - - [07/Jun/2023:10:39:46 -0500] "GET /BLA/boletinlegal/consulta_actos.php?tipo=autos&no=4081&usuario=&sector=&fecha=2018&resuelve= HTTP/1.1" 200 626
172.22.2.4 - - [07/Jun/2023:10:39:47 -0500] "GET /BLA/boletinlegal/consulta_actos.php?tipo=autos&no=4081&usuario=&sector=&fecha=2018&resuelve= HTTP/1.1" 200 626
172.22.2.4 - - [07/Jun/2023:10:39:47 -0500] "GET /BLA/boletinlegal/consulta_actos.php?tipo=autos&no=4081&usuario=&sector=&fecha=2018&resuelve= HTTP/1.1" 200 626
172.22.2.4 - - [07/Jun/2023:10:39:48 -0500] "GET /BLA/boletinlegal/consulta_actos.php?tipo=autos&no=4081&usuario=&sector=&fecha=2018&resuelve= HTTP/1.1" 200 626
172.22.2.4 - - [07/Jun/2023:10:39:53 -0500] "GET /BLA/boletinlegal/consulta_actos.php?tipo=autos&no=4083&usuario=&sector=&fecha=2018&resuelve= HTTP/1.1" 200 626
172.22.2.4 - - [07/Jun/2023:10:39:54 -0500] "GET /BLA/boletinlegal/consulta_actos.php?tipo=autos&no=4083&usuario=&sector=&fecha=2018&resuelve= HTTP/1.1" 200 626
172.22.2.4 - - [07/Jun/2023:10:39:54 -0500] "GET /BLA/boletinlegal/consulta_actos.php?tipo=autos&no=4083&usuario=&sector=&fecha=2018&resuelve= HTTP/1.1" 200 626
172.22.2.4 - - [07/Jun/2023:10:39:54 -0500] "GET /BLA/boletinlegal/consulta_actos.php?tipo=autos&no=4083&usuario=&sector=&fecha=2018&resuelve= HTTP/1.1" 200 626
216.245.221.92 - - [07/Jun/2023:10:39:56 -0500] "HEAD / HTTP/1.1" 200 -
172.22.2.4 - - [07/Jun/2023:10:40:00 -0500] "GET /BLA/boletinlegal/consulta_actos.php?tipo=autos&no=4084&usuario=&sector=&fecha=2018&resuelve= HTTP/1.1" 200 626
186.155.147.163 - - [07/Jun/2023:10:40:00 -0500] "POST /sipse/faces/presentacion/financiero/solicitudProceso/consultarSolicitudProceso.xhtml HTTP/1.1" 200 25866
172.22.2.4 - - [07/Jun/2023:10:40:01 -0500] "GET /BLA/boletinlegal/consulta_actos.php?tipo=autos&no=4084&usuario=&sector=&fecha=2018&resuelve= HTTP/1.1" 200 626
186.155.147.163 - - [07/Jun/2023:10:40:01 -0500] "GET /sipse/faces/javax.faces.resource/theme.css?ln=primefaces-sipse HTTP/1.1" 304 -
186.155.147.163 - - [07/Jun/2023:10:40:01 -0500] "GET /sipse/faces/javax.faces.resource/primefaces.css?ln=primefaces&v=4.0 HTTP/1.1" 304 -
186.155.147.163 - - [07/Jun/2023:10:40:01 -0500] "GET /sipse/faces/javax.faces.resource/layout/layout.css?ln=primefaces&v=4.0 HTTP/1.1" 304 -
186.155.147.163 - - [07/Jun/2023:10:40:01 -0500] "GET /sipse/faces/javax.faces.resource/jquery/jquery.js?ln=primefaces&v=4.0 HTTP/1.1" 304 -
186.155.147.163 - - [07/Jun/2023:10:40:01 -0500] "GET /sipse/faces/javax.faces.resource/jquery/jquery-plugins.js?ln=primefaces&v=4.0 HTTP/1.1" 304 -
186.155.147.163 - - [07/Jun/2023:10:40:01 -0500] "GET /sipse/faces/javax.faces.resource/primefaces.js?ln=primefaces&v=4.0 HTTP/1.1" 304 -
186.155.147.163 - - [07/Jun/2023:10:40:01 -0500] "GET /sipse/faces/javax.faces.resource/layout/layout.js?ln=primefaces&v=4.0 HTTP/1.1" 304 -
186.155.147.163 - - [07/Jun/2023:10:40:02 -0500] "GET /sipse/css/imagen/contrasena.png HTTP/1.1" 404 383
172.22.2.4 - - [07/Jun/2023:10:40:07 -0500] "GET /BLA/boletinlegal/consulta_actos.php?tipo=autos&no=4085&usuario=&sector=&fecha=2018&resuelve= HTTP/1.1" 200 626
172.22.2.4 - - [07/Jun/2023:10:40:12 -0500] "GET /BLA/boletinlegal/consulta_actos.php?tipo=autos&no=4086&usuario=&sector=&fecha=2018&resuelve= HTTP/1.1" 200 626
201.245.192.253 - - [07/Jun/2023:10:40:12 -0500] "POST /kwsrmcab/Wsrmcab HTTP/1.1" 200 40274
186.155.147.163 - - [07/Jun/2023:10:40:14 -0500] "POST /sipse/faces/presentacion/financiero/solicitudProceso/consultarHistorialSolProceso.xhtml HTTP/1.1" 200 156482
186.155.147.163 - - [07/Jun/2023:10:40:15 -0500] "GET /sipse/faces/javax.faces.resource/primefaces.css?ln=primefaces&v=4.0 HTTP/1.1" 304 -
186.155.147.163 - - [07/Jun/2023:10:40:15 -0500] "GET /sipse/faces/javax.faces.resource/theme.css?ln=primefaces-sipse HTTP/1.1" 304 -
186.155.147.163 - - [07/Jun/2023:10:40:15 -0500] "GET /sipse/faces/javax.faces.resource/jquery/jquery.js?ln=primefaces&v=4.0 HTTP/1.1" 304 -
186.155.147.163 - - [07/Jun/2023:10:40:15 -0500] "GET /sipse/faces/javax.faces.resource/layout/layout.css?ln=primefaces&v=4.0 HTTP/1.1" 304 -
186.155.147.163 - - [07/Jun/2023:10:40:15 -0500] "GET /sipse/faces/javax.faces.resource/jquery/jquery-plugins.js?ln=primefaces&v=4.0 HTTP/1.1" 304 -
186.155.147.163 - - [07/Jun/2023:10:40:15 -0500] "GET /sipse/faces/javax.faces.resource/primefaces.js?ln=primefaces&v=4.0 HTTP/1.1" 304 -
186.155.147.163 - - [07/Jun/2023:10:40:15 -0500] "GET /sipse/faces/javax.faces.resource/layout/layout.js?ln=primefaces&v=4.0 HTTP/1.1" 304 -
201.245.192.253 - - [07/Jun/2023:10:40:15 -0500] "POST /kwsrmcab/Wsrmcab HTTP/1.1" 200 42362
172.22.2.4 - - [07/Jun/2023:10:40:17 -0500] "GET /BLA/boletinlegal/consulta_actos.php?tipo=autos&no=4087&usuario=&sector=&fecha=2018&resuelve= HTTP/1.1" 200 1128
201.245.192.253 - - [07/Jun/2023:10:40:21 -0500] "GET /BLA/resoluciones/AUTOS%202018/4087.pdf HTTP/1.1" 200 250548
201.245.192.253 - - [07/Jun/2023:10:40:22 -0500] "POST /sipse/faces/presentacion/contratacion/contrato/consultarContrato.xhtml HTTP/1.1" 302 -
201.245.192.253 - - [07/Jun/2023:10:40:22 -0500] "GET /sipse/faces/autenticacion.xhtml HTTP/1.1" 200 1099
186.155.147.163 - - [07/Jun/2023:10:40:22 -0500] "POST /sipse/faces/presentacion/financiero/solicitudProceso/consultarSolicitudProceso.xhtml HTTP/1.1" 200 852665
201.245.192.253 - - [07/Jun/2023:10:40:30 -0500] "POST /sipsesda/faces/vista/administracion/entidad/listadoEntidad.jspx HTTP/1.1" 302 201
173.252.95.6 - - [07/Jun/2023:10:40:37 -0500] "GET /cucarron-de-mayo-insecto-que-se-puede-observar-por-estos-dias-en-varios-ecosistemas-de-bogota.html HTTP/1.1" 206 762
201.245.192.253 - - [07/Jun/2023:10:40:41 -0500] "GET /sipsepre/faces/index.xhtml HTTP/1.1" 200 680
201.245.192.253 - - [07/Jun/2023:10:40:41 -0500] "GET /sipsepre/faces/javax.faces.resource/theme.css?ln=primefaces-sipse HTTP/1.1" 200 50106
201.245.192.253 - - [07/Jun/2023:10:40:42 -0500] "GET /sipsepre/faces/faces/autenticacion.xhtml HTTP/1.1" 200 12217
201.245.192.253 - - [07/Jun/2023:10:40:42 -0500] "GET /sipsepre/js/disable_browser_buttons.js HTTP/1.1" 200 3230
201.245.192.253 - - [07/Jun/2023:10:40:42 -0500] "GET /sipsepre/css/custom_css_sg.css HTTP/1.1" 200 9692
201.245.192.253 - - [07/Jun/2023:10:40:42 -0500] "GET /sipsepre/js/funciones.js HTTP/1.1" 200 12592
201.245.192.253 - - [07/Jun/2023:10:40:42 -0500] "GET /sipsepre/css/custom_css_sg_prime_login.css HTTP/1.1" 200 443
201.245.192.253 - - [07/Jun/2023:10:40:42 -0500] "GET /sipsepre/faces/javax.faces.resource/theme.css?ln=primefaces-sipse HTTP/1.1" 304 -
201.245.192.253 - - [07/Jun/2023:10:40:42 -0500] "GET /sipsepre/faces/javax.faces.resource/layout/layout.css?ln=primefaces&v=4.0 HTTP/1.1" 200 542
201.245.192.253 - - [07/Jun/2023:10:40:42 -0500] "GET /sipsepre/faces/javax.faces.resource/jquery/jquery.js?ln=primefaces&v=4.0 HTTP/1.1" 200 105384
201.245.192.253 - - [07/Jun/2023:10:40:42 -0500] "GET /sipsepre/faces/javax.faces.resource/jquery/jquery-plugins.js?ln=primefaces&v=4.0 HTTP/1.1" 200 220526
201.245.192.253 - - [07/Jun/2023:10:40:42 -0500] "GET /sipsepre/faces/javax.faces.resource/primefaces.css?ln=primefaces&v=4.0 HTTP/1.1" 200 53325
201.245.192.253 - - [07/Jun/2023:10:40:42 -0500] "GET /sipsepre/faces/javax.faces.resource/primefaces.js?ln=primefaces&v=4.0 HTTP/1.1" 200 276924
201.245.192.253 - - [07/Jun/2023:10:40:42 -0500] "GET /sipsepre/faces/javax.faces.resource/layout/layout.js?ln=primefaces&v=4.0 HTTP/1.1" 200 87560
201.245.192.253 - - [07/Jun/2023:10:40:42 -0500] "GET /sipsepre/faces/javax.faces.resource/images/ui-icons_898989_256x240.png?ln=primefaces-aristo HTTP/1.1" 200 5355
201.245.192.253 - - [07/Jun/2023:10:40:42 -0500] "GET /sipsepre/css/imagen/loginimg.png HTTP/1.1" 200 71635
201.245.192.253 - - [07/Jun/2023:10:40:42 -0500] "GET /sipsepre/css/imagen/logoSDG.png HTTP/1.1" 200 53064
201.245.192.253 - - [07/Jun/2023:10:40:47 -0500] "POST /sipsepre/faces/autenticacion.xhtml HTTP/1.1" 200 12001
201.245.192.253 - - [07/Jun/2023:10:40:47 -0500] "GET /sipsepre/css/custom_css_sg_prime.css HTTP/1.1" 200 5201
201.245.192.253 - - [07/Jun/2023:10:40:47 -0500] "GET /sipsepre/faces/javax.faces.resource/jquery/jquery.js?ln=primefaces&v=4.0 HTTP/1.1" 304 -
201.245.192.253 - - [07/Jun/2023:10:40:47 -0500] "GET /sipsepre/faces/javax.faces.resource/jquery/jquery-plugins.js?ln=primefaces&v=4.0 HTTP/1.1" 304 -
201.245.192.253 - - [07/Jun/2023:10:40:47 -0500] "GET /sipsepre/faces/javax.faces.resource/primefaces.js?ln=primefaces&v=4.0 HTTP/1.1" 304 -
201.245.192.253 - - [07/Jun/2023:10:40:47 -0500] "GET /sipsepre/faces/javax.faces.resource/layout/layout.js?ln=primefaces&v=4.0 HTTP/1.1" 304 -
201.245.192.253 - - [07/Jun/2023:10:40:47 -0500] "GET /sipsepre/faces/javax.faces.resource/messages/messages.png?ln=primefaces&v=4.0 HTTP/1.1" 200 27209
201.245.192.253 - - [07/Jun/2023:10:40:51 -0500] "POST /sipsepre/faces/presentacion/sistema/seguridad/seleccionRol.xhtml HTTP/1.1" 200 6406
201.245.192.253 - - [07/Jun/2023:10:40:51 -0500] "POST /sipsepre/faces/presentacion/sistema/seguridad/seleccionRol.xhtml HTTP/1.1" 200 21470
201.245.192.253 - - [07/Jun/2023:10:40:52 -0500] "GET /sipsepre/js/jquery.min.js HTTP/1.1" 200 85582
201.245.192.253 - - [07/Jun/2023:10:40:52 -0500] "GET /sipsepre/faces/javax.faces.resource/jquery/jquery.js?ln=primefaces&v=4.0 HTTP/1.1" 304 -
201.245.192.253 - - [07/Jun/2023:10:40:52 -0500] "GET /sipsepre/faces/javax.faces.resource/jquery/jquery-plugins.js?ln=primefaces&v=4.0 HTTP/1.1" 304 -
201.245.192.253 - - [07/Jun/2023:10:40:53 -0500] "GET /sipsepre/faces/javax.faces.resource/primefaces.js?ln=primefaces&v=4.0 HTTP/1.1" 304 -
201.245.192.253 - - [07/Jun/2023:10:40:53 -0500] "GET /sipsepre/faces/javax.faces.resource/layout/layout.js?ln=primefaces&v=4.0 HTTP/1.1" 304 -
201.245.192.253 - - [07/Jun/2023:10:40:53 -0500] "GET /sipsepre/css/v_mergente.css HTTP/1.1" 200 1508
201.245.192.253 - - [07/Jun/2023:10:40:53 -0500] "GET /sipsepre/imagenes/cargando.gif HTTP/1.1" 200 36959
201.245.192.253 - - [07/Jun/2023:10:40:53 -0500] "GET /sipsepre/css/imagen/contrasena.png HTTP/1.1" 404 383
201.245.192.253 - - [07/Jun/2023:10:40:53 -0500] "GET /sipsepre/imagenes/logoAplicacion.jpg HTTP/1.1" 200 155084
201.245.192.253 - - [07/Jun/2023:10:40:55 -0500] "GET /sipsepre/faces/javax.faces.resource/images/ui-bg_flat_0_2d5972_40x100.png?ln=primefaces-aristo HTTP/1.1" 200 183
201.245.192.253 - - [07/Jun/2023:10:40:55 -0500] "POST /sipsepre/faces/bienvenido.xhtml HTTP/1.1" 200 3182
201.245.192.253 - - [07/Jun/2023:10:40:59 -0500] "POST /sipsepre/faces/bienvenido.xhtml HTTP/1.1" 200 9355
201.245.192.253 - - [07/Jun/2023:10:41:00 -0500] "POST /sipsepre/faces/bienvenido.xhtml HTTP/1.1" 200 5663
192.168.169.34 - - [07/Jun/2023:10:41:04 -0500] "GET /BLA/boletinlegal/actos.php HTTP/1.1" 200 9682
201.245.192.253 - - [07/Jun/2023:10:41:04 -0500] "POST /sipsepre/faces/bienvenido.xhtml HTTP/1.1" 200 27394
201.245.192.253 - - [07/Jun/2023:10:41:06 -0500] "POST /sipsepre/faces/bienvenido.xhtml HTTP/1.1" 200 57913
201.245.192.253 - - [07/Jun/2023:10:41:06 -0500] "GET /sipsepre/faces/javax.faces.resource/jquery/jquery.js?ln=primefaces&v=4.0 HTTP/1.1" 304 -
201.245.192.253 - - [07/Jun/2023:10:41:06 -0500] "GET /sipsepre/faces/javax.faces.resource/jquery/jquery-plugins.js?ln=primefaces&v=4.0 HTTP/1.1" 304 -
201.245.192.253 - - [07/Jun/2023:10:41:06 -0500] "GET /sipsepre/faces/javax.faces.resource/primefaces.js?ln=primefaces&v=4.0 HTTP/1.1" 304 -
201.245.192.253 - - [07/Jun/2023:10:41:06 -0500] "GET /sipsepre/faces/javax.faces.resource/layout/layout.js?ln=primefaces&v=4.0 HTTP/1.1" 304 -
192.168.169.34 - - [07/Jun/2023:10:41:06 -0500] "GET /BLA/boletinlegal/consulta_actos.php?tipo=autos&no=1574&usuario=&sector=&fecha=2023&resuelve= HTTP/1.1" 200 626
192.168.169.34 - - [07/Jun/2023:10:41:03 -0500] "GET /BLA/boletinlegal/index.php HTTP/1.1" 200 16331
192.168.169.34 - - [07/Jun/2023:10:41:03 -0500] "GET /BLA/boletinlegal/index.php HTTP/1.1" 200 16331
172.22.2.4 - - [07/Jun/2023:10:41:36 -0500] "GET /BLA/boletinlegal/style.css HTTP/1.1" 200 9406
172.22.2.4 - - [07/Jun/2023:10:41:36 -0500] "GET /BLA/boletinlegal/styles2.css HTTP/1.1" 200 1838
172.22.2.4 - - [07/Jun/2023:10:41:36 -0500] "GET /BLA/boletinlegal/js/jquery.js HTTP/1.1" 200 57254
172.22.2.4 - - [07/Jun/2023:10:41:36 -0500] "GET /BLA/boletinlegal/js/jquery.scrollShow.js HTTP/1.1" 200 4586
172.22.2.4 - - [07/Jun/2023:10:41:36 -0500] "GET /BLA/boletinlegal/js/jquery.scrollTo-min.js HTTP/1.1" 200 1150
172.22.2.4 - - [07/Jun/2023:10:41:36 -0500] "GET /BLA/boletinlegal/images/cabezote%20BLEGAL.jpg HTTP/1.1" 200 118164
172.22.2.4 - - [07/Jun/2023:10:41:36 -0500] "GET /BLA/boletinlegal/images/subscribe-icon-big.png HTTP/1.1" 200 47702
172.22.2.4 - - [07/Jun/2023:10:41:36 -0500] "GET /BLA/boletinlegal/images/historia.png HTTP/1.1" 200 52775
172.22.2.4 - - [07/Jun/2023:10:41:36 -0500] "GET /BLA/boletinlegal/images/registro-usuarios.png HTTP/1.1" 200 8106
172.22.2.4 - - [07/Jun/2023:10:41:36 -0500] "GET /BLA/boletinlegal/images/arr_l.jpg HTTP/1.1" 200 1979
172.22.2.4 - - [07/Jun/2023:10:41:36 -0500] "GET /BLA/boletinlegal/images/screen_1.png HTTP/1.1" 200 202547
172.22.2.4 - - [07/Jun/2023:10:41:36 -0500] "GET /BLA/boletinlegal/images/launch.jpg HTTP/1.1" 200 14577
172.22.2.4 - - [07/Jun/2023:10:41:36 -0500] "GET /BLA/boletinlegal/images/body_bg.jpg HTTP/1.1" 200 1601
172.22.2.4 - - [07/Jun/2023:10:41:36 -0500] "GET /BLA/boletinlegal/images/menu_lft.gif HTTP/1.1" 200 1713
172.22.2.4 - - [07/Jun/2023:10:41:36 -0500] "GET /BLA/boletinlegal/images/menu_rght.gif HTTP/1.1" 200 1627
172.22.2.4 - - [07/Jun/2023:10:41:36 -0500] "GET /BLA/boletinlegal/images/bg_top.jpg HTTP/1.1" 200 522
172.22.2.4 - - [07/Jun/2023:10:41:36 -0500] "GET /BLA/boletinlegal/images/menu_bg.jpg HTTP/1.1" 200 620
172.22.2.4 - - [07/Jun/2023:10:41:36 -0500] "GET /BLA/boletinlegal/images/hover.jpg HTTP/1.1" 200 640
172.22.2.4 - - [07/Jun/2023:10:41:36 -0500] "GET /BLA/boletinlegal/images/text.jpg HTTP/1.1" 200 568
172.22.2.4 - - [07/Jun/2023:10:41:37 -0500] "GET /BLA/boletinlegal/consulta_actos.php?tipo=autos&no=4088&usuario=&sector=&fecha=2018&resuelve= HTTP/1.1" 200 1067
172.22.2.4 - - [07/Jun/2023:10:41:38 -0500] "GET /BLA/boletinlegal/consulta_actos.php?tipo=autos&no=4088&usuario=&sector=&fecha=2018&resuelve= HTTP/1.1" 200 1067
172.22.2.4 - - [07/Jun/2023:10:41:38 -0500] "GET /BLA/boletinlegal/consulta_actos.php?tipo=autos&no=4088&usuario=&sector=&fecha=2018&resuelve= HTTP/1.1" 200 1067
172.22.2.4 - - [07/Jun/2023:10:41:39 -0500] "GET /BLA/boletinlegal/conceptos.php HTTP/1.1" 200 7496
172.22.2.4 - - [07/Jun/2023:10:41:39 -0500] "GET /BLA/boletinlegal/niceforms-default.css HTTP/1.1" 200 6694
172.22.2.4 - - [07/Jun/2023:10:41:39 -0500] "GET /BLA/boletinlegal/js/ajax_conceptos.js HTTP/1.1" 200 1326
172.22.2.4 - - [07/Jun/2023:10:41:39 -0500] "GET /BLA/boletinlegal/niceforms.js HTTP/1.1" 200 22876
172.22.2.4 - - [07/Jun/2023:10:41:39 -0500] "GET /BLA/boletinlegal/images/tel.png HTTP/1.1" 200 14477
172.22.2.4 - - [07/Jun/2023:10:41:39 -0500] "GET /BLA/boletinlegal/images/icono-email.png HTTP/1.1" 200 5544
172.22.2.4 - - [07/Jun/2023:10:41:39 -0500] "GET /BLA/boletinlegal/images/footer_bg.jpg HTTP/1.1" 200 586
172.22.2.4 - - [07/Jun/2023:10:41:39 -0500] "GET /BLA/boletinlegal/images/footer_bg_l.jpg HTTP/1.1" 200 776
172.22.2.4 - - [07/Jun/2023:10:41:39 -0500] "GET /BLA/boletinlegal/img/0.png HTTP/1.1" 200 110
172.22.2.4 - - [07/Jun/2023:10:41:39 -0500] "GET /BLA/boletinlegal/img/select-left.png HTTP/1.1" 200 263
172.22.2.4 - - [07/Jun/2023:10:41:39 -0500] "GET /BLA/boletinlegal/img/select-right.png HTTP/1.1" 200 44019
172.22.2.4 - - [07/Jun/2023:10:41:39 -0500] "GET /BLA/boletinlegal/img/button-left.png HTTP/1.1" 200 57071
172.22.2.4 - - [07/Jun/2023:10:41:39 -0500] "GET /BLA/boletinlegal/img/button.png HTTP/1.1" 200 43241
172.22.2.4 - - [07/Jun/2023:10:41:39 -0500] "GET /BLA/boletinlegal/img/button-right.png HTTP/1.1" 200 57878
172.22.2.4 - - [07/Jun/2023:10:41:39 -0500] "GET /BLA/boletinlegal/favicon.ico HTTP/1.1" 404 1334
201.245.192.253 - - [07/Jun/2023:10:41:40 -0500] "GET /BLA/resoluciones/AUTOS%202018/4088.pdf HTTP/1.1" 200 250298
172.22.2.4 - - [07/Jun/2023:10:41:45 -0500] "GET /BLA/boletinlegal/consulta_conceptos.php?no=&solicitante=&radicado_entrada=&fecha_concepto=2022&objeto= HTTP/1.1" 200 34640
172.22.2.4 - - [07/Jun/2023:10:41:45 -0500] "GET /BLA/boletinlegal/images/background.gif HTTP/1.1" 200 -
172.22.2.4 - - [07/Jun/2023:10:41:45 -0500] "GET /BLA/boletinlegal/images/pdf.gif HTTP/1.1" 200 567
192.168.169.34 - - [07/Jun/2023:10:41:45 -0500] "GET /BLA/boletinlegal/actos.php HTTP/1.1" 200 9682
192.168.169.34 - - [07/Jun/2023:10:41:53 -0500] "GET /BLA/boletinlegal/actos.php HTTP/1.1" 200 9682
201.245.192.253 - - [07/Jun/2023:10:41:52 -0500] "POST /kwsrmcab/Wsrmcab  HTTP/1.1" 200 42279
192.168.169.34 - - [07/Jun/2023:10:41:56 -0500] "GET /BLA/boletinlegal/consulta_actos.php?tipo=autos&no=1574&usuario=&sector=&fecha=2023&resuelve= HTTP/1.1" 200 626
192.168.169.34 - - [07/Jun/2023:10:42:03 -0500] "GET /BLA/boletinlegal/consulta_actos.php?tipo=autos&no=1610&usuario=&sector=&fecha=2023&resuelve= HTTP/1.1" 200 626
172.22.2.4 - - [07/Jun/2023:10:42:04 -0500] "GET /BLA/boletinlegal/consulta_actos.php?tipo=autos&no=4089&usuario=&sector=&fecha=2018&resuelve= HTTP/1.1" 200 1058
192.168.169.34 - - [07/Jun/2023:10:42:04 -0500] "GET /BLA/boletinlegal/consulta_actos.php?tipo=autos&no=1610&usuario=&sector=&fecha=2023&resuelve= HTTP/1.1" 200 626
192.168.169.34 - - [07/Jun/2023:10:42:04 -0500] "GET /BLA/boletinlegal/consulta_actos.php?tipo=autos&no=1610&usuario=&sector=&fecha=2023&resuelve= HTTP/1.1" 200 626
192.168.169.34 - - [07/Jun/2023:10:42:04 -0500] "GET /BLA/boletinlegal/consulta_actos.php?tipo=autos&no=1610&usuario=&sector=&fecha=2023&resuelve= HTTP/1.1" 200 626
172.22.2.4 - - [07/Jun/2023:10:42:04 -0500] "GET /BLA/boletinlegal/consulta_actos.php?tipo=autos&no=4089&usuario=&sector=&fecha=2018&resuelve= HTTP/1.1" 200 1058
172.22.2.4 - - [07/Jun/2023:10:42:05 -0500] "GET /BLA/boletinlegal/consulta_actos.php?tipo=autos&no=4089&usuario=&sector=&fecha=2018&resuelve= HTTP/1.1" 200 1058
172.22.2.4 - - [07/Jun/2023:10:42:05 -0500] "GET /BLA/boletinlegal/consulta_actos.php?tipo=autos&no=4089&usuario=&sector=&fecha=2018&resuelve= HTTP/1.1" 200 1058
201.245.192.253 - - [07/Jun/2023:10:42:08 -0500] "GET /BLA/resoluciones/AUTOS%202018/4089.pdf HTTP/1.1" 200 254720
192.168.169.34 - - [07/Jun/2023:10:41:52 -0500] "GET /BLA/boletinlegal/index.php HTTP/1.1" 200 16331
192.168.169.34 - - [07/Jun/2023:10:41:53 -0500] "GET /BLA/boletinlegal/index.php HTTP/1.1" 200 16331
192.168.173.197 - - [07/Jun/2023:10:42:16 -0500] "GET /BLA/resoluciones/AUTOS%202013/2759.pdf HTTP/1.1" 200 444331
172.22.2.4 - - [07/Jun/2023:10:41:36 -0500] "GET /BLA/boletinlegal/ HTTP/1.1" 200 24523
172.22.2.4 - - [07/Jun/2023:10:42:22 -0500] "GET /BLA/boletinlegal/consulta_actos.php?tipo=autos&no=4090&usuario=&sector=&fecha=2018&resuelve= HTTP/1.1" 200 1350
201.245.192.253 - - [07/Jun/2023:10:42:26 -0500] "GET /BLA/resoluciones/AUTOS%202018/4090.pdf HTTP/1.1" 200 250722
40.77.167.97 - - [07/Jun/2023:10:42:30 -0500] "GET /BLA/resoluciones/AUTOS%202022/0489.pdf HTTP/1.1" 304 -
172.22.2.4 - - [07/Jun/2023:10:42:30 -0500] "GET /BLA/boletinlegal/consulta_conceptos.php?no=&solicitante=&radicado_entrada=&fecha_concepto=2021&objeto= HTTP/1.1" 200 36487
172.22.2.4 - - [07/Jun/2023:10:42:40 -0500] "GET /BLA/boletinlegal/consulta_actos.php?tipo=autos&no=4091&usuario=&sector=&fecha=2018&resuelve= HTTP/1.1" 200 1353
172.22.2.4 - - [07/Jun/2023:10:42:41 -0500] "GET /BLA/boletinlegal/consulta_actos.php?tipo=autos&no=4091&usuario=&sector=&fecha=2018&resuelve= HTTP/1.1" 200 1353
172.22.2.4 - - [07/Jun/2023:10:42:41 -0500] "GET /BLA/boletinlegal/consulta_actos.php?tipo=autos&no=4091&usuario=&sector=&fecha=2018&resuelve= HTTP/1.1" 200 1353
172.22.2.4 - - [07/Jun/2023:10:42:41 -0500] "GET /BLA/boletinlegal/consulta_actos.php?tipo=autos&no=4091&usuario=&sector=&fecha=2018&resuelve= HTTP/1.1" 200 1353
201.245.192.253 - - [07/Jun/2023:10:42:44 -0500] "GET /BLA/resoluciones/AUTOS%202018/4091.pdf HTTP/1.1" 200 246878
192.168.169.34 - - [07/Jun/2023:10:42:45 -0500] "GET /BLA/boletinlegal/actos.php HTTP/1.1" 200 9682
192.168.169.34 - - [07/Jun/2023:10:42:45 -0500] "GET /BLA/boletinlegal/actos.php HTTP/1.1" 200 9682
172.22.2.4 - - [07/Jun/2023:10:42:46 -0500] "GET /BLA/boletinlegal/consulta_conceptos.php?no=&solicitante=&radicado_entrada=&fecha_concepto=2020&objeto= HTTP/1.1" 200 53495
192.168.169.34 - - [07/Jun/2023:10:42:49 -0500] "GET /BLA/boletinlegal/consulta_actos.php?tipo=autos&no=1574&usuario=&sector=&fecha=2023&resuelve= HTTP/1.1" 200 626
192.168.169.34 - - [07/Jun/2023:10:42:54 -0500] "GET /BLA/boletinlegal/consulta_actos.php?tipo=resoluciones&no=35&usuario=&sector=&fecha=2023&resuelve= HTTP/1.1" 200 3651
172.22.2.4 - - [07/Jun/2023:10:42:55 -0500] "GET /BLA/boletinlegal/conceptos/2020/75.pdf HTTP/1.1" 200 348629
186.155.13.76 - - [07/Jun/2023:10:43:00 -0500] "GET /sipse/faces/faces/autenticacion.xhtml HTTP/1.1" 200 12503
186.155.13.76 - - [07/Jun/2023:10:43:00 -0500] "GET /sipse/js/disable_browser_buttons.js HTTP/1.1" 304 -
186.155.13.76 - - [07/Jun/2023:10:43:00 -0500] "GET /sipse/css/custom_css_sg.css HTTP/1.1" 304 -
186.155.13.76 - - [07/Jun/2023:10:43:00 -0500] "GET /sipse/js/funciones.js HTTP/1.1" 304 -
186.155.13.76 - - [07/Jun/2023:10:43:00 -0500] "GET /sipse/css/custom_css_sg_prime_login.css HTTP/1.1" 304 -
186.155.13.76 - - [07/Jun/2023:10:43:00 -0500] "GET /sipse/faces/javax.faces.resource/theme.css?ln=primefaces-sipse HTTP/1.1" 304 -
186.155.13.76 - - [07/Jun/2023:10:43:00 -0500] "GET /sipse/faces/javax.faces.resource/layout/layout.css;jsessionid=dAZLnTeHOS3FABiEtYM1-pRN.undefined?ln=primefaces&v=4.0 HTTP/1.1" 200 542
186.155.13.76 - - [07/Jun/2023:10:43:00 -0500] "GET /sipse/faces/javax.faces.resource/jquery/jquery.js;jsessionid=dAZLnTeHOS3FABiEtYM1-pRN.undefined?ln=primefaces&v=4.0 HTTP/1.1" 200 105384
186.155.13.76 - - [07/Jun/2023:10:43:00 -0500] "GET /sipse/faces/javax.faces.resource/layout/layout.js;jsessionid=dAZLnTeHOS3FABiEtYM1-pRN.undefined?ln=primefaces&v=4.0 HTTP/1.1" 200 87560
186.155.13.76 - - [07/Jun/2023:10:43:00 -0500] "GET /sipse/faces/javax.faces.resource/primefaces.css;jsessionid=dAZLnTeHOS3FABiEtYM1-pRN.undefined?ln=primefaces&v=4.0 HTTP/1.1" 200 53295
186.155.13.76 - - [07/Jun/2023:10:43:00 -0500] "GET /sipse/faces/javax.faces.resource/primefaces.js;jsessionid=dAZLnTeHOS3FABiEtYM1-pRN.undefined?ln=primefaces&v=4.0 HTTP/1.1" 200 276924
186.155.13.76 - - [07/Jun/2023:10:43:00 -0500] "GET /sipse/faces/javax.faces.resource/jquery/jquery-plugins.js;jsessionid=dAZLnTeHOS3FABiEtYM1-pRN.undefined?ln=primefaces&v=4.0 HTTP/1.1" 200 220526
186.155.13.76 - - [07/Jun/2023:10:43:00 -0500] "GET /sipse/css/imagen/logoSDG.png HTTP/1.1" 304 -
186.155.13.76 - - [07/Jun/2023:10:43:00 -0500] "GET /sipse/css/imagen/loginimg.png HTTP/1.1" 304 -
186.155.13.76 - - [07/Jun/2023:10:43:00 -0500] "GET /sipse/faces/javax.faces.resource/images/ui-icons_898989_256x240.png?ln=primefaces-aristo HTTP/1.1" 304 -
186.155.13.76 - - [07/Jun/2023:10:43:01 -0500] "GET /sipse/faces/faces/index.xhtml HTTP/1.1" 200 677
186.155.13.76 - - [07/Jun/2023:10:43:01 -0500] "GET /sipse/faces/javax.faces.resource/theme.css?ln=primefaces-sipse HTTP/1.1" 304 -
186.155.13.76 - - [07/Jun/2023:10:43:02 -0500] "GET /sipse/faces/faces/faces/autenticacion.xhtml HTTP/1.1" 200 12181
186.155.13.76 - - [07/Jun/2023:10:43:02 -0500] "GET /sipse/faces/javax.faces.resource/theme.css?ln=primefaces-sipse HTTP/1.1" 304 -
186.155.13.76 - - [07/Jun/2023:10:43:02 -0500] "GET /sipse/faces/javax.faces.resource/primefaces.css?ln=primefaces&v=4.0 HTTP/1.1" 304 -
186.155.13.76 - - [07/Jun/2023:10:43:02 -0500] "GET /sipse/faces/javax.faces.resource/layout/layout.css?ln=primefaces&v=4.0 HTTP/1.1" 304 -
186.155.13.76 - - [07/Jun/2023:10:43:02 -0500] "GET /sipse/faces/javax.faces.resource/jquery/jquery.js?ln=primefaces&v=4.0 HTTP/1.1" 304 -
186.155.13.76 - - [07/Jun/2023:10:43:02 -0500] "GET /sipse/faces/javax.faces.resource/jquery/jquery-plugins.js?ln=primefaces&v=4.0 HTTP/1.1" 304 -
186.155.13.76 - - [07/Jun/2023:10:43:02 -0500] "GET /sipse/faces/javax.faces.resource/primefaces.js?ln=primefaces&v=4.0 HTTP/1.1" 304 -
186.155.13.76 - - [07/Jun/2023:10:43:02 -0500] "GET /sipse/faces/javax.faces.resource/layout/layout.js?ln=primefaces&v=4.0 HTTP/1.1" 304 -
172.22.2.4 - - [07/Jun/2023:10:43:02 -0500] "GET /BLA/boletinlegal/consulta_actos.php?tipo=autos&no=4092&usuario=&sector=&fecha=2018&resuelve= HTTP/1.1" 200 1362
186.155.13.76 - - [07/Jun/2023:10:43:02 -0500] "GET /sipse/faces/javax.faces.resource/images/ui-icons_898989_256x240.png?ln=primefaces-aristo HTTP/1.1" 304 -
172.22.2.4 - - [07/Jun/2023:10:43:02 -0500] "GET /BLA/boletinlegal/consulta_actos.php?tipo=autos&no=4092&usuario=&sector=&fecha=2018&resuelve= HTTP/1.1" 200 1362
172.22.2.4 - - [07/Jun/2023:10:43:03 -0500] "GET /BLA/boletinlegal/consulta_actos.php?tipo=autos&no=4092&usuario=&sector=&fecha=2018&resuelve= HTTP/1.1" 200 1362
172.22.2.4 - - [07/Jun/2023:10:43:03 -0500] "GET /BLA/boletinlegal/consulta_actos.php?tipo=autos&no=4092&usuario=&sector=&fecha=2018&resuelve= HTTP/1.1" 200 1362
172.22.2.4 - - [07/Jun/2023:10:43:03 -0500] "GET /BLA/boletinlegal/consulta_actos.php?tipo=autos&no=4092&usuario=&sector=&fecha=2018&resuelve= HTTP/1.1" 200 1362
186.155.13.76 - - [07/Jun/2023:10:43:04 -0500] "POST /sipse/faces/autenticacion.xhtml HTTP/1.1" 200 2224
186.155.13.76 - - [07/Jun/2023:10:43:04 -0500] "GET /sipse/faces/javax.faces.resource/messages/messages.png?ln=primefaces&v=4.0 HTTP/1.1" 304 -
186.155.13.76 - - [07/Jun/2023:10:43:05 -0500] "POST /sipse/faces/autenticacion.xhtml HTTP/1.1" 200 18982
186.155.13.76 - - [07/Jun/2023:10:43:05 -0500] "GET /sipse/css/custom_css_sg_prime.css HTTP/1.1" 304 -
186.155.13.76 - - [07/Jun/2023:10:43:05 -0500] "GET /sipse/js/jquery.min.js HTTP/1.1" 304 -
186.155.13.76 - - [07/Jun/2023:10:43:05 -0500] "GET /sipse/faces/javax.faces.resource/jquery/jquery.js?ln=primefaces&v=4.0 HTTP/1.1" 304 -
186.155.13.76 - - [07/Jun/2023:10:43:05 -0500] "GET /sipse/faces/javax.faces.resource/jquery/jquery-plugins.js?ln=primefaces&v=4.0 HTTP/1.1" 304 -
186.155.13.76 - - [07/Jun/2023:10:43:05 -0500] "GET /sipse/faces/javax.faces.resource/primefaces.js?ln=primefaces&v=4.0 HTTP/1.1" 304 -
186.155.13.76 - - [07/Jun/2023:10:43:05 -0500] "GET /sipse/faces/javax.faces.resource/layout/layout.js?ln=primefaces&v=4.0 HTTP/1.1" 304 -
186.155.13.76 - - [07/Jun/2023:10:43:05 -0500] "GET /sipse/css/v_mergente.css HTTP/1.1" 304 -
186.155.13.76 - - [07/Jun/2023:10:43:05 -0500] "GET /sipse/imagenes/cargando.gif HTTP/1.1" 304 -
186.155.13.76 - - [07/Jun/2023:10:43:05 -0500] "GET /sipse/imagenes/logoAplicacion.jpg HTTP/1.1" 304 -
186.155.13.76 - - [07/Jun/2023:10:43:05 -0500] "GET /sipse/css/imagen/contrasena.png HTTP/1.1" 404 383
201.245.192.253 - - [07/Jun/2023:10:43:06 -0500] "POST /sipse/faces/presentacion/financiero/solicitudProceso/consultarSolicitudProceso.xhtml HTTP/1.1" 200 65851
186.155.13.76 - - [07/Jun/2023:10:43:08 -0500] "GET /sipse/faces/javax.faces.resource/images/ui-bg_flat_0_2d5972_40x100.png?ln=primefaces-aristo HTTP/1.1" 304 -
201.245.192.253 - - [07/Jun/2023:10:43:08 -0500] "GET /sipse/faces/javax.faces.resource/theme.css?ln=primefaces-sipse HTTP/1.1" 304 -
201.245.192.253 - - [07/Jun/2023:10:43:08 -0500] "GET /sipse/faces/javax.faces.resource/primefaces.css?ln=primefaces&v=4.0 HTTP/1.1" 304 -
201.245.192.253 - - [07/Jun/2023:10:43:08 -0500] "GET /sipse/faces/javax.faces.resource/layout/layout.css?ln=primefaces&v=4.0 HTTP/1.1" 304 -
201.245.192.253 - - [07/Jun/2023:10:43:08 -0500] "GET /sipse/faces/javax.faces.resource/primefaces.js?ln=primefaces&v=4.0 HTTP/1.1" 304 -
201.245.192.253 - - [07/Jun/2023:10:43:08 -0500] "GET /sipse/faces/javax.faces.resource/jquery/jquery-plugins.js?ln=primefaces&v=4.0 HTTP/1.1" 304 -
201.245.192.253 - - [07/Jun/2023:10:43:08 -0500] "GET /sipse/faces/javax.faces.resource/jquery/jquery.js?ln=primefaces&v=4.0 HTTP/1.1" 304 -
201.245.192.253 - - [07/Jun/2023:10:43:08 -0500] "GET /sipse/faces/javax.faces.resource/layout/layout.js?ln=primefaces&v=4.0 HTTP/1.1" 304 -
201.245.192.253 - - [07/Jun/2023:10:43:08 -0500] "GET /sipse/css/imagen/contrasena.png HTTP/1.1" 404 383
201.245.192.253 - - [07/Jun/2023:10:43:08 -0500] "GET /sipse/faces/javax.faces.resource/images/ui-icons_898989_256x240.png?ln=primefaces-aristo HTTP/1.1" 304 -
186.155.13.76 - - [07/Jun/2023:10:43:08 -0500] "POST /sipse/faces/bienvenido.xhtml HTTP/1.1" 200 3182
201.245.192.253 - - [07/Jun/2023:10:43:14 -0500] "GET /sipse/faces/javax.faces.resource/jquery/jquery-plugins.js?ln=primefaces&v=4.0 HTTP/1.1" 304 -
201.245.192.253 - - [07/Jun/2023:10:43:14 -0500] "GET /sipse/faces/javax.faces.resource/theme.css?ln=primefaces-sipse HTTP/1.1" 304 -
201.245.192.253 - - [07/Jun/2023:10:43:14 -0500] "GET /sipse/faces/javax.faces.resource/layout/layout.css?ln=primefaces&v=4.0 HTTP/1.1" 304 -
201.245.192.253 - - [07/Jun/2023:10:43:14 -0500] "GET /sipse/faces/javax.faces.resource/primefaces.css?ln=primefaces&v=4.0 HTTP/1.1" 304 -
201.245.192.253 - - [07/Jun/2023:10:43:14 -0500] "GET /sipse/faces/javax.faces.resource/jquery/jquery.js?ln=primefaces&v=4.0 HTTP/1.1" 304 -
201.245.192.253 - - [07/Jun/2023:10:43:14 -0500] "GET /sipse/faces/javax.faces.resource/primefaces.js?ln=primefaces&v=4.0 HTTP/1.1" 304 -
201.245.192.253 - - [07/Jun/2023:10:43:14 -0500] "GET /sipse/faces/javax.faces.resource/layout/layout.js?ln=primefaces&v=4.0 HTTP/1.1" 304 -
201.245.192.253 - - [07/Jun/2023:10:43:14 -0500] "GET /sipse/css/imagen/contrasena.png HTTP/1.1" 404 383
201.245.192.253 - - [07/Jun/2023:10:43:14 -0500] "GET /sipse/faces/javax.faces.resource/images/ui-icons_898989_256x240.png?ln=primefaces-aristo HTTP/1.1" 304 -
201.245.192.253 - - [07/Jun/2023:10:43:13 -0500] "POST /sipse/faces/presentacion/financiero/solicitudProceso/consultarHistorialSolProceso.xhtml HTTP/1.1" 200 207320
172.22.2.4 - - [07/Jun/2023:10:43:15 -0500] "GET /BLA/boletinlegal/consulta_actos.php?tipo=autos&no=4093&usuario=&sector=&fecha=2018&resuelve= HTTP/1.1" 200 1084
201.245.192.253 - - [07/Jun/2023:10:43:18 -0500] "GET /BLA/resoluciones/AUTOS%202018/4093.pdf HTTP/1.1" 200 255872
192.168.169.34 - - [07/Jun/2023:10:43:22 -0500] "GET /BLA/boletinlegal/consulta_actos.php?tipo=resoluciones&no=0035&usuario=&sector=SILVICULTURA&fecha=2023&resuelve= HTTP/1.1" 200 626
172.22.2.4 - - [07/Jun/2023:10:43:31 -0500] "GET /BLA/boletinlegal/consulta_actos.php?tipo=autos&no=4094&usuario=&sector=&fecha=2018&resuelve= HTTP/1.1" 200 1351
201.245.192.253 - - [07/Jun/2023:10:43:34 -0500] "GET /BLA/resoluciones/AUTOS%202018/4094.pdf HTTP/1.1" 200 267773
192.168.169.34 - - [07/Jun/2023:10:43:37 -0500] "GET /BLA/boletinlegal/actos.php HTTP/1.1" 200 9682
192.168.169.34 - - [07/Jun/2023:10:43:38 -0500] "GET /BLA/boletinlegal/actos.php HTTP/1.1" 200 9682
192.168.169.34 - - [07/Jun/2023:10:43:41 -0500] "GET /BLA/boletinlegal/consulta_actos.php?tipo=resoluciones&no=35&usuario=&sector=&fecha=2023&resuelve= HTTP/1.1" 200 3651
172.22.2.4 - - [07/Jun/2023:10:43:46 -0500] "GET /BLA/boletinlegal/Directivas/2009/Directiva%20No.%20del%2023%20de%20Diciembre%20de%202009.pdf HTTP/1.1" 200 1636862
172.22.2.4 - - [07/Jun/2023:10:42:09 -0500] "HEAD /BLA/boletinlegal/ HTTP/1.1" 200 -
192.168.169.34 - - [07/Jun/2023:10:43:34 -0500] "GET /BLA/boletinlegal/index.php HTTP/1.1" 200 16331
172.22.2.4 - - [07/Jun/2023:10:43:58 -0500] "GET /BLA/boletinlegal/consulta_actos.php?tipo=autos&no=4095&usuario=&sector=&fecha=2018&resuelve= HTTP/1.1" 200 1077
201.245.192.253 - - [07/Jun/2023:10:44:01 -0500] "GET /BLA/resoluciones/AUTOS%202018/4095.pdf HTTP/1.1" 200 254590
192.168.169.34 - - [07/Jun/2023:10:43:38 -0500] "GET /BLA/boletinlegal/index.php HTTP/1.1" 200 16331
186.155.13.76 - - [07/Jun/2023:10:44:18 -0500] "POST /sipse/faces/bienvenido.xhtml HTTP/1.1" 200 2677
172.22.2.4 - - [07/Jun/2023:10:44:19 -0500] "GET /BLA/boletinlegal/consulta_actos.php?tipo=autos&no=4097&usuario=&sector=&fecha=2018&resuelve= HTTP/1.1" 200 626
186.155.13.76 - - [07/Jun/2023:10:44:19 -0500] "POST /sipse/faces/bienvenido.xhtml HTTP/1.1" 200 39000
186.155.13.76 - - [07/Jun/2023:10:44:20 -0500] "GET /sipse/faces/javax.faces.resource/jquery/jquery.js?ln=primefaces&v=4.0 HTTP/1.1" 304 -
186.155.13.76 - - [07/Jun/2023:10:44:20 -0500] "GET /sipse/faces/javax.faces.resource/jquery/jquery-plugins.js?ln=primefaces&v=4.0 HTTP/1.1" 304 -
186.155.13.76 - - [07/Jun/2023:10:44:20 -0500] "GET /sipse/faces/javax.faces.resource/primefaces.js?ln=primefaces&v=4.0 HTTP/1.1" 304 -
186.155.13.76 - - [07/Jun/2023:10:44:20 -0500] "GET /sipse/faces/javax.faces.resource/layout/layout.js?ln=primefaces&v=4.0 HTTP/1.1" 304 -
186.155.13.76 - - [07/Jun/2023:10:44:25 -0500] "POST /sipse/faces/presentacion/financiero/solicitudProceso/consultar.xhtml HTTP/1.1" 200 12788
172.22.2.4 - - [07/Jun/2023:10:44:27 -0500] "GET /BLA/boletinlegal/consulta_actos.php?tipo=autos&no=4098&usuario=&sector=&fecha=2018&resuelve= HTTP/1.1" 200 626
172.22.2.4 - - [07/Jun/2023:10:44:27 -0500] "GET /BLA/boletinlegal/consulta_actos.php?tipo=autos&no=4098&usuario=&sector=&fecha=2018&resuelve= HTTP/1.1" 200 626
172.22.2.4 - - [07/Jun/2023:10:44:28 -0500] "GET /BLA/boletinlegal/consulta_actos.php?tipo=autos&no=4098&usuario=&sector=&fecha=2018&resuelve= HTTP/1.1" 200 626
172.22.2.4 - - [07/Jun/2023:10:44:28 -0500] "GET /BLA/boletinlegal/consulta_actos.php?tipo=autos&no=4098&usuario=&sector=&fecha=2018&resuelve= HTTP/1.1" 200 626
201.245.192.253 - - [07/Jun/2023:10:44:31 -0500] "POST /sipse/faces/presentacion/financiero/solicitudProceso/consultarSolicitudProceso.xhtml HTTP/1.1" 200 1109653
186.155.13.76 - - [07/Jun/2023:10:44:30 -0500] "POST /sipse/faces/presentacion/financiero/solicitudProceso/consultar.xhtml HTTP/1.1" 200 108915
186.155.13.76 - - [07/Jun/2023:10:44:33 -0500] "GET /sipse/faces/javax.faces.resource/jquery/jquery.js?ln=primefaces&v=4.0 HTTP/1.1" 304 -
186.155.13.76 - - [07/Jun/2023:10:44:33 -0500] "GET /sipse/faces/javax.faces.resource/jquery/jquery-plugins.js?ln=primefaces&v=4.0 HTTP/1.1" 304 -
186.155.13.76 - - [07/Jun/2023:10:44:33 -0500] "GET /sipse/faces/javax.faces.resource/primefaces.js?ln=primefaces&v=4.0 HTTP/1.1" 304 -
