!C99Shell v. 1.0 pre-release build #13!

Software: Apache. PHP/5.5.15 

uname -a: Windows NT SVR-DMZ 6.1 build 7600 (Windows Server 2008 R2 Enterprise Edition) i586 

SYSTEM 

Safe-mode: OFF (not secure)

E:\nuevo\apache\logs\   drwxrwxrwx
Free 8.02 GB of 239.26 GB (3.35%)
Detected drives: [ a ] [ c ] [ d ] [ e ] [ f ]
Home    Back    Forward    UPDIR    Refresh    Search    Buffer    Encoder    Tools    Proc.    FTP brute    Sec.    SQL    PHP-code    Update    Feedback    Self remove    Logout    


Viewing file:     access.2023.06.07.log (3.48 MB)      -rw-rw-rw-
Select action/file-type:
(+) | (+) | (+) | Code (+) | Session (+) | (+) | SDB (+) | (+) | (+) | (+) | (+) | (+) |
13.229.167.130 - - [07/Jun/2023:00:01:20 -0500] "GET /transparencia/financiera/Desagregado%20con%20modificaciones/? HTTP/1.1" 404 1296
13.229.167.130 - - [07/Jun/2023:00:01:33 -0500] "GET /transparencia/financiera/Desagregado%20con%20modificaciones/? HTTP/1.1" 404 1296
66.249.66.84 - - [07/Jun/2023:00:01:35 -0500] "-" 408 -
172.22.2.4 - - [07/Jun/2023:00:00:31 -0500] "HEAD /BLA/boletinlegal/ HTTP/1.1" 200 -
172.22.2.4 - - [07/Jun/2023:00:01:21 -0500] "GET /BLA/boletinlegal/ HTTP/1.1" 200 57151
45.79.181.251 - - [07/Jun/2023:00:03:17 -0500] "GET / HTTP/1.1" 200 319
201.245.192.253 - - [07/Jun/2023:00:04:00 -0500] "POST /kwsrmcab/Wsrmcab  HTTP/1.1" 200 42279
216.245.221.92 - - [07/Jun/2023:00:04:58 -0500] "HEAD / HTTP/1.1" 200 -
52.74.138.138 - - [07/Jun/2023:00:05:49 -0500] "GET /svr-ciudadano/css/bootstrap.min.css HTTP/1.1" 200 113498
52.74.138.138 - - [07/Jun/2023:00:05:49 -0500] "GET /svr-ciudadano/css/dataTables.bootstrap.css HTTP/1.1" 200 7678
52.74.138.138 - - [07/Jun/2023:00:05:48 -0500] "GET /svr-ciudadano/? HTTP/1.1" 200 117833
52.74.138.138 - - [07/Jun/2023:00:05:55 -0500] "GET /svr-ciudadano/js/jquery.min.js HTTP/1.1" 200 95786
52.74.138.138 - - [07/Jun/2023:00:05:55 -0500] "GET /svr-ciudadano/js/bootstrap.min.js HTTP/1.1" 200 35601
52.74.138.138 - - [07/Jun/2023:00:05:56 -0500] "GET /svr-ciudadano/js/jquery.dataTables.min.js HTTP/1.1" 200 153451
52.74.138.138 - - [07/Jun/2023:00:05:56 -0500] "GET /svr-ciudadano/js/dataTables.bootstrap.js HTTP/1.1" 200 4287
172.22.2.4 - - [07/Jun/2023:00:04:23 -0500] "GET /BLA/boletinlegal/ HTTP/1.1" 200 61759
52.167.144.158 - - [07/Jun/2023:00:06:08 -0500] "GET /BLA/resoluciones/AUTOS%202022/0177.pdf HTTP/1.1" 304 -
40.77.167.97 - - [07/Jun/2023:00:07:29 -0500] "GET /BLA/resoluciones/AUTOS%202021/2768.pdf HTTP/1.1" 304 -
66.249.66.40 - - [07/Jun/2023:00:07:59 -0500] "-" 408 -
172.22.2.4 - - [07/Jun/2023:00:06:21 -0500] "HEAD /BLA/boletinlegal/ HTTP/1.1" 200 -
172.22.2.4 - - [07/Jun/2023:00:07:11 -0500] "GET /BLA/boletinlegal/ HTTP/1.1" 200 56287
201.245.192.253 - - [07/Jun/2023:00:08:59 -0500] "POST /kwsrmcab/Wsrmcab  HTTP/1.1" 200 42279
216.245.221.92 - - [07/Jun/2023:00:09:58 -0500] "HEAD / HTTP/1.1" 200 -
52.74.21.112 - - [07/Jun/2023:00:10:57 -0500] "GET /galeria/galeria/jquery.fancybox.js?v=2.1.5 HTTP/1.1" 200 48706
200.118.60.119 - - [07/Jun/2023:00:11:47 -0500] "GET /BLA/resoluciones/index.php?dir=AUTOS+2019%2F HTTP/1.1" 200 379672
172.22.2.4 - - [07/Jun/2023:00:12:11 -0500] "HEAD /BLA/boletinlegal/ HTTP/1.1" 200 -
201.245.192.253 - - [07/Jun/2023:00:13:58 -0500] "POST /kwsrmcab/Wsrmcab  HTTP/1.1" 200 42279
66.249.66.40 - - [07/Jun/2023:00:14:01 -0500] "-" 408 -
172.22.2.4 - - [07/Jun/2023:00:13:01 -0500] "GET /BLA/boletinlegal/ HTTP/1.1" 200 57561
172.22.2.4 - - [07/Jun/2023:00:14:45 -0500] "GET /BLA/boletinlegal/jurisprudencia.php HTTP/1.1" 200 17583
216.245.221.92 - - [07/Jun/2023:00:14:58 -0500] "HEAD / HTTP/1.1" 200 -
186.29.128.80 - - [07/Jun/2023:00:15:18 -0500] "GET /catalogoisis/ HTTP/1.1" 200 8575
186.29.128.80 - - [07/Jun/2023:00:15:19 -0500] "GET /catalogoisis/Js/Cookies.js HTTP/1.1" 200 1369
186.29.128.80 - - [07/Jun/2023:00:15:19 -0500] "GET /catalogoisis/Js/Go.js HTTP/1.1" 200 364
186.29.128.80 - - [07/Jun/2023:00:15:19 -0500] "GET /catalogoisis/Js/AceptarLimpiar.js HTTP/1.1" 200 331
186.29.128.80 - - [07/Jun/2023:00:15:19 -0500] "GET /catalogoisis/Js/Numero.js HTTP/1.1" 200 398
186.29.128.80 - - [07/Jun/2023:00:15:19 -0500] "GET /catalogoisis/Js/CriterioCombinada.js HTTP/1.1" 200 1843
186.29.128.80 - - [07/Jun/2023:00:15:19 -0500] "GET /catalogoisis/Js/Remote.js HTTP/1.1" 200 436
186.29.128.80 - - [07/Jun/2023:00:15:19 -0500] "GET /catalogoisis/Js/Enter.js HTTP/1.1" 200 1208
186.29.128.80 - - [07/Jun/2023:00:15:19 -0500] "GET /catalogoisis/Js/LimpiarCombinada.js HTTP/1.1" 200 207
186.29.128.80 - - [07/Jun/2023:00:15:19 -0500] "GET /catalogoisis/Css/Busqueda.css HTTP/1.1" 200 1995
186.29.128.80 - - [07/Jun/2023:00:15:19 -0500] "GET /catalogoisis/imagenes/aceptar1.gif HTTP/1.1" 200 604
186.29.128.80 - - [07/Jun/2023:00:15:19 -0500] "GET /catalogoisis/imagenes/br1c3.gif HTTP/1.1" 200 302
186.29.128.80 - - [07/Jun/2023:00:15:19 -0500] "GET /catalogoisis/imagenes/Header.gif HTTP/1.1" 200 30313
186.29.128.80 - - [07/Jun/2023:00:15:19 -0500] "GET /catalogoisis/imagenes/br1c1.gif HTTP/1.1" 200 172
186.29.128.80 - - [07/Jun/2023:00:15:20 -0500] "GET /catalogoisis/imagenes/br1c2.gif HTTP/1.1" 200 297
186.29.128.80 - - [07/Jun/2023:00:15:19 -0500] "GET /catalogoisis/imagenes/limpiar1.gif HTTP/1.1" 200 606
186.29.128.80 - - [07/Jun/2023:00:15:20 -0500] "GET /catalogoisis/imagenes/br2c2.gif HTTP/1.1" 200 302
186.29.128.80 - - [07/Jun/2023:00:15:20 -0500] "GET /catalogoisis/imagenes/br2c3.gif HTTP/1.1" 200 416
186.29.128.80 - - [07/Jun/2023:00:15:20 -0500] "GET /catalogoisis/imagenes/br3c3.gif HTTP/1.1" 200 186
186.29.128.80 - - [07/Jun/2023:00:15:19 -0500] "GET /catalogoisis/imagenes/Turnbo1.gif HTTP/1.1" 200 227
186.29.128.80 - - [07/Jun/2023:00:15:20 -0500] "GET /catalogoisis/imagenes/br3c1.gif HTTP/1.1" 200 177
186.29.128.80 - - [07/Jun/2023:00:15:20 -0500] "GET /catalogoisis/imagenes/br3c2.gif HTTP/1.1" 200 285
186.29.128.80 - - [07/Jun/2023:00:15:20 -0500] "GET /catalogoisis/imagenes/br2c1.gif HTTP/1.1" 200 297
186.29.128.80 - - [07/Jun/2023:00:15:20 -0500] "GET /favicon.ico HTTP/1.1" 200 7782
186.29.128.80 - - [07/Jun/2023:00:16:14 -0500] "GET /catalogoisis/imagenes/aceptar2.gif HTTP/1.1" 200 586
186.29.128.80 - - [07/Jun/2023:00:16:14 -0500] "GET /catalogoisis/imagenes/aceptar2.gif HTTP/1.1" 200 586
201.245.192.253 - - [07/Jun/2023:00:18:57 -0500] "POST /kwsrmcab/Wsrmcab  HTTP/1.1" 200 42279
40.77.167.98 - - [07/Jun/2023:00:19:23 -0500] "GET /BLA/resoluciones/AUTOS%202014/5840.pdf HTTP/1.1" 200 465824
186.29.128.80 - - [07/Jun/2023:00:19:37 -0500] "GET /catalogoisis/imagenes/limpiar2.gif HTTP/1.1" 200 589
172.22.2.4 - - [07/Jun/2023:00:18:01 -0500] "HEAD /BLA/boletinlegal/ HTTP/1.1" 200 -
186.29.128.80 - - [07/Jun/2023:00:19:46 -0500] "GET /catalogoisis/ HTTP/1.1" 200 8575
216.245.221.92 - - [07/Jun/2023:00:19:58 -0500] "HEAD / HTTP/1.1" 200 -
186.29.128.80 - - [07/Jun/2023:00:20:04 -0500] "GET /catalogoisis/Js/Marcados.js HTTP/1.1" 200 1327
186.29.128.80 - - [07/Jun/2023:00:20:04 -0500] "GET /catalogoisis/Css/Pft.css HTTP/1.1" 200 3933
186.29.128.80 - - [07/Jun/2023:00:20:04 -0500] "GET /catalogoisis/imagenes/ar1c1.gif HTTP/1.1" 200 251
186.29.128.80 - - [07/Jun/2023:00:20:04 -0500] "GET /catalogoisis/imagenes/ar1c3.gif HTTP/1.1" 200 296
186.29.128.80 - - [07/Jun/2023:00:20:04 -0500] "GET /catalogoisis/imagenes/ar3c1.gif HTTP/1.1" 200 277
186.29.128.80 - - [07/Jun/2023:00:20:04 -0500] "GET /catalogoisis/imagenes/estado.gif HTTP/1.1" 200 580
186.29.128.80 - - [07/Jun/2023:00:20:04 -0500] "GET /catalogoisis/imagenes/ar1c2.gif HTTP/1.1" 200 276
186.29.128.80 - - [07/Jun/2023:00:20:04 -0500] "GET /catalogoisis/imagenes/ar2c3.gif HTTP/1.1" 200 469
186.29.128.80 - - [07/Jun/2023:00:20:04 -0500] "GET /catalogoisis/imagenes/ar3c2.gif HTTP/1.1" 200 383
186.29.128.80 - - [07/Jun/2023:00:20:04 -0500] "GET /catalogoisis/imagenes/ar2c2.gif HTTP/1.1" 200 305
186.29.128.80 - - [07/Jun/2023:00:20:04 -0500] "GET /catalogoisis/imagenes/ar3c3.gif HTTP/1.1" 200 314
186.29.128.80 - - [07/Jun/2023:00:20:04 -0500] "GET /catalogoisis/imagenes/ar2c1.gif HTTP/1.1" 200 366
186.29.128.80 - - [07/Jun/2023:00:20:00 -0500] "POST /catalogoisis/comb.php HTTP/1.1" 200 6843
186.29.128.80 - - [07/Jun/2023:00:20:04 -0500] "GET /catalogoisis/imagenes/back.gif HTTP/1.1" 200 666
186.29.128.80 - - [07/Jun/2023:00:20:04 -0500] "GET /catalogoisis/imagenes/up.gif HTTP/1.1" 200 669
186.29.128.80 - - [07/Jun/2023:00:20:04 -0500] "GET /catalogoisis/imagenes/correo.gif HTTP/1.1" 200 525
186.29.128.80 - - [07/Jun/2023:00:20:04 -0500] "GET /catalogoisis/imagenes/home.gif HTTP/1.1" 200 923
186.29.128.80 - - [07/Jun/2023:00:20:05 -0500] "GET /catalogoisis/imagenes/print.gif HTTP/1.1" 200 916
186.29.128.80 - - [07/Jun/2023:00:20:04 -0500] "GET /catalogoisis/imagenes/selecc.gif HTTP/1.1" 200 784
186.29.128.80 - - [07/Jun/2023:00:20:04 -0500] "GET /catalogoisis/imagenes/fonest4.gif HTTP/1.1" 404 1402
152.61.192.232 - - [07/Jun/2023:00:20:12 -0500] "GET / HTTP/1.1" 200 319
201.245.192.253 - - [07/Jun/2023:00:20:14 -0500] "POST /kwsrmcab/Wsrmcab HTTP/1.1" 200 39823
201.245.192.253 - - [07/Jun/2023:00:20:16 -0500] "POST /kwsrmcab/Wsrmcab HTTP/1.1" 200 43819
186.29.128.80 - - [07/Jun/2023:00:20:28 -0500] "GET /catalogoisis/index.php HTTP/1.1" 200 8575
172.22.2.4 - - [07/Jun/2023:00:18:52 -0500] "GET /BLA/boletinlegal/ HTTP/1.1" 200 59656
66.249.66.84 - - [07/Jun/2023:00:20:40 -0500] "-" 408 -
186.29.128.80 - - [07/Jun/2023:00:20:45 -0500] "GET /catalogoisis/index.php HTTP/1.1" 200 8575
186.29.128.80 - - [07/Jun/2023:00:22:05 -0500] "GET /catalogoisis/imagenes/fonest4.gif HTTP/1.1" 404 1402
186.29.128.80 - - [07/Jun/2023:00:22:04 -0500] "POST /catalogoisis/comb.php HTTP/1.1" 200 4451
4.236.139.6 - - [07/Jun/2023:00:22:16 -0500] "GET /en-junio-conectate-con-la-naturaleza-y-el-medioambiente-a-traves-de-estas-caminatas-ecologicas.html HTTP/1.1" 200 900
172.22.2.4 - - [07/Jun/2023:00:22:37 -0500] "GET /BLA/boletinlegal/actos.php HTTP/1.1" 200 9682
201.245.192.253 - - [07/Jun/2023:00:23:56 -0500] "POST /kwsrmcab/Wsrmcab  HTTP/1.1" 200 42279
216.245.221.92 - - [07/Jun/2023:00:24:58 -0500] "HEAD / HTTP/1.1" 200 -
172.22.2.4 - - [07/Jun/2023:00:23:51 -0500] "HEAD /BLA/boletinlegal/ HTTP/1.1" 200 -
172.22.2.4 - - [07/Jun/2023:00:24:41 -0500] "GET /BLA/boletinlegal/ HTTP/1.1" 200 52326
66.249.66.40 - - [07/Jun/2023:00:27:15 -0500] "-" 408 -
107.20.98.224 - - [07/Jun/2023:00:27:23 -0500] "GET /portaldeninos/ HTTP/1.1" 200 110197
40.77.167.98 - - [07/Jun/2023:00:28:25 -0500] "GET /BLA/resoluciones/AUTOS%202021/6248.pdf HTTP/1.1" 304 -
201.245.192.253 - - [07/Jun/2023:00:28:55 -0500] "POST /kwsrmcab/Wsrmcab  HTTP/1.1" 200 42279
216.245.221.92 - - [07/Jun/2023:00:29:58 -0500] "HEAD / HTTP/1.1" 200 -
201.245.192.253 - - [07/Jun/2023:00:30:14 -0500] "POST /kwsrmcab/Wsrmcab HTTP/1.1" 200 39823
201.245.192.253 - - [07/Jun/2023:00:30:16 -0500] "POST /kwsrmcab/Wsrmcab HTTP/1.1" 200 43819
162.216.150.57 - - [07/Jun/2023:00:30:26 -0500] "GET / HTTP/1.1" 200 319
172.22.2.4 - - [07/Jun/2023:00:29:41 -0500] "HEAD /BLA/boletinlegal/ HTTP/1.1" 200 -
172.22.2.4 - - [07/Jun/2023:00:30:31 -0500] "GET /BLA/boletinlegal/ HTTP/1.1" 200 57561
52.167.144.158 - - [07/Jun/2023:00:32:31 -0500] "GET /BLA/resoluciones/AUTOS%202021/6399.pdf HTTP/1.1" 304 -
201.245.192.253 - - [07/Jun/2023:00:33:54 -0500] "POST /kwsrmcab/Wsrmcab  HTTP/1.1" 200 42279
173.252.87.13 - - [07/Jun/2023:00:34:11 -0500] "GET /images/caminatas-ecol\xc3\xb3gicas-marzo---1920x1080_optimized.jpg HTTP/1.1" 404 1034
188.95.54.24 - - [07/Jun/2023:00:34:12 -0500] "GET /ni-plaga-ni-invasor-el-curi-un-mamifero-dispersor-de-semillas.html HTTP/1.1" 200 782
198.235.24.171 - - [07/Jun/2023:00:34:22 -0500] "\x16\x03\x01" 400 226
216.245.221.92 - - [07/Jun/2023:00:34:58 -0500] "HEAD / HTTP/1.1" 200 -
152.61.128.50 - - [07/Jun/2023:00:35:33 -0500] "GET / HTTP/1.1" 200 319
172.22.2.4 - - [07/Jun/2023:00:35:31 -0500] "HEAD /BLA/boletinlegal/ HTTP/1.1" 200 -
172.22.2.4 - - [07/Jun/2023:00:36:21 -0500] "GET /BLA/boletinlegal/ HTTP/1.1" 200 54424
172.22.2.4 - - [07/Jun/2023:00:38:02 -0500] "GET /BLA/boletinlegal/js/popup.js HTTP/1.1" 200 1270
172.22.2.4 - - [07/Jun/2023:00:38:07 -0500] "GET /BLA/boletinlegal/js/lib.js HTTP/1.1" 200 6474
201.245.192.253 - - [07/Jun/2023:00:38:54 -0500] "POST /kwsrmcab/Wsrmcab  HTTP/1.1" 200 42279
216.245.221.92 - - [07/Jun/2023:00:39:58 -0500] "HEAD / HTTP/1.1" 200 -
201.245.192.253 - - [07/Jun/2023:00:40:13 -0500] "POST /kwsrmcab/Wsrmcab HTTP/1.1" 200 39823
201.245.192.253 - - [07/Jun/2023:00:40:16 -0500] "POST /kwsrmcab/Wsrmcab HTTP/1.1" 200 43819
172.22.2.4 - - [07/Jun/2023:00:41:21 -0500] "HEAD /BLA/boletinlegal/ HTTP/1.1" 200 -
172.22.2.4 - - [07/Jun/2023:00:42:11 -0500] "GET /BLA/boletinlegal/ HTTP/1.1" 200 57151
201.245.192.253 - - [07/Jun/2023:00:43:53 -0500] "POST /kwsrmcab/Wsrmcab  HTTP/1.1" 200 42279
216.245.221.92 - - [07/Jun/2023:00:44:58 -0500] "HEAD / HTTP/1.1" 200 -
168.119.61.24 - - [07/Jun/2023:00:45:00 -0500] "GET / HTTP/1.1" 200 4720
168.119.61.24 - - [07/Jun/2023:00:45:03 -0500] "GET / HTTP/1.1" 200 319
52.174.21.13 - - [07/Jun/2023:00:47:10 -0500] "GET http://httpbin.org/ip HTTP/1.1" 404 1015
198.235.24.116 - - [07/Jun/2023:00:48:46 -0500] "GET / HTTP/1.0" 200 319
172.22.2.4 - - [07/Jun/2023:00:47:11 -0500] "HEAD /BLA/boletinlegal/ HTTP/1.1" 200 -
201.245.192.253 - - [07/Jun/2023:00:48:53 -0500] "POST /kwsrmcab/Wsrmcab  HTTP/1.1" 200 42279
200.118.60.119 - - [07/Jun/2023:00:49:27 -0500] "GET /BLA/resoluciones/AUTOS%202019/0048.pdf HTTP/1.1" 200 258096
200.118.60.119 - - [07/Jun/2023:00:49:27 -0500] "GET /BLA/resoluciones/index.php?dir=AUTOS+2019%2F HTTP/1.1" 200 364491
200.118.60.119 - - [07/Jun/2023:00:49:29 -0500] "GET /BLA/resoluciones/index.php?dir=AUTOS+2019%2F HTTP/1.1" 200 379672
172.22.2.4 - - [07/Jun/2023:00:49:41 -0500] "GET /BLA/boletinlegal/robots.txt HTTP/1.1" 404 1038
172.22.2.4 - - [07/Jun/2023:00:48:01 -0500] "GET /BLA/boletinlegal/ HTTP/1.1" 200 57151
216.245.221.92 - - [07/Jun/2023:00:49:58 -0500] "HEAD / HTTP/1.1" 200 -
152.61.192.232 - - [07/Jun/2023:00:51:07 -0500] "GET /arcgis/services/Calidad_del_Agua_WQI/MapServer/WMSServer?request=GetCapabilities&service=WMS HTTP/1.1" 503 1020
152.61.192.232 - - [07/Jun/2023:00:51:08 -0500] "GET /arcgis/services/Calidad_del_Agua_WQI/MapServer/WMSServer?SERVICE=WMS&REQUEST=GetCapabilities HTTP/1.1" 503 1020
152.61.192.232 - - [07/Jun/2023:00:51:08 -0500] "GET /arcgis/services/Calidad_del_Agua_WQI/MapServer/WMSServer?WMTVER=1.0.0&REQUEST=capabilities HTTP/1.1" 503 1020
172.22.2.4 - - [07/Jun/2023:00:49:42 -0500] "GET /BLA/boletinlegal/index.php HTTP/1.1" 200 62212
40.77.167.98 - - [07/Jun/2023:00:51:26 -0500] "GET /BLA/resoluciones/AUTOS%202021/3738.pdf HTTP/1.1" 304 -
201.245.192.253 - - [07/Jun/2023:00:53:52 -0500] "POST /kwsrmcab/Wsrmcab  HTTP/1.1" 200 42279
172.22.2.4 - - [07/Jun/2023:00:53:01 -0500] "HEAD /BLA/boletinlegal/ HTTP/1.1" 200 -
216.245.221.92 - - [07/Jun/2023:00:54:58 -0500] "HEAD / HTTP/1.1" 200 -
172.22.2.4 - - [07/Jun/2023:00:53:51 -0500] "GET /BLA/boletinlegal/ HTTP/1.1" 200 59306
199.16.157.183 - - [07/Jun/2023:00:57:04 -0500] "GET /images/Archivo%20pacto%20aire%2023%20enero.jpeg HTTP/1.1" 200 28889
199.16.157.183 - - [07/Jun/2023:00:57:04 -0500] "GET /secretaria-de-ambiente-otorgo-reconocimiento-a-80-empresas-vinculadas-al-pacto-unidos-por-un-nuevo-aire.html HTTP/1.1" 200 964
201.245.192.253 - - [07/Jun/2023:00:58:50 -0500] "POST /kwsrmcab/Wsrmcab  HTTP/1.1" 200 42279
216.245.221.92 - - [07/Jun/2023:00:59:58 -0500] "HEAD / HTTP/1.1" 200 -
69.171.249.119 - - [07/Jun/2023:01:00:29 -0500] "GET /images/mercados-campesinos-5-mayo.jpg HTTP/1.1" 200 95848
172.22.2.4 - - [07/Jun/2023:00:58:51 -0500] "HEAD /BLA/boletinlegal/ HTTP/1.1" 200 -
172.22.2.4 - - [07/Jun/2023:00:59:41 -0500] "GET /BLA/boletinlegal/ HTTP/1.1" 200 59306
52.167.144.158 - - [07/Jun/2023:01:01:34 -0500] "GET /BLA/resoluciones/AUTOS%202019/4400.pdf HTTP/1.1" 304 -
192.42.116.214 - - [07/Jun/2023:01:02:44 -0500] "GET /wp-login.php HTTP/1.1" 404 1034
201.245.192.253 - - [07/Jun/2023:01:03:49 -0500] "POST /kwsrmcab/Wsrmcab  HTTP/1.1" 200 42279
216.245.221.92 - - [07/Jun/2023:01:04:58 -0500] "HEAD / HTTP/1.1" 200 -
172.22.2.4 - - [07/Jun/2023:01:04:41 -0500] "HEAD /BLA/boletinlegal/ HTTP/1.1" 200 -
40.77.167.98 - - [07/Jun/2023:01:06:37 -0500] "GET /forest/ HTTP/1.1" 200 12041
40.77.167.98 - - [07/Jun/2023:01:06:48 -0500] "GET /forest/ HTTP/1.1" 200 12041
172.22.2.4 - - [07/Jun/2023:01:05:31 -0500] "GET /BLA/boletinlegal/ HTTP/1.1" 200 52326
186.30.61.15 - - [07/Jun/2023:01:07:58 -0500] "GET /kwssiamovil/sm/acme/a?s=U2FsdGVkX1/qxQFgY5cjSGR06X44fPzwZ91K0MIadcprpg/eBJmWWGYqrOk47ziLSMX1EcYnkCWHjilkOQA42tU6zChL+R1Eb8nhLGR+s6mvBqwsoIY3DDfUVVAOR6y5GHCmIdT6p75BCDbA+j0IZUaeoqdcaCZMDNnOBzA4TIviicPabVmkhcy5SXO5zOQN0EXE3+DtQyHlI74yPqbqFR8b/QEHWA+rWb0JMaEitWUo4CUlebAqDOL+5HKzOFMaI46p5sxQK19qFCiy7VkJ8g==&u=U2FsdGVkX1/AtgvEJVhc7TF1YGjwzFlePu/W5imMxS7eDJ7E6zkTmVh1YZVkkS41&y=U2FsdGVkX18Tx6ah7vEC+7QwtLs5c0MLLkSPQuUlNVCP01dUuhe1TAzIUDR8e/ld HTTP/1.1" 200 26
186.30.61.15 - - [07/Jun/2023:01:07:58 -0500] "GET /kwssiamovil/sm/acme/a?s=U2FsdGVkX1/IVC6p5/TgfTVswRqWuJopziYypcCxClSdy3lYQ9AWfQt+wLC/MrRNJElI/SJgAFYQA22RyYpEHP0Ie8EVzgdu8GzDSTiEyt8nnOhzNrG4D7ofz+rcVeQe3omXPHph4Vi8356qaLhyIhFNWKl7p9F0AvezrbdNjEFMr0eoCMXw/N50QTJ+xtIkKxHjN+0Vj5GpVzJCP24tfmRXr06PaZmkH6a+SN2IBl7RDjLN8eejEavP5W8YDoJknG6IaS96fMR5rRnJGqXGLiYLVfj2IU0vz1EmbB87Lbu4Fqnpi7S6YXcJGTCXi1iHX5I1PPiksUTk2MO07DdE36sjY2wUDtg5grEYD5aJBtlSEiq02cs/oBV78IFqqxHqR5YDCGESEmNlxGWei9j8pSbg/dogkvwd8PP44EMHS/dX381mVPbyE/dtSjIKHf0/ED4t2w2h+xZcn0/UERWyitG1wVrFYaargInIeWpn3+tQgZQHj0YkZvxWst7o2qMWRDJr8hhMJThl5RVvrAUyZtUZTVRrqnSP0Q4/z4Q0dCFCDbk6iP8X3Y93a/wGXg6mgBqLIpPkGGTsZcN2JHopwyX5deYzD5SKbjVy0Xs5L3bfemPl1gl/fi9WOPF5p7xI/vLf7Ioj/7PJqwO8nnJva4xLvAHzi58gJr5O8VRvsrsWaAMvZAWhs/hRZLsSuzA3FQ6avPxfoXY/YfOYFPuK2dbmBMFOiJKyvuWPQx2Dzjf8se4bN5ach0KAb6ApmixLXWd6EHHyt1zSySblR9tORAteEddNZsH7Nojuhah/fxJfhrsgdywJHGXIHowUEwW40+HjxT3/TQ+yDfLwaVYv2X8wYLQe7i0L6RhW+NrttZi9Xbs6JwdSWF84dUlL0f82DlGgoicxdajcE4jn1UWqRWrM8+ELyL0PO+uC6+v/JHErqle5/Do0KJA1wpW14SLjXFLiB13bL/wQkp0oHSRcQsyBoyH7useJuDG01BVOO7NJCpDQmbJs4kkac0mLlYPWVULKH/DQE3v0cvYY5ZEpB4EQBMMVm+y/bgWJRZr7+J+8WVmeyn6qZEitUYq1ZVxTX19w3OdX9rNqwcxk9+y9rpWpfUeJIw3UkiX+xKDLNxDclNeFs9mskhPxyXTLFKNPD7Cvjlet2xiS8BaHBL2+8bofMNsT93wWdpumtqQJusRTfrf8rZER3ARzuhIPZfcemHdXpI+N/E1/+PoUFk8xUXZI+x+o9iH1odZNbyhb6FOWDtNSzh57rbE9TbbnSf32nXMsvgELIhJ7acZxiN54fOjwy+YFoLmWoZ77/2egPDxGUx5jURBSjhtPnNw2BTcQsL1MNMsmdXc7+IW749lpgOAaw617y1Z3g7TB1cZyzbQ8njKeaCgionwpJd4p+mEVNJWrlruW9F7KBW7ELxcx9P/0cUZlP19koqsiXW7rbhPkPRr2esixeuyAecvlsaBwypXxf0Y2//wf99BSKMvJ5ZkpxWQudQy0mfaxUx1GTEJh8kBPzvQOtjeVRzSMV4Wy9hxdmyKWDeJnQEy/PBKkjcsrN4V8MZO5ZKjmlpd21OE623/fha8SEeb8dwX5/ly21/lqim16mOqyNzSg7SXrJH05557/2k0GYjQN0SqchjiQfIwQ+RLzVaQjgGUhji++08RkljfhrEpAAEqC49I7ayongXNRV0JMIeKRTq067zyezHQVKpbR1Pb/7BMsJZjX+1QDeJ7VlAhBx4kC6ZO6M6IaRx3YTUbGCmQ+MejHs2f5pYd8nxmVqSvazu3tHBNij7cs/8P4FkOY5MQdFSt59a6fNGCVsrltCXPhUdMTYY/P2GxsGm5M7D64o0jpo6kOwsDHN0xYpAa9Y6osoe6SancEWSp1r7N2yYTnKC369xRNuU4xJBHDuUo9J7MFX43gqqnRNcSC7kdIZSMdl3kbvMx5X0rhS/iEeK5RUE/yBzDylxYtucouIWaVcpe41Mh1GGgPUCuw52Uzn5mBm+hVtA34n2khURS3fGHG3fS8adh18QufDrvVl8fFyu746vNBCPFU0WQo/yQW7ZuFBKBCcWqKHWfSkL5umR2dg9mxkiONDf3AJeE5tIYAvVa/Lrxa9MuWEqUYj6NMZwGR00ZNeb4Za2d0nLT/rFHZCUziLH9AqGHM2VivpSHa20xTgr+oHtTdmhHxkwwcDfORzIOt0sTtz15Hfh0ROh8A7t77ceUO+4oXJFLMRwuP5xqwToBscC/Qm9ph/tT9T69CIpTVTz7QnBfOSADfiy+97+6iWX/sfhcKr9TVRzbEPKSqBqH4HpHHwg+r3ew2J6GHE6zx7tsoQbJSGbwlV784NEzGKfPHNl628QGwPzuck2+2LlAW6MnOM8xvH6W5QxUgk2NokIHZYZ97RPSf3hvm594Kju7x0605UHvK4kIYTgfmGI4dSp6OwuOafQoWT4US0g5FOZLDe4TqtwWTeLIrVKJbQa1JCzbTuIka2b6IwNRSEbbw5WkKcn9okwPrDbRSMP6vie32A/QzAbSI0AMqJfPUE+Qj2qA4CxOnW5QSOH6vyzi4bIwnUCV6oZNW2e/2sr5mkk8j9ggKaDiOr0eIViid3tW/dMlF9WUnFv+oR2OZaYDCqPy59EHRFtwm37i8diW83DsSJ/ihBfNggWhAUa6bysMf7GCgJLtkCK0qR2bJLy3I3cwh6ii92ueumgYT07nhcdczBItXjQ2OG21qDujzJjTWX23FoDn5qRnpWEGMvFMxPqdrbgnA2Va3BjKNvaWrgH7GxQAQV7P19IfTSlLj++mc+Siyn6YLYYiY3ftlknrnFXfQ2mJqcMcn2+HT2F34TbIyqcpZoJMsHDg7ep1zR0hc4DdCTROGGgA/TWwMhhkOlp3YUcfHUYUDPyKy1TfbgHXGIdGemNyDbaM6GvxFAGaS2+TtwGeFybQ3sbO4cSDX8gp7Fnak9hFnhICRPnjPbd3L1YFRw+fPuwZu3ftgqXhSbI1HLV7+2NjXBRIdWDWPeBmMWx57AUDRIUozHPxRCGsqRq1Euie3ICmHJoZ2PWt5pzLRCwqOak0YNu2gNbpmGmVZcvAR28wVgp993yRydM25TwQCdMzh07GY5qONZ7UMs7u8ipyNyXphnGstl0IRzAMLiJTh/31O17ZNRPQzmfObOMkxYXl0GLHjV/czuF30o6rGkBTEAcpZAgEUlyg4&u=U2FsdGVkX1/AtgvEJVhc7TF1YGjwzFlePu/W5imMxS7eDJ7E6zkTmVh1YZVkkS41&y=U2FsdGVkX18Tx6ah7vEC+7QwtLs5c0MLLkSPQuUlNVCP01dUuhe1TAzIUDR8e/ld HTTP/1.1" 200 26
186.30.61.15 - - [07/Jun/2023:01:07:59 -0500] "GET /kwssiamovil/sm/acme/a?s=U2FsdGVkX1/GKa/q8g8WbKhDSWqIwwEU0jveiFiqcX1uTPJxxENbxCdlmENsmzoD7Lu1/U37Vd87YNnWJ5At3m9Y7VXFKdOVM9Zwh6MLeBWh5QCXeQ2jt2FZePpKnSe3m4S8vrR7RBR/mwaaTxnXQvdvF7RpXnVM/pXnMTHwY9I=&u=U2FsdGVkX1/AtgvEJVhc7TF1YGjwzFlePu/W5imMxS7eDJ7E6zkTmVh1YZVkkS41&y=U2FsdGVkX18Tx6ah7vEC+7QwtLs5c0MLLkSPQuUlNVCP01dUuhe1TAzIUDR8e/ld HTTP/1.1" 200 26
186.30.61.15 - - [07/Jun/2023:01:07:59 -0500] "GET /kwssiamovil/sm/acme/a?s=U2FsdGVkX1+M3V6jOmMz8G/2cejeq18duYCTPW1qVHZj6PwurMluvMNwolIIaXNB33N6cGbMiw8epXIDYAmIKrGw+Tf0ta02QKEgPEYpBRVDO70RRNy4Exwg648sM04ZyIraq8+fbA18iKRLxqD1UWFju770DiJ7hAQf00Uwje4=&u=U2FsdGVkX1/AtgvEJVhc7TF1YGjwzFlePu/W5imMxS7eDJ7E6zkTmVh1YZVkkS41&y=U2FsdGVkX18Tx6ah7vEC+7QwtLs5c0MLLkSPQuUlNVCP01dUuhe1TAzIUDR8e/ld HTTP/1.1" 200 26
186.30.61.15 - - [07/Jun/2023:01:07:59 -0500] "GET /kwssiamovil/sm/acme/a?s=U2FsdGVkX1/26hOEch91MzY7AbLKTWKnx29644AtyfgSXDIpVk4HQRuBmj8T+tf7pCztw1gqMtQOnpoRfkJU0WHrB57iL6PV/bu4yuw2gSegeWIWSaEdgUmj3wtKF/FA0PE4Z7UMmVGfwkb5YBvX5aNG7QON2D0vDnzsWTF8cEk=&u=U2FsdGVkX1/AtgvEJVhc7TF1YGjwzFlePu/W5imMxS7eDJ7E6zkTmVh1YZVkkS41&y=U2FsdGVkX18Tx6ah7vEC+7QwtLs5c0MLLkSPQuUlNVCP01dUuhe1TAzIUDR8e/ld HTTP/1.1" 200 26
186.30.61.15 - - [07/Jun/2023:01:07:59 -0500] "GET /kwssiamovil/sm/acme/a?s=U2FsdGVkX1+5NNA5GMcwd5oD2sBZFGP9/VvJ7xQD63h9kEgHKzylxZ+KZ98z5mLXbyg4wL/6IvsaW7jaXmomCdftEIE/pj1qndGmyWDiy97UtPJUa/4oO1rdLUAKjcZTUxPyIzjlWnin3MTB0r4ESiaXxwySbUz87Lp5yzX45ZGRPAowN9ntCTljQ9P8+YglEUGpInAGrTkq/ws6kyFong==&u=U2FsdGVkX1/AtgvEJVhc7TF1YGjwzFlePu/W5imMxS7eDJ7E6zkTmVh1YZVkkS41&y=U2FsdGVkX18Tx6ah7vEC+7QwtLs5c0MLLkSPQuUlNVCP01dUuhe1TAzIUDR8e/ld HTTP/1.1" 200 26
201.245.192.253 - - [07/Jun/2023:01:08:47 -0500] "POST /kwsrmcab/Wsrmcab  HTTP/1.1" 200 42279
216.245.221.92 - - [07/Jun/2023:01:09:58 -0500] "HEAD / HTTP/1.1" 200 -
69.63.189.118 - - [07/Jun/2023:01:10:16 -0500] "GET /manos-reparadoras-protagonistas-en-la-segunda-feria-de-moda-sostenible.html HTTP/1.1" 200 774
172.22.2.4 - - [07/Jun/2023:01:10:31 -0500] "HEAD /BLA/boletinlegal/ HTTP/1.1" 200 -
172.22.2.4 - - [07/Jun/2023:01:11:22 -0500] "GET /BLA/boletinlegal/ HTTP/1.1" 200 54808
201.245.192.253 - - [07/Jun/2023:01:13:46 -0500] "POST /kwsrmcab/Wsrmcab  HTTP/1.1" 200 42279
216.245.221.92 - - [07/Jun/2023:01:14:58 -0500] "HEAD / HTTP/1.1" 200 -
173.252.83.16 - - [07/Jun/2023:01:16:11 -0500] "GET /images/manos-reparadoras-plaza-americas-1.jpg HTTP/1.1" 200 47593
172.22.2.4 - - [07/Jun/2023:01:16:21 -0500] "HEAD /BLA/boletinlegal/ HTTP/1.1" 200 -
201.245.192.253 - - [07/Jun/2023:01:18:45 -0500] "POST /kwsrmcab/Wsrmcab  HTTP/1.1" 200 42279
172.22.2.4 - - [07/Jun/2023:01:17:11 -0500] "GET /BLA/boletinlegal/ HTTP/1.1" 200 59306
152.61.128.50 - - [07/Jun/2023:01:19:07 -0500] "GET /arcgis/services/Calidad_del_Agua_WQI/MapServer/WMSServer?request=GetCapabilities&service=WMS HTTP/1.1" 503 1020
152.61.128.50 - - [07/Jun/2023:01:19:08 -0500] "GET /arcgis/services/Calidad_del_Agua_WQI/MapServer/WMSServer?SERVICE=WMS&REQUEST=GetCapabilities HTTP/1.1" 503 1020
152.61.128.50 - - [07/Jun/2023:01:19:09 -0500] "GET /arcgis/services/Calidad_del_Agua_WQI/MapServer/WMSServer?WMTVER=1.0.0&REQUEST=capabilities HTTP/1.1" 503 1020
216.245.221.92 - - [07/Jun/2023:01:19:58 -0500] "HEAD / HTTP/1.1" 200 -
201.245.192.253 - - [07/Jun/2023:01:20:13 -0500] "POST /kwsrmcab/Wsrmcab HTTP/1.1" 200 39652
201.245.192.253 - - [07/Jun/2023:01:20:16 -0500] "POST /kwsrmcab/Wsrmcab HTTP/1.1" 200 43655
40.77.167.205 - - [07/Jun/2023:01:21:56 -0500] "GET /portaldeninos/aulas-ambientales/aula-ambiental-sorotama/ HTTP/1.1" 200 89596
119.18.2.153 - - [07/Jun/2023:01:23:21 -0500] "GET /galeria/galeria/jquery.fancybox.css?v=2.1.5 HTTP/1.1" 200 4895
201.245.192.253 - - [07/Jun/2023:01:23:44 -0500] "POST /kwsrmcab/Wsrmcab  HTTP/1.1" 200 42279
172.22.2.4 - - [07/Jun/2023:01:22:11 -0500] "HEAD /BLA/boletinlegal/ HTTP/1.1" 200 -
172.22.2.4 - - [07/Jun/2023:01:23:01 -0500] "GET /BLA/boletinlegal/ HTTP/1.1" 200 53924
216.245.221.92 - - [07/Jun/2023:01:24:58 -0500] "HEAD / HTTP/1.1" 200 -
172.22.2.4 - - [07/Jun/2023:01:23:35 -0500] "GET /BLA/boletinlegal/ HTTP/1.1" 200 56287
172.22.2.4 - - [07/Jun/2023:01:26:02 -0500] "GET /BLA/boletinlegal/ HTTP/1.1" 200 57291
201.245.192.253 - - [07/Jun/2023:01:28:43 -0500] "POST /kwsrmcab/Wsrmcab  HTTP/1.1" 200 42279
172.22.2.4 - - [07/Jun/2023:01:28:01 -0500] "HEAD /BLA/boletinlegal/ HTTP/1.1" 200 -
216.245.221.92 - - [07/Jun/2023:01:29:57 -0500] "HEAD / HTTP/1.1" 200 -
201.245.192.253 - - [07/Jun/2023:01:30:13 -0500] "POST /kwsrmcab/Wsrmcab HTTP/1.1" 200 39652
201.245.192.253 - - [07/Jun/2023:01:30:17 -0500] "POST /kwsrmcab/Wsrmcab HTTP/1.1" 200 43655
172.22.2.4 - - [07/Jun/2023:01:28:51 -0500] "GET /BLA/boletinlegal/ HTTP/1.1" 200 54808
200.118.60.119 - - [07/Jun/2023:01:32:38 -0500] "GET /BLA/resoluciones/index.php?dir=AUTOS+2019%2F HTTP/1.1" 200 379672
201.245.192.253 - - [07/Jun/2023:01:33:42 -0500] "POST /kwsrmcab/Wsrmcab  HTTP/1.1" 200 42279
52.167.144.46 - - [07/Jun/2023:01:34:57 -0500] "GET /dia-mundial-del-medio-ambiente-distrito-liberara-animales-silvestres-plantara-arboles-y-desarrollara-actividades-pedagogicas.html HTTP/1.1" 200 856
216.245.221.92 - - [07/Jun/2023:01:34:57 -0500] "HEAD / HTTP/1.1" 200 -
45.157.126.39 - - [07/Jun/2023:01:35:19 -0500] "HEAD /comienza-el-iii-congreso-de-derecho-animal-bogota-se-compromete-con-el-cuidado-y-bienestar-de-las-especies.html HTTP/1.1" 200 -
172.22.2.4 - - [07/Jun/2023:01:33:51 -0500] "HEAD /BLA/boletinlegal/ HTTP/1.1" 200 -
40.77.167.245 - - [07/Jun/2023:01:36:11 -0500] "GET /portaldeninos/2021/06/05/celebracion-del-dia-mundial-del-medio-ambiente-comenzo-desde-uno-de-los-pulmones-de-bogota/ HTTP/1.1" 200 104357
172.22.2.4 - - [07/Jun/2023:01:34:41 -0500] "GET /BLA/boletinlegal/ HTTP/1.1" 200 57151
201.245.192.253 - - [07/Jun/2023:01:38:41 -0500] "POST /kwsrmcab/Wsrmcab  HTTP/1.1" 200 42279
199.16.157.169 - - [07/Jun/2023:01:39:42 -0500] "GET /si-tienes-ropa-y-calzado-que-ya-no-usas-aca-te-presentamos-seis-puntos-a-donde-los-puedes-llevar.html HTTP/1.1" 200 872
199.16.157.181 - - [07/Jun/2023:01:39:43 -0500] "GET /images/prendas-1_optimized.jpeg HTTP/1.1" 200 65869
216.245.221.92 - - [07/Jun/2023:01:39:57 -0500] "HEAD / HTTP/1.1" 200 -
201.245.192.253 - - [07/Jun/2023:01:40:13 -0500] "POST /kwsrmcab/Wsrmcab HTTP/1.1" 200 39652
201.245.192.253 - - [07/Jun/2023:01:40:16 -0500] "POST /kwsrmcab/Wsrmcab HTTP/1.1" 200 43655
18.143.53.24 - - [07/Jun/2023:01:40:29 -0500] "GET /galeria/galeria/jquery.fancybox.js?v=2.1.5 HTTP/1.1" 200 48706
172.22.2.4 - - [07/Jun/2023:01:39:41 -0500] "HEAD /BLA/boletinlegal/ HTTP/1.1" 200 -
172.22.2.4 - - [07/Jun/2023:01:40:31 -0500] "GET /BLA/boletinlegal/ HTTP/1.1" 200 55221
173.252.107.117 - - [07/Jun/2023:01:43:42 -0500] "GET /mirla-un-ave-que-recorre-y-habita-diferentes-ecosistemas-de-bogota.html HTTP/1.1" 200 728
201.245.192.253 - - [07/Jun/2023:01:43:40 -0500] "POST /kwsrmcab/Wsrmcab  HTTP/1.1" 200 42279
216.245.221.92 - - [07/Jun/2023:01:44:57 -0500] "HEAD / HTTP/1.1" 200 -
52.167.144.46 - - [07/Jun/2023:01:45:32 -0500] "GET /el-proximo-13-de-mayo-participa-del-global-big-day.html HTTP/1.1" 200 736
172.22.2.4 - - [07/Jun/2023:01:45:42 -0500] "GET /BLA/boletinlegal/ HTTP/1.1" 200 36811
172.22.2.4 - - [07/Jun/2023:01:45:31 -0500] "HEAD /BLA/boletinlegal/ HTTP/1.1" 200 -
172.22.2.4 - - [07/Jun/2023:01:46:21 -0500] "GET /BLA/boletinlegal/ HTTP/1.1" 200 56287
201.245.192.253 - - [07/Jun/2023:01:48:39 -0500] "POST /kwsrmcab/Wsrmcab  HTTP/1.1" 200 42279
216.245.221.92 - - [07/Jun/2023:01:49:57 -0500] "HEAD / HTTP/1.1" 200 -
49.7.20.74 - - [07/Jun/2023:01:51:00 -0500] "GET / HTTP/1.1" 200 319
172.22.2.4 - - [07/Jun/2023:01:51:21 -0500] "HEAD /BLA/boletinlegal/ HTTP/1.1" 200 -
201.245.192.253 - - [07/Jun/2023:01:53:37 -0500] "POST /kwsrmcab/Wsrmcab  HTTP/1.1" 200 42279
172.22.2.4 - - [07/Jun/2023:01:52:11 -0500] "GET /BLA/boletinlegal/ HTTP/1.1" 200 58663
216.245.221.92 - - [07/Jun/2023:01:54:57 -0500] "HEAD / HTTP/1.1" 200 -
3.253.118.126 - - [07/Jun/2023:01:57:03 -0500] "GET / HTTP/1.1" 200 319
52.167.144.158 - - [07/Jun/2023:01:57:51 -0500] "GET /BLA/resoluciones/RESOLUCIONES%202021/0629.pdf HTTP/1.1" 304 -
201.245.192.253 - - [07/Jun/2023:01:58:37 -0500] "POST /kwsrmcab/Wsrmcab  HTTP/1.1" 200 42279
172.22.2.4 - - [07/Jun/2023:01:57:11 -0500] "HEAD /BLA/boletinlegal/ HTTP/1.1" 200 -
172.22.2.4 - - [07/Jun/2023:01:57:42 -0500] "GET /BLA/boletinlegal/ HTTP/1.1" 200 36811
172.22.2.4 - - [07/Jun/2023:01:58:01 -0500] "GET /BLA/boletinlegal/ HTTP/1.1" 200 53561
216.245.221.92 - - [07/Jun/2023:01:59:57 -0500] "HEAD / HTTP/1.1" 200 -
168.119.252.253 - - [07/Jun/2023:02:00:21 -0500] "GET / HTTP/1.1" 200 319
168.119.252.253 - - [07/Jun/2023:02:00:23 -0500] "GET / HTTP/1.1" 200 4720
40.77.167.98 - - [07/Jun/2023:02:00:42 -0500] "GET /BLA/resoluciones/AUTOS%202021/0304.pdf HTTP/1.1" 304 -
40.77.167.97 - - [07/Jun/2023:02:02:10 -0500] "GET /Publicaciones/2023EE91511.pdf HTTP/1.1" 404 227
40.77.167.98 - - [07/Jun/2023:02:03:03 -0500] "GET /BLA/resoluciones/index.php?dir=AUTOS+2020%2F HTTP/1.1" 200 328938
201.245.192.253 - - [07/Jun/2023:02:03:36 -0500] "POST /kwsrmcab/Wsrmcab  HTTP/1.1" 200 42279
172.22.2.4 - - [07/Jun/2023:02:03:01 -0500] "HEAD /BLA/boletinlegal/ HTTP/1.1" 200 -
216.245.221.92 - - [07/Jun/2023:02:04:57 -0500] "HEAD / HTTP/1.1" 200 -
172.22.2.4 - - [07/Jun/2023:02:03:51 -0500] "GET /BLA/boletinlegal/ HTTP/1.1" 200 57561
45.227.254.55 - - [07/Jun/2023:02:05:53 -0500] "\x03" 400 226
201.245.192.253 - - [07/Jun/2023:02:08:34 -0500] "POST /kwsrmcab/Wsrmcab  HTTP/1.1" 200 42279
172.22.2.4 - - [07/Jun/2023:02:08:28 -0500] "GET /BLA/boletinlegal/ HTTP/1.1" 200 24523
172.22.2.4 - - [07/Jun/2023:02:08:15 -0500] "GET /BLA/boletinlegal/ HTTP/1.1" 200 51620
216.245.221.92 - - [07/Jun/2023:02:09:57 -0500] "HEAD / HTTP/1.1" 200 -
172.22.2.4 - - [07/Jun/2023:02:08:51 -0500] "HEAD /BLA/boletinlegal/ HTTP/1.1" 200 -
172.22.2.4 - - [07/Jun/2023:02:09:41 -0500] "GET /BLA/boletinlegal/ HTTP/1.1" 200 58307
201.245.192.253 - - [07/Jun/2023:02:13:34 -0500] "POST /kwsrmcab/Wsrmcab  HTTP/1.1" 200 42279
173.252.111.12 - - [07/Jun/2023:02:14:19 -0500] "GET /manos-reparadoras-protagonistas-en-la-segunda-feria-de-moda-sostenible.html HTTP/1.1" 200 774
216.245.221.92 - - [07/Jun/2023:02:14:57 -0500] "HEAD / HTTP/1.1" 200 -
172.22.2.4 - - [07/Jun/2023:02:14:40 -0500] "HEAD /BLA/boletinlegal/ HTTP/1.1" 200 -
172.22.2.4 - - [07/Jun/2023:02:15:31 -0500] "GET /BLA/boletinlegal/ HTTP/1.1" 200 57151
38.32.70.140 - - [07/Jun/2023:02:17:32 -0500] "GET /galeria/galeria/fotos/diaSC4Peq.jpg HTTP/1.1" 200 21008
201.245.192.253 - - [07/Jun/2023:02:18:33 -0500] "POST /kwsrmcab/Wsrmcab  HTTP/1.1" 200 42279
40.77.167.205 - - [07/Jun/2023:02:19:14 -0500] "GET /convocatoria-conviertete-en-nuestro-corresponsal-ambiental-y-aporta-a-la-transformacion-de-tu-localidad.html HTTP/1.1" 200 818
31.13.103.21 - - [07/Jun/2023:02:19:14 -0500] "GET /manos-reparadoras-protagonistas-en-la-segunda-feria-de-moda-sostenible.html HTTP/1.1" 200 774
104.223.118.54 - - [07/Jun/2023:02:19:23 -0500] "GET / HTTP/1.1" 200 319
216.245.221.92 - - [07/Jun/2023:02:19:57 -0500] "HEAD / HTTP/1.1" 200 -
201.245.192.253 - - [07/Jun/2023:02:20:13 -0500] "POST /kwsrmcab/Wsrmcab HTTP/1.1" 200 39822
201.245.192.253 - - [07/Jun/2023:02:20:16 -0500] "POST /kwsrmcab/Wsrmcab HTTP/1.1" 200 43814
173.252.87.13 - - [07/Jun/2023:02:21:09 -0500] "GET /manos-reparadoras-protagonistas-en-la-segunda-feria-de-moda-sostenible.html HTTP/1.1" 206 774
173.252.87.15 - - [07/Jun/2023:02:21:12 -0500] "GET /manos-reparadoras-protagonistas-en-la-segunda-feria-de-moda-sostenible.html HTTP/1.1" 200 774
173.252.87.5 - - [07/Jun/2023:02:21:13 -0500] "GET /manos-reparadoras-protagonistas-en-la-segunda-feria-de-moda-sostenible.html HTTP/1.1" 200 774
173.252.87.3 - - [07/Jun/2023:02:21:13 -0500] "GET /manos-reparadoras-protagonistas-en-la-segunda-feria-de-moda-sostenible.html HTTP/1.1" 206 774
172.22.2.4 - - [07/Jun/2023:02:20:30 -0500] "HEAD /BLA/boletinlegal/ HTTP/1.1" 200 -
136.243.19.35 - - [07/Jun/2023:02:22:23 -0500] "GET /inscribete-en-este-proceso-de-formacion-para-ser-un-lider-o-una-lideresa-ambiental-en-tu-localidad.html HTTP/1.1" 200 903
52.167.144.158 - - [07/Jun/2023:02:22:31 -0500] "GET /BLA/resoluciones/AUTOS%202021/1647.pdf HTTP/1.1" 304 -
31.13.127.17 - - [07/Jun/2023:02:22:35 -0500] "GET /dia-mundial-del-medio-ambiente-distrito-liberara-animales-silvestres-plantara-arboles-y-desarrollara-actividades-pedagogicas.html HTTP/1.1" 200 856
172.22.2.4 - - [07/Jun/2023:02:21:21 -0500] "GET /BLA/boletinlegal/ HTTP/1.1" 200 57561
201.245.192.253 - - [07/Jun/2023:02:23:32 -0500] "POST /kwsrmcab/Wsrmcab  HTTP/1.1" 200 42279
216.245.221.92 - - [07/Jun/2023:02:24:57 -0500] "HEAD / HTTP/1.1" 200 -
172.22.2.4 - - [07/Jun/2023:02:26:20 -0500] "HEAD /BLA/boletinlegal/ HTTP/1.1" 200 -
201.245.192.253 - - [07/Jun/2023:02:28:30 -0500] "POST /kwsrmcab/Wsrmcab  HTTP/1.1" 200 42279
172.22.2.4 - - [07/Jun/2023:02:27:11 -0500] "GET /BLA/boletinlegal/ HTTP/1.1" 200 59306
216.245.221.92 - - [07/Jun/2023:02:29:57 -0500] "HEAD / HTTP/1.1" 200 -
201.245.192.253 - - [07/Jun/2023:02:30:13 -0500] "POST /kwsrmcab/Wsrmcab HTTP/1.1" 200 39822
201.245.192.253 - - [07/Jun/2023:02:30:16 -0500] "POST /kwsrmcab/Wsrmcab HTTP/1.1" 200 43814
40.77.167.245 - - [07/Jun/2023:02:30:36 -0500] "GET /comienza-el-iii-congreso-de-derecho-animal-bogota-se-compromete-con-el-cuidado-y-bienestar-de-las-especies.html HTTP/1.1" 200 774
201.245.192.253 - - [07/Jun/2023:02:33:30 -0500] "POST /kwsrmcab/Wsrmcab  HTTP/1.1" 200 42279
172.22.2.4 - - [07/Jun/2023:02:32:11 -0500] "HEAD /BLA/boletinlegal/ HTTP/1.1" 200 -
172.22.2.4 - - [07/Jun/2023:02:33:01 -0500] "GET /BLA/boletinlegal/ HTTP/1.1" 200 59306
216.245.221.92 - - [07/Jun/2023:02:34:57 -0500] "HEAD / HTTP/1.1" 200 -
199.16.157.183 - - [07/Jun/2023:02:36:59 -0500] "-" 408 -
199.16.157.183 - - [07/Jun/2023:02:36:59 -0500] "-" 408 -
40.77.167.98 - - [07/Jun/2023:02:37:27 -0500] "GET /pdc/actos/423.pdf HTTP/1.1" 304 -
201.245.192.253 - - [07/Jun/2023:02:38:28 -0500] "POST /kwsrmcab/Wsrmcab  HTTP/1.1" 200 42279
172.22.2.4 - - [07/Jun/2023:02:38:00 -0500] "HEAD /BLA/boletinlegal/ HTTP/1.1" 200 -
216.245.221.92 - - [07/Jun/2023:02:39:57 -0500] "HEAD / HTTP/1.1" 200 -
201.245.192.253 - - [07/Jun/2023:02:40:13 -0500] "POST /kwsrmcab/Wsrmcab HTTP/1.1" 200 39822
201.245.192.253 - - [07/Jun/2023:02:40:15 -0500] "POST /kwsrmcab/Wsrmcab HTTP/1.1" 200 43814
172.22.2.4 - - [07/Jun/2023:02:38:51 -0500] "GET /BLA/boletinlegal/ HTTP/1.1" 200 57151
40.77.167.97 - - [07/Jun/2023:02:41:03 -0500] "GET /BLA/resoluciones/AUTOS%202021/4589.pdf HTTP/1.1" 304 -
172.22.2.4 - - [07/Jun/2023:02:41:50 -0500] "GET /BLA/boletinlegal/favicon.ico HTTP/1.1" 404 1018
172.22.2.4 - - [07/Jun/2023:02:41:34 -0500] "GET /BLA/boletinlegal/ HTTP/1.1" 200 20427
172.22.2.4 - - [07/Jun/2023:02:41:35 -0500] "GET /BLA/boletinlegal/ HTTP/1.1" 200 28619
201.245.192.253 - - [07/Jun/2023:02:43:29 -0500] "POST /kwsrmcab/Wsrmcab  HTTP/1.1" 200 42279
51.159.195.16 - - [07/Jun/2023:02:43:37 -0500] "GET /comienza-el-iii-congreso-de-derecho-animal-bogota-se-compromete-con-el-cuidado-y-bienestar-de-las-especies.html HTTP/1.1" 200 774
51.159.195.16 - - [07/Jun/2023:02:43:38 -0500] "GET /images/animales-bogota.jpg HTTP/1.1" 200 26050
216.245.221.92 - - [07/Jun/2023:02:44:57 -0500] "HEAD / HTTP/1.1" 200 -
34.206.217.125 - - [07/Jun/2023:02:45:20 -0500] "HEAD /comienza-el-iii-congreso-de-derecho-animal-bogota-se-compromete-con-el-cuidado-y-bienestar-de-las-especies.html HTTP/1.1" 200 -
34.206.217.125 - - [07/Jun/2023:02:45:20 -0500] "GET /comienza-el-iii-congreso-de-derecho-animal-bogota-se-compromete-con-el-cuidado-y-bienestar-de-las-especies.html HTTP/1.1" 200 774
172.22.2.4 - - [07/Jun/2023:02:43:50 -0500] "HEAD /BLA/boletinlegal/ HTTP/1.1" 200 -
172.22.2.4 - - [07/Jun/2023:02:44:41 -0500] "GET /BLA/boletinlegal/ HTTP/1.1" 200 54808
201.245.192.253 - - [07/Jun/2023:02:48:27 -0500] "POST /kwsrmcab/Wsrmcab  HTTP/1.1" 200 42279
216.245.221.92 - - [07/Jun/2023:02:49:57 -0500] "HEAD / HTTP/1.1" 200 -
52.167.144.158 - - [07/Jun/2023:02:50:05 -0500] "GET /BLA/resoluciones/AUTOS%202021/4389.pdf HTTP/1.1" 304 -
168.119.253.21 - - [07/Jun/2023:02:50:12 -0500] "GET / HTTP/1.1" 200 319
168.119.253.21 - - [07/Jun/2023:02:50:13 -0500] "GET / HTTP/1.1" 200 4720
162.55.167.166 - - [07/Jun/2023:02:50:27 -0500] "GET / HTTP/1.1" 200 4720
162.55.167.166 - - [07/Jun/2023:02:50:29 -0500] "GET / HTTP/1.1" 200 319
172.22.2.4 - - [07/Jun/2023:02:49:40 -0500] "HEAD /BLA/boletinlegal/ HTTP/1.1" 200 -
172.22.2.4 - - [07/Jun/2023:02:50:31 -0500] "GET /BLA/boletinlegal/ HTTP/1.1" 200 57561
172.22.2.4 - - [07/Jun/2023:02:53:13 -0500] "GET /BLA/boletinlegal/favicon.ico HTTP/1.1" 404 1018
172.22.2.4 - - [07/Jun/2023:02:52:57 -0500] "GET /BLA/boletinlegal/ HTTP/1.1" 200 20427
201.245.192.253 - - [07/Jun/2023:02:53:26 -0500] "POST /kwsrmcab/Wsrmcab  HTTP/1.1" 200 42279
172.22.2.4 - - [07/Jun/2023:02:52:58 -0500] "GET /BLA/boletinlegal/ HTTP/1.1" 200 28619
216.245.221.92 - - [07/Jun/2023:02:54:57 -0500] "HEAD / HTTP/1.1" 200 -
40.77.167.97 - - [07/Jun/2023:02:56:37 -0500] "GET /BLA/resoluciones/AUTOS%202021/1388.pdf HTTP/1.1" 304 -
172.22.2.4 - - [07/Jun/2023:02:55:30 -0500] "HEAD /BLA/boletinlegal/ HTTP/1.1" 200 -
69.171.249.6 - - [07/Jun/2023:02:57:21 -0500] "GET /distrito-declara-alerta-ambiental-por-calidad-del-aire-y-apoyara-extincion-de-incendios-en-la-amazonia.html HTTP/1.1" 200 928
172.22.2.4 - - [07/Jun/2023:02:56:21 -0500] "GET /BLA/boletinlegal/ HTTP/1.1" 200 57151
201.245.192.253 - - [07/Jun/2023:02:58:25 -0500] "POST /kwsrmcab/Wsrmcab  HTTP/1.1" 200 42279
87.236.176.67 - - [07/Jun/2023:02:58:56 -0500] "GET / HTTP/1.1" 200 319
216.245.221.92 - - [07/Jun/2023:02:59:57 -0500] "HEAD / HTTP/1.1" 200 -
172.22.2.4 - - [07/Jun/2023:03:01:20 -0500] "HEAD /BLA/boletinlegal/ HTTP/1.1" 200 -
201.245.192.253 - - [07/Jun/2023:03:03:23 -0500] "POST /kwsrmcab/Wsrmcab  HTTP/1.1" 200 42279
172.22.2.4 - - [07/Jun/2023:03:02:11 -0500] "GET /BLA/boletinlegal/ HTTP/1.1" 200 57945
216.245.221.92 - - [07/Jun/2023:03:04:57 -0500] "HEAD / HTTP/1.1" 200 -
40.77.167.97 - - [07/Jun/2023:03:06:25 -0500] "GET /galeria/carrusel/Carrusel/jquery-ui-1.8.13.custom.min.js HTTP/1.1" 200 10800
40.77.167.97 - - [07/Jun/2023:03:06:25 -0500] "GET /galeria/carrusel/Carrusel/jquery.thumbnailScroller.css HTTP/1.1" 200 2066
40.77.167.97 - - [07/Jun/2023:03:06:25 -0500] "GET /galeria/nivo-slider/demo/banner.html HTTP/1.1" 200 5446
52.167.144.158 - - [07/Jun/2023:03:06:30 -0500] "GET /galeria/carrusel/Carrusel/jquery.thumbnailScroller.js HTTP/1.1" 200 8157
201.245.192.253 - - [07/Jun/2023:03:08:22 -0500] "POST /kwsrmcab/Wsrmcab  HTTP/1.1" 200 42279
172.22.2.4 - - [07/Jun/2023:03:07:10 -0500] "HEAD /BLA/boletinlegal/ HTTP/1.1" 200 -
40.77.167.97 - - [07/Jun/2023:03:09:16 -0500] "GET /BLA/resoluciones/AUTOS%202021/4057.pdf HTTP/1.1" 304 -
172.22.2.4 - - [07/Jun/2023:03:08:01 -0500] "GET /BLA/boletinlegal/ HTTP/1.1" 200 57561
216.245.221.92 - - [07/Jun/2023:03:09:57 -0500] "HEAD / HTTP/1.1" 200 -
40.77.167.98 - - [07/Jun/2023:03:10:10 -0500] "GET /BLA/resoluciones/RESOLUCIONES%202022/2781.pdf HTTP/1.1" 304 -
173.252.107.24 - - [07/Jun/2023:03:10:51 -0500] "GET /images/manos-reparadoras-plaza-americas-1.jpg HTTP/1.1" 200 47593
201.245.192.253 - - [07/Jun/2023:03:13:22 -0500] "POST /kwsrmcab/Wsrmcab  HTTP/1.1" 200 42279
172.22.2.4 - - [07/Jun/2023:03:13:00 -0500] "HEAD /BLA/boletinlegal/ HTTP/1.1" 200 -
40.77.167.97 - - [07/Jun/2023:03:14:56 -0500] "GET /css/bordes.css HTTP/1.1" 404 1018
216.245.221.92 - - [07/Jun/2023:03:14:57 -0500] "HEAD / HTTP/1.1" 200 -
40.77.167.98 - - [07/Jun/2023:03:15:00 -0500] "GET /css/fondos.css HTTP/1.1" 404 1018
52.167.144.158 - - [07/Jun/2023:03:15:01 -0500] "GET /css/date_blue.css HTTP/1.1" 404 1018
52.167.144.158 - - [07/Jun/2023:03:15:01 -0500] "GET /css/textos.css HTTP/1.1" 404 1018
172.22.2.4 - - [07/Jun/2023:03:13:51 -0500] "GET /BLA/boletinlegal/ HTTP/1.1" 200 57561
66.249.66.84 - - [07/Jun/2023:03:17:37 -0500] "-" 408 -
201.245.192.253 - - [07/Jun/2023:03:18:21 -0500] "POST /kwsrmcab/Wsrmcab  HTTP/1.1" 200 42279
216.245.221.92 - - [07/Jun/2023:03:19:57 -0500] "HEAD / HTTP/1.1" 200 -
173.252.79.11 - - [07/Jun/2023:03:20:14 -0500] "GET /images/mujeres-reverdecen-humedales-2-febrero.jpg HTTP/1.1" 200 47327
201.245.192.253 - - [07/Jun/2023:03:20:13 -0500] "POST /kwsrmcab/Wsrmcab HTTP/1.1" 200 39810
201.245.192.253 - - [07/Jun/2023:03:20:16 -0500] "POST /kwsrmcab/Wsrmcab HTTP/1.1" 200 43820
172.22.2.4 - - [07/Jun/2023:03:18:50 -0500] "HEAD /BLA/boletinlegal/ HTTP/1.1" 200 -
173.252.127.9 - - [07/Jun/2023:03:20:55 -0500] "GET /dia-mundial-del-medio-ambiente-distrito-liberara-animales-silvestres-plantara-arboles-y-desarrollara-actividades-pedagogicas.html HTTP/1.1" 206 856
172.22.2.4 - - [07/Jun/2023:03:19:41 -0500] "GET /BLA/boletinlegal/ HTTP/1.1" 200 57151
52.167.144.158 - - [07/Jun/2023:03:21:47 -0500] "GET /BLA/resoluciones/AUTOS%202014/1085.pdf HTTP/1.1" 304 -
40.77.190.32 - - [07/Jun/2023:03:22:20 -0500] "GET /galeria/nivo-slider/themes/pascal/pascal.css HTTP/1.1" 200 2258
40.77.189.19 - - [07/Jun/2023:03:22:20 -0500] "GET /galeria/nivo-slider/themes/default/default.css HTTP/1.1" 200 1569
40.77.188.22 - - [07/Jun/2023:03:22:20 -0500] "GET /galeria/nivo-slider/nivo-slider.css HTTP/1.1" 200 1507
40.77.189.215 - - [07/Jun/2023:03:22:20 -0500] "GET /galeria/nivo-slider/themes/orman/orman.css HTTP/1.1" 200 2152
40.77.189.174 - - [07/Jun/2023:03:22:21 -0500] "GET /galeria/nivo-slider/jquery.nivo.slider.pack.js HTTP/1.1" 200 11561
40.77.188.219 - - [07/Jun/2023:03:22:21 -0500] "GET /galeria/nivo-slider/demo/scripts/jquery-1.7.1.min.js HTTP/1.1" 200 93868
40.77.190.167 - - [07/Jun/2023:03:22:22 -0500] "GET /galeria/nivo-slider/demo/style.css HTTP/1.1" 200 2222
201.245.192.253 - - [07/Jun/2023:03:23:20 -0500] "POST /kwsrmcab/Wsrmcab  HTTP/1.1" 200 42279
216.245.221.92 - - [07/Jun/2023:03:24:57 -0500] "HEAD / HTTP/1.1" 200 -
172.22.2.4 - - [07/Jun/2023:03:24:40 -0500] "HEAD /BLA/boletinlegal/ HTTP/1.1" 200 -
172.22.2.4 - - [07/Jun/2023:03:25:31 -0500] "GET /BLA/boletinlegal/ HTTP/1.1" 200 56287
201.245.192.253 - - [07/Jun/2023:03:28:19 -0500] "POST /kwsrmcab/Wsrmcab  HTTP/1.1" 200 42279
216.245.221.92 - - [07/Jun/2023:03:29:57 -0500] "HEAD / HTTP/1.1" 200 -
201.245.192.253 - - [07/Jun/2023:03:30:12 -0500] "POST /kwsrmcab/Wsrmcab HTTP/1.1" 200 39810
201.245.192.253 - - [07/Jun/2023:03:30:15 -0500] "POST /kwsrmcab/Wsrmcab HTTP/1.1" 200 43820
17.37.79.117 - - [07/Jun/2023:03:30:32 -0500] "GET /galeria/galeria/fotos/Entrenube1P.jpg HTTP/1.1" 200 6959
40.77.167.97 - - [07/Jun/2023:03:31:28 -0500] "GET /BLA/resoluciones/AUTOS%202021/6755.pdf HTTP/1.1" 304 -
172.22.2.4 - - [07/Jun/2023:03:30:30 -0500] "HEAD /BLA/boletinlegal/ HTTP/1.1" 200 -
172.22.2.4 - - [07/Jun/2023:03:31:21 -0500] "GET /BLA/boletinlegal/ HTTP/1.1" 200 58663
201.245.192.253 - - [07/Jun/2023:03:33:18 -0500] "POST /kwsrmcab/Wsrmcab  HTTP/1.1" 200 42279
31.13.103.119 - - [07/Jun/2023:03:33:39 -0500] "GET /images/cr\xc3\xb3nica-29-nov-1_optimized.jpeg HTTP/1.1" 404 1034
31.13.103.113 - - [07/Jun/2023:03:33:39 -0500] "GET /images/cr\xc3\xb3nica-29-nov-1_optimized.jpeg HTTP/1.1" 404 1034
172.22.2.4 - - [07/Jun/2023:03:34:19 -0500] "GET /BLA/boletinlegal/robots.txt HTTP/1.1" 404 1038
172.22.2.4 - - [07/Jun/2023:03:34:20 -0500] "GET /BLA/boletinlegal/Circulares/2015/Circular%20No.%201%20del%2010%20de%20Febrero%20de%202015.pdf HTTP/1.1" 200 660637
216.245.221.92 - - [07/Jun/2023:03:34:57 -0500] "HEAD / HTTP/1.1" 200 -
40.77.167.98 - - [07/Jun/2023:03:37:21 -0500] "GET /BLA/resoluciones/RESOLUCIONES%202012/0288.pdf HTTP/1.1" 304 -
186.155.18.70 - - [07/Jun/2023:03:37:46 -0500] "GET /sipse/faces/faces/autenticacion.xhtml HTTP/1.1" 200 12181
186.155.18.70 - - [07/Jun/2023:03:37:46 -0500] "GET /sipse/css/custom_css_sg.css HTTP/1.1" 304 -
186.155.18.70 - - [07/Jun/2023:03:37:46 -0500] "GET /sipse/faces/javax.faces.resource/layout/layout.css?ln=primefaces&v=4.0 HTTP/1.1" 304 -
186.155.18.70 - - [07/Jun/2023:03:37:46 -0500] "GET /sipse/css/custom_css_sg_prime_login.css HTTP/1.1" 304 -
186.155.18.70 - - [07/Jun/2023:03:37:46 -0500] "GET /sipse/faces/javax.faces.resource/primefaces.css?ln=primefaces&v=4.0 HTTP/1.1" 304 -
186.155.18.70 - - [07/Jun/2023:03:37:46 -0500] "GET /sipse/js/funciones.js HTTP/1.1" 304 -
186.155.18.70 - - [07/Jun/2023:03:37:46 -0500] "GET /sipse/js/disable_browser_buttons.js HTTP/1.1" 304 -
186.155.18.70 - - [07/Jun/2023:03:37:46 -0500] "GET /sipse/faces/javax.faces.resource/theme.css?ln=primefaces-sipse HTTP/1.1" 304 -
186.155.18.70 - - [07/Jun/2023:03:37:46 -0500] "GET /sipse/faces/javax.faces.resource/jquery/jquery.js?ln=primefaces&v=4.0 HTTP/1.1" 304 -
186.155.18.70 - - [07/Jun/2023:03:37:46 -0500] "GET /sipse/faces/javax.faces.resource/layout/layout.js?ln=primefaces&v=4.0 HTTP/1.1" 304 -
186.155.18.70 - - [07/Jun/2023:03:37:46 -0500] "GET /sipse/faces/javax.faces.resource/jquery/jquery-plugins.js?ln=primefaces&v=4.0 HTTP/1.1" 200 220526
186.155.18.70 - - [07/Jun/2023:03:37:46 -0500] "GET /sipse/faces/javax.faces.resource/primefaces.js?ln=primefaces&v=4.0 HTTP/1.1" 200 276924
186.155.18.70 - - [07/Jun/2023:03:37:46 -0500] "GET /sipse/css/imagen/logoSDG.png HTTP/1.1" 304 -
186.155.18.70 - - [07/Jun/2023:03:37:46 -0500] "GET /sipse/css/imagen/loginimg.png HTTP/1.1" 304 -
186.155.18.70 - - [07/Jun/2023:03:37:46 -0500] "GET /sipse/faces/javax.faces.resource/images/ui-icons_898989_256x240.png?ln=primefaces-aristo HTTP/1.1" 304 -
186.155.18.70 - - [07/Jun/2023:03:37:46 -0500] "GET /sipse/faces/faces/index.xhtml HTTP/1.1" 200 677
186.155.18.70 - - [07/Jun/2023:03:37:46 -0500] "GET /sipse/faces/javax.faces.resource/theme.css?ln=primefaces-sipse HTTP/1.1" 304 -
186.155.18.70 - - [07/Jun/2023:03:37:47 -0500] "GET /sipse/faces/faces/faces/autenticacion.xhtml HTTP/1.1" 200 12181
186.155.18.70 - - [07/Jun/2023:03:37:47 -0500] "GET /sipse/faces/javax.faces.resource/layout/layout.js?ln=primefaces&v=4.0 HTTP/1.1" 304 -
186.155.18.70 - - [07/Jun/2023:03:37:47 -0500] "GET /sipse/faces/javax.faces.resource/theme.css?ln=primefaces-sipse HTTP/1.1" 304 -
186.155.18.70 - - [07/Jun/2023:03:37:47 -0500] "GET /sipse/faces/javax.faces.resource/layout/layout.css?ln=primefaces&v=4.0 HTTP/1.1" 304 -
186.155.18.70 - - [07/Jun/2023:03:37:47 -0500] "GET /sipse/faces/javax.faces.resource/jquery/jquery.js?ln=primefaces&v=4.0 HTTP/1.1" 304 -
186.155.18.70 - - [07/Jun/2023:03:37:47 -0500] "GET /sipse/faces/javax.faces.resource/primefaces.css?ln=primefaces&v=4.0 HTTP/1.1" 304 -
186.155.18.70 - - [07/Jun/2023:03:37:47 -0500] "GET /sipse/faces/javax.faces.resource/primefaces.js?ln=primefaces&v=4.0 HTTP/1.1" 304 -
186.155.18.70 - - [07/Jun/2023:03:37:47 -0500] "GET /sipse/faces/javax.faces.resource/jquery/jquery-plugins.js?ln=primefaces&v=4.0 HTTP/1.1" 304 -
186.155.18.70 - - [07/Jun/2023:03:37:49 -0500] "POST /sipse/faces/autenticacion.xhtml HTTP/1.1" 200 2225
186.155.18.70 - - [07/Jun/2023:03:37:49 -0500] "GET /sipse/faces/javax.faces.resource/messages/messages.png?ln=primefaces&v=4.0 HTTP/1.1" 304 -
186.155.18.70 - - [07/Jun/2023:03:37:50 -0500] "GET /sipse/faces/javax.faces.resource/images/ui-icons_898989_256x240.png?ln=primefaces-aristo HTTP/1.1" 304 -
186.155.18.70 - - [07/Jun/2023:03:37:50 -0500] "POST /sipse/faces/autenticacion.xhtml HTTP/1.1" 200 18970
186.155.18.70 - - [07/Jun/2023:03:37:51 -0500] "GET /sipse/js/jquery.min.js HTTP/1.1" 304 -
186.155.18.70 - - [07/Jun/2023:03:37:51 -0500] "GET /sipse/css/custom_css_sg_prime.css HTTP/1.1" 304 -
186.155.18.70 - - [07/Jun/2023:03:37:51 -0500] "GET /sipse/faces/javax.faces.resource/primefaces.css?ln=primefaces&v=4.0 HTTP/1.1" 304 -
186.155.18.70 - - [07/Jun/2023:03:37:51 -0500] "GET /sipse/faces/javax.faces.resource/layout/layout.css?ln=primefaces&v=4.0 HTTP/1.1" 304 -
186.155.18.70 - - [07/Jun/2023:03:37:51 -0500] "GET /sipse/faces/javax.faces.resource/theme.css?ln=primefaces-sipse HTTP/1.1" 304 -
186.155.18.70 - - [07/Jun/2023:03:37:51 -0500] "GET /sipse/faces/javax.faces.resource/jquery/jquery.js?ln=primefaces&v=4.0 HTTP/1.1" 304 -
186.155.18.70 - - [07/Jun/2023:03:37:51 -0500] "GET /sipse/faces/javax.faces.resource/jquery/jquery-plugins.js?ln=primefaces&v=4.0 HTTP/1.1" 304 -
186.155.18.70 - - [07/Jun/2023:03:37:51 -0500] "GET /sipse/faces/javax.faces.resource/primefaces.js?ln=primefaces&v=4.0 HTTP/1.1" 304 -
186.155.18.70 - - [07/Jun/2023:03:37:51 -0500] "GET /sipse/faces/javax.faces.resource/layout/layout.js?ln=primefaces&v=4.0 HTTP/1.1" 304 -
186.155.18.70 - - [07/Jun/2023:03:37:51 -0500] "GET /sipse/imagenes/logoAplicacion.jpg HTTP/1.1" 304 -
186.155.18.70 - - [07/Jun/2023:03:37:51 -0500] "GET /sipse/imagenes/cargando.gif HTTP/1.1" 304 -
186.155.18.70 - - [07/Jun/2023:03:37:51 -0500] "GET /sipse/css/v_mergente.css HTTP/1.1" 304 -
186.155.18.70 - - [07/Jun/2023:03:37:51 -0500] "GET /sipse/css/imagen/contrasena.png HTTP/1.1" 404 383
186.155.18.70 - - [07/Jun/2023:03:37:52 -0500] "GET /sipse/faces/javax.faces.resource/images/ui-bg_flat_0_2d5972_40x100.png?ln=primefaces-aristo HTTP/1.1" 304 -
186.155.18.70 - - [07/Jun/2023:03:37:52 -0500] "POST /sipse/faces/bienvenido.xhtml HTTP/1.1" 200 3182
186.155.18.70 - - [07/Jun/2023:03:37:54 -0500] "POST /sipse/faces/bienvenido.xhtml HTTP/1.1" 200 3262
186.155.18.70 - - [07/Jun/2023:03:37:55 -0500] "POST /sipse/faces/bienvenido.xhtml HTTP/1.1" 200 63195
186.155.18.70 - - [07/Jun/2023:03:37:55 -0500] "GET /sipse/faces/javax.faces.resource/primefaces.css?ln=primefaces&v=4.0 HTTP/1.1" 304 -
186.155.18.70 - - [07/Jun/2023:03:37:55 -0500] "GET /sipse/faces/javax.faces.resource/theme.css?ln=primefaces-sipse HTTP/1.1" 304 -
