201.245.192.253 - - [08/Jun/2023:11:44:02 -0500] "GET /sipsepre/faces/javax.faces.resource/images/ui-icons_898989_256x240.png?ln=primefaces-aristo HTTP/1.1" 304 -
201.245.192.253 - - [08/Jun/2023:11:44:03 -0500] "GET /sipsepre/faces/javax.faces.resource/images/ui-bg_flat_0_2d5972_40x100.png?ln=primefaces-aristo HTTP/1.1" 304 -
201.245.192.253 - - [08/Jun/2023:11:44:03 -0500] "POST /sipse/faces/presentacion/financiero/solicitudProceso/consultarSolicitudProceso.xhtml HTTP/1.1" 200 1909580
201.245.192.253 - - [08/Jun/2023:11:44:03 -0500] "POST /sipsepre/faces/presentacion/financiero/solicitudProceso/listarSolicitudProceso.xhtml HTTP/1.1" 200 39005
201.245.192.253 - - [08/Jun/2023:11:44:03 -0500] "GET /sipsepre/faces/javax.faces.resource/jquery/jquery.js?ln=primefaces&v=4.0 HTTP/1.1" 304 -
201.245.192.253 - - [08/Jun/2023:11:44:03 -0500] "GET /sipsepre/faces/javax.faces.resource/jquery/jquery-plugins.js?ln=primefaces&v=4.0 HTTP/1.1" 304 -
201.245.192.253 - - [08/Jun/2023:11:44:03 -0500] "GET /sipsepre/faces/javax.faces.resource/primefaces.js?ln=primefaces&v=4.0 HTTP/1.1" 304 -
201.245.192.253 - - [08/Jun/2023:11:44:04 -0500] "GET /sipsepre/faces/javax.faces.resource/layout/layout.js?ln=primefaces&v=4.0 HTTP/1.1" 304 -
201.245.192.253 - - [08/Jun/2023:11:44:04 -0500] "POST /sipsepre/faces/presentacion/financiero/solicitudProceso/consultar.xhtml HTTP/1.1" 200 32377
201.245.192.253 - - [08/Jun/2023:11:44:04 -0500] "POST /sipsepre/faces/presentacion/financiero/cdp/expedirCdp.xhtml HTTP/1.1" 200 124414
201.245.192.253 - - [08/Jun/2023:11:44:05 -0500] "GET /sipsepre/faces/javax.faces.resource/jquery/jquery.js?ln=primefaces&v=4.0 HTTP/1.1" 304 -
201.245.192.253 - - [08/Jun/2023:11:44:05 -0500] "GET /sipsepre/faces/javax.faces.resource/jquery/jquery-plugins.js?ln=primefaces&v=4.0 HTTP/1.1" 304 -
201.245.192.253 - - [08/Jun/2023:11:44:05 -0500] "GET /sipsepre/faces/javax.faces.resource/primefaces.js?ln=primefaces&v=4.0 HTTP/1.1" 304 -
201.245.192.253 - - [08/Jun/2023:11:44:05 -0500] "GET /sipsepre/faces/javax.faces.resource/layout/layout.js?ln=primefaces&v=4.0 HTTP/1.1" 304 -
201.245.192.253 - - [08/Jun/2023:11:44:05 -0500] "GET /sipsepre/faces/javax.faces.resource/messages/messages.png?ln=primefaces&v=4.0 HTTP/1.1" 304 -
201.245.192.253 - - [08/Jun/2023:11:44:09 -0500] "POST /sipsepre/faces/presentacion/financiero/solicitudProceso/consultar.xhtml HTTP/1.1" 200 12759
201.245.192.253 - - [08/Jun/2023:11:44:09 -0500] "POST /sipsepre/faces/presentacion/financiero/solicitudProceso/consultarSolicitudProceso.xhtml HTTP/1.1" 200 36202
201.245.192.253 - - [08/Jun/2023:11:44:11 -0500] "GET /sipsepre/faces/javax.faces.resource/jquery/jquery.js?ln=primefaces&v=4.0 HTTP/1.1" 304 -
201.245.192.253 - - [08/Jun/2023:11:44:11 -0500] "GET /sipsepre/faces/javax.faces.resource/jquery/jquery-plugins.js?ln=primefaces&v=4.0 HTTP/1.1" 304 -
201.245.192.253 - - [08/Jun/2023:11:44:11 -0500] "GET /sipsepre/faces/javax.faces.resource/primefaces.js?ln=primefaces&v=4.0 HTTP/1.1" 304 -
201.245.192.253 - - [08/Jun/2023:11:44:11 -0500] "GET /sipsepre/faces/javax.faces.resource/layout/layout.js?ln=primefaces&v=4.0 HTTP/1.1" 304 -
201.245.192.253 - - [08/Jun/2023:11:44:12 -0500] "POST /sipsepre/faces/presentacion/financiero/solicitudProceso/listarSolicitudProceso.xhtml HTTP/1.1" 200 1396
201.245.192.253 - - [08/Jun/2023:11:44:13 -0500] "POST /sipse/faces/presentacion/financiero/solicitudProceso/consultarSolicitudProceso.xhtml HTTP/1.1" 200 1909580
201.245.192.253 - - [08/Jun/2023:11:44:15 -0500] "POST /sipsepre/faces/presentacion/financiero/solicitudProceso/listarSolicitudProceso.xhtml HTTP/1.1" 200 911
201.245.192.253 - - [08/Jun/2023:11:44:16 -0500] "GET /sipsepre/faces/presentacion/financiero/cdp/faces/autenticacion HTTP/1.1" 302 -
201.245.192.253 - - [08/Jun/2023:11:44:16 -0500] "GET /sipsepre/faces/autenticacion.xhtml HTTP/1.1" 200 12213
201.245.192.253 - - [08/Jun/2023:11:44:16 -0500] "GET /sipsepre/faces/javax.faces.resource/primefaces.css?ln=primefaces&v=4.0 HTTP/1.1" 304 -
201.245.192.253 - - [08/Jun/2023:11:44:16 -0500] "GET /sipsepre/faces/javax.faces.resource/primefaces.js?ln=primefaces&v=4.0 HTTP/1.1" 304 -
201.245.192.253 - - [08/Jun/2023:11:44:16 -0500] "GET /sipsepre/faces/javax.faces.resource/layout/layout.css?ln=primefaces&v=4.0 HTTP/1.1" 304 -
201.245.192.253 - - [08/Jun/2023:11:44:16 -0500] "GET /sipsepre/faces/javax.faces.resource/theme.css?ln=primefaces-sipse HTTP/1.1" 304 -
201.245.192.253 - - [08/Jun/2023:11:44:16 -0500] "GET /sipsepre/faces/javax.faces.resource/jquery/jquery-plugins.js?ln=primefaces&v=4.0 HTTP/1.1" 304 -
201.245.192.253 - - [08/Jun/2023:11:44:16 -0500] "GET /sipsepre/faces/javax.faces.resource/jquery/jquery.js?ln=primefaces&v=4.0 HTTP/1.1" 304 -
201.245.192.253 - - [08/Jun/2023:11:44:16 -0500] "GET /sipsepre/faces/javax.faces.resource/layout/layout.js?ln=primefaces&v=4.0 HTTP/1.1" 304 -
201.245.192.253 - - [08/Jun/2023:11:44:16 -0500] "GET /sipsepre/faces/javax.faces.resource/images/ui-icons_898989_256x240.png?ln=primefaces-aristo HTTP/1.1" 304 -
40.77.167.97 - - [08/Jun/2023:11:44:17 -0500] "GET /BLA/resoluciones/AUTOS%202018/4446.pdf HTTP/1.1" 304 -
201.245.192.253 - - [08/Jun/2023:11:44:16 -0500] "POST /sipsepre/faces/presentacion/financiero/solicitudProceso/consultar.xhtml HTTP/1.1" 200 130524
201.245.192.253 - - [08/Jun/2023:11:44:17 -0500] "GET /sipsepre/faces/javax.faces.resource/jquery/jquery.js?ln=primefaces&v=4.0 HTTP/1.1" 304 -
201.245.192.253 - - [08/Jun/2023:11:44:17 -0500] "GET /sipsepre/faces/javax.faces.resource/jquery/jquery-plugins.js?ln=primefaces&v=4.0 HTTP/1.1" 304 -
201.245.192.253 - - [08/Jun/2023:11:44:17 -0500] "GET /sipsepre/faces/javax.faces.resource/primefaces.js?ln=primefaces&v=4.0 HTTP/1.1" 304 -
201.245.192.253 - - [08/Jun/2023:11:44:17 -0500] "GET /sipsepre/faces/javax.faces.resource/layout/layout.js?ln=primefaces&v=4.0 HTTP/1.1" 304 -
201.245.192.253 - - [08/Jun/2023:11:44:19 -0500] "POST /sipsepre/faces/autenticacion.xhtml HTTP/1.1" 200 2224
201.245.192.253 - - [08/Jun/2023:11:44:20 -0500] "GET /sipsepre/faces/javax.faces.resource/messages/messages.png?ln=primefaces&v=4.0 HTTP/1.1" 304 -
201.245.192.253 - - [08/Jun/2023:11:44:21 -0500] "POST /sipsepre/faces/autenticacion.xhtml HTTP/1.1" 200 19040
201.245.192.253 - - [08/Jun/2023:11:44:21 -0500] "GET /sipsepre/faces/javax.faces.resource/jquery/jquery.js?ln=primefaces&v=4.0 HTTP/1.1" 304 -
201.245.192.253 - - [08/Jun/2023:11:44:21 -0500] "GET /sipsepre/faces/javax.faces.resource/jquery/jquery-plugins.js?ln=primefaces&v=4.0 HTTP/1.1" 304 -
201.245.192.253 - - [08/Jun/2023:11:44:21 -0500] "GET /sipsepre/faces/javax.faces.resource/primefaces.js?ln=primefaces&v=4.0 HTTP/1.1" 304 -
201.245.192.253 - - [08/Jun/2023:11:44:21 -0500] "GET /sipsepre/faces/javax.faces.resource/layout/layout.js?ln=primefaces&v=4.0 HTTP/1.1" 304 -
201.245.192.253 - - [08/Jun/2023:11:44:23 -0500] "GET /sipsepre/faces/javax.faces.resource/images/ui-bg_flat_0_2d5972_40x100.png?ln=primefaces-aristo HTTP/1.1" 304 -
201.245.192.253 - - [08/Jun/2023:11:44:23 -0500] "POST /sipsepre/faces/bienvenido.xhtml HTTP/1.1" 200 3182
201.245.192.253 - - [08/Jun/2023:11:44:24 -0500] "POST /sipsepre/faces/bienvenido.xhtml HTTP/1.1" 200 3270
201.245.192.253 - - [08/Jun/2023:11:44:25 -0500] "POST /sipsepre/faces/bienvenido.xhtml HTTP/1.1" 200 65846
201.245.192.253 - - [08/Jun/2023:11:44:28 -0500] "GET /sipsepre/faces/javax.faces.resource/jquery/jquery.js?ln=primefaces&v=4.0 HTTP/1.1" 304 -
201.245.192.253 - - [08/Jun/2023:11:44:28 -0500] "GET /sipsepre/faces/javax.faces.resource/jquery/jquery-plugins.js?ln=primefaces&v=4.0 HTTP/1.1" 304 -
201.245.192.253 - - [08/Jun/2023:11:44:28 -0500] "GET /sipsepre/faces/javax.faces.resource/primefaces.js?ln=primefaces&v=4.0 HTTP/1.1" 304 -
201.245.192.253 - - [08/Jun/2023:11:44:28 -0500] "GET /sipsepre/faces/javax.faces.resource/layout/layout.js?ln=primefaces&v=4.0 HTTP/1.1" 304 -
201.245.192.253 - - [08/Jun/2023:11:44:28 -0500] "POST /sipsepre/faces/presentacion/financiero/solicitudProceso/listarSolicitudProceso.xhtml HTTP/1.1" 200 1556
181.61.37.255 - - [08/Jun/2023:11:44:30 -0500] "POST /sipse/faces/presentacion/financiero/solicitudProceso/listarSolicitudProceso.xhtml HTTP/1.1" 200 31794
181.61.37.255 - - [08/Jun/2023:11:44:31 -0500] "GET /sipse/faces/javax.faces.resource/jquery/jquery.js?ln=primefaces&v=4.0 HTTP/1.1" 304 -
181.61.37.255 - - [08/Jun/2023:11:44:31 -0500] "GET /sipse/faces/javax.faces.resource/jquery/jquery-plugins.js?ln=primefaces&v=4.0 HTTP/1.1" 304 -
181.61.37.255 - - [08/Jun/2023:11:44:31 -0500] "GET /sipse/faces/javax.faces.resource/primefaces.js?ln=primefaces&v=4.0 HTTP/1.1" 304 -
181.61.37.255 - - [08/Jun/2023:11:44:31 -0500] "GET /sipse/faces/javax.faces.resource/layout/layout.js?ln=primefaces&v=4.0 HTTP/1.1" 304 -
181.61.37.255 - - [08/Jun/2023:11:44:31 -0500] "POST /sipse/faces/presentacion/financiero/solicitudProceso/solicitudProcesoOtrosPagos.xhtml HTTP/1.1" 200 25179
181.61.37.255 - - [08/Jun/2023:11:44:31 -0500] "POST /sipse/faces/presentacion/financiero/solicitudProceso/solicitudProcesoOtrosPagos.xhtml HTTP/1.1" 200 25179
181.61.37.255 - - [08/Jun/2023:11:44:32 -0500] "POST /sipse/faces/presentacion/financiero/solicitudProceso/solicitudProcesoOtrosPagos.xhtml HTTP/1.1" 200 25179
181.61.37.255 - - [08/Jun/2023:11:44:32 -0500] "POST /sipse/faces/presentacion/financiero/solicitudProceso/solicitudProcesoOtrosPagos.xhtml HTTP/1.1" 200 25179
181.61.37.255 - - [08/Jun/2023:11:44:32 -0500] "POST /sipse/faces/presentacion/financiero/solicitudProceso/solicitudProcesoOtrosPagos.xhtml HTTP/1.1" 200 25179
201.245.192.253 - - [08/Jun/2023:11:44:32 -0500] "POST /sipsepre/faces/presentacion/financiero/solicitudProceso/listarSolicitudProceso.xhtml HTTP/1.1" 200 41609
181.61.37.255 - - [08/Jun/2023:11:44:32 -0500] "POST /sipse/faces/presentacion/financiero/solicitudProceso/solicitudProcesoOtrosPagos.xhtml HTTP/1.1" 200 25179
181.61.37.255 - - [08/Jun/2023:11:44:33 -0500] "POST /sipse/faces/presentacion/financiero/solicitudProceso/solicitudProcesoOtrosPagos.xhtml HTTP/1.1" 200 25179
181.61.37.255 - - [08/Jun/2023:11:44:33 -0500] "POST /sipse/faces/presentacion/financiero/solicitudProceso/solicitudProcesoOtrosPagos.xhtml HTTP/1.1" 200 25179
201.245.192.253 - - [08/Jun/2023:11:44:33 -0500] "POST /sipsepre/faces/presentacion/financiero/solicitudProceso/listarSolicitudProceso.xhtml HTTP/1.1" 200 41609
181.61.37.255 - - [08/Jun/2023:11:44:33 -0500] "POST /sipse/faces/presentacion/financiero/solicitudProceso/solicitudProcesoOtrosPagos.xhtml HTTP/1.1" 200 25179
181.61.37.255 - - [08/Jun/2023:11:44:34 -0500] "POST /sipse/faces/presentacion/financiero/solicitudProceso/solicitudProcesoOtrosPagos.xhtml HTTP/1.1" 200 25179
201.245.192.253 - - [08/Jun/2023:11:44:34 -0500] "POST /sipsepre/faces/presentacion/financiero/solicitudProceso/listarSolicitudProceso.xhtml HTTP/1.1" 200 41609
201.245.192.253 - - [08/Jun/2023:11:44:34 -0500] "POST /sipsepre/faces/presentacion/financiero/solicitudProceso/listarSolicitudProceso.xhtml HTTP/1.1" 200 41605
201.245.192.253 - - [08/Jun/2023:11:44:36 -0500] "POST /sipsepre/faces/presentacion/financiero/solicitudProceso/listarSolicitudProceso.xhtml HTTP/1.1" 200 15672
172.22.2.4 - - [08/Jun/2023:11:44:39 -0500] "GET /BLA/boletinlegal/consulta_actos.php?tipo=autos&no=4942&usuario=&sector=&fecha=2018&resuelve= HTTP/1.1" 200 1399
181.61.37.255 - - [08/Jun/2023:11:44:39 -0500] "POST /sipse/faces/presentacion/financiero/solicitudProceso/solicitudProcesoOtrosPagos.xhtml HTTP/1.1" 200 63812
181.61.37.255 - - [08/Jun/2023:11:44:39 -0500] "GET /sipse/faces/javax.faces.resource/jquery/jquery.js?ln=primefaces&v=4.0 HTTP/1.1" 304 -
181.61.37.255 - - [08/Jun/2023:11:44:39 -0500] "GET /sipse/faces/javax.faces.resource/jquery/jquery-plugins.js?ln=primefaces&v=4.0 HTTP/1.1" 304 -
181.61.37.255 - - [08/Jun/2023:11:44:39 -0500] "GET /sipse/faces/javax.faces.resource/primefaces.js?ln=primefaces&v=4.0 HTTP/1.1" 304 -
181.61.37.255 - - [08/Jun/2023:11:44:40 -0500] "GET /sipse/faces/javax.faces.resource/layout/layout.js?ln=primefaces&v=4.0 HTTP/1.1" 304 -
181.61.37.255 - - [08/Jun/2023:11:44:40 -0500] "GET /sipse/faces/javax.faces.resource/fileupload/fileupload.js?ln=primefaces&v=4.0 HTTP/1.1" 304 -
181.61.37.255 - - [08/Jun/2023:11:44:40 -0500] "GET /sipse/faces/javax.faces.resource/dynamiccontent.properties?ln=primefaces&pfdrid=XjOR5%2F%2FfPAZAuY9TpWQeCiM0BhlXxYRBGKi%2FQcXXfeA%3D&pfdrid_c=false HTTP/1.1" 500 383
201.245.192.253 - - [08/Jun/2023:11:44:41 -0500] "GET /BLA/resoluciones/AUTOS%202018/4942.pdf HTTP/1.1" 200 229464
216.245.221.92 - - [08/Jun/2023:11:44:50 -0500] "HEAD / HTTP/1.1" 200 -
201.245.192.253 - - [08/Jun/2023:11:44:53 -0500] "POST /sipse/faces/presentacion/financiero/solicitudProceso/consultarSolicitudProceso.xhtml HTTP/1.1" 200 1909580
201.245.192.253 - - [08/Jun/2023:11:44:38 -0500] "POST /sipsepre/faces/presentacion/financiero/solicitudProceso/listarSolicitudProceso.xhtml HTTP/1.1" 200 128659
201.245.192.253 - - [08/Jun/2023:11:44:54 -0500] "GET /sipsepre/faces/javax.faces.resource/jquery/jquery.js?ln=primefaces&v=4.0 HTTP/1.1" 304 -
201.245.192.253 - - [08/Jun/2023:11:44:54 -0500] "GET /sipsepre/faces/javax.faces.resource/jquery/jquery-plugins.js?ln=primefaces&v=4.0 HTTP/1.1" 304 -
201.245.192.253 - - [08/Jun/2023:11:44:54 -0500] "GET /sipsepre/faces/javax.faces.resource/primefaces.js?ln=primefaces&v=4.0 HTTP/1.1" 304 -
201.245.192.253 - - [08/Jun/2023:11:44:54 -0500] "GET /sipsepre/faces/javax.faces.resource/layout/layout.js?ln=primefaces&v=4.0 HTTP/1.1" 304 -
172.22.2.4 - - [08/Jun/2023:11:45:00 -0500] "GET /BLA/boletinlegal/consulta_actos.php?tipo=autos&no=4943&usuario=&sector=&fecha=2018&resuelve= HTTP/1.1" 200 1399
201.245.192.253 - - [08/Jun/2023:11:45:03 -0500] "GET /BLA/resoluciones/AUTOS%202018/4943.pdf HTTP/1.1" 200 225576
172.22.2.4 - - [08/Jun/2023:11:45:04 -0500] "GET /BLA/boletinlegal/consulta_actos.php?tipo=autos&no=1715&usuario=&sector=&fecha=2023&resuelve= HTTP/1.1" 200 1086
201.245.192.253 - - [08/Jun/2023:11:45:09 -0500] "POST /sipsepre/faces/presentacion/financiero/solicitudProceso/consultarSolicitudProceso.xhtml HTTP/1.1" 200 6815
172.22.2.4 - - [08/Jun/2023:11:45:14 -0500] "GET /BLA/boletinlegal/consulta_actos.php?tipo=autos&no=4944&usuario=&sector=&fecha=2018&resuelve= HTTP/1.1" 200 626
201.245.192.253 - - [08/Jun/2023:11:45:12 -0500] "POST /sipsepre/faces/presentacion/financiero/solicitudProceso/consultarSolicitudProceso.xhtml HTTP/1.1" 200 38029
201.245.192.253 - - [08/Jun/2023:11:45:15 -0500] "GET /sipsepre/faces/javax.faces.resource/jquery/jquery.js?ln=primefaces&v=4.0 HTTP/1.1" 304 -
201.245.192.253 - - [08/Jun/2023:11:45:15 -0500] "GET /sipsepre/faces/javax.faces.resource/jquery/jquery-plugins.js?ln=primefaces&v=4.0 HTTP/1.1" 304 -
201.245.192.253 - - [08/Jun/2023:11:45:15 -0500] "GET /sipsepre/faces/javax.faces.resource/primefaces.js?ln=primefaces&v=4.0 HTTP/1.1" 304 -
201.245.192.253 - - [08/Jun/2023:11:45:15 -0500] "GET /sipsepre/faces/javax.faces.resource/layout/layout.js?ln=primefaces&v=4.0 HTTP/1.1" 304 -
172.22.2.4 - - [08/Jun/2023:11:45:17 -0500] "GET /BLA/boletinlegal/jurisprudencia/analisis/AnalisisC-035-16.docx HTTP/1.1" 200 25011
201.245.192.253 - - [08/Jun/2023:11:45:15 -0500] "POST /sipsepre/faces/presentacion/financiero/solicitudProceso/listarSolicitudProceso.xhtml HTTP/1.1" 200 1396
172.22.2.4 - - [08/Jun/2023:11:45:17 -0500] "GET /BLA/boletinlegal/consulta_actos.php?tipo=autos&no=4945&usuario=&sector=&fecha=2018&resuelve= HTTP/1.1" 200 1079
201.245.192.253 - - [08/Jun/2023:11:45:18 -0500] "POST /sipsepre/faces/presentacion/financiero/solicitudProceso/listarSolicitudProceso.xhtml HTTP/1.1" 200 911
201.245.192.253 - - [08/Jun/2023:11:45:20 -0500] "GET /sipsepre/faces/faces/autenticacion HTTP/1.1" 302 -
201.245.192.253 - - [08/Jun/2023:11:45:20 -0500] "GET /sipsepre/faces/autenticacion.xhtml HTTP/1.1" 200 12213
201.245.192.253 - - [08/Jun/2023:11:45:20 -0500] "GET /sipsepre/faces/javax.faces.resource/theme.css?ln=primefaces-sipse HTTP/1.1" 304 -
201.245.192.253 - - [08/Jun/2023:11:45:20 -0500] "GET /sipsepre/faces/javax.faces.resource/primefaces.css?ln=primefaces&v=4.0 HTTP/1.1" 304 -
201.245.192.253 - - [08/Jun/2023:11:45:20 -0500] "GET /sipsepre/faces/javax.faces.resource/layout/layout.css?ln=primefaces&v=4.0 HTTP/1.1" 304 -
201.245.192.253 - - [08/Jun/2023:11:45:20 -0500] "GET /sipsepre/faces/javax.faces.resource/jquery/jquery.js?ln=primefaces&v=4.0 HTTP/1.1" 304 -
201.245.192.253 - - [08/Jun/2023:11:45:20 -0500] "GET /sipsepre/faces/javax.faces.resource/jquery/jquery-plugins.js?ln=primefaces&v=4.0 HTTP/1.1" 304 -
201.245.192.253 - - [08/Jun/2023:11:45:20 -0500] "GET /sipsepre/faces/javax.faces.resource/layout/layout.js?ln=primefaces&v=4.0 HTTP/1.1" 304 -
201.245.192.253 - - [08/Jun/2023:11:45:20 -0500] "GET /sipsepre/faces/javax.faces.resource/primefaces.js?ln=primefaces&v=4.0 HTTP/1.1" 304 -
201.245.192.253 - - [08/Jun/2023:11:45:20 -0500] "GET /sipsepre/faces/javax.faces.resource/images/ui-icons_898989_256x240.png?ln=primefaces-aristo HTTP/1.1" 304 -
172.22.2.4 - - [08/Jun/2023:11:45:21 -0500] "GET /BLA/boletinlegal/consulta_actos.php?tipo=autos&no=1717&usuario=&sector=&fecha=2023&resuelve= HTTP/1.1" 200 1095
201.245.192.253 - - [08/Jun/2023:11:45:22 -0500] "GET /BLA/resoluciones/AUTOS%202018/4945.pdf HTTP/1.1" 200 255988
201.245.192.253 - - [08/Jun/2023:11:45:22 -0500] "POST /sipsepre/faces/autenticacion.xhtml HTTP/1.1" 200 19468
201.245.192.253 - - [08/Jun/2023:11:45:23 -0500] "GET /sipsepre/faces/javax.faces.resource/jquery/jquery.js?ln=primefaces&v=4.0 HTTP/1.1" 304 -
201.245.192.253 - - [08/Jun/2023:11:45:23 -0500] "GET /sipsepre/faces/javax.faces.resource/jquery/jquery-plugins.js?ln=primefaces&v=4.0 HTTP/1.1" 304 -
201.245.192.253 - - [08/Jun/2023:11:45:23 -0500] "GET /sipsepre/faces/javax.faces.resource/primefaces.js?ln=primefaces&v=4.0 HTTP/1.1" 304 -
201.245.192.253 - - [08/Jun/2023:11:45:23 -0500] "GET /sipsepre/faces/javax.faces.resource/layout/layout.js?ln=primefaces&v=4.0 HTTP/1.1" 304 -
201.245.192.253 - - [08/Jun/2023:11:45:23 -0500] "GET /sipsepre/faces/javax.faces.resource/messages/messages.png?ln=primefaces&v=4.0 HTTP/1.1" 304 -
201.245.192.253 - - [08/Jun/2023:11:45:25 -0500] "GET /sipsepre/faces/javax.faces.resource/images/ui-bg_flat_0_2d5972_40x100.png?ln=primefaces-aristo HTTP/1.1" 304 -
201.245.192.253 - - [08/Jun/2023:11:45:25 -0500] "POST /sipsepre/faces/bienvenido.xhtml HTTP/1.1" 200 3182
201.245.192.253 - - [08/Jun/2023:11:45:26 -0500] "POST /sipsepre/faces/bienvenido.xhtml HTTP/1.1" 200 2083
201.245.192.253 - - [08/Jun/2023:11:45:27 -0500] "POST /sipsepre/faces/bienvenido.xhtml HTTP/1.1" 200 61373
201.245.192.253 - - [08/Jun/2023:11:45:27 -0500] "GET /sipsepre/faces/javax.faces.resource/jquery/jquery.js?ln=primefaces&v=4.0 HTTP/1.1" 304 -
201.245.192.253 - - [08/Jun/2023:11:45:27 -0500] "GET /sipsepre/faces/javax.faces.resource/jquery/jquery-plugins.js?ln=primefaces&v=4.0 HTTP/1.1" 304 -
201.245.192.253 - - [08/Jun/2023:11:45:27 -0500] "GET /sipsepre/faces/javax.faces.resource/primefaces.js?ln=primefaces&v=4.0 HTTP/1.1" 304 -
201.245.192.253 - - [08/Jun/2023:11:45:27 -0500] "GET /sipsepre/faces/javax.faces.resource/layout/layout.js?ln=primefaces&v=4.0 HTTP/1.1" 304 -
201.245.192.253 - - [08/Jun/2023:11:45:27 -0500] "POST /sipsepre/faces/presentacion/financiero/solicitudProceso/listarSolicitudProceso.xhtml HTTP/1.1" 200 1556
201.245.192.253 - - [08/Jun/2023:11:45:31 -0500] "POST /sipsepre/faces/presentacion/financiero/solicitudProceso/listarSolicitudProceso.xhtml HTTP/1.1" 200 4685
186.30.99.61 - - [08/Jun/2023:11:45:35 -0500] "GET /convocatoria-conviertete-en-nuestro-corresponsal-ambiental-y-aporta-a-la-transformacion-de-tu-localidad.html HTTP/1.1" 200 818
201.245.192.253 - - [08/Jun/2023:11:45:32 -0500] "POST /sipsepre/faces/presentacion/financiero/solicitudProceso/listarSolicitudProceso.xhtml HTTP/1.1" 200 122671
201.245.192.253 - - [08/Jun/2023:11:45:39 -0500] "GET /sipsepre/faces/javax.faces.resource/jquery/jquery.js?ln=primefaces&v=4.0 HTTP/1.1" 304 -
201.245.192.253 - - [08/Jun/2023:11:45:39 -0500] "GET /sipsepre/faces/javax.faces.resource/jquery/jquery-plugins.js?ln=primefaces&v=4.0 HTTP/1.1" 304 -
201.245.192.253 - - [08/Jun/2023:11:45:39 -0500] "GET /sipsepre/faces/javax.faces.resource/primefaces.js?ln=primefaces&v=4.0 HTTP/1.1" 304 -
201.245.192.253 - - [08/Jun/2023:11:45:39 -0500] "GET /sipsepre/faces/javax.faces.resource/layout/layout.js?ln=primefaces&v=4.0 HTTP/1.1" 304 -
172.22.2.4 - - [08/Jun/2023:11:45:43 -0500] "GET /BLA/boletinlegal/consulta_actos.php?tipo=autos&no=4946&usuario=&sector=&fecha=2018&resuelve= HTTP/1.1" 200 626
201.245.192.253 - - [08/Jun/2023:11:45:44 -0500] "POST /sipsepre/faces/presentacion/financiero/solicitudProceso/consultarSolicitudProceso.xhtml HTTP/1.1" 200 30255
201.245.192.253 - - [08/Jun/2023:11:45:47 -0500] "GET /sipsepre/faces/javax.faces.resource/jquery/jquery.js?ln=primefaces&v=4.0 HTTP/1.1" 304 -
201.245.192.253 - - [08/Jun/2023:11:45:47 -0500] "GET /sipsepre/faces/javax.faces.resource/jquery/jquery-plugins.js?ln=primefaces&v=4.0 HTTP/1.1" 304 -
201.245.192.253 - - [08/Jun/2023:11:45:47 -0500] "GET /sipsepre/faces/javax.faces.resource/primefaces.js?ln=primefaces&v=4.0 HTTP/1.1" 304 -
201.245.192.253 - - [08/Jun/2023:11:45:47 -0500] "GET /sipsepre/faces/javax.faces.resource/layout/layout.js?ln=primefaces&v=4.0 HTTP/1.1" 304 -
172.22.2.4 - - [08/Jun/2023:11:45:47 -0500] "GET /BLA/boletinlegal/consulta_actos.php?tipo=autos&no=4947&usuario=&sector=&fecha=2018&resuelve= HTTP/1.1" 200 1048
172.22.2.4 - - [08/Jun/2023:11:45:51 -0500] "GET /BLA/boletinlegal/consulta_actos.php?tipo=autos&no=4948&usuario=&sector=&fecha=2018&resuelve= HTTP/1.1" 200 626
172.22.2.4 - - [08/Jun/2023:11:45:54 -0500] "GET /BLA/boletinlegal/consulta_actos.php?tipo=autos&no=4949&usuario=&sector=&fecha=2018&resuelve= HTTP/1.1" 200 626
181.61.37.255 - - [08/Jun/2023:11:45:55 -0500] "POST /sipse/faces/presentacion/financiero/solicitudProceso/detalleSolicitudProcesoOtrosPagos.xhtml HTTP/1.1" 200 43628
181.61.37.255 - - [08/Jun/2023:11:45:56 -0500] "GET /sipse/faces/javax.faces.resource/jquery/jquery.js?ln=primefaces&v=4.0 HTTP/1.1" 304 -
181.61.37.255 - - [08/Jun/2023:11:45:56 -0500] "GET /sipse/faces/javax.faces.resource/jquery/jquery-plugins.js?ln=primefaces&v=4.0 HTTP/1.1" 304 -
181.61.37.255 - - [08/Jun/2023:11:45:56 -0500] "GET /sipse/faces/javax.faces.resource/primefaces.js?ln=primefaces&v=4.0 HTTP/1.1" 304 -
181.61.37.255 - - [08/Jun/2023:11:45:56 -0500] "GET /sipse/faces/javax.faces.resource/layout/layout.js?ln=primefaces&v=4.0 HTTP/1.1" 304 -
181.61.37.255 - - [08/Jun/2023:11:45:56 -0500] "POST /sipse/faces/presentacion/financiero/solicitudProceso/consultar.xhtml HTTP/1.1" 200 37047
181.61.37.255 - - [08/Jun/2023:11:45:56 -0500] "POST /sipse/faces/presentacion/financiero/solicitudProceso/consultar.xhtml HTTP/1.1" 200 37047
181.61.37.255 - - [08/Jun/2023:11:45:57 -0500] "POST /sipse/faces/presentacion/financiero/solicitudProceso/consultar.xhtml HTTP/1.1" 200 37047
181.61.37.255 - - [08/Jun/2023:11:45:57 -0500] "POST /sipse/faces/presentacion/financiero/solicitudProceso/consultar.xhtml HTTP/1.1" 200 37047
181.61.37.255 - - [08/Jun/2023:11:45:57 -0500] "POST /sipse/faces/presentacion/financiero/solicitudProceso/consultar.xhtml HTTP/1.1" 200 37047
181.61.37.255 - - [08/Jun/2023:11:45:57 -0500] "POST /sipse/faces/presentacion/financiero/solicitudProceso/consultar.xhtml HTTP/1.1" 200 37047
181.61.37.255 - - [08/Jun/2023:11:45:58 -0500] "POST /sipse/faces/presentacion/financiero/solicitudProceso/consultar.xhtml HTTP/1.1" 200 37047
181.61.37.255 - - [08/Jun/2023:11:45:58 -0500] "POST /sipse/faces/presentacion/financiero/solicitudProceso/consultar.xhtml HTTP/1.1" 200 37047
181.61.37.255 - - [08/Jun/2023:11:45:58 -0500] "POST /sipse/faces/presentacion/financiero/solicitudProceso/consultar.xhtml HTTP/1.1" 200 37047
181.61.37.255 - - [08/Jun/2023:11:45:59 -0500] "POST /sipse/faces/presentacion/financiero/solicitudProceso/consultar.xhtml HTTP/1.1" 200 37047
181.61.37.255 - - [08/Jun/2023:11:45:59 -0500] "POST /sipse/faces/presentacion/financiero/solicitudProceso/consultar.xhtml HTTP/1.1" 200 37047
181.61.37.255 - - [08/Jun/2023:11:45:59 -0500] "POST /sipse/faces/presentacion/financiero/solicitudProceso/consultar.xhtml HTTP/1.1" 200 37047
172.22.2.4 - - [08/Jun/2023:11:46:00 -0500] "GET /BLA/boletinlegal/consulta_actos.php?tipo=autos&no=4950&usuario=&sector=&fecha=2018&resuelve= HTTP/1.1" 200 626
172.22.2.4 - - [08/Jun/2023:11:46:00 -0500] "GET /BLA/boletinlegal/consulta_actos.php?tipo=autos&no=4950&usuario=&sector=&fecha=2018&resuelve= HTTP/1.1" 200 626
172.22.2.4 - - [08/Jun/2023:11:46:08 -0500] "GET /BLA/boletinlegal/consulta_actos.php?tipo=autos&no=4951&usuario=&sector=&fecha=2018&resuelve= HTTP/1.1" 200 626
201.245.192.253 - - [08/Jun/2023:11:45:56 -0500] "POST /sipsepre/faces/presentacion/financiero/solicitudProceso/asignarContratacion.xhtml HTTP/1.1" 200 35468
201.245.192.253 - - [08/Jun/2023:11:46:08 -0500] "GET /sipsepre/faces/javax.faces.resource/jquery/jquery.js?ln=primefaces&v=4.0 HTTP/1.1" 304 -
201.245.192.253 - - [08/Jun/2023:11:46:08 -0500] "GET /sipsepre/faces/javax.faces.resource/jquery/jquery-plugins.js?ln=primefaces&v=4.0 HTTP/1.1" 304 -
201.245.192.253 - - [08/Jun/2023:11:46:08 -0500] "GET /sipsepre/faces/javax.faces.resource/primefaces.js?ln=primefaces&v=4.0 HTTP/1.1" 304 -
201.245.192.253 - - [08/Jun/2023:11:46:08 -0500] "GET /sipsepre/faces/javax.faces.resource/layout/layout.js?ln=primefaces&v=4.0 HTTP/1.1" 304 -
201.245.192.253 - - [08/Jun/2023:11:46:09 -0500] "POST /sipsepre/faces/presentacion/financiero/solicitudProceso/listarSolicitudProceso.xhtml HTTP/1.1" 200 1396
172.22.2.4 - - [08/Jun/2023:11:46:10 -0500] "GET /BLA/boletinlegal/consulta_actos.php?tipo=autos&no=4952&usuario=&sector=&fecha=2018&resuelve= HTTP/1.1" 200 626
201.245.192.253 - - [08/Jun/2023:11:46:12 -0500] "POST /sipsepre/faces/presentacion/financiero/solicitudProceso/listarSolicitudProceso.xhtml HTTP/1.1" 200 911
172.22.2.4 - - [08/Jun/2023:11:46:12 -0500] "GET /BLA/boletinlegal/consulta_actos.php?tipo=autos&no=4953&usuario=&sector=&fecha=2018&resuelve= HTTP/1.1" 200 1066
201.245.192.253 - - [08/Jun/2023:11:46:13 -0500] "GET /sipsepre/faces/faces/autenticacion HTTP/1.1" 302 -
201.245.192.253 - - [08/Jun/2023:11:46:13 -0500] "GET /sipsepre/faces/autenticacion.xhtml HTTP/1.1" 200 12213
201.245.192.253 - - [08/Jun/2023:11:46:13 -0500] "GET /sipsepre/faces/javax.faces.resource/theme.css?ln=primefaces-sipse HTTP/1.1" 304 -
201.245.192.253 - - [08/Jun/2023:11:46:13 -0500] "GET /sipsepre/faces/javax.faces.resource/primefaces.css?ln=primefaces&v=4.0 HTTP/1.1" 304 -
201.245.192.253 - - [08/Jun/2023:11:46:13 -0500] "GET /sipsepre/faces/javax.faces.resource/layout/layout.js?ln=primefaces&v=4.0 HTTP/1.1" 304 -
201.245.192.253 - - [08/Jun/2023:11:46:13 -0500] "GET /sipsepre/faces/javax.faces.resource/layout/layout.css?ln=primefaces&v=4.0 HTTP/1.1" 304 -
201.245.192.253 - - [08/Jun/2023:11:46:13 -0500] "GET /sipsepre/faces/javax.faces.resource/jquery/jquery.js?ln=primefaces&v=4.0 HTTP/1.1" 304 -
201.245.192.253 - - [08/Jun/2023:11:46:13 -0500] "GET /sipsepre/faces/javax.faces.resource/primefaces.js?ln=primefaces&v=4.0 HTTP/1.1" 304 -
201.245.192.253 - - [08/Jun/2023:11:46:13 -0500] "GET /sipsepre/faces/javax.faces.resource/jquery/jquery-plugins.js?ln=primefaces&v=4.0 HTTP/1.1" 304 -
201.245.192.253 - - [08/Jun/2023:11:46:13 -0500] "GET /sipsepre/faces/javax.faces.resource/images/ui-icons_898989_256x240.png?ln=primefaces-aristo HTTP/1.1" 304 -
201.245.192.253 - - [08/Jun/2023:11:46:15 -0500] "GET /BLA/resoluciones/AUTOS%202018/4953.pdf HTTP/1.1" 200 260943
186.29.159.117 - - [08/Jun/2023:11:46:17 -0500] "GET /distrito-alcanza-meta-de-1000-hectareas-ya-con-pagos-por-servicios-ambientales.html HTTP/1.1" 200 828
201.245.192.253 - - [08/Jun/2023:11:46:18 -0500] "POST /sipsepre/faces/autenticacion.xhtml HTTP/1.1" 200 18853
201.245.192.253 - - [08/Jun/2023:11:46:23 -0500] "GET /sipsepre/faces/javax.faces.resource/jquery/jquery.js?ln=primefaces&v=4.0 HTTP/1.1" 304 -
201.245.192.253 - - [08/Jun/2023:11:46:23 -0500] "GET /sipsepre/faces/javax.faces.resource/jquery/jquery-plugins.js?ln=primefaces&v=4.0 HTTP/1.1" 304 -
201.245.192.253 - - [08/Jun/2023:11:46:23 -0500] "GET /sipsepre/faces/javax.faces.resource/primefaces.js?ln=primefaces&v=4.0 HTTP/1.1" 304 -
201.245.192.253 - - [08/Jun/2023:11:46:23 -0500] "GET /sipsepre/faces/javax.faces.resource/layout/layout.js?ln=primefaces&v=4.0 HTTP/1.1" 304 -
201.245.192.253 - - [08/Jun/2023:11:46:23 -0500] "GET /sipsepre/faces/javax.faces.resource/messages/messages.png?ln=primefaces&v=4.0 HTTP/1.1" 304 -
201.245.192.253 - - [08/Jun/2023:11:46:25 -0500] "GET /sipsepre/faces/javax.faces.resource/images/ui-bg_flat_0_2d5972_40x100.png?ln=primefaces-aristo HTTP/1.1" 304 -
201.245.192.253 - - [08/Jun/2023:11:46:25 -0500] "POST /sipsepre/faces/bienvenido.xhtml HTTP/1.1" 200 3182
201.245.192.253 - - [08/Jun/2023:11:46:26 -0500] "POST /sipsepre/faces/bienvenido.xhtml HTTP/1.1" 200 2083
201.245.192.253 - - [08/Jun/2023:11:46:27 -0500] "POST /sipsepre/faces/bienvenido.xhtml HTTP/1.1" 200 62893
201.245.192.253 - - [08/Jun/2023:11:46:28 -0500] "GET /sipsepre/faces/javax.faces.resource/jquery/jquery.js?ln=primefaces&v=4.0 HTTP/1.1" 304 -
201.245.192.253 - - [08/Jun/2023:11:46:28 -0500] "GET /sipsepre/faces/javax.faces.resource/jquery/jquery-plugins.js?ln=primefaces&v=4.0 HTTP/1.1" 304 -
201.245.192.253 - - [08/Jun/2023:11:46:28 -0500] "GET /sipsepre/faces/javax.faces.resource/primefaces.js?ln=primefaces&v=4.0 HTTP/1.1" 304 -
201.245.192.253 - - [08/Jun/2023:11:46:28 -0500] "GET /sipsepre/faces/javax.faces.resource/layout/layout.js?ln=primefaces&v=4.0 HTTP/1.1" 304 -
201.245.192.253 - - [08/Jun/2023:11:46:28 -0500] "POST /sipsepre/faces/presentacion/financiero/solicitudProceso/listarSolicitudProceso.xhtml HTTP/1.1" 200 1556
181.61.37.255 - - [08/Jun/2023:11:46:29 -0500] "POST /sipse/faces/presentacion/financiero/solicitudProceso/consultar.xhtml HTTP/1.1" 200 116128
181.61.37.255 - - [08/Jun/2023:11:46:31 -0500] "GET /sipse/faces/javax.faces.resource/jquery/jquery.js?ln=primefaces&v=4.0 HTTP/1.1" 304 -
181.61.37.255 - - [08/Jun/2023:11:46:31 -0500] "GET /sipse/faces/javax.faces.resource/jquery/jquery-plugins.js?ln=primefaces&v=4.0 HTTP/1.1" 304 -
181.61.37.255 - - [08/Jun/2023:11:46:31 -0500] "GET /sipse/faces/javax.faces.resource/primefaces.js?ln=primefaces&v=4.0 HTTP/1.1" 304 -
181.61.37.255 - - [08/Jun/2023:11:46:31 -0500] "GET /sipse/faces/javax.faces.resource/layout/layout.js?ln=primefaces&v=4.0 HTTP/1.1" 304 -
201.245.192.253 - - [08/Jun/2023:11:46:31 -0500] "POST /sipsepre/faces/presentacion/financiero/solicitudProceso/listarSolicitudProceso.xhtml HTTP/1.1" 200 2369
181.61.37.255 - - [08/Jun/2023:11:46:31 -0500] "GET /sipse/faces/javax.faces.resource/dynamiccontent.properties?ln=primefaces&pfdrid=XjOR5%2F%2FfPAZAuY9TpWQeCiM0BhlXxYRBGKi%2FQcXXfeA%3D&pfdrid_c=false HTTP/1.1" 500 383
201.245.192.253 - - [08/Jun/2023:11:46:32 -0500] "POST /sipsepre/faces/presentacion/financiero/solicitudProceso/listarSolicitudProceso.xhtml HTTP/1.1" 200 5187
201.245.192.253 - - [08/Jun/2023:11:46:33 -0500] "POST /sipsepre/faces/presentacion/financiero/solicitudProceso/listarSolicitudProceso.xhtml HTTP/1.1" 200 5175
69.171.251.10 - - [08/Jun/2023:11:46:33 -0500] "GET /images/liberacion-animales-silvestres.jpg HTTP/1.1" 200 57397
172.22.2.4 - - [08/Jun/2023:11:46:35 -0500] "GET /BLA/boletinlegal/consulta_actos.php?tipo=autos&no=4954&usuario=&sector=&fecha=2018&resuelve= HTTP/1.1" 200 626
201.245.192.253 - - [08/Jun/2023:11:46:36 -0500] "POST /sipsepre/faces/presentacion/financiero/solicitudProceso/listarSolicitudProceso.xhtml HTTP/1.1" 200 123265
201.245.192.253 - - [08/Jun/2023:11:46:37 -0500] "GET /sipsepre/faces/javax.faces.resource/jquery/jquery.js?ln=primefaces&v=4.0 HTTP/1.1" 304 -
201.245.192.253 - - [08/Jun/2023:11:46:37 -0500] "GET /sipsepre/faces/javax.faces.resource/jquery/jquery-plugins.js?ln=primefaces&v=4.0 HTTP/1.1" 304 -
201.245.192.253 - - [08/Jun/2023:11:46:37 -0500] "GET /sipsepre/faces/javax.faces.resource/primefaces.js?ln=primefaces&v=4.0 HTTP/1.1" 304 -
201.245.192.253 - - [08/Jun/2023:11:46:37 -0500] "GET /sipsepre/faces/javax.faces.resource/layout/layout.js?ln=primefaces&v=4.0 HTTP/1.1" 304 -
172.22.2.4 - - [08/Jun/2023:11:46:37 -0500] "GET /BLA/boletinlegal/consulta_actos.php?tipo=autos&no=4955&usuario=&sector=&fecha=2018&resuelve= HTTP/1.1" 200 626
170.64.177.80 - - [08/Jun/2023:11:46:38 -0500] "GET /aaa9 HTTP/1.1" 404 1018
172.22.2.4 - - [08/Jun/2023:11:46:39 -0500] "GET /BLA/boletinlegal/consulta_actos.php?tipo=autos&no=4956&usuario=&sector=&fecha=2018&resuelve= HTTP/1.1" 200 626
172.22.2.4 - - [08/Jun/2023:11:46:41 -0500] "GET /BLA/boletinlegal/consulta_actos.php?tipo=autos&no=4957&usuario=&sector=&fecha=2018&resuelve= HTTP/1.1" 200 626
191.156.148.48 - - [08/Jun/2023:11:46:43 -0500] "-" 408 -
172.22.2.4 - - [08/Jun/2023:11:46:43 -0500] "GET /BLA/boletinlegal/consulta_actos.php?tipo=autos&no=4958&usuario=&sector=&fecha=2018&resuelve= HTTP/1.1" 200 626
186.29.159.117 - - [08/Jun/2023:11:46:43 -0500] "GET /distrito-alcanza-meta-de-1000-hectareas-ya-con-pagos-por-servicios-ambientales.html HTTP/1.1" 200 828
186.29.159.117 - - [08/Jun/2023:11:46:43 -0500] "GET /images/pago-por-servicios.jpeg HTTP/1.1" 200 93573
201.245.192.253 - - [08/Jun/2023:11:46:43 -0500] "POST /sipsepre/faces/presentacion/financiero/solicitudProceso/consultarSolicitudProceso.xhtml HTTP/1.1" 200 169423
201.245.192.253 - - [08/Jun/2023:11:46:44 -0500] "GET /sipsepre/faces/javax.faces.resource/theme.css?ln=primefaces-sipse HTTP/1.1" 304 -
201.245.192.253 - - [08/Jun/2023:11:46:44 -0500] "GET /sipsepre/faces/javax.faces.resource/primefaces.css?ln=primefaces&v=4.0 HTTP/1.1" 304 -
201.245.192.253 - - [08/Jun/2023:11:46:44 -0500] "GET /sipsepre/faces/javax.faces.resource/layout/layout.css?ln=primefaces&v=4.0 HTTP/1.1" 304 -
201.245.192.253 - - [08/Jun/2023:11:46:44 -0500] "GET /sipsepre/faces/javax.faces.resource/jquery/jquery.js?ln=primefaces&v=4.0 HTTP/1.1" 304 -
201.245.192.253 - - [08/Jun/2023:11:46:44 -0500] "GET /sipsepre/faces/javax.faces.resource/jquery/jquery-plugins.js?ln=primefaces&v=4.0 HTTP/1.1" 304 -
201.245.192.253 - - [08/Jun/2023:11:46:44 -0500] "GET /sipsepre/faces/javax.faces.resource/primefaces.js?ln=primefaces&v=4.0 HTTP/1.1" 304 -
201.245.192.253 - - [08/Jun/2023:11:46:44 -0500] "GET /sipsepre/faces/javax.faces.resource/layout/layout.js?ln=primefaces&v=4.0 HTTP/1.1" 304 -
201.245.192.253 - - [08/Jun/2023:11:46:44 -0500] "GET /sipsepre/faces/javax.faces.resource/images/ui-icons_898989_256x240.png?ln=primefaces-aristo HTTP/1.1" 304 -
172.22.2.4 - - [08/Jun/2023:11:46:45 -0500] "GET /BLA/boletinlegal/consulta_actos.php?tipo=autos&no=4959&usuario=&sector=&fecha=2018&resuelve= HTTP/1.1" 200 1054
201.245.192.253 - - [08/Jun/2023:11:46:47 -0500] "GET /sipsepre/faces/javax.faces.resource/images/ui-bg_flat_0_2d5972_40x100.png?ln=primefaces-aristo HTTP/1.1" 304 -
201.245.192.253 - - [08/Jun/2023:11:46:46 -0500] "POST /sipse/faces/presentacion/financiero/solicitudProceso/consultarSolicitudProceso.xhtml HTTP/1.1" 200 1909580
201.245.192.253 - - [08/Jun/2023:11:46:47 -0500] "POST /sipsepre/faces/presentacion/financiero/solicitudProceso/consultarSolicitudProceso.xhtml HTTP/1.1" 200 34930
201.245.192.253 - - [08/Jun/2023:11:46:47 -0500] "GET /sipsepre/faces/javax.faces.resource/jquery/jquery.js?ln=primefaces&v=4.0 HTTP/1.1" 304 -
201.245.192.253 - - [08/Jun/2023:11:46:47 -0500] "GET /sipsepre/faces/javax.faces.resource/jquery/jquery-plugins.js?ln=primefaces&v=4.0 HTTP/1.1" 304 -
201.245.192.253 - - [08/Jun/2023:11:46:47 -0500] "GET /sipsepre/faces/javax.faces.resource/primefaces.js?ln=primefaces&v=4.0 HTTP/1.1" 304 -
201.245.192.253 - - [08/Jun/2023:11:46:47 -0500] "GET /sipsepre/faces/javax.faces.resource/layout/layout.js?ln=primefaces&v=4.0 HTTP/1.1" 304 -
201.245.192.253 - - [08/Jun/2023:11:46:47 -0500] "GET /sipsepre/faces/javax.faces.resource/messages/messages.png?ln=primefaces&v=4.0 HTTP/1.1" 304 -
201.245.192.253 - - [08/Jun/2023:11:46:48 -0500] "POST /sipsepre/faces/presentacion/financiero/solicitudProceso/listarSolicitudProceso.xhtml HTTP/1.1" 200 1396
172.22.2.4 - - [08/Jun/2023:11:46:49 -0500] "GET /BLA/boletinlegal/consulta_actos.php?tipo=autos&no=4960&usuario=&sector=&fecha=2018&resuelve= HTTP/1.1" 200 626
170.64.177.80 - - [08/Jun/2023:11:46:50 -0500] "GET /aab8 HTTP/1.1" 404 1018
172.22.2.4 - - [08/Jun/2023:11:46:52 -0500] "GET /BLA/boletinlegal/consulta_actos.php?tipo=autos&no=4961&usuario=&sector=&fecha=2018&resuelve= HTTP/1.1" 200 626
201.245.192.253 - - [08/Jun/2023:11:46:52 -0500] "POST /sipsepre/faces/presentacion/financiero/solicitudProceso/listarSolicitudProceso.xhtml HTTP/1.1" 200 911
201.245.192.253 - - [08/Jun/2023:11:46:53 -0500] "GET /sipsepre/faces/presentacion/financiero/solicitudProceso/faces/autenticacion HTTP/1.1" 302 -
201.245.192.253 - - [08/Jun/2023:11:46:53 -0500] "GET /sipsepre/faces/autenticacion.xhtml HTTP/1.1" 200 12213
201.245.192.253 - - [08/Jun/2023:11:46:53 -0500] "GET /sipsepre/faces/javax.faces.resource/theme.css?ln=primefaces-sipse HTTP/1.1" 304 -
201.245.192.253 - - [08/Jun/2023:11:46:53 -0500] "GET /sipsepre/faces/javax.faces.resource/primefaces.css?ln=primefaces&v=4.0 HTTP/1.1" 304 -
201.245.192.253 - - [08/Jun/2023:11:46:53 -0500] "GET /sipsepre/faces/javax.faces.resource/layout/layout.css?ln=primefaces&v=4.0 HTTP/1.1" 304 -
201.245.192.253 - - [08/Jun/2023:11:46:53 -0500] "GET /sipsepre/faces/javax.faces.resource/jquery/jquery.js?ln=primefaces&v=4.0 HTTP/1.1" 304 -
201.245.192.253 - - [08/Jun/2023:11:46:53 -0500] "GET /sipsepre/faces/javax.faces.resource/jquery/jquery-plugins.js?ln=primefaces&v=4.0 HTTP/1.1" 304 -
201.245.192.253 - - [08/Jun/2023:11:46:53 -0500] "GET /sipsepre/faces/javax.faces.resource/primefaces.js?ln=primefaces&v=4.0 HTTP/1.1" 304 -
201.245.192.253 - - [08/Jun/2023:11:46:53 -0500] "GET /sipsepre/faces/javax.faces.resource/layout/layout.js?ln=primefaces&v=4.0 HTTP/1.1" 304 -
201.245.192.253 - - [08/Jun/2023:11:46:53 -0500] "GET /sipsepre/faces/javax.faces.resource/images/ui-icons_898989_256x240.png?ln=primefaces-aristo HTTP/1.1" 304 -
172.22.2.4 - - [08/Jun/2023:11:46:54 -0500] "GET /BLA/boletinlegal/consulta_actos.php?tipo=autos&no=4962&usuario=&sector=&fecha=2018&resuelve= HTTP/1.1" 200 626
201.245.192.253 - - [08/Jun/2023:11:46:55 -0500] "POST /sipsepre/faces/autenticacion.xhtml HTTP/1.1" 200 19461
201.245.192.253 - - [08/Jun/2023:11:46:56 -0500] "GET /sipsepre/faces/javax.faces.resource/jquery/jquery.js?ln=primefaces&v=4.0 HTTP/1.1" 304 -
201.245.192.253 - - [08/Jun/2023:11:46:56 -0500] "GET /sipsepre/faces/javax.faces.resource/jquery/jquery-plugins.js?ln=primefaces&v=4.0 HTTP/1.1" 304 -
201.245.192.253 - - [08/Jun/2023:11:46:56 -0500] "GET /sipsepre/faces/javax.faces.resource/primefaces.js?ln=primefaces&v=4.0 HTTP/1.1" 304 -
201.245.192.253 - - [08/Jun/2023:11:46:56 -0500] "GET /sipsepre/faces/javax.faces.resource/layout/layout.js?ln=primefaces&v=4.0 HTTP/1.1" 304 -
201.245.192.253 - - [08/Jun/2023:11:46:56 -0500] "GET /sipsepre/faces/javax.faces.resource/messages/messages.png?ln=primefaces&v=4.0 HTTP/1.1" 304 -
172.22.2.4 - - [08/Jun/2023:11:46:56 -0500] "GET /BLA/boletinlegal/consulta_actos.php?tipo=autos&no=4963&usuario=&sector=&fecha=2018&resuelve= HTTP/1.1" 200 1079
172.22.2.4 - - [08/Jun/2023:11:46:56 -0500] "GET /BLA/boletinlegal/consulta_actos.php?tipo=autos&no=1724&usuario=&sector=&fecha=2023&resuelve= HTTP/1.1" 200 1113
201.245.192.253 - - [08/Jun/2023:11:46:57 -0500] "GET /sipsepre/faces/javax.faces.resource/images/ui-bg_flat_0_2d5972_40x100.png?ln=primefaces-aristo HTTP/1.1" 304 -
201.245.192.253 - - [08/Jun/2023:11:46:57 -0500] "POST /sipsepre/faces/bienvenido.xhtml HTTP/1.1" 200 3182
201.245.192.253 - - [08/Jun/2023:11:46:56 -0500] "POST /kwsrmcab/Wsrmcab  HTTP/1.1" 200 41606
201.245.192.253 - - [08/Jun/2023:11:46:58 -0500] "POST /sipsepre/faces/bienvenido.xhtml HTTP/1.1" 200 3270
201.245.192.253 - - [08/Jun/2023:11:46:59 -0500] "GET /BLA/resoluciones/AUTOS%202018/4963.pdf HTTP/1.1" 200 261070
201.245.192.253 - - [08/Jun/2023:11:46:59 -0500] "POST /sipsepre/faces/bienvenido.xhtml HTTP/1.1" 200 36180
201.245.192.253 - - [08/Jun/2023:11:47:00 -0500] "GET /sipsepre/faces/javax.faces.resource/jquery/jquery.js?ln=primefaces&v=4.0 HTTP/1.1" 304 -
201.245.192.253 - - [08/Jun/2023:11:47:00 -0500] "GET /sipsepre/faces/javax.faces.resource/jquery/jquery-plugins.js?ln=primefaces&v=4.0 HTTP/1.1" 304 -
201.245.192.253 - - [08/Jun/2023:11:47:00 -0500] "GET /sipsepre/faces/javax.faces.resource/primefaces.js?ln=primefaces&v=4.0 HTTP/1.1" 304 -
201.245.192.253 - - [08/Jun/2023:11:47:00 -0500] "GET /sipsepre/faces/javax.faces.resource/layout/layout.js?ln=primefaces&v=4.0 HTTP/1.1" 304 -
201.245.192.253 - - [08/Jun/2023:11:47:00 -0500] "POST /sipsepre/faces/presentacion/financiero/solicitudProceso/listarSolicitudProceso.xhtml HTTP/1.1" 200 1396
201.245.192.253 - - [08/Jun/2023:11:47:02 -0500] "POST /sipsepre/faces/presentacion/financiero/solicitudProceso/listarSolicitudProceso.xhtml HTTP/1.1" 200 123883
201.245.192.253 - - [08/Jun/2023:11:47:03 -0500] "GET /sipsepre/faces/javax.faces.resource/jquery/jquery.js?ln=primefaces&v=4.0 HTTP/1.1" 304 -
201.245.192.253 - - [08/Jun/2023:11:47:03 -0500] "GET /sipsepre/faces/javax.faces.resource/jquery/jquery-plugins.js?ln=primefaces&v=4.0 HTTP/1.1" 304 -
201.245.192.253 - - [08/Jun/2023:11:47:03 -0500] "GET /sipsepre/faces/javax.faces.resource/primefaces.js?ln=primefaces&v=4.0 HTTP/1.1" 304 -
201.245.192.253 - - [08/Jun/2023:11:47:03 -0500] "GET /sipsepre/faces/javax.faces.resource/layout/layout.js?ln=primefaces&v=4.0 HTTP/1.1" 304 -
172.22.2.1 - - [08/Jun/2023:11:47:07 -0500] "GET /reportes_sipse/sdg/ServletFirma?solicitud=19321 HTTP/1.1" 200 1712
201.245.192.253 - - [08/Jun/2023:11:47:07 -0500] "POST /sipsepre/faces/presentacion/financiero/solicitudProceso/consultarSolicitudProceso.xhtml HTTP/1.1" 200 33630
201.245.192.253 - - [08/Jun/2023:11:47:08 -0500] "GET /sipsepre/faces/javax.faces.resource/jquery/jquery.js?ln=primefaces&v=4.0 HTTP/1.1" 304 -
201.245.192.253 - - [08/Jun/2023:11:47:08 -0500] "GET /sipsepre/faces/javax.faces.resource/jquery/jquery-plugins.js?ln=primefaces&v=4.0 HTTP/1.1" 304 -
201.245.192.253 - - [08/Jun/2023:11:47:08 -0500] "GET /sipsepre/faces/javax.faces.resource/primefaces.js?ln=primefaces&v=4.0 HTTP/1.1" 304 -
201.245.192.253 - - [08/Jun/2023:11:47:08 -0500] "GET /sipsepre/faces/javax.faces.resource/layout/layout.js?ln=primefaces&v=4.0 HTTP/1.1" 304 -
201.245.192.253 - - [08/Jun/2023:11:47:08 -0500] "POST /sipsepre/faces/presentacion/financiero/solicitudProceso/listarSolicitudProceso.xhtml HTTP/1.1" 200 1376
172.22.2.4 - - [08/Jun/2023:11:47:10 -0500] "GET /BLA/boletinlegal/consulta_actos.php?tipo=autos&no=4964&usuario=&sector=&fecha=2018&resuelve= HTTP/1.1" 200 626
201.245.192.253 - - [08/Jun/2023:11:47:11 -0500] "POST /sipsepre/faces/presentacion/financiero/solicitudProceso/listarSolicitudProceso.xhtml HTTP/1.1" 200 2677
201.245.192.253 - - [08/Jun/2023:11:47:11 -0500] "POST /sipsepre/faces/presentacion/financiero/solicitudProceso/listarSolicitudProceso.xhtml HTTP/1.1" 200 40786
201.245.192.253 - - [08/Jun/2023:11:47:12 -0500] "GET /sipsepre/faces/javax.faces.resource/jquery/jquery.js?ln=primefaces&v=4.0 HTTP/1.1" 304 -
201.245.192.253 - - [08/Jun/2023:11:47:12 -0500] "GET /sipsepre/faces/javax.faces.resource/jquery/jquery-plugins.js?ln=primefaces&v=4.0 HTTP/1.1" 304 -
201.245.192.253 - - [08/Jun/2023:11:47:12 -0500] "GET /sipsepre/faces/javax.faces.resource/primefaces.js?ln=primefaces&v=4.0 HTTP/1.1" 304 -
201.245.192.253 - - [08/Jun/2023:11:47:12 -0500] "GET /sipsepre/faces/javax.faces.resource/layout/layout.js?ln=primefaces&v=4.0 HTTP/1.1" 304 -
201.245.192.253 - - [08/Jun/2023:11:47:12 -0500] "POST /sipsepre/faces/presentacion/financiero/solicitudProceso/consultar.xhtml HTTP/1.1" 200 34165
170.64.177.80 - - [08/Jun/2023:11:47:12 -0500] "GET / HTTP/1.1" 200 319
201.245.192.253 - - [08/Jun/2023:11:47:12 -0500] "POST /sipsepre/faces/presentacion/financiero/solicitudProceso/consultar.xhtml HTTP/1.1" 200 34165
172.22.2.4 - - [08/Jun/2023:11:47:12 -0500] "GET /BLA/boletinlegal/consulta_actos.php?tipo=autos&no=4965&usuario=&sector=&fecha=2018&resuelve= HTTP/1.1" 200 626
201.245.192.253 - - [08/Jun/2023:11:47:12 -0500] "POST /sipsepre/faces/presentacion/financiero/solicitudProceso/consultar.xhtml HTTP/1.1" 200 34165
172.22.2.4 - - [08/Jun/2023:11:47:14 -0500] "GET /BLA/boletinlegal/consulta_actos.php?tipo=autos&no=1725&usuario=&sector=&fecha=2023&resuelve= HTTP/1.1" 200 1076
172.22.2.4 - - [08/Jun/2023:11:47:15 -0500] "GET /BLA/boletinlegal/consulta_actos.php?tipo=autos&no=4966&usuario=&sector=&fecha=2018&resuelve= HTTP/1.1" 200 626
172.22.2.4 - - [08/Jun/2023:11:47:17 -0500] "GET /BLA/boletinlegal/consulta_actos.php?tipo=autos&no=4967&usuario=&sector=&fecha=2018&resuelve= HTTP/1.1" 200 1032
201.245.192.253 - - [08/Jun/2023:11:47:20 -0500] "GET /BLA/resoluciones/AUTOS%202018/4967.pdf HTTP/1.1" 200 324619
201.245.192.253 - - [08/Jun/2023:11:47:17 -0500] "POST /sipsepre/faces/presentacion/financiero/solicitudProceso/consultar.xhtml HTTP/1.1" 200 12967
201.245.192.253 - - [08/Jun/2023:11:47:21 -0500] "POST /sipsepre/faces/presentacion/financiero/solicitudProceso/consultar.xhtml HTTP/1.1" 200 122235
201.245.192.253 - - [08/Jun/2023:11:47:24 -0500] "GET /sipsepre/faces/javax.faces.resource/jquery/jquery.js?ln=primefaces&v=4.0 HTTP/1.1" 304 -
201.245.192.253 - - [08/Jun/2023:11:47:24 -0500] "GET /sipsepre/faces/javax.faces.resource/jquery/jquery-plugins.js?ln=primefaces&v=4.0 HTTP/1.1" 304 -
201.245.192.253 - - [08/Jun/2023:11:47:24 -0500] "GET /sipsepre/faces/javax.faces.resource/primefaces.js?ln=primefaces&v=4.0 HTTP/1.1" 304 -
201.245.192.253 - - [08/Jun/2023:11:47:24 -0500] "GET /sipsepre/faces/javax.faces.resource/layout/layout.js?ln=primefaces&v=4.0 HTTP/1.1" 304 -
186.80.52.42 - - [08/Jun/2023:11:47:28 -0500] "POST /sipse/faces/presentacion/financiero/solicitudProceso/consultarSolicitudProceso.xhtml HTTP/1.1" 200 21105
186.80.52.42 - - [08/Jun/2023:11:47:29 -0500] "GET /sipse/faces/javax.faces.resource/layout/layout.js?ln=primefaces&v=4.0 HTTP/1.1" 304 -
186.80.52.42 - - [08/Jun/2023:11:47:29 -0500] "GET /sipse/faces/javax.faces.resource/fileupload/fileupload.css?ln=primefaces&v=4.0 HTTP/1.1" 304 -
186.80.52.42 - - [08/Jun/2023:11:47:29 -0500] "GET /sipse/faces/javax.faces.resource/fileupload/fileupload.js?ln=primefaces&v=4.0 HTTP/1.1" 304 -
186.80.52.42 - - [08/Jun/2023:11:47:29 -0500] "GET /sipse/faces/javax.faces.resource/theme.css?ln=primefaces-sipse HTTP/1.1" 304 -
186.80.52.42 - - [08/Jun/2023:11:47:29 -0500] "GET /sipse/faces/javax.faces.resource/primefaces.css?ln=primefaces&v=4.0 HTTP/1.1" 304 -
186.80.52.42 - - [08/Jun/2023:11:47:29 -0500] "GET /sipse/faces/javax.faces.resource/jquery/jquery-plugins.js?ln=primefaces&v=4.0 HTTP/1.1" 304 -
186.80.52.42 - - [08/Jun/2023:11:47:29 -0500] "GET /sipse/faces/javax.faces.resource/jquery/jquery.js?ln=primefaces&v=4.0 HTTP/1.1" 304 -
186.80.52.42 - - [08/Jun/2023:11:47:29 -0500] "GET /sipse/faces/javax.faces.resource/primefaces.js?ln=primefaces&v=4.0 HTTP/1.1" 304 -
186.80.52.42 - - [08/Jun/2023:11:47:29 -0500] "GET /sipse/faces/javax.faces.resource/layout/layout.css?ln=primefaces&v=4.0 HTTP/1.1" 304 -
186.80.52.42 - - [08/Jun/2023:11:47:29 -0500] "GET /sipse/css/imagen/contrasena.png HTTP/1.1" 404 383
186.80.52.42 - - [08/Jun/2023:11:47:29 -0500] "GET /sipse/faces/javax.faces.resource/images/ui-icons_898989_256x240.png?ln=primefaces-aristo HTTP/1.1" 304 -
172.22.2.4 - - [08/Jun/2023:11:47:31 -0500] "GET /BLA/boletinlegal/consulta_actos.php?tipo=autos&no=4968&usuario=&sector=&fecha=2018&resuelve= HTTP/1.1" 200 626
172.22.2.4 - - [08/Jun/2023:11:47:33 -0500] "GET /BLA/boletinlegal/consulta_actos.php?tipo=autos&no=1731&usuario=&sector=&fecha=2023&resuelve= HTTP/1.1" 200 1071
172.22.2.4 - - [08/Jun/2023:11:47:34 -0500] "GET /BLA/boletinlegal/consulta_actos.php?tipo=autos&no=4969&usuario=&sector=&fecha=2018&resuelve= HTTP/1.1" 200 626
172.22.2.4 - - [08/Jun/2023:11:47:39 -0500] "GET /BLA/boletinlegal/consulta_actos.php?tipo=autos&no=4970&usuario=&sector=&fecha=2018&resuelve= HTTP/1.1" 200 626
172.22.2.4 - - [08/Jun/2023:11:47:45 -0500] "GET /BLA/boletinlegal/consulta_actos.php?tipo=autos&no=4971&usuario=&sector=&fecha=2018&resuelve= HTTP/1.1" 200 1289
186.155.7.90 - - [08/Jun/2023:11:47:46 -0500] "GET /distrito-alcanza-meta-de-1000-hectareas-ya-con-pagos-por-servicios-ambientales.html HTTP/1.1" 200 828
201.245.192.253 - - [08/Jun/2023:11:47:48 -0500] "GET /BLA/resoluciones/AUTOS%202018/4971.pdf HTTP/1.1" 200 290791
172.22.2.4 - - [08/Jun/2023:11:47:50 -0500] "GET /BLA/boletinlegal/consulta_actos.php?tipo=autos&no=1734&usuario=&sector=&fecha=2023&resuelve= HTTP/1.1" 200 1128
201.245.192.253 - - [08/Jun/2023:11:47:52 -0500] "POST /sipsepre/faces/presentacion/financiero/solicitudProceso/consultarSolicitudProceso.xhtml HTTP/1.1" 200 43974
201.245.192.253 - - [08/Jun/2023:11:47:53 -0500] "GET /sipsepre/faces/javax.faces.resource/jquery/jquery.js?ln=primefaces&v=4.0 HTTP/1.1" 304 -
201.245.192.253 - - [08/Jun/2023:11:47:53 -0500] "GET /sipsepre/faces/javax.faces.resource/jquery/jquery-plugins.js?ln=primefaces&v=4.0 HTTP/1.1" 304 -
201.245.192.253 - - [08/Jun/2023:11:47:53 -0500] "GET /sipsepre/faces/javax.faces.resource/primefaces.js?ln=primefaces&v=4.0 HTTP/1.1" 304 -
201.245.192.253 - - [08/Jun/2023:11:47:53 -0500] "GET /sipsepre/faces/javax.faces.resource/layout/layout.js?ln=primefaces&v=4.0 HTTP/1.1" 304 -
186.80.52.42 - - [08/Jun/2023:11:47:53 -0500] "GET /sipse/faces/javax.faces.resource/theme.css?ln=primefaces-sipse HTTP/1.1" 304 -
186.80.52.42 - - [08/Jun/2023:11:47:53 -0500] "GET /sipse/faces/javax.faces.resource/primefaces.css?ln=primefaces&v=4.0 HTTP/1.1" 304 -
