201.245.192.253 - - [08/Jun/2023:11:08:09 -0500] "GET /sipse/faces/javax.faces.resource/layout/layout.js?ln=primefaces&v=4.0 HTTP/1.1" 304 -
201.245.192.253 - - [08/Jun/2023:11:08:09 -0500] "GET /sipse/faces/javax.faces.resource/images/ui-icons_898989_256x240.png?ln=primefaces-aristo HTTP/1.1" 304 -
172.22.2.4 - - [08/Jun/2023:11:08:12 -0500] "GET /BLA/boletinlegal/consulta_actos.php?tipo=autos&no=4781&usuario=&sector=&fecha=2018&resuelve= HTTP/1.1" 200 626
201.245.192.253 - - [08/Jun/2023:11:08:13 -0500] "GET /sipse/faces/javax.faces.resource/images/ui-bg_flat_0_2d5972_40x100.png?ln=primefaces-aristo HTTP/1.1" 304 -
201.245.192.253 - - [08/Jun/2023:11:08:13 -0500] "POST /sipse/faces/presentacion/financiero/solicitudProceso/consultarSolicitudProceso.xhtml HTTP/1.1" 200 5501
201.245.192.253 - - [08/Jun/2023:11:08:14 -0500] "GET /sipse/faces/javax.faces.resource/dynamiccontent.properties?ln=primefaces&pfdrid=XjOR5%2F%2FfPAZAuY9TpWQeCiM0BhlXxYRBGKi%2FQcXXfeA%3D&pfdrid_c=false HTTP/1.1" 200 104759
172.22.2.4 - - [08/Jun/2023:11:08:15 -0500] "GET /BLA/boletinlegal/consulta_actos.php?tipo=autos&no=4782&usuario=&sector=&fecha=2018&resuelve= HTTP/1.1" 200 626
172.22.2.4 - - [08/Jun/2023:11:08:17 -0500] "GET /BLA/boletinlegal/consulta_actos.php?tipo=autos&no=4783&usuario=&sector=&fecha=2018&resuelve= HTTP/1.1" 200 626
66.249.75.110 - - [08/Jun/2023:11:08:17 -0500] "-" 408 -
172.22.2.4 - - [08/Jun/2023:11:08:20 -0500] "GET /BLA/boletinlegal/consulta_actos.php?tipo=autos&no=4784&usuario=&sector=&fecha=2018&resuelve= HTTP/1.1" 200 626
172.22.2.4 - - [08/Jun/2023:11:08:22 -0500] "GET /BLA/boletinlegal/consulta_actos.php?tipo=autos&no=4785&usuario=&sector=&fecha=2018&resuelve= HTTP/1.1" 200 626
172.22.2.4 - - [08/Jun/2023:11:08:25 -0500] "GET /BLA/boletinlegal/consulta_actos.php?tipo=autos&no=4786&usuario=&sector=&fecha=2018&resuelve= HTTP/1.1" 200 626
172.22.2.4 - - [08/Jun/2023:11:08:27 -0500] "GET /BLA/boletinlegal/consulta_actos.php?tipo=autos&no=4787&usuario=&sector=&fecha=2018&resuelve= HTTP/1.1" 200 626
172.22.2.4 - - [08/Jun/2023:11:08:29 -0500] "GET /BLA/boletinlegal/consulta_actos.php?tipo=autos&no=4788&usuario=&sector=&fecha=2018&resuelve= HTTP/1.1" 200 1088
201.245.192.253 - - [08/Jun/2023:11:08:32 -0500] "GET /BLA/resoluciones/AUTOS%202018/4788.pdf HTTP/1.1" 200 251785
201.245.192.253 - - [08/Jun/2023:11:08:43 -0500] "POST /sipsepre/faces/presentacion/financiero/viabilidad/expedirViabilidad.xhtml HTTP/1.1" 200 135243
201.245.192.253 - - [08/Jun/2023:11:08:45 -0500] "GET /sipsepre/faces/javax.faces.resource/jquery/jquery.js?ln=primefaces&v=4.0 HTTP/1.1" 304 -
201.245.192.253 - - [08/Jun/2023:11:08:45 -0500] "GET /sipsepre/faces/javax.faces.resource/jquery/jquery-plugins.js?ln=primefaces&v=4.0 HTTP/1.1" 304 -
201.245.192.253 - - [08/Jun/2023:11:08:45 -0500] "GET /sipsepre/faces/javax.faces.resource/primefaces.js?ln=primefaces&v=4.0 HTTP/1.1" 304 -
201.245.192.253 - - [08/Jun/2023:11:08:45 -0500] "GET /sipsepre/faces/javax.faces.resource/layout/layout.js?ln=primefaces&v=4.0 HTTP/1.1" 304 -
172.22.2.4 - - [08/Jun/2023:11:07:09 -0500] "GET /BLA/boletinlegal/ HTTP/1.1" 200 57151
201.245.192.253 - - [08/Jun/2023:11:08:49 -0500] "POST /sipsepre/faces/presentacion/financiero/solicitudProceso/consultarSolicitudProceso.xhtml HTTP/1.1" 200 63471
201.245.192.253 - - [08/Jun/2023:11:08:50 -0500] "GET /sipsepre/faces/javax.faces.resource/jquery/jquery.js?ln=primefaces&v=4.0 HTTP/1.1" 304 -
201.245.192.253 - - [08/Jun/2023:11:08:50 -0500] "GET /sipsepre/faces/javax.faces.resource/jquery/jquery-plugins.js?ln=primefaces&v=4.0 HTTP/1.1" 304 -
201.245.192.253 - - [08/Jun/2023:11:08:50 -0500] "GET /sipsepre/faces/javax.faces.resource/primefaces.js?ln=primefaces&v=4.0 HTTP/1.1" 304 -
201.245.192.253 - - [08/Jun/2023:11:08:50 -0500] "GET /sipsepre/faces/javax.faces.resource/layout/layout.js?ln=primefaces&v=4.0 HTTP/1.1" 304 -
201.245.192.253 - - [08/Jun/2023:11:08:50 -0500] "GET /sipsepre/faces/javax.faces.resource/messages/messages.png?ln=primefaces&v=4.0 HTTP/1.1" 304 -
201.245.192.253 - - [08/Jun/2023:11:08:50 -0500] "POST /sipsepre/faces/presentacion/financiero/solicitudProceso/listarSolicitudProceso.xhtml HTTP/1.1" 200 1556
172.22.2.4 - - [08/Jun/2023:11:08:55 -0500] "GET /BLA/boletinlegal/consulta_actos.php?tipo=autos&no=4789&usuario=&sector=&fecha=2018&resuelve= HTTP/1.1" 200 626
201.245.192.253 - - [08/Jun/2023:11:08:58 -0500] "POST /sipsepre/faces/presentacion/financiero/solicitudProceso/listarSolicitudProceso.xhtml HTTP/1.1" 200 2853
201.245.192.253 - - [08/Jun/2023:11:08:59 -0500] "POST /sipsepre/faces/presentacion/financiero/solicitudProceso/listarSolicitudProceso.xhtml HTTP/1.1" 200 40190
201.245.192.253 - - [08/Jun/2023:11:08:59 -0500] "GET /sipsepre/faces/javax.faces.resource/jquery/jquery.js?ln=primefaces&v=4.0 HTTP/1.1" 304 -
201.245.192.253 - - [08/Jun/2023:11:08:59 -0500] "GET /sipsepre/faces/javax.faces.resource/jquery/jquery-plugins.js?ln=primefaces&v=4.0 HTTP/1.1" 304 -
201.245.192.253 - - [08/Jun/2023:11:08:59 -0500] "GET /sipsepre/faces/javax.faces.resource/primefaces.js?ln=primefaces&v=4.0 HTTP/1.1" 304 -
201.245.192.253 - - [08/Jun/2023:11:08:59 -0500] "GET /sipsepre/faces/javax.faces.resource/layout/layout.js?ln=primefaces&v=4.0 HTTP/1.1" 304 -
201.245.192.253 - - [08/Jun/2023:11:09:00 -0500] "POST /sipsepre/faces/presentacion/financiero/solicitudProceso/consultar.xhtml HTTP/1.1" 200 33567
201.245.192.253 - - [08/Jun/2023:11:09:03 -0500] "POST /sipsepre/faces/presentacion/financiero/solicitudProceso/consultar.xhtml HTTP/1.1" 200 33567
201.245.192.253 - - [08/Jun/2023:11:09:03 -0500] "POST /sipsepre/faces/presentacion/financiero/solicitudProceso/consultar.xhtml HTTP/1.1" 200 33567
201.245.192.253 - - [08/Jun/2023:11:09:07 -0500] "POST /sipsepre/faces/presentacion/financiero/solicitudProceso/consultar.xhtml HTTP/1.1" 200 12766
66.220.149.117 - - [08/Jun/2023:11:09:09 -0500] "GET /dia-mundial-del-medio-ambiente-distrito-liberara-animales-silvestres-plantara-arboles-y-desarrollara-actividades-pedagogicas.html HTTP/1.1" 206 856
201.245.192.253 - - [08/Jun/2023:11:09:11 -0500] "POST /sipsepre/faces/presentacion/financiero/solicitudProceso/consultar.xhtml HTTP/1.1" 200 129306
201.245.192.253 - - [08/Jun/2023:11:09:12 -0500] "GET /sipsepre/faces/javax.faces.resource/jquery/jquery.js?ln=primefaces&v=4.0 HTTP/1.1" 304 -
201.245.192.253 - - [08/Jun/2023:11:09:12 -0500] "GET /sipsepre/faces/javax.faces.resource/jquery/jquery-plugins.js?ln=primefaces&v=4.0 HTTP/1.1" 304 -
201.245.192.253 - - [08/Jun/2023:11:09:12 -0500] "GET /sipsepre/faces/javax.faces.resource/primefaces.js?ln=primefaces&v=4.0 HTTP/1.1" 304 -
201.245.192.253 - - [08/Jun/2023:11:09:12 -0500] "GET /sipsepre/faces/javax.faces.resource/layout/layout.js?ln=primefaces&v=4.0 HTTP/1.1" 304 -
172.22.2.4 - - [08/Jun/2023:11:09:12 -0500] "GET /BLA/boletinlegal/consulta_actos.php?tipo=autos&no=4790&usuario=&sector=&fecha=2018&resuelve= HTTP/1.1" 200 626
201.245.192.253 - - [08/Jun/2023:11:09:17 -0500] "POST /sipsepre/faces/presentacion/financiero/solicitudProceso/consultarSolicitudProceso.xhtml HTTP/1.1" 200 31234
201.245.192.253 - - [08/Jun/2023:11:09:17 -0500] "GET /sipsepre/faces/javax.faces.resource/theme.css?ln=primefaces-sipse HTTP/1.1" 304 -
201.245.192.253 - - [08/Jun/2023:11:09:17 -0500] "GET /sipsepre/faces/javax.faces.resource/jquery/jquery.js?ln=primefaces&v=4.0 HTTP/1.1" 304 -
201.245.192.253 - - [08/Jun/2023:11:09:17 -0500] "GET /sipsepre/faces/javax.faces.resource/layout/layout.js?ln=primefaces&v=4.0 HTTP/1.1" 304 -
201.245.192.253 - - [08/Jun/2023:11:09:17 -0500] "GET /sipsepre/faces/javax.faces.resource/layout/layout.css?ln=primefaces&v=4.0 HTTP/1.1" 304 -
201.245.192.253 - - [08/Jun/2023:11:09:17 -0500] "GET /sipsepre/faces/javax.faces.resource/jquery/jquery-plugins.js?ln=primefaces&v=4.0 HTTP/1.1" 304 -
201.245.192.253 - - [08/Jun/2023:11:09:17 -0500] "GET /sipsepre/faces/javax.faces.resource/primefaces.css?ln=primefaces&v=4.0 HTTP/1.1" 304 -
201.245.192.253 - - [08/Jun/2023:11:09:17 -0500] "GET /sipsepre/faces/javax.faces.resource/primefaces.js?ln=primefaces&v=4.0 HTTP/1.1" 304 -
201.245.192.253 - - [08/Jun/2023:11:09:17 -0500] "GET /sipsepre/faces/javax.faces.resource/images/ui-icons_898989_256x240.png?ln=primefaces-aristo HTTP/1.1" 304 -
172.22.2.4 - - [08/Jun/2023:11:09:17 -0500] "GET /BLA/boletinlegal/consulta_actos.php?tipo=autos&no=4791&usuario=&sector=&fecha=2018&resuelve= HTTP/1.1" 200 626
172.22.2.4 - - [08/Jun/2023:11:09:21 -0500] "GET /BLA/boletinlegal/consulta_actos.php?tipo=autos&no=4792&usuario=&sector=&fecha=2018&resuelve= HTTP/1.1" 200 626
172.22.2.4 - - [08/Jun/2023:11:09:24 -0500] "GET /BLA/boletinlegal/consulta_actos.php?tipo=autos&no=4793&usuario=&sector=&fecha=2018&resuelve= HTTP/1.1" 200 626
186.80.52.42 - - [08/Jun/2023:11:09:25 -0500] "POST /sipse/faces/presentacion/financiero/solicitudProceso/consultarSolicitudProceso.xhtml HTTP/1.1" 200 23426
186.80.52.42 - - [08/Jun/2023:11:09:25 -0500] "GET /sipse/faces/javax.faces.resource/theme.css?ln=primefaces-sipse HTTP/1.1" 304 -
186.80.52.42 - - [08/Jun/2023:11:09:25 -0500] "GET /sipse/faces/javax.faces.resource/layout/layout.css?ln=primefaces&v=4.0 HTTP/1.1" 304 -
186.80.52.42 - - [08/Jun/2023:11:09:25 -0500] "GET /sipse/faces/javax.faces.resource/fileupload/fileupload.css?ln=primefaces&v=4.0 HTTP/1.1" 304 -
186.80.52.42 - - [08/Jun/2023:11:09:25 -0500] "GET /sipse/faces/javax.faces.resource/primefaces.css?ln=primefaces&v=4.0 HTTP/1.1" 304 -
186.80.52.42 - - [08/Jun/2023:11:09:26 -0500] "GET /sipse/faces/javax.faces.resource/jquery/jquery.js?ln=primefaces&v=4.0 HTTP/1.1" 304 -
186.80.52.42 - - [08/Jun/2023:11:09:26 -0500] "GET /sipse/faces/javax.faces.resource/primefaces.js?ln=primefaces&v=4.0 HTTP/1.1" 304 -
186.80.52.42 - - [08/Jun/2023:11:09:26 -0500] "GET /sipse/faces/javax.faces.resource/layout/layout.js?ln=primefaces&v=4.0 HTTP/1.1" 304 -
186.80.52.42 - - [08/Jun/2023:11:09:26 -0500] "GET /sipse/faces/javax.faces.resource/jquery/jquery-plugins.js?ln=primefaces&v=4.0 HTTP/1.1" 304 -
186.80.52.42 - - [08/Jun/2023:11:09:26 -0500] "GET /sipse/faces/javax.faces.resource/fileupload/fileupload.js?ln=primefaces&v=4.0 HTTP/1.1" 304 -
172.22.2.4 - - [08/Jun/2023:11:09:26 -0500] "GET /BLA/boletinlegal/consulta_actos.php?tipo=autos&no=4794&usuario=&sector=&fecha=2018&resuelve= HTTP/1.1" 200 626
172.22.2.4 - - [08/Jun/2023:11:09:28 -0500] "GET /BLA/boletinlegal/consulta_actos.php?tipo=autos&no=4795&usuario=&sector=&fecha=2018&resuelve= HTTP/1.1" 200 626
201.245.192.253 - - [08/Jun/2023:11:09:29 -0500] "POST /sipse/faces/presentacion/financiero/solicitudProceso/consultarSolicitudProceso.xhtml HTTP/1.1" 200 49236
201.245.192.253 - - [08/Jun/2023:11:09:30 -0500] "GET /sipse/faces/javax.faces.resource/primefaces.css?ln=primefaces&v=4.0 HTTP/1.1" 304 -
201.245.192.253 - - [08/Jun/2023:11:09:30 -0500] "GET /sipse/faces/javax.faces.resource/layout/layout.css?ln=primefaces&v=4.0 HTTP/1.1" 304 -
201.245.192.253 - - [08/Jun/2023:11:09:30 -0500] "GET /sipse/faces/javax.faces.resource/theme.css?ln=primefaces-sipse HTTP/1.1" 304 -
201.245.192.253 - - [08/Jun/2023:11:09:30 -0500] "GET /sipse/faces/javax.faces.resource/jquery/jquery.js?ln=primefaces&v=4.0 HTTP/1.1" 304 -
201.245.192.253 - - [08/Jun/2023:11:09:30 -0500] "GET /sipse/faces/javax.faces.resource/primefaces.js?ln=primefaces&v=4.0 HTTP/1.1" 304 -
201.245.192.253 - - [08/Jun/2023:11:09:30 -0500] "GET /sipse/faces/javax.faces.resource/layout/layout.js?ln=primefaces&v=4.0 HTTP/1.1" 304 -
201.245.192.253 - - [08/Jun/2023:11:09:30 -0500] "GET /sipse/faces/javax.faces.resource/jquery/jquery-plugins.js?ln=primefaces&v=4.0 HTTP/1.1" 304 -
201.245.192.253 - - [08/Jun/2023:11:09:30 -0500] "GET /sipse/faces/javax.faces.resource/images/ui-icons_898989_256x240.png?ln=primefaces-aristo HTTP/1.1" 304 -
172.22.2.4 - - [08/Jun/2023:11:09:31 -0500] "GET /BLA/boletinlegal/consulta_actos.php?tipo=autos&no=4796&usuario=&sector=&fecha=2018&resuelve= HTTP/1.1" 200 626
172.22.2.4 - - [08/Jun/2023:11:09:33 -0500] "GET /BLA/boletinlegal/consulta_actos.php?tipo=autos&no=4797&usuario=&sector=&fecha=2018&resuelve= HTTP/1.1" 200 626
172.22.2.4 - - [08/Jun/2023:11:09:36 -0500] "GET /BLA/boletinlegal/consulta_actos.php?tipo=autos&no=4798&usuario=&sector=&fecha=2018&resuelve= HTTP/1.1" 200 1090
201.245.192.253 - - [08/Jun/2023:11:09:38 -0500] "GET /BLA/resoluciones/AUTOS%202018/4798.pdf HTTP/1.1" 200 257369
186.80.52.42 - - [08/Jun/2023:11:09:50 -0500] "GET /sipse/faces/javax.faces.resource/theme.css?ln=primefaces-sipse HTTP/1.1" 304 -
186.80.52.42 - - [08/Jun/2023:11:09:50 -0500] "GET /sipse/faces/javax.faces.resource/primefaces.css?ln=primefaces&v=4.0 HTTP/1.1" 304 -
186.80.52.42 - - [08/Jun/2023:11:09:50 -0500] "GET /sipse/faces/javax.faces.resource/layout/layout.css?ln=primefaces&v=4.0 HTTP/1.1" 304 -
186.80.52.42 - - [08/Jun/2023:11:09:50 -0500] "GET /sipse/faces/javax.faces.resource/primefaces.js?ln=primefaces&v=4.0 HTTP/1.1" 304 -
186.80.52.42 - - [08/Jun/2023:11:09:50 -0500] "GET /sipse/faces/javax.faces.resource/jquery/jquery.js?ln=primefaces&v=4.0 HTTP/1.1" 304 -
186.80.52.42 - - [08/Jun/2023:11:09:50 -0500] "GET /sipse/faces/javax.faces.resource/jquery/jquery-plugins.js?ln=primefaces&v=4.0 HTTP/1.1" 304 -
186.80.52.42 - - [08/Jun/2023:11:09:50 -0500] "GET /sipse/faces/javax.faces.resource/layout/layout.js?ln=primefaces&v=4.0 HTTP/1.1" 304 -
186.80.52.42 - - [08/Jun/2023:11:09:48 -0500] "POST /sipse/faces/presentacion/sistema/anexos/cargarAnexoSolicitudProceso.xhtml HTTP/1.1" 200 196868
216.245.221.92 - - [08/Jun/2023:11:09:51 -0500] "HEAD / HTTP/1.1" 200 -
186.80.52.42 - - [08/Jun/2023:11:09:51 -0500] "GET /sipse/faces/javax.faces.resource/dynamiccontent.properties?ln=primefaces&pfdrid=XjOR5%2F%2FfPAZAuY9TpWQeCiM0BhlXxYRBGKi%2FQcXXfeA%3D&pfdrid_c=false HTTP/1.1" 500 383
172.22.2.4 - - [08/Jun/2023:11:09:55 -0500] "GET /BLA/boletinlegal/consulta_actos.php?tipo=autos&no=4799&usuario=&sector=&fecha=2018&resuelve= HTTP/1.1" 200 626
172.22.2.4 - - [08/Jun/2023:11:09:57 -0500] "GET /BLA/boletinlegal/consulta_actos.php?tipo=autos&no=0981&usuario=&sector=&fecha=2023&resuelve= HTTP/1.1" 200 1114
172.22.2.4 - - [08/Jun/2023:11:10:05 -0500] "GET /BLA/boletinlegal/consulta_actos.php?tipo=autos&no=4800&usuario=&sector=&fecha=2018&resuelve= HTTP/1.1" 200 626
172.22.2.4 - - [08/Jun/2023:11:10:10 -0500] "GET /BLA/boletinlegal/consulta_actos.php?tipo=autos&no=4801&usuario=&sector=&fecha=2018&resuelve= HTTP/1.1" 200 626
172.22.2.4 - - [08/Jun/2023:11:10:13 -0500] "GET /BLA/boletinlegal/consulta_actos.php?tipo=autos&no=4802&usuario=&sector=&fecha=2018&resuelve= HTTP/1.1" 200 626
172.22.2.4 - - [08/Jun/2023:11:10:13 -0500] "GET /BLA/boletinlegal/consulta_actos.php?tipo=autos&no=0922&usuario=&sector=&fecha=2023&resuelve= HTTP/1.1" 200 1120
172.22.2.4 - - [08/Jun/2023:11:10:15 -0500] "GET /BLA/boletinlegal/consulta_actos.php?tipo=autos&no=4803&usuario=&sector=&fecha=2018&resuelve= HTTP/1.1" 200 626
172.22.2.4 - - [08/Jun/2023:11:10:17 -0500] "GET /BLA/boletinlegal/consulta_actos.php?tipo=autos&no=4804&usuario=&sector=&fecha=2018&resuelve= HTTP/1.1" 200 626
201.245.192.253 - - [08/Jun/2023:11:10:15 -0500] "POST /sipsepre/faces/presentacion/financiero/solicitudProceso/consultar.xhtml HTTP/1.1" 200 33676
201.245.192.253 - - [08/Jun/2023:11:10:18 -0500] "POST /sipsepre/faces/presentacion/financiero/solicitudProceso/consultar.xhtml HTTP/1.1" 200 33676
172.22.2.4 - - [08/Jun/2023:11:10:19 -0500] "GET /BLA/boletinlegal/consulta_actos.php?tipo=autos&no=4805&usuario=&sector=&fecha=2018&resuelve= HTTP/1.1" 200 1084
201.245.192.253 - - [08/Jun/2023:11:10:19 -0500] "POST /sipsepre/faces/presentacion/financiero/solicitudProceso/consultar.xhtml HTTP/1.1" 200 5534
201.245.192.253 - - [08/Jun/2023:11:10:22 -0500] "GET /BLA/resoluciones/AUTOS%202018/4805.pdf HTTP/1.1" 200 256928
186.80.52.42 - - [08/Jun/2023:11:10:22 -0500] "POST /sipse/faces/presentacion/financiero/solicitudProceso/consultarSolicitudProceso.xhtml HTTP/1.1" 200 23426
186.80.52.42 - - [08/Jun/2023:11:10:23 -0500] "GET /sipse/faces/javax.faces.resource/theme.css?ln=primefaces-sipse HTTP/1.1" 304 -
186.80.52.42 - - [08/Jun/2023:11:10:23 -0500] "GET /sipse/faces/javax.faces.resource/primefaces.css?ln=primefaces&v=4.0 HTTP/1.1" 304 -
186.80.52.42 - - [08/Jun/2023:11:10:23 -0500] "GET /sipse/faces/javax.faces.resource/layout/layout.css?ln=primefaces&v=4.0 HTTP/1.1" 304 -
186.80.52.42 - - [08/Jun/2023:11:10:23 -0500] "GET /sipse/faces/javax.faces.resource/jquery/jquery.js?ln=primefaces&v=4.0 HTTP/1.1" 304 -
186.80.52.42 - - [08/Jun/2023:11:10:23 -0500] "GET /sipse/faces/javax.faces.resource/fileupload/fileupload.css?ln=primefaces&v=4.0 HTTP/1.1" 304 -
186.80.52.42 - - [08/Jun/2023:11:10:23 -0500] "GET /sipse/faces/javax.faces.resource/jquery/jquery-plugins.js?ln=primefaces&v=4.0 HTTP/1.1" 304 -
186.80.52.42 - - [08/Jun/2023:11:10:23 -0500] "GET /sipse/faces/javax.faces.resource/layout/layout.js?ln=primefaces&v=4.0 HTTP/1.1" 304 -
186.80.52.42 - - [08/Jun/2023:11:10:23 -0500] "GET /sipse/faces/javax.faces.resource/primefaces.js?ln=primefaces&v=4.0 HTTP/1.1" 304 -
186.80.52.42 - - [08/Jun/2023:11:10:23 -0500] "GET /sipse/faces/javax.faces.resource/fileupload/fileupload.js?ln=primefaces&v=4.0 HTTP/1.1" 304 -
172.22.2.4 - - [08/Jun/2023:11:10:31 -0500] "GET /BLA/boletinlegal/consulta_actos.php?tipo=autos&no=0934&usuario=&sector=&fecha=2023&resuelve= HTTP/1.1" 200 1129
186.80.52.42 - - [08/Jun/2023:11:10:34 -0500] "GET /sipse/faces/javax.faces.resource/theme.css?ln=primefaces-sipse HTTP/1.1" 304 -
186.80.52.42 - - [08/Jun/2023:11:10:34 -0500] "GET /sipse/faces/javax.faces.resource/primefaces.css?ln=primefaces&v=4.0 HTTP/1.1" 304 -
186.80.52.42 - - [08/Jun/2023:11:10:34 -0500] "GET /sipse/faces/javax.faces.resource/primefaces.js?ln=primefaces&v=4.0 HTTP/1.1" 304 -
186.80.52.42 - - [08/Jun/2023:11:10:34 -0500] "GET /sipse/faces/javax.faces.resource/layout/layout.css?ln=primefaces&v=4.0 HTTP/1.1" 304 -
186.80.52.42 - - [08/Jun/2023:11:10:34 -0500] "GET /sipse/faces/javax.faces.resource/jquery/jquery.js?ln=primefaces&v=4.0 HTTP/1.1" 304 -
186.80.52.42 - - [08/Jun/2023:11:10:34 -0500] "GET /sipse/faces/javax.faces.resource/jquery/jquery-plugins.js?ln=primefaces&v=4.0 HTTP/1.1" 304 -
186.80.52.42 - - [08/Jun/2023:11:10:34 -0500] "GET /sipse/faces/javax.faces.resource/layout/layout.js?ln=primefaces&v=4.0 HTTP/1.1" 304 -
186.80.52.42 - - [08/Jun/2023:11:10:33 -0500] "POST /sipse/faces/presentacion/sistema/anexos/cargarAnexoSolicitudProceso.xhtml HTTP/1.1" 200 198686
186.80.52.42 - - [08/Jun/2023:11:10:35 -0500] "GET /sipse/faces/javax.faces.resource/dynamiccontent.properties?ln=primefaces&pfdrid=XjOR5%2F%2FfPAZAuY9TpWQeCiM0BhlXxYRBGKi%2FQcXXfeA%3D&pfdrid_c=false HTTP/1.1" 500 383
201.245.192.253 - - [08/Jun/2023:11:10:36 -0500] "GET /sipsepre/faces/javax.faces.resource/images/ui-bg_flat_0_2d5972_40x100.png?ln=primefaces-aristo HTTP/1.1" 304 -
201.245.192.253 - - [08/Jun/2023:11:10:36 -0500] "POST /sipsepre/faces/presentacion/financiero/solicitudProceso/consultarHistorialSolProceso.xhtml HTTP/1.1" 200 911
201.245.192.253 - - [08/Jun/2023:11:10:38 -0500] "POST /sipsepre/faces/presentacion/financiero/solicitudProceso/consultarSolicitudProceso.xhtml HTTP/1.1" 200 43988
201.245.192.253 - - [08/Jun/2023:11:10:39 -0500] "GET /sipsepre/faces/javax.faces.resource/jquery/jquery.js?ln=primefaces&v=4.0 HTTP/1.1" 304 -
201.245.192.253 - - [08/Jun/2023:11:10:39 -0500] "GET /sipsepre/faces/javax.faces.resource/jquery/jquery-plugins.js?ln=primefaces&v=4.0 HTTP/1.1" 304 -
201.245.192.253 - - [08/Jun/2023:11:10:39 -0500] "GET /sipsepre/faces/javax.faces.resource/primefaces.js?ln=primefaces&v=4.0 HTTP/1.1" 304 -
201.245.192.253 - - [08/Jun/2023:11:10:39 -0500] "GET /sipsepre/faces/javax.faces.resource/layout/layout.js?ln=primefaces&v=4.0 HTTP/1.1" 304 -
201.245.192.253 - - [08/Jun/2023:11:10:39 -0500] "POST /sipsepre/faces/presentacion/financiero/solicitudProceso/consultar.xhtml HTTP/1.1" 200 37355
201.245.192.253 - - [08/Jun/2023:11:10:39 -0500] "POST /sipsepre/faces/presentacion/financiero/solicitudProceso/consultar.xhtml HTTP/1.1" 200 37355
172.22.2.4 - - [08/Jun/2023:11:10:39 -0500] "GET /BLA/boletinlegal/consulta_actos.php?tipo=autos&no=4806&usuario=&sector=&fecha=2018&resuelve= HTTP/1.1" 200 626
201.245.192.253 - - [08/Jun/2023:11:10:39 -0500] "POST /sipsepre/faces/presentacion/financiero/solicitudProceso/consultar.xhtml HTTP/1.1" 200 37355
201.245.192.253 - - [08/Jun/2023:11:10:40 -0500] "POST /sipsepre/faces/presentacion/financiero/solicitudProceso/consultar.xhtml HTTP/1.1" 200 37355
201.245.192.253 - - [08/Jun/2023:11:10:40 -0500] "POST /sipsepre/faces/presentacion/financiero/solicitudProceso/consultar.xhtml HTTP/1.1" 200 37355
201.245.192.253 - - [08/Jun/2023:11:10:40 -0500] "GET /sipsepre/faces/presentacion/financiero/solicitudProceso/faces/autenticacion HTTP/1.1" 302 -
201.245.192.253 - - [08/Jun/2023:11:10:40 -0500] "GET /sipsepre/faces/autenticacion.xhtml HTTP/1.1" 200 12213
201.245.192.253 - - [08/Jun/2023:11:10:40 -0500] "GET /sipsepre/faces/javax.faces.resource/theme.css?ln=primefaces-sipse HTTP/1.1" 304 -
201.245.192.253 - - [08/Jun/2023:11:10:40 -0500] "GET /sipsepre/faces/javax.faces.resource/primefaces.css?ln=primefaces&v=4.0 HTTP/1.1" 304 -
201.245.192.253 - - [08/Jun/2023:11:10:40 -0500] "GET /sipsepre/faces/javax.faces.resource/layout/layout.css?ln=primefaces&v=4.0 HTTP/1.1" 304 -
201.245.192.253 - - [08/Jun/2023:11:10:40 -0500] "GET /sipsepre/faces/javax.faces.resource/jquery/jquery.js?ln=primefaces&v=4.0 HTTP/1.1" 304 -
201.245.192.253 - - [08/Jun/2023:11:10:40 -0500] "GET /sipsepre/faces/javax.faces.resource/primefaces.js?ln=primefaces&v=4.0 HTTP/1.1" 304 -
201.245.192.253 - - [08/Jun/2023:11:10:40 -0500] "GET /sipsepre/faces/javax.faces.resource/layout/layout.js?ln=primefaces&v=4.0 HTTP/1.1" 304 -
201.245.192.253 - - [08/Jun/2023:11:10:40 -0500] "GET /sipsepre/faces/javax.faces.resource/jquery/jquery-plugins.js?ln=primefaces&v=4.0 HTTP/1.1" 304 -
201.245.192.253 - - [08/Jun/2023:11:10:40 -0500] "GET /sipsepre/faces/javax.faces.resource/images/ui-icons_898989_256x240.png?ln=primefaces-aristo HTTP/1.1" 304 -
201.245.192.253 - - [08/Jun/2023:11:10:40 -0500] "POST /sipsepre/faces/presentacion/financiero/solicitudProceso/consultar.xhtml HTTP/1.1" 200 37355
201.245.192.253 - - [08/Jun/2023:11:10:40 -0500] "POST /sipsepre/faces/presentacion/financiero/solicitudProceso/consultar.xhtml HTTP/1.1" 200 37355
201.245.192.253 - - [08/Jun/2023:11:10:42 -0500] "POST /sipsepre/faces/presentacion/financiero/solicitudProceso/consultar.xhtml HTTP/1.1" 200 23085
172.22.2.4 - - [08/Jun/2023:11:10:43 -0500] "GET /BLA/boletinlegal/consulta_actos.php?tipo=autos&no=4807&usuario=&sector=&fecha=2018&resuelve= HTTP/1.1" 200 626
201.245.192.253 - - [08/Jun/2023:11:10:44 -0500] "POST /sipsepre/faces/autenticacion.xhtml HTTP/1.1" 200 19473
201.245.192.253 - - [08/Jun/2023:11:10:44 -0500] "GET /sipsepre/faces/javax.faces.resource/jquery/jquery.js?ln=primefaces&v=4.0 HTTP/1.1" 304 -
201.245.192.253 - - [08/Jun/2023:11:10:44 -0500] "GET /sipsepre/faces/javax.faces.resource/jquery/jquery-plugins.js?ln=primefaces&v=4.0 HTTP/1.1" 304 -
201.245.192.253 - - [08/Jun/2023:11:10:44 -0500] "GET /sipsepre/faces/javax.faces.resource/primefaces.js?ln=primefaces&v=4.0 HTTP/1.1" 304 -
201.245.192.253 - - [08/Jun/2023:11:10:45 -0500] "GET /sipsepre/faces/javax.faces.resource/layout/layout.js?ln=primefaces&v=4.0 HTTP/1.1" 304 -
201.245.192.253 - - [08/Jun/2023:11:10:45 -0500] "GET /sipsepre/faces/javax.faces.resource/messages/messages.png?ln=primefaces&v=4.0 HTTP/1.1" 304 -
172.22.2.4 - - [08/Jun/2023:11:10:45 -0500] "GET /BLA/boletinlegal/consulta_actos.php?tipo=autos&no=4808&usuario=&sector=&fecha=2018&resuelve= HTTP/1.1" 200 626
201.245.192.253 - - [08/Jun/2023:11:10:47 -0500] "GET /sipsepre/faces/javax.faces.resource/images/ui-bg_flat_0_2d5972_40x100.png?ln=primefaces-aristo HTTP/1.1" 304 -
201.245.192.253 - - [08/Jun/2023:11:10:47 -0500] "POST /sipsepre/faces/bienvenido.xhtml HTTP/1.1" 200 3182
172.22.2.4 - - [08/Jun/2023:11:10:47 -0500] "GET /BLA/boletinlegal/consulta_actos.php?tipo=autos&no=4809&usuario=&sector=&fecha=2018&resuelve= HTTP/1.1" 200 626
201.245.192.253 - - [08/Jun/2023:11:10:48 -0500] "GET /galeria/galeria/jquery.fancybox.css?v=2.1.5 HTTP/1.1" 200 4895
201.245.192.253 - - [08/Jun/2023:11:10:48 -0500] "GET /BLA/boletinlegal/js/jquery.scrollShow.js HTTP/1.1" 200 4586
201.245.192.253 - - [08/Jun/2023:11:10:48 -0500] "GET /galeria/galeria/jquery.fancybox.js?v=2.1.5 HTTP/1.1" 200 48706
201.245.192.253 - - [08/Jun/2023:11:10:48 -0500] "POST /sipsepre/faces/bienvenido.xhtml HTTP/1.1" 200 3270
186.80.52.42 - - [08/Jun/2023:11:10:49 -0500] "POST /sipse/faces/presentacion/financiero/solicitudProceso/consultarSolicitudProceso.xhtml HTTP/1.1" 200 66799
186.80.52.42 - - [08/Jun/2023:11:10:49 -0500] "GET /sipse/faces/javax.faces.resource/theme.css?ln=primefaces-sipse HTTP/1.1" 304 -
186.80.52.42 - - [08/Jun/2023:11:10:49 -0500] "GET /sipse/faces/javax.faces.resource/primefaces.css?ln=primefaces&v=4.0 HTTP/1.1" 304 -
186.80.52.42 - - [08/Jun/2023:11:10:49 -0500] "GET /sipse/faces/javax.faces.resource/layout/layout.css?ln=primefaces&v=4.0 HTTP/1.1" 304 -
201.245.192.253 - - [08/Jun/2023:11:10:49 -0500] "POST /sipsepre/faces/bienvenido.xhtml HTTP/1.1" 200 36104
186.80.52.42 - - [08/Jun/2023:11:10:50 -0500] "GET /sipse/faces/javax.faces.resource/jquery/jquery.js?ln=primefaces&v=4.0 HTTP/1.1" 304 -
201.245.192.253 - - [08/Jun/2023:11:10:50 -0500] "GET /sipsepre/faces/javax.faces.resource/jquery/jquery.js?ln=primefaces&v=4.0 HTTP/1.1" 304 -
201.245.192.253 - - [08/Jun/2023:11:10:50 -0500] "GET /sipsepre/faces/javax.faces.resource/jquery/jquery-plugins.js?ln=primefaces&v=4.0 HTTP/1.1" 304 -
201.245.192.253 - - [08/Jun/2023:11:10:50 -0500] "GET /sipsepre/faces/javax.faces.resource/primefaces.js?ln=primefaces&v=4.0 HTTP/1.1" 304 -
186.80.52.42 - - [08/Jun/2023:11:10:50 -0500] "GET /sipse/faces/javax.faces.resource/jquery/jquery-plugins.js?ln=primefaces&v=4.0 HTTP/1.1" 304 -
201.245.192.253 - - [08/Jun/2023:11:10:50 -0500] "GET /sipsepre/faces/javax.faces.resource/layout/layout.js?ln=primefaces&v=4.0 HTTP/1.1" 304 -
186.80.52.42 - - [08/Jun/2023:11:10:50 -0500] "GET /sipse/faces/javax.faces.resource/primefaces.js?ln=primefaces&v=4.0 HTTP/1.1" 304 -
186.80.52.42 - - [08/Jun/2023:11:10:50 -0500] "GET /sipse/faces/javax.faces.resource/layout/layout.js?ln=primefaces&v=4.0 HTTP/1.1" 304 -
201.245.192.253 - - [08/Jun/2023:11:10:50 -0500] "POST /sipsepre/faces/presentacion/financiero/solicitudProceso/listarSolicitudProceso.xhtml HTTP/1.1" 200 1396
192.168.169.34 - - [08/Jun/2023:11:10:50 -0500] "GET /BLA/boletinlegal/actos.php HTTP/1.1" 200 9682
172.22.2.4 - - [08/Jun/2023:11:10:51 -0500] "GET /BLA/boletinlegal/consulta_actos.php?tipo=autos&no=4810&usuario=&sector=&fecha=2018&resuelve= HTTP/1.1" 200 626
201.245.192.253 - - [08/Jun/2023:11:10:43 -0500] "POST /sipsepre/faces/presentacion/financiero/solicitudProceso/consultar.xhtml HTTP/1.1" 200 42201
186.80.52.42 - - [08/Jun/2023:11:10:51 -0500] "POST /sipse/faces/presentacion/financiero/solicitudProceso/listarSolicitudProceso.xhtml HTTP/1.1" 200 1556
172.22.2.4 - - [08/Jun/2023:11:10:53 -0500] "GET /BLA/boletinlegal/consulta_actos.php?tipo=autos&no=4810&usuario=&sector=&fecha=2018&resuelve= HTTP/1.1" 200 626
172.22.2.4 - - [08/Jun/2023:11:10:54 -0500] "GET /BLA/boletinlegal/consulta_actos.php?tipo=autos&no=4810&usuario=&sector=&fecha=2018&resuelve= HTTP/1.1" 200 626
172.22.2.4 - - [08/Jun/2023:11:10:54 -0500] "GET /BLA/boletinlegal/consulta_actos.php?tipo=autos&no=4810&usuario=&sector=&fecha=2018&resuelve= HTTP/1.1" 200 626
201.245.192.253 - - [08/Jun/2023:11:10:55 -0500] "POST /sipsepre/faces/presentacion/financiero/solicitudProceso/listarSolicitudProceso.xhtml HTTP/1.1" 200 131368
186.80.52.42 - - [08/Jun/2023:11:10:56 -0500] "POST /sipse/faces/presentacion/financiero/solicitudProceso/listarSolicitudProceso.xhtml HTTP/1.1" 200 4791
201.245.192.253 - - [08/Jun/2023:11:10:56 -0500] "GET /sipsepre/faces/javax.faces.resource/jquery/jquery.js?ln=primefaces&v=4.0 HTTP/1.1" 304 -
201.245.192.253 - - [08/Jun/2023:11:10:56 -0500] "GET /sipsepre/faces/javax.faces.resource/jquery/jquery-plugins.js?ln=primefaces&v=4.0 HTTP/1.1" 304 -
201.245.192.253 - - [08/Jun/2023:11:10:56 -0500] "GET /sipsepre/faces/javax.faces.resource/primefaces.js?ln=primefaces&v=4.0 HTTP/1.1" 304 -
201.245.192.253 - - [08/Jun/2023:11:10:56 -0500] "GET /sipsepre/faces/javax.faces.resource/layout/layout.js?ln=primefaces&v=4.0 HTTP/1.1" 304 -
192.168.169.34 - - [08/Jun/2023:11:10:57 -0500] "GET /BLA/boletinlegal/consulta_actos.php?tipo=autos&no=1587&usuario=&sector=&fecha=2023&resuelve= HTTP/1.1" 200 626
201.245.192.253 - - [08/Jun/2023:11:11:04 -0500] "POST /sipsepre/faces/presentacion/financiero/solicitudProceso/consultarSolicitudProceso.xhtml HTTP/1.1" 200 5490
192.168.169.34 - - [08/Jun/2023:11:11:04 -0500] "GET /BLA/boletinlegal/consulta_actos.php?tipo=autos&no=1681&usuario=&sector=&fecha=2023&resuelve= HTTP/1.1" 200 626
192.168.169.34 - - [08/Jun/2023:11:11:04 -0500] "GET /BLA/boletinlegal/consulta_actos.php?tipo=autos&no=1681&usuario=&sector=&fecha=2023&resuelve= HTTP/1.1" 200 626
186.80.52.42 - - [08/Jun/2023:11:11:06 -0500] "POST /sipse/faces/presentacion/financiero/solicitudProceso/listarSolicitudProceso.xhtml HTTP/1.1" 200 32168
172.22.2.4 - - [08/Jun/2023:11:11:07 -0500] "GET /BLA/boletinlegal/consulta_actos.php?tipo=autos&no=4811&usuario=&sector=&fecha=2018&resuelve= HTTP/1.1" 200 626
192.168.169.34 - - [08/Jun/2023:11:10:49 -0500] "GET /BLA/boletinlegal/index.php HTTP/1.1" 200 16331
192.168.169.34 - - [08/Jun/2023:11:10:50 -0500] "GET /BLA/boletinlegal/index.php HTTP/1.1" 200 16331
172.22.2.4 - - [08/Jun/2023:11:11:09 -0500] "GET /BLA/boletinlegal/consulta_actos.php?tipo=autos&no=4812&usuario=&sector=&fecha=2018&resuelve= HTTP/1.1" 200 1090
172.22.2.4 - - [08/Jun/2023:11:11:12 -0500] "GET /BLA/boletinlegal/consulta_actos.php?tipo=resoluciones&no=1456&usuario=&sector=&fecha=2018&resuelve= HTTP/1.1" 200 1115
172.22.2.4 - - [08/Jun/2023:11:11:12 -0500] "GET /BLA/boletinlegal/consulta_actos.php?tipo=resoluciones&no=1456&usuario=&sector=&fecha=2018&resuelve= HTTP/1.1" 200 1115
201.245.192.253 - - [08/Jun/2023:11:11:13 -0500] "GET /BLA/resoluciones/AUTOS%202018/4812.pdf HTTP/1.1" 200 225054
191.156.180.159 - - [08/Jun/2023:11:11:15 -0500] "GET /BLA/resoluciones/RESOLUCIONES%202018/1456.pdf HTTP/1.1" 200 803986
186.80.52.42 - - [08/Jun/2023:11:11:14 -0500] "POST /sipse/faces/presentacion/financiero/solicitudProceso/listarSolicitudProceso.xhtml HTTP/1.1" 200 149296
186.80.52.42 - - [08/Jun/2023:11:11:18 -0500] "GET /sipse/faces/javax.faces.resource/theme.css?ln=primefaces-sipse HTTP/1.1" 304 -
186.80.52.42 - - [08/Jun/2023:11:11:18 -0500] "GET /sipse/faces/javax.faces.resource/primefaces.css?ln=primefaces&v=4.0 HTTP/1.1" 304 -
186.80.52.42 - - [08/Jun/2023:11:11:18 -0500] "GET /sipse/faces/javax.faces.resource/layout/layout.css?ln=primefaces&v=4.0 HTTP/1.1" 304 -
186.80.52.42 - - [08/Jun/2023:11:11:18 -0500] "GET /sipse/faces/javax.faces.resource/jquery/jquery.js?ln=primefaces&v=4.0 HTTP/1.1" 304 -
201.245.192.253 - - [08/Jun/2023:11:11:15 -0500] "POST /sipsepre/faces/presentacion/financiero/solicitudProceso/consultar.xhtml HTTP/1.1" 200 128023
186.80.52.42 - - [08/Jun/2023:11:11:18 -0500] "GET /sipse/faces/javax.faces.resource/jquery/jquery-plugins.js?ln=primefaces&v=4.0 HTTP/1.1" 304 -
201.245.192.253 - - [08/Jun/2023:11:11:18 -0500] "GET /sipsepre/faces/javax.faces.resource/jquery/jquery.js?ln=primefaces&v=4.0 HTTP/1.1" 304 -
201.245.192.253 - - [08/Jun/2023:11:11:18 -0500] "GET /sipsepre/faces/javax.faces.resource/jquery/jquery-plugins.js?ln=primefaces&v=4.0 HTTP/1.1" 304 -
186.80.52.42 - - [08/Jun/2023:11:11:18 -0500] "GET /sipse/faces/javax.faces.resource/primefaces.js?ln=primefaces&v=4.0 HTTP/1.1" 304 -
201.245.192.253 - - [08/Jun/2023:11:11:18 -0500] "GET /sipsepre/faces/javax.faces.resource/primefaces.js?ln=primefaces&v=4.0 HTTP/1.1" 304 -
186.80.52.42 - - [08/Jun/2023:11:11:18 -0500] "GET /sipse/faces/javax.faces.resource/layout/layout.js?ln=primefaces&v=4.0 HTTP/1.1" 304 -
201.245.192.253 - - [08/Jun/2023:11:11:18 -0500] "GET /sipsepre/faces/javax.faces.resource/layout/layout.js?ln=primefaces&v=4.0 HTTP/1.1" 304 -
186.80.52.42 - - [08/Jun/2023:11:11:19 -0500] "GET /sipse/faces/javax.faces.resource/dynamiccontent.properties?ln=primefaces&pfdrid=XjOR5%2F%2FfPAZAuY9TpWQeCiM0BhlXxYRBGKi%2FQcXXfeA%3D&pfdrid_c=false HTTP/1.1" 500 383
201.245.192.253 - - [08/Jun/2023:11:11:04 -0500] "GET /reportes_sipsepre/sdg/ServletReporte?reporte=memo_viabilidad&solicitud=19320&viabilidad=16995&pfdrid_c=false HTTP/1.1" 200 26779
191.95.60.140 - - [08/Jun/2023:11:11:21 -0500] "POST /sipse/faces/presentacion/financiero/solicitudProceso/listarSolicitudProceso.xhtml HTTP/1.1" 200 56545
191.95.60.140 - - [08/Jun/2023:11:11:22 -0500] "POST /sipse/faces/presentacion/financiero/solicitudProceso/listarSolicitudProceso.xhtml HTTP/1.1" 200 56545
191.95.60.140 - - [08/Jun/2023:11:11:23 -0500] "POST /sipse/faces/presentacion/financiero/solicitudProceso/listarSolicitudProceso.xhtml HTTP/1.1" 200 1556
191.95.60.140 - - [08/Jun/2023:11:11:23 -0500] "POST /sipse/faces/presentacion/financiero/solicitudProceso/listarSolicitudProceso.xhtml HTTP/1.1" 200 1556
172.22.2.4 - - [08/Jun/2023:11:11:24 -0500] "GET /BLA/boletinlegal/consulta_actos.php?tipo=autos&no=4813&usuario=&sector=&fecha=2018&resuelve= HTTP/1.1" 200 1088
191.95.60.140 - - [08/Jun/2023:11:11:24 -0500] "POST /sipse/faces/presentacion/financiero/solicitudProceso/listarSolicitudProceso.xhtml HTTP/1.1" 200 4627
186.80.52.42 - - [08/Jun/2023:11:11:24 -0500] "POST /sipse/faces/presentacion/financiero/solicitudProceso/consultarSolicitudProceso.xhtml HTTP/1.1" 200 911
201.245.192.253 - - [08/Jun/2023:11:11:27 -0500] "GET /BLA/resoluciones/AUTOS%202018/4813.pdf HTTP/1.1" 200 244641
191.95.60.140 - - [08/Jun/2023:11:11:27 -0500] "POST /sipse/faces/presentacion/financiero/solicitudProceso/listarSolicitudProceso.xhtml HTTP/1.1" 200 31578
186.80.52.42 - - [08/Jun/2023:11:11:28 -0500] "GET /sipse/faces/presentacion/sistema/anexos/faces/autenticacion HTTP/1.1" 302 -
186.80.52.42 - - [08/Jun/2023:11:11:28 -0500] "GET /sipse/faces/autenticacion.xhtml HTTP/1.1" 200 12177
186.80.52.42 - - [08/Jun/2023:11:11:28 -0500] "GET /sipse/faces/javax.faces.resource/theme.css?ln=primefaces-sipse HTTP/1.1" 304 -
186.80.52.42 - - [08/Jun/2023:11:11:28 -0500] "GET /sipse/faces/javax.faces.resource/primefaces.css?ln=primefaces&v=4.0 HTTP/1.1" 304 -
186.80.52.42 - - [08/Jun/2023:11:11:28 -0500] "GET /sipse/faces/javax.faces.resource/layout/layout.css?ln=primefaces&v=4.0 HTTP/1.1" 304 -
186.80.52.42 - - [08/Jun/2023:11:11:28 -0500] "GET /sipse/faces/javax.faces.resource/primefaces.js?ln=primefaces&v=4.0 HTTP/1.1" 304 -
186.80.52.42 - - [08/Jun/2023:11:11:28 -0500] "GET /sipse/faces/javax.faces.resource/jquery/jquery-plugins.js?ln=primefaces&v=4.0 HTTP/1.1" 304 -
186.80.52.42 - - [08/Jun/2023:11:11:28 -0500] "GET /sipse/faces/javax.faces.resource/jquery/jquery.js?ln=primefaces&v=4.0 HTTP/1.1" 304 -
186.80.52.42 - - [08/Jun/2023:11:11:28 -0500] "GET /sipse/faces/javax.faces.resource/layout/layout.js?ln=primefaces&v=4.0 HTTP/1.1" 304 -
191.95.60.140 - - [08/Jun/2023:11:11:33 -0500] "POST /sipse/faces/presentacion/financiero/solicitudProceso/listarSolicitudProceso.xhtml HTTP/1.1" 200 151333
191.95.60.140 - - [08/Jun/2023:11:11:37 -0500] "GET /sipse/faces/javax.faces.resource/theme.css?ln=primefaces-sipse HTTP/1.1" 304 -
191.95.60.140 - - [08/Jun/2023:11:11:37 -0500] "GET /sipse/js/disable_browser_buttons.js HTTP/1.1" 304 -
191.95.60.140 - - [08/Jun/2023:11:11:37 -0500] "GET /sipse/css/custom_css_sg_prime.css HTTP/1.1" 304 -
191.95.60.140 - - [08/Jun/2023:11:11:37 -0500] "GET /sipse/css/custom_css_sg.css HTTP/1.1" 304 -
191.95.60.140 - - [08/Jun/2023:11:11:37 -0500] "GET /sipse/faces/javax.faces.resource/primefaces.css?ln=primefaces&v=4.0 HTTP/1.1" 304 -
191.95.60.140 - - [08/Jun/2023:11:11:37 -0500] "GET /sipse/faces/javax.faces.resource/layout/layout.css?ln=primefaces&v=4.0 HTTP/1.1" 304 -
191.95.60.140 - - [08/Jun/2023:11:11:37 -0500] "GET /sipse/js/jquery.min.js HTTP/1.1" 304 -
191.95.60.140 - - [08/Jun/2023:11:11:37 -0500] "GET /sipse/js/funciones.js HTTP/1.1" 304 -
191.95.60.140 - - [08/Jun/2023:11:11:37 -0500] "GET /sipse/faces/javax.faces.resource/jquery/jquery.js?ln=primefaces&v=4.0 HTTP/1.1" 304 -
191.95.60.140 - - [08/Jun/2023:11:11:37 -0500] "GET /sipse/faces/javax.faces.resource/jquery/jquery-plugins.js?ln=primefaces&v=4.0 HTTP/1.1" 304 -
191.95.60.140 - - [08/Jun/2023:11:11:37 -0500] "GET /sipse/faces/javax.faces.resource/primefaces.js?ln=primefaces&v=4.0 HTTP/1.1" 304 -
191.95.60.140 - - [08/Jun/2023:11:11:37 -0500] "GET /sipse/faces/javax.faces.resource/layout/layout.js?ln=primefaces&v=4.0 HTTP/1.1" 304 -
191.95.60.140 - - [08/Jun/2023:11:11:38 -0500] "GET /sipse/css/imagen/logoSDG.png HTTP/1.1" 304 -
191.95.60.140 - - [08/Jun/2023:11:11:38 -0500] "GET /sipse/faces/javax.faces.resource/dynamiccontent.properties?ln=primefaces&pfdrid=XjOR5%2F%2FfPAZAuY9TpWQeCiM0BhlXxYRBGKi%2FQcXXfeA%3D&pfdrid_c=false HTTP/1.1" 500 383
172.22.2.1 - - [08/Jun/2023:11:11:11 -0500] "GET /reportes_sipsepre/sdg/ServletViabilidad?reporte=memo_viabilidad&solicitud=19320 HTTP/1.1" 200 1538
172.22.2.4 - - [08/Jun/2023:11:11:38 -0500] "GET /BLA/boletinlegal/consulta_actos.php?tipo=autos&no=4814&usuario=&sector=&fecha=2018&resuelve= HTTP/1.1" 200 626
201.245.192.253 - - [08/Jun/2023:11:11:24 -0500] "POST /sipsepre/faces/presentacion/financiero/solicitudProceso/consultarSolicitudProceso.xhtml HTTP/1.1" 200 73204
201.245.192.253 - - [08/Jun/2023:11:11:39 -0500] "GET /sipsepre/faces/javax.faces.resource/theme.css?ln=primefaces-sipse HTTP/1.1" 304 -
201.245.192.253 - - [08/Jun/2023:11:11:39 -0500] "GET /sipsepre/faces/javax.faces.resource/layout/layout.css?ln=primefaces&v=4.0 HTTP/1.1" 304 -
201.245.192.253 - - [08/Jun/2023:11:11:39 -0500] "GET /sipsepre/faces/javax.faces.resource/primefaces.css?ln=primefaces&v=4.0 HTTP/1.1" 304 -
201.245.192.253 - - [08/Jun/2023:11:11:39 -0500] "GET /sipsepre/faces/javax.faces.resource/jquery/jquery.js?ln=primefaces&v=4.0 HTTP/1.1" 304 -
201.245.192.253 - - [08/Jun/2023:11:11:39 -0500] "GET /sipsepre/faces/javax.faces.resource/primefaces.js?ln=primefaces&v=4.0 HTTP/1.1" 304 -
201.245.192.253 - - [08/Jun/2023:11:11:10 -0500] "POST /sipsepre/faces/presentacion/financiero/solicitudProceso/consultarSolicitudProceso.xhtml HTTP/1.1" 200 36929
201.245.192.253 - - [08/Jun/2023:11:11:39 -0500] "GET /sipsepre/faces/javax.faces.resource/jquery/jquery-plugins.js?ln=primefaces&v=4.0 HTTP/1.1" 304 -
201.245.192.253 - - [08/Jun/2023:11:11:39 -0500] "GET /sipsepre/faces/javax.faces.resource/layout/layout.js?ln=primefaces&v=4.0 HTTP/1.1" 304 -
201.245.192.253 - - [08/Jun/2023:11:11:39 -0500] "GET /sipsepre/faces/javax.faces.resource/jquery/jquery.js?ln=primefaces&v=4.0 HTTP/1.1" 304 -
201.245.192.253 - - [08/Jun/2023:11:11:39 -0500] "GET /sipsepre/faces/javax.faces.resource/jquery/jquery-plugins.js?ln=primefaces&v=4.0 HTTP/1.1" 304 -
201.245.192.253 - - [08/Jun/2023:11:11:39 -0500] "GET /sipsepre/faces/javax.faces.resource/messages/messages.png?ln=primefaces&v=4.0 HTTP/1.1" 304 -
201.245.192.253 - - [08/Jun/2023:11:11:39 -0500] "GET /sipsepre/faces/javax.faces.resource/images/ui-icons_898989_256x240.png?ln=primefaces-aristo HTTP/1.1" 304 -
201.245.192.253 - - [08/Jun/2023:11:11:39 -0500] "GET /sipsepre/faces/javax.faces.resource/primefaces.js?ln=primefaces&v=4.0 HTTP/1.1" 304 -
201.245.192.253 - - [08/Jun/2023:11:11:39 -0500] "GET /sipsepre/faces/javax.faces.resource/images/ui-bg_flat_0_2d5972_40x100.png?ln=primefaces-aristo HTTP/1.1" 304 -
201.245.192.253 - - [08/Jun/2023:11:11:39 -0500] "GET /sipsepre/faces/javax.faces.resource/layout/layout.js?ln=primefaces&v=4.0 HTTP/1.1" 304 -
201.245.192.253 - - [08/Jun/2023:11:11:39 -0500] "POST /sipsepre/faces/presentacion/financiero/solicitudProceso/listarSolicitudProceso.xhtml HTTP/1.1" 200 1376
201.245.192.253 - - [08/Jun/2023:11:11:39 -0500] "POST /sipsepre/faces/presentacion/financiero/solicitudProceso/listarSolicitudProceso.xhtml HTTP/1.1" 200 1376
186.80.52.42 - - [08/Jun/2023:11:11:39 -0500] "POST /sipse/faces/autenticacion.xhtml HTTP/1.1" 200 2224
201.245.192.253 - - [08/Jun/2023:11:11:39 -0500] "POST /sipsepre/faces/presentacion/financiero/solicitudProceso/consultar.xhtml HTTP/1.1" 200 66571
201.245.192.253 - - [08/Jun/2023:11:11:39 -0500] "POST /sipsepre/faces/presentacion/financiero/solicitudProceso/consultar.xhtml HTTP/1.1" 200 66571
201.245.192.253 - - [08/Jun/2023:11:11:40 -0500] "POST /sipsepre/faces/presentacion/financiero/solicitudProceso/consultar.xhtml HTTP/1.1" 200 66571
201.245.192.253 - - [08/Jun/2023:11:11:19 -0500] "GET /reportes_sipsepre/sdg/ServletReporte?reporte=memo_viabilidad&solicitud=19320&viabilidad=16995&pfdrid_c=false HTTP/1.1" 200 26862
201.245.192.253 - - [08/Jun/2023:11:11:40 -0500] "POST /sipsepre/faces/presentacion/financiero/solicitudProceso/consultar.xhtml HTTP/1.1" 200 66571
186.80.52.42 - - [08/Jun/2023:11:11:40 -0500] "POST /sipse/faces/autenticacion.xhtml HTTP/1.1" 200 18952
201.245.192.253 - - [08/Jun/2023:11:11:40 -0500] "POST /sipsepre/faces/presentacion/financiero/solicitudProceso/consultar.xhtml HTTP/1.1" 200 66571
186.80.52.42 - - [08/Jun/2023:11:11:41 -0500] "GET /sipse/faces/javax.faces.resource/theme.css?ln=primefaces-sipse HTTP/1.1" 304 -
186.80.52.42 - - [08/Jun/2023:11:11:41 -0500] "GET /sipse/faces/javax.faces.resource/primefaces.css?ln=primefaces&v=4.0 HTTP/1.1" 304 -
186.80.52.42 - - [08/Jun/2023:11:11:41 -0500] "GET /sipse/faces/javax.faces.resource/layout/layout.css?ln=primefaces&v=4.0 HTTP/1.1" 304 -
186.80.52.42 - - [08/Jun/2023:11:11:41 -0500] "GET /sipse/faces/javax.faces.resource/jquery/jquery.js?ln=primefaces&v=4.0 HTTP/1.1" 304 -
186.80.52.42 - - [08/Jun/2023:11:11:41 -0500] "GET /sipse/faces/javax.faces.resource/jquery/jquery-plugins.js?ln=primefaces&v=4.0 HTTP/1.1" 304 -
186.80.52.42 - - [08/Jun/2023:11:11:41 -0500] "GET /sipse/faces/javax.faces.resource/primefaces.js?ln=primefaces&v=4.0 HTTP/1.1" 304 -
186.80.52.42 - - [08/Jun/2023:11:11:41 -0500] "GET /sipse/faces/javax.faces.resource/layout/layout.js?ln=primefaces&v=4.0 HTTP/1.1" 304 -
201.245.192.253 - - [08/Jun/2023:11:11:41 -0500] "POST /sipsepre/faces/presentacion/financiero/solicitudProceso/consultar.xhtml HTTP/1.1" 200 66571
201.245.192.253 - - [08/Jun/2023:11:11:41 -0500] "POST /sipsepre/faces/presentacion/financiero/solicitudProceso/consultar.xhtml HTTP/1.1" 200 66571
172.22.2.4 - - [08/Jun/2023:11:11:41 -0500] "GET /BLA/boletinlegal/consulta_actos.php?tipo=autos&no=4815&usuario=&sector=&fecha=2018&resuelve= HTTP/1.1" 200 626
201.245.192.253 - - [08/Jun/2023:11:11:41 -0500] "POST /sipsepre/faces/presentacion/financiero/solicitudProceso/consultar.xhtml HTTP/1.1" 200 66571
201.245.192.253 - - [08/Jun/2023:11:11:42 -0500] "POST /sipsepre/faces/presentacion/financiero/solicitudProceso/consultar.xhtml HTTP/1.1" 200 66571
191.95.60.140 - - [08/Jun/2023:11:11:41 -0500] "POST /sipse/faces/presentacion/financiero/solicitudProceso/consultarSolicitudProceso.xhtml HTTP/1.1" 200 45510
191.95.60.140 - - [08/Jun/2023:11:11:42 -0500] "GET /sipse/faces/javax.faces.resource/theme.css?ln=primefaces-sipse HTTP/1.1" 304 -
191.95.60.140 - - [08/Jun/2023:11:11:42 -0500] "GET /sipse/faces/javax.faces.resource/layout/layout.css?ln=primefaces&v=4.0 HTTP/1.1" 304 -
191.95.60.140 - - [08/Jun/2023:11:11:42 -0500] "GET /sipse/faces/javax.faces.resource/jquery/jquery.js?ln=primefaces&v=4.0 HTTP/1.1" 304 -
191.95.60.140 - - [08/Jun/2023:11:11:42 -0500] "GET /sipse/faces/javax.faces.resource/primefaces.css?ln=primefaces&v=4.0 HTTP/1.1" 304 -
191.95.60.140 - - [08/Jun/2023:11:11:42 -0500] "GET /sipse/faces/javax.faces.resource/jquery/jquery-plugins.js?ln=primefaces&v=4.0 HTTP/1.1" 304 -
191.95.60.140 - - [08/Jun/2023:11:11:42 -0500] "GET /sipse/faces/javax.faces.resource/primefaces.js?ln=primefaces&v=4.0 HTTP/1.1" 304 -
191.95.60.140 - - [08/Jun/2023:11:11:42 -0500] "GET /sipse/faces/javax.faces.resource/layout/layout.js?ln=primefaces&v=4.0 HTTP/1.1" 304 -
191.95.60.140 - - [08/Jun/2023:11:11:42 -0500] "GET /sipse/imagenes/cargando.gif HTTP/1.1" 304 -
191.95.60.140 - - [08/Jun/2023:11:11:42 -0500] "GET /sipse/css/imagen/contrasena.png HTTP/1.1" 404 383
186.80.52.42 - - [08/Jun/2023:11:11:45 -0500] "POST /sipse/faces/bienvenido.xhtml HTTP/1.1" 200 3182
186.80.52.42 - - [08/Jun/2023:11:11:47 -0500] "POST /sipse/faces/bienvenido.xhtml HTTP/1.1" 200 3262
172.22.2.4 - - [08/Jun/2023:11:11:48 -0500] "GET /BLA/boletinlegal/consulta_actos.php?tipo=autos&no=4816&usuario=&sector=&fecha=2018&resuelve= HTTP/1.1" 200 626
186.80.52.42 - - [08/Jun/2023:11:11:48 -0500] "POST /sipse/faces/bienvenido.xhtml HTTP/1.1" 200 64478
186.80.52.42 - - [08/Jun/2023:11:11:49 -0500] "GET /sipse/faces/javax.faces.resource/theme.css?ln=primefaces-sipse HTTP/1.1" 304 -
186.80.52.42 - - [08/Jun/2023:11:11:49 -0500] "GET /sipse/faces/javax.faces.resource/primefaces.css?ln=primefaces&v=4.0 HTTP/1.1" 304 -
186.80.52.42 - - [08/Jun/2023:11:11:49 -0500] "GET /sipse/faces/javax.faces.resource/layout/layout.css?ln=primefaces&v=4.0 HTTP/1.1" 304 -
186.80.52.42 - - [08/Jun/2023:11:11:49 -0500] "GET /sipse/faces/javax.faces.resource/jquery/jquery.js?ln=primefaces&v=4.0 HTTP/1.1" 304 -
186.80.52.42 - - [08/Jun/2023:11:11:50 -0500] "GET /sipse/faces/javax.faces.resource/jquery/jquery-plugins.js?ln=primefaces&v=4.0 HTTP/1.1" 304 -
172.22.2.4 - - [08/Jun/2023:11:11:49 -0500] "GET /BLA/boletinlegal/consulta_actos.php?tipo=autos&no=4816&usuario=&sector=&fecha=2018&resuelve= HTTP/1.1" 200 626
186.80.52.42 - - [08/Jun/2023:11:11:50 -0500] "GET /sipse/faces/javax.faces.resource/primefaces.js?ln=primefaces&v=4.0 HTTP/1.1" 304 -
186.80.52.42 - - [08/Jun/2023:11:11:50 -0500] "GET /sipse/faces/javax.faces.resource/layout/layout.js?ln=primefaces&v=4.0 HTTP/1.1" 304 -
201.245.192.253 - - [08/Jun/2023:11:11:50 -0500] "GET /mesa/contrasena.pdf HTTP/1.1" 200 443199
186.80.52.42 - - [08/Jun/2023:11:11:50 -0500] "POST /sipse/faces/presentacion/financiero/solicitudProceso/listarSolicitudProceso.xhtml HTTP/1.1" 200 1556
201.245.192.253 - - [08/Jun/2023:11:11:51 -0500] "GET /mesa/contrasena.pdf HTTP/1.1" 206 1
201.245.192.253 - - [08/Jun/2023:11:11:51 -0500] "GET /mesa/contrasena.pdf HTTP/1.1" 206 1091
191.95.60.140 - - [08/Jun/2023:11:11:52 -0500] "GET /sipse/faces/javax.faces.resource/images/ui-icons_898989_256x240.png?ln=primefaces-aristo HTTP/1.1" 304 -
186.80.52.42 - - [08/Jun/2023:11:11:55 -0500] "POST /sipse/faces/presentacion/financiero/solicitudProceso/listarSolicitudProceso.xhtml HTTP/1.1" 200 4791
172.22.2.4 - - [08/Jun/2023:11:11:55 -0500] "GET /BLA/boletinlegal/consulta_actos.php?tipo=autos&no=4817&usuario=&sector=&fecha=2018&resuelve= HTTP/1.1" 200 626
186.80.52.42 - - [08/Jun/2023:11:11:58 -0500] "POST /sipse/faces/presentacion/financiero/solicitudProceso/listarSolicitudProceso.xhtml HTTP/1.1" 200 32168
172.22.2.4 - - [08/Jun/2023:11:12:02 -0500] "GET /BLA/boletinlegal/consulta_actos.php?tipo=autos&no=4818&usuario=&sector=&fecha=2018&resuelve= HTTP/1.1" 200 626
157.92.6.22 - - [08/Jun/2023:11:12:04 -0500] "GET /asi-fue-el-reverdecer-de-leandra-marulanda-mujer-resiliente-que-ahora-emprende-con-el-compostaje.html HTTP/1.1" 200 842
172.22.2.4 - - [08/Jun/2023:11:12:04 -0500] "GET /BLA/boletinlegal/consulta_actos.php?tipo=autos&no=4819&usuario=&sector=&fecha=2018&resuelve= HTTP/1.1" 200 626
201.245.192.253 - - [08/Jun/2023:11:12:04 -0500] "POST /kwsrmcab/Wsrmcab  HTTP/1.1" 200 41606
201.245.192.253 - - [08/Jun/2023:11:12:12 -0500] "POST /sipsepre/faces/presentacion/financiero/solicitudProceso/consultar.xhtml HTTP/1.1" 200 911
186.80.52.42 - - [08/Jun/2023:11:12:14 -0500] "POST /sipse/faces/presentacion/financiero/solicitudProceso/listarSolicitudProceso.xhtml HTTP/1.1" 200 146975
186.80.52.42 - - [08/Jun/2023:11:12:16 -0500] "GET /sipse/faces/javax.faces.resource/theme.css?ln=primefaces-sipse HTTP/1.1" 304 -
186.80.52.42 - - [08/Jun/2023:11:12:16 -0500] "GET /sipse/faces/javax.faces.resource/primefaces.css?ln=primefaces&v=4.0 HTTP/1.1" 304 -
186.80.52.42 - - [08/Jun/2023:11:12:16 -0500] "GET /sipse/faces/javax.faces.resource/layout/layout.css?ln=primefaces&v=4.0 HTTP/1.1" 304 -
186.80.52.42 - - [08/Jun/2023:11:12:16 -0500] "GET /sipse/faces/javax.faces.resource/jquery/jquery.js?ln=primefaces&v=4.0 HTTP/1.1" 304 -
186.80.52.42 - - [08/Jun/2023:11:12:16 -0500] "GET /sipse/faces/javax.faces.resource/jquery/jquery-plugins.js?ln=primefaces&v=4.0 HTTP/1.1" 304 -
186.80.52.42 - - [08/Jun/2023:11:12:16 -0500] "GET /sipse/faces/javax.faces.resource/primefaces.js?ln=primefaces&v=4.0 HTTP/1.1" 304 -
186.80.52.42 - - [08/Jun/2023:11:12:16 -0500] "GET /sipse/faces/javax.faces.resource/layout/layout.js?ln=primefaces&v=4.0 HTTP/1.1" 304 -
186.80.52.42 - - [08/Jun/2023:11:12:17 -0500] "GET /sipse/faces/javax.faces.resource/dynamiccontent.properties?ln=primefaces&pfdrid=XjOR5%2F%2FfPAZAuY9TpWQeCiM0BhlXxYRBGKi%2FQcXXfeA%3D&pfdrid_c=false HTTP/1.1" 500 383
201.245.192.253 - - [08/Jun/2023:11:12:23 -0500] "GET /sipsepre/faces/faces/autenticacion HTTP/1.1" 302 -
201.245.192.253 - - [08/Jun/2023:11:12:23 -0500] "GET /sipsepre/faces/autenticacion.xhtml HTTP/1.1" 200 12213
201.245.192.253 - - [08/Jun/2023:11:12:23 -0500] "GET /sipsepre/faces/javax.faces.resource/theme.css?ln=primefaces-sipse HTTP/1.1" 304 -
201.245.192.253 - - [08/Jun/2023:11:12:23 -0500] "GET /sipsepre/faces/javax.faces.resource/jquery/jquery.js?ln=primefaces&v=4.0 HTTP/1.1" 304 -
201.245.192.253 - - [08/Jun/2023:11:12:23 -0500] "GET /sipsepre/faces/javax.faces.resource/layout/layout.css?ln=primefaces&v=4.0 HTTP/1.1" 304 -
201.245.192.253 - - [08/Jun/2023:11:12:23 -0500] "GET /sipsepre/faces/javax.faces.resource/primefaces.css?ln=primefaces&v=4.0 HTTP/1.1" 304 -
