95.116.60.247 - - [08/Jun/2023:08:51:54 -0500] "GET /sipse/faces/javax.faces.resource/images/ui-icons_898989_256x240.png?ln=primefaces-aristo HTTP/1.1" 304 -
172.22.2.4 - - [08/Jun/2023:08:51:55 -0500] "GET /BLA/boletinlegal/consulta_actos.php?tipo=autos&no=4503&usuario=&sector=&fecha=2018&resuelve= HTTP/1.1" 200 1082
172.22.2.4 - - [08/Jun/2023:08:51:57 -0500] "GET /BLA/boletinlegal/favicon.ico HTTP/1.1" 404 1326
172.22.2.4 - - [08/Jun/2023:08:52:00 -0500] "GET /BLA/boletinlegal/consulta_actos.php?tipo=autos&no=4504&usuario=&sector=&fecha=2018&resuelve= HTTP/1.1" 200 626
172.22.2.4 - - [08/Jun/2023:08:52:08 -0500] "GET /BLA/boletinlegal/consulta_actos.php?tipo=autos&no=4505&usuario=&sector=&fecha=2018&resuelve= HTTP/1.1" 200 1074
201.245.192.253 - - [08/Jun/2023:08:52:11 -0500] "GET /BLA/resoluciones/AUTOS%202018/4505.pdf HTTP/1.1" 200 254292
172.22.2.4 - - [08/Jun/2023:08:52:28 -0500] "GET /BLA/boletinlegal/consulta_actos.php?tipo=autos&no=4506&usuario=&sector=&fecha=2018&resuelve= HTTP/1.1" 200 626
192.168.171.117 - - [08/Jun/2023:08:52:30 -0500] "GET /BLA/boletinlegal/actos.php HTTP/1.1" 200 9682
201.245.192.253 - - [08/Jun/2023:08:52:32 -0500] "POST /kwsrmcab/Wsrmcab  HTTP/1.1" 200 41606
172.22.2.4 - - [08/Jun/2023:08:52:34 -0500] "GET /BLA/boletinlegal/consulta_actos.php?tipo=autos&no=4507&usuario=&sector=&fecha=2018&resuelve= HTTP/1.1" 200 626
172.22.2.4 - - [08/Jun/2023:08:52:35 -0500] "GET /BLA/boletinlegal/consulta_actos.php?tipo=autos&no=4507&usuario=&sector=&fecha=2018&resuelve= HTTP/1.1" 200 626
172.22.2.4 - - [08/Jun/2023:08:52:40 -0500] "GET /BLA/boletinlegal/consulta_actos.php?tipo=autos&no=4508&usuario=&sector=&fecha=2018&resuelve= HTTP/1.1" 200 1060
172.22.2.4 - - [08/Jun/2023:08:52:42 -0500] "GET /BLA/boletinlegal/actos.php HTTP/1.1" 200 9682
192.168.171.117 - - [08/Jun/2023:08:52:42 -0500] "GET /BLA/boletinlegal/consulta_actos.php?tipo=resoluciones&no=4970&usuario=&sector=PEV&fecha=2023&resuelve= HTTP/1.1" 200 626
172.22.2.4 - - [08/Jun/2023:08:52:42 -0500] "GET /BLA/boletinlegal/favicon.ico HTTP/1.1" 404 1326
201.245.192.253 - - [08/Jun/2023:08:52:43 -0500] "GET /BLA/resoluciones/AUTOS%202018/4508.pdf HTTP/1.1" 200 255752
167.0.157.61 - - [08/Jun/2023:08:52:48 -0500] "GET /sipse/faces/faces/index.xhtml HTTP/1.1" 200 677
192.168.171.117 - - [08/Jun/2023:08:52:28 -0500] "GET /BLA/boletinlegal/index.php HTTP/1.1" 200 16331
167.0.157.61 - - [08/Jun/2023:08:52:49 -0500] "GET /sipse/faces/javax.faces.resource/theme.css?ln=primefaces-sipse HTTP/1.1" 304 -
172.22.2.4 - - [08/Jun/2023:08:53:00 -0500] "GET /BLA/boletinlegal/consulta_actos.php?tipo=autos&no=4509&usuario=&sector=&fecha=2018&resuelve= HTTP/1.1" 200 626
167.0.157.61 - - [08/Jun/2023:08:53:00 -0500] "GET /sipse/faces/faces/faces/autenticacion.xhtml HTTP/1.1" 200 12177
167.0.157.61 - - [08/Jun/2023:08:53:05 -0500] "GET /sipse/js/disable_browser_buttons.js HTTP/1.1" 304 -
167.0.157.61 - - [08/Jun/2023:08:53:06 -0500] "GET /sipse/js/funciones.js HTTP/1.1" 304 -
172.22.2.4 - - [08/Jun/2023:08:53:06 -0500] "GET /BLA/boletinlegal/consulta_actos.php?tipo=resoluciones&no=0707&usuario=&sector=&fecha=2002&resuelve= HTTP/1.1" 200 626
167.0.157.61 - - [08/Jun/2023:08:53:06 -0500] "GET /sipse/css/custom_css_sg.css HTTP/1.1" 304 -
167.0.157.61 - - [08/Jun/2023:08:53:06 -0500] "GET /sipse/css/custom_css_sg_prime_login.css HTTP/1.1" 304 -
167.0.157.61 - - [08/Jun/2023:08:53:06 -0500] "GET /sipse/faces/javax.faces.resource/theme.css?ln=primefaces-sipse HTTP/1.1" 304 -
167.0.157.61 - - [08/Jun/2023:08:53:06 -0500] "GET /sipse/faces/javax.faces.resource/primefaces.css?ln=primefaces&v=4.0 HTTP/1.1" 304 -
167.0.157.61 - - [08/Jun/2023:08:53:06 -0500] "GET /sipse/faces/javax.faces.resource/layout/layout.css?ln=primefaces&v=4.0 HTTP/1.1" 304 -
167.0.157.61 - - [08/Jun/2023:08:53:07 -0500] "GET /sipse/faces/javax.faces.resource/jquery/jquery.js?ln=primefaces&v=4.0 HTTP/1.1" 304 -
167.0.157.61 - - [08/Jun/2023:08:53:07 -0500] "GET /sipse/faces/javax.faces.resource/jquery/jquery-plugins.js?ln=primefaces&v=4.0 HTTP/1.1" 304 -
167.0.157.61 - - [08/Jun/2023:08:53:07 -0500] "GET /sipse/faces/javax.faces.resource/primefaces.js?ln=primefaces&v=4.0 HTTP/1.1" 304 -
167.0.157.61 - - [08/Jun/2023:08:53:08 -0500] "GET /sipse/faces/javax.faces.resource/layout/layout.js?ln=primefaces&v=4.0 HTTP/1.1" 304 -
172.22.2.4 - - [08/Jun/2023:08:53:08 -0500] "GET /BLA/boletinlegal/consulta_actos.php?tipo=autos&no=4510&usuario=&sector=&fecha=2018&resuelve= HTTP/1.1" 200 1078
172.22.2.4 - - [08/Jun/2023:08:53:09 -0500] "GET /BLA/boletinlegal/consulta_actos.php?tipo=resoluciones&no=0707&usuario=&sector=&fecha=2002&resuelve= HTTP/1.1" 200 626
172.22.2.4 - - [08/Jun/2023:08:53:10 -0500] "GET /BLA/boletinlegal/consulta_actos.php?tipo=resoluciones&no=0707&usuario=&sector=&fecha=2002&resuelve= HTTP/1.1" 200 626
172.22.2.4 - - [08/Jun/2023:08:53:10 -0500] "GET /BLA/boletinlegal/consulta_actos.php?tipo=resoluciones&no=0707&usuario=&sector=&fecha=2002&resuelve= HTTP/1.1" 200 626
201.245.192.253 - - [08/Jun/2023:08:53:11 -0500] "GET /BLA/resoluciones/AUTOS%202018/4510.pdf HTTP/1.1" 200 255119
172.22.2.4 - - [08/Jun/2023:08:53:18 -0500] "GET /BLA/boletinlegal/consulta_actos.php?tipo=resoluciones&no=0707&usuario=&sector=&fecha=2002&resuelve= HTTP/1.1" 200 626
172.22.2.4 - - [08/Jun/2023:08:53:19 -0500] "GET /BLA/boletinlegal/consulta_actos.php?tipo=resoluciones&no=0707&usuario=&sector=&fecha=2002&resuelve= HTTP/1.1" 200 626
172.22.2.4 - - [08/Jun/2023:08:53:19 -0500] "GET /BLA/boletinlegal/consulta_actos.php?tipo=resoluciones&no=0707&usuario=&sector=&fecha=2002&resuelve= HTTP/1.1" 200 626
172.22.2.4 - - [08/Jun/2023:08:53:19 -0500] "GET /BLA/boletinlegal/consulta_actos.php?tipo=resoluciones&no=0707&usuario=&sector=&fecha=2002&resuelve= HTTP/1.1" 200 626
191.95.57.109 - - [08/Jun/2023:08:53:22 -0500] "GET /appsia/controlador HTTP/1.1" 200 4799
172.22.2.4 - - [08/Jun/2023:08:52:39 -0500] "GET /BLA/boletinlegal/ HTTP/1.1" 200 24523
167.0.157.61 - - [08/Jun/2023:08:53:26 -0500] "GET /sipse/css/imagen/logoSDG.png HTTP/1.1" 304 -
167.0.157.61 - - [08/Jun/2023:08:53:26 -0500] "GET /sipse/css/imagen/loginimg.png HTTP/1.1" 304 -
167.0.157.61 - - [08/Jun/2023:08:53:26 -0500] "GET /sipse/faces/javax.faces.resource/images/ui-icons_898989_256x240.png?ln=primefaces-aristo HTTP/1.1" 304 -
172.22.2.4 - - [08/Jun/2023:08:53:30 -0500] "GET /BLA/boletinlegal/consulta_actos.php?tipo=autos&no=3109&usuario=&sector=&fecha=2006&resuelve= HTTP/1.1" 200 626
172.22.2.4 - - [08/Jun/2023:08:53:32 -0500] "GET /BLA/boletinlegal/consulta_actos.php?tipo=autos&no=3109&usuario=&sector=&fecha=2006&resuelve= HTTP/1.1" 200 626
172.22.2.4 - - [08/Jun/2023:08:53:32 -0500] "GET /BLA/boletinlegal/consulta_actos.php?tipo=autos&no=3109&usuario=&sector=&fecha=2006&resuelve= HTTP/1.1" 200 626
172.22.2.4 - - [08/Jun/2023:08:53:32 -0500] "GET /BLA/boletinlegal/consulta_actos.php?tipo=autos&no=3109&usuario=&sector=&fecha=2006&resuelve= HTTP/1.1" 200 626
191.95.57.109 - - [08/Jun/2023:08:53:38 -0500] "POST /appsia/controlador HTTP/1.1" 200 5437
172.22.2.4 - - [08/Jun/2023:08:53:39 -0500] "GET /BLA/boletinlegal/consulta_actos.php?tipo=autos&no=3109&usuario=&sector=&fecha=2006&resuelve= HTTP/1.1" 200 626
172.22.2.4 - - [08/Jun/2023:08:53:39 -0500] "GET /BLA/boletinlegal/consulta_actos.php?tipo=autos&no=3109&usuario=&sector=&fecha=2006&resuelve= HTTP/1.1" 200 626
172.22.2.4 - - [08/Jun/2023:08:53:39 -0500] "GET /BLA/boletinlegal/consulta_actos.php?tipo=autos&no=3109&usuario=&sector=&fecha=2006&resuelve= HTTP/1.1" 200 626
172.22.2.4 - - [08/Jun/2023:08:53:39 -0500] "GET /BLA/boletinlegal/consulta_actos.php?tipo=autos&no=3109&usuario=&sector=&fecha=2006&resuelve= HTTP/1.1" 200 626
172.22.2.4 - - [08/Jun/2023:08:53:39 -0500] "GET /BLA/boletinlegal/consulta_actos.php?tipo=autos&no=3109&usuario=&sector=&fecha=2006&resuelve= HTTP/1.1" 200 626
172.22.2.4 - - [08/Jun/2023:08:53:40 -0500] "GET /BLA/boletinlegal/consulta_actos.php?tipo=autos&no=3109&usuario=&sector=&fecha=2006&resuelve= HTTP/1.1" 200 626
172.22.2.4 - - [08/Jun/2023:08:53:40 -0500] "GET /BLA/boletinlegal/consulta_actos.php?tipo=autos&no=3109&usuario=&sector=&fecha=2006&resuelve= HTTP/1.1" 200 626
191.95.57.109 - - [08/Jun/2023:08:53:40 -0500] "POST /appsia/controlador HTTP/1.1" 200 7791
172.22.2.4 - - [08/Jun/2023:08:53:40 -0500] "GET /BLA/boletinlegal/consulta_actos.php?tipo=autos&no=3109&usuario=&sector=&fecha=2006&resuelve= HTTP/1.1" 200 626
172.22.2.4 - - [08/Jun/2023:08:53:40 -0500] "GET /BLA/boletinlegal/consulta_actos.php?tipo=autos&no=3109&usuario=&sector=&fecha=2006&resuelve= HTTP/1.1" 200 626
172.22.2.4 - - [08/Jun/2023:08:53:41 -0500] "GET /BLA/boletinlegal/consulta_actos.php?tipo=autos&no=3109&usuario=&sector=&fecha=2006&resuelve= HTTP/1.1" 200 626
172.22.2.4 - - [08/Jun/2023:08:53:41 -0500] "GET /BLA/boletinlegal/consulta_actos.php?tipo=autos&no=3109&usuario=&sector=&fecha=2006&resuelve= HTTP/1.1" 200 626
172.22.2.4 - - [08/Jun/2023:08:53:41 -0500] "GET /BLA/boletinlegal/consulta_actos.php?tipo=autos&no=4511&usuario=&sector=&fecha=2018&resuelve= HTTP/1.1" 200 1129
172.22.2.4 - - [08/Jun/2023:08:53:41 -0500] "GET /BLA/boletinlegal/consulta_actos.php?tipo=autos&no=3109&usuario=&sector=&fecha=2006&resuelve= HTTP/1.1" 200 626
172.22.2.4 - - [08/Jun/2023:08:53:41 -0500] "GET /BLA/boletinlegal/consulta_actos.php?tipo=autos&no=3109&usuario=&sector=&fecha=2006&resuelve= HTTP/1.1" 200 626
191.95.57.109 - - [08/Jun/2023:08:53:42 -0500] "POST /appsia/controlador HTTP/1.1" 200 5250
191.95.57.109 - - [08/Jun/2023:08:53:43 -0500] "GET /appsia/controlador?comando=ingresarMenuPrincipal&id=80243688&funcionario=RODRIGO+ALBERTO+MANRIQUE+FORERO&desde=80243688&hasta=80243688&version=80243688&accion=Regresar HTTP/1.1" 200 5437
201.245.192.253 - - [08/Jun/2023:08:53:43 -0500] "GET /BLA/resoluciones/AUTOS%202018/4511.pdf HTTP/1.1" 200 255069
185.180.143.138 - - [08/Jun/2023:08:53:46 -0500] "GET /portaldeninos/ HTTP/1.1" 200 110197
172.22.2.4 - - [08/Jun/2023:08:52:09 -0500] "HEAD /BLA/boletinlegal/ HTTP/1.1" 200 -
172.22.2.4 - - [08/Jun/2023:08:54:00 -0500] "GET /BLA/boletinlegal/consulta_actos.php?tipo=autos&no=4512&usuario=&sector=&fecha=2018&resuelve= HTTP/1.1" 200 1072
192.168.171.117 - - [08/Jun/2023:08:54:02 -0500] "GET /BLA/boletinlegal/consulta_actos.php?tipo=resoluciones&no=4970&usuario=&sector=PEV&fecha=2022&resuelve= HTTP/1.1" 200 626
201.245.192.253 - - [08/Jun/2023:08:54:03 -0500] "GET /BLA/resoluciones/AUTOS%202018/4512.pdf HTTP/1.1" 200 266160
172.22.2.4 - - [08/Jun/2023:08:54:16 -0500] "GET /BLA/boletinlegal/consulta_actos.php?tipo=autos&no=4513&usuario=&sector=&fecha=2018&resuelve= HTTP/1.1" 200 1067
192.168.171.117 - - [08/Jun/2023:08:54:18 -0500] "GET /BLA/boletinlegal/consulta_actos.php?tipo=resoluciones&no=4970&usuario=&sector=PEV&fecha=2023&resuelve= HTTP/1.1" 200 626
201.245.192.253 - - [08/Jun/2023:08:54:19 -0500] "GET /BLA/resoluciones/AUTOS%202018/4513.pdf HTTP/1.1" 200 270191
172.22.2.4 - - [08/Jun/2023:08:52:59 -0500] "GET /BLA/boletinlegal/ HTTP/1.1" 200 56287
172.22.2.4 - - [08/Jun/2023:08:54:41 -0500] "GET /BLA/boletinlegal/consulta_actos.php?tipo=autos&no=4514&usuario=&sector=&fecha=2018&resuelve= HTTP/1.1" 200 1075
201.245.192.253 - - [08/Jun/2023:08:54:44 -0500] "GET /BLA/resoluciones/AUTOS%202018/4514.pdf HTTP/1.1" 200 254677
172.22.2.4 - - [08/Jun/2023:08:54:49 -0500] "GET /BLA/boletinlegal/consulta_actos.php?tipo=resoluciones&no=3781&usuario=&sector=&fecha=2017&resuelve= HTTP/1.1" 200 626
216.245.221.92 - - [08/Jun/2023:08:54:51 -0500] "HEAD / HTTP/1.1" 200 -
172.22.2.4 - - [08/Jun/2023:08:54:51 -0500] "GET /BLA/boletinlegal/consulta_actos.php?tipo=resoluciones&no=3781&usuario=&sector=&fecha=2017&resuelve= HTTP/1.1" 200 626
172.22.2.4 - - [08/Jun/2023:08:55:02 -0500] "GET /BLA/boletinlegal/consulta_actos.php?tipo=autos&no=4515&usuario=&sector=&fecha=2018&resuelve= HTTP/1.1" 200 626
172.22.2.4 - - [08/Jun/2023:08:55:07 -0500] "GET /BLA/boletinlegal/consulta_actos.php?tipo=autos&no=4516&usuario=&sector=&fecha=2018&resuelve= HTTP/1.1" 200 1074
201.245.192.253 - - [08/Jun/2023:08:55:11 -0500] "GET /BLA/resoluciones/AUTOS%202018/4516.pdf HTTP/1.1" 200 254480
95.116.60.247 - - [08/Jun/2023:08:55:19 -0500] "POST /sipse/faces/presentacion/contratacion/contratista/crearModificarContratista.xhtml HTTP/1.1" 200 8136
95.116.60.247 - - [08/Jun/2023:08:55:23 -0500] "POST /sipse/faces/presentacion/contratacion/contratista/crearModificarContratista.xhtml HTTP/1.1" 200 9739
172.22.2.4 - - [08/Jun/2023:08:55:25 -0500] "GET /BLA/boletinlegal/consulta_actos.php?tipo=autos&no=4517&usuario=&sector=&fecha=2018&resuelve= HTTP/1.1" 200 1072
201.245.192.253 - - [08/Jun/2023:08:55:29 -0500] "GET /BLA/resoluciones/AUTOS%202018/4517.pdf HTTP/1.1" 200 257608
31.13.127.12 - - [08/Jun/2023:08:55:30 -0500] "GET /images/pago-por-servicios.jpeg HTTP/1.1" 200 93573
69.63.189.5 - - [08/Jun/2023:08:55:31 -0500] "GET /distrito-alcanza-meta-de-1000-hectareas-ya-con-pagos-por-servicios-ambientales.html HTTP/1.1" 200 828
186.98.86.244 - - [08/Jun/2023:08:55:36 -0500] "GET /forest/index2.jsp?selected=tab_init&tab=1 HTTP/1.1" 404 1120
66.249.75.96 - - [08/Jun/2023:08:55:41 -0500] "-" 408 -
172.22.2.4 - - [08/Jun/2023:08:55:44 -0500] "GET /BLA/boletinlegal/consulta_actos.php?tipo=autos&no=4518&usuario=&sector=&fecha=2018&resuelve= HTTP/1.1" 200 1809
201.245.192.253 - - [08/Jun/2023:08:55:46 -0500] "GET /BLA/resoluciones/AUTOS%202018/4518.pdf HTTP/1.1" 200 256528
181.237.69.254 - - [08/Jun/2023:08:56:00 -0500] "GET /distrito-alcanza-meta-de-1000-hectareas-ya-con-pagos-por-servicios-ambientales.html?fbclid=PAAaYADYqI1Ja-xVRojIRMfKhpjEdBkDw1Omt6Dbglnhw_FtKnueQkrEjO3jc HTTP/1.1" 200 828
152.203.147.221 - - [08/Jun/2023:08:56:05 -0500] "GET /distrito-alcanza-meta-de-1000-hectareas-ya-con-pagos-por-servicios-ambientales.html HTTP/1.1" 200 828
186.102.1.40 - - [08/Jun/2023:08:56:35 -0500] "-" 408 -
172.22.2.4 - - [08/Jun/2023:08:56:39 -0500] "GET /BLA/boletinlegal/consulta_actos.php?tipo=autos&no=4519&usuario=&sector=&fecha=2018&resuelve= HTTP/1.1" 200 626
201.245.192.253 - - [08/Jun/2023:08:56:51 -0500] "GET /sipse/faces/faces/autenticacion.xhtml HTTP/1.1" 200 12499
201.245.192.253 - - [08/Jun/2023:08:56:51 -0500] "GET /sipse/js/disable_browser_buttons.js HTTP/1.1" 304 -
201.245.192.253 - - [08/Jun/2023:08:56:51 -0500] "GET /sipse/js/funciones.js HTTP/1.1" 304 -
201.245.192.253 - - [08/Jun/2023:08:56:51 -0500] "GET /sipse/css/custom_css_sg.css HTTP/1.1" 304 -
201.245.192.253 - - [08/Jun/2023:08:56:51 -0500] "GET /sipse/faces/javax.faces.resource/layout/layout.css;jsessionid=YmouM55anBQVqkUiqWEPnZzK.undefined?ln=primefaces&v=4.0 HTTP/1.1" 200 542
201.245.192.253 - - [08/Jun/2023:08:56:51 -0500] "GET /sipse/css/custom_css_sg_prime_login.css HTTP/1.1" 304 -
201.245.192.253 - - [08/Jun/2023:08:56:51 -0500] "GET /sipse/faces/javax.faces.resource/theme.css?ln=primefaces-sipse HTTP/1.1" 304 -
201.245.192.253 - - [08/Jun/2023:08:56:51 -0500] "GET /sipse/faces/javax.faces.resource/layout/layout.js;jsessionid=YmouM55anBQVqkUiqWEPnZzK.undefined?ln=primefaces&v=4.0 HTTP/1.1" 200 87560
201.245.192.253 - - [08/Jun/2023:08:56:51 -0500] "GET /sipse/faces/javax.faces.resource/jquery/jquery-plugins.js;jsessionid=YmouM55anBQVqkUiqWEPnZzK.undefined?ln=primefaces&v=4.0 HTTP/1.1" 200 220526
201.245.192.253 - - [08/Jun/2023:08:56:51 -0500] "GET /sipse/faces/javax.faces.resource/jquery/jquery.js;jsessionid=YmouM55anBQVqkUiqWEPnZzK.undefined?ln=primefaces&v=4.0 HTTP/1.1" 200 105384
201.245.192.253 - - [08/Jun/2023:08:56:51 -0500] "GET /sipse/faces/javax.faces.resource/primefaces.css;jsessionid=YmouM55anBQVqkUiqWEPnZzK.undefined?ln=primefaces&v=4.0 HTTP/1.1" 200 53295
201.245.192.253 - - [08/Jun/2023:08:56:51 -0500] "GET /sipse/faces/javax.faces.resource/primefaces.js;jsessionid=YmouM55anBQVqkUiqWEPnZzK.undefined?ln=primefaces&v=4.0 HTTP/1.1" 200 276924
201.245.192.253 - - [08/Jun/2023:08:56:51 -0500] "GET /sipse/css/imagen/logoSDG.png HTTP/1.1" 304 -
201.245.192.253 - - [08/Jun/2023:08:56:51 -0500] "GET /sipse/css/imagen/loginimg.png HTTP/1.1" 304 -
201.245.192.253 - - [08/Jun/2023:08:56:51 -0500] "GET /sipse/faces/javax.faces.resource/images/ui-icons_898989_256x240.png?ln=primefaces-aristo HTTP/1.1" 304 -
201.245.192.253 - - [08/Jun/2023:08:56:51 -0500] "GET /sipse/faces/faces/index.xhtml HTTP/1.1" 200 677
201.245.192.253 - - [08/Jun/2023:08:56:52 -0500] "GET /sipse/faces/javax.faces.resource/theme.css?ln=primefaces-sipse HTTP/1.1" 304 -
201.245.192.253 - - [08/Jun/2023:08:56:52 -0500] "GET /sipse/faces/faces/faces/autenticacion.xhtml HTTP/1.1" 200 12177
201.245.192.253 - - [08/Jun/2023:08:56:52 -0500] "GET /sipse/faces/javax.faces.resource/theme.css?ln=primefaces-sipse HTTP/1.1" 304 -
201.245.192.253 - - [08/Jun/2023:08:56:52 -0500] "GET /sipse/faces/javax.faces.resource/layout/layout.css?ln=primefaces&v=4.0 HTTP/1.1" 304 -
201.245.192.253 - - [08/Jun/2023:08:56:52 -0500] "GET /sipse/faces/javax.faces.resource/jquery/jquery.js?ln=primefaces&v=4.0 HTTP/1.1" 304 -
201.245.192.253 - - [08/Jun/2023:08:56:52 -0500] "GET /sipse/faces/javax.faces.resource/primefaces.css?ln=primefaces&v=4.0 HTTP/1.1" 304 -
201.245.192.253 - - [08/Jun/2023:08:56:52 -0500] "GET /sipse/faces/javax.faces.resource/primefaces.js?ln=primefaces&v=4.0 HTTP/1.1" 304 -
201.245.192.253 - - [08/Jun/2023:08:56:52 -0500] "GET /sipse/faces/javax.faces.resource/jquery/jquery-plugins.js?ln=primefaces&v=4.0 HTTP/1.1" 304 -
201.245.192.253 - - [08/Jun/2023:08:56:52 -0500] "GET /sipse/faces/javax.faces.resource/layout/layout.js?ln=primefaces&v=4.0 HTTP/1.1" 304 -
201.245.192.253 - - [08/Jun/2023:08:56:54 -0500] "POST /sipse/faces/autenticacion.xhtml HTTP/1.1" 200 11187
201.245.192.253 - - [08/Jun/2023:08:56:54 -0500] "GET /sipse/css/custom_css_sg_prime.css HTTP/1.1" 304 -
201.245.192.253 - - [08/Jun/2023:08:56:54 -0500] "GET /sipse/faces/javax.faces.resource/theme.css?ln=primefaces-sipse HTTP/1.1" 304 -
201.245.192.253 - - [08/Jun/2023:08:56:54 -0500] "GET /sipse/faces/javax.faces.resource/primefaces.css?ln=primefaces&v=4.0 HTTP/1.1" 304 -
201.245.192.253 - - [08/Jun/2023:08:56:54 -0500] "GET /sipse/faces/javax.faces.resource/jquery/jquery.js?ln=primefaces&v=4.0 HTTP/1.1" 304 -
201.245.192.253 - - [08/Jun/2023:08:56:54 -0500] "GET /sipse/faces/javax.faces.resource/layout/layout.css?ln=primefaces&v=4.0 HTTP/1.1" 304 -
201.245.192.253 - - [08/Jun/2023:08:56:54 -0500] "GET /sipse/faces/javax.faces.resource/jquery/jquery-plugins.js?ln=primefaces&v=4.0 HTTP/1.1" 304 -
201.245.192.253 - - [08/Jun/2023:08:56:54 -0500] "GET /sipse/faces/javax.faces.resource/primefaces.js?ln=primefaces&v=4.0 HTTP/1.1" 304 -
201.245.192.253 - - [08/Jun/2023:08:56:54 -0500] "GET /sipse/faces/javax.faces.resource/layout/layout.js?ln=primefaces&v=4.0 HTTP/1.1" 304 -
201.245.192.253 - - [08/Jun/2023:08:56:54 -0500] "GET /sipse/faces/javax.faces.resource/messages/messages.png?ln=primefaces&v=4.0 HTTP/1.1" 304 -
201.245.192.253 - - [08/Jun/2023:08:56:55 -0500] "GET /sipse/faces/javax.faces.resource/images/ui-icons_898989_256x240.png?ln=primefaces-aristo HTTP/1.1" 304 -
201.245.192.253 - - [08/Jun/2023:08:56:57 -0500] "POST /sipse/faces/presentacion/sistema/seguridad/seleccionRol.xhtml HTTP/1.1" 200 5624
201.245.192.253 - - [08/Jun/2023:08:56:57 -0500] "POST /sipse/faces/presentacion/sistema/seguridad/seleccionRol.xhtml HTTP/1.1" 200 17757
201.245.192.253 - - [08/Jun/2023:08:56:57 -0500] "GET /sipse/faces/javax.faces.resource/theme.css?ln=primefaces-sipse HTTP/1.1" 304 -
201.245.192.253 - - [08/Jun/2023:08:56:57 -0500] "GET /sipse/faces/javax.faces.resource/layout/layout.css?ln=primefaces&v=4.0 HTTP/1.1" 304 -
201.245.192.253 - - [08/Jun/2023:08:56:57 -0500] "GET /sipse/faces/javax.faces.resource/primefaces.css?ln=primefaces&v=4.0 HTTP/1.1" 304 -
201.245.192.253 - - [08/Jun/2023:08:56:58 -0500] "GET /sipse/js/jquery.min.js HTTP/1.1" 304 -
201.245.192.253 - - [08/Jun/2023:08:56:58 -0500] "GET /sipse/faces/javax.faces.resource/jquery/jquery.js?ln=primefaces&v=4.0 HTTP/1.1" 304 -
201.245.192.253 - - [08/Jun/2023:08:56:58 -0500] "GET /sipse/faces/javax.faces.resource/jquery/jquery-plugins.js?ln=primefaces&v=4.0 HTTP/1.1" 304 -
201.245.192.253 - - [08/Jun/2023:08:56:58 -0500] "GET /sipse/faces/javax.faces.resource/primefaces.js?ln=primefaces&v=4.0 HTTP/1.1" 304 -
201.245.192.253 - - [08/Jun/2023:08:56:58 -0500] "GET /sipse/faces/javax.faces.resource/layout/layout.js?ln=primefaces&v=4.0 HTTP/1.1" 304 -
201.245.192.253 - - [08/Jun/2023:08:56:58 -0500] "GET /sipse/css/v_mergente.css HTTP/1.1" 304 -
201.245.192.253 - - [08/Jun/2023:08:56:58 -0500] "GET /sipse/imagenes/cargando.gif HTTP/1.1" 304 -
201.245.192.253 - - [08/Jun/2023:08:56:58 -0500] "GET /sipse/css/imagen/contrasena.png HTTP/1.1" 404 383
201.245.192.253 - - [08/Jun/2023:08:56:58 -0500] "GET /sipse/imagenes/logoAplicacion.jpg HTTP/1.1" 304 -
201.245.192.253 - - [08/Jun/2023:08:56:59 -0500] "GET /sipse/faces/javax.faces.resource/images/ui-bg_flat_0_2d5972_40x100.png?ln=primefaces-aristo HTTP/1.1" 304 -
201.245.192.253 - - [08/Jun/2023:08:56:59 -0500] "POST /sipse/faces/bienvenido.xhtml HTTP/1.1" 200 3182
201.245.192.253 - - [08/Jun/2023:08:57:01 -0500] "POST /sipse/faces/bienvenido.xhtml HTTP/1.1" 200 3850
201.245.192.253 - - [08/Jun/2023:08:57:02 -0500] "POST /sipse/faces/bienvenido.xhtml HTTP/1.1" 200 63126
201.245.192.253 - - [08/Jun/2023:08:57:02 -0500] "GET /sipse/faces/javax.faces.resource/theme.css?ln=primefaces-sipse HTTP/1.1" 304 -
201.245.192.253 - - [08/Jun/2023:08:57:02 -0500] "GET /sipse/faces/javax.faces.resource/primefaces.css?ln=primefaces&v=4.0 HTTP/1.1" 304 -
201.245.192.253 - - [08/Jun/2023:08:57:02 -0500] "GET /sipse/faces/javax.faces.resource/layout/layout.css?ln=primefaces&v=4.0 HTTP/1.1" 304 -
201.245.192.253 - - [08/Jun/2023:08:57:02 -0500] "GET /sipse/faces/javax.faces.resource/jquery/jquery.js?ln=primefaces&v=4.0 HTTP/1.1" 304 -
201.245.192.253 - - [08/Jun/2023:08:57:02 -0500] "GET /sipse/faces/javax.faces.resource/jquery/jquery-plugins.js?ln=primefaces&v=4.0 HTTP/1.1" 304 -
201.245.192.253 - - [08/Jun/2023:08:57:02 -0500] "GET /sipse/faces/javax.faces.resource/primefaces.js?ln=primefaces&v=4.0 HTTP/1.1" 304 -
201.245.192.253 - - [08/Jun/2023:08:57:02 -0500] "GET /sipse/faces/javax.faces.resource/layout/layout.js?ln=primefaces&v=4.0 HTTP/1.1" 304 -
201.245.192.253 - - [08/Jun/2023:08:57:02 -0500] "POST /sipse/faces/presentacion/financiero/solicitudProceso/listarSolicitudProceso.xhtml HTTP/1.1" 200 1556
172.22.2.4 - - [08/Jun/2023:08:57:03 -0500] "GET /BLA/boletinlegal/consulta_actos.php?tipo=resoluciones&no=3781&usuario=&sector=&fecha=2017&resuelve= HTTP/1.1" 200 626
186.84.22.63 - - [08/Jun/2023:08:57:05 -0500] "GET /sipse/faces/index.xhtml HTTP/1.1" 200 677
186.84.22.63 - - [08/Jun/2023:08:57:05 -0500] "GET /sipse/faces/javax.faces.resource/theme.css?ln=primefaces-sipse HTTP/1.1" 304 -
186.84.22.63 - - [08/Jun/2023:08:57:05 -0500] "GET /sipse/faces/faces/autenticacion.xhtml HTTP/1.1" 200 12177
201.245.192.253 - - [08/Jun/2023:08:57:05 -0500] "POST /sipse/faces/presentacion/financiero/solicitudProceso/listarSolicitudProceso.xhtml HTTP/1.1" 200 2849
186.84.22.63 - - [08/Jun/2023:08:57:05 -0500] "GET /sipse/js/disable_browser_buttons.js HTTP/1.1" 304 -
186.84.22.63 - - [08/Jun/2023:08:57:05 -0500] "GET /sipse/css/custom_css_sg.css HTTP/1.1" 304 -
186.84.22.63 - - [08/Jun/2023:08:57:05 -0500] "GET /sipse/css/custom_css_sg_prime_login.css HTTP/1.1" 304 -
186.84.22.63 - - [08/Jun/2023:08:57:05 -0500] "GET /sipse/faces/javax.faces.resource/theme.css?ln=primefaces-sipse HTTP/1.1" 304 -
186.84.22.63 - - [08/Jun/2023:08:57:05 -0500] "GET /sipse/faces/javax.faces.resource/primefaces.css?ln=primefaces&v=4.0 HTTP/1.1" 304 -
186.84.22.63 - - [08/Jun/2023:08:57:05 -0500] "GET /sipse/js/funciones.js HTTP/1.1" 304 -
186.84.22.63 - - [08/Jun/2023:08:57:05 -0500] "GET /sipse/faces/javax.faces.resource/layout/layout.css?ln=primefaces&v=4.0 HTTP/1.1" 304 -
186.84.22.63 - - [08/Jun/2023:08:57:05 -0500] "GET /sipse/faces/javax.faces.resource/primefaces.js?ln=primefaces&v=4.0 HTTP/1.1" 304 -
186.84.22.63 - - [08/Jun/2023:08:57:05 -0500] "GET /sipse/faces/javax.faces.resource/jquery/jquery.js?ln=primefaces&v=4.0 HTTP/1.1" 304 -
186.84.22.63 - - [08/Jun/2023:08:57:05 -0500] "GET /sipse/faces/javax.faces.resource/layout/layout.js?ln=primefaces&v=4.0 HTTP/1.1" 304 -
186.84.22.63 - - [08/Jun/2023:08:57:05 -0500] "GET /sipse/faces/javax.faces.resource/jquery/jquery-plugins.js?ln=primefaces&v=4.0 HTTP/1.1" 304 -
186.84.22.63 - - [08/Jun/2023:08:57:06 -0500] "GET /sipse/css/imagen/logoSDG.png HTTP/1.1" 304 -
186.84.22.63 - - [08/Jun/2023:08:57:06 -0500] "GET /sipse/css/imagen/loginimg.png HTTP/1.1" 304 -
186.84.22.63 - - [08/Jun/2023:08:57:06 -0500] "GET /sipse/faces/javax.faces.resource/images/ui-icons_898989_256x240.png?ln=primefaces-aristo HTTP/1.1" 304 -
201.245.192.253 - - [08/Jun/2023:08:57:06 -0500] "POST /sipse/faces/presentacion/financiero/solicitudProceso/listarSolicitudProceso.xhtml HTTP/1.1" 200 40121
201.245.192.253 - - [08/Jun/2023:08:57:06 -0500] "GET /sipse/faces/javax.faces.resource/theme.css?ln=primefaces-sipse HTTP/1.1" 304 -
201.245.192.253 - - [08/Jun/2023:08:57:06 -0500] "GET /sipse/faces/javax.faces.resource/primefaces.css?ln=primefaces&v=4.0 HTTP/1.1" 304 -
201.245.192.253 - - [08/Jun/2023:08:57:06 -0500] "GET /sipse/faces/javax.faces.resource/layout/layout.css?ln=primefaces&v=4.0 HTTP/1.1" 304 -
201.245.192.253 - - [08/Jun/2023:08:57:06 -0500] "GET /sipse/faces/javax.faces.resource/jquery/jquery.js?ln=primefaces&v=4.0 HTTP/1.1" 304 -
201.245.192.253 - - [08/Jun/2023:08:57:06 -0500] "GET /sipse/faces/javax.faces.resource/jquery/jquery-plugins.js?ln=primefaces&v=4.0 HTTP/1.1" 304 -
201.245.192.253 - - [08/Jun/2023:08:57:06 -0500] "GET /sipse/faces/javax.faces.resource/primefaces.js?ln=primefaces&v=4.0 HTTP/1.1" 304 -
201.245.192.253 - - [08/Jun/2023:08:57:06 -0500] "GET /sipse/faces/javax.faces.resource/layout/layout.js?ln=primefaces&v=4.0 HTTP/1.1" 304 -
201.245.192.253 - - [08/Jun/2023:08:57:07 -0500] "POST /sipse/faces/presentacion/financiero/solicitudProceso/consultar.xhtml HTTP/1.1" 200 33519
186.84.22.63 - - [08/Jun/2023:08:57:09 -0500] "POST /sipse/faces/autenticacion.xhtml HTTP/1.1" 200 18788
186.84.22.63 - - [08/Jun/2023:08:57:09 -0500] "GET /sipse/css/custom_css_sg_prime.css HTTP/1.1" 304 -
186.84.22.63 - - [08/Jun/2023:08:57:09 -0500] "GET /sipse/faces/javax.faces.resource/layout/layout.css?ln=primefaces&v=4.0 HTTP/1.1" 304 -
186.84.22.63 - - [08/Jun/2023:08:57:09 -0500] "GET /sipse/faces/javax.faces.resource/primefaces.css?ln=primefaces&v=4.0 HTTP/1.1" 304 -
186.84.22.63 - - [08/Jun/2023:08:57:09 -0500] "GET /sipse/faces/javax.faces.resource/theme.css?ln=primefaces-sipse HTTP/1.1" 304 -
186.84.22.63 - - [08/Jun/2023:08:57:09 -0500] "GET /sipse/js/jquery.min.js HTTP/1.1" 304 -
186.84.22.63 - - [08/Jun/2023:08:57:09 -0500] "GET /sipse/faces/javax.faces.resource/jquery/jquery.js?ln=primefaces&v=4.0 HTTP/1.1" 304 -
186.84.22.63 - - [08/Jun/2023:08:57:09 -0500] "GET /sipse/faces/javax.faces.resource/jquery/jquery-plugins.js?ln=primefaces&v=4.0 HTTP/1.1" 304 -
186.84.22.63 - - [08/Jun/2023:08:57:09 -0500] "GET /sipse/faces/javax.faces.resource/primefaces.js?ln=primefaces&v=4.0 HTTP/1.1" 304 -
186.84.22.63 - - [08/Jun/2023:08:57:09 -0500] "GET /sipse/faces/javax.faces.resource/layout/layout.js?ln=primefaces&v=4.0 HTTP/1.1" 304 -
186.84.22.63 - - [08/Jun/2023:08:57:09 -0500] "GET /sipse/css/v_mergente.css HTTP/1.1" 304 -
186.84.22.63 - - [08/Jun/2023:08:57:09 -0500] "GET /sipse/imagenes/cargando.gif HTTP/1.1" 304 -
186.84.22.63 - - [08/Jun/2023:08:57:09 -0500] "GET /sipse/imagenes/logoAplicacion.jpg HTTP/1.1" 304 -
186.84.22.63 - - [08/Jun/2023:08:57:09 -0500] "GET /sipse/css/imagen/contrasena.png HTTP/1.1" 404 383
186.84.22.63 - - [08/Jun/2023:08:57:09 -0500] "GET /sipse/faces/javax.faces.resource/messages/messages.png?ln=primefaces&v=4.0 HTTP/1.1" 304 -
201.245.192.253 - - [08/Jun/2023:08:57:09 -0500] "POST /sipse/faces/presentacion/financiero/solicitudProceso/consultar.xhtml HTTP/1.1" 200 12652
186.84.22.63 - - [08/Jun/2023:08:57:11 -0500] "GET /sipse/faces/javax.faces.resource/images/ui-bg_flat_0_2d5972_40x100.png?ln=primefaces-aristo HTTP/1.1" 304 -
186.84.22.63 - - [08/Jun/2023:08:57:11 -0500] "POST /sipse/faces/bienvenido.xhtml HTTP/1.1" 200 3182
201.245.192.253 - - [08/Jun/2023:08:57:12 -0500] "POST /sipse/faces/presentacion/financiero/solicitudProceso/consultar.xhtml HTTP/1.1" 200 113773
201.245.192.253 - - [08/Jun/2023:08:57:13 -0500] "GET /sipse/faces/javax.faces.resource/layout/layout.css?ln=primefaces&v=4.0 HTTP/1.1" 304 -
201.245.192.253 - - [08/Jun/2023:08:57:13 -0500] "GET /sipse/faces/javax.faces.resource/primefaces.css?ln=primefaces&v=4.0 HTTP/1.1" 304 -
201.245.192.253 - - [08/Jun/2023:08:57:13 -0500] "GET /sipse/faces/javax.faces.resource/theme.css?ln=primefaces-sipse HTTP/1.1" 304 -
201.245.192.253 - - [08/Jun/2023:08:57:13 -0500] "GET /sipse/faces/javax.faces.resource/jquery/jquery.js?ln=primefaces&v=4.0 HTTP/1.1" 304 -
201.245.192.253 - - [08/Jun/2023:08:57:13 -0500] "GET /sipse/faces/javax.faces.resource/jquery/jquery-plugins.js?ln=primefaces&v=4.0 HTTP/1.1" 304 -
201.245.192.253 - - [08/Jun/2023:08:57:13 -0500] "GET /sipse/faces/javax.faces.resource/primefaces.js?ln=primefaces&v=4.0 HTTP/1.1" 304 -
201.245.192.253 - - [08/Jun/2023:08:57:13 -0500] "GET /sipse/faces/javax.faces.resource/layout/layout.js?ln=primefaces&v=4.0 HTTP/1.1" 304 -
201.245.192.253 - - [08/Jun/2023:08:57:14 -0500] "GET /sipse/faces/javax.faces.resource/dynamiccontent.properties?ln=primefaces&pfdrid=XjOR5%2F%2FfPAZAuY9TpWQeCiM0BhlXxYRBGKi%2FQcXXfeA%3D&pfdrid_c=false HTTP/1.1" 500 383
172.22.2.4 - - [08/Jun/2023:08:57:16 -0500] "GET /BLA/boletinlegal/consulta_actos.php?tipo=autos&no=4520&usuario=&sector=&fecha=2018&resuelve= HTTP/1.1" 200 1345
186.84.22.63 - - [08/Jun/2023:08:57:16 -0500] "POST /sipse/faces/bienvenido.xhtml HTTP/1.1" 200 2075
186.84.22.63 - - [08/Jun/2023:08:57:17 -0500] "POST /sipse/faces/bienvenido.xhtml HTTP/1.1" 200 40752
186.84.22.63 - - [08/Jun/2023:08:57:18 -0500] "GET /sipse/faces/javax.faces.resource/theme.css?ln=primefaces-sipse HTTP/1.1" 304 -
186.84.22.63 - - [08/Jun/2023:08:57:18 -0500] "GET /sipse/faces/javax.faces.resource/primefaces.css?ln=primefaces&v=4.0 HTTP/1.1" 304 -
186.84.22.63 - - [08/Jun/2023:08:57:18 -0500] "GET /sipse/faces/javax.faces.resource/jquery/jquery.js?ln=primefaces&v=4.0 HTTP/1.1" 304 -
186.84.22.63 - - [08/Jun/2023:08:57:18 -0500] "GET /sipse/faces/javax.faces.resource/layout/layout.css?ln=primefaces&v=4.0 HTTP/1.1" 304 -
186.84.22.63 - - [08/Jun/2023:08:57:18 -0500] "GET /sipse/faces/javax.faces.resource/jquery/jquery-plugins.js?ln=primefaces&v=4.0 HTTP/1.1" 304 -
186.84.22.63 - - [08/Jun/2023:08:57:18 -0500] "GET /sipse/faces/javax.faces.resource/primefaces.js?ln=primefaces&v=4.0 HTTP/1.1" 304 -
186.84.22.63 - - [08/Jun/2023:08:57:18 -0500] "GET /sipse/faces/javax.faces.resource/layout/layout.js?ln=primefaces&v=4.0 HTTP/1.1" 304 -
186.84.22.63 - - [08/Jun/2023:08:57:18 -0500] "POST /sipse/faces/presentacion/financiero/solicitudProceso/listarSolicitudProceso.xhtml HTTP/1.1" 200 1436
201.245.192.253 - - [08/Jun/2023:08:57:19 -0500] "GET /BLA/resoluciones/AUTOS%202018/4520.pdf HTTP/1.1" 200 264870
186.84.22.63 - - [08/Jun/2023:08:57:27 -0500] "POST /sipse/faces/presentacion/financiero/solicitudProceso/listarSolicitudProceso.xhtml HTTP/1.1" 200 111843
186.84.22.63 - - [08/Jun/2023:08:57:28 -0500] "GET /sipse/faces/javax.faces.resource/theme.css?ln=primefaces-sipse HTTP/1.1" 304 -
186.84.22.63 - - [08/Jun/2023:08:57:28 -0500] "GET /sipse/faces/javax.faces.resource/primefaces.css?ln=primefaces&v=4.0 HTTP/1.1" 304 -
186.84.22.63 - - [08/Jun/2023:08:57:28 -0500] "GET /sipse/faces/javax.faces.resource/layout/layout.css?ln=primefaces&v=4.0 HTTP/1.1" 304 -
186.84.22.63 - - [08/Jun/2023:08:57:28 -0500] "GET /sipse/faces/javax.faces.resource/jquery/jquery.js?ln=primefaces&v=4.0 HTTP/1.1" 304 -
186.84.22.63 - - [08/Jun/2023:08:57:28 -0500] "GET /sipse/faces/javax.faces.resource/jquery/jquery-plugins.js?ln=primefaces&v=4.0 HTTP/1.1" 304 -
186.84.22.63 - - [08/Jun/2023:08:57:28 -0500] "GET /sipse/faces/javax.faces.resource/primefaces.js?ln=primefaces&v=4.0 HTTP/1.1" 304 -
186.84.22.63 - - [08/Jun/2023:08:57:28 -0500] "GET /sipse/faces/javax.faces.resource/layout/layout.js?ln=primefaces&v=4.0 HTTP/1.1" 304 -
186.84.22.63 - - [08/Jun/2023:08:57:29 -0500] "GET /sipse/faces/javax.faces.resource/dynamiccontent.properties?ln=primefaces&pfdrid=XjOR5%2F%2FfPAZAuY9TpWQeCiM0BhlXxYRBGKi%2FQcXXfeA%3D&pfdrid_c=false HTTP/1.1" 500 383
66.220.149.20 - - [08/Jun/2023:08:57:30 -0500] "GET /images/caminatas-ecol\xc3\xb3gicas-marzo---1920x1080_optimized.jpg HTTP/1.1" 404 1034
201.245.192.253 - - [08/Jun/2023:08:57:31 -0500] "POST /kwsrmcab/Wsrmcab  HTTP/1.1" 200 41606
201.245.192.253 - - [08/Jun/2023:08:57:39 -0500] "GET /sipse/faces/index.xhtml HTTP/1.1" 200 677
201.245.192.253 - - [08/Jun/2023:08:57:39 -0500] "GET /sipse/faces/javax.faces.resource/theme.css?ln=primefaces-sipse HTTP/1.1" 200 50058
201.245.192.253 - - [08/Jun/2023:08:57:40 -0500] "GET /sipse/faces/faces/autenticacion.xhtml HTTP/1.1" 200 12177
201.245.192.253 - - [08/Jun/2023:08:57:40 -0500] "GET /sipse/js/disable_browser_buttons.js HTTP/1.1" 304 -
201.245.192.253 - - [08/Jun/2023:08:57:40 -0500] "GET /sipse/faces/javax.faces.resource/theme.css?ln=primefaces-sipse HTTP/1.1" 304 -
201.245.192.253 - - [08/Jun/2023:08:57:40 -0500] "GET /sipse/css/custom_css_sg.css HTTP/1.1" 304 -
201.245.192.253 - - [08/Jun/2023:08:57:40 -0500] "GET /sipse/js/funciones.js HTTP/1.1" 304 -
201.245.192.253 - - [08/Jun/2023:08:57:40 -0500] "GET /sipse/faces/javax.faces.resource/primefaces.css?ln=primefaces&v=4.0 HTTP/1.1" 304 -
201.245.192.253 - - [08/Jun/2023:08:57:40 -0500] "GET /sipse/faces/javax.faces.resource/layout/layout.css?ln=primefaces&v=4.0 HTTP/1.1" 304 -
201.245.192.253 - - [08/Jun/2023:08:57:40 -0500] "GET /sipse/css/custom_css_sg_prime_login.css HTTP/1.1" 304 -
201.245.192.253 - - [08/Jun/2023:08:57:40 -0500] "GET /sipse/faces/javax.faces.resource/jquery/jquery-plugins.js?ln=primefaces&v=4.0 HTTP/1.1" 304 -
201.245.192.253 - - [08/Jun/2023:08:57:40 -0500] "GET /sipse/faces/javax.faces.resource/jquery/jquery.js?ln=primefaces&v=4.0 HTTP/1.1" 304 -
201.245.192.253 - - [08/Jun/2023:08:57:40 -0500] "GET /sipse/faces/javax.faces.resource/primefaces.js?ln=primefaces&v=4.0 HTTP/1.1" 304 -
201.245.192.253 - - [08/Jun/2023:08:57:40 -0500] "GET /sipse/faces/javax.faces.resource/layout/layout.js?ln=primefaces&v=4.0 HTTP/1.1" 304 -
201.245.192.253 - - [08/Jun/2023:08:57:40 -0500] "GET /sipse/faces/javax.faces.resource/images/ui-icons_898989_256x240.png?ln=primefaces-aristo HTTP/1.1" 200 5355
201.245.192.253 - - [08/Jun/2023:08:57:40 -0500] "GET /sipse/css/imagen/logoSDG.png HTTP/1.1" 200 53064
201.245.192.253 - - [08/Jun/2023:08:57:40 -0500] "GET /sipse/css/imagen/loginimg.png HTTP/1.1" 200 71635
172.22.2.4 - - [08/Jun/2023:08:57:40 -0500] "GET /BLA/boletinlegal/consulta_actos.php?tipo=autos&no=4521&usuario=&sector=&fecha=2018&resuelve= HTTP/1.1" 200 1079
201.245.192.253 - - [08/Jun/2023:08:57:43 -0500] "GET /BLA/resoluciones/AUTOS%202018/4521.pdf HTTP/1.1" 200 632044
201.245.192.253 - - [08/Jun/2023:08:57:44 -0500] "GET /sipsepre/faces/index.xhtml HTTP/1.1" 200 680
201.245.192.253 - - [08/Jun/2023:08:57:44 -0500] "GET /sipsepre/faces/javax.faces.resource/theme.css?ln=primefaces-sipse HTTP/1.1" 304 -
201.245.192.253 - - [08/Jun/2023:08:57:44 -0500] "GET /sipsepre/faces/faces/autenticacion.xhtml HTTP/1.1" 200 12213
201.245.192.253 - - [08/Jun/2023:08:57:44 -0500] "GET /sipsepre/css/custom_css_sg.css HTTP/1.1" 200 9692
201.245.192.253 - - [08/Jun/2023:08:57:44 -0500] "GET /sipsepre/css/custom_css_sg_prime_login.css HTTP/1.1" 200 443
201.245.192.253 - - [08/Jun/2023:08:57:44 -0500] "GET /sipsepre/faces/javax.faces.resource/theme.css?ln=primefaces-sipse HTTP/1.1" 304 -
201.245.192.253 - - [08/Jun/2023:08:57:44 -0500] "GET /sipsepre/js/disable_browser_buttons.js HTTP/1.1" 200 3230
201.245.192.253 - - [08/Jun/2023:08:57:44 -0500] "GET /sipsepre/faces/javax.faces.resource/layout/layout.css?ln=primefaces&v=4.0 HTTP/1.1" 200 542
201.245.192.253 - - [08/Jun/2023:08:57:44 -0500] "GET /sipsepre/js/funciones.js HTTP/1.1" 200 12592
201.245.192.253 - - [08/Jun/2023:08:57:44 -0500] "GET /sipsepre/faces/javax.faces.resource/jquery/jquery.js?ln=primefaces&v=4.0 HTTP/1.1" 304 -
201.245.192.253 - - [08/Jun/2023:08:57:44 -0500] "GET /sipsepre/faces/javax.faces.resource/primefaces.css?ln=primefaces&v=4.0 HTTP/1.1" 200 53325
201.245.192.253 - - [08/Jun/2023:08:57:44 -0500] "GET /sipsepre/faces/javax.faces.resource/jquery/jquery-plugins.js?ln=primefaces&v=4.0 HTTP/1.1" 304 -
201.245.192.253 - - [08/Jun/2023:08:57:45 -0500] "GET /sipsepre/faces/javax.faces.resource/primefaces.js?ln=primefaces&v=4.0 HTTP/1.1" 304 -
201.245.192.253 - - [08/Jun/2023:08:57:45 -0500] "GET /sipsepre/faces/javax.faces.resource/layout/layout.js?ln=primefaces&v=4.0 HTTP/1.1" 304 -
201.245.192.253 - - [08/Jun/2023:08:57:45 -0500] "GET /sipsepre/faces/javax.faces.resource/images/ui-icons_898989_256x240.png?ln=primefaces-aristo HTTP/1.1" 200 5355
201.245.192.253 - - [08/Jun/2023:08:57:45 -0500] "GET /sipsepre/css/imagen/logoSDG.png HTTP/1.1" 200 53064
201.245.192.253 - - [08/Jun/2023:08:57:45 -0500] "GET /sipsepre/css/imagen/loginimg.png HTTP/1.1" 200 71635
172.22.2.4 - - [08/Jun/2023:08:58:02 -0500] "GET /BLA/boletinlegal/consulta_actos.php?tipo=autos&no=4522&usuario=&sector=&fecha=2018&resuelve= HTTP/1.1" 200 1085
201.245.192.253 - - [08/Jun/2023:08:58:06 -0500] "GET /BLA/resoluciones/AUTOS%202018/4522.pdf HTTP/1.1" 200 672307
172.22.2.4 - - [08/Jun/2023:08:58:27 -0500] "GET /BLA/boletinlegal/consulta_actos.php?tipo=autos&no=4523&usuario=&sector=&fecha=2018&resuelve= HTTP/1.1" 200 626
172.22.2.4 - - [08/Jun/2023:08:58:31 -0500] "GET /BLA/boletinlegal/consulta_actos.php?tipo=autos&no=4524&usuario=&sector=&fecha=2018&resuelve= HTTP/1.1" 200 626
172.22.2.4 - - [08/Jun/2023:08:58:37 -0500] "GET /BLA/boletinlegal/consulta_actos.php?tipo=autos&no=4524&usuario=&sector=&fecha=2018&resuelve= HTTP/1.1" 200 626
172.22.2.4 - - [08/Jun/2023:08:58:42 -0500] "GET /BLA/boletinlegal/consulta_actos.php?tipo=autos&no=4526&usuario=&sector=&fecha=2018&resuelve= HTTP/1.1" 200 626
172.22.2.4 - - [08/Jun/2023:08:58:42 -0500] "GET /BLA/boletinlegal/consulta_actos.php?tipo=autos&no=4526&usuario=&sector=&fecha=2018&resuelve= HTTP/1.1" 200 626
172.22.2.4 - - [08/Jun/2023:08:58:43 -0500] "GET /BLA/boletinlegal/consulta_actos.php?tipo=autos&no=4526&usuario=&sector=&fecha=2018&resuelve= HTTP/1.1" 200 626
172.22.2.4 - - [08/Jun/2023:08:58:43 -0500] "GET /BLA/boletinlegal/consulta_actos.php?tipo=autos&no=4526&usuario=&sector=&fecha=2018&resuelve= HTTP/1.1" 200 626
172.22.2.4 - - [08/Jun/2023:08:58:48 -0500] "GET /BLA/boletinlegal/consulta_actos.php?tipo=autos&no=4527&usuario=&sector=&fecha=2018&resuelve= HTTP/1.1" 200 626
172.22.2.4 - - [08/Jun/2023:08:58:48 -0500] "GET /BLA/boletinlegal/consulta_actos.php?tipo=autos&no=4527&usuario=&sector=&fecha=2018&resuelve= HTTP/1.1" 200 626
172.22.2.4 - - [08/Jun/2023:08:58:48 -0500] "GET /BLA/boletinlegal/consulta_actos.php?tipo=autos&no=4527&usuario=&sector=&fecha=2018&resuelve= HTTP/1.1" 200 626
172.22.2.4 - - [08/Jun/2023:08:58:49 -0500] "GET /BLA/boletinlegal/consulta_actos.php?tipo=autos&no=4527&usuario=&sector=&fecha=2018&resuelve= HTTP/1.1" 200 626
172.22.2.4 - - [08/Jun/2023:08:58:49 -0500] "GET /BLA/boletinlegal/consulta_actos.php?tipo=autos&no=4527&usuario=&sector=&fecha=2018&resuelve= HTTP/1.1" 200 626
172.22.2.4 - - [08/Jun/2023:08:58:54 -0500] "GET /BLA/boletinlegal/consulta_actos.php?tipo=autos&no=4528&usuario=&sector=&fecha=2018&resuelve= HTTP/1.1" 200 626
172.22.2.4 - - [08/Jun/2023:08:58:55 -0500] "GET /BLA/boletinlegal/consulta_actos.php?tipo=autos&no=4528&usuario=&sector=&fecha=2018&resuelve= HTTP/1.1" 200 626
172.22.2.4 - - [08/Jun/2023:08:58:55 -0500] "GET /BLA/boletinlegal/consulta_actos.php?tipo=autos&no=4528&usuario=&sector=&fecha=2018&resuelve= HTTP/1.1" 200 626
172.22.2.4 - - [08/Jun/2023:08:58:55 -0500] "GET /BLA/boletinlegal/consulta_actos.php?tipo=autos&no=4528&usuario=&sector=&fecha=2018&resuelve= HTTP/1.1" 200 626
172.22.2.4 - - [08/Jun/2023:08:59:00 -0500] "GET /BLA/boletinlegal/consulta_actos.php?tipo=autos&no=4529&usuario=&sector=&fecha=2018&resuelve= HTTP/1.1" 200 1043
201.245.192.253 - - [08/Jun/2023:08:59:03 -0500] "GET /BLA/resoluciones/AUTOS%202018/4529.pdf HTTP/1.1" 200 264456
95.116.60.247 - - [08/Jun/2023:08:59:38 -0500] "POST /sipse/faces/presentacion/contratacion/contratista/crearModificarContratista.xhtml HTTP/1.1" 200 36580
172.22.2.4 - - [08/Jun/2023:08:57:59 -0500] "HEAD /BLA/boletinlegal/ HTTP/1.1" 200 -
172.22.2.4 - - [08/Jun/2023:08:59:41 -0500] "GET /BLA/boletinlegal/consulta_actos.php?tipo=autos&no=4530&usuario=&sector=&fecha=2018&resuelve= HTTP/1.1" 200 626
186.84.88.119 - - [08/Jun/2023:08:59:46 -0500] "GET /distrito-alcanza-meta-de-1000-hectareas-ya-con-pagos-por-servicios-ambientales.html HTTP/1.1" 200 828
191.156.147.197 - - [08/Jun/2023:08:59:47 -0500] "GET /distrito-alcanza-meta-de-1000-hectareas-ya-con-pagos-por-servicios-ambientales.html HTTP/1.1" 304 -
172.22.2.4 - - [08/Jun/2023:08:59:47 -0500] "GET /BLA/boletinlegal/consulta_actos.php?tipo=autos&no=4531&usuario=&sector=&fecha=2018&resuelve= HTTP/1.1" 200 626
172.22.2.4 - - [08/Jun/2023:08:59:48 -0500] "GET /BLA/boletinlegal/consulta_actos.php?tipo=autos&no=4531&usuario=&sector=&fecha=2018&resuelve= HTTP/1.1" 200 626
172.22.2.4 - - [08/Jun/2023:08:59:48 -0500] "GET /BLA/boletinlegal/consulta_actos.php?tipo=autos&no=4531&usuario=&sector=&fecha=2018&resuelve= HTTP/1.1" 200 626
172.22.2.4 - - [08/Jun/2023:08:59:49 -0500] "GET /BLA/boletinlegal/consulta_actos.php?tipo=autos&no=4531&usuario=&sector=&fecha=2018&resuelve= HTTP/1.1" 200 626
172.22.2.4 - - [08/Jun/2023:08:59:49 -0500] "GET /BLA/boletinlegal/consulta_actos.php?tipo=autos&no=4531&usuario=&sector=&fecha=2018&resuelve= HTTP/1.1" 200 626
172.22.2.4 - - [08/Jun/2023:08:59:49 -0500] "GET /BLA/boletinlegal/consulta_actos.php?tipo=autos&no=4531&usuario=&sector=&fecha=2018&resuelve= HTTP/1.1" 200 626
216.245.221.92 - - [08/Jun/2023:08:59:51 -0500] "HEAD / HTTP/1.1" 200 -
172.22.2.4 - - [08/Jun/2023:08:59:55 -0500] "GET /BLA/boletinlegal/consulta_actos.php?tipo=autos&no=4532&usuario=&sector=&fecha=2018&resuelve= HTTP/1.1" 200 1120
201.245.192.253 - - [08/Jun/2023:08:59:58 -0500] "GET /BLA/resoluciones/AUTOS%202018/4532.pdf HTTP/1.1" 200 251694
186.84.22.63 - - [08/Jun/2023:09:00:06 -0500] "POST /sipse/faces/presentacion/financiero/solicitudProceso/consultarSolicitudProceso.xhtml HTTP/1.1" 200 32390
186.84.22.63 - - [08/Jun/2023:09:00:05 -0500] "POST /sipse/faces/presentacion/financiero/solicitudProceso/consultarSolicitudProceso.xhtml HTTP/1.1" 200 6086988
186.84.22.63 - - [08/Jun/2023:09:00:08 -0500] "POST /sipse/faces/presentacion/financiero/solicitudProceso/consultarSolicitudProceso.xhtml HTTP/1.1" 200 51276
186.84.22.63 - - [08/Jun/2023:09:00:09 -0500] "POST /sipse/faces/presentacion/financiero/solicitudProceso/consultarSolicitudProceso.xhtml HTTP/1.1" 200 61840
172.22.2.4 - - [08/Jun/2023:09:00:19 -0500] "GET /BLA/boletinlegal/consulta_actos.php?tipo=autos&no=4533&usuario=&sector=&fecha=2018&resuelve= HTTP/1.1" 200 626
95.116.60.247 - - [08/Jun/2023:09:00:23 -0500] "POST /sipse/faces/presentacion/contratacion/contratista/crearModificarContratista.xhtml HTTP/1.1" 200 4450
172.22.2.4 - - [08/Jun/2023:09:00:27 -0500] "GET /BLA/boletinlegal/consulta_actos.php?tipo=autos&no=4534&usuario=&sector=&fecha=2018&resuelve= HTTP/1.1" 200 1112
172.22.2.4 - - [08/Jun/2023:08:58:49 -0500] "GET /BLA/boletinlegal/ HTTP/1.1" 200 56754
201.245.192.253 - - [08/Jun/2023:09:00:30 -0500] "GET /BLA/resoluciones/AUTOS%202018/4534.pdf HTTP/1.1" 200 255685
190.130.98.188 - - [08/Jun/2023:09:00:47 -0500] "GET /distrito-alcanza-meta-de-1000-hectareas-ya-con-pagos-por-servicios-ambientales.html HTTP/1.1" 200 828
172.22.2.4 - - [08/Jun/2023:09:00:54 -0500] "GET /BLA/boletinlegal/consulta_actos.php?tipo=autos&no=4535&usuario=&sector=&fecha=2018&resuelve= HTTP/1.1" 200 626
213.186.1.246 - - [08/Jun/2023:09:00:55 -0500] "-" 408 -
191.95.89.175 - - [08/Jun/2023:09:01:05 -0500] "GET /distrito-alcanza-meta-de-1000-hectareas-ya-con-pagos-por-servicios-ambientales.html?fbclid=PAAabRu1oczowi3dqNK1f_ck3ZYK0_y1dH8X0eRLnvAuy_e7BmeNppwLZYCyA HTTP/1.1" 200 828
172.22.2.4 - - [08/Jun/2023:09:01:17 -0500] "GET /BLA/boletinlegal/consulta_actos.php?tipo=autos&no=4536&usuario=&sector=&fecha=2018&resuelve= HTTP/1.1" 200 1094
173.252.95.119 - - [08/Jun/2023:09:01:19 -0500] "GET /distrito-alcanza-meta-de-1000-hectareas-ya-con-pagos-por-servicios-ambientales.html HTTP/1.1" 200 828
201.244.142.228 - - [08/Jun/2023:09:01:20 -0500] "GET /distrito-alcanza-meta-de-1000-hectareas-ya-con-pagos-por-servicios-ambientales.html HTTP/1.1" 206 828
201.244.142.228 - - [08/Jun/2023:09:01:20 -0500] "GET /images/pago-por-servicios.jpeg HTTP/1.1" 206 93573
201.245.192.253 - - [08/Jun/2023:09:01:20 -0500] "GET /BLA/resoluciones/AUTOS%202018/4536.pdf HTTP/1.1" 200 251256
172.22.2.4 - - [08/Jun/2023:09:01:40 -0500] "GET /BLA/boletinlegal/consulta_actos.php?tipo=autos&no=4537&usuario=&sector=&fecha=2018&resuelve= HTTP/1.1" 200 626
172.22.2.4 - - [08/Jun/2023:09:01:48 -0500] "GET /BLA/boletinlegal/consulta_actos.php?tipo=autos&no=4538&usuario=&sector=&fecha=2018&resuelve= HTTP/1.1" 200 626
66.220.149.118 - - [08/Jun/2023:09:02:02 -0500] "GET /distrito-alcanza-meta-de-1000-hectareas-ya-con-pagos-por-servicios-ambientales.html?fbclid=IwAR1nrj6_MweNY7HZicgSBgCrTtL8ofAvsPK2xqd_1RB4_eB0zSgNWmWiQvo HTTP/1.1" 200 828
172.22.2.4 - - [08/Jun/2023:09:02:08 -0500] "GET /BLA/boletinlegal/consulta_actos.php?tipo=autos&no=4539&usuario=&sector=&fecha=2018&resuelve= HTTP/1.1" 200 626
172.22.2.4 - - [08/Jun/2023:09:02:08 -0500] "GET /BLA/boletinlegal/consulta_actos.php?tipo=autos&no=4539&usuario=&sector=&fecha=2018&resuelve= HTTP/1.1" 200 626
172.22.2.4 - - [08/Jun/2023:09:02:09 -0500] "GET /BLA/boletinlegal/consulta_actos.php?tipo=autos&no=4539&usuario=&sector=&fecha=2018&resuelve= HTTP/1.1" 200 626
172.22.2.4 - - [08/Jun/2023:09:02:09 -0500] "GET /BLA/boletinlegal/consulta_actos.php?tipo=autos&no=4539&usuario=&sector=&fecha=2018&resuelve= HTTP/1.1" 200 626
172.22.2.4 - - [08/Jun/2023:09:02:09 -0500] "GET /BLA/boletinlegal/consulta_actos.php?tipo=autos&no=4539&usuario=&sector=&fecha=2018&resuelve= HTTP/1.1" 200 626
95.116.60.247 - - [08/Jun/2023:09:02:09 -0500] "POST /sipse/faces/presentacion/contratacion/contratista/crearModificarContratista.xhtml HTTP/1.1" 200 34198
95.116.60.247 - - [08/Jun/2023:09:02:11 -0500] "GET /sipse/faces/javax.faces.resource/theme.css?ln=primefaces-sipse HTTP/1.1" 304 -
95.116.60.247 - - [08/Jun/2023:09:02:11 -0500] "GET /sipse/faces/javax.faces.resource/jquery/jquery.js?ln=primefaces&v=4.0 HTTP/1.1" 304 -
95.116.60.247 - - [08/Jun/2023:09:02:11 -0500] "GET /sipse/faces/javax.faces.resource/primefaces.css?ln=primefaces&v=4.0 HTTP/1.1" 304 -
95.116.60.247 - - [08/Jun/2023:09:02:11 -0500] "GET /sipse/faces/javax.faces.resource/layout/layout.css?ln=primefaces&v=4.0 HTTP/1.1" 304 -
95.116.60.247 - - [08/Jun/2023:09:02:11 -0500] "GET /sipse/faces/javax.faces.resource/jquery/jquery-plugins.js?ln=primefaces&v=4.0 HTTP/1.1" 304 -
95.116.60.247 - - [08/Jun/2023:09:02:11 -0500] "GET /sipse/faces/javax.faces.resource/primefaces.js?ln=primefaces&v=4.0 HTTP/1.1" 304 -
95.116.60.247 - - [08/Jun/2023:09:02:12 -0500] "GET /sipse/faces/javax.faces.resource/layout/layout.js?ln=primefaces&v=4.0 HTTP/1.1" 304 -
201.245.192.253 - - [08/Jun/2023:09:02:30 -0500] "POST /kwsrmcab/Wsrmcab  HTTP/1.1" 200 41606
95.116.60.247 - - [08/Jun/2023:09:02:34 -0500] "POST /sipse/faces/presentacion/contratacion/procesoContractual/registrarInvitacionContratista.xhtml HTTP/1.1" 200 40454
172.22.2.4 - - [08/Jun/2023:09:02:35 -0500] "GET /BLA/boletinlegal/consulta_actos.php?tipo=autos&no=4538&usuario=&sector=&fecha=2018&resuelve= HTTP/1.1" 200 626
95.116.60.247 - - [08/Jun/2023:09:02:35 -0500] "GET /sipse/faces/javax.faces.resource/theme.css?ln=primefaces-sipse HTTP/1.1" 304 -
95.116.60.247 - - [08/Jun/2023:09:02:35 -0500] "GET /sipse/faces/javax.faces.resource/primefaces.css?ln=primefaces&v=4.0 HTTP/1.1" 304 -
95.116.60.247 - - [08/Jun/2023:09:02:35 -0500] "GET /sipse/faces/javax.faces.resource/jquery/jquery.js?ln=primefaces&v=4.0 HTTP/1.1" 304 -
95.116.60.247 - - [08/Jun/2023:09:02:35 -0500] "GET /sipse/faces/javax.faces.resource/layout/layout.css?ln=primefaces&v=4.0 HTTP/1.1" 304 -
95.116.60.247 - - [08/Jun/2023:09:02:36 -0500] "GET /sipse/faces/javax.faces.resource/jquery/jquery-plugins.js?ln=primefaces&v=4.0 HTTP/1.1" 304 -
172.22.2.4 - - [08/Jun/2023:09:02:36 -0500] "GET /BLA/boletinlegal/consulta_actos.php?tipo=autos&no=4538&usuario=&sector=&fecha=2018&resuelve= HTTP/1.1" 200 626
95.116.60.247 - - [08/Jun/2023:09:02:36 -0500] "GET /sipse/faces/javax.faces.resource/primefaces.js?ln=primefaces&v=4.0 HTTP/1.1" 304 -
95.116.60.247 - - [08/Jun/2023:09:02:36 -0500] "GET /sipse/faces/javax.faces.resource/layout/layout.js?ln=primefaces&v=4.0 HTTP/1.1" 304 -
172.22.2.4 - - [08/Jun/2023:09:02:43 -0500] "GET /BLA/boletinlegal/consulta_actos.php?tipo=autos&no=4539&usuario=&sector=&fecha=2018&resuelve= HTTP/1.1" 200 626
172.22.2.4 - - [08/Jun/2023:09:02:43 -0500] "GET /BLA/boletinlegal/owa/auth/logon.aspx?url=https%3a%2f%2f1%2fecp%2f HTTP/1.1" 404 1018
172.22.2.4 - - [08/Jun/2023:09:02:43 -0500] "GET /BLA/boletinlegal/consulta_actos.php?tipo=autos&no=4539&usuario=&sector=&fecha=2018&resuelve= HTTP/1.1" 200 626
172.22.2.4 - - [08/Jun/2023:09:02:44 -0500] "GET /BLA/boletinlegal/consulta_actos.php?tipo=autos&no=4539&usuario=&sector=&fecha=2018&resuelve= HTTP/1.1" 200 626
172.22.2.4 - - [08/Jun/2023:09:02:44 -0500] "GET /BLA/boletinlegal/consulta_actos.php?tipo=autos&no=4539&usuario=&sector=&fecha=2018&resuelve= HTTP/1.1" 200 626
