200.118.64.109 - - [15/Jun/2023:07:26:15 -0500] "POST /forms/lservlet;jsessionid=ac16012b30d622de26b727ae48088932c39a307dc6d5.e3iSbxaKaheRe34Kc30KaNqQc41ynknvrkLOlQzNp65In0 HTTP/1.1" 200 15
200.118.64.109 - - [15/Jun/2023:07:26:24 -0500] "POST /forms/lservlet;jsessionid=ac16012b30d622de26b727ae48088932c39a307dc6d5.e3iSbxaKaheRe34Kc30KaNqQc41ynknvrkLOlQzNp65In0 HTTP/1.1" 200 15
200.118.64.109 - - [15/Jun/2023:07:26:33 -0500] "POST /forms/lservlet;jsessionid=ac16012b30d622de26b727ae48088932c39a307dc6d5.e3iSbxaKaheRe34Kc30KaNqQc41ynknvrkLOlQzNp65In0 HTTP/1.1" 200 15
200.118.64.109 - - [15/Jun/2023:07:26:42 -0500] "POST /forms/lservlet;jsessionid=ac16012b30d622de26b727ae48088932c39a307dc6d5.e3iSbxaKaheRe34Kc30KaNqQc41ynknvrkLOlQzNp65In0 HTTP/1.1" 200 15
200.118.64.109 - - [15/Jun/2023:07:26:51 -0500] "POST /forms/lservlet;jsessionid=ac16012b30d622de26b727ae48088932c39a307dc6d5.e3iSbxaKaheRe34Kc30KaNqQc41ynknvrkLOlQzNp65In0 HTTP/1.1" 200 15
200.118.64.109 - - [15/Jun/2023:07:27:00 -0500] "POST /forms/lservlet;jsessionid=ac16012b30d622de26b727ae48088932c39a307dc6d5.e3iSbxaKaheRe34Kc30KaNqQc41ynknvrkLOlQzNp65In0 HTTP/1.1" 200 15
200.118.64.109 - - [15/Jun/2023:07:27:09 -0500] "POST /forms/lservlet;jsessionid=ac16012b30d622de26b727ae48088932c39a307dc6d5.e3iSbxaKaheRe34Kc30KaNqQc41ynknvrkLOlQzNp65In0 HTTP/1.1" 200 15
200.118.64.109 - - [15/Jun/2023:07:27:18 -0500] "POST /forms/lservlet;jsessionid=ac16012b30d622de26b727ae48088932c39a307dc6d5.e3iSbxaKaheRe34Kc30KaNqQc41ynknvrkLOlQzNp65In0 HTTP/1.1" 200 15
200.118.64.109 - - [15/Jun/2023:07:27:27 -0500] "POST /forms/lservlet;jsessionid=ac16012b30d622de26b727ae48088932c39a307dc6d5.e3iSbxaKaheRe34Kc30KaNqQc41ynknvrkLOlQzNp65In0 HTTP/1.1" 200 15
200.118.64.109 - - [15/Jun/2023:07:27:36 -0500] "POST /forms/lservlet;jsessionid=ac16012b30d622de26b727ae48088932c39a307dc6d5.e3iSbxaKaheRe34Kc30KaNqQc41ynknvrkLOlQzNp65In0 HTTP/1.1" 200 15
200.118.64.109 - - [15/Jun/2023:07:27:45 -0500] "POST /forms/lservlet;jsessionid=ac16012b30d622de26b727ae48088932c39a307dc6d5.e3iSbxaKaheRe34Kc30KaNqQc41ynknvrkLOlQzNp65In0 HTTP/1.1" 200 15
200.118.64.109 - - [15/Jun/2023:07:27:54 -0500] "POST /forms/lservlet;jsessionid=ac16012b30d622de26b727ae48088932c39a307dc6d5.e3iSbxaKaheRe34Kc30KaNqQc41ynknvrkLOlQzNp65In0 HTTP/1.1" 200 15
200.118.64.109 - - [15/Jun/2023:07:28:03 -0500] "POST /forms/lservlet;jsessionid=ac16012b30d622de26b727ae48088932c39a307dc6d5.e3iSbxaKaheRe34Kc30KaNqQc41ynknvrkLOlQzNp65In0 HTTP/1.1" 200 15
201.245.192.253 - - [15/Jun/2023:07:28:11 -0500] "POST /kwsrmcab/Wsrmcab  HTTP/1.1" 200 40957
200.118.64.109 - - [15/Jun/2023:07:28:13 -0500] "POST /forms/lservlet;jsessionid=ac16012b30d622de26b727ae48088932c39a307dc6d5.e3iSbxaKaheRe34Kc30KaNqQc41ynknvrkLOlQzNp65In0 HTTP/1.1" 200 15
200.118.64.109 - - [15/Jun/2023:07:28:22 -0500] "POST /forms/lservlet;jsessionid=ac16012b30d622de26b727ae48088932c39a307dc6d5.e3iSbxaKaheRe34Kc30KaNqQc41ynknvrkLOlQzNp65In0 HTTP/1.1" 200 15
200.118.64.109 - - [15/Jun/2023:07:28:31 -0500] "POST /forms/lservlet;jsessionid=ac16012b30d622de26b727ae48088932c39a307dc6d5.e3iSbxaKaheRe34Kc30KaNqQc41ynknvrkLOlQzNp65In0 HTTP/1.1" 200 15
200.118.64.109 - - [15/Jun/2023:07:28:40 -0500] "POST /forms/lservlet;jsessionid=ac16012b30d622de26b727ae48088932c39a307dc6d5.e3iSbxaKaheRe34Kc30KaNqQc41ynknvrkLOlQzNp65In0 HTTP/1.1" 200 15
200.118.64.109 - - [15/Jun/2023:07:28:49 -0500] "POST /forms/lservlet;jsessionid=ac16012b30d622de26b727ae48088932c39a307dc6d5.e3iSbxaKaheRe34Kc30KaNqQc41ynknvrkLOlQzNp65In0 HTTP/1.1" 200 15
200.118.64.109 - - [15/Jun/2023:07:28:58 -0500] "POST /forms/lservlet;jsessionid=ac16012b30d622de26b727ae48088932c39a307dc6d5.e3iSbxaKaheRe34Kc30KaNqQc41ynknvrkLOlQzNp65In0 HTTP/1.1" 200 15
200.118.64.109 - - [15/Jun/2023:07:29:07 -0500] "POST /forms/lservlet;jsessionid=ac16012b30d622de26b727ae48088932c39a307dc6d5.e3iSbxaKaheRe34Kc30KaNqQc41ynknvrkLOlQzNp65In0 HTTP/1.1" 200 15
52.167.144.25 - - [15/Jun/2023:07:29:13 -0500] "GET /BLA/resoluciones/AUTOS%202018/6653.pdf HTTP/1.1" 200 291249
52.167.144.25 - - [15/Jun/2023:07:29:15 -0500] "GET /BLA/resoluciones/AUTOS%202021/0524.pdf HTTP/1.1" 304 -
52.167.144.25 - - [15/Jun/2023:07:29:15 -0500] "GET /BLA/resoluciones/AUTOS%202021/0090.pdf HTTP/1.1" 304 -
200.118.64.109 - - [15/Jun/2023:07:29:16 -0500] "POST /forms/lservlet;jsessionid=ac16012b30d622de26b727ae48088932c39a307dc6d5.e3iSbxaKaheRe34Kc30KaNqQc41ynknvrkLOlQzNp65In0 HTTP/1.1" 200 15
200.118.64.109 - - [15/Jun/2023:07:29:25 -0500] "POST /forms/lservlet;jsessionid=ac16012b30d622de26b727ae48088932c39a307dc6d5.e3iSbxaKaheRe34Kc30KaNqQc41ynknvrkLOlQzNp65In0 HTTP/1.1" 200 15
200.118.64.109 - - [15/Jun/2023:07:29:34 -0500] "POST /forms/lservlet;jsessionid=ac16012b30d622de26b727ae48088932c39a307dc6d5.e3iSbxaKaheRe34Kc30KaNqQc41ynknvrkLOlQzNp65In0 HTTP/1.1" 200 15
200.118.64.109 - - [15/Jun/2023:07:29:43 -0500] "POST /forms/lservlet;jsessionid=ac16012b30d622de26b727ae48088932c39a307dc6d5.e3iSbxaKaheRe34Kc30KaNqQc41ynknvrkLOlQzNp65In0 HTTP/1.1" 200 15
200.118.64.109 - - [15/Jun/2023:07:29:52 -0500] "POST /forms/lservlet;jsessionid=ac16012b30d622de26b727ae48088932c39a307dc6d5.e3iSbxaKaheRe34Kc30KaNqQc41ynknvrkLOlQzNp65In0 HTTP/1.1" 200 15
200.118.64.109 - - [15/Jun/2023:07:30:01 -0500] "POST /forms/lservlet;jsessionid=ac16012b30d622de26b727ae48088932c39a307dc6d5.e3iSbxaKaheRe34Kc30KaNqQc41ynknvrkLOlQzNp65In0 HTTP/1.1" 200 15
200.118.64.109 - - [15/Jun/2023:07:30:10 -0500] "POST /forms/lservlet;jsessionid=ac16012b30d622de26b727ae48088932c39a307dc6d5.e3iSbxaKaheRe34Kc30KaNqQc41ynknvrkLOlQzNp65In0 HTTP/1.1" 200 15
200.118.64.109 - - [15/Jun/2023:07:30:20 -0500] "POST /forms/lservlet;jsessionid=ac16012b30d622de26b727ae48088932c39a307dc6d5.e3iSbxaKaheRe34Kc30KaNqQc41ynknvrkLOlQzNp65In0 HTTP/1.1" 200 15
66.249.73.67 - - [15/Jun/2023:07:30:23 -0500] "-" 408 -
200.118.64.109 - - [15/Jun/2023:07:30:29 -0500] "POST /forms/lservlet;jsessionid=ac16012b30d622de26b727ae48088932c39a307dc6d5.e3iSbxaKaheRe34Kc30KaNqQc41ynknvrkLOlQzNp65In0 HTTP/1.1" 200 15
186.102.31.135 - - [15/Jun/2023:07:30:34 -0500] "-" 408 -
186.102.31.135 - - [15/Jun/2023:07:30:34 -0500] "-" 408 -
201.245.192.253 - - [15/Jun/2023:07:30:34 -0500] "POST /kwsrmcab/Wsrmcab HTTP/1.1" 200 43382
216.245.221.92 - - [15/Jun/2023:07:30:37 -0500] "HEAD / HTTP/1.1" 200 -
200.118.64.109 - - [15/Jun/2023:07:30:38 -0500] "POST /forms/lservlet;jsessionid=ac16012b30d622de26b727ae48088932c39a307dc6d5.e3iSbxaKaheRe34Kc30KaNqQc41ynknvrkLOlQzNp65In0 HTTP/1.1" 200 15
201.245.192.253 - - [15/Jun/2023:07:30:38 -0500] "POST /kwsrmcab/Wsrmcab HTTP/1.1" 200 39600
200.118.64.109 - - [15/Jun/2023:07:30:47 -0500] "POST /forms/lservlet;jsessionid=ac16012b30d622de26b727ae48088932c39a307dc6d5.e3iSbxaKaheRe34Kc30KaNqQc41ynknvrkLOlQzNp65In0 HTTP/1.1" 200 15
172.22.2.4 - - [15/Jun/2023:07:30:56 -0500] "GET /BLA/boletinlegal/images/screen_2.png HTTP/1.1" 200 362502
172.22.2.4 - - [15/Jun/2023:07:30:56 -0500] "GET /BLA/boletinlegal/images/screen_5.png HTTP/1.1" 200 368876
172.22.2.4 - - [15/Jun/2023:07:30:56 -0500] "GET /BLA/boletinlegal/images/screen_3.png HTTP/1.1" 200 210620
172.22.2.4 - - [15/Jun/2023:07:30:57 -0500] "GET /BLA/boletinlegal/images/arr_r.jpg HTTP/1.1" 200 1998
200.118.64.109 - - [15/Jun/2023:07:30:56 -0500] "POST /forms/lservlet;jsessionid=ac16012b30d622de26b727ae48088932c39a307dc6d5.e3iSbxaKaheRe34Kc30KaNqQc41ynknvrkLOlQzNp65In0 HTTP/1.1" 200 15
172.22.2.4 - - [15/Jun/2023:07:31:01 -0500] "GET /BLA/boletinlegal/actos.php HTTP/1.1" 200 9682
172.22.2.4 - - [15/Jun/2023:07:29:21 -0500] "HEAD /BLA/boletinlegal/ HTTP/1.1" 200 -
172.22.2.4 - - [15/Jun/2023:07:31:01 -0500] "GET /BLA/boletinlegal/favicon.ico HTTP/1.1" 404 1326
190.145.240.154 - - [15/Jun/2023:07:31:06 -0500] "GET /BLA/resoluciones/ HTTP/1.1" 200 13502
200.118.64.109 - - [15/Jun/2023:07:31:05 -0500] "POST /forms/lservlet;jsessionid=ac16012b30d622de26b727ae48088932c39a307dc6d5.e3iSbxaKaheRe34Kc30KaNqQc41ynknvrkLOlQzNp65In0 HTTP/1.1" 200 15
190.145.240.154 - - [15/Jun/2023:07:31:10 -0500] "GET /BLA/resoluciones/index.php?dir=RESOLUCIONES+2022%2F HTTP/1.1" 200 307872
200.118.64.109 - - [15/Jun/2023:07:31:14 -0500] "POST /forms/lservlet;jsessionid=ac16012b30d622de26b727ae48088932c39a307dc6d5.e3iSbxaKaheRe34Kc30KaNqQc41ynknvrkLOlQzNp65In0 HTTP/1.1" 200 15
190.145.240.154 - - [15/Jun/2023:07:31:20 -0500] "GET /BLA/resoluciones/RESOLUCIONES%202022/4124.pdf HTTP/1.1" 200 532220
200.118.64.109 - - [15/Jun/2023:07:31:23 -0500] "POST /forms/lservlet;jsessionid=ac16012b30d622de26b727ae48088932c39a307dc6d5.e3iSbxaKaheRe34Kc30KaNqQc41ynknvrkLOlQzNp65In0 HTTP/1.1" 200 15
200.118.64.109 - - [15/Jun/2023:07:31:32 -0500] "POST /forms/lservlet;jsessionid=ac16012b30d622de26b727ae48088932c39a307dc6d5.e3iSbxaKaheRe34Kc30KaNqQc41ynknvrkLOlQzNp65In0 HTTP/1.1" 200 15
172.22.2.4 - - [15/Jun/2023:07:30:45 -0500] "GET /BLA/boletinlegal/ HTTP/1.1" 200 32715
200.118.64.109 - - [15/Jun/2023:07:31:41 -0500] "POST /forms/lservlet;jsessionid=ac16012b30d622de26b727ae48088932c39a307dc6d5.e3iSbxaKaheRe34Kc30KaNqQc41ynknvrkLOlQzNp65In0 HTTP/1.1" 200 15
200.118.64.109 - - [15/Jun/2023:07:31:50 -0500] "POST /forms/lservlet;jsessionid=ac16012b30d622de26b727ae48088932c39a307dc6d5.e3iSbxaKaheRe34Kc30KaNqQc41ynknvrkLOlQzNp65In0 HTTP/1.1" 200 15
172.22.2.4 - - [15/Jun/2023:07:30:12 -0500] "GET /BLA/boletinlegal/ HTTP/1.1" 200 54453
200.118.64.109 - - [15/Jun/2023:07:31:59 -0500] "POST /forms/lservlet;jsessionid=ac16012b30d622de26b727ae48088932c39a307dc6d5.e3iSbxaKaheRe34Kc30KaNqQc41ynknvrkLOlQzNp65In0 HTTP/1.1" 200 15
200.118.64.109 - - [15/Jun/2023:07:32:08 -0500] "POST /forms/lservlet;jsessionid=ac16012b30d622de26b727ae48088932c39a307dc6d5.e3iSbxaKaheRe34Kc30KaNqQc41ynknvrkLOlQzNp65In0 HTTP/1.1" 200 15
52.167.144.158 - - [15/Jun/2023:07:32:16 -0500] "GET /BLA/resoluciones/RESOLUCIONES%202020/1407.pdf HTTP/1.1" 200 347473
200.118.64.109 - - [15/Jun/2023:07:32:17 -0500] "POST /forms/lservlet;jsessionid=ac16012b30d622de26b727ae48088932c39a307dc6d5.e3iSbxaKaheRe34Kc30KaNqQc41ynknvrkLOlQzNp65In0 HTTP/1.1" 200 15
40.77.167.97 - - [15/Jun/2023:07:32:23 -0500] "GET /BLA/resoluciones/AUTOS%202019/2219.pdf HTTP/1.1" 200 342853
200.118.64.109 - - [15/Jun/2023:07:32:26 -0500] "POST /forms/lservlet;jsessionid=ac16012b30d622de26b727ae48088932c39a307dc6d5.e3iSbxaKaheRe34Kc30KaNqQc41ynknvrkLOlQzNp65In0 HTTP/1.1" 200 15
200.118.64.109 - - [15/Jun/2023:07:32:35 -0500] "POST /forms/lservlet;jsessionid=ac16012b30d622de26b727ae48088932c39a307dc6d5.e3iSbxaKaheRe34Kc30KaNqQc41ynknvrkLOlQzNp65In0 HTTP/1.1" 200 15
52.167.144.25 - - [15/Jun/2023:07:32:45 -0500] "GET /BLA/resoluciones/AUTOS%202021/5468.pdf HTTP/1.1" 304 -
200.118.64.109 - - [15/Jun/2023:07:32:45 -0500] "POST /forms/lservlet;jsessionid=ac16012b30d622de26b727ae48088932c39a307dc6d5.e3iSbxaKaheRe34Kc30KaNqQc41ynknvrkLOlQzNp65In0 HTTP/1.1" 200 15
200.118.64.109 - - [15/Jun/2023:07:32:54 -0500] "POST /forms/lservlet;jsessionid=ac16012b30d622de26b727ae48088932c39a307dc6d5.e3iSbxaKaheRe34Kc30KaNqQc41ynknvrkLOlQzNp65In0 HTTP/1.1" 200 15
200.118.64.109 - - [15/Jun/2023:07:33:03 -0500] "POST /forms/lservlet;jsessionid=ac16012b30d622de26b727ae48088932c39a307dc6d5.e3iSbxaKaheRe34Kc30KaNqQc41ynknvrkLOlQzNp65In0 HTTP/1.1" 200 15
173.252.127.7 - - [15/Jun/2023:07:33:07 -0500] "GET /images/Rmasar%2018%20de%20febrero%20Grupo.jpg HTTP/1.1" 200 68398
201.245.192.253 - - [15/Jun/2023:07:33:09 -0500] "POST /kwsrmcab/Wsrmcab  HTTP/1.1" 200 40957
200.118.64.109 - - [15/Jun/2023:07:33:12 -0500] "POST /forms/lservlet;jsessionid=ac16012b30d622de26b727ae48088932c39a307dc6d5.e3iSbxaKaheRe34Kc30KaNqQc41ynknvrkLOlQzNp65In0 HTTP/1.1" 200 15
200.118.64.109 - - [15/Jun/2023:07:33:21 -0500] "POST /forms/lservlet;jsessionid=ac16012b30d622de26b727ae48088932c39a307dc6d5.e3iSbxaKaheRe34Kc30KaNqQc41ynknvrkLOlQzNp65In0 HTTP/1.1" 200 15
200.118.64.109 - - [15/Jun/2023:07:33:30 -0500] "POST /forms/lservlet;jsessionid=ac16012b30d622de26b727ae48088932c39a307dc6d5.e3iSbxaKaheRe34Kc30KaNqQc41ynknvrkLOlQzNp65In0 HTTP/1.1" 200 15
200.118.64.109 - - [15/Jun/2023:07:33:39 -0500] "POST /forms/lservlet;jsessionid=ac16012b30d622de26b727ae48088932c39a307dc6d5.e3iSbxaKaheRe34Kc30KaNqQc41ynknvrkLOlQzNp65In0 HTTP/1.1" 200 15
173.252.79.6 - - [15/Jun/2023:07:33:43 -0500] "GET /images/camino-cerros-orientales-guadalupe.jpg HTTP/1.1" 200 68101
200.118.64.109 - - [15/Jun/2023:07:33:48 -0500] "POST /forms/lservlet;jsessionid=ac16012b30d622de26b727ae48088932c39a307dc6d5.e3iSbxaKaheRe34Kc30KaNqQc41ynknvrkLOlQzNp65In0 HTTP/1.1" 200 15
200.118.64.109 - - [15/Jun/2023:07:33:57 -0500] "POST /forms/lservlet;jsessionid=ac16012b30d622de26b727ae48088932c39a307dc6d5.e3iSbxaKaheRe34Kc30KaNqQc41ynknvrkLOlQzNp65In0 HTTP/1.1" 200 15
200.118.64.109 - - [15/Jun/2023:07:34:06 -0500] "POST /forms/lservlet;jsessionid=ac16012b30d622de26b727ae48088932c39a307dc6d5.e3iSbxaKaheRe34Kc30KaNqQc41ynknvrkLOlQzNp65In0 HTTP/1.1" 200 15
200.118.64.109 - - [15/Jun/2023:07:34:15 -0500] "POST /forms/lservlet;jsessionid=ac16012b30d622de26b727ae48088932c39a307dc6d5.e3iSbxaKaheRe34Kc30KaNqQc41ynknvrkLOlQzNp65In0 HTTP/1.1" 200 15
173.252.107.5 - - [15/Jun/2023:07:34:22 -0500] "HEAD /serpiente-sabanera-pone-huevos-en-area-protegida-de-bogota.html HTTP/1.1" 206 -
200.118.64.109 - - [15/Jun/2023:07:34:24 -0500] "POST /forms/lservlet;jsessionid=ac16012b30d622de26b727ae48088932c39a307dc6d5.e3iSbxaKaheRe34Kc30KaNqQc41ynknvrkLOlQzNp65In0 HTTP/1.1" 200 15
200.118.64.109 - - [15/Jun/2023:07:34:33 -0500] "POST /forms/lservlet;jsessionid=ac16012b30d622de26b727ae48088932c39a307dc6d5.e3iSbxaKaheRe34Kc30KaNqQc41ynknvrkLOlQzNp65In0 HTTP/1.1" 200 15
200.118.64.109 - - [15/Jun/2023:07:34:42 -0500] "POST /forms/lservlet;jsessionid=ac16012b30d622de26b727ae48088932c39a307dc6d5.e3iSbxaKaheRe34Kc30KaNqQc41ynknvrkLOlQzNp65In0 HTTP/1.1" 200 15
200.118.64.109 - - [15/Jun/2023:07:34:52 -0500] "POST /forms/lservlet;jsessionid=ac16012b30d622de26b727ae48088932c39a307dc6d5.e3iSbxaKaheRe34Kc30KaNqQc41ynknvrkLOlQzNp65In0 HTTP/1.1" 200 15
200.118.64.109 - - [15/Jun/2023:07:35:01 -0500] "POST /forms/lservlet;jsessionid=ac16012b30d622de26b727ae48088932c39a307dc6d5.e3iSbxaKaheRe34Kc30KaNqQc41ynknvrkLOlQzNp65In0 HTTP/1.1" 200 15
200.118.64.109 - - [15/Jun/2023:07:35:10 -0500] "POST /forms/lservlet;jsessionid=ac16012b30d622de26b727ae48088932c39a307dc6d5.e3iSbxaKaheRe34Kc30KaNqQc41ynknvrkLOlQzNp65In0 HTTP/1.1" 200 15
200.118.64.109 - - [15/Jun/2023:07:35:19 -0500] "POST /forms/lservlet;jsessionid=ac16012b30d622de26b727ae48088932c39a307dc6d5.e3iSbxaKaheRe34Kc30KaNqQc41ynknvrkLOlQzNp65In0 HTTP/1.1" 200 15
200.118.64.109 - - [15/Jun/2023:07:35:28 -0500] "POST /forms/lservlet;jsessionid=ac16012b30d622de26b727ae48088932c39a307dc6d5.e3iSbxaKaheRe34Kc30KaNqQc41ynknvrkLOlQzNp65In0 HTTP/1.1" 200 15
216.245.221.92 - - [15/Jun/2023:07:35:37 -0500] "HEAD / HTTP/1.1" 200 -
200.118.64.109 - - [15/Jun/2023:07:35:37 -0500] "POST /forms/lservlet;jsessionid=ac16012b30d622de26b727ae48088932c39a307dc6d5.e3iSbxaKaheRe34Kc30KaNqQc41ynknvrkLOlQzNp65In0 HTTP/1.1" 200 15
200.118.64.109 - - [15/Jun/2023:07:35:46 -0500] "POST /forms/lservlet;jsessionid=ac16012b30d622de26b727ae48088932c39a307dc6d5.e3iSbxaKaheRe34Kc30KaNqQc41ynknvrkLOlQzNp65In0 HTTP/1.1" 200 15
200.118.64.109 - - [15/Jun/2023:07:35:55 -0500] "POST /forms/lservlet;jsessionid=ac16012b30d622de26b727ae48088932c39a307dc6d5.e3iSbxaKaheRe34Kc30KaNqQc41ynknvrkLOlQzNp65In0 HTTP/1.1" 200 15
200.118.64.109 - - [15/Jun/2023:07:36:04 -0500] "POST /forms/lservlet;jsessionid=ac16012b30d622de26b727ae48088932c39a307dc6d5.e3iSbxaKaheRe34Kc30KaNqQc41ynknvrkLOlQzNp65In0 HTTP/1.1" 200 15
200.118.64.109 - - [15/Jun/2023:07:36:13 -0500] "POST /forms/lservlet;jsessionid=ac16012b30d622de26b727ae48088932c39a307dc6d5.e3iSbxaKaheRe34Kc30KaNqQc41ynknvrkLOlQzNp65In0 HTTP/1.1" 200 15
200.118.64.109 - - [15/Jun/2023:07:36:22 -0500] "POST /forms/lservlet;jsessionid=ac16012b30d622de26b727ae48088932c39a307dc6d5.e3iSbxaKaheRe34Kc30KaNqQc41ynknvrkLOlQzNp65In0 HTTP/1.1" 200 15
200.118.64.109 - - [15/Jun/2023:07:36:31 -0500] "POST /forms/lservlet;jsessionid=ac16012b30d622de26b727ae48088932c39a307dc6d5.e3iSbxaKaheRe34Kc30KaNqQc41ynknvrkLOlQzNp65In0 HTTP/1.1" 200 15
201.245.192.253 - - [15/Jun/2023:07:36:35 -0500] "GET /appsia/controlador HTTP/1.1" 200 4799
201.245.192.253 - - [15/Jun/2023:07:36:35 -0500] "GET /appsia/css/estilos.css HTTP/1.1" 200 4804
201.245.192.253 - - [15/Jun/2023:07:36:35 -0500] "GET /appsia/scripts/validarIngreso.js HTTP/1.1" 200 851
201.245.192.253 - - [15/Jun/2023:07:36:35 -0500] "GET /appsia/images/logo_bogota_p.png HTTP/1.1" 200 14951
201.245.192.253 - - [15/Jun/2023:07:36:35 -0500] "GET /appsia/images/cabezoteHojaVida.png HTTP/1.1" 200 32493
201.245.192.253 - - [15/Jun/2023:07:36:36 -0500] "GET /favicon.ico HTTP/1.1" 200 7782
200.118.64.109 - - [15/Jun/2023:07:36:40 -0500] "POST /forms/lservlet;jsessionid=ac16012b30d622de26b727ae48088932c39a307dc6d5.e3iSbxaKaheRe34Kc30KaNqQc41ynknvrkLOlQzNp65In0 HTTP/1.1" 200 15
201.245.192.253 - - [15/Jun/2023:07:36:44 -0500] "POST /appsia/controlador HTTP/1.1" 200 5437
201.245.192.253 - - [15/Jun/2023:07:36:46 -0500] "POST /appsia/controlador HTTP/1.1" 200 7777
201.245.192.253 - - [15/Jun/2023:07:36:49 -0500] "POST /appsia/controlador HTTP/1.1" 200 6642
200.118.64.109 - - [15/Jun/2023:07:36:49 -0500] "POST /forms/lservlet;jsessionid=ac16012b30d622de26b727ae48088932c39a307dc6d5.e3iSbxaKaheRe34Kc30KaNqQc41ynknvrkLOlQzNp65In0 HTTP/1.1" 200 15
172.22.2.4 - - [15/Jun/2023:07:35:11 -0500] "HEAD /BLA/boletinlegal/ HTTP/1.1" 200 -
201.245.192.253 - - [15/Jun/2023:07:36:54 -0500] "GET /appsia/controlador?comando=ingresarMenuPrincipal&id=80771465&funcionario=HAMES+ALEXIS+ARIAS+VELEZ&desde=80771465&hasta=80771465&version=80771465&accion=Regresar HTTP/1.1" 200 5437
200.118.64.109 - - [15/Jun/2023:07:36:58 -0500] "POST /forms/lservlet;jsessionid=ac16012b30d622de26b727ae48088932c39a307dc6d5.e3iSbxaKaheRe34Kc30KaNqQc41ynknvrkLOlQzNp65In0 HTTP/1.1" 200 15
200.118.64.109 - - [15/Jun/2023:07:37:07 -0500] "POST /forms/lservlet;jsessionid=ac16012b30d622de26b727ae48088932c39a307dc6d5.e3iSbxaKaheRe34Kc30KaNqQc41ynknvrkLOlQzNp65In0 HTTP/1.1" 200 15
201.245.192.253 - - [15/Jun/2023:07:37:11 -0500] "GET /appsia/controlador HTTP/1.1" 200 4799
201.245.192.253 - - [15/Jun/2023:07:37:11 -0500] "GET /appsia/css/estilos.css HTTP/1.1" 200 4804
201.245.192.253 - - [15/Jun/2023:07:37:11 -0500] "GET /appsia/scripts/validarIngreso.js HTTP/1.1" 200 851
201.245.192.253 - - [15/Jun/2023:07:37:11 -0500] "GET /appsia/images/cabezoteHojaVida.png HTTP/1.1" 200 32493
201.245.192.253 - - [15/Jun/2023:07:37:11 -0500] "GET /appsia/images/logo_bogota_p.png HTTP/1.1" 200 14951
201.245.192.253 - - [15/Jun/2023:07:37:16 -0500] "POST /appsia/controlador HTTP/1.1" 200 5437
201.245.192.253 - - [15/Jun/2023:07:37:17 -0500] "POST /appsia/controlador HTTP/1.1" 200 7799
200.118.64.109 - - [15/Jun/2023:07:37:17 -0500] "POST /forms/lservlet;jsessionid=ac16012b30d622de26b727ae48088932c39a307dc6d5.e3iSbxaKaheRe34Kc30KaNqQc41ynknvrkLOlQzNp65In0 HTTP/1.1" 200 15
201.245.192.253 - - [15/Jun/2023:07:37:19 -0500] "POST /appsia/controlador HTTP/1.1" 200 6664
201.245.192.253 - - [15/Jun/2023:07:37:20 -0500] "POST /appsia/controlador HTTP/1.1" 200 9910
201.245.192.253 - - [15/Jun/2023:07:37:23 -0500] "POST /appsia/controlador HTTP/1.1" 200 75750
200.118.64.109 - - [15/Jun/2023:07:37:26 -0500] "POST /forms/lservlet;jsessionid=ac16012b30d622de26b727ae48088932c39a307dc6d5.e3iSbxaKaheRe34Kc30KaNqQc41ynknvrkLOlQzNp65In0 HTTP/1.1" 200 15
200.118.64.109 - - [15/Jun/2023:07:37:35 -0500] "POST /forms/lservlet;jsessionid=ac16012b30d622de26b727ae48088932c39a307dc6d5.e3iSbxaKaheRe34Kc30KaNqQc41ynknvrkLOlQzNp65In0 HTTP/1.1" 200 15
201.245.192.253 - - [15/Jun/2023:07:37:36 -0500] "POST /appsia/controlador HTTP/1.1" 200 75750
172.22.2.4 - - [15/Jun/2023:07:36:02 -0500] "GET /BLA/boletinlegal/ HTTP/1.1" 200 57680
200.118.64.109 - - [15/Jun/2023:07:37:44 -0500] "POST /forms/lservlet;jsessionid=ac16012b30d622de26b727ae48088932c39a307dc6d5.e3iSbxaKaheRe34Kc30KaNqQc41ynknvrkLOlQzNp65In0 HTTP/1.1" 200 15
201.245.192.253 - - [15/Jun/2023:07:37:51 -0500] "POST /appsia/controlador HTTP/1.1" 200 75750
186.102.41.41 - - [15/Jun/2023:07:37:53 -0500] "GET /appsia/controlador HTTP/1.1" 200 4799
186.102.41.41 - - [15/Jun/2023:07:37:53 -0500] "GET /appsia/css/estilos.css HTTP/1.1" 200 4804
186.102.41.41 - - [15/Jun/2023:07:37:53 -0500] "GET /appsia/scripts/validarIngreso.js HTTP/1.1" 200 851
186.102.41.41 - - [15/Jun/2023:07:37:53 -0500] "GET /appsia/images/cabezoteHojaVida.png HTTP/1.1" 200 32493
186.102.41.41 - - [15/Jun/2023:07:37:53 -0500] "GET /appsia/images/logo_bogota_p.png HTTP/1.1" 200 14951
186.102.41.41 - - [15/Jun/2023:07:37:54 -0500] "GET /favicon.ico HTTP/1.1" 200 7782
200.118.64.109 - - [15/Jun/2023:07:37:53 -0500] "POST /forms/lservlet;jsessionid=ac16012b30d622de26b727ae48088932c39a307dc6d5.e3iSbxaKaheRe34Kc30KaNqQc41ynknvrkLOlQzNp65In0 HTTP/1.1" 200 15
200.118.64.109 - - [15/Jun/2023:07:38:02 -0500] "POST /forms/lservlet;jsessionid=ac16012b30d622de26b727ae48088932c39a307dc6d5.e3iSbxaKaheRe34Kc30KaNqQc41ynknvrkLOlQzNp65In0 HTTP/1.1" 200 15
186.102.41.41 - - [15/Jun/2023:07:38:09 -0500] "POST /appsia/controlador HTTP/1.1" 200 5437
201.245.192.253 - - [15/Jun/2023:07:38:08 -0500] "POST /kwsrmcab/Wsrmcab  HTTP/1.1" 200 40957
200.118.64.109 - - [15/Jun/2023:07:38:11 -0500] "POST /forms/lservlet;jsessionid=ac16012b30d622de26b727ae48088932c39a307dc6d5.e3iSbxaKaheRe34Kc30KaNqQc41ynknvrkLOlQzNp65In0 HTTP/1.1" 200 15
186.102.41.41 - - [15/Jun/2023:07:38:17 -0500] "POST /appsia/controlador HTTP/1.1" 200 7769
200.118.64.109 - - [15/Jun/2023:07:38:20 -0500] "POST /forms/lservlet;jsessionid=ac16012b30d622de26b727ae48088932c39a307dc6d5.e3iSbxaKaheRe34Kc30KaNqQc41ynknvrkLOlQzNp65In0 HTTP/1.1" 200 15
186.102.41.41 - - [15/Jun/2023:07:38:24 -0500] "POST /appsia/controlador HTTP/1.1" 200 6630
186.102.41.41 - - [15/Jun/2023:07:38:28 -0500] "POST /appsia/controlador HTTP/1.1" 200 13318
200.118.64.109 - - [15/Jun/2023:07:38:29 -0500] "POST /forms/lservlet;jsessionid=ac16012b30d622de26b727ae48088932c39a307dc6d5.e3iSbxaKaheRe34Kc30KaNqQc41ynknvrkLOlQzNp65In0 HTTP/1.1" 200 15
66.249.73.67 - - [15/Jun/2023:07:38:34 -0500] "-" 408 -
200.118.64.109 - - [15/Jun/2023:07:38:38 -0500] "POST /forms/lservlet;jsessionid=ac16012b30d622de26b727ae48088932c39a307dc6d5.e3iSbxaKaheRe34Kc30KaNqQc41ynknvrkLOlQzNp65In0 HTTP/1.1" 200 15
200.118.64.109 - - [15/Jun/2023:07:38:47 -0500] "POST /forms/lservlet;jsessionid=ac16012b30d622de26b727ae48088932c39a307dc6d5.e3iSbxaKaheRe34Kc30KaNqQc41ynknvrkLOlQzNp65In0 HTTP/1.1" 200 15
200.118.64.109 - - [15/Jun/2023:07:38:56 -0500] "POST /forms/lservlet;jsessionid=ac16012b30d622de26b727ae48088932c39a307dc6d5.e3iSbxaKaheRe34Kc30KaNqQc41ynknvrkLOlQzNp65In0 HTTP/1.1" 200 15
200.118.64.109 - - [15/Jun/2023:07:39:05 -0500] "POST /forms/lservlet;jsessionid=ac16012b30d622de26b727ae48088932c39a307dc6d5.e3iSbxaKaheRe34Kc30KaNqQc41ynknvrkLOlQzNp65In0 HTTP/1.1" 200 15
200.118.64.109 - - [15/Jun/2023:07:39:14 -0500] "POST /forms/lservlet;jsessionid=ac16012b30d622de26b727ae48088932c39a307dc6d5.e3iSbxaKaheRe34Kc30KaNqQc41ynknvrkLOlQzNp65In0 HTTP/1.1" 200 15
200.118.64.109 - - [15/Jun/2023:07:39:23 -0500] "POST /forms/lservlet;jsessionid=ac16012b30d622de26b727ae48088932c39a307dc6d5.e3iSbxaKaheRe34Kc30KaNqQc41ynknvrkLOlQzNp65In0 HTTP/1.1" 200 15
200.118.64.109 - - [15/Jun/2023:07:39:32 -0500] "POST /forms/lservlet;jsessionid=ac16012b30d622de26b727ae48088932c39a307dc6d5.e3iSbxaKaheRe34Kc30KaNqQc41ynknvrkLOlQzNp65In0 HTTP/1.1" 200 15
201.245.192.253 - - [15/Jun/2023:07:39:37 -0500] "POST /appsia/controlador HTTP/1.1" 200 7799
201.245.192.253 - - [15/Jun/2023:07:39:39 -0500] "POST /appsia/controlador HTTP/1.1" 200 5437
201.245.192.253 - - [15/Jun/2023:07:39:40 -0500] "POST /appsia/controlador HTTP/1.1" 200 4799
200.118.64.109 - - [15/Jun/2023:07:39:41 -0500] "POST /forms/lservlet;jsessionid=ac16012b30d622de26b727ae48088932c39a307dc6d5.e3iSbxaKaheRe34Kc30KaNqQc41ynknvrkLOlQzNp65In0 HTTP/1.1" 200 15
186.102.67.161 - - [15/Jun/2023:07:39:44 -0500] "GET /reciclaton-empresarial-2023-como-inscribirse-a-la-primera-jornada-del-ano.html HTTP/1.1" 200 705
200.118.64.109 - - [15/Jun/2023:07:39:51 -0500] "POST /forms/lservlet;jsessionid=ac16012b30d622de26b727ae48088932c39a307dc6d5.e3iSbxaKaheRe34Kc30KaNqQc41ynknvrkLOlQzNp65In0 HTTP/1.1" 200 15
200.118.64.109 - - [15/Jun/2023:07:40:00 -0500] "POST /forms/lservlet;jsessionid=ac16012b30d622de26b727ae48088932c39a307dc6d5.e3iSbxaKaheRe34Kc30KaNqQc41ynknvrkLOlQzNp65In0 HTTP/1.1" 200 15
200.118.64.109 - - [15/Jun/2023:07:40:09 -0500] "POST /forms/lservlet;jsessionid=ac16012b30d622de26b727ae48088932c39a307dc6d5.e3iSbxaKaheRe34Kc30KaNqQc41ynknvrkLOlQzNp65In0 HTTP/1.1" 200 15
200.118.64.109 - - [15/Jun/2023:07:40:18 -0500] "POST /forms/lservlet;jsessionid=ac16012b30d622de26b727ae48088932c39a307dc6d5.e3iSbxaKaheRe34Kc30KaNqQc41ynknvrkLOlQzNp65In0 HTTP/1.1" 200 15
200.118.64.109 - - [15/Jun/2023:07:40:27 -0500] "POST /forms/lservlet;jsessionid=ac16012b30d622de26b727ae48088932c39a307dc6d5.e3iSbxaKaheRe34Kc30KaNqQc41ynknvrkLOlQzNp65In0 HTTP/1.1" 200 15
200.118.64.109 - - [15/Jun/2023:07:40:36 -0500] "POST /forms/lservlet;jsessionid=ac16012b30d622de26b727ae48088932c39a307dc6d5.e3iSbxaKaheRe34Kc30KaNqQc41ynknvrkLOlQzNp65In0 HTTP/1.1" 200 15
201.245.192.253 - - [15/Jun/2023:07:40:34 -0500] "POST /kwsrmcab/Wsrmcab HTTP/1.1" 200 43382
216.245.221.92 - - [15/Jun/2023:07:40:37 -0500] "HEAD / HTTP/1.1" 200 -
201.245.192.253 - - [15/Jun/2023:07:40:38 -0500] "POST /kwsrmcab/Wsrmcab HTTP/1.1" 200 39600
200.118.64.109 - - [15/Jun/2023:07:40:45 -0500] "POST /forms/lservlet;jsessionid=ac16012b30d622de26b727ae48088932c39a307dc6d5.e3iSbxaKaheRe34Kc30KaNqQc41ynknvrkLOlQzNp65In0 HTTP/1.1" 200 15
200.118.64.109 - - [15/Jun/2023:07:40:54 -0500] "POST /forms/lservlet;jsessionid=ac16012b30d622de26b727ae48088932c39a307dc6d5.e3iSbxaKaheRe34Kc30KaNqQc41ynknvrkLOlQzNp65In0 HTTP/1.1" 200 15
200.118.64.109 - - [15/Jun/2023:07:41:03 -0500] "POST /forms/lservlet;jsessionid=ac16012b30d622de26b727ae48088932c39a307dc6d5.e3iSbxaKaheRe34Kc30KaNqQc41ynknvrkLOlQzNp65In0 HTTP/1.1" 200 15
200.118.64.109 - - [15/Jun/2023:07:41:12 -0500] "POST /forms/lservlet;jsessionid=ac16012b30d622de26b727ae48088932c39a307dc6d5.e3iSbxaKaheRe34Kc30KaNqQc41ynknvrkLOlQzNp65In0 HTTP/1.1" 200 15
200.118.64.109 - - [15/Jun/2023:07:41:21 -0500] "POST /forms/lservlet;jsessionid=ac16012b30d622de26b727ae48088932c39a307dc6d5.e3iSbxaKaheRe34Kc30KaNqQc41ynknvrkLOlQzNp65In0 HTTP/1.1" 200 15
200.118.64.109 - - [15/Jun/2023:07:41:30 -0500] "POST /forms/lservlet;jsessionid=ac16012b30d622de26b727ae48088932c39a307dc6d5.e3iSbxaKaheRe34Kc30KaNqQc41ynknvrkLOlQzNp65In0 HTTP/1.1" 200 15
200.118.64.109 - - [15/Jun/2023:07:41:39 -0500] "POST /forms/lservlet;jsessionid=ac16012b30d622de26b727ae48088932c39a307dc6d5.e3iSbxaKaheRe34Kc30KaNqQc41ynknvrkLOlQzNp65In0 HTTP/1.1" 200 15
200.118.64.109 - - [15/Jun/2023:07:41:48 -0500] "POST /forms/lservlet;jsessionid=ac16012b30d622de26b727ae48088932c39a307dc6d5.e3iSbxaKaheRe34Kc30KaNqQc41ynknvrkLOlQzNp65In0 HTTP/1.1" 200 15
200.118.64.109 - - [15/Jun/2023:07:41:57 -0500] "POST /forms/lservlet;jsessionid=ac16012b30d622de26b727ae48088932c39a307dc6d5.e3iSbxaKaheRe34Kc30KaNqQc41ynknvrkLOlQzNp65In0 HTTP/1.1" 200 15
186.102.64.51 - - [15/Jun/2023:07:42:01 -0500] "GET /appsia/controlador HTTP/1.1" 200 4799
186.102.64.51 - - [15/Jun/2023:07:42:01 -0500] "GET /appsia/css/estilos.css HTTP/1.1" 200 4804
186.102.64.51 - - [15/Jun/2023:07:42:01 -0500] "GET /appsia/scripts/validarIngreso.js HTTP/1.1" 200 851
186.102.64.51 - - [15/Jun/2023:07:42:01 -0500] "GET /appsia/images/logo_bogota_p.png HTTP/1.1" 200 14951
186.102.64.51 - - [15/Jun/2023:07:42:01 -0500] "GET /appsia/images/cabezoteHojaVida.png HTTP/1.1" 200 32493
186.102.64.51 - - [15/Jun/2023:07:42:02 -0500] "GET /favicon.ico HTTP/1.1" 200 7782
200.118.64.109 - - [15/Jun/2023:07:42:06 -0500] "POST /forms/lservlet;jsessionid=ac16012b30d622de26b727ae48088932c39a307dc6d5.e3iSbxaKaheRe34Kc30KaNqQc41ynknvrkLOlQzNp65In0 HTTP/1.1" 200 15
186.102.64.51 - - [15/Jun/2023:07:42:09 -0500] "POST /appsia/controlador HTTP/1.1" 200 3598
186.102.64.51 - - [15/Jun/2023:07:42:09 -0500] "GET /appsia/jscripts/validarSolicitud.js HTTP/1.1" 404 68
186.102.64.51 - - [15/Jun/2023:07:42:13 -0500] "POST /appsia/controlador HTTP/1.1" 200 4799
200.118.64.109 - - [15/Jun/2023:07:42:15 -0500] "POST /forms/lservlet;jsessionid=ac16012b30d622de26b727ae48088932c39a307dc6d5.e3iSbxaKaheRe34Kc30KaNqQc41ynknvrkLOlQzNp65In0 HTTP/1.1" 200 15
200.118.64.109 - - [15/Jun/2023:07:42:24 -0500] "POST /forms/lservlet;jsessionid=ac16012b30d622de26b727ae48088932c39a307dc6d5.e3iSbxaKaheRe34Kc30KaNqQc41ynknvrkLOlQzNp65In0 HTTP/1.1" 200 15
200.118.64.109 - - [15/Jun/2023:07:42:33 -0500] "POST /forms/lservlet;jsessionid=ac16012b30d622de26b727ae48088932c39a307dc6d5.e3iSbxaKaheRe34Kc30KaNqQc41ynknvrkLOlQzNp65In0 HTTP/1.1" 200 15
186.102.64.51 - - [15/Jun/2023:07:42:35 -0500] "POST /appsia/controlador HTTP/1.1" 200 3598
186.102.64.51 - - [15/Jun/2023:07:42:36 -0500] "GET /appsia/jscripts/validarSolicitud.js HTTP/1.1" 404 68
172.22.2.4 - - [15/Jun/2023:07:41:01 -0500] "HEAD /BLA/boletinlegal/ HTTP/1.1" 200 -
186.102.64.51 - - [15/Jun/2023:07:42:43 -0500] "POST /appsia/controlador HTTP/1.1" 200 4799
200.118.64.109 - - [15/Jun/2023:07:42:43 -0500] "POST /forms/lservlet;jsessionid=ac16012b30d622de26b727ae48088932c39a307dc6d5.e3iSbxaKaheRe34Kc30KaNqQc41ynknvrkLOlQzNp65In0 HTTP/1.1" 200 15
200.118.64.109 - - [15/Jun/2023:07:42:52 -0500] "POST /forms/lservlet;jsessionid=ac16012b30d622de26b727ae48088932c39a307dc6d5.e3iSbxaKaheRe34Kc30KaNqQc41ynknvrkLOlQzNp65In0 HTTP/1.1" 200 15
200.118.64.109 - - [15/Jun/2023:07:43:01 -0500] "POST /forms/lservlet;jsessionid=ac16012b30d622de26b727ae48088932c39a307dc6d5.e3iSbxaKaheRe34Kc30KaNqQc41ynknvrkLOlQzNp65In0 HTTP/1.1" 200 15
186.102.41.41 - - [15/Jun/2023:07:43:07 -0500] "POST /appsia/controlador HTTP/1.1" 200 7769
201.245.192.253 - - [15/Jun/2023:07:43:07 -0500] "POST /kwsrmcab/Wsrmcab  HTTP/1.1" 200 40957
200.118.64.109 - - [15/Jun/2023:07:43:10 -0500] "POST /forms/lservlet;jsessionid=ac16012b30d622de26b727ae48088932c39a307dc6d5.e3iSbxaKaheRe34Kc30KaNqQc41ynknvrkLOlQzNp65In0 HTTP/1.1" 200 15
186.102.41.41 - - [15/Jun/2023:07:43:14 -0500] "POST /appsia/controlador HTTP/1.1" 200 6630
186.102.41.41 - - [15/Jun/2023:07:43:19 -0500] "POST /appsia/controlador HTTP/1.1" 200 13318
200.118.64.109 - - [15/Jun/2023:07:43:19 -0500] "POST /forms/lservlet;jsessionid=ac16012b30d622de26b727ae48088932c39a307dc6d5.e3iSbxaKaheRe34Kc30KaNqQc41ynknvrkLOlQzNp65In0 HTTP/1.1" 200 15
186.102.64.51 - - [15/Jun/2023:07:43:24 -0500] "POST /appsia/controlador HTTP/1.1" 200 3599
186.102.64.51 - - [15/Jun/2023:07:43:24 -0500] "GET /appsia/jscripts/validarSolicitud.js HTTP/1.1" 404 68
200.118.64.109 - - [15/Jun/2023:07:43:28 -0500] "POST /forms/lservlet;jsessionid=ac16012b30d622de26b727ae48088932c39a307dc6d5.e3iSbxaKaheRe34Kc30KaNqQc41ynknvrkLOlQzNp65In0 HTTP/1.1" 200 15
186.102.64.51 - - [15/Jun/2023:07:43:30 -0500] "POST /appsia/controlador HTTP/1.1" 200 4799
172.22.2.4 - - [15/Jun/2023:07:41:52 -0500] "GET /BLA/boletinlegal/ HTTP/1.1" 200 54942
200.118.64.109 - - [15/Jun/2023:07:43:37 -0500] "POST /forms/lservlet;jsessionid=ac16012b30d622de26b727ae48088932c39a307dc6d5.e3iSbxaKaheRe34Kc30KaNqQc41ynknvrkLOlQzNp65In0 HTTP/1.1" 200 15
186.102.41.41 - - [15/Jun/2023:07:43:40 -0500] "GET /appsia/controlador HTTP/1.1" 200 5437
200.118.64.109 - - [15/Jun/2023:07:43:46 -0500] "POST /forms/lservlet;jsessionid=ac16012b30d622de26b727ae48088932c39a307dc6d5.e3iSbxaKaheRe34Kc30KaNqQc41ynknvrkLOlQzNp65In0 HTTP/1.1" 200 15
200.118.64.109 - - [15/Jun/2023:07:43:55 -0500] "POST /forms/lservlet;jsessionid=ac16012b30d622de26b727ae48088932c39a307dc6d5.e3iSbxaKaheRe34Kc30KaNqQc41ynknvrkLOlQzNp65In0 HTTP/1.1" 200 15
200.118.64.109 - - [15/Jun/2023:07:44:04 -0500] "POST /forms/lservlet;jsessionid=ac16012b30d622de26b727ae48088932c39a307dc6d5.e3iSbxaKaheRe34Kc30KaNqQc41ynknvrkLOlQzNp65In0 HTTP/1.1" 200 15
200.118.64.109 - - [15/Jun/2023:07:44:13 -0500] "POST /forms/lservlet;jsessionid=ac16012b30d622de26b727ae48088932c39a307dc6d5.e3iSbxaKaheRe34Kc30KaNqQc41ynknvrkLOlQzNp65In0 HTTP/1.1" 200 15
200.118.64.109 - - [15/Jun/2023:07:44:22 -0500] "POST /forms/lservlet;jsessionid=ac16012b30d622de26b727ae48088932c39a307dc6d5.e3iSbxaKaheRe34Kc30KaNqQc41ynknvrkLOlQzNp65In0 HTTP/1.1" 200 15
200.118.64.109 - - [15/Jun/2023:07:44:31 -0500] "POST /forms/lservlet;jsessionid=ac16012b30d622de26b727ae48088932c39a307dc6d5.e3iSbxaKaheRe34Kc30KaNqQc41ynknvrkLOlQzNp65In0 HTTP/1.1" 200 15
200.118.64.109 - - [15/Jun/2023:07:44:40 -0500] "POST /forms/lservlet;jsessionid=ac16012b30d622de26b727ae48088932c39a307dc6d5.e3iSbxaKaheRe34Kc30KaNqQc41ynknvrkLOlQzNp65In0 HTTP/1.1" 200 15
200.118.64.109 - - [15/Jun/2023:07:44:49 -0500] "POST /forms/lservlet;jsessionid=ac16012b30d622de26b727ae48088932c39a307dc6d5.e3iSbxaKaheRe34Kc30KaNqQc41ynknvrkLOlQzNp65In0 HTTP/1.1" 200 15
200.118.64.109 - - [15/Jun/2023:07:44:58 -0500] "POST /forms/lservlet;jsessionid=ac16012b30d622de26b727ae48088932c39a307dc6d5.e3iSbxaKaheRe34Kc30KaNqQc41ynknvrkLOlQzNp65In0 HTTP/1.1" 200 15
200.118.64.109 - - [15/Jun/2023:07:45:07 -0500] "POST /forms/lservlet;jsessionid=ac16012b30d622de26b727ae48088932c39a307dc6d5.e3iSbxaKaheRe34Kc30KaNqQc41ynknvrkLOlQzNp65In0 HTTP/1.1" 200 15
200.118.64.109 - - [15/Jun/2023:07:45:16 -0500] "POST /forms/lservlet;jsessionid=ac16012b30d622de26b727ae48088932c39a307dc6d5.e3iSbxaKaheRe34Kc30KaNqQc41ynknvrkLOlQzNp65In0 HTTP/1.1" 200 15
172.22.2.4 - - [15/Jun/2023:07:43:44 -0500] "GET /BLA/boletinlegal/index.php HTTP/1.1" 200 61779
200.118.64.109 - - [15/Jun/2023:07:45:25 -0500] "POST /forms/lservlet;jsessionid=ac16012b30d622de26b727ae48088932c39a307dc6d5.e3iSbxaKaheRe34Kc30KaNqQc41ynknvrkLOlQzNp65In0 HTTP/1.1" 200 15
200.118.64.109 - - [15/Jun/2023:07:45:35 -0500] "POST /forms/lservlet;jsessionid=ac16012b30d622de26b727ae48088932c39a307dc6d5.e3iSbxaKaheRe34Kc30KaNqQc41ynknvrkLOlQzNp65In0 HTTP/1.1" 200 15
216.245.221.92 - - [15/Jun/2023:07:45:37 -0500] "HEAD / HTTP/1.1" 200 -
200.118.64.109 - - [15/Jun/2023:07:45:44 -0500] "POST /forms/lservlet;jsessionid=ac16012b30d622de26b727ae48088932c39a307dc6d5.e3iSbxaKaheRe34Kc30KaNqQc41ynknvrkLOlQzNp65In0 HTTP/1.1" 200 15
200.118.64.109 - - [15/Jun/2023:07:45:53 -0500] "POST /forms/lservlet;jsessionid=ac16012b30d622de26b727ae48088932c39a307dc6d5.e3iSbxaKaheRe34Kc30KaNqQc41ynknvrkLOlQzNp65In0 HTTP/1.1" 200 15
200.118.64.109 - - [15/Jun/2023:07:46:02 -0500] "POST /forms/lservlet;jsessionid=ac16012b30d622de26b727ae48088932c39a307dc6d5.e3iSbxaKaheRe34Kc30KaNqQc41ynknvrkLOlQzNp65In0 HTTP/1.1" 200 15
200.118.64.109 - - [15/Jun/2023:07:46:11 -0500] "POST /forms/lservlet;jsessionid=ac16012b30d622de26b727ae48088932c39a307dc6d5.e3iSbxaKaheRe34Kc30KaNqQc41ynknvrkLOlQzNp65In0 HTTP/1.1" 200 15
200.118.64.109 - - [15/Jun/2023:07:46:20 -0500] "POST /forms/lservlet;jsessionid=ac16012b30d622de26b727ae48088932c39a307dc6d5.e3iSbxaKaheRe34Kc30KaNqQc41ynknvrkLOlQzNp65In0 HTTP/1.1" 200 15
124.64.201.149 - - [15/Jun/2023:07:46:28 -0500] "GET /galeria/galeria/fotos/Entrenube2P.jpg HTTP/1.1" 200 8416
173.252.95.12 - - [15/Jun/2023:07:46:30 -0500] "HEAD /760-llantas-fueron-recolectadas-en-el-primer-dia-de-llantaton-en-bogota.html HTTP/1.1" 206 -
200.118.64.109 - - [15/Jun/2023:07:46:29 -0500] "POST /forms/lservlet;jsessionid=ac16012b30d622de26b727ae48088932c39a307dc6d5.e3iSbxaKaheRe34Kc30KaNqQc41ynknvrkLOlQzNp65In0 HTTP/1.1" 200 15
200.118.64.109 - - [15/Jun/2023:07:46:38 -0500] "POST /forms/lservlet;jsessionid=ac16012b30d622de26b727ae48088932c39a307dc6d5.e3iSbxaKaheRe34Kc30KaNqQc41ynknvrkLOlQzNp65In0 HTTP/1.1" 200 15
200.118.64.109 - - [15/Jun/2023:07:46:47 -0500] "POST /forms/lservlet;jsessionid=ac16012b30d622de26b727ae48088932c39a307dc6d5.e3iSbxaKaheRe34Kc30KaNqQc41ynknvrkLOlQzNp65In0 HTTP/1.1" 200 15
200.118.64.109 - - [15/Jun/2023:07:46:56 -0500] "POST /forms/lservlet;jsessionid=ac16012b30d622de26b727ae48088932c39a307dc6d5.e3iSbxaKaheRe34Kc30KaNqQc41ynknvrkLOlQzNp65In0 HTTP/1.1" 200 15
200.118.64.109 - - [15/Jun/2023:07:47:05 -0500] "POST /forms/lservlet;jsessionid=ac16012b30d622de26b727ae48088932c39a307dc6d5.e3iSbxaKaheRe34Kc30KaNqQc41ynknvrkLOlQzNp65In0 HTTP/1.1" 200 15
200.118.64.109 - - [15/Jun/2023:07:47:14 -0500] "POST /forms/lservlet;jsessionid=ac16012b30d622de26b727ae48088932c39a307dc6d5.e3iSbxaKaheRe34Kc30KaNqQc41ynknvrkLOlQzNp65In0 HTTP/1.1" 200 15
200.118.64.109 - - [15/Jun/2023:07:47:23 -0500] "POST /forms/lservlet;jsessionid=ac16012b30d622de26b727ae48088932c39a307dc6d5.e3iSbxaKaheRe34Kc30KaNqQc41ynknvrkLOlQzNp65In0 HTTP/1.1" 200 15
200.118.64.109 - - [15/Jun/2023:07:47:32 -0500] "POST /forms/lservlet;jsessionid=ac16012b30d622de26b727ae48088932c39a307dc6d5.e3iSbxaKaheRe34Kc30KaNqQc41ynknvrkLOlQzNp65In0 HTTP/1.1" 200 15
200.118.64.109 - - [15/Jun/2023:07:47:41 -0500] "POST /forms/lservlet;jsessionid=ac16012b30d622de26b727ae48088932c39a307dc6d5.e3iSbxaKaheRe34Kc30KaNqQc41ynknvrkLOlQzNp65In0 HTTP/1.1" 200 15
200.118.64.109 - - [15/Jun/2023:07:47:50 -0500] "POST /forms/lservlet;jsessionid=ac16012b30d622de26b727ae48088932c39a307dc6d5.e3iSbxaKaheRe34Kc30KaNqQc41ynknvrkLOlQzNp65In0 HTTP/1.1" 200 15
200.118.64.109 - - [15/Jun/2023:07:47:59 -0500] "POST /forms/lservlet;jsessionid=ac16012b30d622de26b727ae48088932c39a307dc6d5.e3iSbxaKaheRe34Kc30KaNqQc41ynknvrkLOlQzNp65In0 HTTP/1.1" 200 15
201.245.192.253 - - [15/Jun/2023:07:48:06 -0500] "POST /kwsrmcab/Wsrmcab  HTTP/1.1" 200 40957
200.118.64.109 - - [15/Jun/2023:07:48:08 -0500] "POST /forms/lservlet;jsessionid=ac16012b30d622de26b727ae48088932c39a307dc6d5.e3iSbxaKaheRe34Kc30KaNqQc41ynknvrkLOlQzNp65In0 HTTP/1.1" 200 15
200.118.64.109 - - [15/Jun/2023:07:48:17 -0500] "POST /forms/lservlet;jsessionid=ac16012b30d622de26b727ae48088932c39a307dc6d5.e3iSbxaKaheRe34Kc30KaNqQc41ynknvrkLOlQzNp65In0 HTTP/1.1" 200 15
200.118.64.109 - - [15/Jun/2023:07:48:26 -0500] "POST /forms/lservlet;jsessionid=ac16012b30d622de26b727ae48088932c39a307dc6d5.e3iSbxaKaheRe34Kc30KaNqQc41ynknvrkLOlQzNp65In0 HTTP/1.1" 200 15
201.245.192.253 - - [15/Jun/2023:07:48:29 -0500] "GET /sipse/faces/faces/faces/autenticacion.xhtml HTTP/1.1" 200 12500
201.245.192.253 - - [15/Jun/2023:07:48:29 -0500] "GET /sipse/js/disable_browser_buttons.js HTTP/1.1" 304 -
201.245.192.253 - - [15/Jun/2023:07:48:29 -0500] "GET /sipse/js/funciones.js HTTP/1.1" 304 -
201.245.192.253 - - [15/Jun/2023:07:48:29 -0500] "GET /sipse/css/custom_css_sg_prime_login.css HTTP/1.1" 200 443
201.245.192.253 - - [15/Jun/2023:07:48:29 -0500] "GET /sipse/css/custom_css_sg.css HTTP/1.1" 200 9694
201.245.192.253 - - [15/Jun/2023:07:48:29 -0500] "GET /sipse/faces/javax.faces.resource/theme.css?ln=primefaces-sipse HTTP/1.1" 304 -
201.245.192.253 - - [15/Jun/2023:07:48:29 -0500] "GET /sipse/faces/javax.faces.resource/layout/layout.css;jsessionid=lD60FsO-mskm0VNm7Mumiom3.undefined?ln=primefaces&v=4.0 HTTP/1.1" 200 542
201.245.192.253 - - [15/Jun/2023:07:48:29 -0500] "GET /sipse/faces/javax.faces.resource/jquery/jquery-plugins.js;jsessionid=lD60FsO-mskm0VNm7Mumiom3.undefined?ln=primefaces&v=4.0 HTTP/1.1" 200 220526
201.245.192.253 - - [15/Jun/2023:07:48:29 -0500] "GET /sipse/faces/javax.faces.resource/primefaces.js;jsessionid=lD60FsO-mskm0VNm7Mumiom3.undefined?ln=primefaces&v=4.0 HTTP/1.1" 200 276924
201.245.192.253 - - [15/Jun/2023:07:48:29 -0500] "GET /sipse/faces/javax.faces.resource/primefaces.css;jsessionid=lD60FsO-mskm0VNm7Mumiom3.undefined?ln=primefaces&v=4.0 HTTP/1.1" 200 53295
201.245.192.253 - - [15/Jun/2023:07:48:29 -0500] "GET /sipse/faces/javax.faces.resource/layout/layout.js;jsessionid=lD60FsO-mskm0VNm7Mumiom3.undefined?ln=primefaces&v=4.0 HTTP/1.1" 200 87560
201.245.192.253 - - [15/Jun/2023:07:48:29 -0500] "GET /sipse/faces/javax.faces.resource/jquery/jquery.js;jsessionid=lD60FsO-mskm0VNm7Mumiom3.undefined?ln=primefaces&v=4.0 HTTP/1.1" 200 105384
201.245.192.253 - - [15/Jun/2023:07:48:29 -0500] "GET /sipse/faces/javax.faces.resource/images/ui-icons_898989_256x240.png?ln=primefaces-aristo HTTP/1.1" 200 5355
201.245.192.253 - - [15/Jun/2023:07:48:29 -0500] "GET /sipse/css/imagen/loginimg.png HTTP/1.1" 200 71635
201.245.192.253 - - [15/Jun/2023:07:48:29 -0500] "GET /sipse/css/imagen/logoSDG.png HTTP/1.1" 200 53064
201.245.192.253 - - [15/Jun/2023:07:48:29 -0500] "GET /favicon.ico HTTP/1.1" 200 7782
201.245.192.253 - - [15/Jun/2023:07:48:29 -0500] "GET /sipse/faces/faces/faces/index.xhtml HTTP/1.1" 200 677
201.245.192.253 - - [15/Jun/2023:07:48:29 -0500] "GET /sipse/faces/javax.faces.resource/theme.css?ln=primefaces-sipse HTTP/1.1" 304 -
201.245.192.253 - - [15/Jun/2023:07:48:29 -0500] "GET /sipse/faces/faces/faces/faces/autenticacion.xhtml HTTP/1.1" 200 12178
201.245.192.253 - - [15/Jun/2023:07:48:29 -0500] "GET /sipse/faces/javax.faces.resource/theme.css?ln=primefaces-sipse HTTP/1.1" 304 -
201.245.192.253 - - [15/Jun/2023:07:48:29 -0500] "GET /sipse/faces/javax.faces.resource/layout/layout.css?ln=primefaces&v=4.0 HTTP/1.1" 200 542
201.245.192.253 - - [15/Jun/2023:07:48:29 -0500] "GET /sipse/faces/javax.faces.resource/jquery/jquery.js?ln=primefaces&v=4.0 HTTP/1.1" 304 -
201.245.192.253 - - [15/Jun/2023:07:48:29 -0500] "GET /sipse/faces/javax.faces.resource/jquery/jquery-plugins.js?ln=primefaces&v=4.0 HTTP/1.1" 304 -
201.245.192.253 - - [15/Jun/2023:07:48:29 -0500] "GET /sipse/faces/javax.faces.resource/primefaces.js?ln=primefaces&v=4.0 HTTP/1.1" 304 -
201.245.192.253 - - [15/Jun/2023:07:48:29 -0500] "GET /sipse/faces/javax.faces.resource/layout/layout.js?ln=primefaces&v=4.0 HTTP/1.1" 304 -
201.245.192.253 - - [15/Jun/2023:07:48:29 -0500] "GET /sipse/faces/javax.faces.resource/primefaces.css?ln=primefaces&v=4.0 HTTP/1.1" 200 53295
201.245.192.253 - - [15/Jun/2023:07:48:29 -0500] "GET /sipse/faces/javax.faces.resource/images/ui-icons_898989_256x240.png?ln=primefaces-aristo HTTP/1.1" 304 -
172.22.2.4 - - [15/Jun/2023:07:46:51 -0500] "HEAD /BLA/boletinlegal/ HTTP/1.1" 200 -
201.245.192.253 - - [15/Jun/2023:07:48:31 -0500] "POST /sipse/faces/autenticacion.xhtml HTTP/1.1" 200 11164
201.245.192.253 - - [15/Jun/2023:07:48:31 -0500] "GET /sipse/css/custom_css_sg_prime.css HTTP/1.1" 200 5201
201.245.192.253 - - [15/Jun/2023:07:48:31 -0500] "GET /sipse/faces/javax.faces.resource/jquery/jquery.js?ln=primefaces&v=4.0 HTTP/1.1" 304 -
201.245.192.253 - - [15/Jun/2023:07:48:31 -0500] "GET /sipse/faces/javax.faces.resource/jquery/jquery-plugins.js?ln=primefaces&v=4.0 HTTP/1.1" 304 -
201.245.192.253 - - [15/Jun/2023:07:48:32 -0500] "GET /sipse/faces/javax.faces.resource/primefaces.js?ln=primefaces&v=4.0 HTTP/1.1" 304 -
201.245.192.253 - - [15/Jun/2023:07:48:32 -0500] "GET /sipse/faces/javax.faces.resource/layout/layout.js?ln=primefaces&v=4.0 HTTP/1.1" 304 -
201.245.192.253 - - [15/Jun/2023:07:48:32 -0500] "GET /sipse/faces/javax.faces.resource/messages/messages.png?ln=primefaces&v=4.0 HTTP/1.1" 200 27209
201.245.192.253 - - [15/Jun/2023:07:48:34 -0500] "POST /sipse/faces/presentacion/sistema/seguridad/seleccionRol.xhtml HTTP/1.1" 200 5600
201.245.192.253 - - [15/Jun/2023:07:48:36 -0500] "POST /sipse/faces/presentacion/sistema/seguridad/seleccionRol.xhtml HTTP/1.1" 200 20181
201.245.192.253 - - [15/Jun/2023:07:48:36 -0500] "GET /sipse/js/jquery.min.js HTTP/1.1" 304 -
201.245.192.253 - - [15/Jun/2023:07:48:36 -0500] "GET /sipse/faces/javax.faces.resource/jquery/jquery.js?ln=primefaces&v=4.0 HTTP/1.1" 304 -
201.245.192.253 - - [15/Jun/2023:07:48:36 -0500] "GET /sipse/faces/javax.faces.resource/jquery/jquery-plugins.js?ln=primefaces&v=4.0 HTTP/1.1" 304 -
201.245.192.253 - - [15/Jun/2023:07:48:36 -0500] "GET /sipse/faces/javax.faces.resource/primefaces.js?ln=primefaces&v=4.0 HTTP/1.1" 304 -
201.245.192.253 - - [15/Jun/2023:07:48:36 -0500] "GET /sipse/faces/javax.faces.resource/layout/layout.js?ln=primefaces&v=4.0 HTTP/1.1" 304 -
201.245.192.253 - - [15/Jun/2023:07:48:36 -0500] "GET /sipse/css/v_mergente.css HTTP/1.1" 200 1505
201.245.192.253 - - [15/Jun/2023:07:48:36 -0500] "GET /sipse/imagenes/cargando.gif HTTP/1.1" 200 36959
201.245.192.253 - - [15/Jun/2023:07:48:36 -0500] "GET /sipse/css/imagen/contrasena.png HTTP/1.1" 404 383
201.245.192.253 - - [15/Jun/2023:07:48:36 -0500] "GET /sipse/imagenes/logoAplicacion.jpg HTTP/1.1" 200 155084
200.118.64.109 - - [15/Jun/2023:07:48:35 -0500] "POST /forms/lservlet;jsessionid=ac16012b30d622de26b727ae48088932c39a307dc6d5.e3iSbxaKaheRe34Kc30KaNqQc41ynknvrkLOlQzNp65In0 HTTP/1.1" 200 15
201.245.192.253 - - [15/Jun/2023:07:48:38 -0500] "GET /sipse/faces/javax.faces.resource/images/ui-bg_flat_0_2d5972_40x100.png?ln=primefaces-aristo HTTP/1.1" 200 183
201.245.192.253 - - [15/Jun/2023:07:48:38 -0500] "POST /sipse/faces/bienvenido.xhtml HTTP/1.1" 200 3182
201.245.192.253 - - [15/Jun/2023:07:48:39 -0500] "POST /sipse/faces/bienvenido.xhtml HTTP/1.1" 200 3850
201.245.192.253 - - [15/Jun/2023:07:48:41 -0500] "POST /sipse/faces/bienvenido.xhtml HTTP/1.1" 200 43950
201.245.192.253 - - [15/Jun/2023:07:48:41 -0500] "GET /sipse/faces/javax.faces.resource/jquery/jquery.js?ln=primefaces&v=4.0 HTTP/1.1" 304 -
201.245.192.253 - - [15/Jun/2023:07:48:42 -0500] "GET /sipse/faces/javax.faces.resource/jquery/jquery-plugins.js?ln=primefaces&v=4.0 HTTP/1.1" 304 -
201.245.192.253 - - [15/Jun/2023:07:48:42 -0500] "GET /sipse/faces/javax.faces.resource/primefaces.js?ln=primefaces&v=4.0 HTTP/1.1" 304 -
201.245.192.253 - - [15/Jun/2023:07:48:42 -0500] "GET /sipse/faces/javax.faces.resource/layout/layout.js?ln=primefaces&v=4.0 HTTP/1.1" 304 -
201.245.192.253 - - [15/Jun/2023:07:48:42 -0500] "POST /sipse/faces/presentacion/financiero/solicitudProceso/listarSolicitudProceso.xhtml HTTP/1.1" 200 1440
201.245.192.253 - - [15/Jun/2023:07:48:44 -0500] "POST /sipse/faces/presentacion/financiero/solicitudProceso/listarSolicitudProceso.xhtml HTTP/1.1" 200 184
201.245.192.253 - - [15/Jun/2023:07:48:44 -0500] "POST /sipse/faces/presentacion/financiero/solicitudProceso/listarSolicitudProceso.xhtml HTTP/1.1" 200 184
200.118.64.109 - - [15/Jun/2023:07:48:45 -0500] "POST /forms/lservlet;jsessionid=ac16012b30d622de26b727ae48088932c39a307dc6d5.e3iSbxaKaheRe34Kc30KaNqQc41ynknvrkLOlQzNp65In0 HTTP/1.1" 200 15
201.245.192.253 - - [15/Jun/2023:07:48:50 -0500] "POST /sipse/faces/presentacion/financiero/solicitudProceso/listarSolicitudProceso.xhtml HTTP/1.1" 200 37351
201.245.192.253 - - [15/Jun/2023:07:48:50 -0500] "POST /sipse/faces/presentacion/financiero/solicitudProceso/listarSolicitudProceso.xhtml HTTP/1.1" 200 37351
201.245.192.253 - - [15/Jun/2023:07:48:51 -0500] "POST /sipse/faces/presentacion/financiero/solicitudProceso/listarSolicitudProceso.xhtml HTTP/1.1" 200 1440
201.245.192.253 - - [15/Jun/2023:07:48:51 -0500] "POST /sipse/faces/presentacion/financiero/solicitudProceso/listarSolicitudProceso.xhtml HTTP/1.1" 200 1440
201.245.192.253 - - [15/Jun/2023:07:48:44 -0500] "GET /sipse/faces/presentacion/financiero/solicitudAnulacion/solicitudAnulacion.xhtml HTTP/1.1" 200 12304
201.245.192.253 - - [15/Jun/2023:07:48:44 -0500] "GET /sipse/faces/presentacion/financiero/solicitudAnulacion/solicitudAnulacion.xhtml HTTP/1.1" 200 79026
201.245.192.253 - - [15/Jun/2023:07:48:52 -0500] "GET /sipse/faces/javax.faces.resource/theme.css?ln=primefaces-sipse HTTP/1.1" 304 -
201.245.192.253 - - [15/Jun/2023:07:48:52 -0500] "GET /sipse/faces/javax.faces.resource/primefaces.css?ln=primefaces&v=4.0 HTTP/1.1" 304 -
201.245.192.253 - - [15/Jun/2023:07:48:52 -0500] "GET /sipse/faces/javax.faces.resource/layout/layout.css?ln=primefaces&v=4.0 HTTP/1.1" 304 -
201.245.192.253 - - [15/Jun/2023:07:48:52 -0500] "GET /sipse/faces/javax.faces.resource/jquery/jquery.js?ln=primefaces&v=4.0 HTTP/1.1" 304 -
201.245.192.253 - - [15/Jun/2023:07:48:52 -0500] "GET /sipse/faces/javax.faces.resource/primefaces.js?ln=primefaces&v=4.0 HTTP/1.1" 304 -
201.245.192.253 - - [15/Jun/2023:07:48:52 -0500] "GET /sipse/faces/javax.faces.resource/jquery/jquery-plugins.js?ln=primefaces&v=4.0 HTTP/1.1" 304 -
201.245.192.253 - - [15/Jun/2023:07:48:52 -0500] "GET /sipse/faces/javax.faces.resource/layout/layout.js?ln=primefaces&v=4.0 HTTP/1.1" 304 -
191.95.89.173 - - [15/Jun/2023:07:48:52 -0500] "GET /serrania-el-zuque-de-cantera-en-los-anos-60-a-espacio-de-restauracion-ambiental-y-mitigacion-del-riesgo.html HTTP/1.1" 200 841
201.245.192.253 - - [15/Jun/2023:07:48:53 -0500] "GET /sipse/faces/javax.faces.resource/images/ui-icons_898989_256x240.png?ln=primefaces-aristo HTTP/1.1" 304 -
201.245.192.253 - - [15/Jun/2023:07:48:53 -0500] "GET /sipse/faces/javax.faces.resource/images/ui-bg_flat_0_2d5972_40x100.png?ln=primefaces-aristo HTTP/1.1" 304 -
200.118.64.109 - - [15/Jun/2023:07:48:54 -0500] "POST /forms/lservlet;jsessionid=ac16012b30d622de26b727ae48088932c39a307dc6d5.e3iSbxaKaheRe34Kc30KaNqQc41ynknvrkLOlQzNp65In0 HTTP/1.1" 200 15
201.245.192.253 - - [15/Jun/2023:07:48:53 -0500] "POST /sipse/faces/presentacion/financiero/solicitudAnulacion/solicitudAnulacion.xhtml HTTP/1.1" 200 55890
201.245.192.253 - - [15/Jun/2023:07:48:59 -0500] "POST /sipse/faces/presentacion/financiero/solicitudAnulacion/solicitudAnulacion.xhtml HTTP/1.1" 200 43950
201.245.192.253 - - [15/Jun/2023:07:48:59 -0500] "GET /sipse/faces/javax.faces.resource/jquery/jquery.js?ln=primefaces&v=4.0 HTTP/1.1" 304 -
201.245.192.253 - - [15/Jun/2023:07:48:59 -0500] "GET /sipse/faces/javax.faces.resource/jquery/jquery-plugins.js?ln=primefaces&v=4.0 HTTP/1.1" 304 -
201.245.192.253 - - [15/Jun/2023:07:48:59 -0500] "GET /sipse/faces/javax.faces.resource/primefaces.js?ln=primefaces&v=4.0 HTTP/1.1" 304 -
201.245.192.253 - - [15/Jun/2023:07:48:59 -0500] "GET /sipse/faces/javax.faces.resource/layout/layout.js?ln=primefaces&v=4.0 HTTP/1.1" 304 -
201.245.192.253 - - [15/Jun/2023:07:49:00 -0500] "POST /sipse/faces/presentacion/financiero/solicitudProceso/listarSolicitudProceso.xhtml HTTP/1.1" 200 1440
200.118.64.109 - - [15/Jun/2023:07:49:03 -0500] "POST /forms/lservlet;jsessionid=ac16012b30d622de26b727ae48088932c39a307dc6d5.e3iSbxaKaheRe34Kc30KaNqQc41ynknvrkLOlQzNp65In0 HTTP/1.1" 200 15
