201.245.192.253 - - [15/Jun/2023:08:16:26 -0500] "GET /sipse/faces/presentacion/financiero/solicitudAnulacion/solicitudAnulacion.xhtml HTTP/1.1" 200 79535
201.245.192.253 - - [15/Jun/2023:08:16:27 -0500] "GET /sipse/faces/javax.faces.resource/images/ui-icons_898989_256x240.png?ln=primefaces-aristo HTTP/1.1" 304 -
201.245.192.253 - - [15/Jun/2023:08:16:27 -0500] "GET /sipse/faces/javax.faces.resource/images/ui-bg_flat_0_2d5972_40x100.png?ln=primefaces-aristo HTTP/1.1" 304 -
201.245.192.253 - - [15/Jun/2023:08:16:27 -0500] "POST /sipse/faces/presentacion/financiero/solicitudAnulacion/solicitudAnulacion.xhtml HTTP/1.1" 200 55890
200.118.64.109 - - [15/Jun/2023:08:16:33 -0500] "POST /forms/lservlet;jsessionid=ac16012b30d670d56d8dad334082a2b2e22731dd9274.e3iSbxaKaheRe34Kc30KaNqQc41ynknvrkLOlQzNp65In0 HTTP/1.1" 200 7979
200.118.64.109 - - [15/Jun/2023:08:16:33 -0500] "POST /forms/lservlet;jsessionid=ac16012b30d670d56d8dad334082a2b2e22731dd9274.e3iSbxaKaheRe34Kc30KaNqQc41ynknvrkLOlQzNp65In0 HTTP/1.1" 200 64
200.118.64.109 - - [15/Jun/2023:08:16:33 -0500] "POST /forms/lservlet;jsessionid=ac16012b30d670d56d8dad334082a2b2e22731dd9274.e3iSbxaKaheRe34Kc30KaNqQc41ynknvrkLOlQzNp65In0 HTTP/1.1" 200 2
200.118.64.109 - - [15/Jun/2023:08:16:33 -0500] "POST /forms/lservlet;jsessionid=ac16012b30d670d56d8dad334082a2b2e22731dd9274.e3iSbxaKaheRe34Kc30KaNqQc41ynknvrkLOlQzNp65In0 HTTP/1.1" 200 2
200.118.64.109 - - [15/Jun/2023:08:16:34 -0500] "POST /forms/lservlet;jsessionid=ac16012b30d670d56d8dad334082a2b2e22731dd9274.e3iSbxaKaheRe34Kc30KaNqQc41ynknvrkLOlQzNp65In0 HTTP/1.1" 200 2
201.245.192.253 - - [15/Jun/2023:08:16:36 -0500] "POST /appsia/controlador HTTP/1.1" 200 5437
201.245.192.253 - - [15/Jun/2023:08:16:38 -0500] "POST /appsia/controlador HTTP/1.1" 200 7785
200.118.64.109 - - [15/Jun/2023:08:16:38 -0500] "POST /forms/lservlet;jsessionid=ac16012b30d670d56d8dad334082a2b2e22731dd9274.e3iSbxaKaheRe34Kc30KaNqQc41ynknvrkLOlQzNp65In0 HTTP/1.1" 200 34712
200.118.64.109 - - [15/Jun/2023:08:16:39 -0500] "GET /imagenes/listval.gif HTTP/1.1" 200 905
200.118.64.109 - - [15/Jun/2023:08:16:39 -0500] "GET /imagenes/tree1.gif HTTP/1.1" 200 1161
200.118.64.109 - - [15/Jun/2023:08:16:39 -0500] "GET /imagenes/listval.gif HTTP/1.1" 200 905
200.118.64.109 - - [15/Jun/2023:08:16:39 -0500] "GET /imagenes/CAMERA3.gif HTTP/1.1" 200 4150
200.118.64.109 - - [15/Jun/2023:08:16:40 -0500] "GET /imagenes/SLIDE1.gif HTTP/1.1" 200 1111
200.118.64.109 - - [15/Jun/2023:08:16:40 -0500] "GET /imagenes/flexcomb.gif HTTP/1.1" 200 1169
200.118.64.109 - - [15/Jun/2023:08:16:40 -0500] "GET /imagenes/GO.gif HTTP/1.1" 200 904
200.118.64.109 - - [15/Jun/2023:08:16:40 -0500] "GET /imagenes/HRTOOLS.gif HTTP/1.1" 200 2238
200.118.64.109 - - [15/Jun/2023:08:16:40 -0500] "GET /imagenes/rt_rec1.gif HTTP/1.1" 200 867
200.118.64.109 - - [15/Jun/2023:08:16:40 -0500] "GET /imagenes/apply.gif HTTP/1.1" 200 903
200.118.64.109 - - [15/Jun/2023:08:16:40 -0500] "GET /imagenes/exit.gif HTTP/1.1" 200 916
200.118.64.109 - - [15/Jun/2023:08:16:40 -0500] "GET /imagenes/LISTVAL.gif HTTP/1.1" 200 905
200.118.64.109 - - [15/Jun/2023:08:16:40 -0500] "GET /imagenes/edit.gif HTTP/1.1" 200 919
200.118.64.109 - - [15/Jun/2023:08:16:40 -0500] "GET /imagenes/rt_rec4.gif HTTP/1.1" 200 865
200.118.64.109 - - [15/Jun/2023:08:16:40 -0500] "GET /imagenes/rt_rec3.gif HTTP/1.1" 200 844
200.118.64.109 - - [15/Jun/2023:08:16:40 -0500] "GET /imagenes/rt_rec2.gif HTTP/1.1" 200 847
201.245.192.253 - - [15/Jun/2023:08:16:40 -0500] "POST /appsia/controlador HTTP/1.1" 200 6650
200.118.64.109 - - [15/Jun/2023:08:16:40 -0500] "GET /imagenes/rt_rdel.gif HTTP/1.1" 200 899
200.118.64.109 - - [15/Jun/2023:08:16:40 -0500] "GET /imagenes/rt_radd.gif HTTP/1.1" 200 907
200.118.64.109 - - [15/Jun/2023:08:16:41 -0500] "GET /imagenes/rt_quer3.gif HTTP/1.1" 200 939
200.118.64.109 - - [15/Jun/2023:08:16:41 -0500] "GET /imagenes/rt_quer2.gif HTTP/1.1" 200 936
200.118.64.109 - - [15/Jun/2023:08:16:41 -0500] "GET /imagenes/rt_quer1.gif HTTP/1.1" 200 930
200.118.64.109 - - [15/Jun/2023:08:16:41 -0500] "GET /imagenes/rt_save.gif HTTP/1.1" 200 903
200.118.64.109 - - [15/Jun/2023:08:16:41 -0500] "GET /imagenes/rt_pset.gif HTTP/1.1" 200 914
200.118.64.109 - - [15/Jun/2023:08:16:41 -0500] "GET /imagenes/QUEJA.gif HTTP/1.1" 200 1091
200.118.64.109 - - [15/Jun/2023:08:16:41 -0500] "GET /imagenes/ARBOL.gif HTTP/1.1" 200 1026
200.118.64.109 - - [15/Jun/2023:08:16:41 -0500] "GET /imagenes/Clipboard.gif HTTP/1.1" 200 1466
200.118.64.109 - - [15/Jun/2023:08:16:41 -0500] "GET /imagenes/DINERO.gif HTTP/1.1" 200 1766
200.118.64.109 - - [15/Jun/2023:08:16:41 -0500] "GET /imagenes/URGENTE.gif HTTP/1.1" 200 964
200.118.64.109 - - [15/Jun/2023:08:16:41 -0500] "GET /imagenes/TREE4.gif HTTP/1.1" 200 4150
200.118.64.109 - - [15/Jun/2023:08:16:41 -0500] "POST /forms/lservlet;jsessionid=ac16012b30d670d56d8dad334082a2b2e22731dd9274.e3iSbxaKaheRe34Kc30KaNqQc41ynknvrkLOlQzNp65In0 HTTP/1.1" 200 7
200.118.64.109 - - [15/Jun/2023:08:16:41 -0500] "POST /forms/lservlet;jsessionid=ac16012b30d670d56d8dad334082a2b2e22731dd9274.e3iSbxaKaheRe34Kc30KaNqQc41ynknvrkLOlQzNp65In0 HTTP/1.1" 200 34
200.118.64.109 - - [15/Jun/2023:08:16:41 -0500] "POST /forms/lservlet;jsessionid=ac16012b30d670d56d8dad334082a2b2e22731dd9274.e3iSbxaKaheRe34Kc30KaNqQc41ynknvrkLOlQzNp65In0 HTTP/1.1" 200 2
200.118.64.109 - - [15/Jun/2023:08:16:42 -0500] "POST /forms/lservlet;jsessionid=ac16012b30d670d56d8dad334082a2b2e22731dd9274.e3iSbxaKaheRe34Kc30KaNqQc41ynknvrkLOlQzNp65In0 HTTP/1.1" 200 2
200.118.64.109 - - [15/Jun/2023:08:16:42 -0500] "POST /forms/lservlet;jsessionid=ac16012b30d670d56d8dad334082a2b2e22731dd9274.e3iSbxaKaheRe34Kc30KaNqQc41ynknvrkLOlQzNp65In0 HTTP/1.1" 200 699
200.118.64.109 - - [15/Jun/2023:08:16:42 -0500] "GET /imagenes/Srch_frw.gif HTTP/1.1" 200 925
200.118.64.109 - - [15/Jun/2023:08:16:42 -0500] "POST /forms/lservlet;jsessionid=ac16012b30d670d56d8dad334082a2b2e22731dd9274.e3iSbxaKaheRe34Kc30KaNqQc41ynknvrkLOlQzNp65In0 HTTP/1.1" 200 10
201.245.192.253 - - [15/Jun/2023:08:16:44 -0500] "POST /appsia/controlador HTTP/1.1" 200 14073
200.118.64.109 - - [15/Jun/2023:08:16:46 -0500] "POST /forms/lservlet;jsessionid=ac16012b30d670d56d8dad334082a2b2e22731dd9274.e3iSbxaKaheRe34Kc30KaNqQc41ynknvrkLOlQzNp65In0 HTTP/1.1" 200 24
200.118.64.109 - - [15/Jun/2023:08:16:46 -0500] "POST /forms/lservlet;jsessionid=ac16012b30d670d56d8dad334082a2b2e22731dd9274.e3iSbxaKaheRe34Kc30KaNqQc41ynknvrkLOlQzNp65In0 HTTP/1.1" 200 14
200.118.64.109 - - [15/Jun/2023:08:16:47 -0500] "POST /forms/lservlet;jsessionid=ac16012b30d670d56d8dad334082a2b2e22731dd9274.e3iSbxaKaheRe34Kc30KaNqQc41ynknvrkLOlQzNp65In0 HTTP/1.1" 200 14
200.118.64.109 - - [15/Jun/2023:08:16:48 -0500] "POST /forms/lservlet;jsessionid=ac16012b30d670d56d8dad334082a2b2e22731dd9274.e3iSbxaKaheRe34Kc30KaNqQc41ynknvrkLOlQzNp65In0 HTTP/1.1" 200 3992
200.118.64.109 - - [15/Jun/2023:08:16:48 -0500] "POST /forms/lservlet;jsessionid=ac16012b30d670d56d8dad334082a2b2e22731dd9274.e3iSbxaKaheRe34Kc30KaNqQc41ynknvrkLOlQzNp65In0 HTTP/1.1" 200 2
200.118.64.109 - - [15/Jun/2023:08:16:57 -0500] "POST /forms/lservlet;jsessionid=ac16012b30d670d56d8dad334082a2b2e22731dd9274.e3iSbxaKaheRe34Kc30KaNqQc41ynknvrkLOlQzNp65In0 HTTP/1.1" 200 2
200.118.64.109 - - [15/Jun/2023:08:16:57 -0500] "POST /forms/lservlet;jsessionid=ac16012b30d670d56d8dad334082a2b2e22731dd9274.e3iSbxaKaheRe34Kc30KaNqQc41ynknvrkLOlQzNp65In0 HTTP/1.1" 200 14
200.118.64.109 - - [15/Jun/2023:08:16:58 -0500] "POST /forms/lservlet;jsessionid=ac16012b30d670d56d8dad334082a2b2e22731dd9274.e3iSbxaKaheRe34Kc30KaNqQc41ynknvrkLOlQzNp65In0 HTTP/1.1" 200 14
200.118.64.109 - - [15/Jun/2023:08:17:00 -0500] "POST /forms/lservlet;jsessionid=ac16012b30d670d56d8dad334082a2b2e22731dd9274.e3iSbxaKaheRe34Kc30KaNqQc41ynknvrkLOlQzNp65In0 HTTP/1.1" 200 14
200.118.64.109 - - [15/Jun/2023:08:17:01 -0500] "POST /forms/lservlet;jsessionid=ac16012b30d670d56d8dad334082a2b2e22731dd9274.e3iSbxaKaheRe34Kc30KaNqQc41ynknvrkLOlQzNp65In0 HTTP/1.1" 200 14
200.118.64.109 - - [15/Jun/2023:08:17:03 -0500] "POST /forms/lservlet;jsessionid=ac16012b30d670d56d8dad334082a2b2e22731dd9274.e3iSbxaKaheRe34Kc30KaNqQc41ynknvrkLOlQzNp65In0 HTTP/1.1" 200 15
200.118.64.109 - - [15/Jun/2023:08:17:06 -0500] "POST /forms/lservlet;jsessionid=ac16012b30d670d56d8dad334082a2b2e22731dd9274.e3iSbxaKaheRe34Kc30KaNqQc41ynknvrkLOlQzNp65In0 HTTP/1.1" 200 15
200.118.64.109 - - [15/Jun/2023:08:17:10 -0500] "POST /forms/lservlet;jsessionid=ac16012b30d670d56d8dad334082a2b2e22731dd9274.e3iSbxaKaheRe34Kc30KaNqQc41ynknvrkLOlQzNp65In0 HTTP/1.1" 200 15
200.118.64.109 - - [15/Jun/2023:08:17:17 -0500] "POST /forms/lservlet;jsessionid=ac16012b30d670d56d8dad334082a2b2e22731dd9274.e3iSbxaKaheRe34Kc30KaNqQc41ynknvrkLOlQzNp65In0 HTTP/1.1" 200 15
221.13.213.65 - - [15/Jun/2023:08:17:10 -0500] "POST /HNAP1/ HTTP/1.0" 400 945
200.118.64.109 - - [15/Jun/2023:08:17:26 -0500] "POST /forms/lservlet;jsessionid=ac16012b30d670d56d8dad334082a2b2e22731dd9274.e3iSbxaKaheRe34Kc30KaNqQc41ynknvrkLOlQzNp65In0 HTTP/1.1" 200 15
173.252.107.3 - - [15/Jun/2023:08:17:33 -0500] "HEAD /asi-fue-el-reverdecer-de-leandra-marulanda-mujer-resiliente-que-ahora-emprende-con-el-compostaje.html HTTP/1.1" 206 -
200.118.64.109 - - [15/Jun/2023:08:17:36 -0500] "POST /forms/lservlet;jsessionid=ac16012b30d670d56d8dad334082a2b2e22731dd9274.e3iSbxaKaheRe34Kc30KaNqQc41ynknvrkLOlQzNp65In0 HTTP/1.1" 200 15
172.22.2.4 - - [15/Jun/2023:08:16:01 -0500] "HEAD /BLA/boletinlegal/ HTTP/1.1" 200 -
201.245.192.253 - - [15/Jun/2023:08:17:43 -0500] "POST /appsia/controlador HTTP/1.1" 200 76267
200.118.64.109 - - [15/Jun/2023:08:17:45 -0500] "POST /forms/lservlet;jsessionid=ac16012b30d670d56d8dad334082a2b2e22731dd9274.e3iSbxaKaheRe34Kc30KaNqQc41ynknvrkLOlQzNp65In0 HTTP/1.1" 200 15
200.118.64.109 - - [15/Jun/2023:08:17:54 -0500] "POST /forms/lservlet;jsessionid=ac16012b30d670d56d8dad334082a2b2e22731dd9274.e3iSbxaKaheRe34Kc30KaNqQc41ynknvrkLOlQzNp65In0 HTTP/1.1" 200 15
186.80.52.205 - - [15/Jun/2023:08:17:58 -0500] "-" 408 -
186.80.52.205 - - [15/Jun/2023:08:17:58 -0500] "-" 408 -
201.245.192.253 - - [15/Jun/2023:08:17:59 -0500] "POST /kwsrmcab/Wsrmcab  HTTP/1.1" 200 40957
200.118.64.109 - - [15/Jun/2023:08:18:03 -0500] "POST /forms/lservlet;jsessionid=ac16012b30d670d56d8dad334082a2b2e22731dd9274.e3iSbxaKaheRe34Kc30KaNqQc41ynknvrkLOlQzNp65In0 HTTP/1.1" 200 15
173.252.107.13 - - [15/Jun/2023:08:18:08 -0500] "GET /distrito-declara-alerta-ambiental-por-calidad-del-aire-y-apoyara-extincion-de-incendios-en-la-amazonia.html HTTP/1.1" 200 928
200.118.64.109 - - [15/Jun/2023:08:18:12 -0500] "POST /forms/lservlet;jsessionid=ac16012b30d670d56d8dad334082a2b2e22731dd9274.e3iSbxaKaheRe34Kc30KaNqQc41ynknvrkLOlQzNp65In0 HTTP/1.1" 200 15
201.245.192.253 - - [15/Jun/2023:08:18:21 -0500] "GET /sipse/faces/index.xhtml HTTP/1.1" 200 677
201.245.192.253 - - [15/Jun/2023:08:18:21 -0500] "GET /sipse/faces/javax.faces.resource/theme.css?ln=primefaces-sipse HTTP/1.1" 304 -
201.245.192.253 - - [15/Jun/2023:08:18:21 -0500] "GET /sipse/faces/faces/autenticacion.xhtml HTTP/1.1" 200 12178
201.245.192.253 - - [15/Jun/2023:08:18:21 -0500] "GET /sipse/js/disable_browser_buttons.js HTTP/1.1" 304 -
201.245.192.253 - - [15/Jun/2023:08:18:21 -0500] "GET /sipse/css/custom_css_sg.css HTTP/1.1" 304 -
201.245.192.253 - - [15/Jun/2023:08:18:21 -0500] "GET /sipse/js/funciones.js HTTP/1.1" 304 -
201.245.192.253 - - [15/Jun/2023:08:18:21 -0500] "GET /sipse/css/custom_css_sg_prime_login.css HTTP/1.1" 304 -
201.245.192.253 - - [15/Jun/2023:08:18:21 -0500] "GET /sipse/faces/javax.faces.resource/theme.css?ln=primefaces-sipse HTTP/1.1" 304 -
201.245.192.253 - - [15/Jun/2023:08:18:21 -0500] "GET /sipse/faces/javax.faces.resource/primefaces.css?ln=primefaces&v=4.0 HTTP/1.1" 304 -
201.245.192.253 - - [15/Jun/2023:08:18:21 -0500] "GET /sipse/faces/javax.faces.resource/layout/layout.css?ln=primefaces&v=4.0 HTTP/1.1" 304 -
201.245.192.253 - - [15/Jun/2023:08:18:21 -0500] "GET /sipse/faces/javax.faces.resource/jquery/jquery.js?ln=primefaces&v=4.0 HTTP/1.1" 304 -
201.245.192.253 - - [15/Jun/2023:08:18:21 -0500] "GET /sipse/faces/javax.faces.resource/jquery/jquery-plugins.js?ln=primefaces&v=4.0 HTTP/1.1" 304 -
201.245.192.253 - - [15/Jun/2023:08:18:21 -0500] "GET /sipse/faces/javax.faces.resource/primefaces.js?ln=primefaces&v=4.0 HTTP/1.1" 304 -
201.245.192.253 - - [15/Jun/2023:08:18:21 -0500] "GET /sipse/faces/javax.faces.resource/layout/layout.js?ln=primefaces&v=4.0 HTTP/1.1" 304 -
201.245.192.253 - - [15/Jun/2023:08:18:21 -0500] "GET /sipse/css/imagen/logoSDG.png HTTP/1.1" 304 -
201.245.192.253 - - [15/Jun/2023:08:18:21 -0500] "GET /sipse/css/imagen/loginimg.png HTTP/1.1" 304 -
201.245.192.253 - - [15/Jun/2023:08:18:21 -0500] "GET /sipse/faces/javax.faces.resource/images/ui-icons_898989_256x240.png?ln=primefaces-aristo HTTP/1.1" 304 -
200.118.64.109 - - [15/Jun/2023:08:18:21 -0500] "POST /forms/lservlet;jsessionid=ac16012b30d670d56d8dad334082a2b2e22731dd9274.e3iSbxaKaheRe34Kc30KaNqQc41ynknvrkLOlQzNp65In0 HTTP/1.1" 200 15
201.245.192.253 - - [15/Jun/2023:08:18:24 -0500] "POST /sipse/faces/autenticacion.xhtml HTTP/1.1" 200 11364
201.245.192.253 - - [15/Jun/2023:08:18:24 -0500] "GET /sipse/css/custom_css_sg_prime.css HTTP/1.1" 304 -
201.245.192.253 - - [15/Jun/2023:08:18:24 -0500] "GET /sipse/faces/javax.faces.resource/layout/layout.css?ln=primefaces&v=4.0 HTTP/1.1" 304 -
201.245.192.253 - - [15/Jun/2023:08:18:24 -0500] "GET /sipse/faces/javax.faces.resource/theme.css?ln=primefaces-sipse HTTP/1.1" 304 -
201.245.192.253 - - [15/Jun/2023:08:18:24 -0500] "GET /sipse/faces/javax.faces.resource/primefaces.css?ln=primefaces&v=4.0 HTTP/1.1" 304 -
201.245.192.253 - - [15/Jun/2023:08:18:24 -0500] "GET /sipse/faces/javax.faces.resource/jquery/jquery.js?ln=primefaces&v=4.0 HTTP/1.1" 304 -
201.245.192.253 - - [15/Jun/2023:08:18:24 -0500] "GET /sipse/faces/javax.faces.resource/jquery/jquery-plugins.js?ln=primefaces&v=4.0 HTTP/1.1" 304 -
201.245.192.253 - - [15/Jun/2023:08:18:24 -0500] "GET /sipse/faces/javax.faces.resource/primefaces.js?ln=primefaces&v=4.0 HTTP/1.1" 304 -
201.245.192.253 - - [15/Jun/2023:08:18:24 -0500] "GET /sipse/faces/javax.faces.resource/layout/layout.js?ln=primefaces&v=4.0 HTTP/1.1" 304 -
201.245.192.253 - - [15/Jun/2023:08:18:24 -0500] "GET /sipse/faces/javax.faces.resource/messages/messages.png?ln=primefaces&v=4.0 HTTP/1.1" 304 -
201.245.192.253 - - [15/Jun/2023:08:18:26 -0500] "POST /sipse/faces/presentacion/sistema/seguridad/seleccionRol.xhtml HTTP/1.1" 200 5801
201.245.192.253 - - [15/Jun/2023:08:18:27 -0500] "POST /sipse/faces/presentacion/sistema/seguridad/seleccionRol.xhtml HTTP/1.1" 200 18965
201.245.192.253 - - [15/Jun/2023:08:18:27 -0500] "GET /sipse/faces/javax.faces.resource/theme.css?ln=primefaces-sipse HTTP/1.1" 304 -
201.245.192.253 - - [15/Jun/2023:08:18:27 -0500] "GET /sipse/faces/javax.faces.resource/layout/layout.css?ln=primefaces&v=4.0 HTTP/1.1" 304 -
201.245.192.253 - - [15/Jun/2023:08:18:27 -0500] "GET /sipse/faces/javax.faces.resource/primefaces.css?ln=primefaces&v=4.0 HTTP/1.1" 304 -
201.245.192.253 - - [15/Jun/2023:08:18:27 -0500] "GET /sipse/js/jquery.min.js HTTP/1.1" 304 -
201.245.192.253 - - [15/Jun/2023:08:18:27 -0500] "GET /sipse/faces/javax.faces.resource/jquery/jquery.js?ln=primefaces&v=4.0 HTTP/1.1" 304 -
201.245.192.253 - - [15/Jun/2023:08:18:27 -0500] "GET /sipse/faces/javax.faces.resource/jquery/jquery-plugins.js?ln=primefaces&v=4.0 HTTP/1.1" 304 -
201.245.192.253 - - [15/Jun/2023:08:18:27 -0500] "GET /sipse/faces/javax.faces.resource/primefaces.js?ln=primefaces&v=4.0 HTTP/1.1" 304 -
201.245.192.253 - - [15/Jun/2023:08:18:27 -0500] "GET /sipse/faces/javax.faces.resource/layout/layout.js?ln=primefaces&v=4.0 HTTP/1.1" 304 -
201.245.192.253 - - [15/Jun/2023:08:18:27 -0500] "GET /sipse/css/v_mergente.css HTTP/1.1" 304 -
201.245.192.253 - - [15/Jun/2023:08:18:27 -0500] "GET /sipse/imagenes/cargando.gif HTTP/1.1" 304 -
201.245.192.253 - - [15/Jun/2023:08:18:27 -0500] "GET /sipse/imagenes/logoAplicacion.jpg HTTP/1.1" 304 -
201.245.192.253 - - [15/Jun/2023:08:18:27 -0500] "GET /sipse/css/imagen/contrasena.png HTTP/1.1" 404 383
201.245.192.253 - - [15/Jun/2023:08:18:29 -0500] "GET /sipse/faces/javax.faces.resource/images/ui-bg_flat_0_2d5972_40x100.png?ln=primefaces-aristo HTTP/1.1" 304 -
201.245.192.253 - - [15/Jun/2023:08:18:29 -0500] "POST /sipse/faces/bienvenido.xhtml HTTP/1.1" 200 3182
200.118.64.109 - - [15/Jun/2023:08:18:30 -0500] "POST /forms/lservlet;jsessionid=ac16012b30d670d56d8dad334082a2b2e22731dd9274.e3iSbxaKaheRe34Kc30KaNqQc41ynknvrkLOlQzNp65In0 HTTP/1.1" 200 15
172.22.2.4 - - [15/Jun/2023:08:16:52 -0500] "GET /BLA/boletinlegal/ HTTP/1.1" 200 59192
201.245.192.253 - - [15/Jun/2023:08:18:33 -0500] "POST /sipse/faces/bienvenido.xhtml HTTP/1.1" 200 2075
201.245.192.253 - - [15/Jun/2023:08:18:34 -0500] "POST /sipse/faces/bienvenido.xhtml HTTP/1.1" 200 63053
201.245.192.253 - - [15/Jun/2023:08:18:35 -0500] "GET /sipse/faces/javax.faces.resource/primefaces.css?ln=primefaces&v=4.0 HTTP/1.1" 304 -
201.245.192.253 - - [15/Jun/2023:08:18:35 -0500] "GET /sipse/faces/javax.faces.resource/layout/layout.css?ln=primefaces&v=4.0 HTTP/1.1" 304 -
201.245.192.253 - - [15/Jun/2023:08:18:35 -0500] "GET /sipse/faces/javax.faces.resource/theme.css?ln=primefaces-sipse HTTP/1.1" 304 -
201.245.192.253 - - [15/Jun/2023:08:18:35 -0500] "GET /sipse/faces/javax.faces.resource/jquery/jquery.js?ln=primefaces&v=4.0 HTTP/1.1" 304 -
201.245.192.253 - - [15/Jun/2023:08:18:35 -0500] "GET /sipse/faces/javax.faces.resource/jquery/jquery-plugins.js?ln=primefaces&v=4.0 HTTP/1.1" 304 -
201.245.192.253 - - [15/Jun/2023:08:18:35 -0500] "GET /sipse/faces/javax.faces.resource/primefaces.js?ln=primefaces&v=4.0 HTTP/1.1" 304 -
201.245.192.253 - - [15/Jun/2023:08:18:35 -0500] "GET /sipse/faces/javax.faces.resource/layout/layout.js?ln=primefaces&v=4.0 HTTP/1.1" 304 -
201.245.192.253 - - [15/Jun/2023:08:18:35 -0500] "POST /sipse/faces/presentacion/financiero/solicitudProceso/listarSolicitudProceso.xhtml HTTP/1.1" 200 1564
201.245.192.253 - - [15/Jun/2023:08:18:40 -0500] "POST /appsia/controlador HTTP/1.1" 200 7785
200.118.64.109 - - [15/Jun/2023:08:18:39 -0500] "POST /forms/lservlet;jsessionid=ac16012b30d670d56d8dad334082a2b2e22731dd9274.e3iSbxaKaheRe34Kc30KaNqQc41ynknvrkLOlQzNp65In0 HTTP/1.1" 200 15
200.118.64.109 - - [15/Jun/2023:08:18:48 -0500] "POST /forms/lservlet;jsessionid=ac16012b30d670d56d8dad334082a2b2e22731dd9274.e3iSbxaKaheRe34Kc30KaNqQc41ynknvrkLOlQzNp65In0 HTTP/1.1" 200 15
201.245.192.253 - - [15/Jun/2023:08:18:54 -0500] "POST /appsia/controlador HTTP/1.1" 200 6650
201.245.192.253 - - [15/Jun/2023:08:18:56 -0500] "POST /appsia/controlador HTTP/1.1" 200 11374
200.118.64.109 - - [15/Jun/2023:08:18:57 -0500] "POST /forms/lservlet;jsessionid=ac16012b30d670d56d8dad334082a2b2e22731dd9274.e3iSbxaKaheRe34Kc30KaNqQc41ynknvrkLOlQzNp65In0 HTTP/1.1" 200 15
201.245.192.253 - - [15/Jun/2023:08:18:59 -0500] "POST /appsia/controlador HTTP/1.1" 200 75961
200.118.64.109 - - [15/Jun/2023:08:19:07 -0500] "POST /forms/lservlet;jsessionid=ac16012b30d670d56d8dad334082a2b2e22731dd9274.e3iSbxaKaheRe34Kc30KaNqQc41ynknvrkLOlQzNp65In0 HTTP/1.1" 200 15
200.118.64.109 - - [15/Jun/2023:08:19:16 -0500] "POST /forms/lservlet;jsessionid=ac16012b30d670d56d8dad334082a2b2e22731dd9274.e3iSbxaKaheRe34Kc30KaNqQc41ynknvrkLOlQzNp65In0 HTTP/1.1" 200 15
200.118.64.109 - - [15/Jun/2023:08:19:25 -0500] "POST /forms/lservlet;jsessionid=ac16012b30d670d56d8dad334082a2b2e22731dd9274.e3iSbxaKaheRe34Kc30KaNqQc41ynknvrkLOlQzNp65In0 HTTP/1.1" 200 15
173.252.79.120 - - [15/Jun/2023:08:19:34 -0500] "GET /images/liberacion-animales-silvestres.jpg HTTP/1.1" 200 57397
200.118.64.109 - - [15/Jun/2023:08:19:34 -0500] "POST /forms/lservlet;jsessionid=ac16012b30d670d56d8dad334082a2b2e22731dd9274.e3iSbxaKaheRe34Kc30KaNqQc41ynknvrkLOlQzNp65In0 HTTP/1.1" 200 15
69.171.231.3 - - [15/Jun/2023:08:19:36 -0500] "GET /dia-mundial-del-medio-ambiente-distrito-liberara-animales-silvestres-plantara-arboles-y-desarrollara-actividades-pedagogicas.html HTTP/1.1" 200 856
69.171.231.3 - - [15/Jun/2023:08:19:36 -0500] "GET /dia-mundial-del-medio-ambiente-distrito-liberara-animales-silvestres-plantara-arboles-y-desarrollara-actividades-pedagogicas.html HTTP/1.1" 200 856
69.171.231.117 - - [15/Jun/2023:08:19:36 -0500] "GET /dia-mundial-del-medio-ambiente-distrito-liberara-animales-silvestres-plantara-arboles-y-desarrollara-actividades-pedagogicas.html HTTP/1.1" 200 856
186.29.131.39 - - [15/Jun/2023:08:19:43 -0500] "GET /sia/ HTTP/1.1" 200 2661
186.29.131.39 - - [15/Jun/2023:08:19:43 -0500] "GET /css/date_blue.css HTTP/1.1" 404 1254
186.29.131.39 - - [15/Jun/2023:08:19:43 -0500] "GET /css/textos.css HTTP/1.1" 404 1254
186.29.131.39 - - [15/Jun/2023:08:19:43 -0500] "GET /css/bordes.css HTTP/1.1" 404 1254
186.29.131.39 - - [15/Jun/2023:08:19:44 -0500] "GET /css/fondos.css HTTP/1.1" 404 1254
186.29.131.39 - - [15/Jun/2023:08:19:44 -0500] "GET /favicon.ico HTTP/1.1" 200 7782
200.118.64.109 - - [15/Jun/2023:08:19:43 -0500] "POST /forms/lservlet;jsessionid=ac16012b30d670d56d8dad334082a2b2e22731dd9274.e3iSbxaKaheRe34Kc30KaNqQc41ynknvrkLOlQzNp65In0 HTTP/1.1" 200 15
200.118.64.109 - - [15/Jun/2023:08:19:52 -0500] "POST /forms/lservlet;jsessionid=ac16012b30d670d56d8dad334082a2b2e22731dd9274.e3iSbxaKaheRe34Kc30KaNqQc41ynknvrkLOlQzNp65In0 HTTP/1.1" 200 15
201.245.192.253 - - [15/Jun/2023:08:20:01 -0500] "POST /appsia/controlador HTTP/1.1" 200 7785
200.118.64.109 - - [15/Jun/2023:08:20:01 -0500] "POST /forms/lservlet;jsessionid=ac16012b30d670d56d8dad334082a2b2e22731dd9274.e3iSbxaKaheRe34Kc30KaNqQc41ynknvrkLOlQzNp65In0 HTTP/1.1" 200 15
201.245.192.253 - - [15/Jun/2023:08:20:04 -0500] "POST /appsia/controlador HTTP/1.1" 200 5437
201.245.192.253 - - [15/Jun/2023:08:20:07 -0500] "POST /appsia/controlador HTTP/1.1" 200 4799
200.118.64.109 - - [15/Jun/2023:08:20:10 -0500] "POST /forms/lservlet;jsessionid=ac16012b30d670d56d8dad334082a2b2e22731dd9274.e3iSbxaKaheRe34Kc30KaNqQc41ynknvrkLOlQzNp65In0 HTTP/1.1" 200 15
200.118.64.109 - - [15/Jun/2023:08:20:19 -0500] "POST /forms/lservlet;jsessionid=ac16012b30d670d56d8dad334082a2b2e22731dd9274.e3iSbxaKaheRe34Kc30KaNqQc41ynknvrkLOlQzNp65In0 HTTP/1.1" 200 15
200.118.64.109 - - [15/Jun/2023:08:20:28 -0500] "POST /forms/lservlet;jsessionid=ac16012b30d670d56d8dad334082a2b2e22731dd9274.e3iSbxaKaheRe34Kc30KaNqQc41ynknvrkLOlQzNp65In0 HTTP/1.1" 200 15
216.245.221.92 - - [15/Jun/2023:08:20:37 -0500] "HEAD / HTTP/1.1" 200 -
201.245.192.253 - - [15/Jun/2023:08:20:34 -0500] "POST /kwsrmcab/Wsrmcab HTTP/1.1" 200 43401
200.118.64.109 - - [15/Jun/2023:08:20:37 -0500] "POST /forms/lservlet;jsessionid=ac16012b30d670d56d8dad334082a2b2e22731dd9274.e3iSbxaKaheRe34Kc30KaNqQc41ynknvrkLOlQzNp65In0 HTTP/1.1" 200 15
201.245.192.253 - - [15/Jun/2023:08:20:39 -0500] "POST /kwsrmcab/Wsrmcab HTTP/1.1" 200 39603
201.245.192.253 - - [15/Jun/2023:08:20:42 -0500] "POST /sipse/faces/presentacion/financiero/solicitudProceso/listarSolicitudProceso.xhtml HTTP/1.1" 200 32777
201.245.192.253 - - [15/Jun/2023:08:20:43 -0500] "POST /sipse/faces/presentacion/financiero/solicitudProceso/listarSolicitudProceso.xhtml HTTP/1.1" 200 45335
201.245.192.253 - - [15/Jun/2023:08:20:43 -0500] "POST /sipse/faces/presentacion/financiero/solicitudProceso/listarSolicitudProceso.xhtml HTTP/1.1" 200 32777
201.245.192.253 - - [15/Jun/2023:08:20:45 -0500] "POST /sipse/faces/presentacion/financiero/solicitudProceso/listarSolicitudProceso.xhtml HTTP/1.1" 200 32514
200.118.64.109 - - [15/Jun/2023:08:20:46 -0500] "POST /forms/lservlet;jsessionid=ac16012b30d670d56d8dad334082a2b2e22731dd9274.e3iSbxaKaheRe34Kc30KaNqQc41ynknvrkLOlQzNp65In0 HTTP/1.1" 200 15
201.245.192.253 - - [15/Jun/2023:08:20:49 -0500] "POST /sipse/faces/presentacion/financiero/solicitudProceso/listarSolicitudProceso.xhtml HTTP/1.1" 200 163301
201.245.192.253 - - [15/Jun/2023:08:20:49 -0500] "GET /sipse/css/custom_css_sg.css HTTP/1.1" 304 -
201.245.192.253 - - [15/Jun/2023:08:20:49 -0500] "GET /sipse/faces/javax.faces.resource/theme.css?ln=primefaces-sipse HTTP/1.1" 304 -
201.245.192.253 - - [15/Jun/2023:08:20:49 -0500] "GET /sipse/faces/javax.faces.resource/layout/layout.css?ln=primefaces&v=4.0 HTTP/1.1" 304 -
201.245.192.253 - - [15/Jun/2023:08:20:49 -0500] "GET /sipse/faces/javax.faces.resource/primefaces.css?ln=primefaces&v=4.0 HTTP/1.1" 304 -
201.245.192.253 - - [15/Jun/2023:08:20:49 -0500] "GET /sipse/faces/javax.faces.resource/jquery/jquery.js?ln=primefaces&v=4.0 HTTP/1.1" 304 -
201.245.192.253 - - [15/Jun/2023:08:20:49 -0500] "GET /sipse/faces/javax.faces.resource/jquery/jquery-plugins.js?ln=primefaces&v=4.0 HTTP/1.1" 304 -
201.245.192.253 - - [15/Jun/2023:08:20:49 -0500] "GET /sipse/faces/javax.faces.resource/primefaces.js?ln=primefaces&v=4.0 HTTP/1.1" 304 -
201.245.192.253 - - [15/Jun/2023:08:20:49 -0500] "GET /sipse/faces/javax.faces.resource/layout/layout.js?ln=primefaces&v=4.0 HTTP/1.1" 304 -
201.245.192.253 - - [15/Jun/2023:08:20:49 -0500] "GET /sipse/faces/javax.faces.resource/dynamiccontent.properties?ln=primefaces&pfdrid=XjOR5%2F%2FfPAZAuY9TpWQeCiM0BhlXxYRBGKi%2FQcXXfeA%3D&pfdrid_c=false HTTP/1.1" 500 383
201.245.192.253 - - [15/Jun/2023:08:20:56 -0500] "POST /sipse/faces/presentacion/financiero/solicitudProceso/consultarSolicitudProceso.xhtml HTTP/1.1" 200 63622
200.118.64.109 - - [15/Jun/2023:08:20:55 -0500] "POST /forms/lservlet;jsessionid=ac16012b30d670d56d8dad334082a2b2e22731dd9274.e3iSbxaKaheRe34Kc30KaNqQc41ynknvrkLOlQzNp65In0 HTTP/1.1" 200 15
201.245.192.253 - - [15/Jun/2023:08:21:00 -0500] "POST /sipse/faces/presentacion/financiero/solicitudProceso/consultarSolicitudProceso.xhtml HTTP/1.1" 200 73706
201.245.192.253 - - [15/Jun/2023:08:21:00 -0500] "GET /sipse/faces/javax.faces.resource/primefaces.css?ln=primefaces&v=4.0 HTTP/1.1" 304 -
201.245.192.253 - - [15/Jun/2023:08:21:00 -0500] "GET /sipse/faces/javax.faces.resource/theme.css?ln=primefaces-sipse HTTP/1.1" 304 -
201.245.192.253 - - [15/Jun/2023:08:21:00 -0500] "GET /sipse/faces/javax.faces.resource/layout/layout.css?ln=primefaces&v=4.0 HTTP/1.1" 304 -
201.245.192.253 - - [15/Jun/2023:08:21:00 -0500] "GET /sipse/faces/javax.faces.resource/jquery/jquery.js?ln=primefaces&v=4.0 HTTP/1.1" 304 -
201.245.192.253 - - [15/Jun/2023:08:21:00 -0500] "GET /sipse/faces/javax.faces.resource/jquery/jquery-plugins.js?ln=primefaces&v=4.0 HTTP/1.1" 304 -
201.245.192.253 - - [15/Jun/2023:08:21:00 -0500] "GET /sipse/faces/javax.faces.resource/primefaces.js?ln=primefaces&v=4.0 HTTP/1.1" 304 -
201.245.192.253 - - [15/Jun/2023:08:21:00 -0500] "GET /sipse/faces/javax.faces.resource/layout/layout.js?ln=primefaces&v=4.0 HTTP/1.1" 304 -
200.118.64.109 - - [15/Jun/2023:08:21:04 -0500] "POST /forms/lservlet;jsessionid=ac16012b30d670d56d8dad334082a2b2e22731dd9274.e3iSbxaKaheRe34Kc30KaNqQc41ynknvrkLOlQzNp65In0 HTTP/1.1" 200 15
200.118.64.109 - - [15/Jun/2023:08:21:13 -0500] "POST /forms/lservlet;jsessionid=ac16012b30d670d56d8dad334082a2b2e22731dd9274.e3iSbxaKaheRe34Kc30KaNqQc41ynknvrkLOlQzNp65In0 HTTP/1.1" 200 15
45.227.254.48 - - [15/Jun/2023:08:21:18 -0500] "\x03" 400 226
200.118.64.109 - - [15/Jun/2023:08:21:23 -0500] "POST /forms/lservlet;jsessionid=ac16012b30d670d56d8dad334082a2b2e22731dd9274.e3iSbxaKaheRe34Kc30KaNqQc41ynknvrkLOlQzNp65In0 HTTP/1.1" 200 15
200.118.64.109 - - [15/Jun/2023:08:21:32 -0500] "POST /forms/lservlet;jsessionid=ac16012b30d670d56d8dad334082a2b2e22731dd9274.e3iSbxaKaheRe34Kc30KaNqQc41ynknvrkLOlQzNp65In0 HTTP/1.1" 200 15
186.29.131.39 - - [15/Jun/2023:08:21:34 -0500] "GET /galeria/galeria/jquery.fancybox.css?v=2.1.5 HTTP/1.1" 200 4895
186.29.131.39 - - [15/Jun/2023:08:21:34 -0500] "GET /BLA/boletinlegal/js/jquery.scrollShow.js HTTP/1.1" 200 4586
186.29.131.39 - - [15/Jun/2023:08:21:34 -0500] "GET /galeria/galeria/jquery.fancybox.js?v=2.1.5 HTTP/1.1" 200 48706
186.29.131.39 - - [15/Jun/2023:08:21:35 -0500] "GET /galeria/carrusel/Carrusel/jquery.thumbnailScroller.css HTTP/1.1" 200 2066
186.29.131.39 - - [15/Jun/2023:08:21:35 -0500] "GET /galeria/carrusel/Carrusel/jquery-ui-1.8.13.custom.min.js HTTP/1.1" 200 10800
186.29.131.39 - - [15/Jun/2023:08:21:35 -0500] "GET /galeria/carrusel/Carrusel/jquery.thumbnailScroller.js HTTP/1.1" 200 8157
186.29.131.39 - - [15/Jun/2023:08:21:35 -0500] "GET /galeria/nivo-slider/demo/banner.html HTTP/1.1" 200 5446
186.29.131.39 - - [15/Jun/2023:08:21:35 -0500] "GET /galeria/nivo-slider/themes/default/default.css HTTP/1.1" 200 1569
186.29.131.39 - - [15/Jun/2023:08:21:35 -0500] "GET /galeria/nivo-slider/nivo-slider.css HTTP/1.1" 200 1507
186.29.131.39 - - [15/Jun/2023:08:21:35 -0500] "GET /galeria/nivo-slider/themes/pascal/pascal.css HTTP/1.1" 200 2258
186.29.131.39 - - [15/Jun/2023:08:21:35 -0500] "GET /galeria/nivo-slider/demo/style.css HTTP/1.1" 200 2222
186.29.131.39 - - [15/Jun/2023:08:21:35 -0500] "GET /galeria/nivo-slider/themes/orman/orman.css HTTP/1.1" 200 2152
186.29.131.39 - - [15/Jun/2023:08:21:35 -0500] "GET /galeria/nivo-slider/demo/scripts/jquery-1.7.1.min.js HTTP/1.1" 200 93868
186.29.131.39 - - [15/Jun/2023:08:21:35 -0500] "GET /galeria/nivo-slider/jquery.nivo.slider.pack.js HTTP/1.1" 200 11561
186.29.131.39 - - [15/Jun/2023:08:21:35 -0500] "GET /galeria/nivo-slider/demo/images/bannertortuga_optimized.jpg HTTP/1.1" 200 39066
186.29.131.39 - - [15/Jun/2023:08:21:35 -0500] "GET /galeria/nivo-slider/demo/images/Bannersedeelectronica.jpg HTTP/1.1" 200 40383
186.29.131.39 - - [15/Jun/2023:08:21:35 -0500] "GET /galeria/nivo-slider/demo/images/bannertrafico_optimized.jpg HTTP/1.1" 200 42578
186.29.131.39 - - [15/Jun/2023:08:21:35 -0500] "GET /galeria/nivo-slider/demo/images/Bannermujeresquereverdecen.jpg HTTP/1.1" 200 46558
186.29.131.39 - - [15/Jun/2023:08:21:35 -0500] "GET /galeria/nivo-slider/themes/default/loading.gif HTTP/1.1" 200 1737
186.29.131.39 - - [15/Jun/2023:08:21:35 -0500] "GET /galeria/nivo-slider/demo/images/Bannerplasticosseptiembre.jpg HTTP/1.1" 200 45633
186.29.131.39 - - [15/Jun/2023:08:21:35 -0500] "GET /galeria/nivo-slider/demo/images/banneraire2021.jpg HTTP/1.1" 200 265101
186.29.131.39 - - [15/Jun/2023:08:21:35 -0500] "GET /galeria/nivo-slider/demo/images/bannerrutaesperanza.jpg HTTP/1.1" 200 55560
186.29.131.39 - - [15/Jun/2023:08:21:35 -0500] "GET /galeria/nivo-slider/demo/images/bannerresiduoshospitalariosagosto.jpg HTTP/1.1" 200 36499
186.29.131.39 - - [15/Jun/2023:08:21:35 -0500] "GET /galeria/nivo-slider/demo/images/4Simple_Slider.png HTTP/1.1" 200 11722
186.29.131.39 - - [15/Jun/2023:08:21:35 -0500] "GET /galeria/nivo-slider/demo/images/banneraccionpopularcrr68.jpg HTTP/1.1" 200 51887
186.29.131.39 - - [15/Jun/2023:08:21:35 -0500] "GET /galeria/nivo-slider/demo/images/banneraccionpopular.jpeg HTTP/1.1" 200 41707
186.29.131.39 - - [15/Jun/2023:08:21:35 -0500] "GET /galeria/nivo-slider/demo/images/bannerclases2021.jpg HTTP/1.1" 200 68230
186.29.131.39 - - [15/Jun/2023:08:21:35 -0500] "GET /galeria/nivo-slider/demo/images/bannercapacitacionesbogota.jpg HTTP/1.1" 200 42416
186.29.131.39 - - [15/Jun/2023:08:21:35 -0500] "GET /galeria/nivo-slider/demo/images/Bannerenvases.jpg HTTP/1.1" 200 37316
186.29.131.39 - - [15/Jun/2023:08:21:35 -0500] "GET /galeria/nivo-slider/demo/images/Bannervirtualescanales.jpg HTTP/1.1" 200 174544
186.29.131.39 - - [15/Jun/2023:08:21:35 -0500] "GET /galeria/nivo-slider/themes/default/arrows.png HTTP/1.1" 200 824
186.29.131.39 - - [15/Jun/2023:08:21:35 -0500] "GET /galeria/nivo-slider/themes/default/bullets.png HTTP/1.1" 200 1281
181.51.34.155 - - [15/Jun/2023:08:21:37 -0500] "GET /appsia/controlador HTTP/1.1" 200 4799
181.51.34.155 - - [15/Jun/2023:08:21:39 -0500] "POST /appsia/controlador HTTP/1.1" 200 5437
181.51.34.155 - - [15/Jun/2023:08:21:40 -0500] "POST /appsia/controlador HTTP/1.1" 200 7773
200.118.64.109 - - [15/Jun/2023:08:21:41 -0500] "POST /forms/lservlet;jsessionid=ac16012b30d670d56d8dad334082a2b2e22731dd9274.e3iSbxaKaheRe34Kc30KaNqQc41ynknvrkLOlQzNp65In0 HTTP/1.1" 200 15
181.51.34.155 - - [15/Jun/2023:08:21:42 -0500] "POST /appsia/controlador HTTP/1.1" 200 6638
181.51.34.155 - - [15/Jun/2023:08:21:43 -0500] "POST /appsia/controlador HTTP/1.1" 200 10959
200.118.64.109 - - [15/Jun/2023:08:21:50 -0500] "POST /forms/lservlet;jsessionid=ac16012b30d670d56d8dad334082a2b2e22731dd9274.e3iSbxaKaheRe34Kc30KaNqQc41ynknvrkLOlQzNp65In0 HTTP/1.1" 200 15
110.93.150.77 - - [15/Jun/2023:08:22:00 -0500] "GET /serrania-el-zuque-de-cantera-en-los-anos-60-a-espacio-de-restauracion-ambiental-y-mitigacion-del-riesgo.html HTTP/1.1" 200 841
200.118.64.109 - - [15/Jun/2023:08:21:59 -0500] "POST /forms/lservlet;jsessionid=ac16012b30d670d56d8dad334082a2b2e22731dd9274.e3iSbxaKaheRe34Kc30KaNqQc41ynknvrkLOlQzNp65In0 HTTP/1.1" 200 15
200.118.64.109 - - [15/Jun/2023:08:22:08 -0500] "POST /forms/lservlet;jsessionid=ac16012b30d670d56d8dad334082a2b2e22731dd9274.e3iSbxaKaheRe34Kc30KaNqQc41ynknvrkLOlQzNp65In0 HTTP/1.1" 200 15
200.118.64.109 - - [15/Jun/2023:08:22:17 -0500] "POST /forms/lservlet;jsessionid=ac16012b30d670d56d8dad334082a2b2e22731dd9274.e3iSbxaKaheRe34Kc30KaNqQc41ynknvrkLOlQzNp65In0 HTTP/1.1" 200 15
200.118.64.109 - - [15/Jun/2023:08:22:26 -0500] "POST /forms/lservlet;jsessionid=ac16012b30d670d56d8dad334082a2b2e22731dd9274.e3iSbxaKaheRe34Kc30KaNqQc41ynknvrkLOlQzNp65In0 HTTP/1.1" 200 15
172.22.2.4 - - [15/Jun/2023:08:22:29 -0500] "GET /BLA/boletinlegal/js/jquery.js HTTP/1.1" 200 57254
172.22.2.4 - - [15/Jun/2023:08:22:29 -0500] "GET /BLA/boletinlegal/js/jquery.scrollShow.js HTTP/1.1" 200 4586
172.22.2.4 - - [15/Jun/2023:08:22:29 -0500] "GET /BLA/boletinlegal/js/jquery.scrollTo-min.js HTTP/1.1" 200 1150
172.22.2.4 - - [15/Jun/2023:08:22:29 -0500] "GET /BLA/boletinlegal/images/arr_l.jpg HTTP/1.1" 200 1979
172.22.2.4 - - [15/Jun/2023:08:22:29 -0500] "GET /BLA/boletinlegal/images/screen_1.png HTTP/1.1" 200 202547
172.22.2.4 - - [15/Jun/2023:08:22:29 -0500] "GET /BLA/boletinlegal/images/launch.jpg HTTP/1.1" 200 14577
172.22.2.4 - - [15/Jun/2023:08:22:31 -0500] "GET /BLA/boletinlegal/actos.php HTTP/1.1" 200 9682
172.22.2.4 - - [15/Jun/2023:08:22:31 -0500] "GET /BLA/boletinlegal/favicon.ico HTTP/1.1" 404 1326
181.71.17.251 - - [15/Jun/2023:08:22:33 -0500] "GET /BLA/resoluciones/ HTTP/1.1" 200 13502
181.71.17.251 - - [15/Jun/2023:08:22:35 -0500] "GET /BLA/resoluciones/index.php?dir=AUTOS+2022%2F HTTP/1.1" 200 497370
200.118.64.109 - - [15/Jun/2023:08:22:36 -0500] "POST /forms/lservlet;jsessionid=ac16012b30d670d56d8dad334082a2b2e22731dd9274.e3iSbxaKaheRe34Kc30KaNqQc41ynknvrkLOlQzNp65In0 HTTP/1.1" 200 15
200.118.64.109 - - [15/Jun/2023:08:22:45 -0500] "POST /forms/lservlet;jsessionid=ac16012b30d670d56d8dad334082a2b2e22731dd9274.e3iSbxaKaheRe34Kc30KaNqQc41ynknvrkLOlQzNp65In0 HTTP/1.1" 200 15
200.118.64.109 - - [15/Jun/2023:08:22:54 -0500] "POST /forms/lservlet;jsessionid=ac16012b30d670d56d8dad334082a2b2e22731dd9274.e3iSbxaKaheRe34Kc30KaNqQc41ynknvrkLOlQzNp65In0 HTTP/1.1" 200 15
201.245.192.253 - - [15/Jun/2023:08:22:58 -0500] "POST /kwsrmcab/Wsrmcab  HTTP/1.1" 200 40957
200.118.64.109 - - [15/Jun/2023:08:23:03 -0500] "POST /forms/lservlet;jsessionid=ac16012b30d670d56d8dad334082a2b2e22731dd9274.e3iSbxaKaheRe34Kc30KaNqQc41ynknvrkLOlQzNp65In0 HTTP/1.1" 200 15
66.249.73.67 - - [15/Jun/2023:08:23:08 -0500] "-" 408 -
200.118.64.109 - - [15/Jun/2023:08:23:12 -0500] "POST /forms/lservlet;jsessionid=ac16012b30d670d56d8dad334082a2b2e22731dd9274.e3iSbxaKaheRe34Kc30KaNqQc41ynknvrkLOlQzNp65In0 HTTP/1.1" 200 15
172.22.2.4 - - [15/Jun/2023:08:22:29 -0500] "GET /BLA/boletinlegal/ HTTP/1.1" 200 24523
200.118.64.109 - - [15/Jun/2023:08:23:21 -0500] "POST /forms/lservlet;jsessionid=ac16012b30d670d56d8dad334082a2b2e22731dd9274.e3iSbxaKaheRe34Kc30KaNqQc41ynknvrkLOlQzNp65In0 HTTP/1.1" 200 15
172.22.2.4 - - [15/Jun/2023:08:21:51 -0500] "HEAD /BLA/boletinlegal/ HTTP/1.1" 200 -
200.118.64.109 - - [15/Jun/2023:08:23:30 -0500] "POST /forms/lservlet;jsessionid=ac16012b30d670d56d8dad334082a2b2e22731dd9274.e3iSbxaKaheRe34Kc30KaNqQc41ynknvrkLOlQzNp65In0 HTTP/1.1" 200 15
200.118.64.109 - - [15/Jun/2023:08:23:39 -0500] "POST /forms/lservlet;jsessionid=ac16012b30d670d56d8dad334082a2b2e22731dd9274.e3iSbxaKaheRe34Kc30KaNqQc41ynknvrkLOlQzNp65In0 HTTP/1.1" 200 15
13.215.126.194 - - [15/Jun/2023:08:23:42 -0500] "GET /transparencia/financiera/? HTTP/1.1" 200 71821
200.118.64.109 - - [15/Jun/2023:08:23:48 -0500] "POST /forms/lservlet;jsessionid=ac16012b30d670d56d8dad334082a2b2e22731dd9274.e3iSbxaKaheRe34Kc30KaNqQc41ynknvrkLOlQzNp65In0 HTTP/1.1" 200 15
200.118.64.109 - - [15/Jun/2023:08:23:57 -0500] "POST /forms/lservlet;jsessionid=ac16012b30d670d56d8dad334082a2b2e22731dd9274.e3iSbxaKaheRe34Kc30KaNqQc41ynknvrkLOlQzNp65In0 HTTP/1.1" 200 15
200.118.64.109 - - [15/Jun/2023:08:24:07 -0500] "POST /forms/lservlet;jsessionid=ac16012b30d670d56d8dad334082a2b2e22731dd9274.e3iSbxaKaheRe34Kc30KaNqQc41ynknvrkLOlQzNp65In0 HTTP/1.1" 200 15
200.118.64.109 - - [15/Jun/2023:08:24:17 -0500] "POST /forms/lservlet;jsessionid=ac16012b30d670d56d8dad334082a2b2e22731dd9274.e3iSbxaKaheRe34Kc30KaNqQc41ynknvrkLOlQzNp65In0 HTTP/1.1" 200 15
172.22.2.4 - - [15/Jun/2023:08:22:42 -0500] "GET /BLA/boletinlegal/ HTTP/1.1" 200 55337
200.118.64.109 - - [15/Jun/2023:08:24:26 -0500] "POST /forms/lservlet;jsessionid=ac16012b30d670d56d8dad334082a2b2e22731dd9274.e3iSbxaKaheRe34Kc30KaNqQc41ynknvrkLOlQzNp65In0 HTTP/1.1" 200 15
200.118.64.109 - - [15/Jun/2023:08:24:35 -0500] "POST /forms/lservlet;jsessionid=ac16012b30d670d56d8dad334082a2b2e22731dd9274.e3iSbxaKaheRe34Kc30KaNqQc41ynknvrkLOlQzNp65In0 HTTP/1.1" 200 15
200.118.64.109 - - [15/Jun/2023:08:24:44 -0500] "POST /forms/lservlet;jsessionid=ac16012b30d670d56d8dad334082a2b2e22731dd9274.e3iSbxaKaheRe34Kc30KaNqQc41ynknvrkLOlQzNp65In0 HTTP/1.1" 200 15
200.118.64.109 - - [15/Jun/2023:08:24:53 -0500] "POST /forms/lservlet;jsessionid=ac16012b30d670d56d8dad334082a2b2e22731dd9274.e3iSbxaKaheRe34Kc30KaNqQc41ynknvrkLOlQzNp65In0 HTTP/1.1" 200 15
201.245.192.253 - - [15/Jun/2023:08:24:56 -0500] "GET /appsia/controlador HTTP/1.1" 200 4799
200.118.64.109 - - [15/Jun/2023:08:25:02 -0500] "POST /forms/lservlet;jsessionid=ac16012b30d670d56d8dad334082a2b2e22731dd9274.e3iSbxaKaheRe34Kc30KaNqQc41ynknvrkLOlQzNp65In0 HTTP/1.1" 200 15
40.77.167.97 - - [15/Jun/2023:08:25:07 -0500] "GET /BLA/resoluciones/AUTOS%202021/2692.pdf HTTP/1.1" 304 -
200.118.64.109 - - [15/Jun/2023:08:25:11 -0500] "POST /forms/lservlet;jsessionid=ac16012b30d670d56d8dad334082a2b2e22731dd9274.e3iSbxaKaheRe34Kc30KaNqQc41ynknvrkLOlQzNp65In0 HTTP/1.1" 200 15
201.245.192.253 - - [15/Jun/2023:08:25:12 -0500] "POST /appsia/controlador HTTP/1.1" 200 5437
201.245.192.253 - - [15/Jun/2023:08:25:15 -0500] "POST /appsia/controlador HTTP/1.1" 200 3238
201.245.192.253 - - [15/Jun/2023:08:25:15 -0500] "GET /appsia/jscripts/validarSolicitud.js HTTP/1.1" 404 68
201.245.192.253 - - [15/Jun/2023:08:25:19 -0500] "POST /appsia/controlador HTTP/1.1" 200 5437
200.118.64.109 - - [15/Jun/2023:08:25:20 -0500] "POST /forms/lservlet;jsessionid=ac16012b30d670d56d8dad334082a2b2e22731dd9274.e3iSbxaKaheRe34Kc30KaNqQc41ynknvrkLOlQzNp65In0 HTTP/1.1" 200 15
201.245.192.253 - - [15/Jun/2023:08:25:23 -0500] "POST /appsia/controlador HTTP/1.1" 200 4799
200.118.64.109 - - [15/Jun/2023:08:25:29 -0500] "POST /forms/lservlet;jsessionid=ac16012b30d670d56d8dad334082a2b2e22731dd9274.e3iSbxaKaheRe34Kc30KaNqQc41ynknvrkLOlQzNp65In0 HTTP/1.1" 200 15
181.48.226.122 - - [15/Jun/2023:08:25:31 -0500] "GET /en-junio-conectate-con-la-naturaleza-y-el-medioambiente-a-traves-de-estas-caminatas-ecologicas.html HTTP/1.1" 200 900
216.245.221.92 - - [15/Jun/2023:08:25:37 -0500] "HEAD / HTTP/1.1" 200 -
201.245.192.253 - - [15/Jun/2023:08:25:39 -0500] "POST /appsia/controlador HTTP/1.1" 200 5437
200.118.64.109 - - [15/Jun/2023:08:25:38 -0500] "POST /forms/lservlet;jsessionid=ac16012b30d670d56d8dad334082a2b2e22731dd9274.e3iSbxaKaheRe34Kc30KaNqQc41ynknvrkLOlQzNp65In0 HTTP/1.1" 200 15
201.245.192.253 - - [15/Jun/2023:08:25:41 -0500] "POST /appsia/controlador HTTP/1.1" 200 3238
201.245.192.253 - - [15/Jun/2023:08:25:41 -0500] "GET /appsia/jscripts/validarSolicitud.js HTTP/1.1" 404 68
200.118.64.109 - - [15/Jun/2023:08:25:47 -0500] "POST /forms/lservlet;jsessionid=ac16012b30d670d56d8dad334082a2b2e22731dd9274.e3iSbxaKaheRe34Kc30KaNqQc41ynknvrkLOlQzNp65In0 HTTP/1.1" 200 15
201.245.192.253 - - [15/Jun/2023:08:25:49 -0500] "POST /appsia/controlador HTTP/1.1" 200 5437
201.245.192.253 - - [15/Jun/2023:08:25:51 -0500] "POST /appsia/controlador HTTP/1.1" 200 3238
201.245.192.253 - - [15/Jun/2023:08:25:51 -0500] "GET /appsia/jscripts/validarSolicitud.js HTTP/1.1" 404 68
172.22.2.4 - - [15/Jun/2023:08:25:52 -0500] "GET /BLA/boletinlegal/actos.php HTTP/1.1" 200 9682
172.22.2.4 - - [15/Jun/2023:08:25:52 -0500] "GET /BLA/boletinlegal/styles2.css HTTP/1.1" 200 1838
172.22.2.4 - - [15/Jun/2023:08:25:52 -0500] "GET /BLA/boletinlegal/js/ajax_actos.js HTTP/1.1" 200 1322
172.22.2.4 - - [15/Jun/2023:08:25:52 -0500] "GET /BLA/boletinlegal/niceforms-default.css HTTP/1.1" 200 6694
172.22.2.4 - - [15/Jun/2023:08:25:52 -0500] "GET /BLA/boletinlegal/niceforms.js HTTP/1.1" 200 22876
172.22.2.4 - - [15/Jun/2023:08:25:52 -0500] "GET /BLA/boletinlegal/style.css HTTP/1.1" 200 9406
172.22.2.4 - - [15/Jun/2023:08:25:52 -0500] "GET /BLA/boletinlegal/js/lib.js HTTP/1.1" 200 6474
172.22.2.4 - - [15/Jun/2023:08:25:52 -0500] "GET /BLA/boletinlegal/js/popup.js HTTP/1.1" 200 1270
172.22.2.4 - - [15/Jun/2023:08:25:52 -0500] "GET /BLA/boletinlegal/js/jquery1.js HTTP/1.1" 200 29846
172.22.2.4 - - [15/Jun/2023:08:25:52 -0500] "GET /BLA/boletinlegal/images/cabezote%20BLEGAL.jpg HTTP/1.1" 200 118164
172.22.2.4 - - [15/Jun/2023:08:25:52 -0500] "GET /BLA/boletinlegal/images/subscribe-icon-big.png HTTP/1.1" 200 47702
172.22.2.4 - - [15/Jun/2023:08:25:52 -0500] "GET /BLA/boletinlegal/images/registro-usuarios.png HTTP/1.1" 200 8106
172.22.2.4 - - [15/Jun/2023:08:25:52 -0500] "GET /BLA/boletinlegal/images/historia.png HTTP/1.1" 200 52775
172.22.2.4 - - [15/Jun/2023:08:25:52 -0500] "GET /BLA/boletinlegal/images/green-yellow-blue-pink-th.png HTTP/1.1" 200 7394
172.22.2.4 - - [15/Jun/2023:08:25:52 -0500] "GET /BLA/boletinlegal/images/tel.png HTTP/1.1" 200 14477
172.22.2.4 - - [15/Jun/2023:08:25:52 -0500] "GET /BLA/boletinlegal/images/icono-email.png HTTP/1.1" 200 5544
172.22.2.4 - - [15/Jun/2023:08:25:52 -0500] "GET /BLA/boletinlegal/images/body_bg.jpg HTTP/1.1" 200 1601
172.22.2.4 - - [15/Jun/2023:08:25:52 -0500] "GET /BLA/boletinlegal/images/menu_lft.gif HTTP/1.1" 200 1713
172.22.2.4 - - [15/Jun/2023:08:25:52 -0500] "GET /BLA/boletinlegal/images/menu_rght.gif HTTP/1.1" 200 1627
172.22.2.4 - - [15/Jun/2023:08:25:52 -0500] "GET /BLA/boletinlegal/images/bg_top.jpg HTTP/1.1" 200 522
172.22.2.4 - - [15/Jun/2023:08:25:52 -0500] "GET /BLA/boletinlegal/images/menu_bg.jpg HTTP/1.1" 200 620
172.22.2.4 - - [15/Jun/2023:08:25:52 -0500] "GET /BLA/boletinlegal/images/hover.jpg HTTP/1.1" 200 640
172.22.2.4 - - [15/Jun/2023:08:25:52 -0500] "GET /BLA/boletinlegal/images/text.jpg HTTP/1.1" 200 568
172.22.2.4 - - [15/Jun/2023:08:25:52 -0500] "GET /BLA/boletinlegal/images/footer_bg.jpg HTTP/1.1" 200 586
172.22.2.4 - - [15/Jun/2023:08:25:52 -0500] "GET /BLA/boletinlegal/images/footer_bg_l.jpg HTTP/1.1" 200 776
172.22.2.4 - - [15/Jun/2023:08:25:53 -0500] "GET /BLA/boletinlegal/img/0.png HTTP/1.1" 200 110
172.22.2.4 - - [15/Jun/2023:08:25:53 -0500] "GET /BLA/boletinlegal/img/select-left.png HTTP/1.1" 200 263
172.22.2.4 - - [15/Jun/2023:08:25:53 -0500] "GET /BLA/boletinlegal/img/select-right.png HTTP/1.1" 200 44019
172.22.2.4 - - [15/Jun/2023:08:25:53 -0500] "GET /BLA/boletinlegal/img/button.png HTTP/1.1" 200 43241
172.22.2.4 - - [15/Jun/2023:08:25:53 -0500] "GET /BLA/boletinlegal/img/button-left.png HTTP/1.1" 200 57071
172.22.2.4 - - [15/Jun/2023:08:25:53 -0500] "GET /BLA/boletinlegal/img/button-right.png HTTP/1.1" 200 57878
172.22.2.4 - - [15/Jun/2023:08:25:53 -0500] "GET /BLA/boletinlegal/favicon.ico HTTP/1.1" 404 1326
201.245.192.253 - - [15/Jun/2023:08:25:55 -0500] "POST /appsia/controlador HTTP/1.1" 200 5437
200.118.64.109 - - [15/Jun/2023:08:25:57 -0500] "GET /forms/frmservlet?config=sia HTTP/1.1" 200 4046
201.245.192.253 - - [15/Jun/2023:08:25:57 -0500] "POST /appsia/controlador HTTP/1.1" 200 4799
200.118.64.109 - - [15/Jun/2023:08:25:56 -0500] "POST /forms/lservlet;jsessionid=ac16012b30d670d56d8dad334082a2b2e22731dd9274.e3iSbxaKaheRe34Kc30KaNqQc41ynknvrkLOlQzNp65In0 HTTP/1.1" 200 15
200.118.64.109 - - [15/Jun/2023:08:25:58 -0500] "GET /forms/frmservlet?config=sia HTTP/1.1" 200 4046
200.118.64.109 - - [15/Jun/2023:08:25:58 -0500] "GET /forms/java/oracle/forms/registry/Registry.dat HTTP/1.1" 200 4213
200.118.64.109 - - [15/Jun/2023:08:25:58 -0500] "GET /forms/java/oracle/forms/registry/default.dat HTTP/1.1" 404 350
200.118.64.109 - - [15/Jun/2023:08:25:58 -0500] "GET /forms/frmservlet?config=sia&acceptLanguage=en-us,en;q=0.5&ifcmd=startsession HTTP/1.1" 200 118
200.118.64.109 - - [15/Jun/2023:08:25:58 -0500] "GET /forms/lservlet;jsessionid=ac16012b30d61f8d11dcb1fa43fabef9ba87a36b8abc.e3iSbxaKaheRe34Kc30KaNqQc41ynknvrkLOlQzNp65In0?ifcmd=getinfo HTTP/1.1" 200 8
200.118.64.109 - - [15/Jun/2023:08:25:59 -0500] "POST /forms/lservlet;jsessionid=ac16012b30d61f8d11dcb1fa43fabef9ba87a36b8abc.e3iSbxaKaheRe34Kc30KaNqQc41ynknvrkLOlQzNp65In0 HTTP/1.1" 200 8
200.118.64.109 - - [15/Jun/2023:08:26:00 -0500] "POST /forms/lservlet;jsessionid=ac16012b30d61f8d11dcb1fa43fabef9ba87a36b8abc.e3iSbxaKaheRe34Kc30KaNqQc41ynknvrkLOlQzNp65In0 HTTP/1.1" 200 64000
200.118.64.109 - - [15/Jun/2023:08:26:01 -0500] "HEAD /imagenes/dama_logo.gif HTTP/1.1" 200 -
200.118.64.109 - - [15/Jun/2023:08:26:01 -0500] "POST /forms/lservlet;jsessionid=ac16012b30d61f8d11dcb1fa43fabef9ba87a36b8abc.e3iSbxaKaheRe34Kc30KaNqQc41ynknvrkLOlQzNp65In0 HTTP/1.1" 200 64000
200.118.64.109 - - [15/Jun/2023:08:26:01 -0500] "POST /forms/lservlet;jsessionid=ac16012b30d61f8d11dcb1fa43fabef9ba87a36b8abc.e3iSbxaKaheRe34Kc30KaNqQc41ynknvrkLOlQzNp65In0 HTTP/1.1" 200 63623
200.118.64.109 - - [15/Jun/2023:08:26:01 -0500] "POST /forms/lservlet;jsessionid=ac16012b30d61f8d11dcb1fa43fabef9ba87a36b8abc.e3iSbxaKaheRe34Kc30KaNqQc41ynknvrkLOlQzNp65In0 HTTP/1.1" 200 2
172.22.2.4 - - [15/Jun/2023:08:26:04 -0500] "GET /BLA/boletinlegal/consulta_actos.php?tipo=resoluciones&no=0163&usuario=&sector=&fecha=2018&resuelve= HTTP/1.1" 200 626
200.118.64.109 - - [15/Jun/2023:08:26:05 -0500] "POST /forms/lservlet;jsessionid=ac16012b30d670d56d8dad334082a2b2e22731dd9274.e3iSbxaKaheRe34Kc30KaNqQc41ynknvrkLOlQzNp65In0 HTTP/1.1" 200 15
172.22.2.4 - - [15/Jun/2023:08:26:07 -0500] "GET /BLA/boletinlegal/consulta_actos.php?tipo=resoluciones&no=0163&usuario=&sector=&fecha=2018&resuelve= HTTP/1.1" 200 626
201.245.192.253 - - [15/Jun/2023:08:26:15 -0500] "POST /appsia/controlador HTTP/1.1" 200 5437
200.118.64.109 - - [15/Jun/2023:08:26:14 -0500] "POST /forms/lservlet;jsessionid=ac16012b30d670d56d8dad334082a2b2e22731dd9274.e3iSbxaKaheRe34Kc30KaNqQc41ynknvrkLOlQzNp65In0 HTTP/1.1" 200 15
201.245.192.253 - - [15/Jun/2023:08:26:16 -0500] "POST /appsia/controlador HTTP/1.1" 200 3238
201.245.192.253 - - [15/Jun/2023:08:26:17 -0500] "GET /appsia/jscripts/validarSolicitud.js HTTP/1.1" 404 68
201.245.192.253 - - [15/Jun/2023:08:26:19 -0500] "POST /appsia/controlador HTTP/1.1" 200 5437
200.118.64.109 - - [15/Jun/2023:08:26:20 -0500] "POST /forms/lservlet;jsessionid=ac16012b30d61f8d11dcb1fa43fabef9ba87a36b8abc.e3iSbxaKaheRe34Kc30KaNqQc41ynknvrkLOlQzNp65In0 HTTP/1.1" 200 7979
200.118.64.109 - - [15/Jun/2023:08:26:21 -0500] "POST /forms/lservlet;jsessionid=ac16012b30d61f8d11dcb1fa43fabef9ba87a36b8abc.e3iSbxaKaheRe34Kc30KaNqQc41ynknvrkLOlQzNp65In0 HTTP/1.1" 200 64
200.118.64.109 - - [15/Jun/2023:08:26:21 -0500] "POST /forms/lservlet;jsessionid=ac16012b30d61f8d11dcb1fa43fabef9ba87a36b8abc.e3iSbxaKaheRe34Kc30KaNqQc41ynknvrkLOlQzNp65In0 HTTP/1.1" 200 2
200.118.64.109 - - [15/Jun/2023:08:26:21 -0500] "POST /forms/lservlet;jsessionid=ac16012b30d61f8d11dcb1fa43fabef9ba87a36b8abc.e3iSbxaKaheRe34Kc30KaNqQc41ynknvrkLOlQzNp65In0 HTTP/1.1" 200 2
200.118.64.109 - - [15/Jun/2023:08:26:21 -0500] "POST /forms/lservlet;jsessionid=ac16012b30d61f8d11dcb1fa43fabef9ba87a36b8abc.e3iSbxaKaheRe34Kc30KaNqQc41ynknvrkLOlQzNp65In0 HTTP/1.1" 200 2
200.118.64.109 - - [15/Jun/2023:08:26:23 -0500] "POST /forms/lservlet;jsessionid=ac16012b30d670d56d8dad334082a2b2e22731dd9274.e3iSbxaKaheRe34Kc30KaNqQc41ynknvrkLOlQzNp65In0 HTTP/1.1" 200 15
200.118.64.109 - - [15/Jun/2023:08:26:24 -0500] "POST /forms/lservlet;jsessionid=ac16012b30d61f8d11dcb1fa43fabef9ba87a36b8abc.e3iSbxaKaheRe34Kc30KaNqQc41ynknvrkLOlQzNp65In0 HTTP/1.1" 200 34712
200.118.64.109 - - [15/Jun/2023:08:26:25 -0500] "GET /imagenes/listval.gif HTTP/1.1" 200 905
200.118.64.109 - - [15/Jun/2023:08:26:25 -0500] "GET /imagenes/rt_quer3.gif HTTP/1.1" 200 939
200.118.64.109 - - [15/Jun/2023:08:26:25 -0500] "GET /imagenes/rt_pset.gif HTTP/1.1" 200 914
200.118.64.109 - - [15/Jun/2023:08:26:25 -0500] "POST /forms/lservlet;jsessionid=ac16012b30d61f8d11dcb1fa43fabef9ba87a36b8abc.e3iSbxaKaheRe34Kc30KaNqQc41ynknvrkLOlQzNp65In0 HTTP/1.1" 200 7
200.118.64.109 - - [15/Jun/2023:08:26:25 -0500] "POST /forms/lservlet;jsessionid=ac16012b30d61f8d11dcb1fa43fabef9ba87a36b8abc.e3iSbxaKaheRe34Kc30KaNqQc41ynknvrkLOlQzNp65In0 HTTP/1.1" 200 34
200.118.64.109 - - [15/Jun/2023:08:26:25 -0500] "POST /forms/lservlet;jsessionid=ac16012b30d61f8d11dcb1fa43fabef9ba87a36b8abc.e3iSbxaKaheRe34Kc30KaNqQc41ynknvrkLOlQzNp65In0 HTTP/1.1" 200 2
200.118.64.109 - - [15/Jun/2023:08:26:26 -0500] "POST /forms/lservlet;jsessionid=ac16012b30d61f8d11dcb1fa43fabef9ba87a36b8abc.e3iSbxaKaheRe34Kc30KaNqQc41ynknvrkLOlQzNp65In0 HTTP/1.1" 200 2
200.118.64.109 - - [15/Jun/2023:08:26:26 -0500] "POST /forms/lservlet;jsessionid=ac16012b30d61f8d11dcb1fa43fabef9ba87a36b8abc.e3iSbxaKaheRe34Kc30KaNqQc41ynknvrkLOlQzNp65In0 HTTP/1.1" 200 699
200.118.64.109 - - [15/Jun/2023:08:26:26 -0500] "GET /imagenes/Srch_frw.gif HTTP/1.1" 200 925
200.118.64.109 - - [15/Jun/2023:08:26:26 -0500] "POST /forms/lservlet;jsessionid=ac16012b30d61f8d11dcb1fa43fabef9ba87a36b8abc.e3iSbxaKaheRe34Kc30KaNqQc41ynknvrkLOlQzNp65In0 HTTP/1.1" 200 10
