201.245.192.253 - - [15/Jun/2023:08:44:18 -0500] "POST /sipse/faces/presentacion/financiero/solicitudProceso/listarSolicitudProceso.xhtml HTTP/1.1" 200 45275
201.245.192.253 - - [15/Jun/2023:08:44:19 -0500] "POST /sipse/faces/presentacion/financiero/solicitudProceso/listarSolicitudProceso.xhtml HTTP/1.1" 200 32713
201.245.192.253 - - [15/Jun/2023:08:44:20 -0500] "POST /sipse/faces/presentacion/financiero/solicitudProceso/listarSolicitudProceso.xhtml HTTP/1.1" 200 26441
200.118.64.109 - - [15/Jun/2023:08:44:20 -0500] "POST /forms/lservlet;jsessionid=ac16012b30d61f8d11dcb1fa43fabef9ba87a36b8abc.e3iSbxaKaheRe34Kc30KaNqQc41ynknvrkLOlQzNp65In0 HTTP/1.1" 200 15
200.118.64.109 - - [15/Jun/2023:08:44:22 -0500] "POST /forms/lservlet;jsessionid=ac16012b30d670d56d8dad334082a2b2e22731dd9274.e3iSbxaKaheRe34Kc30KaNqQc41ynknvrkLOlQzNp65In0 HTTP/1.1" 200 15
201.245.192.253 - - [15/Jun/2023:08:44:23 -0500] "POST /sipse/faces/presentacion/financiero/solicitudProceso/listarSolicitudProceso.xhtml HTTP/1.1" 200 158347
201.245.192.253 - - [15/Jun/2023:08:44:24 -0500] "GET /sipse/faces/javax.faces.resource/theme.css?ln=primefaces-sipse HTTP/1.1" 304 -
201.245.192.253 - - [15/Jun/2023:08:44:24 -0500] "GET /sipse/faces/javax.faces.resource/primefaces.css?ln=primefaces&v=4.0 HTTP/1.1" 304 -
201.245.192.253 - - [15/Jun/2023:08:44:24 -0500] "GET /sipse/faces/javax.faces.resource/layout/layout.css?ln=primefaces&v=4.0 HTTP/1.1" 304 -
201.245.192.253 - - [15/Jun/2023:08:44:24 -0500] "GET /sipse/faces/javax.faces.resource/jquery/jquery.js?ln=primefaces&v=4.0 HTTP/1.1" 304 -
201.245.192.253 - - [15/Jun/2023:08:44:24 -0500] "GET /sipse/faces/javax.faces.resource/jquery/jquery-plugins.js?ln=primefaces&v=4.0 HTTP/1.1" 304 -
201.245.192.253 - - [15/Jun/2023:08:44:24 -0500] "GET /sipse/faces/javax.faces.resource/primefaces.js?ln=primefaces&v=4.0 HTTP/1.1" 304 -
201.245.192.253 - - [15/Jun/2023:08:44:24 -0500] "GET /sipse/faces/javax.faces.resource/layout/layout.js?ln=primefaces&v=4.0 HTTP/1.1" 304 -
201.245.192.253 - - [15/Jun/2023:08:44:24 -0500] "GET /sipse/faces/javax.faces.resource/dynamiccontent.properties?ln=primefaces&pfdrid=XjOR5%2F%2FfPAZAuY9TpWQeCiM0BhlXxYRBGKi%2FQcXXfeA%3D&pfdrid_c=false HTTP/1.1" 500 383
201.245.192.253 - - [15/Jun/2023:08:44:26 -0500] "GET /appsia/controlador HTTP/1.1" 200 4799
201.245.192.253 - - [15/Jun/2023:08:44:26 -0500] "GET /appsia/css/estilos.css HTTP/1.1" 200 4804
201.245.192.253 - - [15/Jun/2023:08:44:26 -0500] "GET /appsia/scripts/validarIngreso.js HTTP/1.1" 200 851
201.245.192.253 - - [15/Jun/2023:08:44:26 -0500] "GET /appsia/images/cabezoteHojaVida.png HTTP/1.1" 200 32493
201.245.192.253 - - [15/Jun/2023:08:44:26 -0500] "GET /appsia/images/logo_bogota_p.png HTTP/1.1" 200 14951
200.118.64.109 - - [15/Jun/2023:08:44:29 -0500] "POST /forms/lservlet;jsessionid=ac16012b30d61f8d11dcb1fa43fabef9ba87a36b8abc.e3iSbxaKaheRe34Kc30KaNqQc41ynknvrkLOlQzNp65In0 HTTP/1.1" 200 15
201.245.192.253 - - [15/Jun/2023:08:44:30 -0500] "POST /sipse/faces/presentacion/financiero/solicitudAnulacion/solicitudAnulacion.xhtml HTTP/1.1" 200 43102
201.245.192.253 - - [15/Jun/2023:08:44:30 -0500] "POST /appsia/controlador HTTP/1.1" 200 5437
201.245.192.253 - - [15/Jun/2023:08:44:31 -0500] "POST /sipse/faces/presentacion/financiero/solicitudProceso/consultarSolicitudProceso.xhtml HTTP/1.1" 200 139588
200.118.64.109 - - [15/Jun/2023:08:44:31 -0500] "POST /forms/lservlet;jsessionid=ac16012b30d670d56d8dad334082a2b2e22731dd9274.e3iSbxaKaheRe34Kc30KaNqQc41ynknvrkLOlQzNp65In0 HTTP/1.1" 200 15
201.245.192.253 - - [15/Jun/2023:08:44:32 -0500] "POST /appsia/controlador HTTP/1.1" 200 7775
201.245.192.253 - - [15/Jun/2023:08:44:33 -0500] "POST /appsia/controlador HTTP/1.1" 200 6640
201.245.192.253 - - [15/Jun/2023:08:44:33 -0500] "POST /sipse/faces/presentacion/financiero/solicitudProceso/consultarSolicitudProceso.xhtml HTTP/1.1" 200 73569
201.245.192.253 - - [15/Jun/2023:08:44:34 -0500] "GET /sipse/faces/javax.faces.resource/theme.css?ln=primefaces-sipse HTTP/1.1" 304 -
201.245.192.253 - - [15/Jun/2023:08:44:34 -0500] "GET /sipse/faces/javax.faces.resource/primefaces.css?ln=primefaces&v=4.0 HTTP/1.1" 304 -
201.245.192.253 - - [15/Jun/2023:08:44:34 -0500] "GET /sipse/faces/javax.faces.resource/layout/layout.css?ln=primefaces&v=4.0 HTTP/1.1" 304 -
201.245.192.253 - - [15/Jun/2023:08:44:34 -0500] "GET /sipse/faces/javax.faces.resource/jquery/jquery.js?ln=primefaces&v=4.0 HTTP/1.1" 304 -
201.245.192.253 - - [15/Jun/2023:08:44:34 -0500] "GET /sipse/faces/javax.faces.resource/jquery/jquery-plugins.js?ln=primefaces&v=4.0 HTTP/1.1" 304 -
201.245.192.253 - - [15/Jun/2023:08:44:34 -0500] "GET /sipse/faces/javax.faces.resource/primefaces.js?ln=primefaces&v=4.0 HTTP/1.1" 304 -
201.245.192.253 - - [15/Jun/2023:08:44:34 -0500] "GET /sipse/faces/javax.faces.resource/layout/layout.js?ln=primefaces&v=4.0 HTTP/1.1" 304 -
201.245.192.253 - - [15/Jun/2023:08:44:35 -0500] "POST /appsia/controlador HTTP/1.1" 200 12048
200.118.64.109 - - [15/Jun/2023:08:44:38 -0500] "POST /forms/lservlet;jsessionid=ac16012b30d61f8d11dcb1fa43fabef9ba87a36b8abc.e3iSbxaKaheRe34Kc30KaNqQc41ynknvrkLOlQzNp65In0 HTTP/1.1" 200 15
200.118.64.109 - - [15/Jun/2023:08:44:40 -0500] "POST /forms/lservlet;jsessionid=ac16012b30d670d56d8dad334082a2b2e22731dd9274.e3iSbxaKaheRe34Kc30KaNqQc41ynknvrkLOlQzNp65In0 HTTP/1.1" 200 15
200.118.64.109 - - [15/Jun/2023:08:44:47 -0500] "POST /forms/lservlet;jsessionid=ac16012b30d61f8d11dcb1fa43fabef9ba87a36b8abc.e3iSbxaKaheRe34Kc30KaNqQc41ynknvrkLOlQzNp65In0 HTTP/1.1" 200 15
200.118.64.109 - - [15/Jun/2023:08:44:50 -0500] "POST /forms/lservlet;jsessionid=ac16012b30d670d56d8dad334082a2b2e22731dd9274.e3iSbxaKaheRe34Kc30KaNqQc41ynknvrkLOlQzNp65In0 HTTP/1.1" 200 15
200.118.64.109 - - [15/Jun/2023:08:44:56 -0500] "POST /forms/lservlet;jsessionid=ac16012b30d61f8d11dcb1fa43fabef9ba87a36b8abc.e3iSbxaKaheRe34Kc30KaNqQc41ynknvrkLOlQzNp65In0 HTTP/1.1" 200 15
200.118.64.109 - - [15/Jun/2023:08:44:59 -0500] "POST /forms/lservlet;jsessionid=ac16012b30d670d56d8dad334082a2b2e22731dd9274.e3iSbxaKaheRe34Kc30KaNqQc41ynknvrkLOlQzNp65In0 HTTP/1.1" 200 15
200.118.64.109 - - [15/Jun/2023:08:45:05 -0500] "POST /forms/lservlet;jsessionid=ac16012b30d61f8d11dcb1fa43fabef9ba87a36b8abc.e3iSbxaKaheRe34Kc30KaNqQc41ynknvrkLOlQzNp65In0 HTTP/1.1" 200 15
200.118.64.109 - - [15/Jun/2023:08:45:08 -0500] "POST /forms/lservlet;jsessionid=ac16012b30d670d56d8dad334082a2b2e22731dd9274.e3iSbxaKaheRe34Kc30KaNqQc41ynknvrkLOlQzNp65In0 HTTP/1.1" 200 15
200.118.64.109 - - [15/Jun/2023:08:45:14 -0500] "POST /forms/lservlet;jsessionid=ac16012b30d61f8d11dcb1fa43fabef9ba87a36b8abc.e3iSbxaKaheRe34Kc30KaNqQc41ynknvrkLOlQzNp65In0 HTTP/1.1" 200 15
200.118.64.109 - - [15/Jun/2023:08:45:17 -0500] "POST /forms/lservlet;jsessionid=ac16012b30d670d56d8dad334082a2b2e22731dd9274.e3iSbxaKaheRe34Kc30KaNqQc41ynknvrkLOlQzNp65In0 HTTP/1.1" 200 15
200.118.64.109 - - [15/Jun/2023:08:45:23 -0500] "POST /forms/lservlet;jsessionid=ac16012b30d61f8d11dcb1fa43fabef9ba87a36b8abc.e3iSbxaKaheRe34Kc30KaNqQc41ynknvrkLOlQzNp65In0 HTTP/1.1" 200 15
200.118.64.109 - - [15/Jun/2023:08:45:26 -0500] "POST /forms/lservlet;jsessionid=ac16012b30d670d56d8dad334082a2b2e22731dd9274.e3iSbxaKaheRe34Kc30KaNqQc41ynknvrkLOlQzNp65In0 HTTP/1.1" 200 15
200.118.64.109 - - [15/Jun/2023:08:45:32 -0500] "POST /forms/lservlet;jsessionid=ac16012b30d61f8d11dcb1fa43fabef9ba87a36b8abc.e3iSbxaKaheRe34Kc30KaNqQc41ynknvrkLOlQzNp65In0 HTTP/1.1" 200 15
69.171.249.118 - - [15/Jun/2023:08:45:36 -0500] "GET /760-llantas-fu%E2%80%A6 HTTP/1.1" 404 1034
216.245.221.92 - - [15/Jun/2023:08:45:36 -0500] "HEAD / HTTP/1.1" 200 -
200.118.64.109 - - [15/Jun/2023:08:45:35 -0500] "POST /forms/lservlet;jsessionid=ac16012b30d670d56d8dad334082a2b2e22731dd9274.e3iSbxaKaheRe34Kc30KaNqQc41ynknvrkLOlQzNp65In0 HTTP/1.1" 200 15
200.118.64.109 - - [15/Jun/2023:08:45:42 -0500] "POST /forms/lservlet;jsessionid=ac16012b30d61f8d11dcb1fa43fabef9ba87a36b8abc.e3iSbxaKaheRe34Kc30KaNqQc41ynknvrkLOlQzNp65In0 HTTP/1.1" 200 15
200.118.64.109 - - [15/Jun/2023:08:45:44 -0500] "POST /forms/lservlet;jsessionid=ac16012b30d670d56d8dad334082a2b2e22731dd9274.e3iSbxaKaheRe34Kc30KaNqQc41ynknvrkLOlQzNp65In0 HTTP/1.1" 200 15
200.118.64.109 - - [15/Jun/2023:08:45:51 -0500] "POST /forms/lservlet;jsessionid=ac16012b30d61f8d11dcb1fa43fabef9ba87a36b8abc.e3iSbxaKaheRe34Kc30KaNqQc41ynknvrkLOlQzNp65In0 HTTP/1.1" 200 15
201.233.167.83 - - [15/Jun/2023:08:45:54 -0500] "GET /sipse/faces/faces/index.xhtml HTTP/1.1" 200 677
201.233.167.83 - - [15/Jun/2023:08:45:54 -0500] "GET /sipse/faces/javax.faces.resource/theme.css?ln=primefaces-sipse HTTP/1.1" 304 -
201.233.167.83 - - [15/Jun/2023:08:45:54 -0500] "GET /sipse/faces/faces/faces/autenticacion.xhtml HTTP/1.1" 200 12178
200.118.64.109 - - [15/Jun/2023:08:45:53 -0500] "POST /forms/lservlet;jsessionid=ac16012b30d670d56d8dad334082a2b2e22731dd9274.e3iSbxaKaheRe34Kc30KaNqQc41ynknvrkLOlQzNp65In0 HTTP/1.1" 200 15
201.233.167.83 - - [15/Jun/2023:08:45:55 -0500] "GET /sipse/js/disable_browser_buttons.js HTTP/1.1" 304 -
201.233.167.83 - - [15/Jun/2023:08:45:55 -0500] "GET /sipse/js/funciones.js HTTP/1.1" 304 -
201.233.167.83 - - [15/Jun/2023:08:45:55 -0500] "GET /sipse/css/custom_css_sg.css HTTP/1.1" 304 -
201.233.167.83 - - [15/Jun/2023:08:45:55 -0500] "GET /sipse/css/custom_css_sg_prime_login.css HTTP/1.1" 304 -
201.233.167.83 - - [15/Jun/2023:08:45:55 -0500] "GET /sipse/faces/javax.faces.resource/theme.css?ln=primefaces-sipse HTTP/1.1" 304 -
201.233.167.83 - - [15/Jun/2023:08:45:55 -0500] "GET /sipse/faces/javax.faces.resource/primefaces.css?ln=primefaces&v=4.0 HTTP/1.1" 304 -
201.233.167.83 - - [15/Jun/2023:08:45:55 -0500] "GET /sipse/faces/javax.faces.resource/layout/layout.css?ln=primefaces&v=4.0 HTTP/1.1" 304 -
201.233.167.83 - - [15/Jun/2023:08:45:55 -0500] "GET /sipse/faces/javax.faces.resource/jquery/jquery.js?ln=primefaces&v=4.0 HTTP/1.1" 304 -
201.233.167.83 - - [15/Jun/2023:08:45:55 -0500] "GET /sipse/faces/javax.faces.resource/jquery/jquery-plugins.js?ln=primefaces&v=4.0 HTTP/1.1" 304 -
201.233.167.83 - - [15/Jun/2023:08:45:55 -0500] "GET /sipse/faces/javax.faces.resource/primefaces.js?ln=primefaces&v=4.0 HTTP/1.1" 304 -
201.233.167.83 - - [15/Jun/2023:08:45:55 -0500] "GET /sipse/faces/javax.faces.resource/layout/layout.js?ln=primefaces&v=4.0 HTTP/1.1" 304 -
201.233.167.83 - - [15/Jun/2023:08:45:55 -0500] "GET /sipse/css/imagen/logoSDG.png HTTP/1.1" 304 -
201.233.167.83 - - [15/Jun/2023:08:45:55 -0500] "GET /sipse/faces/javax.faces.resource/images/ui-icons_898989_256x240.png?ln=primefaces-aristo HTTP/1.1" 304 -
201.233.167.83 - - [15/Jun/2023:08:45:55 -0500] "GET /sipse/css/imagen/loginimg.png HTTP/1.1" 304 -
200.118.64.109 - - [15/Jun/2023:08:46:00 -0500] "POST /forms/lservlet;jsessionid=ac16012b30d61f8d11dcb1fa43fabef9ba87a36b8abc.e3iSbxaKaheRe34Kc30KaNqQc41ynknvrkLOlQzNp65In0 HTTP/1.1" 200 15
201.233.167.83 - - [15/Jun/2023:08:46:02 -0500] "POST /sipse/faces/autenticacion.xhtml HTTP/1.1" 200 2224
201.233.167.83 - - [15/Jun/2023:08:46:02 -0500] "GET /sipse/faces/javax.faces.resource/messages/messages.png?ln=primefaces&v=4.0 HTTP/1.1" 304 -
201.233.167.83 - - [15/Jun/2023:08:46:03 -0500] "POST /sipse/faces/autenticacion.xhtml HTTP/1.1" 200 18961
201.233.167.83 - - [15/Jun/2023:08:46:03 -0500] "GET /sipse/css/custom_css_sg_prime.css HTTP/1.1" 304 -
201.233.167.83 - - [15/Jun/2023:08:46:03 -0500] "GET /sipse/faces/javax.faces.resource/layout/layout.css?ln=primefaces&v=4.0 HTTP/1.1" 304 -
201.233.167.83 - - [15/Jun/2023:08:46:03 -0500] "GET /sipse/faces/javax.faces.resource/primefaces.css?ln=primefaces&v=4.0 HTTP/1.1" 304 -
201.233.167.83 - - [15/Jun/2023:08:46:03 -0500] "GET /sipse/faces/javax.faces.resource/theme.css?ln=primefaces-sipse HTTP/1.1" 304 -
201.233.167.83 - - [15/Jun/2023:08:46:03 -0500] "GET /sipse/js/jquery.min.js HTTP/1.1" 304 -
201.233.167.83 - - [15/Jun/2023:08:46:03 -0500] "GET /sipse/faces/javax.faces.resource/jquery/jquery.js?ln=primefaces&v=4.0 HTTP/1.1" 304 -
201.233.167.83 - - [15/Jun/2023:08:46:03 -0500] "GET /sipse/faces/javax.faces.resource/jquery/jquery-plugins.js?ln=primefaces&v=4.0 HTTP/1.1" 304 -
201.233.167.83 - - [15/Jun/2023:08:46:03 -0500] "GET /sipse/faces/javax.faces.resource/primefaces.js?ln=primefaces&v=4.0 HTTP/1.1" 304 -
201.233.167.83 - - [15/Jun/2023:08:46:04 -0500] "GET /sipse/faces/javax.faces.resource/layout/layout.js?ln=primefaces&v=4.0 HTTP/1.1" 304 -
201.233.167.83 - - [15/Jun/2023:08:46:04 -0500] "GET /sipse/css/v_mergente.css HTTP/1.1" 304 -
201.233.167.83 - - [15/Jun/2023:08:46:04 -0500] "GET /sipse/imagenes/cargando.gif HTTP/1.1" 304 -
201.233.167.83 - - [15/Jun/2023:08:46:04 -0500] "GET /sipse/imagenes/logoAplicacion.jpg HTTP/1.1" 304 -
200.118.64.109 - - [15/Jun/2023:08:46:03 -0500] "POST /forms/lservlet;jsessionid=ac16012b30d670d56d8dad334082a2b2e22731dd9274.e3iSbxaKaheRe34Kc30KaNqQc41ynknvrkLOlQzNp65In0 HTTP/1.1" 200 15
201.233.167.83 - - [15/Jun/2023:08:46:04 -0500] "GET /sipse/css/imagen/contrasena.png HTTP/1.1" 404 383
201.233.167.83 - - [15/Jun/2023:08:46:06 -0500] "GET /sipse/faces/javax.faces.resource/images/ui-bg_flat_0_2d5972_40x100.png?ln=primefaces-aristo HTTP/1.1" 304 -
201.233.167.83 - - [15/Jun/2023:08:46:06 -0500] "POST /sipse/faces/bienvenido.xhtml HTTP/1.1" 200 3182
201.233.167.83 - - [15/Jun/2023:08:46:08 -0500] "POST /sipse/faces/bienvenido.xhtml HTTP/1.1" 200 2677
200.118.64.109 - - [15/Jun/2023:08:46:09 -0500] "POST /forms/lservlet;jsessionid=ac16012b30d61f8d11dcb1fa43fabef9ba87a36b8abc.e3iSbxaKaheRe34Kc30KaNqQc41ynknvrkLOlQzNp65In0 HTTP/1.1" 200 15
201.233.167.83 - - [15/Jun/2023:08:46:09 -0500] "POST /sipse/faces/bienvenido.xhtml HTTP/1.1" 200 38975
201.233.167.83 - - [15/Jun/2023:08:46:11 -0500] "GET /sipse/faces/javax.faces.resource/primefaces.css?ln=primefaces&v=4.0 HTTP/1.1" 304 -
201.233.167.83 - - [15/Jun/2023:08:46:11 -0500] "GET /sipse/faces/javax.faces.resource/layout/layout.css?ln=primefaces&v=4.0 HTTP/1.1" 304 -
201.233.167.83 - - [15/Jun/2023:08:46:11 -0500] "GET /sipse/faces/javax.faces.resource/theme.css?ln=primefaces-sipse HTTP/1.1" 304 -
201.233.167.83 - - [15/Jun/2023:08:46:11 -0500] "GET /sipse/faces/javax.faces.resource/jquery/jquery.js?ln=primefaces&v=4.0 HTTP/1.1" 304 -
201.233.167.83 - - [15/Jun/2023:08:46:11 -0500] "GET /sipse/faces/javax.faces.resource/jquery/jquery-plugins.js?ln=primefaces&v=4.0 HTTP/1.1" 304 -
201.233.167.83 - - [15/Jun/2023:08:46:11 -0500] "GET /sipse/faces/javax.faces.resource/primefaces.js?ln=primefaces&v=4.0 HTTP/1.1" 304 -
201.233.167.83 - - [15/Jun/2023:08:46:12 -0500] "GET /sipse/faces/javax.faces.resource/layout/layout.js?ln=primefaces&v=4.0 HTTP/1.1" 304 -
200.118.64.109 - - [15/Jun/2023:08:46:12 -0500] "POST /forms/lservlet;jsessionid=ac16012b30d670d56d8dad334082a2b2e22731dd9274.e3iSbxaKaheRe34Kc30KaNqQc41ynknvrkLOlQzNp65In0 HTTP/1.1" 200 15
201.233.167.83 - - [15/Jun/2023:08:46:18 -0500] "POST /sipse/faces/presentacion/financiero/solicitudProceso/consultar.xhtml HTTP/1.1" 200 12664
200.118.64.109 - - [15/Jun/2023:08:46:18 -0500] "POST /forms/lservlet;jsessionid=ac16012b30d61f8d11dcb1fa43fabef9ba87a36b8abc.e3iSbxaKaheRe34Kc30KaNqQc41ynknvrkLOlQzNp65In0 HTTP/1.1" 200 15
207.46.13.210 - - [15/Jun/2023:08:46:19 -0500] "GET /portaldeninos/2021/06/29/jasbleady-castaneda-una-mujer-que-le-pone-el-alma-a-la-proteccion-de-las-tinguas-azules/ HTTP/1.1" 200 108388
200.118.64.109 - - [15/Jun/2023:08:46:21 -0500] "POST /forms/lservlet;jsessionid=ac16012b30d670d56d8dad334082a2b2e22731dd9274.e3iSbxaKaheRe34Kc30KaNqQc41ynknvrkLOlQzNp65In0 HTTP/1.1" 200 15
201.233.167.83 - - [15/Jun/2023:08:46:23 -0500] "POST /sipse/faces/presentacion/financiero/solicitudProceso/consultar.xhtml HTTP/1.1" 200 107685
201.233.167.83 - - [15/Jun/2023:08:46:23 -0500] "GET /sipse/faces/javax.faces.resource/theme.css?ln=primefaces-sipse HTTP/1.1" 304 -
201.233.167.83 - - [15/Jun/2023:08:46:23 -0500] "GET /sipse/faces/javax.faces.resource/layout/layout.css?ln=primefaces&v=4.0 HTTP/1.1" 304 -
201.233.167.83 - - [15/Jun/2023:08:46:23 -0500] "GET /sipse/faces/javax.faces.resource/primefaces.css?ln=primefaces&v=4.0 HTTP/1.1" 304 -
201.233.167.83 - - [15/Jun/2023:08:46:23 -0500] "GET /sipse/faces/javax.faces.resource/jquery/jquery.js?ln=primefaces&v=4.0 HTTP/1.1" 304 -
201.233.167.83 - - [15/Jun/2023:08:46:23 -0500] "GET /sipse/faces/javax.faces.resource/jquery/jquery-plugins.js?ln=primefaces&v=4.0 HTTP/1.1" 304 -
201.233.167.83 - - [15/Jun/2023:08:46:23 -0500] "GET /sipse/faces/javax.faces.resource/primefaces.js?ln=primefaces&v=4.0 HTTP/1.1" 304 -
201.233.167.83 - - [15/Jun/2023:08:46:23 -0500] "GET /sipse/faces/javax.faces.resource/layout/layout.js?ln=primefaces&v=4.0 HTTP/1.1" 304 -
201.233.167.83 - - [15/Jun/2023:08:46:24 -0500] "GET /sipse/faces/javax.faces.resource/dynamiccontent.properties?ln=primefaces&pfdrid=XjOR5%2F%2FfPAZAuY9TpWQeCiM0BhlXxYRBGKi%2FQcXXfeA%3D&pfdrid_c=false HTTP/1.1" 500 383
44.195.95.105 - - [15/Jun/2023:08:46:27 -0500] "GET /serrania-el-zuque-de-cantera-en-los-anos-60-a-espacio-de-restauracion-ambiental-y-mitigacion-del-riesgo.html HTTP/1.1" 200 841
200.118.64.109 - - [15/Jun/2023:08:46:27 -0500] "POST /forms/lservlet;jsessionid=ac16012b30d61f8d11dcb1fa43fabef9ba87a36b8abc.e3iSbxaKaheRe34Kc30KaNqQc41ynknvrkLOlQzNp65In0 HTTP/1.1" 200 15
200.118.64.109 - - [15/Jun/2023:08:46:30 -0500] "POST /forms/lservlet;jsessionid=ac16012b30d670d56d8dad334082a2b2e22731dd9274.e3iSbxaKaheRe34Kc30KaNqQc41ynknvrkLOlQzNp65In0 HTTP/1.1" 200 15
40.77.167.80 - - [15/Jun/2023:08:46:37 -0500] "GET /portaldeninos/wp-content/themes/betheme/assets/animations/animations.min.js?ver=20.9.6 HTTP/1.1" 200 1896
200.118.64.109 - - [15/Jun/2023:08:46:36 -0500] "POST /forms/lservlet;jsessionid=ac16012b30d61f8d11dcb1fa43fabef9ba87a36b8abc.e3iSbxaKaheRe34Kc30KaNqQc41ynknvrkLOlQzNp65In0 HTTP/1.1" 200 15
40.77.167.80 - - [15/Jun/2023:08:46:37 -0500] "GET /portaldeninos/wp-content/themes/betheme/assets/jplayer/jplayer.min.js?ver=20.9.6 HTTP/1.1" 200 52702
40.77.167.80 - - [15/Jun/2023:08:46:38 -0500] "GET /portaldeninos/wp-content/themes/betheme/css/shortcodes.css?ver=20.9.6 HTTP/1.1" 200 138889
40.77.167.80 - - [15/Jun/2023:08:46:38 -0500] "GET /portaldeninos/wp-content/themes/betheme/js/plugins.js?ver=20.9.6 HTTP/1.1" 200 197151
40.77.167.80 - - [15/Jun/2023:08:46:38 -0500] "GET /portaldeninos/wp-content/themes/betheme/style.css?ver=20.9.6 HTTP/1.1" 200 287
40.77.167.80 - - [15/Jun/2023:08:46:38 -0500] "GET /portaldeninos/wp-includes/js/jquery/ui/core.min.js?ver=1.11.4 HTTP/1.1" 200 4000
40.77.167.80 - - [15/Jun/2023:08:46:39 -0500] "GET /portaldeninos/wp-includes/js/jquery/ui/sortable.min.js?ver=1.11.4 HTTP/1.1" 200 24899
40.77.167.80 - - [15/Jun/2023:08:46:39 -0500] "GET /portaldeninos/wp-includes/js/wp-emoji-release.min.js?ver=4.9.8 HTTP/1.1" 200 12026
200.118.64.109 - - [15/Jun/2023:08:46:39 -0500] "POST /forms/lservlet;jsessionid=ac16012b30d670d56d8dad334082a2b2e22731dd9274.e3iSbxaKaheRe34Kc30KaNqQc41ynknvrkLOlQzNp65In0 HTTP/1.1" 200 15
207.46.13.210 - - [15/Jun/2023:08:46:44 -0500] "GET /portaldeninos/wp-content/plugins/gallery-videos/CSS/Total-Soft-Gallery-Video-Widget.css?ver=4.9.8 HTTP/1.1" 200 51554
207.46.13.210 - - [15/Jun/2023:08:46:45 -0500] "GET /portaldeninos/wp-content/plugins/gallery-videos/CSS/totalsoft.css?ver=4.9.8 HTTP/1.1" 200 40622
207.46.13.210 - - [15/Jun/2023:08:46:45 -0500] "GET /portaldeninos/wp-content/plugins/gallery-videos/JS/modernizr.custom.js?ver=4.9.8 HTTP/1.1" 200 9019
207.46.13.210 - - [15/Jun/2023:08:46:46 -0500] "GET /portaldeninos/wp-content/themes/betheme/assets/jplayer/css/jplayer.blue.monday.css?ver=20.9.6 HTTP/1.1" 200 9834
207.46.13.210 - - [15/Jun/2023:08:46:46 -0500] "GET /portaldeninos/wp-content/themes/betheme/assets/ui/jquery.ui.all.css?ver=20.9.6 HTTP/1.1" 200 18765
207.46.13.210 - - [15/Jun/2023:08:46:46 -0500] "GET /portaldeninos/wp-content/themes/betheme/css/base.css?ver=20.9.6 HTTP/1.1" 200 57283
200.118.64.109 - - [15/Jun/2023:08:46:45 -0500] "POST /forms/lservlet;jsessionid=ac16012b30d61f8d11dcb1fa43fabef9ba87a36b8abc.e3iSbxaKaheRe34Kc30KaNqQc41ynknvrkLOlQzNp65In0 HTTP/1.1" 200 15
207.46.13.210 - - [15/Jun/2023:08:46:46 -0500] "GET /portaldeninos/wp-content/themes/betheme/css/layout.css?ver=20.9.6 HTTP/1.1" 200 116639
207.46.13.210 - - [15/Jun/2023:08:46:47 -0500] "GET /portaldeninos/wp-content/themes/betheme/css/responsive.css?ver=20.9.6 HTTP/1.1" 200 55740
207.46.13.210 - - [15/Jun/2023:08:46:47 -0500] "GET /portaldeninos/wp-content/themes/betheme/js/scripts.js?ver=20.9.6 HTTP/1.1" 200 77162
207.46.13.210 - - [15/Jun/2023:08:46:48 -0500] "GET /portaldeninos/wp-content/uploads/useanyfont/uaf.css?ver=1589905315 HTTP/1.1" 200 408
207.46.13.210 - - [15/Jun/2023:08:46:48 -0500] "GET /portaldeninos/wp-includes/js/jquery/jquery-migrate.min.js?ver=1.4.1 HTTP/1.1" 200 10056
207.46.13.210 - - [15/Jun/2023:08:46:48 -0500] "GET /portaldeninos/wp-includes/js/comment-reply.min.js?ver=4.9.8 HTTP/1.1" 200 1078
207.46.13.210 - - [15/Jun/2023:08:46:48 -0500] "GET /portaldeninos/wp-includes/js/jquery/jquery.js?ver=1.12.4 HTTP/1.1" 200 97184
200.118.64.109 - - [15/Jun/2023:08:46:48 -0500] "POST /forms/lservlet;jsessionid=ac16012b30d670d56d8dad334082a2b2e22731dd9274.e3iSbxaKaheRe34Kc30KaNqQc41ynknvrkLOlQzNp65In0 HTTP/1.1" 200 15
172.22.2.4 - - [15/Jun/2023:08:45:11 -0500] "HEAD /BLA/boletinlegal/ HTTP/1.1" 200 -
201.233.167.83 - - [15/Jun/2023:08:46:55 -0500] "GET /sipse/faces/faces/index.xhtml HTTP/1.1" 200 677
201.233.167.83 - - [15/Jun/2023:08:46:55 -0500] "GET /sipse/faces/javax.faces.resource/theme.css?ln=primefaces-sipse HTTP/1.1" 304 -
201.233.167.83 - - [15/Jun/2023:08:46:55 -0500] "GET /sipse/faces/faces/faces/autenticacion.xhtml HTTP/1.1" 200 12187
201.233.167.83 - - [15/Jun/2023:08:46:55 -0500] "GET /sipse/faces/javax.faces.resource/theme.css?ln=primefaces-sipse HTTP/1.1" 304 -
201.233.167.83 - - [15/Jun/2023:08:46:55 -0500] "GET /sipse/faces/javax.faces.resource/primefaces.css?ln=primefaces&v=4.0 HTTP/1.1" 304 -
201.233.167.83 - - [15/Jun/2023:08:46:55 -0500] "GET /sipse/faces/javax.faces.resource/layout/layout.css?ln=primefaces&v=4.0 HTTP/1.1" 304 -
201.233.167.83 - - [15/Jun/2023:08:46:55 -0500] "GET /sipse/faces/javax.faces.resource/jquery/jquery.js?ln=primefaces&v=4.0 HTTP/1.1" 304 -
201.233.167.83 - - [15/Jun/2023:08:46:55 -0500] "GET /sipse/faces/javax.faces.resource/layout/layout.js?ln=primefaces&v=4.0 HTTP/1.1" 304 -
201.233.167.83 - - [15/Jun/2023:08:46:55 -0500] "GET /sipse/faces/javax.faces.resource/jquery/jquery-plugins.js?ln=primefaces&v=4.0 HTTP/1.1" 304 -
201.233.167.83 - - [15/Jun/2023:08:46:55 -0500] "GET /sipse/faces/javax.faces.resource/primefaces.js?ln=primefaces&v=4.0 HTTP/1.1" 304 -
200.118.64.109 - - [15/Jun/2023:08:46:55 -0500] "POST /forms/lservlet;jsessionid=ac16012b30d61f8d11dcb1fa43fabef9ba87a36b8abc.e3iSbxaKaheRe34Kc30KaNqQc41ynknvrkLOlQzNp65In0 HTTP/1.1" 200 15
201.233.167.83 - - [15/Jun/2023:08:46:56 -0500] "GET /sipse/faces/javax.faces.resource/images/ui-icons_898989_256x240.png?ln=primefaces-aristo HTTP/1.1" 304 -
40.77.167.205 - - [15/Jun/2023:08:46:58 -0500] "GET /portaldeninos/wp-content/themes/betheme/assets/animations/animations.min.css?ver=20.9.6 HTTP/1.1" 200 58508
40.77.167.205 - - [15/Jun/2023:08:46:58 -0500] "GET /portaldeninos/wp-content/themes/betheme/js/menu.js?ver=20.9.6 HTTP/1.1" 200 2449
40.77.167.205 - - [15/Jun/2023:08:46:58 -0500] "GET /portaldeninos/wp-includes/js/jquery/ui/accordion.min.js?ver=1.11.4 HTTP/1.1" 200 8584
40.77.167.205 - - [15/Jun/2023:08:46:58 -0500] "GET /portaldeninos/wp-includes/js/jquery/ui/mouse.min.js?ver=1.11.4 HTTP/1.1" 200 3148
200.118.64.109 - - [15/Jun/2023:08:46:57 -0500] "POST /forms/lservlet;jsessionid=ac16012b30d670d56d8dad334082a2b2e22731dd9274.e3iSbxaKaheRe34Kc30KaNqQc41ynknvrkLOlQzNp65In0 HTTP/1.1" 200 15
40.77.167.205 - - [15/Jun/2023:08:46:58 -0500] "GET /portaldeninos/wp-includes/js/jquery/ui/tabs.min.js?ver=1.11.4 HTTP/1.1" 200 12110
40.77.167.205 - - [15/Jun/2023:08:46:58 -0500] "GET /portaldeninos/wp-includes/js/jquery/ui/widget.min.js?ver=1.11.4 HTTP/1.1" 200 6908
40.77.167.205 - - [15/Jun/2023:08:46:58 -0500] "GET /portaldeninos/wp-includes/js/wp-embed.min.js?ver=4.9.8 HTTP/1.1" 200 1398
201.233.167.83 - - [15/Jun/2023:08:47:03 -0500] "POST /sipse/faces/autenticacion.xhtml HTTP/1.1" 200 2224
201.233.167.83 - - [15/Jun/2023:08:47:04 -0500] "GET /sipse/faces/javax.faces.resource/messages/messages.png?ln=primefaces&v=4.0 HTTP/1.1" 304 -
172.22.2.4 - - [15/Jun/2023:08:47:04 -0500] "GET /BLA/boletinlegal/actuator/health HTTP/1.1" 404 1018
200.118.64.109 - - [15/Jun/2023:08:47:04 -0500] "POST /forms/lservlet;jsessionid=ac16012b30d61f8d11dcb1fa43fabef9ba87a36b8abc.e3iSbxaKaheRe34Kc30KaNqQc41ynknvrkLOlQzNp65In0 HTTP/1.1" 200 15
201.233.167.83 - - [15/Jun/2023:08:47:05 -0500] "POST /sipse/faces/autenticacion.xhtml HTTP/1.1" 200 19000
201.233.167.83 - - [15/Jun/2023:08:47:05 -0500] "GET /sipse/faces/javax.faces.resource/theme.css?ln=primefaces-sipse HTTP/1.1" 304 -
201.233.167.83 - - [15/Jun/2023:08:47:05 -0500] "GET /sipse/faces/javax.faces.resource/primefaces.css?ln=primefaces&v=4.0 HTTP/1.1" 304 -
201.233.167.83 - - [15/Jun/2023:08:47:05 -0500] "GET /sipse/faces/javax.faces.resource/layout/layout.css?ln=primefaces&v=4.0 HTTP/1.1" 304 -
201.233.167.83 - - [15/Jun/2023:08:47:05 -0500] "GET /sipse/faces/javax.faces.resource/jquery/jquery.js?ln=primefaces&v=4.0 HTTP/1.1" 304 -
201.233.167.83 - - [15/Jun/2023:08:47:05 -0500] "GET /sipse/faces/javax.faces.resource/jquery/jquery-plugins.js?ln=primefaces&v=4.0 HTTP/1.1" 304 -
201.233.167.83 - - [15/Jun/2023:08:47:05 -0500] "GET /sipse/faces/javax.faces.resource/primefaces.js?ln=primefaces&v=4.0 HTTP/1.1" 304 -
201.233.167.83 - - [15/Jun/2023:08:47:05 -0500] "GET /sipse/faces/javax.faces.resource/layout/layout.js?ln=primefaces&v=4.0 HTTP/1.1" 304 -
201.233.167.83 - - [15/Jun/2023:08:47:05 -0500] "GET /sipse/css/imagen/contrasena.png HTTP/1.1" 404 383
201.233.167.83 - - [15/Jun/2023:08:47:07 -0500] "GET /sipse/faces/javax.faces.resource/images/ui-bg_flat_0_2d5972_40x100.png?ln=primefaces-aristo HTTP/1.1" 304 -
201.233.167.83 - - [15/Jun/2023:08:47:07 -0500] "POST /sipse/faces/bienvenido.xhtml HTTP/1.1" 200 3182
200.118.64.109 - - [15/Jun/2023:08:47:06 -0500] "POST /forms/lservlet;jsessionid=ac16012b30d670d56d8dad334082a2b2e22731dd9274.e3iSbxaKaheRe34Kc30KaNqQc41ynknvrkLOlQzNp65In0 HTTP/1.1" 200 15
201.233.167.83 - - [15/Jun/2023:08:47:09 -0500] "POST /sipse/faces/bienvenido.xhtml HTTP/1.1" 200 3262
201.233.167.83 - - [15/Jun/2023:08:47:10 -0500] "POST /sipse/faces/bienvenido.xhtml HTTP/1.1" 200 64365
201.233.167.83 - - [15/Jun/2023:08:47:11 -0500] "GET /sipse/faces/javax.faces.resource/layout/layout.css?ln=primefaces&v=4.0 HTTP/1.1" 304 -
201.233.167.83 - - [15/Jun/2023:08:47:11 -0500] "GET /sipse/faces/javax.faces.resource/theme.css?ln=primefaces-sipse HTTP/1.1" 304 -
201.233.167.83 - - [15/Jun/2023:08:47:11 -0500] "GET /sipse/faces/javax.faces.resource/primefaces.css?ln=primefaces&v=4.0 HTTP/1.1" 304 -
201.233.167.83 - - [15/Jun/2023:08:47:11 -0500] "GET /sipse/faces/javax.faces.resource/jquery/jquery.js?ln=primefaces&v=4.0 HTTP/1.1" 304 -
201.233.167.83 - - [15/Jun/2023:08:47:11 -0500] "GET /sipse/faces/javax.faces.resource/jquery/jquery-plugins.js?ln=primefaces&v=4.0 HTTP/1.1" 304 -
201.233.167.83 - - [15/Jun/2023:08:47:11 -0500] "GET /sipse/faces/javax.faces.resource/primefaces.js?ln=primefaces&v=4.0 HTTP/1.1" 304 -
201.233.167.83 - - [15/Jun/2023:08:47:11 -0500] "GET /sipse/faces/javax.faces.resource/layout/layout.js?ln=primefaces&v=4.0 HTTP/1.1" 304 -
201.233.167.83 - - [15/Jun/2023:08:47:11 -0500] "POST /sipse/faces/presentacion/financiero/solicitudProceso/listarSolicitudProceso.xhtml HTTP/1.1" 200 1564
201.233.167.83 - - [15/Jun/2023:08:47:12 -0500] "POST /sipse/faces/presentacion/financiero/solicitudProceso/listarSolicitudProceso.xhtml HTTP/1.1" 200 36447
201.233.167.83 - - [15/Jun/2023:08:47:13 -0500] "GET /sipse/faces/javax.faces.resource/theme.css?ln=primefaces-sipse HTTP/1.1" 304 -
201.233.167.83 - - [15/Jun/2023:08:47:13 -0500] "GET /sipse/faces/javax.faces.resource/primefaces.css?ln=primefaces&v=4.0 HTTP/1.1" 304 -
201.233.167.83 - - [15/Jun/2023:08:47:13 -0500] "GET /sipse/faces/javax.faces.resource/layout/layout.css?ln=primefaces&v=4.0 HTTP/1.1" 304 -
201.233.167.83 - - [15/Jun/2023:08:47:13 -0500] "GET /sipse/faces/javax.faces.resource/jquery/jquery.js?ln=primefaces&v=4.0 HTTP/1.1" 304 -
201.233.167.83 - - [15/Jun/2023:08:47:13 -0500] "GET /sipse/faces/javax.faces.resource/jquery/jquery-plugins.js?ln=primefaces&v=4.0 HTTP/1.1" 304 -
201.233.167.83 - - [15/Jun/2023:08:47:13 -0500] "GET /sipse/faces/javax.faces.resource/primefaces.js?ln=primefaces&v=4.0 HTTP/1.1" 304 -
201.233.167.83 - - [15/Jun/2023:08:47:13 -0500] "GET /sipse/faces/javax.faces.resource/layout/layout.js?ln=primefaces&v=4.0 HTTP/1.1" 304 -
201.233.167.83 - - [15/Jun/2023:08:47:13 -0500] "POST /sipse/faces/presentacion/financiero/solicitudProceso/solicitudProcesoOtrosPagos.xhtml HTTP/1.1" 200 29824
200.118.64.109 - - [15/Jun/2023:08:47:13 -0500] "POST /forms/lservlet;jsessionid=ac16012b30d61f8d11dcb1fa43fabef9ba87a36b8abc.e3iSbxaKaheRe34Kc30KaNqQc41ynknvrkLOlQzNp65In0 HTTP/1.1" 200 15
201.245.192.253 - - [15/Jun/2023:08:47:15 -0500] "POST /sipse/faces/presentacion/contratacion/contrato/crearModificarContrato.xhtml HTTP/1.1" 200 58411
201.245.192.253 - - [15/Jun/2023:08:47:15 -0500] "POST /sipse/faces/presentacion/contratacion/contrato/crearModificarContrato.xhtml HTTP/1.1" 200 30973
201.245.192.253 - - [15/Jun/2023:08:47:15 -0500] "GET /sipse/faces/javax.faces.resource/theme.css?ln=primefaces-sipse HTTP/1.1" 304 -
201.245.192.253 - - [15/Jun/2023:08:47:15 -0500] "GET /sipse/faces/javax.faces.resource/primefaces.css?ln=primefaces&v=4.0 HTTP/1.1" 304 -
201.245.192.253 - - [15/Jun/2023:08:47:15 -0500] "GET /sipse/faces/javax.faces.resource/jquery/jquery.js?ln=primefaces&v=4.0 HTTP/1.1" 304 -
201.245.192.253 - - [15/Jun/2023:08:47:15 -0500] "GET /sipse/faces/javax.faces.resource/layout/layout.css?ln=primefaces&v=4.0 HTTP/1.1" 304 -
201.245.192.253 - - [15/Jun/2023:08:47:15 -0500] "GET /sipse/faces/javax.faces.resource/jquery/jquery-plugins.js?ln=primefaces&v=4.0 HTTP/1.1" 304 -
201.245.192.253 - - [15/Jun/2023:08:47:15 -0500] "GET /sipse/faces/javax.faces.resource/primefaces.js?ln=primefaces&v=4.0 HTTP/1.1" 304 -
201.245.192.253 - - [15/Jun/2023:08:47:15 -0500] "GET /sipse/faces/javax.faces.resource/layout/layout.js?ln=primefaces&v=4.0 HTTP/1.1" 304 -
200.118.64.109 - - [15/Jun/2023:08:47:15 -0500] "POST /forms/lservlet;jsessionid=ac16012b30d670d56d8dad334082a2b2e22731dd9274.e3iSbxaKaheRe34Kc30KaNqQc41ynknvrkLOlQzNp65In0 HTTP/1.1" 200 15
200.118.64.109 - - [15/Jun/2023:08:47:22 -0500] "POST /forms/lservlet;jsessionid=ac16012b30d61f8d11dcb1fa43fabef9ba87a36b8abc.e3iSbxaKaheRe34Kc30KaNqQc41ynknvrkLOlQzNp65In0 HTTP/1.1" 200 15
201.245.192.253 - - [15/Jun/2023:08:47:23 -0500] "POST /sipse/faces/presentacion/contratacion/procesoContractual/registrarInvitacionContratista.xhtml HTTP/1.1" 200 9697
201.245.192.253 - - [15/Jun/2023:08:47:25 -0500] "POST /sipse/faces/presentacion/contratacion/procesoContractual/registrarInvitacionContratista.xhtml HTTP/1.1" 200 9267
200.118.64.109 - - [15/Jun/2023:08:47:24 -0500] "POST /forms/lservlet;jsessionid=ac16012b30d670d56d8dad334082a2b2e22731dd9274.e3iSbxaKaheRe34Kc30KaNqQc41ynknvrkLOlQzNp65In0 HTTP/1.1" 200 15
201.233.167.83 - - [15/Jun/2023:08:47:27 -0500] "POST /sipse/faces/presentacion/financiero/solicitudProceso/solicitudProcesoOtrosPagos.xhtml HTTP/1.1" 200 54361
201.233.167.83 - - [15/Jun/2023:08:47:27 -0500] "GET /sipse/faces/javax.faces.resource/fileupload/fileupload.css?ln=primefaces&v=4.0 HTTP/1.1" 200 1330
201.233.167.83 - - [15/Jun/2023:08:47:27 -0500] "GET /sipse/faces/javax.faces.resource/primefaces.css?ln=primefaces&v=4.0 HTTP/1.1" 304 -
201.233.167.83 - - [15/Jun/2023:08:47:27 -0500] "GET /sipse/faces/javax.faces.resource/layout/layout.css?ln=primefaces&v=4.0 HTTP/1.1" 304 -
201.233.167.83 - - [15/Jun/2023:08:47:27 -0500] "GET /sipse/faces/javax.faces.resource/theme.css?ln=primefaces-sipse HTTP/1.1" 304 -
201.233.167.83 - - [15/Jun/2023:08:47:28 -0500] "GET /sipse/faces/javax.faces.resource/jquery/jquery.js?ln=primefaces&v=4.0 HTTP/1.1" 304 -
201.233.167.83 - - [15/Jun/2023:08:47:28 -0500] "GET /sipse/faces/javax.faces.resource/jquery/jquery-plugins.js?ln=primefaces&v=4.0 HTTP/1.1" 304 -
201.233.167.83 - - [15/Jun/2023:08:47:28 -0500] "GET /sipse/faces/javax.faces.resource/primefaces.js?ln=primefaces&v=4.0 HTTP/1.1" 304 -
201.233.167.83 - - [15/Jun/2023:08:47:28 -0500] "GET /sipse/faces/javax.faces.resource/layout/layout.js?ln=primefaces&v=4.0 HTTP/1.1" 304 -
201.233.167.83 - - [15/Jun/2023:08:47:28 -0500] "GET /sipse/faces/javax.faces.resource/fileupload/fileupload.js?ln=primefaces&v=4.0 HTTP/1.1" 200 28091
201.233.167.83 - - [15/Jun/2023:08:47:28 -0500] "GET /sipse/faces/javax.faces.resource/dynamiccontent.properties?ln=primefaces&pfdrid=XjOR5%2F%2FfPAZAuY9TpWQeCiM0BhlXxYRBGKi%2FQcXXfeA%3D&pfdrid_c=false HTTP/1.1" 500 383
201.245.192.253 - - [15/Jun/2023:08:47:28 -0500] "POST /sipse/faces/presentacion/contratacion/procesoContractual/registrarInvitacionContratista.xhtml HTTP/1.1" 200 74399
201.245.192.253 - - [15/Jun/2023:08:47:28 -0500] "GET /sipse/faces/javax.faces.resource/theme.css?ln=primefaces-sipse HTTP/1.1" 304 -
201.245.192.253 - - [15/Jun/2023:08:47:28 -0500] "GET /sipse/faces/javax.faces.resource/primefaces.css?ln=primefaces&v=4.0 HTTP/1.1" 304 -
201.245.192.253 - - [15/Jun/2023:08:47:28 -0500] "GET /sipse/faces/javax.faces.resource/layout/layout.css?ln=primefaces&v=4.0 HTTP/1.1" 304 -
201.245.192.253 - - [15/Jun/2023:08:47:28 -0500] "GET /sipse/faces/javax.faces.resource/jquery/jquery.js?ln=primefaces&v=4.0 HTTP/1.1" 304 -
201.245.192.253 - - [15/Jun/2023:08:47:28 -0500] "GET /sipse/faces/javax.faces.resource/jquery/jquery-plugins.js?ln=primefaces&v=4.0 HTTP/1.1" 304 -
201.245.192.253 - - [15/Jun/2023:08:47:28 -0500] "GET /sipse/faces/javax.faces.resource/primefaces.js?ln=primefaces&v=4.0 HTTP/1.1" 304 -
201.245.192.253 - - [15/Jun/2023:08:47:28 -0500] "GET /sipse/faces/javax.faces.resource/layout/layout.js?ln=primefaces&v=4.0 HTTP/1.1" 304 -
201.245.192.253 - - [15/Jun/2023:08:47:30 -0500] "POST /sipse/faces/presentacion/contratacion/contrato/crearModificarContrato.xhtml HTTP/1.1" 200 41223
201.245.192.253 - - [15/Jun/2023:08:47:31 -0500] "GET /sipse/faces/javax.faces.resource/primefaces.css?ln=primefaces&v=4.0 HTTP/1.1" 304 -
201.245.192.253 - - [15/Jun/2023:08:47:31 -0500] "GET /sipse/faces/javax.faces.resource/theme.css?ln=primefaces-sipse HTTP/1.1" 304 -
201.245.192.253 - - [15/Jun/2023:08:47:31 -0500] "GET /sipse/faces/javax.faces.resource/layout/layout.css?ln=primefaces&v=4.0 HTTP/1.1" 304 -
201.245.192.253 - - [15/Jun/2023:08:47:31 -0500] "GET /sipse/faces/javax.faces.resource/jquery/jquery-plugins.js?ln=primefaces&v=4.0 HTTP/1.1" 304 -
201.245.192.253 - - [15/Jun/2023:08:47:31 -0500] "GET /sipse/faces/javax.faces.resource/primefaces.js?ln=primefaces&v=4.0 HTTP/1.1" 304 -
201.245.192.253 - - [15/Jun/2023:08:47:31 -0500] "GET /sipse/faces/javax.faces.resource/jquery/jquery.js?ln=primefaces&v=4.0 HTTP/1.1" 304 -
201.245.192.253 - - [15/Jun/2023:08:47:31 -0500] "GET /sipse/faces/javax.faces.resource/layout/layout.js?ln=primefaces&v=4.0 HTTP/1.1" 304 -
200.118.64.109 - - [15/Jun/2023:08:47:31 -0500] "POST /forms/lservlet;jsessionid=ac16012b30d61f8d11dcb1fa43fabef9ba87a36b8abc.e3iSbxaKaheRe34Kc30KaNqQc41ynknvrkLOlQzNp65In0 HTTP/1.1" 200 15
200.118.64.109 - - [15/Jun/2023:08:47:34 -0500] "POST /forms/lservlet;jsessionid=ac16012b30d670d56d8dad334082a2b2e22731dd9274.e3iSbxaKaheRe34Kc30KaNqQc41ynknvrkLOlQzNp65In0 HTTP/1.1" 200 15
206.204.33.162 - - [15/Jun/2023:08:47:39 -0500] "GET /serrania-el-zuque-de-cantera-en-los-anos-60-a-espacio-de-restauracion-ambiental-y-mitigacion-del-riesgo.html HTTP/1.1" 200 841
200.118.64.109 - - [15/Jun/2023:08:47:40 -0500] "POST /forms/lservlet;jsessionid=ac16012b30d61f8d11dcb1fa43fabef9ba87a36b8abc.e3iSbxaKaheRe34Kc30KaNqQc41ynknvrkLOlQzNp65In0 HTTP/1.1" 200 15
172.22.2.4 - - [15/Jun/2023:08:46:02 -0500] "GET /BLA/boletinlegal/ HTTP/1.1" 200 59192
200.118.64.109 - - [15/Jun/2023:08:47:43 -0500] "POST /forms/lservlet;jsessionid=ac16012b30d670d56d8dad334082a2b2e22731dd9274.e3iSbxaKaheRe34Kc30KaNqQc41ynknvrkLOlQzNp65In0 HTTP/1.1" 200 15
201.245.192.253 - - [15/Jun/2023:08:47:49 -0500] "POST /sipse/faces/presentacion/financiero/solicitudAnulacion/solicitudAnulacion.xhtml HTTP/1.1" 200 46899
201.245.192.253 - - [15/Jun/2023:08:47:49 -0500] "GET /sipse/faces/javax.faces.resource/fileupload/fileupload.css?ln=primefaces&v=4.0 HTTP/1.1" 200 1330
201.245.192.253 - - [15/Jun/2023:08:47:49 -0500] "GET /sipse/faces/javax.faces.resource/jquery/jquery.js?ln=primefaces&v=4.0 HTTP/1.1" 304 -
201.245.192.253 - - [15/Jun/2023:08:47:49 -0500] "GET /sipse/faces/javax.faces.resource/jquery/jquery-plugins.js?ln=primefaces&v=4.0 HTTP/1.1" 304 -
201.245.192.253 - - [15/Jun/2023:08:47:49 -0500] "GET /sipse/faces/javax.faces.resource/primefaces.js?ln=primefaces&v=4.0 HTTP/1.1" 304 -
201.245.192.253 - - [15/Jun/2023:08:47:49 -0500] "GET /sipse/faces/javax.faces.resource/layout/layout.js?ln=primefaces&v=4.0 HTTP/1.1" 304 -
201.245.192.253 - - [15/Jun/2023:08:47:50 -0500] "GET /sipse/faces/javax.faces.resource/fileupload/fileupload.js?ln=primefaces&v=4.0 HTTP/1.1" 304 -
200.118.64.109 - - [15/Jun/2023:08:47:49 -0500] "POST /forms/lservlet;jsessionid=ac16012b30d61f8d11dcb1fa43fabef9ba87a36b8abc.e3iSbxaKaheRe34Kc30KaNqQc41ynknvrkLOlQzNp65In0 HTTP/1.1" 200 15
200.118.64.109 - - [15/Jun/2023:08:47:52 -0500] "POST /forms/lservlet;jsessionid=ac16012b30d670d56d8dad334082a2b2e22731dd9274.e3iSbxaKaheRe34Kc30KaNqQc41ynknvrkLOlQzNp65In0 HTTP/1.1" 200 15
201.245.192.253 - - [15/Jun/2023:08:47:53 -0500] "POST /kwsrmcab/Wsrmcab  HTTP/1.1" 200 40957
200.118.64.109 - - [15/Jun/2023:08:47:58 -0500] "POST /forms/lservlet;jsessionid=ac16012b30d61f8d11dcb1fa43fabef9ba87a36b8abc.e3iSbxaKaheRe34Kc30KaNqQc41ynknvrkLOlQzNp65In0 HTTP/1.1" 200 15
200.118.64.109 - - [15/Jun/2023:08:48:01 -0500] "POST /forms/lservlet;jsessionid=ac16012b30d670d56d8dad334082a2b2e22731dd9274.e3iSbxaKaheRe34Kc30KaNqQc41ynknvrkLOlQzNp65In0 HTTP/1.1" 200 15
200.118.64.109 - - [15/Jun/2023:08:48:07 -0500] "POST /forms/lservlet;jsessionid=ac16012b30d61f8d11dcb1fa43fabef9ba87a36b8abc.e3iSbxaKaheRe34Kc30KaNqQc41ynknvrkLOlQzNp65In0 HTTP/1.1" 200 15
200.118.64.109 - - [15/Jun/2023:08:48:10 -0500] "POST /forms/lservlet;jsessionid=ac16012b30d670d56d8dad334082a2b2e22731dd9274.e3iSbxaKaheRe34Kc30KaNqQc41ynknvrkLOlQzNp65In0 HTTP/1.1" 200 15
201.245.192.253 - - [15/Jun/2023:08:48:14 -0500] "POST /sipse/faces/presentacion/contratacion/contrato/adicionarSupervisor.xhtml HTTP/1.1" 200 16860
200.118.64.109 - - [15/Jun/2023:08:48:17 -0500] "POST /forms/lservlet;jsessionid=ac16012b30d61f8d11dcb1fa43fabef9ba87a36b8abc.e3iSbxaKaheRe34Kc30KaNqQc41ynknvrkLOlQzNp65In0 HTTP/1.1" 200 15
201.245.192.253 - - [15/Jun/2023:08:48:19 -0500] "GET /sipse/faces/javax.faces.resource/layout/layout.css?ln=primefaces&v=4.0 HTTP/1.1" 304 -
201.245.192.253 - - [15/Jun/2023:08:48:19 -0500] "GET /sipse/faces/javax.faces.resource/jquery/jquery.js?ln=primefaces&v=4.0 HTTP/1.1" 304 -
201.245.192.253 - - [15/Jun/2023:08:48:19 -0500] "GET /sipse/faces/javax.faces.resource/primefaces.css?ln=primefaces&v=4.0 HTTP/1.1" 304 -
201.245.192.253 - - [15/Jun/2023:08:48:19 -0500] "GET /sipse/faces/javax.faces.resource/theme.css?ln=primefaces-sipse HTTP/1.1" 304 -
201.245.192.253 - - [15/Jun/2023:08:48:19 -0500] "GET /sipse/faces/javax.faces.resource/jquery/jquery-plugins.js?ln=primefaces&v=4.0 HTTP/1.1" 304 -
201.245.192.253 - - [15/Jun/2023:08:48:19 -0500] "GET /sipse/faces/javax.faces.resource/layout/layout.js?ln=primefaces&v=4.0 HTTP/1.1" 304 -
201.245.192.253 - - [15/Jun/2023:08:48:19 -0500] "GET /sipse/faces/javax.faces.resource/primefaces.js?ln=primefaces&v=4.0 HTTP/1.1" 304 -
201.245.192.253 - - [15/Jun/2023:08:48:19 -0500] "POST /sipse/faces/presentacion/contratacion/contrato/adicionarSupervisor.xhtml HTTP/1.1" 200 79761
200.118.64.109 - - [15/Jun/2023:08:48:19 -0500] "POST /forms/lservlet;jsessionid=ac16012b30d670d56d8dad334082a2b2e22731dd9274.e3iSbxaKaheRe34Kc30KaNqQc41ynknvrkLOlQzNp65In0 HTTP/1.1" 200 15
201.245.192.253 - - [15/Jun/2023:08:48:22 -0500] "POST /sipse/faces/presentacion/contratacion/contrato/crearModificarContrato.xhtml HTTP/1.1" 200 163503
201.245.192.253 - - [15/Jun/2023:08:48:23 -0500] "GET /sipse/faces/javax.faces.resource/primefaces.css?ln=primefaces&v=4.0 HTTP/1.1" 304 -
201.245.192.253 - - [15/Jun/2023:08:48:23 -0500] "GET /sipse/faces/javax.faces.resource/theme.css?ln=primefaces-sipse HTTP/1.1" 304 -
201.245.192.253 - - [15/Jun/2023:08:48:23 -0500] "GET /sipse/faces/javax.faces.resource/layout/layout.css?ln=primefaces&v=4.0 HTTP/1.1" 304 -
201.245.192.253 - - [15/Jun/2023:08:48:23 -0500] "GET /sipse/faces/javax.faces.resource/jquery/jquery.js?ln=primefaces&v=4.0 HTTP/1.1" 304 -
201.245.192.253 - - [15/Jun/2023:08:48:23 -0500] "GET /sipse/faces/javax.faces.resource/jquery/jquery-plugins.js?ln=primefaces&v=4.0 HTTP/1.1" 304 -
201.245.192.253 - - [15/Jun/2023:08:48:23 -0500] "GET /sipse/faces/javax.faces.resource/primefaces.js?ln=primefaces&v=4.0 HTTP/1.1" 304 -
201.245.192.253 - - [15/Jun/2023:08:48:23 -0500] "GET /sipse/faces/javax.faces.resource/layout/layout.js?ln=primefaces&v=4.0 HTTP/1.1" 304 -
201.245.192.253 - - [15/Jun/2023:08:48:23 -0500] "GET /sipse/faces/javax.faces.resource/dynamiccontent.properties?ln=primefaces&pfdrid=XjOR5%2F%2FfPAZAuY9TpWQeCiM0BhlXxYRBGKi%2FQcXXfeA%3D&pfdrid_c=false HTTP/1.1" 500 383
200.118.64.109 - - [15/Jun/2023:08:48:26 -0500] "POST /forms/lservlet;jsessionid=ac16012b30d61f8d11dcb1fa43fabef9ba87a36b8abc.e3iSbxaKaheRe34Kc30KaNqQc41ynknvrkLOlQzNp65In0 HTTP/1.1" 200 15
201.245.192.253 - - [15/Jun/2023:08:48:29 -0500] "POST /sipse/faces/presentacion/financiero/solicitudAnulacion/registrarSolicitudAnulacion.xhtml HTTP/1.1" 200 26913
201.245.192.253 - - [15/Jun/2023:08:48:26 -0500] "POST /sipse/faces/presentacion/financiero/solicitudProceso/consultarSolicitudProceso.xhtml HTTP/1.1" 200 63522
201.245.192.253 - - [15/Jun/2023:08:48:29 -0500] "GET /sipse/faces/javax.faces.resource/theme.css?ln=primefaces-sipse HTTP/1.1" 304 -
201.245.192.253 - - [15/Jun/2023:08:48:29 -0500] "GET /sipse/faces/javax.faces.resource/layout/layout.css?ln=primefaces&v=4.0 HTTP/1.1" 304 -
201.245.192.253 - - [15/Jun/2023:08:48:29 -0500] "GET /sipse/faces/javax.faces.resource/primefaces.css?ln=primefaces&v=4.0 HTTP/1.1" 304 -
201.245.192.253 - - [15/Jun/2023:08:48:29 -0500] "GET /sipse/faces/javax.faces.resource/jquery/jquery.js?ln=primefaces&v=4.0 HTTP/1.1" 304 -
201.245.192.253 - - [15/Jun/2023:08:48:29 -0500] "GET /sipse/faces/javax.faces.resource/jquery/jquery-plugins.js?ln=primefaces&v=4.0 HTTP/1.1" 304 -
201.245.192.253 - - [15/Jun/2023:08:48:29 -0500] "GET /sipse/faces/javax.faces.resource/jquery/jquery.js?ln=primefaces&v=4.0 HTTP/1.1" 304 -
201.245.192.253 - - [15/Jun/2023:08:48:29 -0500] "GET /sipse/faces/javax.faces.resource/jquery/jquery-plugins.js?ln=primefaces&v=4.0 HTTP/1.1" 304 -
201.245.192.253 - - [15/Jun/2023:08:48:29 -0500] "GET /sipse/faces/javax.faces.resource/primefaces.js?ln=primefaces&v=4.0 HTTP/1.1" 304 -
201.245.192.253 - - [15/Jun/2023:08:48:29 -0500] "GET /sipse/faces/javax.faces.resource/layout/layout.js?ln=primefaces&v=4.0 HTTP/1.1" 304 -
201.245.192.253 - - [15/Jun/2023:08:48:29 -0500] "GET /sipse/faces/javax.faces.resource/primefaces.js?ln=primefaces&v=4.0 HTTP/1.1" 304 -
201.245.192.253 - - [15/Jun/2023:08:48:29 -0500] "GET /sipse/faces/javax.faces.resource/layout/layout.js?ln=primefaces&v=4.0 HTTP/1.1" 304 -
201.245.192.253 - - [15/Jun/2023:08:48:29 -0500] "POST /sipse/faces/presentacion/financiero/solicitudProceso/listarSolicitudProceso.xhtml HTTP/1.1" 200 1564
200.118.64.109 - - [15/Jun/2023:08:48:29 -0500] "POST /forms/lservlet;jsessionid=ac16012b30d670d56d8dad334082a2b2e22731dd9274.e3iSbxaKaheRe34Kc30KaNqQc41ynknvrkLOlQzNp65In0 HTTP/1.1" 200 15
201.245.192.253 - - [15/Jun/2023:08:48:31 -0500] "POST /sipse/faces/presentacion/financiero/solicitudProceso/listarSolicitudProceso.xhtml HTTP/1.1" 200 32693
201.245.192.253 - - [15/Jun/2023:08:48:31 -0500] "POST /sipse/faces/presentacion/financiero/solicitudProceso/listarSolicitudProceso.xhtml HTTP/1.1" 200 45259
201.245.192.253 - - [15/Jun/2023:08:48:32 -0500] "POST /sipse/faces/presentacion/financiero/solicitudProceso/listarSolicitudProceso.xhtml HTTP/1.1" 200 32693
201.245.192.253 - - [15/Jun/2023:08:48:33 -0500] "POST /sipse/faces/presentacion/financiero/solicitudProceso/listarSolicitudProceso.xhtml HTTP/1.1" 200 23467
200.118.64.109 - - [15/Jun/2023:08:48:35 -0500] "POST /forms/lservlet;jsessionid=ac16012b30d61f8d11dcb1fa43fabef9ba87a36b8abc.e3iSbxaKaheRe34Kc30KaNqQc41ynknvrkLOlQzNp65In0 HTTP/1.1" 200 15
200.118.64.109 - - [15/Jun/2023:08:48:38 -0500] "POST /forms/lservlet;jsessionid=ac16012b30d670d56d8dad334082a2b2e22731dd9274.e3iSbxaKaheRe34Kc30KaNqQc41ynknvrkLOlQzNp65In0 HTTP/1.1" 200 15
201.245.192.253 - - [15/Jun/2023:08:48:44 -0500] "POST /sipse/faces/presentacion/financiero/solicitudProceso/consultarHistorialSolProceso.xhtml HTTP/1.1" 200 52255
201.245.192.253 - - [15/Jun/2023:08:48:44 -0500] "GET /sipse/faces/javax.faces.resource/theme.css?ln=primefaces-sipse HTTP/1.1" 304 -
201.245.192.253 - - [15/Jun/2023:08:48:44 -0500] "GET /sipse/faces/javax.faces.resource/layout/layout.css?ln=primefaces&v=4.0 HTTP/1.1" 304 -
201.245.192.253 - - [15/Jun/2023:08:48:44 -0500] "GET /sipse/faces/javax.faces.resource/primefaces.css?ln=primefaces&v=4.0 HTTP/1.1" 304 -
201.245.192.253 - - [15/Jun/2023:08:48:44 -0500] "GET /sipse/faces/javax.faces.resource/jquery/jquery.js?ln=primefaces&v=4.0 HTTP/1.1" 304 -
201.245.192.253 - - [15/Jun/2023:08:48:44 -0500] "GET /sipse/faces/javax.faces.resource/layout/layout.js?ln=primefaces&v=4.0 HTTP/1.1" 304 -
201.245.192.253 - - [15/Jun/2023:08:48:44 -0500] "GET /sipse/faces/javax.faces.resource/jquery/jquery-plugins.js?ln=primefaces&v=4.0 HTTP/1.1" 304 -
201.245.192.253 - - [15/Jun/2023:08:48:44 -0500] "GET /sipse/faces/javax.faces.resource/primefaces.js?ln=primefaces&v=4.0 HTTP/1.1" 304 -
201.245.192.253 - - [15/Jun/2023:08:48:44 -0500] "GET /sipse/faces/javax.faces.resource/fileupload/fileupload.css?ln=primefaces&v=4.0 HTTP/1.1" 304 -
201.245.192.253 - - [15/Jun/2023:08:48:44 -0500] "GET /sipse/faces/javax.faces.resource/fileupload/fileupload.js?ln=primefaces&v=4.0 HTTP/1.1" 304 -
201.245.192.253 - - [15/Jun/2023:08:48:44 -0500] "GET /sipse/faces/javax.faces.resource/images/ui-icons_898989_256x240.png?ln=primefaces-aristo HTTP/1.1" 304 -
200.118.64.109 - - [15/Jun/2023:08:48:44 -0500] "POST /forms/lservlet;jsessionid=ac16012b30d61f8d11dcb1fa43fabef9ba87a36b8abc.e3iSbxaKaheRe34Kc30KaNqQc41ynknvrkLOlQzNp65In0 HTTP/1.1" 200 15
200.118.64.109 - - [15/Jun/2023:08:48:47 -0500] "POST /forms/lservlet;jsessionid=ac16012b30d670d56d8dad334082a2b2e22731dd9274.e3iSbxaKaheRe34Kc30KaNqQc41ynknvrkLOlQzNp65In0 HTTP/1.1" 200 15
173.252.107.15 - - [15/Jun/2023:08:48:51 -0500] "HEAD /secretaria-de-ambiente-presente-en-la-feria-internacional-del-ambiente-2023.html HTTP/1.1" 206 -
200.118.64.109 - - [15/Jun/2023:08:48:54 -0500] "POST /forms/lservlet;jsessionid=ac16012b30d61f8d11dcb1fa43fabef9ba87a36b8abc.e3iSbxaKaheRe34Kc30KaNqQc41ynknvrkLOlQzNp65In0 HTTP/1.1" 200 15
200.118.64.109 - - [15/Jun/2023:08:48:56 -0500] "POST /forms/lservlet;jsessionid=ac16012b30d670d56d8dad334082a2b2e22731dd9274.e3iSbxaKaheRe34Kc30KaNqQc41ynknvrkLOlQzNp65In0 HTTP/1.1" 200 15
200.118.64.109 - - [15/Jun/2023:08:49:03 -0500] "POST /forms/lservlet;jsessionid=ac16012b30d61f8d11dcb1fa43fabef9ba87a36b8abc.e3iSbxaKaheRe34Kc30KaNqQc41ynknvrkLOlQzNp65In0 HTTP/1.1" 200 15
200.118.64.109 - - [15/Jun/2023:08:49:05 -0500] "POST /forms/lservlet;jsessionid=ac16012b30d670d56d8dad334082a2b2e22731dd9274.e3iSbxaKaheRe34Kc30KaNqQc41ynknvrkLOlQzNp65In0 HTTP/1.1" 200 15
190.26.185.221 - - [15/Jun/2023:08:49:10 -0500] "GET /galeria/galeria/jquery.fancybox.css?v=2.1.5 HTTP/1.1" 200 4895
190.26.185.221 - - [15/Jun/2023:08:49:10 -0500] "GET /BLA/boletinlegal/js/jquery.scrollShow.js HTTP/1.1" 200 4586
190.26.185.221 - - [15/Jun/2023:08:49:10 -0500] "GET /galeria/galeria/jquery.fancybox.js?v=2.1.5 HTTP/1.1" 200 48706
201.245.192.253 - - [15/Jun/2023:08:49:11 -0500] "POST /sipse/faces/presentacion/financiero/solicitudProceso/listarSolicitudProceso.xhtml HTTP/1.1" 200 32733
201.245.192.253 - - [15/Jun/2023:08:49:11 -0500] "POST /sipse/faces/presentacion/financiero/solicitudProceso/listarSolicitudProceso.xhtml HTTP/1.1" 200 45291
201.245.192.253 - - [15/Jun/2023:08:49:11 -0500] "POST /sipse/faces/presentacion/financiero/solicitudProceso/listarSolicitudProceso.xhtml HTTP/1.1" 200 32733
200.118.64.109 - - [15/Jun/2023:08:49:12 -0500] "POST /forms/lservlet;jsessionid=ac16012b30d61f8d11dcb1fa43fabef9ba87a36b8abc.e3iSbxaKaheRe34Kc30KaNqQc41ynknvrkLOlQzNp65In0 HTTP/1.1" 200 15
201.245.192.253 - - [15/Jun/2023:08:49:14 -0500] "POST /sipse/faces/presentacion/financiero/solicitudProceso/listarSolicitudProceso.xhtml HTTP/1.1" 200 23463
200.118.64.109 - - [15/Jun/2023:08:49:14 -0500] "POST /forms/lservlet;jsessionid=ac16012b30d670d56d8dad334082a2b2e22731dd9274.e3iSbxaKaheRe34Kc30KaNqQc41ynknvrkLOlQzNp65In0 HTTP/1.1" 200 15
201.245.192.253 - - [15/Jun/2023:08:49:15 -0500] "POST /sipse/faces/presentacion/financiero/solicitudProceso/listarSolicitudProceso.xhtml HTTP/1.1" 200 157637
201.245.192.253 - - [15/Jun/2023:08:49:16 -0500] "GET /sipse/faces/javax.faces.resource/theme.css?ln=primefaces-sipse HTTP/1.1" 304 -
201.245.192.253 - - [15/Jun/2023:08:49:16 -0500] "GET /sipse/faces/javax.faces.resource/primefaces.css?ln=primefaces&v=4.0 HTTP/1.1" 304 -
201.245.192.253 - - [15/Jun/2023:08:49:16 -0500] "GET /sipse/faces/javax.faces.resource/layout/layout.css?ln=primefaces&v=4.0 HTTP/1.1" 304 -
201.245.192.253 - - [15/Jun/2023:08:49:16 -0500] "GET /sipse/faces/javax.faces.resource/jquery/jquery.js?ln=primefaces&v=4.0 HTTP/1.1" 304 -
