186.80.52.31 - - [15/Jun/2023:08:05:20 -0500] "POST /appsia/controlador HTTP/1.1" 200 11324
201.245.192.253 - - [15/Jun/2023:08:05:21 -0500] "GET /sipse/faces/javax.faces.resource/jquery/jquery.js?ln=primefaces&v=4.0 HTTP/1.1" 304 -
201.245.192.253 - - [15/Jun/2023:08:05:21 -0500] "GET /sipse/faces/javax.faces.resource/jquery/jquery-plugins.js?ln=primefaces&v=4.0 HTTP/1.1" 304 -
201.245.192.253 - - [15/Jun/2023:08:05:21 -0500] "GET /sipse/faces/javax.faces.resource/primefaces.js?ln=primefaces&v=4.0 HTTP/1.1" 304 -
201.245.192.253 - - [15/Jun/2023:08:05:21 -0500] "GET /sipse/faces/javax.faces.resource/layout/layout.js?ln=primefaces&v=4.0 HTTP/1.1" 304 -
201.245.192.253 - - [15/Jun/2023:08:05:22 -0500] "GET /sipse/imagenes/logoAplicacion.jpg HTTP/1.1" 304 -
201.245.192.253 - - [15/Jun/2023:08:05:22 -0500] "GET /sipse/css/v_mergente.css HTTP/1.1" 304 -
201.245.192.253 - - [15/Jun/2023:08:05:22 -0500] "GET /sipse/imagenes/cargando.gif HTTP/1.1" 304 -
201.245.192.253 - - [15/Jun/2023:08:05:22 -0500] "GET /sipse/css/imagen/contrasena.png HTTP/1.1" 404 383
201.245.192.253 - - [15/Jun/2023:08:05:23 -0500] "GET /sipse/faces/javax.faces.resource/messages/messages.png?ln=primefaces&v=4.0 HTTP/1.1" 304 -
66.249.73.68 - - [15/Jun/2023:08:05:31 -0500] "-" 408 -
216.245.221.92 - - [15/Jun/2023:08:05:37 -0500] "HEAD / HTTP/1.1" 200 -
172.22.2.4 - - [15/Jun/2023:08:04:21 -0500] "HEAD /BLA/boletinlegal/ HTTP/1.1" 200 -
201.245.192.253 - - [15/Jun/2023:08:06:06 -0500] "GET /sipse/faces/javax.faces.resource/images/ui-bg_flat_0_2d5972_40x100.png?ln=primefaces-aristo HTTP/1.1" 304 -
201.245.192.253 - - [15/Jun/2023:08:06:06 -0500] "POST /sipse/faces/bienvenido.xhtml HTTP/1.1" 200 3182
201.245.192.253 - - [15/Jun/2023:08:06:07 -0500] "POST /sipse/faces/bienvenido.xhtml HTTP/1.1" 200 2075
201.245.192.253 - - [15/Jun/2023:08:06:08 -0500] "POST /sipse/faces/bienvenido.xhtml HTTP/1.1" 200 43585
201.245.192.253 - - [15/Jun/2023:08:06:10 -0500] "GET /sipse/faces/javax.faces.resource/theme.css?ln=primefaces-sipse HTTP/1.1" 304 -
201.245.192.253 - - [15/Jun/2023:08:06:10 -0500] "GET /sipse/faces/javax.faces.resource/primefaces.css?ln=primefaces&v=4.0 HTTP/1.1" 304 -
201.245.192.253 - - [15/Jun/2023:08:06:10 -0500] "GET /sipse/faces/javax.faces.resource/layout/layout.css?ln=primefaces&v=4.0 HTTP/1.1" 304 -
201.245.192.253 - - [15/Jun/2023:08:06:10 -0500] "GET /sipse/faces/javax.faces.resource/jquery/jquery.js?ln=primefaces&v=4.0 HTTP/1.1" 304 -
201.245.192.253 - - [15/Jun/2023:08:06:10 -0500] "GET /sipse/faces/javax.faces.resource/jquery/jquery-plugins.js?ln=primefaces&v=4.0 HTTP/1.1" 304 -
201.245.192.253 - - [15/Jun/2023:08:06:10 -0500] "GET /sipse/faces/javax.faces.resource/primefaces.js?ln=primefaces&v=4.0 HTTP/1.1" 304 -
201.245.192.253 - - [15/Jun/2023:08:06:10 -0500] "GET /sipse/faces/javax.faces.resource/layout/layout.js?ln=primefaces&v=4.0 HTTP/1.1" 304 -
201.245.192.253 - - [15/Jun/2023:08:06:10 -0500] "POST /sipse/faces/presentacion/financiero/solicitudProceso/listarSolicitudProceso.xhtml HTTP/1.1" 200 1472
186.82.24.155 - - [15/Jun/2023:08:06:46 -0500] "GET /en-junio-conectate-con-la-naturaleza-y-el-medioambiente-a-traves-de-estas-caminatas-ecologicas.html HTTP/1.1" 200 900
172.22.2.4 - - [15/Jun/2023:08:05:12 -0500] "GET /BLA/boletinlegal/ HTTP/1.1" 200 57272
181.53.14.184 - - [15/Jun/2023:08:06:53 -0500] "GET /appsia/controlador HTTP/1.1" 200 4799
181.53.14.184 - - [15/Jun/2023:08:07:01 -0500] "POST /appsia/controlador HTTP/1.1" 200 3602
181.53.14.184 - - [15/Jun/2023:08:07:01 -0500] "GET /appsia/jscripts/validarSolicitud.js HTTP/1.1" 404 68
181.53.14.184 - - [15/Jun/2023:08:07:02 -0500] "POST /appsia/controlador HTTP/1.1" 200 4799
181.53.14.184 - - [15/Jun/2023:08:07:08 -0500] "POST /appsia/controlador HTTP/1.1" 200 5437
181.53.14.184 - - [15/Jun/2023:08:07:09 -0500] "POST /appsia/controlador HTTP/1.1" 200 7771
181.53.14.184 - - [15/Jun/2023:08:07:10 -0500] "POST /appsia/controlador HTTP/1.1" 200 6636
181.53.14.184 - - [15/Jun/2023:08:07:12 -0500] "POST /appsia/controlador HTTP/1.1" 200 11016
69.171.249.15 - - [15/Jun/2023:08:07:24 -0500] "HEAD /bogota-circular-el-desafio-de-transformar-los-servicios-publicos-para-construir-una-ciudad-prospera-y-sostenible.html HTTP/1.1" 206 -
181.53.14.184 - - [15/Jun/2023:08:08:01 -0500] "POST /appsia/controlador HTTP/1.1" 200 75943
201.245.192.253 - - [15/Jun/2023:08:08:01 -0500] "POST /kwsrmcab/Wsrmcab  HTTP/1.1" 200 40957
64.124.8.49 - - [15/Jun/2023:08:08:16 -0500] "GET /galeria/galeria/fotos/mirador4P.jpg HTTP/1.1" 200 11757
64.124.8.49 - - [15/Jun/2023:08:08:17 -0500] "GET /appsia/images/logo_bogota_p.png HTTP/1.1" 200 14951
64.124.8.49 - - [15/Jun/2023:08:08:18 -0500] "GET /galeria/nivo-slider/demo/images/Bannerpactoagua.jpg HTTP/1.1" 200 59827
64.124.8.49 - - [15/Jun/2023:08:08:23 -0500] "GET /galeria/galeria/fotos/Jaboque1P.jpg HTTP/1.1" 200 29995
64.124.8.49 - - [15/Jun/2023:08:08:24 -0500] "GET /galeria/galeria/fotos/Huemdal-el-Tunjo1G.jpg HTTP/1.1" 200 393262
177.93.38.102 - - [15/Jun/2023:08:08:28 -0500] "GET /serrania-el-zuque-de-cantera-en-los-anos-60-a-espacio-de-restauracion-ambiental-y-mitigacion-del-riesgo.html HTTP/1.1" 200 841
64.124.8.49 - - [15/Jun/2023:08:08:32 -0500] "GET /galeria/galeria/fotos/Humedal-Tibanica3P.jpg HTTP/1.1" 200 28016
201.245.192.253 - - [15/Jun/2023:08:08:33 -0500] "GET /appsia/controlador HTTP/1.1" 200 4799
201.245.192.253 - - [15/Jun/2023:08:08:33 -0500] "GET /appsia/css/estilos.css HTTP/1.1" 200 4804
201.245.192.253 - - [15/Jun/2023:08:08:33 -0500] "GET /appsia/scripts/validarIngreso.js HTTP/1.1" 200 851
201.245.192.253 - - [15/Jun/2023:08:08:33 -0500] "GET /appsia/images/logo_bogota_p.png HTTP/1.1" 200 14951
201.245.192.253 - - [15/Jun/2023:08:08:33 -0500] "GET /appsia/images/cabezoteHojaVida.png HTTP/1.1" 200 32493
201.245.192.253 - - [15/Jun/2023:08:08:33 -0500] "GET /favicon.ico HTTP/1.1" 200 7782
201.245.192.253 - - [15/Jun/2023:08:08:53 -0500] "POST /appsia/controlador HTTP/1.1" 200 5437
201.245.192.253 - - [15/Jun/2023:08:08:59 -0500] "POST /appsia/controlador HTTP/1.1" 200 7799
201.245.192.253 - - [15/Jun/2023:08:09:01 -0500] "POST /appsia/controlador HTTP/1.1" 200 6672
201.245.192.253 - - [15/Jun/2023:08:09:02 -0500] "POST /appsia/controlador HTTP/1.1" 200 10966
190.27.87.106 - - [15/Jun/2023:08:09:03 -0500] "GET /secretaria-de-ambiente-presente-en-la-feria-internacional-del-ambiente-2023.html HTTP/1.1" 200 841
192.168.176.78 - - [15/Jun/2023:08:09:08 -0500] "GET /como-obtener-el-certificado-de-estado-de-conservacion-ambiental-ceca.html HTTP/1.1" 200 873
201.245.192.253 - - [15/Jun/2023:08:09:09 -0500] "POST /appsia/controlador HTTP/1.1" 200 7799
201.245.192.253 - - [15/Jun/2023:08:09:13 -0500] "POST /appsia/controlador HTTP/1.1" 200 6672
201.245.192.253 - - [15/Jun/2023:08:09:15 -0500] "POST /appsia/controlador HTTP/1.1" 200 10574
181.53.14.184 - - [15/Jun/2023:08:09:52 -0500] "POST /appsia/controlador HTTP/1.1" 200 7771
181.53.14.184 - - [15/Jun/2023:08:09:53 -0500] "POST /appsia/controlador HTTP/1.1" 200 5437
181.53.14.184 - - [15/Jun/2023:08:09:54 -0500] "POST /appsia/controlador HTTP/1.1" 200 4799
201.245.192.253 - - [15/Jun/2023:08:10:12 -0500] "GET /appsia/controlador?comando=regresar&id=1049602656&funcionario=KRYSTLE+DANITZA+GONZALEZ+VELANDIA&desde=1049602656&hasta=1049602656&version=1049602656 HTTP/1.1" 200 7799
201.245.192.253 - - [15/Jun/2023:08:10:13 -0500] "POST /appsia/controlador HTTP/1.1" 200 6672
201.245.192.253 - - [15/Jun/2023:08:10:16 -0500] "POST /appsia/controlador HTTP/1.1" 200 10966
201.245.192.253 - - [15/Jun/2023:08:10:27 -0500] "GET /appsia/controlador?comando=regresar&id=1049602656&funcionario=KRYSTLE+DANITZA+GONZALEZ+VELANDIA&desde=1049602656&hasta=1049602656&version=1049602656 HTTP/1.1" 200 7799
216.245.221.92 - - [15/Jun/2023:08:10:37 -0500] "HEAD / HTTP/1.1" 200 -
201.245.192.253 - - [15/Jun/2023:08:10:45 -0500] "POST /sipse/faces/presentacion/financiero/solicitudProceso/consultarSolicitudProceso.xhtml HTTP/1.1" 200 5515
200.118.64.109 - - [15/Jun/2023:08:10:58 -0500] "POST /forms/lservlet;jsessionid=ac16012b30d622de26b727ae48088932c39a307dc6d5.e3iSbxaKaheRe34Kc30KaNqQc41ynknvrkLOlQzNp65In0 HTTP/1.1" 200 15
200.118.64.109 - - [15/Jun/2023:08:11:08 -0500] "POST /forms/lservlet;jsessionid=ac16012b30d622de26b727ae48088932c39a307dc6d5.e3iSbxaKaheRe34Kc30KaNqQc41ynknvrkLOlQzNp65In0 HTTP/1.1" 200 15
200.118.64.109 - - [15/Jun/2023:08:11:18 -0500] "POST /forms/lservlet;jsessionid=ac16012b30d622de26b727ae48088932c39a307dc6d5.e3iSbxaKaheRe34Kc30KaNqQc41ynknvrkLOlQzNp65In0 HTTP/1.1" 200 15
201.245.192.253 - - [15/Jun/2023:08:11:22 -0500] "GET /appsia/controlador HTTP/1.1" 200 4799
201.245.192.253 - - [15/Jun/2023:08:11:22 -0500] "GET /appsia/css/estilos.css HTTP/1.1" 200 4804
201.245.192.253 - - [15/Jun/2023:08:11:22 -0500] "GET /appsia/scripts/validarIngreso.js HTTP/1.1" 200 851
201.245.192.253 - - [15/Jun/2023:08:11:22 -0500] "GET /appsia/images/cabezoteHojaVida.png HTTP/1.1" 200 32493
201.245.192.253 - - [15/Jun/2023:08:11:22 -0500] "GET /appsia/images/logo_bogota_p.png HTTP/1.1" 200 14951
201.245.192.253 - - [15/Jun/2023:08:11:22 -0500] "GET /favicon.ico HTTP/1.1" 200 7782
200.118.64.109 - - [15/Jun/2023:08:11:27 -0500] "POST /forms/lservlet;jsessionid=ac16012b30d622de26b727ae48088932c39a307dc6d5.e3iSbxaKaheRe34Kc30KaNqQc41ynknvrkLOlQzNp65In0 HTTP/1.1" 200 15
201.245.192.253 - - [15/Jun/2023:08:11:33 -0500] "POST /sipse/faces/presentacion/financiero/solicitudProceso/consultarSolicitudProceso.xhtml HTTP/1.1" 200 5541
201.245.192.253 - - [15/Jun/2023:08:11:33 -0500] "GET /sipse/faces/javax.faces.resource/dynamiccontent.properties?ln=primefaces&pfdrid=XjOR5%2F%2FfPAZAuY9TpWQeCiM0BhlXxYRBGKi%2FQcXXfeA%3D&pfdrid_c=false HTTP/1.1" 200 104811
200.118.64.109 - - [15/Jun/2023:08:11:36 -0500] "POST /forms/lservlet;jsessionid=ac16012b30d622de26b727ae48088932c39a307dc6d5.e3iSbxaKaheRe34Kc30KaNqQc41ynknvrkLOlQzNp65In0 HTTP/1.1" 200 15
201.245.192.253 - - [15/Jun/2023:08:11:38 -0500] "POST /appsia/controlador HTTP/1.1" 200 5437
201.245.192.253 - - [15/Jun/2023:08:11:39 -0500] "POST /sipse/faces/presentacion/financiero/solicitudProceso/consultarSolicitudProceso.xhtml HTTP/1.1" 200 25999
201.245.192.253 - - [15/Jun/2023:08:11:40 -0500] "GET /sipse/faces/javax.faces.resource/theme.css?ln=primefaces-sipse HTTP/1.1" 304 -
201.245.192.253 - - [15/Jun/2023:08:11:40 -0500] "GET /sipse/faces/javax.faces.resource/primefaces.css?ln=primefaces&v=4.0 HTTP/1.1" 304 -
201.245.192.253 - - [15/Jun/2023:08:11:40 -0500] "GET /sipse/faces/javax.faces.resource/jquery/jquery.js?ln=primefaces&v=4.0 HTTP/1.1" 304 -
201.245.192.253 - - [15/Jun/2023:08:11:40 -0500] "GET /sipse/faces/javax.faces.resource/primefaces.js?ln=primefaces&v=4.0 HTTP/1.1" 304 -
201.245.192.253 - - [15/Jun/2023:08:11:40 -0500] "GET /sipse/faces/javax.faces.resource/jquery/jquery-plugins.js?ln=primefaces&v=4.0 HTTP/1.1" 304 -
201.245.192.253 - - [15/Jun/2023:08:11:40 -0500] "GET /sipse/faces/javax.faces.resource/layout/layout.css?ln=primefaces&v=4.0 HTTP/1.1" 304 -
201.245.192.253 - - [15/Jun/2023:08:11:40 -0500] "GET /sipse/faces/javax.faces.resource/layout/layout.js?ln=primefaces&v=4.0 HTTP/1.1" 304 -
201.245.192.253 - - [15/Jun/2023:08:11:40 -0500] "GET /sipse/faces/javax.faces.resource/images/ui-icons_898989_256x240.png?ln=primefaces-aristo HTTP/1.1" 304 -
201.245.192.253 - - [15/Jun/2023:08:11:42 -0500] "POST /appsia/controlador HTTP/1.1" 200 18558
201.245.192.253 - - [15/Jun/2023:08:11:42 -0500] "GET /appsia/images/logo_escudo.png HTTP/1.1" 200 36965
200.118.64.109 - - [15/Jun/2023:08:11:45 -0500] "POST /forms/lservlet;jsessionid=ac16012b30d622de26b727ae48088932c39a307dc6d5.e3iSbxaKaheRe34Kc30KaNqQc41ynknvrkLOlQzNp65In0 HTTP/1.1" 200 15
201.245.192.253 - - [15/Jun/2023:08:11:49 -0500] "GET /sipse/faces/javax.faces.resource/images/ui-bg_flat_0_2d5972_40x100.png?ln=primefaces-aristo HTTP/1.1" 304 -
201.245.192.253 - - [15/Jun/2023:08:11:49 -0500] "POST /sipse/faces/presentacion/financiero/solicitudProceso/registrarAnotacion.xhtml HTTP/1.1" 200 126298
201.245.192.253 - - [15/Jun/2023:08:11:49 -0500] "GET /sipse/faces/javax.faces.resource/jquery/jquery.js?ln=primefaces&v=4.0 HTTP/1.1" 304 -
201.245.192.253 - - [15/Jun/2023:08:11:49 -0500] "GET /sipse/faces/javax.faces.resource/jquery/jquery-plugins.js?ln=primefaces&v=4.0 HTTP/1.1" 304 -
201.245.192.253 - - [15/Jun/2023:08:11:49 -0500] "GET /sipse/faces/javax.faces.resource/primefaces.js?ln=primefaces&v=4.0 HTTP/1.1" 304 -
201.245.192.253 - - [15/Jun/2023:08:11:49 -0500] "GET /sipse/faces/javax.faces.resource/layout/layout.js?ln=primefaces&v=4.0 HTTP/1.1" 304 -
201.245.192.253 - - [15/Jun/2023:08:11:49 -0500] "GET /sipse/faces/javax.faces.resource/dynamiccontent.properties?ln=primefaces&pfdrid=XjOR5%2F%2FfPAZAuY9TpWQeCiM0BhlXxYRBGKi%2FQcXXfeA%3D&pfdrid_c=false HTTP/1.1" 500 383
172.22.2.4 - - [15/Jun/2023:08:10:11 -0500] "HEAD /BLA/boletinlegal/ HTTP/1.1" 200 -
201.245.192.253 - - [15/Jun/2023:08:11:54 -0500] "POST /sipse/faces/presentacion/financiero/solicitudProceso/consultarSolicitudProceso.xhtml HTTP/1.1" 200 26443
201.245.192.253 - - [15/Jun/2023:08:11:54 -0500] "GET /sipse/faces/javax.faces.resource/theme.css?ln=primefaces-sipse HTTP/1.1" 304 -
201.245.192.253 - - [15/Jun/2023:08:11:54 -0500] "GET /sipse/faces/javax.faces.resource/primefaces.css?ln=primefaces&v=4.0 HTTP/1.1" 304 -
201.245.192.253 - - [15/Jun/2023:08:11:54 -0500] "GET /sipse/faces/javax.faces.resource/layout/layout.css?ln=primefaces&v=4.0 HTTP/1.1" 304 -
201.245.192.253 - - [15/Jun/2023:08:11:54 -0500] "GET /sipse/faces/javax.faces.resource/primefaces.js?ln=primefaces&v=4.0 HTTP/1.1" 304 -
201.245.192.253 - - [15/Jun/2023:08:11:54 -0500] "GET /sipse/faces/javax.faces.resource/jquery/jquery.js?ln=primefaces&v=4.0 HTTP/1.1" 304 -
201.245.192.253 - - [15/Jun/2023:08:11:54 -0500] "GET /sipse/faces/javax.faces.resource/jquery/jquery-plugins.js?ln=primefaces&v=4.0 HTTP/1.1" 304 -
201.245.192.253 - - [15/Jun/2023:08:11:54 -0500] "GET /sipse/faces/javax.faces.resource/layout/layout.js?ln=primefaces&v=4.0 HTTP/1.1" 304 -
201.245.192.253 - - [15/Jun/2023:08:11:54 -0500] "GET /sipse/faces/javax.faces.resource/images/ui-icons_898989_256x240.png?ln=primefaces-aristo HTTP/1.1" 304 -
200.118.64.109 - - [15/Jun/2023:08:11:54 -0500] "POST /forms/lservlet;jsessionid=ac16012b30d622de26b727ae48088932c39a307dc6d5.e3iSbxaKaheRe34Kc30KaNqQc41ynknvrkLOlQzNp65In0 HTTP/1.1" 200 15
66.249.73.67 - - [15/Jun/2023:08:11:56 -0500] "-" 408 -
201.245.192.253 - - [15/Jun/2023:08:11:59 -0500] "GET /sipse/faces/javax.faces.resource/images/ui-bg_flat_0_2d5972_40x100.png?ln=primefaces-aristo HTTP/1.1" 304 -
201.245.192.253 - - [15/Jun/2023:08:11:59 -0500] "POST /sipse/faces/presentacion/financiero/solicitudProceso/registrarAnotacion.xhtml HTTP/1.1" 200 126298
201.245.192.253 - - [15/Jun/2023:08:11:59 -0500] "GET /sipse/faces/javax.faces.resource/jquery/jquery.js?ln=primefaces&v=4.0 HTTP/1.1" 304 -
201.245.192.253 - - [15/Jun/2023:08:11:59 -0500] "GET /sipse/faces/javax.faces.resource/jquery/jquery-plugins.js?ln=primefaces&v=4.0 HTTP/1.1" 304 -
201.245.192.253 - - [15/Jun/2023:08:11:59 -0500] "GET /sipse/faces/javax.faces.resource/primefaces.js?ln=primefaces&v=4.0 HTTP/1.1" 304 -
201.245.192.253 - - [15/Jun/2023:08:12:00 -0500] "GET /sipse/faces/javax.faces.resource/layout/layout.js?ln=primefaces&v=4.0 HTTP/1.1" 304 -
201.245.192.253 - - [15/Jun/2023:08:12:00 -0500] "GET /sipse/faces/javax.faces.resource/dynamiccontent.properties?ln=primefaces&pfdrid=XjOR5%2F%2FfPAZAuY9TpWQeCiM0BhlXxYRBGKi%2FQcXXfeA%3D&pfdrid_c=false HTTP/1.1" 500 383
201.245.192.253 - - [15/Jun/2023:08:12:04 -0500] "POST /sipse/faces/presentacion/financiero/solicitudProceso/consultarSolicitudProceso.xhtml HTTP/1.1" 200 27003
201.245.192.253 - - [15/Jun/2023:08:12:04 -0500] "GET /sipse/faces/javax.faces.resource/theme.css?ln=primefaces-sipse HTTP/1.1" 304 -
201.245.192.253 - - [15/Jun/2023:08:12:04 -0500] "GET /sipse/faces/javax.faces.resource/primefaces.css?ln=primefaces&v=4.0 HTTP/1.1" 304 -
201.245.192.253 - - [15/Jun/2023:08:12:04 -0500] "GET /sipse/faces/javax.faces.resource/layout/layout.css?ln=primefaces&v=4.0 HTTP/1.1" 304 -
201.245.192.253 - - [15/Jun/2023:08:12:04 -0500] "GET /sipse/faces/javax.faces.resource/jquery/jquery.js?ln=primefaces&v=4.0 HTTP/1.1" 304 -
201.245.192.253 - - [15/Jun/2023:08:12:04 -0500] "GET /sipse/faces/javax.faces.resource/jquery/jquery-plugins.js?ln=primefaces&v=4.0 HTTP/1.1" 304 -
201.245.192.253 - - [15/Jun/2023:08:12:04 -0500] "GET /sipse/faces/javax.faces.resource/primefaces.js?ln=primefaces&v=4.0 HTTP/1.1" 304 -
201.245.192.253 - - [15/Jun/2023:08:12:04 -0500] "GET /sipse/faces/javax.faces.resource/layout/layout.js?ln=primefaces&v=4.0 HTTP/1.1" 304 -
201.245.192.253 - - [15/Jun/2023:08:12:04 -0500] "GET /sipse/faces/javax.faces.resource/images/ui-icons_898989_256x240.png?ln=primefaces-aristo HTTP/1.1" 304 -
200.118.64.109 - - [15/Jun/2023:08:12:03 -0500] "POST /forms/lservlet;jsessionid=ac16012b30d622de26b727ae48088932c39a307dc6d5.e3iSbxaKaheRe34Kc30KaNqQc41ynknvrkLOlQzNp65In0 HTTP/1.1" 200 15
201.245.192.253 - - [15/Jun/2023:08:12:07 -0500] "GET /sipse/faces/javax.faces.resource/theme.css?ln=primefaces-sipse HTTP/1.1" 304 -
201.245.192.253 - - [15/Jun/2023:08:12:07 -0500] "GET /sipse/faces/javax.faces.resource/primefaces.css?ln=primefaces&v=4.0 HTTP/1.1" 304 -
201.245.192.253 - - [15/Jun/2023:08:12:07 -0500] "GET /sipse/faces/javax.faces.resource/layout/layout.css?ln=primefaces&v=4.0 HTTP/1.1" 304 -
201.245.192.253 - - [15/Jun/2023:08:12:07 -0500] "GET /sipse/faces/javax.faces.resource/jquery/jquery.js?ln=primefaces&v=4.0 HTTP/1.1" 304 -
201.245.192.253 - - [15/Jun/2023:08:12:07 -0500] "GET /sipse/faces/javax.faces.resource/jquery/jquery-plugins.js?ln=primefaces&v=4.0 HTTP/1.1" 304 -
201.245.192.253 - - [15/Jun/2023:08:12:07 -0500] "GET /sipse/faces/javax.faces.resource/primefaces.js?ln=primefaces&v=4.0 HTTP/1.1" 304 -
201.245.192.253 - - [15/Jun/2023:08:12:07 -0500] "GET /sipse/faces/javax.faces.resource/layout/layout.js?ln=primefaces&v=4.0 HTTP/1.1" 304 -
201.245.192.253 - - [15/Jun/2023:08:12:06 -0500] "POST /sipse/faces/presentacion/financiero/solicitudProceso/registrarAnotacion.xhtml HTTP/1.1" 200 172044
201.245.192.253 - - [15/Jun/2023:08:12:07 -0500] "GET /sipse/faces/javax.faces.resource/images/ui-icons_898989_256x240.png?ln=primefaces-aristo HTTP/1.1" 304 -
201.245.192.253 - - [15/Jun/2023:08:12:07 -0500] "GET /sipse/faces/javax.faces.resource/dynamiccontent.properties?ln=primefaces&pfdrid=XjOR5%2F%2FfPAZAuY9TpWQeCiM0BhlXxYRBGKi%2FQcXXfeA%3D&pfdrid_c=false HTTP/1.1" 500 383
201.245.192.253 - - [15/Jun/2023:08:12:09 -0500] "GET /sipse/faces/javax.faces.resource/images/ui-bg_flat_0_2d5972_40x100.png?ln=primefaces-aristo HTTP/1.1" 304 -
201.245.192.253 - - [15/Jun/2023:08:12:09 -0500] "POST /sipse/faces/presentacion/financiero/solicitudProceso/consultarSolicitudProceso.xhtml HTTP/1.1" 200 38389
201.245.192.253 - - [15/Jun/2023:08:12:11 -0500] "GET /sipse/faces/javax.faces.resource/jquery/jquery.js?ln=primefaces&v=4.0 HTTP/1.1" 304 -
201.245.192.253 - - [15/Jun/2023:08:12:11 -0500] "GET /sipse/faces/javax.faces.resource/jquery/jquery-plugins.js?ln=primefaces&v=4.0 HTTP/1.1" 304 -
201.245.192.253 - - [15/Jun/2023:08:12:11 -0500] "GET /sipse/faces/javax.faces.resource/primefaces.js?ln=primefaces&v=4.0 HTTP/1.1" 304 -
201.245.192.253 - - [15/Jun/2023:08:12:12 -0500] "GET /sipse/faces/javax.faces.resource/layout/layout.js?ln=primefaces&v=4.0 HTTP/1.1" 304 -
201.245.192.253 - - [15/Jun/2023:08:12:12 -0500] "GET /sipse/faces/javax.faces.resource/messages/messages.png?ln=primefaces&v=4.0 HTTP/1.1" 304 -
201.245.192.253 - - [15/Jun/2023:08:12:12 -0500] "POST /sipse/faces/presentacion/financiero/solicitudProceso/listarSolicitudProceso.xhtml HTTP/1.1" 200 1404
200.118.64.109 - - [15/Jun/2023:08:12:12 -0500] "POST /forms/lservlet;jsessionid=ac16012b30d622de26b727ae48088932c39a307dc6d5.e3iSbxaKaheRe34Kc30KaNqQc41ynknvrkLOlQzNp65In0 HTTP/1.1" 200 15
200.118.64.109 - - [15/Jun/2023:08:12:22 -0500] "POST /forms/lservlet;jsessionid=ac16012b30d622de26b727ae48088932c39a307dc6d5.e3iSbxaKaheRe34Kc30KaNqQc41ynknvrkLOlQzNp65In0 HTTP/1.1" 200 15
201.245.192.253 - - [15/Jun/2023:08:12:23 -0500] "POST /sipse/faces/presentacion/financiero/solicitudProceso/listarSolicitudProceso.xhtml HTTP/1.1" 200 124975
201.245.192.253 - - [15/Jun/2023:08:12:23 -0500] "GET /sipse/faces/javax.faces.resource/jquery/jquery.js?ln=primefaces&v=4.0 HTTP/1.1" 304 -
201.245.192.253 - - [15/Jun/2023:08:12:23 -0500] "GET /sipse/faces/javax.faces.resource/jquery/jquery-plugins.js?ln=primefaces&v=4.0 HTTP/1.1" 304 -
201.245.192.253 - - [15/Jun/2023:08:12:23 -0500] "GET /sipse/faces/javax.faces.resource/primefaces.js?ln=primefaces&v=4.0 HTTP/1.1" 304 -
201.245.192.253 - - [15/Jun/2023:08:12:23 -0500] "GET /sipse/faces/javax.faces.resource/layout/layout.js?ln=primefaces&v=4.0 HTTP/1.1" 304 -
201.245.192.253 - - [15/Jun/2023:08:12:23 -0500] "GET /sipse/faces/javax.faces.resource/dynamiccontent.properties?ln=primefaces&pfdrid=XjOR5%2F%2FfPAZAuY9TpWQeCiM0BhlXxYRBGKi%2FQcXXfeA%3D&pfdrid_c=false HTTP/1.1" 500 383
45.128.232.62 - - [15/Jun/2023:08:12:26 -0500] "GET / HTTP/1.1" 200 319
200.118.64.109 - - [15/Jun/2023:08:12:31 -0500] "POST /forms/lservlet;jsessionid=ac16012b30d622de26b727ae48088932c39a307dc6d5.e3iSbxaKaheRe34Kc30KaNqQc41ynknvrkLOlQzNp65In0 HTTP/1.1" 200 15
200.118.64.109 - - [15/Jun/2023:08:12:40 -0500] "POST /forms/lservlet;jsessionid=ac16012b30d622de26b727ae48088932c39a307dc6d5.e3iSbxaKaheRe34Kc30KaNqQc41ynknvrkLOlQzNp65In0 HTTP/1.1" 200 15
172.22.2.4 - - [15/Jun/2023:08:11:02 -0500] "GET /BLA/boletinlegal/ HTTP/1.1" 200 53643
201.245.192.253 - - [15/Jun/2023:08:12:43 -0500] "POST /sipse/faces/presentacion/financiero/solicitudProceso/consultarSolicitudProceso.xhtml HTTP/1.1" 200 476986
201.245.192.253 - - [15/Jun/2023:08:12:41 -0500] "POST /sipse/faces/presentacion/financiero/solicitudProceso/consultarSolicitudProceso.xhtml HTTP/1.1" 200 476986
200.118.64.109 - - [15/Jun/2023:08:12:49 -0500] "POST /forms/lservlet;jsessionid=ac16012b30d622de26b727ae48088932c39a307dc6d5.e3iSbxaKaheRe34Kc30KaNqQc41ynknvrkLOlQzNp65In0 HTTP/1.1" 200 15
172.22.2.4 - - [15/Jun/2023:08:12:54 -0500] "GET /BLA/boletinlegal/style.css HTTP/1.1" 200 9406
172.22.2.4 - - [15/Jun/2023:08:12:54 -0500] "GET /BLA/boletinlegal/styles2.css HTTP/1.1" 200 1838
172.22.2.4 - - [15/Jun/2023:08:12:54 -0500] "GET /BLA/boletinlegal/js/jquery.js HTTP/1.1" 200 57254
172.22.2.4 - - [15/Jun/2023:08:12:54 -0500] "GET /BLA/boletinlegal/js/jquery.scrollTo-min.js HTTP/1.1" 200 1150
172.22.2.4 - - [15/Jun/2023:08:12:54 -0500] "GET /BLA/boletinlegal/js/jquery.scrollShow.js HTTP/1.1" 200 4586
172.22.2.4 - - [15/Jun/2023:08:12:54 -0500] "GET /BLA/boletinlegal/images/cabezote%20BLEGAL.jpg HTTP/1.1" 200 118164
172.22.2.4 - - [15/Jun/2023:08:12:54 -0500] "GET /BLA/boletinlegal/images/registro-usuarios.png HTTP/1.1" 200 8106
172.22.2.4 - - [15/Jun/2023:08:12:54 -0500] "GET /BLA/boletinlegal/images/historia.png HTTP/1.1" 200 52775
172.22.2.4 - - [15/Jun/2023:08:12:54 -0500] "GET /BLA/boletinlegal/images/subscribe-icon-big.png HTTP/1.1" 200 47702
172.22.2.4 - - [15/Jun/2023:08:12:54 -0500] "GET /BLA/boletinlegal/images/arr_l.jpg HTTP/1.1" 200 1979
172.22.2.4 - - [15/Jun/2023:08:12:55 -0500] "GET /BLA/boletinlegal/images/menu_bg.jpg HTTP/1.1" 200 620
172.22.2.4 - - [15/Jun/2023:08:12:55 -0500] "GET /BLA/boletinlegal/images/bg_top.jpg HTTP/1.1" 200 522
172.22.2.4 - - [15/Jun/2023:08:12:55 -0500] "GET /BLA/boletinlegal/images/launch.jpg HTTP/1.1" 200 14577
172.22.2.4 - - [15/Jun/2023:08:12:55 -0500] "GET /BLA/boletinlegal/images/body_bg.jpg HTTP/1.1" 200 1601
172.22.2.4 - - [15/Jun/2023:08:12:55 -0500] "GET /BLA/boletinlegal/images/hover.jpg HTTP/1.1" 200 640
172.22.2.4 - - [15/Jun/2023:08:12:55 -0500] "GET /BLA/boletinlegal/images/menu_rght.gif HTTP/1.1" 200 1627
172.22.2.4 - - [15/Jun/2023:08:12:55 -0500] "GET /BLA/boletinlegal/images/menu_lft.gif HTTP/1.1" 200 1713
172.22.2.4 - - [15/Jun/2023:08:12:55 -0500] "GET /BLA/boletinlegal/images/text.jpg HTTP/1.1" 200 568
172.22.2.4 - - [15/Jun/2023:08:12:55 -0500] "GET /BLA/boletinlegal/images/screen_1.png HTTP/1.1" 200 202547
172.22.2.4 - - [15/Jun/2023:08:12:56 -0500] "GET /BLA/boletinlegal/actos.php HTTP/1.1" 200 9682
172.22.2.4 - - [15/Jun/2023:08:12:57 -0500] "GET /BLA/boletinlegal/js/ajax_actos.js HTTP/1.1" 200 1322
172.22.2.4 - - [15/Jun/2023:08:12:57 -0500] "GET /BLA/boletinlegal/niceforms.js HTTP/1.1" 200 22876
172.22.2.4 - - [15/Jun/2023:08:12:57 -0500] "GET /BLA/boletinlegal/niceforms-default.css HTTP/1.1" 200 6694
172.22.2.4 - - [15/Jun/2023:08:12:57 -0500] "GET /BLA/boletinlegal/js/popup.js HTTP/1.1" 200 1270
172.22.2.4 - - [15/Jun/2023:08:12:57 -0500] "GET /BLA/boletinlegal/js/lib.js HTTP/1.1" 200 6474
172.22.2.4 - - [15/Jun/2023:08:12:57 -0500] "GET /BLA/boletinlegal/js/jquery1.js HTTP/1.1" 200 29846
172.22.2.4 - - [15/Jun/2023:08:12:57 -0500] "GET /BLA/boletinlegal/images/green-yellow-blue-pink-th.png HTTP/1.1" 200 7394
172.22.2.4 - - [15/Jun/2023:08:12:57 -0500] "GET /BLA/boletinlegal/images/tel.png HTTP/1.1" 200 14477
172.22.2.4 - - [15/Jun/2023:08:12:57 -0500] "GET /BLA/boletinlegal/images/icono-email.png HTTP/1.1" 200 5544
172.22.2.4 - - [15/Jun/2023:08:12:57 -0500] "GET /BLA/boletinlegal/images/footer_bg_l.jpg HTTP/1.1" 200 776
172.22.2.4 - - [15/Jun/2023:08:12:57 -0500] "GET /BLA/boletinlegal/images/footer_bg.jpg HTTP/1.1" 200 586
172.22.2.4 - - [15/Jun/2023:08:12:57 -0500] "GET /BLA/boletinlegal/img/0.png HTTP/1.1" 200 110
172.22.2.4 - - [15/Jun/2023:08:12:57 -0500] "GET /BLA/boletinlegal/img/select-left.png HTTP/1.1" 200 263
172.22.2.4 - - [15/Jun/2023:08:12:57 -0500] "GET /BLA/boletinlegal/img/button.png HTTP/1.1" 200 43241
172.22.2.4 - - [15/Jun/2023:08:12:57 -0500] "GET /BLA/boletinlegal/img/button-right.png HTTP/1.1" 200 57878
172.22.2.4 - - [15/Jun/2023:08:12:57 -0500] "GET /BLA/boletinlegal/img/select-right.png HTTP/1.1" 200 44019
172.22.2.4 - - [15/Jun/2023:08:12:57 -0500] "GET /BLA/boletinlegal/img/button-left.png HTTP/1.1" 200 57071
172.22.2.4 - - [15/Jun/2023:08:12:57 -0500] "GET /BLA/boletinlegal/favicon.ico HTTP/1.1" 404 1326
200.118.64.109 - - [15/Jun/2023:08:12:58 -0500] "POST /forms/lservlet;jsessionid=ac16012b30d622de26b727ae48088932c39a307dc6d5.e3iSbxaKaheRe34Kc30KaNqQc41ynknvrkLOlQzNp65In0 HTTP/1.1" 200 15
201.245.192.253 - - [15/Jun/2023:08:13:01 -0500] "POST /kwsrmcab/Wsrmcab  HTTP/1.1" 200 40957
200.118.64.109 - - [15/Jun/2023:08:13:07 -0500] "POST /forms/lservlet;jsessionid=ac16012b30d622de26b727ae48088932c39a307dc6d5.e3iSbxaKaheRe34Kc30KaNqQc41ynknvrkLOlQzNp65In0 HTTP/1.1" 200 15
152.203.172.87 - - [15/Jun/2023:08:13:09 -0500] "GET /sipse/faces/autenticacion.xhtml HTTP/1.1" 200 12178
152.203.172.87 - - [15/Jun/2023:08:13:09 -0500] "GET /sipse/js/disable_browser_buttons.js HTTP/1.1" 304 -
152.203.172.87 - - [15/Jun/2023:08:13:09 -0500] "GET /sipse/js/funciones.js HTTP/1.1" 304 -
152.203.172.87 - - [15/Jun/2023:08:13:09 -0500] "GET /sipse/css/custom_css_sg.css HTTP/1.1" 304 -
152.203.172.87 - - [15/Jun/2023:08:13:10 -0500] "GET /sipse/faces/javax.faces.resource/primefaces.css?ln=primefaces&v=4.0 HTTP/1.1" 304 -
152.203.172.87 - - [15/Jun/2023:08:13:10 -0500] "GET /sipse/css/custom_css_sg_prime_login.css HTTP/1.1" 304 -
152.203.172.87 - - [15/Jun/2023:08:13:10 -0500] "GET /sipse/faces/javax.faces.resource/theme.css?ln=primefaces-sipse HTTP/1.1" 304 -
152.203.172.87 - - [15/Jun/2023:08:13:10 -0500] "GET /sipse/faces/javax.faces.resource/layout/layout.css?ln=primefaces&v=4.0 HTTP/1.1" 304 -
152.203.172.87 - - [15/Jun/2023:08:13:10 -0500] "GET /sipse/faces/javax.faces.resource/jquery/jquery.js?ln=primefaces&v=4.0 HTTP/1.1" 304 -
152.203.172.87 - - [15/Jun/2023:08:13:10 -0500] "GET /sipse/faces/javax.faces.resource/jquery/jquery-plugins.js?ln=primefaces&v=4.0 HTTP/1.1" 304 -
152.203.172.87 - - [15/Jun/2023:08:13:10 -0500] "GET /sipse/faces/javax.faces.resource/primefaces.js?ln=primefaces&v=4.0 HTTP/1.1" 304 -
152.203.172.87 - - [15/Jun/2023:08:13:10 -0500] "GET /sipse/faces/javax.faces.resource/layout/layout.js?ln=primefaces&v=4.0 HTTP/1.1" 304 -
152.203.172.87 - - [15/Jun/2023:08:13:10 -0500] "GET /sipse/css/imagen/logoSDG.png HTTP/1.1" 304 -
152.203.172.87 - - [15/Jun/2023:08:13:10 -0500] "GET /sipse/css/imagen/loginimg.png HTTP/1.1" 304 -
152.203.172.87 - - [15/Jun/2023:08:13:10 -0500] "GET /sipse/faces/javax.faces.resource/images/ui-icons_898989_256x240.png?ln=primefaces-aristo HTTP/1.1" 304 -
152.203.172.87 - - [15/Jun/2023:08:13:11 -0500] "GET /sipse/faces/index.xhtml HTTP/1.1" 200 677
152.203.172.87 - - [15/Jun/2023:08:13:11 -0500] "GET /sipse/faces/javax.faces.resource/theme.css?ln=primefaces-sipse HTTP/1.1" 304 -
152.203.172.87 - - [15/Jun/2023:08:13:11 -0500] "GET /sipse/faces/faces/autenticacion.xhtml HTTP/1.1" 200 12178
152.203.172.87 - - [15/Jun/2023:08:13:11 -0500] "GET /sipse/faces/javax.faces.resource/theme.css?ln=primefaces-sipse HTTP/1.1" 304 -
152.203.172.87 - - [15/Jun/2023:08:13:11 -0500] "GET /sipse/faces/javax.faces.resource/primefaces.css?ln=primefaces&v=4.0 HTTP/1.1" 304 -
152.203.172.87 - - [15/Jun/2023:08:13:11 -0500] "GET /sipse/faces/javax.faces.resource/layout/layout.css?ln=primefaces&v=4.0 HTTP/1.1" 304 -
152.203.172.87 - - [15/Jun/2023:08:13:11 -0500] "GET /sipse/faces/javax.faces.resource/jquery/jquery-plugins.js?ln=primefaces&v=4.0 HTTP/1.1" 304 -
152.203.172.87 - - [15/Jun/2023:08:13:11 -0500] "GET /sipse/faces/javax.faces.resource/jquery/jquery.js?ln=primefaces&v=4.0 HTTP/1.1" 304 -
152.203.172.87 - - [15/Jun/2023:08:13:11 -0500] "GET /sipse/faces/javax.faces.resource/primefaces.js?ln=primefaces&v=4.0 HTTP/1.1" 304 -
152.203.172.87 - - [15/Jun/2023:08:13:11 -0500] "GET /sipse/faces/javax.faces.resource/layout/layout.js?ln=primefaces&v=4.0 HTTP/1.1" 304 -
152.203.172.87 - - [15/Jun/2023:08:13:12 -0500] "GET /sipse/faces/javax.faces.resource/images/ui-icons_898989_256x240.png?ln=primefaces-aristo HTTP/1.1" 304 -
200.118.64.109 - - [15/Jun/2023:08:13:16 -0500] "POST /forms/lservlet;jsessionid=ac16012b30d622de26b727ae48088932c39a307dc6d5.e3iSbxaKaheRe34Kc30KaNqQc41ynknvrkLOlQzNp65In0 HTTP/1.1" 200 15
172.22.2.4 - - [15/Jun/2023:08:13:21 -0500] "GET /BLA/boletinlegal/consulta_actos.php?tipo=resoluciones&no=0168&usuario=&sector=&fecha=2008&resuelve= HTTP/1.1" 200 1050
172.22.2.4 - - [15/Jun/2023:08:13:21 -0500] "GET /BLA/boletinlegal/images/pdf.gif HTTP/1.1" 200 567
186.80.52.31 - - [15/Jun/2023:08:13:23 -0500] "POST /appsia/controlador HTTP/1.1" 200 7775
200.118.64.109 - - [15/Jun/2023:08:13:25 -0500] "POST /forms/lservlet;jsessionid=ac16012b30d622de26b727ae48088932c39a307dc6d5.e3iSbxaKaheRe34Kc30KaNqQc41ynknvrkLOlQzNp65In0 HTTP/1.1" 200 15
172.22.2.4 - - [15/Jun/2023:08:12:54 -0500] "GET /BLA/boletinlegal/ HTTP/1.1" 200 24523
200.118.64.109 - - [15/Jun/2023:08:13:34 -0500] "POST /forms/lservlet;jsessionid=ac16012b30d622de26b727ae48088932c39a307dc6d5.e3iSbxaKaheRe34Kc30KaNqQc41ynknvrkLOlQzNp65In0 HTTP/1.1" 200 15
172.22.2.4 - - [15/Jun/2023:08:13:38 -0500] "GET /BLA/boletinlegal/consulta_actos.php?tipo=resoluciones&no=0168&usuario=&sector=&fecha=2009&resuelve= HTTP/1.1" 200 1009
172.22.2.4 - - [15/Jun/2023:08:13:44 -0500] "GET /BLA/boletinlegal/consulta_actos.php?tipo=resoluciones&no=0168&usuario=&sector=&fecha=2010&resuelve= HTTP/1.1" 200 1094
200.118.64.109 - - [15/Jun/2023:08:13:43 -0500] "POST /forms/lservlet;jsessionid=ac16012b30d622de26b727ae48088932c39a307dc6d5.e3iSbxaKaheRe34Kc30KaNqQc41ynknvrkLOlQzNp65In0 HTTP/1.1" 200 15
172.22.2.4 - - [15/Jun/2023:08:13:50 -0500] "GET /BLA/boletinlegal/consulta_actos.php?tipo=resoluciones&no=0168&usuario=&sector=&fecha=2019&resuelve= HTTP/1.1" 200 1146
200.118.64.109 - - [15/Jun/2023:08:13:52 -0500] "POST /forms/lservlet;jsessionid=ac16012b30d622de26b727ae48088932c39a307dc6d5.e3iSbxaKaheRe34Kc30KaNqQc41ynknvrkLOlQzNp65In0 HTTP/1.1" 200 15
172.22.2.4 - - [15/Jun/2023:08:13:54 -0500] "GET /BLA/boletinlegal/consulta_actos.php?tipo=resoluciones&no=0168&usuario=&sector=&fecha=2020&resuelve= HTTP/1.1" 200 1868
186.102.40.238 - - [15/Jun/2023:08:13:58 -0500] "GET /BLA/resoluciones/RESOLUCIONES%202020/0168.pdf HTTP/1.1" 200 748571
200.118.64.109 - - [15/Jun/2023:08:14:02 -0500] "POST /forms/lservlet;jsessionid=ac16012b30d622de26b727ae48088932c39a307dc6d5.e3iSbxaKaheRe34Kc30KaNqQc41ynknvrkLOlQzNp65In0 HTTP/1.1" 200 15
186.102.40.238 - - [15/Jun/2023:08:14:06 -0500] "GET /BLA/resoluciones/RESOLUCIONES%202020/0168.pdf HTTP/1.1" 206 1
186.102.40.238 - - [15/Jun/2023:08:14:06 -0500] "GET /BLA/resoluciones/RESOLUCIONES%202020/0168.pdf HTTP/1.1" 206 690547
186.102.40.238 - - [15/Jun/2023:08:14:11 -0500] "GET /BLA/resoluciones/RESOLUCIONES%202020/0168.pdf HTTP/1.1" 206 1
186.102.40.238 - - [15/Jun/2023:08:14:11 -0500] "GET /BLA/resoluciones/RESOLUCIONES%202020/0168.pdf HTTP/1.1" 206 690547
200.118.64.109 - - [15/Jun/2023:08:14:11 -0500] "POST /forms/lservlet;jsessionid=ac16012b30d622de26b727ae48088932c39a307dc6d5.e3iSbxaKaheRe34Kc30KaNqQc41ynknvrkLOlQzNp65In0 HTTP/1.1" 200 15
186.102.40.238 - - [15/Jun/2023:08:14:12 -0500] "GET /BLA/resoluciones/RESOLUCIONES%202020/0168.pdf HTTP/1.1" 206 1
186.102.40.238 - - [15/Jun/2023:08:14:12 -0500] "GET /BLA/resoluciones/RESOLUCIONES%202020/0168.pdf HTTP/1.1" 206 690547
200.118.64.109 - - [15/Jun/2023:08:14:20 -0500] "POST /forms/lservlet;jsessionid=ac16012b30d622de26b727ae48088932c39a307dc6d5.e3iSbxaKaheRe34Kc30KaNqQc41ynknvrkLOlQzNp65In0 HTTP/1.1" 200 15
172.22.2.4 - - [15/Jun/2023:08:14:25 -0500] "GET /BLA/boletinlegal/consulta_actos.php?tipo=resoluciones&no=0168&usuario=&sector=&fecha=2020&resuelve= HTTP/1.1" 200 1868
186.102.40.238 - - [15/Jun/2023:08:14:26 -0500] "GET /BLA/resoluciones/RESOLUCIONES%202020/0168.pdf HTTP/1.1" 206 1
186.102.40.238 - - [15/Jun/2023:08:14:26 -0500] "GET /BLA/resoluciones/RESOLUCIONES%202020/0168.pdf HTTP/1.1" 206 690547
200.118.64.109 - - [15/Jun/2023:08:14:29 -0500] "POST /forms/lservlet;jsessionid=ac16012b30d622de26b727ae48088932c39a307dc6d5.e3iSbxaKaheRe34Kc30KaNqQc41ynknvrkLOlQzNp65In0 HTTP/1.1" 200 15
172.22.2.4 - - [15/Jun/2023:08:14:32 -0500] "GET /BLA/boletinlegal/actos.php HTTP/1.1" 200 9682
186.87.228.14 - - [15/Jun/2023:08:14:38 -0500] "GET /BLA/resoluciones/RESOLUCIONES%202011/3123.pdf HTTP/1.1" 200 601316
200.118.64.109 - - [15/Jun/2023:08:14:38 -0500] "POST /forms/lservlet;jsessionid=ac16012b30d622de26b727ae48088932c39a307dc6d5.e3iSbxaKaheRe34Kc30KaNqQc41ynknvrkLOlQzNp65In0 HTTP/1.1" 200 15
172.22.2.4 - - [15/Jun/2023:08:14:41 -0500] "GET /BLA/boletinlegal/actos.php HTTP/1.1" 200 9682
172.22.2.4 - - [15/Jun/2023:08:14:41 -0500] "GET /BLA/boletinlegal/js/ajax_actos.js HTTP/1.1" 200 1322
172.22.2.4 - - [15/Jun/2023:08:14:41 -0500] "GET /BLA/boletinlegal/niceforms-default.css HTTP/1.1" 200 6694
172.22.2.4 - - [15/Jun/2023:08:14:41 -0500] "GET /BLA/boletinlegal/js/lib.js HTTP/1.1" 200 6474
172.22.2.4 - - [15/Jun/2023:08:14:41 -0500] "GET /BLA/boletinlegal/niceforms.js HTTP/1.1" 200 22876
172.22.2.4 - - [15/Jun/2023:08:14:41 -0500] "GET /BLA/boletinlegal/style.css HTTP/1.1" 200 9406
172.22.2.4 - - [15/Jun/2023:08:14:41 -0500] "GET /BLA/boletinlegal/js/popup.js HTTP/1.1" 200 1270
172.22.2.4 - - [15/Jun/2023:08:14:41 -0500] "GET /BLA/boletinlegal/styles2.css HTTP/1.1" 200 1838
172.22.2.4 - - [15/Jun/2023:08:14:41 -0500] "GET /BLA/boletinlegal/js/jquery1.js HTTP/1.1" 200 29846
172.22.2.4 - - [15/Jun/2023:08:14:41 -0500] "GET /BLA/boletinlegal/images/cabezote%20BLEGAL.jpg HTTP/1.1" 200 118164
172.22.2.4 - - [15/Jun/2023:08:14:41 -0500] "GET /BLA/boletinlegal/images/subscribe-icon-big.png HTTP/1.1" 200 47702
172.22.2.4 - - [15/Jun/2023:08:14:41 -0500] "GET /BLA/boletinlegal/images/historia.png HTTP/1.1" 200 52775
172.22.2.4 - - [15/Jun/2023:08:14:41 -0500] "GET /BLA/boletinlegal/images/registro-usuarios.png HTTP/1.1" 200 8106
172.22.2.4 - - [15/Jun/2023:08:14:41 -0500] "GET /BLA/boletinlegal/images/green-yellow-blue-pink-th.png HTTP/1.1" 200 7394
172.22.2.4 - - [15/Jun/2023:08:14:41 -0500] "GET /BLA/boletinlegal/images/tel.png HTTP/1.1" 200 14477
172.22.2.4 - - [15/Jun/2023:08:14:41 -0500] "GET /BLA/boletinlegal/images/icono-email.png HTTP/1.1" 200 5544
172.22.2.4 - - [15/Jun/2023:08:14:41 -0500] "GET /BLA/boletinlegal/images/body_bg.jpg HTTP/1.1" 200 1601
172.22.2.4 - - [15/Jun/2023:08:14:41 -0500] "GET /BLA/boletinlegal/images/menu_lft.gif HTTP/1.1" 200 1713
172.22.2.4 - - [15/Jun/2023:08:14:41 -0500] "GET /BLA/boletinlegal/images/menu_rght.gif HTTP/1.1" 200 1627
172.22.2.4 - - [15/Jun/2023:08:14:41 -0500] "GET /BLA/boletinlegal/images/bg_top.jpg HTTP/1.1" 200 522
172.22.2.4 - - [15/Jun/2023:08:14:41 -0500] "GET /BLA/boletinlegal/images/text.jpg HTTP/1.1" 200 568
172.22.2.4 - - [15/Jun/2023:08:14:41 -0500] "GET /BLA/boletinlegal/images/menu_bg.jpg HTTP/1.1" 200 620
172.22.2.4 - - [15/Jun/2023:08:14:41 -0500] "GET /BLA/boletinlegal/images/footer_bg.jpg HTTP/1.1" 200 586
172.22.2.4 - - [15/Jun/2023:08:14:41 -0500] "GET /BLA/boletinlegal/images/hover.jpg HTTP/1.1" 200 640
172.22.2.4 - - [15/Jun/2023:08:14:41 -0500] "GET /BLA/boletinlegal/images/footer_bg_l.jpg HTTP/1.1" 200 776
172.22.2.4 - - [15/Jun/2023:08:14:41 -0500] "GET /BLA/boletinlegal/img/0.png HTTP/1.1" 200 110
172.22.2.4 - - [15/Jun/2023:08:14:41 -0500] "GET /BLA/boletinlegal/img/select-left.png HTTP/1.1" 200 263
172.22.2.4 - - [15/Jun/2023:08:14:41 -0500] "GET /BLA/boletinlegal/img/select-right.png HTTP/1.1" 200 44019
172.22.2.4 - - [15/Jun/2023:08:14:41 -0500] "GET /BLA/boletinlegal/img/button-right.png HTTP/1.1" 200 57878
172.22.2.4 - - [15/Jun/2023:08:14:41 -0500] "GET /BLA/boletinlegal/img/button-left.png HTTP/1.1" 200 57071
172.22.2.4 - - [15/Jun/2023:08:14:41 -0500] "GET /BLA/boletinlegal/img/button.png HTTP/1.1" 200 43241
172.22.2.4 - - [15/Jun/2023:08:14:42 -0500] "GET /BLA/boletinlegal/favicon.ico HTTP/1.1" 404 1326
172.22.2.4 - - [15/Jun/2023:08:14:42 -0500] "GET /BLA/boletinlegal/Directivas/2011/Directiva%20No.%206%20del%208%20de%20Septiembre%20de%202011.pdf HTTP/1.1" 304 -
201.245.192.253 - - [15/Jun/2023:08:14:45 -0500] "POST /sipse/faces/presentacion/financiero/solicitudProceso/consultarSolicitudProceso.xhtml HTTP/1.1" 200 5475
200.118.64.109 - - [15/Jun/2023:08:14:47 -0500] "POST /forms/lservlet;jsessionid=ac16012b30d622de26b727ae48088932c39a307dc6d5.e3iSbxaKaheRe34Kc30KaNqQc41ynknvrkLOlQzNp65In0 HTTP/1.1" 200 15
172.22.2.4 - - [15/Jun/2023:08:14:49 -0500] "GET /BLA/boletinlegal/consulta_actos.php?tipo=resoluciones&no=0168&usuario=&sector=&fecha=2020&resuelve= HTTP/1.1" 200 1868
186.102.40.238 - - [15/Jun/2023:08:14:51 -0500] "GET /BLA/resoluciones/RESOLUCIONES%202020/0168.pdf HTTP/1.1" 206 1
186.102.40.238 - - [15/Jun/2023:08:14:51 -0500] "GET /BLA/resoluciones/RESOLUCIONES%202020/0168.pdf HTTP/1.1" 206 690547
200.118.64.109 - - [15/Jun/2023:08:14:56 -0500] "POST /forms/lservlet;jsessionid=ac16012b30d622de26b727ae48088932c39a307dc6d5.e3iSbxaKaheRe34Kc30KaNqQc41ynknvrkLOlQzNp65In0 HTTP/1.1" 200 15
201.245.192.253 - - [15/Jun/2023:08:15:03 -0500] "POST /sipse/faces/presentacion/financiero/solicitudProceso/consultarSolicitudProceso.xhtml HTTP/1.1" 200 5501
201.245.192.253 - - [15/Jun/2023:08:15:03 -0500] "GET /sipse/faces/javax.faces.resource/dynamiccontent.properties?ln=primefaces&pfdrid=XjOR5%2F%2FfPAZAuY9TpWQeCiM0BhlXxYRBGKi%2FQcXXfeA%3D&pfdrid_c=false HTTP/1.1" 200 104998
200.118.64.109 - - [15/Jun/2023:08:15:05 -0500] "POST /forms/lservlet;jsessionid=ac16012b30d622de26b727ae48088932c39a307dc6d5.e3iSbxaKaheRe34Kc30KaNqQc41ynknvrkLOlQzNp65In0 HTTP/1.1" 200 15
200.118.64.109 - - [15/Jun/2023:08:15:14 -0500] "POST /forms/lservlet;jsessionid=ac16012b30d622de26b727ae48088932c39a307dc6d5.e3iSbxaKaheRe34Kc30KaNqQc41ynknvrkLOlQzNp65In0 HTTP/1.1" 200 15
200.118.64.109 - - [15/Jun/2023:08:15:24 -0500] "POST /forms/lservlet;jsessionid=ac16012b30d622de26b727ae48088932c39a307dc6d5.e3iSbxaKaheRe34Kc30KaNqQc41ynknvrkLOlQzNp65In0 HTTP/1.1" 200 15
152.203.172.87 - - [15/Jun/2023:08:15:34 -0500] "GET /sipse/faces/javax.faces.resource/theme.css?ln=primefaces-sipse HTTP/1.1" 304 -
152.203.172.87 - - [15/Jun/2023:08:15:34 -0500] "GET /sipse/faces/faces/autenticacion.xhtml HTTP/1.1" 200 12178
152.203.172.87 - - [15/Jun/2023:08:15:35 -0500] "GET /sipse/faces/javax.faces.resource/theme.css?ln=primefaces-sipse HTTP/1.1" 304 -
152.203.172.87 - - [15/Jun/2023:08:15:35 -0500] "GET /sipse/faces/javax.faces.resource/primefaces.css?ln=primefaces&v=4.0 HTTP/1.1" 304 -
152.203.172.87 - - [15/Jun/2023:08:15:35 -0500] "GET /sipse/faces/javax.faces.resource/layout/layout.css?ln=primefaces&v=4.0 HTTP/1.1" 304 -
152.203.172.87 - - [15/Jun/2023:08:15:35 -0500] "GET /sipse/faces/javax.faces.resource/layout/layout.js?ln=primefaces&v=4.0 HTTP/1.1" 304 -
152.203.172.87 - - [15/Jun/2023:08:15:35 -0500] "GET /sipse/faces/javax.faces.resource/jquery/jquery-plugins.js?ln=primefaces&v=4.0 HTTP/1.1" 304 -
152.203.172.87 - - [15/Jun/2023:08:15:35 -0500] "GET /sipse/faces/javax.faces.resource/jquery/jquery.js?ln=primefaces&v=4.0 HTTP/1.1" 304 -
152.203.172.87 - - [15/Jun/2023:08:15:35 -0500] "GET /sipse/faces/javax.faces.resource/primefaces.js?ln=primefaces&v=4.0 HTTP/1.1" 304 -
152.203.172.87 - - [15/Jun/2023:08:15:35 -0500] "GET /sipse/faces/javax.faces.resource/images/ui-icons_898989_256x240.png?ln=primefaces-aristo HTTP/1.1" 304 -
216.245.221.92 - - [15/Jun/2023:08:15:37 -0500] "HEAD / HTTP/1.1" 200 -
201.245.192.253 - - [15/Jun/2023:08:15:40 -0500] "POST /sipse/faces/presentacion/financiero/solicitudProceso/consultarSolicitudProceso.xhtml HTTP/1.1" 200 25999
201.245.192.253 - - [15/Jun/2023:08:15:40 -0500] "GET /sipse/faces/javax.faces.resource/theme.css?ln=primefaces-sipse HTTP/1.1" 304 -
201.245.192.253 - - [15/Jun/2023:08:15:40 -0500] "GET /sipse/faces/javax.faces.resource/primefaces.css?ln=primefaces&v=4.0 HTTP/1.1" 304 -
201.245.192.253 - - [15/Jun/2023:08:15:40 -0500] "GET /sipse/faces/javax.faces.resource/jquery/jquery-plugins.js?ln=primefaces&v=4.0 HTTP/1.1" 304 -
201.245.192.253 - - [15/Jun/2023:08:15:40 -0500] "GET /sipse/faces/javax.faces.resource/jquery/jquery.js?ln=primefaces&v=4.0 HTTP/1.1" 304 -
201.245.192.253 - - [15/Jun/2023:08:15:40 -0500] "GET /sipse/faces/javax.faces.resource/layout/layout.css?ln=primefaces&v=4.0 HTTP/1.1" 304 -
201.245.192.253 - - [15/Jun/2023:08:15:40 -0500] "GET /sipse/faces/javax.faces.resource/primefaces.js?ln=primefaces&v=4.0 HTTP/1.1" 304 -
201.245.192.253 - - [15/Jun/2023:08:15:40 -0500] "GET /sipse/faces/javax.faces.resource/layout/layout.js?ln=primefaces&v=4.0 HTTP/1.1" 304 -
201.245.192.253 - - [15/Jun/2023:08:15:40 -0500] "GET /sipse/faces/javax.faces.resource/images/ui-icons_898989_256x240.png?ln=primefaces-aristo HTTP/1.1" 304 -
201.245.192.253 - - [15/Jun/2023:08:15:57 -0500] "GET /sipse/faces/javax.faces.resource/images/ui-bg_flat_0_2d5972_40x100.png?ln=primefaces-aristo HTTP/1.1" 304 -
201.245.192.253 - - [15/Jun/2023:08:15:57 -0500] "POST /sipse/faces/presentacion/financiero/solicitudProceso/registrarAnotacion.xhtml HTTP/1.1" 200 124975
201.245.192.253 - - [15/Jun/2023:08:15:57 -0500] "GET /sipse/faces/javax.faces.resource/jquery/jquery.js?ln=primefaces&v=4.0 HTTP/1.1" 304 -
201.245.192.253 - - [15/Jun/2023:08:15:57 -0500] "GET /sipse/faces/javax.faces.resource/jquery/jquery-plugins.js?ln=primefaces&v=4.0 HTTP/1.1" 304 -
201.245.192.253 - - [15/Jun/2023:08:15:57 -0500] "GET /sipse/faces/javax.faces.resource/primefaces.js?ln=primefaces&v=4.0 HTTP/1.1" 304 -
201.245.192.253 - - [15/Jun/2023:08:15:57 -0500] "GET /sipse/faces/javax.faces.resource/layout/layout.js?ln=primefaces&v=4.0 HTTP/1.1" 304 -
201.245.192.253 - - [15/Jun/2023:08:15:57 -0500] "GET /sipse/faces/javax.faces.resource/dynamiccontent.properties?ln=primefaces&pfdrid=XjOR5%2F%2FfPAZAuY9TpWQeCiM0BhlXxYRBGKi%2FQcXXfeA%3D&pfdrid_c=false HTTP/1.1" 500 383
200.118.64.109 - - [15/Jun/2023:08:16:12 -0500] "GET /forms/frmservlet?config=sia HTTP/1.1" 200 4046
200.118.64.109 - - [15/Jun/2023:08:16:14 -0500] "GET /forms/frmservlet?config=sia HTTP/1.1" 200 4046
200.118.64.109 - - [15/Jun/2023:08:16:15 -0500] "GET /forms/java/frmall_jinit.jar HTTP/1.1" 304 -
200.118.64.109 - - [15/Jun/2023:08:16:15 -0500] "GET /forms/java/icons.jar HTTP/1.1" 304 -
200.118.64.109 - - [15/Jun/2023:08:16:15 -0500] "GET /forms/java/java/awt/KeyboardFocusManager.class HTTP/1.1" 404 352
200.118.64.109 - - [15/Jun/2023:08:16:15 -0500] "GET /forms/java/java/awt/event/MouseWheelListener.class HTTP/1.1" 404 356
200.118.64.109 - - [15/Jun/2023:08:16:16 -0500] "GET /forms/java/oracle/forms/registry/Registry.dat HTTP/1.1" 200 4213
200.118.64.109 - - [15/Jun/2023:08:16:16 -0500] "GET /forms/java/oracle/forms/registry/default.dat HTTP/1.1" 404 350
200.118.64.109 - - [15/Jun/2023:08:16:16 -0500] "GET /forms/frmservlet?config=sia&acceptLanguage=en-us,en;q=0.5&ifcmd=startsession HTTP/1.1" 200 118
200.118.64.109 - - [15/Jun/2023:08:16:16 -0500] "GET /forms/lservlet;jsessionid=ac16012b30d670d56d8dad334082a2b2e22731dd9274.e3iSbxaKaheRe34Kc30KaNqQc41ynknvrkLOlQzNp65In0?ifcmd=getinfo HTTP/1.1" 200 8
200.118.64.109 - - [15/Jun/2023:08:16:16 -0500] "POST /forms/lservlet;jsessionid=ac16012b30d670d56d8dad334082a2b2e22731dd9274.e3iSbxaKaheRe34Kc30KaNqQc41ynknvrkLOlQzNp65In0 HTTP/1.1" 200 8
200.118.64.109 - - [15/Jun/2023:08:16:17 -0500] "GET /forms/java/oracle/forms/engine/RunformBundle_es_CO.class HTTP/1.1" 404 362
200.118.64.109 - - [15/Jun/2023:08:16:18 -0500] "GET /forms/java/oracle/forms/engine/RunformBundle_es_CO.properties HTTP/1.1" 404 367
201.245.192.253 - - [15/Jun/2023:08:16:16 -0500] "POST /sipse/faces/presentacion/financiero/solicitudProceso/consultarSolicitudProceso.xhtml HTTP/1.1" 200 35332
201.245.192.253 - - [15/Jun/2023:08:16:18 -0500] "GET /sipse/faces/javax.faces.resource/jquery/jquery.js?ln=primefaces&v=4.0 HTTP/1.1" 304 -
201.245.192.253 - - [15/Jun/2023:08:16:18 -0500] "GET /sipse/faces/javax.faces.resource/jquery/jquery-plugins.js?ln=primefaces&v=4.0 HTTP/1.1" 304 -
201.245.192.253 - - [15/Jun/2023:08:16:18 -0500] "GET /sipse/faces/javax.faces.resource/primefaces.js?ln=primefaces&v=4.0 HTTP/1.1" 304 -
201.245.192.253 - - [15/Jun/2023:08:16:18 -0500] "GET /sipse/faces/javax.faces.resource/layout/layout.js?ln=primefaces&v=4.0 HTTP/1.1" 304 -
201.245.192.253 - - [15/Jun/2023:08:16:19 -0500] "GET /sipse/faces/javax.faces.resource/messages/messages.png?ln=primefaces&v=4.0 HTTP/1.1" 304 -
200.118.64.109 - - [15/Jun/2023:08:16:18 -0500] "POST /forms/lservlet;jsessionid=ac16012b30d670d56d8dad334082a2b2e22731dd9274.e3iSbxaKaheRe34Kc30KaNqQc41ynknvrkLOlQzNp65In0 HTTP/1.1" 200 64000
200.118.64.109 - - [15/Jun/2023:08:16:19 -0500] "POST /forms/lservlet;jsessionid=ac16012b30d670d56d8dad334082a2b2e22731dd9274.e3iSbxaKaheRe34Kc30KaNqQc41ynknvrkLOlQzNp65In0 HTTP/1.1" 200 64000
201.245.192.253 - - [15/Jun/2023:08:16:19 -0500] "POST /sipse/faces/presentacion/financiero/solicitudProceso/listarSolicitudProceso.xhtml HTTP/1.1" 200 1380
200.118.64.109 - - [15/Jun/2023:08:16:19 -0500] "POST /forms/lservlet;jsessionid=ac16012b30d670d56d8dad334082a2b2e22731dd9274.e3iSbxaKaheRe34Kc30KaNqQc41ynknvrkLOlQzNp65In0 HTTP/1.1" 200 63623
200.118.64.109 - - [15/Jun/2023:08:16:20 -0500] "HEAD /imagenes/dama_logo.gif HTTP/1.1" 200 -
200.118.64.109 - - [15/Jun/2023:08:16:20 -0500] "GET /imagenes/dama_logo.gif HTTP/1.1" 200 21482
200.118.64.109 - - [15/Jun/2023:08:16:20 -0500] "POST /forms/lservlet;jsessionid=ac16012b30d670d56d8dad334082a2b2e22731dd9274.e3iSbxaKaheRe34Kc30KaNqQc41ynknvrkLOlQzNp65In0 HTTP/1.1" 200 2
200.118.64.109 - - [15/Jun/2023:08:16:20 -0500] "POST /forms/lservlet;jsessionid=ac16012b30d670d56d8dad334082a2b2e22731dd9274.e3iSbxaKaheRe34Kc30KaNqQc41ynknvrkLOlQzNp65In0 HTTP/1.1" 200 2
201.245.192.253 - - [15/Jun/2023:08:16:26 -0500] "POST /sipse/faces/presentacion/financiero/solicitudProceso/listarSolicitudProceso.xhtml HTTP/1.1" 200 184
201.245.192.253 - - [15/Jun/2023:08:16:26 -0500] "POST /sipse/faces/presentacion/financiero/solicitudProceso/listarSolicitudProceso.xhtml HTTP/1.1" 200 184
201.245.192.253 - - [15/Jun/2023:08:16:26 -0500] "GET /sipse/faces/presentacion/financiero/solicitudAnulacion/solicitudAnulacion.xhtml HTTP/1.1" 200 12304
201.245.192.253 - - [15/Jun/2023:08:16:26 -0500] "POST /sipse/faces/presentacion/financiero/solicitudProceso/listarSolicitudProceso.xhtml HTTP/1.1" 200 184
201.245.192.253 - - [15/Jun/2023:08:16:26 -0500] "GET /sipse/faces/presentacion/financiero/solicitudAnulacion/solicitudAnulacion.xhtml HTTP/1.1" 200 12285
201.245.192.253 - - [15/Jun/2023:08:16:26 -0500] "GET /sipse/faces/javax.faces.resource/layout/layout.css?ln=primefaces&v=4.0 HTTP/1.1" 304 -
201.245.192.253 - - [15/Jun/2023:08:16:26 -0500] "GET /sipse/faces/javax.faces.resource/theme.css?ln=primefaces-sipse HTTP/1.1" 304 -
201.245.192.253 - - [15/Jun/2023:08:16:26 -0500] "GET /sipse/faces/javax.faces.resource/primefaces.css?ln=primefaces&v=4.0 HTTP/1.1" 304 -
201.245.192.253 - - [15/Jun/2023:08:16:26 -0500] "GET /sipse/faces/javax.faces.resource/jquery/jquery.js?ln=primefaces&v=4.0 HTTP/1.1" 304 -
201.245.192.253 - - [15/Jun/2023:08:16:26 -0500] "GET /sipse/faces/javax.faces.resource/jquery/jquery-plugins.js?ln=primefaces&v=4.0 HTTP/1.1" 304 -
201.245.192.253 - - [15/Jun/2023:08:16:26 -0500] "GET /sipse/faces/javax.faces.resource/primefaces.js?ln=primefaces&v=4.0 HTTP/1.1" 304 -
201.245.192.253 - - [15/Jun/2023:08:16:26 -0500] "GET /sipse/faces/javax.faces.resource/layout/layout.js?ln=primefaces&v=4.0 HTTP/1.1" 304 -
201.245.192.253 - - [15/Jun/2023:08:16:26 -0500] "GET /appsia/controlador HTTP/1.1" 200 4799
201.245.192.253 - - [15/Jun/2023:08:16:26 -0500] "GET /appsia/css/estilos.css HTTP/1.1" 200 4804
201.245.192.253 - - [15/Jun/2023:08:16:26 -0500] "GET /appsia/scripts/validarIngreso.js HTTP/1.1" 200 851
201.245.192.253 - - [15/Jun/2023:08:16:26 -0500] "GET /appsia/images/cabezoteHojaVida.png HTTP/1.1" 200 32493
201.245.192.253 - - [15/Jun/2023:08:16:27 -0500] "GET /appsia/images/logo_bogota_p.png HTTP/1.1" 200 14951
201.245.192.253 - - [15/Jun/2023:08:16:27 -0500] "GET /favicon.ico HTTP/1.1" 200 7782
