186.80.52.205 - - [15/Jun/2023:06:27:24 -0500] "GET /sipse/faces/javax.faces.resource/layout/layout.js?ln=primefaces&v=4.0 HTTP/1.1" 304 -
186.80.52.205 - - [15/Jun/2023:06:27:24 -0500] "GET /sipse/css/v_mergente.css HTTP/1.1" 304 -
186.80.52.205 - - [15/Jun/2023:06:27:24 -0500] "GET /sipse/css/imagen/contrasena.png HTTP/1.1" 404 383
186.80.52.205 - - [15/Jun/2023:06:27:24 -0500] "GET /sipse/imagenes/cargando.gif HTTP/1.1" 304 -
186.80.52.205 - - [15/Jun/2023:06:27:24 -0500] "GET /sipse/imagenes/logoAplicacion.jpg HTTP/1.1" 304 -
186.80.52.205 - - [15/Jun/2023:06:27:25 -0500] "GET /sipse/faces/javax.faces.resource/images/ui-bg_flat_0_2d5972_40x100.png?ln=primefaces-aristo HTTP/1.1" 304 -
186.80.52.205 - - [15/Jun/2023:06:27:25 -0500] "POST /sipse/faces/bienvenido.xhtml HTTP/1.1" 200 3182
186.80.52.205 - - [15/Jun/2023:06:27:28 -0500] "POST /sipse/faces/bienvenido.xhtml HTTP/1.1" 200 3262
186.80.52.205 - - [15/Jun/2023:06:27:29 -0500] "POST /sipse/faces/bienvenido.xhtml HTTP/1.1" 200 65224
186.80.52.205 - - [15/Jun/2023:06:27:31 -0500] "GET /sipse/faces/javax.faces.resource/layout/layout.css?ln=primefaces&v=4.0 HTTP/1.1" 304 -
186.80.52.205 - - [15/Jun/2023:06:27:31 -0500] "GET /sipse/faces/javax.faces.resource/theme.css?ln=primefaces-sipse HTTP/1.1" 304 -
186.80.52.205 - - [15/Jun/2023:06:27:31 -0500] "GET /sipse/faces/javax.faces.resource/primefaces.css?ln=primefaces&v=4.0 HTTP/1.1" 304 -
186.80.52.205 - - [15/Jun/2023:06:27:31 -0500] "GET /sipse/faces/javax.faces.resource/jquery/jquery.js?ln=primefaces&v=4.0 HTTP/1.1" 304 -
186.80.52.205 - - [15/Jun/2023:06:27:31 -0500] "GET /sipse/faces/javax.faces.resource/jquery/jquery-plugins.js?ln=primefaces&v=4.0 HTTP/1.1" 304 -
186.80.52.205 - - [15/Jun/2023:06:27:31 -0500] "GET /sipse/faces/javax.faces.resource/primefaces.js?ln=primefaces&v=4.0 HTTP/1.1" 304 -
186.80.52.205 - - [15/Jun/2023:06:27:31 -0500] "GET /sipse/faces/javax.faces.resource/layout/layout.js?ln=primefaces&v=4.0 HTTP/1.1" 304 -
186.80.52.205 - - [15/Jun/2023:06:27:32 -0500] "POST /sipse/faces/presentacion/financiero/solicitudProceso/listarSolicitudProceso.xhtml HTTP/1.1" 200 1564
172.22.2.4 - - [15/Jun/2023:06:27:34 -0500] "GET /BLA/boletinlegal/Circulares/2022/CIRCULAR%20No.%2000003%20DEL%2007%20DE%20MARZO%20DEL%202022.pdf HTTP/1.1" 304 -
186.80.52.205 - - [15/Jun/2023:06:27:36 -0500] "POST /sipse/faces/presentacion/financiero/solicitudProceso/listarSolicitudProceso.xhtml HTTP/1.1" 200 29153
172.22.2.4 - - [15/Jun/2023:06:26:02 -0500] "GET /BLA/boletinlegal/ HTTP/1.1" 200 58825
201.245.192.253 - - [15/Jun/2023:06:28:21 -0500] "POST /kwsrmcab/Wsrmcab  HTTP/1.1" 200 40957
186.29.134.251 - - [15/Jun/2023:06:28:44 -0500] "OPTIONS /kwssiamovil/sm/setfile/f? HTTP/1.1" 200 13
186.29.134.251 - - [15/Jun/2023:06:28:44 -0500] "POST /kwssiamovil/sm/setfile/f? HTTP/1.1" 200 381
186.29.134.251 - - [15/Jun/2023:06:28:59 -0500] "GET /kwssiamovil/sm/acme/a?s=U2FsdGVkX19oqS0Q6/Q7Z/gTlf7ejxE4mYwNLSPjT4UsufyzdploQH/TkAbfexUGHlDdfXxg3djPkNBQpfspWHzCLHjDPMB/S7O6MaM94nvFdtESoVJEknNeLLr2sK8A3w+D5m++nKMtMVrPwFQajM8oBqAtrPjkxCRS3Gr5FR+vYpzXcRPdPzvbn53SBzlrtom2a356fRNwn02bXKVlBzaLNkC+K4fy+r/TqG1uh5tDzK714Ig0hi6dF4y0LKHvyvpsAkyZbZH7OleBgy7How==&u=U2FsdGVkX19zU3cllbejQ3PVoaYBe8NMqlpXs5HngEWCAwZhYy7DkVBN3eE/CWkz&y=U2FsdGVkX199Z9twG7x5IOvcEcOyw0xVkOe4XhEFIENswGLVOCmClgNguWDS2Omw HTTP/1.1" 200 26
186.29.134.251 - - [15/Jun/2023:06:28:59 -0500] "GET /kwssiamovil/sm/acme/a?s=U2FsdGVkX1+xvQvzwOM15OgCHVPjDzmrh1yc7cGlUvy622EwvGlLF8NfnDT9mWY607a+0CRGJj1kMB+5ii49GYX72TT95xymOpI2rw98Z+PABhZqA8d/9v38F1gFJmW6doBEel71QC0kqBrb/9mJZepMi3bJycvxhc4AOng00iHtfpjSONzrHlTyCrzd8Y3jmOUPZQYANcE9tm99r8Xif1Kw2WEsIhEjE5FFqhBQW7tIZSvWkKvv1KYROe41cIu0bVVqcqKbTfWwnW8b4nSUIxhdW8sZWEcXDtmNOsCV82eRVURqyzBnsegpbbbC39tLrQkI2nssR+V7j2QChOxM6u3SWbj1DrrN4kX6L8OGKN2wBUVgxt1LUf58Ao3LDibtmF6v04iqPoAvatvvmrnflBOR6hopnTvzRbpIbYVh5r8dqqiMKXjQE984e+BBJh0AHdowZGlEqFMbtuSH7PDNva1DietfI1jrIVtvtR6kqh5LbhiVFhGG+r98eIXBg3W6X7YUwTM3NvRSSUaBREjg9f6R75QbcVBVZNUoc6JpcdCoIyrGBBRpEy8QLTbUyFM5j0C58INB3cSCkHL3qKQCvB5miAIpClD9JJsHXG8kvC76OJ7yYy9BSEpAqYOWfoSlNLL8HhO1I6Y8h1H9vnGQ/HqVcJmq1BdDWvXt2dzZUU0vE2hkuVKS9Q94m5+3VrdhQTaAQLx0SkZMBEfR4jPza9NChViFLjvdMcJB0k4tHGd9YJPUo+6GQEJNFJD8rNyNS0YPejI4lxqPAv4qHgoiy1KEV3LYpBqEZlc6TH4t4MHyiQd/Ay+DzF0xn/cmV/4tSJZHSIDblfmUS9DVkD4xCZLYYVZJXUgqjkSnun8vfofpizl93UXXYCjZvsAbPio0ROsiwU3s1ZaBIgJN04AeZN9O1XiU7xgLG2VeBwcZadu3MwNxo88IjjbGjV48tJBWaPxFfSxMelWXbNUaBpks1y1mVjCcwcfo+XFAHfo3LcytjlInO1KAwCXfi1FI/3GCVJV2lklGRD4Rz62IvShmWq+OB7IPIa4H9+N6l6tgbAJ7Kh02/JA+VUEohbFacEnw4PeXv+A3Tzlm4vueuixpra3r15xLxHzbNuoZWAT4ZmTwsJ5Fo39LxdLwTgjzX+DDXoD9E28rrKi/VHNLt3JxvbzaRq39MgTwgvLBtj/vJegJhf0mwl0YmrjH3rw3D7TQ4NFw3F0f8aloUXEIHFR8CjpI0SG/Zqj+Tq2bD0ILkFzEQ2eLhIkT4i9fPCQa0ZQOj8M+xxTqzUnjTQJQoKtlCX2/lTuO1Fwucz/NwU4mkfO5feLh1Yp+JItbfaB84gPmuhJ5F+Qq4KQcGL9U2PR+KA9fyg4I3UJo+DOEfMq7kncTwWXMXiSmhkqx+HSvRNFtzLeTCtPprd7oYAjei5kBa8sDr054LeqdG6HpeEhQORHc3oxt7r7BCadc/lRwjWlgCOAj8zGArQrzXq84CyoR2xfjtORhZORE7HecEMUGgeCgAHIDyDk4QMoTrdqHSHzB3tYH7bJBJlu3CAWU+DcT1XljOgQJzb3Lz8amdvSy+NHGv48UmYcW2swXXGJvyWmOYuuvUkE6PyB3cdCfht4w9eZag4VqJ6Zq9NU8Bz0v17580jVjM8ipO8Y5XKX2t/wVCCBw27nwdGCqan48bEnuDhJCY6R4X5qmOoibUFUv/otHn1WOnG95RvRL39UBIIIdKAbSsGWYzgmdXYQv1CJ2f7nR4ICt0DwUR7Tfe0i2vO0UqpOixRqJ5kfoKCQpJSON5YoFVlz5tQGZqwHeFHMbf3zbzFCgqzQOoSZzAidk+0zB4hAR3uXMRvpWXsRS4YxS7l1V45XufsDZHHoBKF7f3dUZSrx8UEi5q8OQqotGgmGKR7SrouCJZjkCrplgWXZcaSWydP9ywlXYGv6Aqc/LKeKvyuvn/Ut/guY3FvdQ8ARhlXWb+lgLSFzbCxMNH5+hbSh0bnIfmqJIYH/tCS8evxcOQAfpvGxyuqT2jZNFJ8WKleZePh8HdRJdjsi7IGp7RS7o4wDXMkB0uJ5Ama+U8cMZ3WS+uaEjXJ6te8Ceit4tGfsGQ41RRWQ1bkENT11Up4aHOyA9ermC+QzPyZHVOpb9tyYafmt0RjyOCJTlFaEYczdE6s3AIxUik0T7vGlu9QurN7gj7+FZ16o50hBPCys7FyEeN1MhzxlOrC/0UIjl5zpOlDfjXxlDM9AGE3/7jY1VBgOBoH2ClaiqV8RRqyTxB5oIk23lQB94kfmBj2YfXS6A4mvJJ4RmZ0uu0hgBmcxThu5j/+dolpRocEPRcXu/RLbzg/98I7rQw7EYRIN0u26aWdBdeIsF+wsqg7W1bnPdvXFbWh5Z9sJtwtyOy9DHHAks5m06PTrf4kFdGgNqtT2ip5S7VajTye4BVW2q8+wCp4zTIYL5bX6i6wwZ7khdYDkFrxrb/le2SaLxImpyFWM5IzPJOiE3ySA0tysNAzT8pgjxtHasl5FUar52kcff+6PEAZvxOvXpFnhicu13107KXFuPfhANPH+7F4WVtQlM3D5SzIIRosioiwQ4SUjI3+GFNoGtPc5UGv+AwKsFcOf0OMHFwvYZY/eS35a7Y8GiWmkxw9PaHNwTHFwTb7lt7s6jgG2LdZwm+qscl1ido61/624aOEkvKfNlvxltx+9MBV1n7XCQAZDCXg0n3FaUgwvcoHIoIoymUwfbahjZt1fwHZlB0ZriYCJDf6zrIynIlEscFUmFBe5Dplusj78y1xhJnM2RKGd66OzIUT+NCx8rSejWX3GHZ9mwl+KVGadAr4eTed2VamxmE/dxOb6D86k/j76YXYmOGEeVu4Z+swQofaXMDp4/dM180V7vPrRwZlFvK5uEw2Hs+sAa1CB9xFg+6/4HHXGYMEy/eWuJ+K1MqNxa7qD3ICB0A5V2ReQneb0o8p1TOn3HggArir6fF7Q+tEYws+hQPsCPtC/ojAvx/44ueM69CDt+8fQWNhhlcaC+FUcZ9STSrHOf9Gdjm2fn+A2rAdSoR7dKOCFudxX8z9b9YXyJ7ASAVoE26PHIZ/mYK/c71Ijo3CGTwp19HedSayr51nnaXMqkGXnXiYlhjxkeY5BnIRc5XorYG1hfdYolV69dkSk7Alr5UNOdumkcDyH/aBt5qZuqEdrhHf78VfZBQt76FMsS5MAON+I2oPC3r6ML0x6A6D2Weusu/gkZ6oGyIs44sErDBWsz3laaa+uyOX4rHr0J5ZLPUryX1XXOMbxEdxC4O3vxNKFGQYtcUqfxDwY0Wlnafg/hmimIik40KVDK1cPPBWDzVLudgz9WwgLEypbaLLccUQjBfgpi7iuHxzMmJTJoNzVX/drxdUpHZm77tUWD4vnbyuKfsFSJlLkiZmWER+SR5sMRSB3OF68xF8fLigLgvX9saUlT+DeSnwwbnNylXLmgAYXT4NrAPRUyjle4ltqDAtl1o6MmFrFdTyyqh9fI/d/4YaNW6sEiOC5ZRAPK0hlolHc8UWUgL5iWR/M7cUEEtk9gTLG6YdbIfuZD3AQgOqQIG9GXqtR3Z69Wq273/457i7JC4vYXWCHOZZ0NMD+UH8o2iOGRTv06Gg0mbE12hQNjSa11Jj8m6/4Z64Mqj5vAOS3/Fdwb/jx2egL5GjN61Pu8Iczxbg1h2fb+pehzABlx/1e+4Lg9Yv5131bRUnd6lJ1oXqXG+8LQeKLa9ft+785lkFmmvN/PN3/07sdBGwr4ESVxVLkb1hWE8MRHIlTpHf+LdMFMAw74AoJgb9GYB6/anek0rbZFJ6qDHGGoLn0ys2N9+f3QQmWhhbcKtuSUIvUuuhD6GR3gVArc5vz5OB93F5eG250wHJxn+Fiok6+KxHSD2xp28CMuAwgwh6MCGu60Z1gcqA53j66P2a0afdWqUrp87R1vQPkWMs75UexSn7rPNIM6C3ineoH2qU38&u=U2FsdGVkX19zU3cllbejQ3PVoaYBe8NMqlpXs5HngEWCAwZhYy7DkVBN3eE/CWkz&y=U2FsdGVkX199Z9twG7x5IOvcEcOyw0xVkOe4XhEFIENswGLVOCmClgNguWDS2Omw HTTP/1.1" 200 26
186.29.134.251 - - [15/Jun/2023:06:29:00 -0500] "GET /kwssiamovil/sm/acme/a?s=U2FsdGVkX19cpq7L4KLlZTsDERZ+xVLxRTReEefCm7YcRYQqLyDNMaPZovXz7y67MAefSXCfAq0Z0jPIodzfO8bRTPivgqwUT4ddji80o/lITiy5Yyf6MmHF/cY5CnR37JsBldq6E2dnwfl7llrIePnq6j1AJs+ke9iPBaDFk/8=&u=U2FsdGVkX19zU3cllbejQ3PVoaYBe8NMqlpXs5HngEWCAwZhYy7DkVBN3eE/CWkz&y=U2FsdGVkX199Z9twG7x5IOvcEcOyw0xVkOe4XhEFIENswGLVOCmClgNguWDS2Omw HTTP/1.1" 200 26
186.29.134.251 - - [15/Jun/2023:06:29:00 -0500] "GET /kwssiamovil/sm/acme/a?s=U2FsdGVkX1/76r1UbNe+RYnomfHE4RxKpW9aMgzUi1VDfUMZLKn1OgOcwzqMksmNHMHSkko4T9/B25kmaiofwN9ViBun29/0V0frIfXsgD8kkoiPZXF6Kcsy1B0XMYjrf+OmwMHhekKOVWXvhFd5xfPah+jYOgQLG1g/S9PWGvk=&u=U2FsdGVkX19zU3cllbejQ3PVoaYBe8NMqlpXs5HngEWCAwZhYy7DkVBN3eE/CWkz&y=U2FsdGVkX199Z9twG7x5IOvcEcOyw0xVkOe4XhEFIENswGLVOCmClgNguWDS2Omw HTTP/1.1" 200 26
186.29.134.251 - - [15/Jun/2023:06:29:00 -0500] "GET /kwssiamovil/sm/acme/a?s=U2FsdGVkX19ctHrDtbmZ4203WnNWag5klbMUEA+0wRP7c75p0FZlaAc4GeXDbdpjeDMacA+/CX8rtizoDo3s87vr4PY7f8ZziqUJ7spRo5WSR3s1yL6Dwtn+te4P/k466bjBes2OSwp7kix9LNciIG6DLWwQ39F8e6mmFcVOG3A=&u=U2FsdGVkX19zU3cllbejQ3PVoaYBe8NMqlpXs5HngEWCAwZhYy7DkVBN3eE/CWkz&y=U2FsdGVkX199Z9twG7x5IOvcEcOyw0xVkOe4XhEFIENswGLVOCmClgNguWDS2Omw HTTP/1.1" 200 26
186.29.134.251 - - [15/Jun/2023:06:29:00 -0500] "GET /kwssiamovil/sm/acme/a?s=U2FsdGVkX19XJRa5m2PcIiIMjobggLOJ4Wnt19x0YFVqGhmSF/jpKNfihrP2m/FPJ+py39tR0vMqpHtEILcMzdLs420+zN6UmGHZKDgKCyfUVpqJ96N/xywPjH/gvpA344U/+ikSyiGaZSx0R2t1X+f99tPKuU/WOQ00nmJGAeza9A7RqzcuSkdGC3VVFA7LU+cjOS5CFbg13oCkfgFJFQ==&u=U2FsdGVkX19zU3cllbejQ3PVoaYBe8NMqlpXs5HngEWCAwZhYy7DkVBN3eE/CWkz&y=U2FsdGVkX199Z9twG7x5IOvcEcOyw0xVkOe4XhEFIENswGLVOCmClgNguWDS2Omw HTTP/1.1" 200 26
186.29.134.251 - - [15/Jun/2023:06:29:00 -0500] "GET /kwssiamovil/sm/acme/a?s=U2FsdGVkX1+5g3BA0KzjWUWMI9g+vnBPOG4pB77tQdul0MohSawSaz9BWqe1IC2YUQKVdY9/4beuzMxlW0bRhW1D8qrrDrX2lz4X3VGJTGBwFTClx6FTpoWMidRHIUcOUjcFs/D0k7F/7Kbbf1o5igflsg2giPmyXFoU3KoABj+qNuGCGjgcjLcinXeTn2cj42LiKmvQMpnep10yDubAWJ3Yc3XNCalZzN3GVeE0vWdSe5N/mldjtJDg4JZZQoeNYMzNZXbvmXstEFQu1qWNDeCOT0WJUrwyz0jy86PnEmd2m2hBcg/Ak47VUWcUjWyK3uiKFJT3KVs/6GYqx498hiBGDV5Zn9x4kgGczNyua/WguWWU9nFgosRTNG/QEAjzHVikrL6suRns1XKEQJRGV4HqxEhGD+BPjhsePPuIpe3/byUL9bwW49Jxf5s5vxMAEyv4BWG012ofGhwN53WDk+RsN2UJO5bmawP65nWh9roTHK2wioS0SAcM+HpVNPNU&u=U2FsdGVkX19zU3cllbejQ3PVoaYBe8NMqlpXs5HngEWCAwZhYy7DkVBN3eE/CWkz&y=U2FsdGVkX199Z9twG7x5IOvcEcOyw0xVkOe4XhEFIENswGLVOCmClgNguWDS2Omw HTTP/1.1" 200 25
186.29.134.251 - - [15/Jun/2023:06:29:00 -0500] "GET /kwssiamovil/sm/acme/a?s=U2FsdGVkX18nK2yLDDuhY6SGfEtGLvTnWK/DeM3GuufMO/QdpTpPDKoPEkVBuvsqFmefq/jMC5PeDGZUAQUUR2VP6VZDFMd+7snCSAqFDvyKzZ9ww89bK2fLfmQ6BBI+sGHi0BsqTGnSw9p8HaACzo9IFh4bZjHTNJWTflnDbbizCriUkb6/k3xF9d0kXhFzl6XoIIq8CdBVtM6w9ds1zZhCgfSOyDGCR9/WAHcY6ba6tPAX2wEb1YQKoy3GFAaMqMmCwE694UhRPOo+1eYYUedFCgriFKR/DKY07tDp/Wflau6MLH8TrVBWW1kZrdBPDrXkm2m3hOZSrvwVkYSCAln67Q71s9XktR+tGww9SO7AdmegjyvWrS6yH3lzOs3IfKqiiGCnQ2cVZfD9h/1Kwhm4iFG/Yb/PnvXC9640XGenRrdX4ys/J6myPrMTlibpSEmY8GoVfFD9KCmR/oJ5iQ==&u=U2FsdGVkX19zU3cllbejQ3PVoaYBe8NMqlpXs5HngEWCAwZhYy7DkVBN3eE/CWkz&y=U2FsdGVkX199Z9twG7x5IOvcEcOyw0xVkOe4XhEFIENswGLVOCmClgNguWDS2Omw HTTP/1.1" 200 25
40.77.167.139 - - [15/Jun/2023:06:29:33 -0500] "GET /BLA/resoluciones/AUTOS%202021/0477.pdf HTTP/1.1" 304 -
66.249.73.36 - - [15/Jun/2023:06:30:28 -0500] "-" 408 -
216.245.221.92 - - [15/Jun/2023:06:30:37 -0500] "HEAD / HTTP/1.1" 200 -
201.245.192.253 - - [15/Jun/2023:06:30:35 -0500] "POST /kwsrmcab/Wsrmcab HTTP/1.1" 200 43082
201.245.192.253 - - [15/Jun/2023:06:30:39 -0500] "POST /kwsrmcab/Wsrmcab HTTP/1.1" 200 39599
172.22.2.4 - - [15/Jun/2023:06:31:01 -0500] "HEAD /BLA/boletinlegal/ HTTP/1.1" 200 -
181.237.250.225 - - [15/Jun/2023:06:32:59 -0500] "GET /appsia/controlador HTTP/1.1" 200 4799
181.237.250.225 - - [15/Jun/2023:06:32:59 -0500] "GET /appsia/css/estilos.css HTTP/1.1" 200 4804
181.237.250.225 - - [15/Jun/2023:06:32:59 -0500] "GET /appsia/scripts/validarIngreso.js HTTP/1.1" 200 851
181.237.250.225 - - [15/Jun/2023:06:33:00 -0500] "GET /appsia/images/logo_bogota_p.png HTTP/1.1" 200 14951
181.237.250.225 - - [15/Jun/2023:06:33:00 -0500] "GET /appsia/images/cabezoteHojaVida.png HTTP/1.1" 200 32493
181.237.250.225 - - [15/Jun/2023:06:33:00 -0500] "GET /favicon.ico HTTP/1.1" 200 7782
181.237.250.225 - - [15/Jun/2023:06:33:15 -0500] "POST /appsia/controlador HTTP/1.1" 200 5437
181.237.250.225 - - [15/Jun/2023:06:33:17 -0500] "POST /appsia/controlador HTTP/1.1" 200 7781
181.237.250.225 - - [15/Jun/2023:06:33:18 -0500] "POST /appsia/controlador HTTP/1.1" 200 6646
181.237.250.225 - - [15/Jun/2023:06:33:19 -0500] "POST /appsia/controlador HTTP/1.1" 200 13578
201.245.192.253 - - [15/Jun/2023:06:33:20 -0500] "POST /kwsrmcab/Wsrmcab  HTTP/1.1" 200 40957
172.22.2.4 - - [15/Jun/2023:06:31:52 -0500] "GET /BLA/boletinlegal/ HTTP/1.1" 200 57272
181.237.250.225 - - [15/Jun/2023:06:34:16 -0500] "POST /appsia/controlador HTTP/1.1" 200 7781
181.237.250.225 - - [15/Jun/2023:06:34:19 -0500] "POST /appsia/controlador HTTP/1.1" 200 6646
181.237.250.225 - - [15/Jun/2023:06:34:20 -0500] "POST /appsia/controlador HTTP/1.1" 200 13578
181.237.250.225 - - [15/Jun/2023:06:34:40 -0500] "POST /appsia/controlador HTTP/1.1" 200 7781
172.22.2.4 - - [15/Jun/2023:06:34:41 -0500] "GET /BLA/boletinlegal/Directivas/2012/Directiva%20No.%201%20del%2030%20de%20octubre%20de%202012.pdf HTTP/1.1" 200 1522771
181.237.250.225 - - [15/Jun/2023:06:34:41 -0500] "POST /appsia/controlador HTTP/1.1" 200 5437
181.237.250.225 - - [15/Jun/2023:06:34:43 -0500] "POST /appsia/controlador HTTP/1.1" 200 4799
172.22.2.4 - - [15/Jun/2023:06:34:59 -0500] "GET /BLA/boletinlegal/jurisprudencia/analisis/analisis%20C-595-2010.doc HTTP/1.1" 200 39424
40.77.167.139 - - [15/Jun/2023:06:35:04 -0500] "GET /BLA/resoluciones/AUTOS%202021/3832.pdf HTTP/1.1" 304 -
172.22.2.4 - - [15/Jun/2023:06:35:11 -0500] "GET /BLA/boletinlegal/Circulares/2012/Circular%20No.%201%20del%2017%20de%20Enero%20de%202012.pdf HTTP/1.1" 200 1118749
172.22.2.4 - - [15/Jun/2023:06:33:56 -0500] "GET /BLA/boletinlegal/ HTTP/1.1" 200 61779
216.245.221.92 - - [15/Jun/2023:06:35:37 -0500] "HEAD / HTTP/1.1" 200 -
173.252.95.21 - - [15/Jun/2023:06:36:04 -0500] "GET /bogota-tendra-la-primera-planta-de-termovalorizacion-de-colombia-la-cual-convertira-los-residuos-en-energia-para-la-ciudad.html HTTP/1.1" 200 883
173.252.95.7 - - [15/Jun/2023:06:36:04 -0500] "GET /bogota-tendra-la-primera-planta-de-termovalorizacion-de-colombia-la-cual-convertira-los-residuos-en-energia-para-la-ciudad.html HTTP/1.1" 200 883
217.182.175.162 - - [15/Jun/2023:06:36:05 -0500] "HEAD /serrania-el-zuque-de-cantera-en-los-anos-60-a-espacio-de-restauracion-ambiental-y-mitigacion-del-riesgo.html HTTP/1.1" 200 -
217.182.175.162 - - [15/Jun/2023:06:36:05 -0500] "HEAD /serrania-el-zuque-de-cantera-en-los-anos-60-a-espacio-de-restauracion-ambiental-y-mitigacion-del-riesgo.html HTTP/1.1" 200 -
51.15.164.30 - - [15/Jun/2023:06:36:07 -0500] "HEAD /bogota-circular-el-desafio-de-transformar-los-servicios-publicos-para-construir-una-ciudad-prospera-y-sostenible.html HTTP/1.1" 200 -
51.15.164.30 - - [15/Jun/2023:06:36:07 -0500] "HEAD /760-llantas-fueron-recolectadas-en-el-primer-dia-de-llantaton-en-bogota.html HTTP/1.1" 200 -
51.15.164.30 - - [15/Jun/2023:06:36:07 -0500] "HEAD /bogota-circular-el-desafio-de-transformar-los-servicios-publicos-para-construir-una-ciudad-prospera-y-sostenible.html HTTP/1.1" 200 -
217.182.175.162 - - [15/Jun/2023:06:36:07 -0500] "HEAD /760-llantas-fueron-recolectadas-en-el-primer-dia-de-llantaton-en-bogota.html HTTP/1.1" 200 -
5.182.210.46 - - [15/Jun/2023:06:36:58 -0500] "-" 408 -
52.167.144.23 - - [15/Jun/2023:06:38:15 -0500] "GET /Publicaciones/2023EE95208.pdf HTTP/1.1" 404 227
201.245.192.253 - - [15/Jun/2023:06:38:20 -0500] "POST /kwsrmcab/Wsrmcab  HTTP/1.1" 200 40957
66.249.73.36 - - [15/Jun/2023:06:38:28 -0500] "-" 408 -
172.22.2.4 - - [15/Jun/2023:06:36:51 -0500] "HEAD /BLA/boletinlegal/ HTTP/1.1" 200 -
172.22.2.4 - - [15/Jun/2023:06:37:42 -0500] "GET /BLA/boletinlegal/ HTTP/1.1" 200 57680
172.22.2.4 - - [15/Jun/2023:06:40:11 -0500] "GET /BLA/boletinlegal/actos.php HTTP/1.1" 200 9682
172.22.2.4 - - [15/Jun/2023:06:40:24 -0500] "GET /BLA/boletinlegal/consulta_actos.php?tipo=resoluciones&no=0954&usuario=&sector=&fecha=2022&resuelve= HTTP/1.1" 200 1101
201.245.192.253 - - [15/Jun/2023:06:40:34 -0500] "POST /kwsrmcab/Wsrmcab HTTP/1.1" 200 43082
216.245.221.92 - - [15/Jun/2023:06:40:37 -0500] "HEAD / HTTP/1.1" 200 -
201.245.192.253 - - [15/Jun/2023:06:40:38 -0500] "POST /kwsrmcab/Wsrmcab HTTP/1.1" 200 39599
172.22.2.4 - - [15/Jun/2023:06:40:09 -0500] "GET /BLA/boletinlegal/ HTTP/1.1" 200 32715
191.95.167.66 - - [15/Jun/2023:06:42:43 -0500] "GET /760-llantas-fueron-recolectadas-en-el-primer-dia-de-llantaton-en-bogota.html HTTP/1.1" 200 768
191.95.167.66 - - [15/Jun/2023:06:42:43 -0500] "GET /images/llantaton-bogo.jpeg HTTP/1.1" 200 94276
191.95.167.66 - - [15/Jun/2023:06:42:48 -0500] "GET /760-llantas-fueron-recolectadas-en-el-primer-dia-de-llantaton-en-bogota.html HTTP/1.1" 200 768
201.245.192.253 - - [15/Jun/2023:06:43:19 -0500] "POST /kwsrmcab/Wsrmcab  HTTP/1.1" 200 40957
52.167.144.43 - - [15/Jun/2023:06:43:25 -0500] "GET /images/plantacion-jbb-semana-ambiental-5-junio.jpg HTTP/1.1" 200 90990
172.22.2.4 - - [15/Jun/2023:06:42:41 -0500] "HEAD /BLA/boletinlegal/ HTTP/1.1" 200 -
186.102.23.149 - - [15/Jun/2023:06:44:29 -0500] "GET /sipse/faces/javax.faces.resource/theme.css?ln=primefaces-sipse HTTP/1.1" 304 -
186.102.23.149 - - [15/Jun/2023:06:44:29 -0500] "GET /sipse/faces/javax.faces.resource/primefaces.css?ln=primefaces&v=4.0 HTTP/1.1" 304 -
186.102.23.149 - - [15/Jun/2023:06:44:29 -0500] "GET /sipse/faces/javax.faces.resource/layout/layout.css?ln=primefaces&v=4.0 HTTP/1.1" 304 -
186.102.23.149 - - [15/Jun/2023:06:44:30 -0500] "GET /sipse/faces/javax.faces.resource/jquery/jquery.js?ln=primefaces&v=4.0 HTTP/1.1" 304 -
186.102.23.149 - - [15/Jun/2023:06:44:30 -0500] "GET /sipse/faces/javax.faces.resource/jquery/jquery-plugins.js?ln=primefaces&v=4.0 HTTP/1.1" 304 -
186.102.23.149 - - [15/Jun/2023:06:44:30 -0500] "GET /sipse/faces/javax.faces.resource/primefaces.js?ln=primefaces&v=4.0 HTTP/1.1" 304 -
186.102.23.149 - - [15/Jun/2023:06:44:30 -0500] "GET /sipse/faces/javax.faces.resource/layout/layout.js?ln=primefaces&v=4.0 HTTP/1.1" 304 -
186.102.23.149 - - [15/Jun/2023:06:44:31 -0500] "GET /sipse/faces/javax.faces.resource/images/ui-icons_898989_256x240.png?ln=primefaces-aristo HTTP/1.1" 304 -
186.102.23.149 - - [15/Jun/2023:06:44:32 -0500] "GET /sipse/faces/faces/index.xhtml HTTP/1.1" 200 677
186.102.23.149 - - [15/Jun/2023:06:44:33 -0500] "GET /sipse/faces/javax.faces.resource/theme.css?ln=primefaces-sipse HTTP/1.1" 304 -
186.102.23.149 - - [15/Jun/2023:06:44:33 -0500] "GET /sipse/faces/faces/faces/autenticacion.xhtml HTTP/1.1" 200 12178
186.102.23.149 - - [15/Jun/2023:06:44:34 -0500] "GET /sipse/faces/javax.faces.resource/theme.css?ln=primefaces-sipse HTTP/1.1" 304 -
186.102.23.149 - - [15/Jun/2023:06:44:34 -0500] "GET /sipse/faces/javax.faces.resource/primefaces.css?ln=primefaces&v=4.0 HTTP/1.1" 304 -
186.102.23.149 - - [15/Jun/2023:06:44:34 -0500] "GET /sipse/faces/javax.faces.resource/layout/layout.css?ln=primefaces&v=4.0 HTTP/1.1" 304 -
186.102.23.149 - - [15/Jun/2023:06:44:34 -0500] "GET /sipse/faces/javax.faces.resource/jquery/jquery-plugins.js?ln=primefaces&v=4.0 HTTP/1.1" 304 -
186.102.23.149 - - [15/Jun/2023:06:44:34 -0500] "GET /sipse/faces/javax.faces.resource/primefaces.js?ln=primefaces&v=4.0 HTTP/1.1" 304 -
186.102.23.149 - - [15/Jun/2023:06:44:34 -0500] "GET /sipse/faces/javax.faces.resource/layout/layout.js?ln=primefaces&v=4.0 HTTP/1.1" 304 -
186.102.23.149 - - [15/Jun/2023:06:44:34 -0500] "GET /sipse/faces/javax.faces.resource/jquery/jquery.js?ln=primefaces&v=4.0 HTTP/1.1" 304 -
201.245.192.253 - - [15/Jun/2023:06:45:12 -0500] "GET /appsia/controlador HTTP/1.1" 200 4799
172.22.2.4 - - [15/Jun/2023:06:43:32 -0500] "GET /BLA/boletinlegal/ HTTP/1.1" 200 59192
201.245.192.253 - - [15/Jun/2023:06:45:12 -0500] "GET /appsia/css/estilos.css HTTP/1.1" 200 4804
201.245.192.253 - - [15/Jun/2023:06:45:12 -0500] "GET /appsia/scripts/validarIngreso.js HTTP/1.1" 200 851
201.245.192.253 - - [15/Jun/2023:06:45:12 -0500] "GET /appsia/images/logo_bogota_p.png HTTP/1.1" 200 14951
201.245.192.253 - - [15/Jun/2023:06:45:12 -0500] "GET /appsia/images/cabezoteHojaVida.png HTTP/1.1" 200 32493
201.245.192.253 - - [15/Jun/2023:06:45:15 -0500] "POST /appsia/controlador HTTP/1.1" 200 5437
201.245.192.253 - - [15/Jun/2023:06:45:16 -0500] "POST /appsia/controlador HTTP/1.1" 200 7781
201.245.192.253 - - [15/Jun/2023:06:45:18 -0500] "POST /appsia/controlador HTTP/1.1" 200 6646
201.245.192.253 - - [15/Jun/2023:06:45:19 -0500] "POST /appsia/controlador HTTP/1.1" 200 11690
216.245.221.92 - - [15/Jun/2023:06:45:37 -0500] "HEAD / HTTP/1.1" 200 -
66.249.73.36 - - [15/Jun/2023:06:45:56 -0500] "-" 408 -
66.249.73.68 - - [15/Jun/2023:06:46:32 -0500] "-" 408 -
172.22.2.4 - - [15/Jun/2023:06:46:46 -0500] "GET /BLA/boletinlegal/robots.txt HTTP/1.1" 404 1038
172.22.2.4 - - [15/Jun/2023:06:46:47 -0500] "GET /BLA/boletinlegal/Directivas/2017/Directiva%20No.%2004%20del%2028%20de%20Abril%20de%202017.pdf HTTP/1.1" 200 8194919
15.228.86.131 - - [15/Jun/2023:06:47:31 -0500] "GET /appsia/controlador HTTP/1.1" 200 4799
15.228.86.131 - - [15/Jun/2023:06:47:46 -0500] "POST /appsia/controlador HTTP/1.1" 200 5437
15.228.86.131 - - [15/Jun/2023:06:47:48 -0500] "POST /appsia/controlador HTTP/1.1" 200 7791
173.252.79.3 - - [15/Jun/2023:06:47:49 -0500] "GET /images/Reciclaton-2023.jpg HTTP/1.1" 200 68883
15.228.86.131 - - [15/Jun/2023:06:47:51 -0500] "POST /appsia/controlador HTTP/1.1" 200 6656
15.228.86.131 - - [15/Jun/2023:06:47:53 -0500] "POST /appsia/controlador HTTP/1.1" 200 11382
201.245.192.253 - - [15/Jun/2023:06:48:18 -0500] "POST /kwsrmcab/Wsrmcab  HTTP/1.1" 200 40957
200.118.64.109 - - [15/Jun/2023:06:49:37 -0500] "GET /forms/frmservlet?config=sia HTTP/1.1" 200 4046
200.118.64.109 - - [15/Jun/2023:06:49:38 -0500] "HEAD /reports/rwservlet/getjobid77648?server=repnomi HTTP/1.1" 200 -
200.118.64.109 - - [15/Jun/2023:06:49:38 -0500] "HEAD /reports/rwservlet/getjobid76227?server=repnomi HTTP/1.1" 200 -
200.118.64.109 - - [15/Jun/2023:06:49:44 -0500] "GET /forms/frmservlet?config=sia HTTP/1.1" 200 4046
200.118.64.109 - - [15/Jun/2023:06:49:44 -0500] "GET /favicon.ico HTTP/1.1" 200 7782
200.118.64.109 - - [15/Jun/2023:06:49:44 -0500] "GET /forms/java/frmall_jinit.jar HTTP/1.1" 304 -
200.118.64.109 - - [15/Jun/2023:06:49:44 -0500] "GET /forms/java/icons.jar HTTP/1.1" 304 -
200.118.64.109 - - [15/Jun/2023:06:49:45 -0500] "GET /forms/java/java/awt/KeyboardFocusManager.class HTTP/1.1" 404 352
200.118.64.109 - - [15/Jun/2023:06:49:45 -0500] "GET /forms/java/java/awt/event/MouseWheelListener.class HTTP/1.1" 404 356
200.118.64.109 - - [15/Jun/2023:06:49:45 -0500] "GET /forms/frmservlet?config=sia HTTP/1.1" 200 4046
200.118.64.109 - - [15/Jun/2023:06:49:45 -0500] "GET /forms/java/oracle/forms/registry/Registry.dat HTTP/1.1" 200 4213
200.118.64.109 - - [15/Jun/2023:06:49:46 -0500] "GET /forms/java/oracle/forms/registry/default.dat HTTP/1.1" 404 350
200.118.64.109 - - [15/Jun/2023:06:49:46 -0500] "GET /forms/frmservlet?config=sia&acceptLanguage=en-us,en;q=0.5&ifcmd=startsession HTTP/1.1" 200 118
200.118.64.109 - - [15/Jun/2023:06:49:46 -0500] "GET /forms/lservlet;jsessionid=ac16012b30d685768e81f75b4e27a26fa72540dd6664.e3iSbxaKaheRe34Kc30KaNqQc41ynknvrkLOlQzNp65In0?ifcmd=getinfo HTTP/1.1" 200 8
200.118.64.109 - - [15/Jun/2023:06:49:47 -0500] "GET /forms/frmservlet?config=sia HTTP/1.1" 200 4046
200.118.64.109 - - [15/Jun/2023:06:49:47 -0500] "GET /forms/java/oracle/forms/registry/Registry.dat HTTP/1.1" 200 4213
200.118.64.109 - - [15/Jun/2023:06:49:47 -0500] "GET /forms/java/oracle/forms/registry/default.dat HTTP/1.1" 404 350
200.118.64.109 - - [15/Jun/2023:06:49:46 -0500] "POST /forms/lservlet;jsessionid=ac16012b30d685768e81f75b4e27a26fa72540dd6664.e3iSbxaKaheRe34Kc30KaNqQc41ynknvrkLOlQzNp65In0 HTTP/1.1" 200 8
200.118.64.109 - - [15/Jun/2023:06:49:47 -0500] "GET /forms/java/oracle/forms/engine/RunformBundle_es_CO.class HTTP/1.1" 404 362
200.118.64.109 - - [15/Jun/2023:06:49:47 -0500] "GET /forms/frmservlet?config=sia&acceptLanguage=en-us,en;q=0.5&ifcmd=startsession HTTP/1.1" 200 118
200.118.64.109 - - [15/Jun/2023:06:49:47 -0500] "GET /forms/lservlet;jsessionid=ac16012b30d69353862e8554449d8faa9dc2386801b1.e3iSbxaKaheRe34Kc30KaNqQc41ynknvrkLOlQzNp65In0?ifcmd=getinfo HTTP/1.1" 200 8
200.118.64.109 - - [15/Jun/2023:06:49:47 -0500] "GET /forms/java/oracle/forms/engine/RunformBundle_es_CO.properties HTTP/1.1" 404 367
200.118.64.109 - - [15/Jun/2023:06:49:47 -0500] "POST /forms/lservlet;jsessionid=ac16012b30d69353862e8554449d8faa9dc2386801b1.e3iSbxaKaheRe34Kc30KaNqQc41ynknvrkLOlQzNp65In0 HTTP/1.1" 200 8
200.118.64.109 - - [15/Jun/2023:06:49:48 -0500] "POST /forms/lservlet;jsessionid=ac16012b30d685768e81f75b4e27a26fa72540dd6664.e3iSbxaKaheRe34Kc30KaNqQc41ynknvrkLOlQzNp65In0 HTTP/1.1" 200 64000
200.118.64.109 - - [15/Jun/2023:06:49:49 -0500] "POST /forms/lservlet;jsessionid=ac16012b30d685768e81f75b4e27a26fa72540dd6664.e3iSbxaKaheRe34Kc30KaNqQc41ynknvrkLOlQzNp65In0 HTTP/1.1" 200 64000
200.118.64.109 - - [15/Jun/2023:06:49:49 -0500] "POST /forms/lservlet;jsessionid=ac16012b30d685768e81f75b4e27a26fa72540dd6664.e3iSbxaKaheRe34Kc30KaNqQc41ynknvrkLOlQzNp65In0 HTTP/1.1" 200 63623
200.118.64.109 - - [15/Jun/2023:06:49:48 -0500] "POST /forms/lservlet;jsessionid=ac16012b30d69353862e8554449d8faa9dc2386801b1.e3iSbxaKaheRe34Kc30KaNqQc41ynknvrkLOlQzNp65In0 HTTP/1.1" 200 64000
200.118.64.109 - - [15/Jun/2023:06:49:49 -0500] "POST /forms/lservlet;jsessionid=ac16012b30d69353862e8554449d8faa9dc2386801b1.e3iSbxaKaheRe34Kc30KaNqQc41ynknvrkLOlQzNp65In0 HTTP/1.1" 200 64000
200.118.64.109 - - [15/Jun/2023:06:49:49 -0500] "HEAD /imagenes/dama_logo.gif HTTP/1.1" 200 -
200.118.64.109 - - [15/Jun/2023:06:49:50 -0500] "HEAD /imagenes/dama_logo.gif HTTP/1.1" 200 -
200.118.64.109 - - [15/Jun/2023:06:49:49 -0500] "POST /forms/lservlet;jsessionid=ac16012b30d69353862e8554449d8faa9dc2386801b1.e3iSbxaKaheRe34Kc30KaNqQc41ynknvrkLOlQzNp65In0 HTTP/1.1" 200 63623
200.118.64.109 - - [15/Jun/2023:06:49:50 -0500] "GET /imagenes/dama_logo.gif HTTP/1.1" 200 21482
200.118.64.109 - - [15/Jun/2023:06:49:50 -0500] "POST /forms/lservlet;jsessionid=ac16012b30d685768e81f75b4e27a26fa72540dd6664.e3iSbxaKaheRe34Kc30KaNqQc41ynknvrkLOlQzNp65In0 HTTP/1.1" 200 2
200.118.64.109 - - [15/Jun/2023:06:49:50 -0500] "POST /forms/lservlet;jsessionid=ac16012b30d69353862e8554449d8faa9dc2386801b1.e3iSbxaKaheRe34Kc30KaNqQc41ynknvrkLOlQzNp65In0 HTTP/1.1" 200 2
200.118.64.109 - - [15/Jun/2023:06:49:50 -0500] "POST /forms/lservlet;jsessionid=ac16012b30d685768e81f75b4e27a26fa72540dd6664.e3iSbxaKaheRe34Kc30KaNqQc41ynknvrkLOlQzNp65In0 HTTP/1.1" 200 2
200.118.64.109 - - [15/Jun/2023:06:49:50 -0500] "POST /forms/lservlet;jsessionid=ac16012b30d685768e81f75b4e27a26fa72540dd6664.e3iSbxaKaheRe34Kc30KaNqQc41ynknvrkLOlQzNp65In0 HTTP/1.1" 200 2
200.118.64.109 - - [15/Jun/2023:06:49:51 -0500] "POST /forms/lservlet;jsessionid=ac16012b30d685768e81f75b4e27a26fa72540dd6664.e3iSbxaKaheRe34Kc30KaNqQc41ynknvrkLOlQzNp65In0 HTTP/1.1" 200 -
172.22.2.4 - - [15/Jun/2023:06:48:31 -0500] "HEAD /BLA/boletinlegal/ HTTP/1.1" 200 -
216.245.221.92 - - [15/Jun/2023:06:50:37 -0500] "HEAD / HTTP/1.1" 200 -
172.22.2.4 - - [15/Jun/2023:06:49:22 -0500] "GET /BLA/boletinlegal/ HTTP/1.1" 200 57680
200.118.64.109 - - [15/Jun/2023:06:51:48 -0500] "POST /forms/lservlet;jsessionid=ac16012b30d69353862e8554449d8faa9dc2386801b1.e3iSbxaKaheRe34Kc30KaNqQc41ynknvrkLOlQzNp65In0 HTTP/1.1" 200 2
200.118.64.109 - - [15/Jun/2023:06:52:14 -0500] "POST /forms/lservlet;jsessionid=ac16012b30d69353862e8554449d8faa9dc2386801b1.e3iSbxaKaheRe34Kc30KaNqQc41ynknvrkLOlQzNp65In0 HTTP/1.1" 200 7979
200.118.64.109 - - [15/Jun/2023:06:52:15 -0500] "POST /forms/lservlet;jsessionid=ac16012b30d69353862e8554449d8faa9dc2386801b1.e3iSbxaKaheRe34Kc30KaNqQc41ynknvrkLOlQzNp65In0 HTTP/1.1" 200 64
200.118.64.109 - - [15/Jun/2023:06:52:15 -0500] "POST /forms/lservlet;jsessionid=ac16012b30d69353862e8554449d8faa9dc2386801b1.e3iSbxaKaheRe34Kc30KaNqQc41ynknvrkLOlQzNp65In0 HTTP/1.1" 200 2
200.118.64.109 - - [15/Jun/2023:06:52:15 -0500] "POST /forms/lservlet;jsessionid=ac16012b30d69353862e8554449d8faa9dc2386801b1.e3iSbxaKaheRe34Kc30KaNqQc41ynknvrkLOlQzNp65In0 HTTP/1.1" 200 2
200.118.64.109 - - [15/Jun/2023:06:52:15 -0500] "POST /forms/lservlet;jsessionid=ac16012b30d69353862e8554449d8faa9dc2386801b1.e3iSbxaKaheRe34Kc30KaNqQc41ynknvrkLOlQzNp65In0 HTTP/1.1" 200 2
200.118.64.109 - - [15/Jun/2023:06:52:20 -0500] "POST /forms/lservlet;jsessionid=ac16012b30d69353862e8554449d8faa9dc2386801b1.e3iSbxaKaheRe34Kc30KaNqQc41ynknvrkLOlQzNp65In0 HTTP/1.1" 200 34712
200.118.64.109 - - [15/Jun/2023:06:52:21 -0500] "GET /imagenes/listval.gif HTTP/1.1" 200 905
200.118.64.109 - - [15/Jun/2023:06:52:21 -0500] "GET /imagenes/tree1.gif HTTP/1.1" 200 1161
200.118.64.109 - - [15/Jun/2023:06:52:21 -0500] "GET /imagenes/listval.gif HTTP/1.1" 200 905
200.118.64.109 - - [15/Jun/2023:06:52:21 -0500] "GET /imagenes/CAMERA3.gif HTTP/1.1" 200 4150
200.118.64.109 - - [15/Jun/2023:06:52:21 -0500] "GET /imagenes/SLIDE1.gif HTTP/1.1" 200 1111
200.118.64.109 - - [15/Jun/2023:06:52:21 -0500] "GET /imagenes/flexcomb.gif HTTP/1.1" 200 1169
200.118.64.109 - - [15/Jun/2023:06:52:21 -0500] "GET /imagenes/GO.gif HTTP/1.1" 200 904
200.118.64.109 - - [15/Jun/2023:06:52:21 -0500] "GET /imagenes/HRTOOLS.gif HTTP/1.1" 200 2238
200.118.64.109 - - [15/Jun/2023:06:52:21 -0500] "GET /imagenes/rt_rec1.gif HTTP/1.1" 200 867
200.118.64.109 - - [15/Jun/2023:06:52:21 -0500] "GET /imagenes/apply.gif HTTP/1.1" 200 903
200.118.64.109 - - [15/Jun/2023:06:52:21 -0500] "GET /imagenes/exit.gif HTTP/1.1" 200 916
200.118.64.109 - - [15/Jun/2023:06:52:21 -0500] "GET /imagenes/LISTVAL.gif HTTP/1.1" 200 905
200.118.64.109 - - [15/Jun/2023:06:52:21 -0500] "GET /imagenes/edit.gif HTTP/1.1" 200 919
200.118.64.109 - - [15/Jun/2023:06:52:21 -0500] "GET /imagenes/rt_rec4.gif HTTP/1.1" 200 865
200.118.64.109 - - [15/Jun/2023:06:52:22 -0500] "GET /imagenes/rt_rec3.gif HTTP/1.1" 200 844
200.118.64.109 - - [15/Jun/2023:06:52:22 -0500] "GET /imagenes/rt_rec2.gif HTTP/1.1" 200 847
200.118.64.109 - - [15/Jun/2023:06:52:22 -0500] "GET /imagenes/rt_rdel.gif HTTP/1.1" 200 899
200.118.64.109 - - [15/Jun/2023:06:52:22 -0500] "GET /imagenes/rt_radd.gif HTTP/1.1" 200 907
200.118.64.109 - - [15/Jun/2023:06:52:22 -0500] "GET /imagenes/rt_quer3.gif HTTP/1.1" 200 939
200.118.64.109 - - [15/Jun/2023:06:52:22 -0500] "GET /imagenes/rt_quer2.gif HTTP/1.1" 200 936
200.118.64.109 - - [15/Jun/2023:06:52:22 -0500] "GET /imagenes/rt_quer1.gif HTTP/1.1" 200 930
200.118.64.109 - - [15/Jun/2023:06:52:22 -0500] "GET /imagenes/rt_save.gif HTTP/1.1" 200 903
200.118.64.109 - - [15/Jun/2023:06:52:22 -0500] "GET /imagenes/rt_pset.gif HTTP/1.1" 200 914
200.118.64.109 - - [15/Jun/2023:06:52:22 -0500] "GET /imagenes/QUEJA.gif HTTP/1.1" 200 1091
200.118.64.109 - - [15/Jun/2023:06:52:22 -0500] "GET /imagenes/ARBOL.gif HTTP/1.1" 200 1026
200.118.64.109 - - [15/Jun/2023:06:52:22 -0500] "GET /imagenes/Clipboard.gif HTTP/1.1" 200 1466
200.118.64.109 - - [15/Jun/2023:06:52:22 -0500] "GET /imagenes/DINERO.gif HTTP/1.1" 200 1766
200.118.64.109 - - [15/Jun/2023:06:52:22 -0500] "GET /imagenes/URGENTE.gif HTTP/1.1" 200 964
200.118.64.109 - - [15/Jun/2023:06:52:22 -0500] "GET /imagenes/TREE4.gif HTTP/1.1" 200 4150
200.118.64.109 - - [15/Jun/2023:06:52:22 -0500] "POST /forms/lservlet;jsessionid=ac16012b30d69353862e8554449d8faa9dc2386801b1.e3iSbxaKaheRe34Kc30KaNqQc41ynknvrkLOlQzNp65In0 HTTP/1.1" 200 7
200.118.64.109 - - [15/Jun/2023:06:52:22 -0500] "POST /forms/lservlet;jsessionid=ac16012b30d69353862e8554449d8faa9dc2386801b1.e3iSbxaKaheRe34Kc30KaNqQc41ynknvrkLOlQzNp65In0 HTTP/1.1" 200 34
200.118.64.109 - - [15/Jun/2023:06:52:22 -0500] "POST /forms/lservlet;jsessionid=ac16012b30d69353862e8554449d8faa9dc2386801b1.e3iSbxaKaheRe34Kc30KaNqQc41ynknvrkLOlQzNp65In0 HTTP/1.1" 200 2
200.118.64.109 - - [15/Jun/2023:06:52:23 -0500] "POST /forms/lservlet;jsessionid=ac16012b30d69353862e8554449d8faa9dc2386801b1.e3iSbxaKaheRe34Kc30KaNqQc41ynknvrkLOlQzNp65In0 HTTP/1.1" 200 2
200.118.64.109 - - [15/Jun/2023:06:52:23 -0500] "POST /forms/lservlet;jsessionid=ac16012b30d69353862e8554449d8faa9dc2386801b1.e3iSbxaKaheRe34Kc30KaNqQc41ynknvrkLOlQzNp65In0 HTTP/1.1" 200 699
200.118.64.109 - - [15/Jun/2023:06:52:23 -0500] "GET /imagenes/Srch_frw.gif HTTP/1.1" 200 925
200.118.64.109 - - [15/Jun/2023:06:52:23 -0500] "POST /forms/lservlet;jsessionid=ac16012b30d69353862e8554449d8faa9dc2386801b1.e3iSbxaKaheRe34Kc30KaNqQc41ynknvrkLOlQzNp65In0 HTTP/1.1" 200 10
200.118.64.109 - - [15/Jun/2023:06:52:26 -0500] "POST /forms/lservlet;jsessionid=ac16012b30d69353862e8554449d8faa9dc2386801b1.e3iSbxaKaheRe34Kc30KaNqQc41ynknvrkLOlQzNp65In0 HTTP/1.1" 200 24
200.118.64.109 - - [15/Jun/2023:06:52:26 -0500] "POST /forms/lservlet;jsessionid=ac16012b30d69353862e8554449d8faa9dc2386801b1.e3iSbxaKaheRe34Kc30KaNqQc41ynknvrkLOlQzNp65In0 HTTP/1.1" 200 14
200.118.64.109 - - [15/Jun/2023:06:52:27 -0500] "POST /forms/lservlet;jsessionid=ac16012b30d69353862e8554449d8faa9dc2386801b1.e3iSbxaKaheRe34Kc30KaNqQc41ynknvrkLOlQzNp65In0 HTTP/1.1" 200 14
200.118.64.109 - - [15/Jun/2023:06:52:28 -0500] "POST /forms/lservlet;jsessionid=ac16012b30d69353862e8554449d8faa9dc2386801b1.e3iSbxaKaheRe34Kc30KaNqQc41ynknvrkLOlQzNp65In0 HTTP/1.1" 200 14
200.118.64.109 - - [15/Jun/2023:06:52:30 -0500] "POST /forms/lservlet;jsessionid=ac16012b30d69353862e8554449d8faa9dc2386801b1.e3iSbxaKaheRe34Kc30KaNqQc41ynknvrkLOlQzNp65In0 HTTP/1.1" 200 4310
200.118.64.109 - - [15/Jun/2023:06:52:30 -0500] "POST /forms/lservlet;jsessionid=ac16012b30d69353862e8554449d8faa9dc2386801b1.e3iSbxaKaheRe34Kc30KaNqQc41ynknvrkLOlQzNp65In0 HTTP/1.1" 200 2
201.245.192.253 - - [15/Jun/2023:06:53:17 -0500] "POST /kwsrmcab/Wsrmcab  HTTP/1.1" 200 40957
200.118.64.109 - - [15/Jun/2023:06:53:51 -0500] "POST /forms/lservlet;jsessionid=ac16012b30d69353862e8554449d8faa9dc2386801b1.e3iSbxaKaheRe34Kc30KaNqQc41ynknvrkLOlQzNp65In0 HTTP/1.1" 200 2
40.77.167.235 - - [15/Jun/2023:06:54:07 -0500] "GET /BLA/resoluciones/AUTOS%202021/2779.pdf HTTP/1.1" 304 -
172.22.2.4 - - [15/Jun/2023:06:54:09 -0500] "GET /BLA/boletinlegal/wp-login.php HTTP/1.1" 404 1037
52.167.144.158 - - [15/Jun/2023:06:54:42 -0500] "GET /BLA/resoluciones/RESOLUCIONES%202021/1825.pdf HTTP/1.1" 304 -
66.249.73.36 - - [15/Jun/2023:06:54:58 -0500] "-" 408 -
200.118.64.109 - - [15/Jun/2023:06:55:16 -0500] "POST /forms/lservlet;jsessionid=ac16012b30d69353862e8554449d8faa9dc2386801b1.e3iSbxaKaheRe34Kc30KaNqQc41ynknvrkLOlQzNp65In0 HTTP/1.1" 200 2
200.118.64.109 - - [15/Jun/2023:06:55:16 -0500] "POST /forms/lservlet;jsessionid=ac16012b30d69353862e8554449d8faa9dc2386801b1.e3iSbxaKaheRe34Kc30KaNqQc41ynknvrkLOlQzNp65In0 HTTP/1.1" 200 14
200.118.64.109 - - [15/Jun/2023:06:55:17 -0500] "POST /forms/lservlet;jsessionid=ac16012b30d69353862e8554449d8faa9dc2386801b1.e3iSbxaKaheRe34Kc30KaNqQc41ynknvrkLOlQzNp65In0 HTTP/1.1" 200 14
200.118.64.109 - - [15/Jun/2023:06:55:19 -0500] "POST /forms/lservlet;jsessionid=ac16012b30d69353862e8554449d8faa9dc2386801b1.e3iSbxaKaheRe34Kc30KaNqQc41ynknvrkLOlQzNp65In0 HTTP/1.1" 200 14
200.118.64.109 - - [15/Jun/2023:06:55:20 -0500] "POST /forms/lservlet;jsessionid=ac16012b30d69353862e8554449d8faa9dc2386801b1.e3iSbxaKaheRe34Kc30KaNqQc41ynknvrkLOlQzNp65In0 HTTP/1.1" 200 14
201.245.192.253 - - [15/Jun/2023:06:55:23 -0500] "GET /appsia/controlador HTTP/1.1" 200 4799
201.245.192.253 - - [15/Jun/2023:06:55:23 -0500] "GET /appsia/css/estilos.css HTTP/1.1" 200 4804
201.245.192.253 - - [15/Jun/2023:06:55:23 -0500] "GET /appsia/scripts/validarIngreso.js HTTP/1.1" 200 851
201.245.192.253 - - [15/Jun/2023:06:55:23 -0500] "GET /appsia/images/cabezoteHojaVida.png HTTP/1.1" 200 32493
201.245.192.253 - - [15/Jun/2023:06:55:23 -0500] "GET /appsia/images/logo_bogota_p.png HTTP/1.1" 200 14951
200.118.64.109 - - [15/Jun/2023:06:55:22 -0500] "POST /forms/lservlet;jsessionid=ac16012b30d69353862e8554449d8faa9dc2386801b1.e3iSbxaKaheRe34Kc30KaNqQc41ynknvrkLOlQzNp65In0 HTTP/1.1" 200 15
200.118.64.109 - - [15/Jun/2023:06:55:25 -0500] "POST /forms/lservlet;jsessionid=ac16012b30d69353862e8554449d8faa9dc2386801b1.e3iSbxaKaheRe34Kc30KaNqQc41ynknvrkLOlQzNp65In0 HTTP/1.1" 200 15
200.118.64.109 - - [15/Jun/2023:06:55:29 -0500] "POST /forms/lservlet;jsessionid=ac16012b30d69353862e8554449d8faa9dc2386801b1.e3iSbxaKaheRe34Kc30KaNqQc41ynknvrkLOlQzNp65In0 HTTP/1.1" 200 15
201.245.192.253 - - [15/Jun/2023:06:55:34 -0500] "POST /appsia/controlador HTTP/1.1" 200 5437
200.118.64.109 - - [15/Jun/2023:06:55:36 -0500] "POST /forms/lservlet;jsessionid=ac16012b30d69353862e8554449d8faa9dc2386801b1.e3iSbxaKaheRe34Kc30KaNqQc41ynknvrkLOlQzNp65In0 HTTP/1.1" 200 15
216.245.221.92 - - [15/Jun/2023:06:55:37 -0500] "HEAD / HTTP/1.1" 200 -
201.245.192.253 - - [15/Jun/2023:06:55:38 -0500] "POST /appsia/controlador HTTP/1.1" 200 7775
201.245.192.253 - - [15/Jun/2023:06:55:40 -0500] "POST /appsia/controlador HTTP/1.1" 200 6640
201.245.192.253 - - [15/Jun/2023:06:55:41 -0500] "POST /appsia/controlador HTTP/1.1" 200 13209
200.118.64.109 - - [15/Jun/2023:06:55:45 -0500] "POST /forms/lservlet;jsessionid=ac16012b30d69353862e8554449d8faa9dc2386801b1.e3iSbxaKaheRe34Kc30KaNqQc41ynknvrkLOlQzNp65In0 HTTP/1.1" 200 15
200.118.64.109 - - [15/Jun/2023:06:55:54 -0500] "POST /forms/lservlet;jsessionid=ac16012b30d69353862e8554449d8faa9dc2386801b1.e3iSbxaKaheRe34Kc30KaNqQc41ynknvrkLOlQzNp65In0 HTTP/1.1" 200 15
172.22.2.4 - - [15/Jun/2023:06:54:21 -0500] "HEAD /BLA/boletinlegal/ HTTP/1.1" 200 -
200.118.64.109 - - [15/Jun/2023:06:56:03 -0500] "POST /forms/lservlet;jsessionid=ac16012b30d69353862e8554449d8faa9dc2386801b1.e3iSbxaKaheRe34Kc30KaNqQc41ynknvrkLOlQzNp65In0 HTTP/1.1" 200 15
200.118.64.109 - - [15/Jun/2023:06:56:12 -0500] "POST /forms/lservlet;jsessionid=ac16012b30d69353862e8554449d8faa9dc2386801b1.e3iSbxaKaheRe34Kc30KaNqQc41ynknvrkLOlQzNp65In0 HTTP/1.1" 200 15
201.245.192.253 - - [15/Jun/2023:06:56:19 -0500] "GET /appsia/controlador HTTP/1.1" 200 5437
201.245.192.253 - - [15/Jun/2023:06:56:21 -0500] "POST /appsia/controlador HTTP/1.1" 200 11697
201.245.192.253 - - [15/Jun/2023:06:56:21 -0500] "GET /appsia/images/logo_escudo.png HTTP/1.1" 200 36965
200.118.64.109 - - [15/Jun/2023:06:56:21 -0500] "POST /forms/lservlet;jsessionid=ac16012b30d69353862e8554449d8faa9dc2386801b1.e3iSbxaKaheRe34Kc30KaNqQc41ynknvrkLOlQzNp65In0 HTTP/1.1" 200 15
200.118.64.109 - - [15/Jun/2023:06:56:31 -0500] "POST /forms/lservlet;jsessionid=ac16012b30d69353862e8554449d8faa9dc2386801b1.e3iSbxaKaheRe34Kc30KaNqQc41ynknvrkLOlQzNp65In0 HTTP/1.1" 200 15
200.118.64.109 - - [15/Jun/2023:06:56:40 -0500] "POST /forms/lservlet;jsessionid=ac16012b30d69353862e8554449d8faa9dc2386801b1.e3iSbxaKaheRe34Kc30KaNqQc41ynknvrkLOlQzNp65In0 HTTP/1.1" 200 15
200.118.64.109 - - [15/Jun/2023:06:56:49 -0500] "POST /forms/lservlet;jsessionid=ac16012b30d69353862e8554449d8faa9dc2386801b1.e3iSbxaKaheRe34Kc30KaNqQc41ynknvrkLOlQzNp65In0 HTTP/1.1" 200 15
172.22.2.4 - - [15/Jun/2023:06:55:12 -0500] "GET /BLA/boletinlegal/ HTTP/1.1" 200 52495
200.118.64.109 - - [15/Jun/2023:06:56:58 -0500] "POST /forms/lservlet;jsessionid=ac16012b30d69353862e8554449d8faa9dc2386801b1.e3iSbxaKaheRe34Kc30KaNqQc41ynknvrkLOlQzNp65In0 HTTP/1.1" 200 15
200.118.64.109 - - [15/Jun/2023:06:57:07 -0500] "POST /forms/lservlet;jsessionid=ac16012b30d69353862e8554449d8faa9dc2386801b1.e3iSbxaKaheRe34Kc30KaNqQc41ynknvrkLOlQzNp65In0 HTTP/1.1" 200 15
200.118.64.109 - - [15/Jun/2023:06:57:13 -0500] "GET /forms/frmservlet?config=sia HTTP/1.1" 200 4046
200.118.64.109 - - [15/Jun/2023:06:57:14 -0500] "GET /forms/frmservlet?config=sia HTTP/1.1" 200 4046
200.118.64.109 - - [15/Jun/2023:06:57:14 -0500] "GET /forms/java/oracle/forms/registry/Registry.dat HTTP/1.1" 200 4213
200.118.64.109 - - [15/Jun/2023:06:57:14 -0500] "GET /forms/java/oracle/forms/registry/default.dat HTTP/1.1" 404 350
200.118.64.109 - - [15/Jun/2023:06:57:15 -0500] "GET /forms/frmservlet?config=sia&acceptLanguage=en-us,en;q=0.5&ifcmd=startsession HTTP/1.1" 200 118
200.118.64.109 - - [15/Jun/2023:06:57:15 -0500] "GET /forms/lservlet;jsessionid=ac16012b30d616afc1a3b59a4812b71abd7b36b07bb1.e3iSbxaKaheRe34Kc30KaNqQc41ynknvrkLOlQzNp65In0?ifcmd=getinfo HTTP/1.1" 200 8
200.118.64.109 - - [15/Jun/2023:06:57:15 -0500] "POST /forms/lservlet;jsessionid=ac16012b30d616afc1a3b59a4812b71abd7b36b07bb1.e3iSbxaKaheRe34Kc30KaNqQc41ynknvrkLOlQzNp65In0 HTTP/1.1" 200 8
200.118.64.109 - - [15/Jun/2023:06:57:16 -0500] "POST /forms/lservlet;jsessionid=ac16012b30d616afc1a3b59a4812b71abd7b36b07bb1.e3iSbxaKaheRe34Kc30KaNqQc41ynknvrkLOlQzNp65In0 HTTP/1.1" 200 64000
200.118.64.109 - - [15/Jun/2023:06:57:17 -0500] "HEAD /imagenes/dama_logo.gif HTTP/1.1" 200 -
200.118.64.109 - - [15/Jun/2023:06:57:17 -0500] "POST /forms/lservlet;jsessionid=ac16012b30d616afc1a3b59a4812b71abd7b36b07bb1.e3iSbxaKaheRe34Kc30KaNqQc41ynknvrkLOlQzNp65In0 HTTP/1.1" 200 64000
200.118.64.109 - - [15/Jun/2023:06:57:17 -0500] "POST /forms/lservlet;jsessionid=ac16012b30d616afc1a3b59a4812b71abd7b36b07bb1.e3iSbxaKaheRe34Kc30KaNqQc41ynknvrkLOlQzNp65In0 HTTP/1.1" 200 63623
200.118.64.109 - - [15/Jun/2023:06:57:16 -0500] "POST /forms/lservlet;jsessionid=ac16012b30d69353862e8554449d8faa9dc2386801b1.e3iSbxaKaheRe34Kc30KaNqQc41ynknvrkLOlQzNp65In0 HTTP/1.1" 200 15
200.118.64.109 - - [15/Jun/2023:06:57:17 -0500] "POST /forms/lservlet;jsessionid=ac16012b30d616afc1a3b59a4812b71abd7b36b07bb1.e3iSbxaKaheRe34Kc30KaNqQc41ynknvrkLOlQzNp65In0 HTTP/1.1" 200 2
200.118.64.109 - - [15/Jun/2023:06:57:25 -0500] "POST /forms/lservlet;jsessionid=ac16012b30d69353862e8554449d8faa9dc2386801b1.e3iSbxaKaheRe34Kc30KaNqQc41ynknvrkLOlQzNp65In0 HTTP/1.1" 200 15
200.118.64.109 - - [15/Jun/2023:06:57:28 -0500] "POST /forms/lservlet;jsessionid=ac16012b30d616afc1a3b59a4812b71abd7b36b07bb1.e3iSbxaKaheRe34Kc30KaNqQc41ynknvrkLOlQzNp65In0 HTTP/1.1" 200 222
200.118.64.109 - - [15/Jun/2023:06:57:30 -0500] "POST /forms/lservlet;jsessionid=ac16012b30d616afc1a3b59a4812b71abd7b36b07bb1.e3iSbxaKaheRe34Kc30KaNqQc41ynknvrkLOlQzNp65In0 HTTP/1.1" 200 40
200.118.64.109 - - [15/Jun/2023:06:57:34 -0500] "POST /forms/lservlet;jsessionid=ac16012b30d69353862e8554449d8faa9dc2386801b1.e3iSbxaKaheRe34Kc30KaNqQc41ynknvrkLOlQzNp65In0 HTTP/1.1" 200 15
200.118.64.109 - - [15/Jun/2023:06:57:39 -0500] "POST /forms/lservlet;jsessionid=ac16012b30d616afc1a3b59a4812b71abd7b36b07bb1.e3iSbxaKaheRe34Kc30KaNqQc41ynknvrkLOlQzNp65In0 HTTP/1.1" 200 7886
200.118.64.109 - - [15/Jun/2023:06:57:39 -0500] "POST /forms/lservlet;jsessionid=ac16012b30d616afc1a3b59a4812b71abd7b36b07bb1.e3iSbxaKaheRe34Kc30KaNqQc41ynknvrkLOlQzNp65In0 HTTP/1.1" 200 64
200.118.64.109 - - [15/Jun/2023:06:57:40 -0500] "POST /forms/lservlet;jsessionid=ac16012b30d616afc1a3b59a4812b71abd7b36b07bb1.e3iSbxaKaheRe34Kc30KaNqQc41ynknvrkLOlQzNp65In0 HTTP/1.1" 200 2
200.118.64.109 - - [15/Jun/2023:06:57:40 -0500] "POST /forms/lservlet;jsessionid=ac16012b30d616afc1a3b59a4812b71abd7b36b07bb1.e3iSbxaKaheRe34Kc30KaNqQc41ynknvrkLOlQzNp65In0 HTTP/1.1" 200 2
200.118.64.109 - - [15/Jun/2023:06:57:40 -0500] "POST /forms/lservlet;jsessionid=ac16012b30d616afc1a3b59a4812b71abd7b36b07bb1.e3iSbxaKaheRe34Kc30KaNqQc41ynknvrkLOlQzNp65In0 HTTP/1.1" 200 2
200.118.64.109 - - [15/Jun/2023:06:57:43 -0500] "POST /forms/lservlet;jsessionid=ac16012b30d616afc1a3b59a4812b71abd7b36b07bb1.e3iSbxaKaheRe34Kc30KaNqQc41ynknvrkLOlQzNp65In0 HTTP/1.1" 200 34714
200.118.64.109 - - [15/Jun/2023:06:57:43 -0500] "GET /imagenes/listval.gif HTTP/1.1" 200 905
200.118.64.109 - - [15/Jun/2023:06:57:43 -0500] "GET /imagenes/rt_quer3.gif HTTP/1.1" 200 939
200.118.64.109 - - [15/Jun/2023:06:57:43 -0500] "GET /imagenes/rt_pset.gif HTTP/1.1" 200 914
200.118.64.109 - - [15/Jun/2023:06:57:43 -0500] "POST /forms/lservlet;jsessionid=ac16012b30d616afc1a3b59a4812b71abd7b36b07bb1.e3iSbxaKaheRe34Kc30KaNqQc41ynknvrkLOlQzNp65In0 HTTP/1.1" 200 7
200.118.64.109 - - [15/Jun/2023:06:57:43 -0500] "POST /forms/lservlet;jsessionid=ac16012b30d616afc1a3b59a4812b71abd7b36b07bb1.e3iSbxaKaheRe34Kc30KaNqQc41ynknvrkLOlQzNp65In0 HTTP/1.1" 200 34
200.118.64.109 - - [15/Jun/2023:06:57:44 -0500] "POST /forms/lservlet;jsessionid=ac16012b30d616afc1a3b59a4812b71abd7b36b07bb1.e3iSbxaKaheRe34Kc30KaNqQc41ynknvrkLOlQzNp65In0 HTTP/1.1" 200 2
200.118.64.109 - - [15/Jun/2023:06:57:43 -0500] "POST /forms/lservlet;jsessionid=ac16012b30d69353862e8554449d8faa9dc2386801b1.e3iSbxaKaheRe34Kc30KaNqQc41ynknvrkLOlQzNp65In0 HTTP/1.1" 200 15
200.118.64.109 - - [15/Jun/2023:06:57:45 -0500] "POST /forms/lservlet;jsessionid=ac16012b30d616afc1a3b59a4812b71abd7b36b07bb1.e3iSbxaKaheRe34Kc30KaNqQc41ynknvrkLOlQzNp65In0 HTTP/1.1" 200 2
200.118.64.109 - - [15/Jun/2023:06:57:45 -0500] "POST /forms/lservlet;jsessionid=ac16012b30d616afc1a3b59a4812b71abd7b36b07bb1.e3iSbxaKaheRe34Kc30KaNqQc41ynknvrkLOlQzNp65In0 HTTP/1.1" 200 699
200.118.64.109 - - [15/Jun/2023:06:57:45 -0500] "GET /imagenes/Srch_frw.gif HTTP/1.1" 200 925
200.118.64.109 - - [15/Jun/2023:06:57:45 -0500] "POST /forms/lservlet;jsessionid=ac16012b30d616afc1a3b59a4812b71abd7b36b07bb1.e3iSbxaKaheRe34Kc30KaNqQc41ynknvrkLOlQzNp65In0 HTTP/1.1" 200 10
66.249.73.67 - - [15/Jun/2023:06:57:49 -0500] "-" 408 -
200.118.64.109 - - [15/Jun/2023:06:57:52 -0500] "POST /forms/lservlet;jsessionid=ac16012b30d69353862e8554449d8faa9dc2386801b1.e3iSbxaKaheRe34Kc30KaNqQc41ynknvrkLOlQzNp65In0 HTTP/1.1" 200 15
200.118.64.109 - - [15/Jun/2023:06:58:01 -0500] "POST /forms/lservlet;jsessionid=ac16012b30d69353862e8554449d8faa9dc2386801b1.e3iSbxaKaheRe34Kc30KaNqQc41ynknvrkLOlQzNp65In0 HTTP/1.1" 200 15
162.55.175.158 - - [15/Jun/2023:06:58:03 -0500] "GET / HTTP/1.1" 200 319
162.55.175.158 - - [15/Jun/2023:06:58:03 -0500] "GET / HTTP/1.1" 200 4720
200.118.64.109 - - [15/Jun/2023:06:58:10 -0500] "POST /forms/lservlet;jsessionid=ac16012b30d69353862e8554449d8faa9dc2386801b1.e3iSbxaKaheRe34Kc30KaNqQc41ynknvrkLOlQzNp65In0 HTTP/1.1" 200 15
201.245.192.253 - - [15/Jun/2023:06:58:16 -0500] "POST /kwsrmcab/Wsrmcab  HTTP/1.1" 200 40957
200.118.64.109 - - [15/Jun/2023:06:58:20 -0500] "POST /forms/lservlet;jsessionid=ac16012b30d69353862e8554449d8faa9dc2386801b1.e3iSbxaKaheRe34Kc30KaNqQc41ynknvrkLOlQzNp65In0 HTTP/1.1" 200 15
200.118.64.109 - - [15/Jun/2023:06:58:29 -0500] "POST /forms/lservlet;jsessionid=ac16012b30d69353862e8554449d8faa9dc2386801b1.e3iSbxaKaheRe34Kc30KaNqQc41ynknvrkLOlQzNp65In0 HTTP/1.1" 200 15
201.245.192.253 - - [15/Jun/2023:06:58:30 -0500] "GET /appsia/images/logo_escudo.png HTTP/1.1" 200 36965
201.245.192.253 - - [15/Jun/2023:06:58:30 -0500] "GET /appsia/images/logo_bogota_p.png HTTP/1.1" 200 14951
200.118.64.109 - - [15/Jun/2023:06:58:38 -0500] "POST /forms/lservlet;jsessionid=ac16012b30d69353862e8554449d8faa9dc2386801b1.e3iSbxaKaheRe34Kc30KaNqQc41ynknvrkLOlQzNp65In0 HTTP/1.1" 200 15
200.118.64.109 - - [15/Jun/2023:06:58:47 -0500] "POST /forms/lservlet;jsessionid=ac16012b30d69353862e8554449d8faa9dc2386801b1.e3iSbxaKaheRe34Kc30KaNqQc41ynknvrkLOlQzNp65In0 HTTP/1.1" 200 15
200.118.64.109 - - [15/Jun/2023:06:58:56 -0500] "POST /forms/lservlet;jsessionid=ac16012b30d69353862e8554449d8faa9dc2386801b1.e3iSbxaKaheRe34Kc30KaNqQc41ynknvrkLOlQzNp65In0 HTTP/1.1" 200 15
200.118.64.109 - - [15/Jun/2023:06:58:57 -0500] "POST /forms/lservlet;jsessionid=ac16012b30d616afc1a3b59a4812b71abd7b36b07bb1.e3iSbxaKaheRe34Kc30KaNqQc41ynknvrkLOlQzNp65In0 HTTP/1.1" 200 24
200.118.64.109 - - [15/Jun/2023:06:58:57 -0500] "POST /forms/lservlet;jsessionid=ac16012b30d616afc1a3b59a4812b71abd7b36b07bb1.e3iSbxaKaheRe34Kc30KaNqQc41ynknvrkLOlQzNp65In0 HTTP/1.1" 200 14
200.118.64.109 - - [15/Jun/2023:06:58:58 -0500] "POST /forms/lservlet;jsessionid=ac16012b30d616afc1a3b59a4812b71abd7b36b07bb1.e3iSbxaKaheRe34Kc30KaNqQc41ynknvrkLOlQzNp65In0 HTTP/1.1" 200 4310
200.118.64.109 - - [15/Jun/2023:06:58:59 -0500] "POST /forms/lservlet;jsessionid=ac16012b30d616afc1a3b59a4812b71abd7b36b07bb1.e3iSbxaKaheRe34Kc30KaNqQc41ynknvrkLOlQzNp65In0 HTTP/1.1" 200 2
200.118.64.109 - - [15/Jun/2023:06:59:01 -0500] "POST /forms/lservlet;jsessionid=ac16012b30d616afc1a3b59a4812b71abd7b36b07bb1.e3iSbxaKaheRe34Kc30KaNqQc41ynknvrkLOlQzNp65In0 HTTP/1.1" 200 10
200.118.64.109 - - [15/Jun/2023:06:59:01 -0500] "POST /forms/lservlet;jsessionid=ac16012b30d616afc1a3b59a4812b71abd7b36b07bb1.e3iSbxaKaheRe34Kc30KaNqQc41ynknvrkLOlQzNp65In0 HTTP/1.1" 200 29982
200.118.64.109 - - [15/Jun/2023:06:59:02 -0500] "GET /imagenes/rt_print.gif HTTP/1.1" 200 916
200.118.64.109 - - [15/Jun/2023:06:59:02 -0500] "POST /forms/lservlet;jsessionid=ac16012b30d616afc1a3b59a4812b71abd7b36b07bb1.e3iSbxaKaheRe34Kc30KaNqQc41ynknvrkLOlQzNp65In0 HTTP/1.1" 200 7
200.118.64.109 - - [15/Jun/2023:06:59:02 -0500] "POST /forms/lservlet;jsessionid=ac16012b30d616afc1a3b59a4812b71abd7b36b07bb1.e3iSbxaKaheRe34Kc30KaNqQc41ynknvrkLOlQzNp65In0 HTTP/1.1" 200 27
200.118.64.109 - - [15/Jun/2023:06:59:03 -0500] "POST /forms/lservlet;jsessionid=ac16012b30d616afc1a3b59a4812b71abd7b36b07bb1.e3iSbxaKaheRe34Kc30KaNqQc41ynknvrkLOlQzNp65In0 HTTP/1.1" 200 2
200.118.64.109 - - [15/Jun/2023:06:59:04 -0500] "POST /forms/lservlet;jsessionid=ac16012b30d616afc1a3b59a4812b71abd7b36b07bb1.e3iSbxaKaheRe34Kc30KaNqQc41ynknvrkLOlQzNp65In0 HTTP/1.1" 200 7
200.118.64.109 - - [15/Jun/2023:06:59:04 -0500] "GET /imagenes/open.gif HTTP/1.1" 200 919
200.118.64.109 - - [15/Jun/2023:06:59:05 -0500] "POST /forms/lservlet;jsessionid=ac16012b30d69353862e8554449d8faa9dc2386801b1.e3iSbxaKaheRe34Kc30KaNqQc41ynknvrkLOlQzNp65In0 HTTP/1.1" 200 15
200.118.64.109 - - [15/Jun/2023:06:59:08 -0500] "POST /forms/lservlet;jsessionid=ac16012b30d616afc1a3b59a4812b71abd7b36b07bb1.e3iSbxaKaheRe34Kc30KaNqQc41ynknvrkLOlQzNp65In0 HTTP/1.1" 200 7
200.118.64.109 - - [15/Jun/2023:06:59:10 -0500] "POST /forms/lservlet;jsessionid=ac16012b30d616afc1a3b59a4812b71abd7b36b07bb1.e3iSbxaKaheRe34Kc30KaNqQc41ynknvrkLOlQzNp65In0 HTTP/1.1" 200 7
200.118.64.109 - - [15/Jun/2023:06:59:14 -0500] "POST /forms/lservlet;jsessionid=ac16012b30d69353862e8554449d8faa9dc2386801b1.e3iSbxaKaheRe34Kc30KaNqQc41ynknvrkLOlQzNp65In0 HTTP/1.1" 200 15
200.118.64.109 - - [15/Jun/2023:06:59:16 -0500] "POST /forms/lservlet;jsessionid=ac16012b30d616afc1a3b59a4812b71abd7b36b07bb1.e3iSbxaKaheRe34Kc30KaNqQc41ynknvrkLOlQzNp65In0 HTTP/1.1" 200 2
200.118.64.109 - - [15/Jun/2023:06:59:18 -0500] "POST /forms/lservlet;jsessionid=ac16012b30d616afc1a3b59a4812b71abd7b36b07bb1.e3iSbxaKaheRe34Kc30KaNqQc41ynknvrkLOlQzNp65In0 HTTP/1.1" 200 7
