172.22.2.4 - - [15/Jun/2023:08:58:19 -0500] "GET /BLA/boletinlegal/consulta_actos.php?tipo=resoluciones&no=0254&usuario=&sector=PEV&fecha=2016&resuelve= HTTP/1.1" 200 626
191.109.191.55 - - [15/Jun/2023:08:58:20 -0500] "POST /sipse/faces/bienvenido.xhtml HTTP/1.1" 200 2677
191.109.191.55 - - [15/Jun/2023:08:58:21 -0500] "POST /sipse/faces/bienvenido.xhtml HTTP/1.1" 200 38974
191.109.191.55 - - [15/Jun/2023:08:58:21 -0500] "GET /sipse/faces/javax.faces.resource/theme.css?ln=primefaces-sipse HTTP/1.1" 304 -
191.109.191.55 - - [15/Jun/2023:08:58:21 -0500] "GET /sipse/faces/javax.faces.resource/layout/layout.css?ln=primefaces&v=4.0 HTTP/1.1" 304 -
191.109.191.55 - - [15/Jun/2023:08:58:21 -0500] "GET /sipse/faces/javax.faces.resource/primefaces.css?ln=primefaces&v=4.0 HTTP/1.1" 304 -
191.109.191.55 - - [15/Jun/2023:08:58:21 -0500] "GET /sipse/faces/javax.faces.resource/jquery/jquery.js?ln=primefaces&v=4.0 HTTP/1.1" 304 -
191.109.191.55 - - [15/Jun/2023:08:58:21 -0500] "GET /sipse/faces/javax.faces.resource/jquery/jquery-plugins.js?ln=primefaces&v=4.0 HTTP/1.1" 304 -
191.109.191.55 - - [15/Jun/2023:08:58:21 -0500] "GET /sipse/faces/javax.faces.resource/primefaces.js?ln=primefaces&v=4.0 HTTP/1.1" 304 -
191.109.191.55 - - [15/Jun/2023:08:58:21 -0500] "GET /sipse/faces/javax.faces.resource/layout/layout.js?ln=primefaces&v=4.0 HTTP/1.1" 304 -
201.245.192.253 - - [15/Jun/2023:08:58:22 -0500] "POST /sipse/faces/presentacion/financiero/solicitudProceso/consultarSolicitudProceso.xhtml HTTP/1.1" 200 40997
201.245.192.253 - - [15/Jun/2023:08:58:22 -0500] "GET /sipse/faces/javax.faces.resource/primefaces.css?ln=primefaces&v=4.0 HTTP/1.1" 304 -
201.245.192.253 - - [15/Jun/2023:08:58:22 -0500] "GET /sipse/faces/javax.faces.resource/theme.css?ln=primefaces-sipse HTTP/1.1" 304 -
201.245.192.253 - - [15/Jun/2023:08:58:22 -0500] "GET /sipse/faces/javax.faces.resource/layout/layout.css?ln=primefaces&v=4.0 HTTP/1.1" 304 -
201.245.192.253 - - [15/Jun/2023:08:58:22 -0500] "GET /sipse/faces/javax.faces.resource/jquery/jquery.js?ln=primefaces&v=4.0 HTTP/1.1" 304 -
201.245.192.253 - - [15/Jun/2023:08:58:22 -0500] "GET /sipse/faces/javax.faces.resource/jquery/jquery-plugins.js?ln=primefaces&v=4.0 HTTP/1.1" 304 -
201.245.192.253 - - [15/Jun/2023:08:58:22 -0500] "GET /sipse/faces/javax.faces.resource/primefaces.js?ln=primefaces&v=4.0 HTTP/1.1" 304 -
201.245.192.253 - - [15/Jun/2023:08:58:22 -0500] "GET /sipse/faces/javax.faces.resource/layout/layout.js?ln=primefaces&v=4.0 HTTP/1.1" 304 -
172.22.2.4 - - [15/Jun/2023:08:58:22 -0500] "GET /BLA/boletinlegal/consulta_actos.php?tipo=resoluciones&no=0254&usuario=&sector=PEV&fecha=2017&resuelve= HTTP/1.1" 200 626
200.118.64.109 - - [15/Jun/2023:08:58:22 -0500] "POST /forms/lservlet;jsessionid=ac16012b30d670d56d8dad334082a2b2e22731dd9274.e3iSbxaKaheRe34Kc30KaNqQc41ynknvrkLOlQzNp65In0 HTTP/1.1" 200 15
200.118.64.109 - - [15/Jun/2023:08:58:23 -0500] "POST /forms/lservlet;jsessionid=ac16012b30d61f8d11dcb1fa43fabef9ba87a36b8abc.e3iSbxaKaheRe34Kc30KaNqQc41ynknvrkLOlQzNp65In0 HTTP/1.1" 200 15
201.245.192.253 - - [15/Jun/2023:08:58:24 -0500] "POST /sipse/faces/presentacion/financiero/modificacionContrato/cargarModifiacion.xhtml HTTP/1.1" 200 112799
201.245.192.253 - - [15/Jun/2023:08:58:25 -0500] "GET /sipse/faces/javax.faces.resource/theme.css?ln=primefaces-sipse HTTP/1.1" 304 -
201.245.192.253 - - [15/Jun/2023:08:58:25 -0500] "GET /sipse/faces/javax.faces.resource/primefaces.css?ln=primefaces&v=4.0 HTTP/1.1" 304 -
201.245.192.253 - - [15/Jun/2023:08:58:25 -0500] "GET /sipse/faces/javax.faces.resource/layout/layout.css?ln=primefaces&v=4.0 HTTP/1.1" 304 -
201.245.192.253 - - [15/Jun/2023:08:58:25 -0500] "GET /sipse/faces/javax.faces.resource/jquery/jquery.js?ln=primefaces&v=4.0 HTTP/1.1" 304 -
201.245.192.253 - - [15/Jun/2023:08:58:25 -0500] "GET /sipse/faces/javax.faces.resource/jquery/jquery-plugins.js?ln=primefaces&v=4.0 HTTP/1.1" 304 -
201.245.192.253 - - [15/Jun/2023:08:58:25 -0500] "GET /sipse/faces/javax.faces.resource/primefaces.js?ln=primefaces&v=4.0 HTTP/1.1" 304 -
201.245.192.253 - - [15/Jun/2023:08:58:25 -0500] "GET /sipse/faces/javax.faces.resource/layout/layout.js?ln=primefaces&v=4.0 HTTP/1.1" 304 -
201.245.192.253 - - [15/Jun/2023:08:58:25 -0500] "GET /sipse/faces/javax.faces.resource/dynamiccontent.properties?ln=primefaces&pfdrid=XjOR5%2F%2FfPAZAuY9TpWQeCiM0BhlXxYRBGKi%2FQcXXfeA%3D&pfdrid_c=false HTTP/1.1" 500 383
191.109.191.55 - - [15/Jun/2023:08:58:25 -0500] "POST /sipse/faces/presentacion/financiero/solicitudProceso/consultar.xhtml HTTP/1.1" 200 12912
172.22.2.4 - - [15/Jun/2023:08:58:26 -0500] "GET /BLA/boletinlegal/consulta_actos.php?tipo=resoluciones&no=0254&usuario=&sector=PEV&fecha=2018&resuelve= HTTP/1.1" 200 626
172.22.2.4 - - [15/Jun/2023:08:58:29 -0500] "GET /BLA/boletinlegal/consulta_actos.php?tipo=resoluciones&no=0254&usuario=&sector=PEV&fecha=2019&resuelve= HTTP/1.1" 200 626
172.22.2.4 - - [15/Jun/2023:08:56:51 -0500] "HEAD /BLA/boletinlegal/ HTTP/1.1" 200 -
201.245.192.253 - - [15/Jun/2023:08:58:32 -0500] "POST /sipse/faces/presentacion/financiero/solicitudProceso/consultarSolicitudProceso.xhtml HTTP/1.1" 200 205076
200.118.64.109 - - [15/Jun/2023:08:58:31 -0500] "POST /forms/lservlet;jsessionid=ac16012b30d670d56d8dad334082a2b2e22731dd9274.e3iSbxaKaheRe34Kc30KaNqQc41ynknvrkLOlQzNp65In0 HTTP/1.1" 200 15
200.118.64.109 - - [15/Jun/2023:08:58:32 -0500] "POST /forms/lservlet;jsessionid=ac16012b30d61f8d11dcb1fa43fabef9ba87a36b8abc.e3iSbxaKaheRe34Kc30KaNqQc41ynknvrkLOlQzNp65In0 HTTP/1.1" 200 15
172.22.2.4 - - [15/Jun/2023:08:58:34 -0500] "GET /BLA/boletinlegal/consulta_actos.php?tipo=resoluciones&no=0254&usuario=&sector=PEV&fecha=2020&resuelve= HTTP/1.1" 200 1875
201.245.192.253 - - [15/Jun/2023:08:58:36 -0500] "POST /sipse/faces/presentacion/financiero/solicitudProceso/consultarSolicitudProceso.xhtml HTTP/1.1" 200 40997
201.245.192.253 - - [15/Jun/2023:08:58:36 -0500] "GET /sipse/faces/javax.faces.resource/primefaces.css?ln=primefaces&v=4.0 HTTP/1.1" 304 -
201.245.192.253 - - [15/Jun/2023:08:58:36 -0500] "GET /sipse/faces/javax.faces.resource/theme.css?ln=primefaces-sipse HTTP/1.1" 304 -
201.245.192.253 - - [15/Jun/2023:08:58:36 -0500] "GET /sipse/faces/javax.faces.resource/layout/layout.css?ln=primefaces&v=4.0 HTTP/1.1" 304 -
201.245.192.253 - - [15/Jun/2023:08:58:36 -0500] "GET /sipse/faces/javax.faces.resource/jquery/jquery.js?ln=primefaces&v=4.0 HTTP/1.1" 304 -
201.245.192.253 - - [15/Jun/2023:08:58:36 -0500] "GET /sipse/faces/javax.faces.resource/jquery/jquery-plugins.js?ln=primefaces&v=4.0 HTTP/1.1" 304 -
201.245.192.253 - - [15/Jun/2023:08:58:36 -0500] "GET /sipse/faces/javax.faces.resource/primefaces.js?ln=primefaces&v=4.0 HTTP/1.1" 304 -
201.245.192.253 - - [15/Jun/2023:08:58:36 -0500] "GET /sipse/faces/javax.faces.resource/layout/layout.js?ln=primefaces&v=4.0 HTTP/1.1" 304 -
190.67.211.247 - - [15/Jun/2023:08:58:39 -0500] "GET /BLA/resoluciones/RESOLUCIONES%202020/0254.pdf HTTP/1.1" 200 1330894
200.118.64.109 - - [15/Jun/2023:08:58:41 -0500] "POST /forms/lservlet;jsessionid=ac16012b30d670d56d8dad334082a2b2e22731dd9274.e3iSbxaKaheRe34Kc30KaNqQc41ynknvrkLOlQzNp65In0 HTTP/1.1" 200 15
200.118.64.109 - - [15/Jun/2023:08:58:42 -0500] "POST /forms/lservlet;jsessionid=ac16012b30d61f8d11dcb1fa43fabef9ba87a36b8abc.e3iSbxaKaheRe34Kc30KaNqQc41ynknvrkLOlQzNp65In0 HTTP/1.1" 200 15
201.245.192.253 - - [15/Jun/2023:08:58:43 -0500] "POST /sipse/faces/presentacion/financiero/solicitudAnulacion/registrarSolicitudAnulacion.xhtml HTTP/1.1" 200 3056
200.118.64.109 - - [15/Jun/2023:08:58:50 -0500] "POST /forms/lservlet;jsessionid=ac16012b30d670d56d8dad334082a2b2e22731dd9274.e3iSbxaKaheRe34Kc30KaNqQc41ynknvrkLOlQzNp65In0 HTTP/1.1" 200 15
200.118.64.109 - - [15/Jun/2023:08:58:51 -0500] "POST /forms/lservlet;jsessionid=ac16012b30d61f8d11dcb1fa43fabef9ba87a36b8abc.e3iSbxaKaheRe34Kc30KaNqQc41ynknvrkLOlQzNp65In0 HTTP/1.1" 200 15
201.245.192.253 - - [15/Jun/2023:08:58:57 -0500] "POST /sipse/faces/presentacion/financiero/modificacionContrato/cargarModifiacion.xhtml HTTP/1.1" 200 112799
201.245.192.253 - - [15/Jun/2023:08:58:57 -0500] "GET /sipse/faces/javax.faces.resource/theme.css?ln=primefaces-sipse HTTP/1.1" 304 -
201.245.192.253 - - [15/Jun/2023:08:58:57 -0500] "GET /sipse/faces/javax.faces.resource/primefaces.css?ln=primefaces&v=4.0 HTTP/1.1" 304 -
201.245.192.253 - - [15/Jun/2023:08:58:57 -0500] "GET /sipse/faces/javax.faces.resource/layout/layout.css?ln=primefaces&v=4.0 HTTP/1.1" 304 -
201.245.192.253 - - [15/Jun/2023:08:58:57 -0500] "GET /sipse/faces/javax.faces.resource/jquery/jquery.js?ln=primefaces&v=4.0 HTTP/1.1" 304 -
201.245.192.253 - - [15/Jun/2023:08:58:57 -0500] "GET /sipse/faces/javax.faces.resource/jquery/jquery-plugins.js?ln=primefaces&v=4.0 HTTP/1.1" 304 -
201.245.192.253 - - [15/Jun/2023:08:58:57 -0500] "GET /sipse/faces/javax.faces.resource/primefaces.js?ln=primefaces&v=4.0 HTTP/1.1" 304 -
201.245.192.253 - - [15/Jun/2023:08:58:57 -0500] "GET /sipse/faces/javax.faces.resource/layout/layout.js?ln=primefaces&v=4.0 HTTP/1.1" 304 -
201.245.192.253 - - [15/Jun/2023:08:58:58 -0500] "GET /sipse/faces/javax.faces.resource/dynamiccontent.properties?ln=primefaces&pfdrid=XjOR5%2F%2FfPAZAuY9TpWQeCiM0BhlXxYRBGKi%2FQcXXfeA%3D&pfdrid_c=false HTTP/1.1" 500 383
200.118.64.109 - - [15/Jun/2023:08:58:59 -0500] "POST /forms/lservlet;jsessionid=ac16012b30d670d56d8dad334082a2b2e22731dd9274.e3iSbxaKaheRe34Kc30KaNqQc41ynknvrkLOlQzNp65In0 HTTP/1.1" 200 15
200.118.64.109 - - [15/Jun/2023:08:59:00 -0500] "POST /forms/lservlet;jsessionid=ac16012b30d61f8d11dcb1fa43fabef9ba87a36b8abc.e3iSbxaKaheRe34Kc30KaNqQc41ynknvrkLOlQzNp65In0 HTTP/1.1" 200 15
201.245.192.253 - - [15/Jun/2023:08:59:01 -0500] "POST /sipse/faces/presentacion/financiero/solicitudProceso/consultarSolicitudProceso.xhtml HTTP/1.1" 200 66914
201.245.192.253 - - [15/Jun/2023:08:59:01 -0500] "GET /sipse/faces/javax.faces.resource/theme.css?ln=primefaces-sipse HTTP/1.1" 304 -
201.245.192.253 - - [15/Jun/2023:08:59:01 -0500] "GET /sipse/faces/javax.faces.resource/primefaces.css?ln=primefaces&v=4.0 HTTP/1.1" 304 -
201.245.192.253 - - [15/Jun/2023:08:59:01 -0500] "GET /sipse/faces/javax.faces.resource/jquery/jquery-plugins.js?ln=primefaces&v=4.0 HTTP/1.1" 304 -
201.245.192.253 - - [15/Jun/2023:08:59:01 -0500] "GET /sipse/faces/javax.faces.resource/layout/layout.css?ln=primefaces&v=4.0 HTTP/1.1" 304 -
201.245.192.253 - - [15/Jun/2023:08:59:01 -0500] "GET /sipse/faces/javax.faces.resource/jquery/jquery.js?ln=primefaces&v=4.0 HTTP/1.1" 304 -
201.245.192.253 - - [15/Jun/2023:08:59:01 -0500] "GET /sipse/faces/javax.faces.resource/primefaces.js?ln=primefaces&v=4.0 HTTP/1.1" 304 -
201.245.192.253 - - [15/Jun/2023:08:59:01 -0500] "GET /sipse/faces/javax.faces.resource/layout/layout.js?ln=primefaces&v=4.0 HTTP/1.1" 304 -
201.245.192.253 - - [15/Jun/2023:08:59:02 -0500] "POST /sipse/faces/presentacion/financiero/solicitudProceso/listarSolicitudProceso.xhtml HTTP/1.1" 200 1564
201.245.192.253 - - [15/Jun/2023:08:59:02 -0500] "POST /sipse/faces/presentacion/financiero/solicitudProceso/listarSolicitudProceso.xhtml HTTP/1.1" 200 1568
201.245.192.253 - - [15/Jun/2023:08:59:04 -0500] "POST /sipse/faces/presentacion/financiero/solicitudProceso/listarSolicitudProceso.xhtml HTTP/1.1" 200 112799
201.245.192.253 - - [15/Jun/2023:08:59:04 -0500] "GET /sipse/faces/javax.faces.resource/theme.css?ln=primefaces-sipse HTTP/1.1" 304 -
201.245.192.253 - - [15/Jun/2023:08:59:04 -0500] "GET /sipse/faces/javax.faces.resource/layout/layout.css?ln=primefaces&v=4.0 HTTP/1.1" 304 -
201.245.192.253 - - [15/Jun/2023:08:59:04 -0500] "GET /sipse/faces/javax.faces.resource/primefaces.css?ln=primefaces&v=4.0 HTTP/1.1" 304 -
201.245.192.253 - - [15/Jun/2023:08:59:04 -0500] "GET /sipse/faces/javax.faces.resource/jquery/jquery.js?ln=primefaces&v=4.0 HTTP/1.1" 304 -
201.245.192.253 - - [15/Jun/2023:08:59:04 -0500] "GET /sipse/faces/javax.faces.resource/jquery/jquery-plugins.js?ln=primefaces&v=4.0 HTTP/1.1" 304 -
201.245.192.253 - - [15/Jun/2023:08:59:04 -0500] "GET /sipse/faces/javax.faces.resource/primefaces.js?ln=primefaces&v=4.0 HTTP/1.1" 304 -
201.245.192.253 - - [15/Jun/2023:08:59:04 -0500] "GET /sipse/faces/javax.faces.resource/layout/layout.js?ln=primefaces&v=4.0 HTTP/1.1" 304 -
201.245.192.253 - - [15/Jun/2023:08:59:04 -0500] "GET /sipse/faces/javax.faces.resource/dynamiccontent.properties?ln=primefaces&pfdrid=XjOR5%2F%2FfPAZAuY9TpWQeCiM0BhlXxYRBGKi%2FQcXXfeA%3D&pfdrid_c=false HTTP/1.1" 500 383
152.200.172.17 - - [15/Jun/2023:08:59:05 -0500] "POST /appsia/controlador HTTP/1.1" 200 5437
152.200.172.17 - - [15/Jun/2023:08:59:07 -0500] "POST /appsia/controlador HTTP/1.1" 200 7797
152.200.172.17 - - [15/Jun/2023:08:59:08 -0500] "POST /appsia/controlador HTTP/1.1" 200 6662
200.118.64.109 - - [15/Jun/2023:08:59:08 -0500] "POST /forms/lservlet;jsessionid=ac16012b30d670d56d8dad334082a2b2e22731dd9274.e3iSbxaKaheRe34Kc30KaNqQc41ynknvrkLOlQzNp65In0 HTTP/1.1" 200 15
152.200.172.17 - - [15/Jun/2023:08:59:10 -0500] "POST /appsia/controlador HTTP/1.1" 200 11702
200.118.64.109 - - [15/Jun/2023:08:59:09 -0500] "POST /forms/lservlet;jsessionid=ac16012b30d61f8d11dcb1fa43fabef9ba87a36b8abc.e3iSbxaKaheRe34Kc30KaNqQc41ynknvrkLOlQzNp65In0 HTTP/1.1" 200 15
201.245.192.253 - - [15/Jun/2023:08:59:12 -0500] "POST /sipse/faces/presentacion/financiero/solicitudAnulacion/registrarSolicitudAnulacion.xhtml HTTP/1.1" 200 3068
201.245.192.253 - - [15/Jun/2023:08:59:12 -0500] "POST /sipse/faces/presentacion/financiero/solicitudAnulacion/registrarSolicitudAnulacion.xhtml HTTP/1.1" 200 31043
201.245.192.253 - - [15/Jun/2023:08:59:14 -0500] "GET /sipse/faces/javax.faces.resource/jquery/jquery.js?ln=primefaces&v=4.0 HTTP/1.1" 304 -
201.245.192.253 - - [15/Jun/2023:08:59:14 -0500] "GET /sipse/faces/javax.faces.resource/jquery/jquery-plugins.js?ln=primefaces&v=4.0 HTTP/1.1" 304 -
201.245.192.253 - - [15/Jun/2023:08:59:14 -0500] "GET /sipse/faces/javax.faces.resource/primefaces.js?ln=primefaces&v=4.0 HTTP/1.1" 304 -
201.245.192.253 - - [15/Jun/2023:08:59:14 -0500] "GET /sipse/faces/javax.faces.resource/layout/layout.js?ln=primefaces&v=4.0 HTTP/1.1" 304 -
201.245.192.253 - - [15/Jun/2023:08:59:14 -0500] "POST /sipse/faces/presentacion/financiero/solicitudProceso/consultarSolicitudProceso.xhtml HTTP/1.1" 200 40997
201.245.192.253 - - [15/Jun/2023:08:59:14 -0500] "GET /sipse/faces/javax.faces.resource/theme.css?ln=primefaces-sipse HTTP/1.1" 304 -
201.245.192.253 - - [15/Jun/2023:08:59:14 -0500] "GET /sipse/faces/javax.faces.resource/primefaces.css?ln=primefaces&v=4.0 HTTP/1.1" 304 -
201.245.192.253 - - [15/Jun/2023:08:59:14 -0500] "GET /sipse/faces/javax.faces.resource/layout/layout.css?ln=primefaces&v=4.0 HTTP/1.1" 304 -
201.245.192.253 - - [15/Jun/2023:08:59:14 -0500] "GET /sipse/faces/javax.faces.resource/jquery/jquery.js?ln=primefaces&v=4.0 HTTP/1.1" 304 -
201.245.192.253 - - [15/Jun/2023:08:59:14 -0500] "GET /sipse/faces/javax.faces.resource/jquery/jquery-plugins.js?ln=primefaces&v=4.0 HTTP/1.1" 304 -
201.245.192.253 - - [15/Jun/2023:08:59:14 -0500] "GET /sipse/faces/javax.faces.resource/primefaces.js?ln=primefaces&v=4.0 HTTP/1.1" 304 -
201.245.192.253 - - [15/Jun/2023:08:59:14 -0500] "GET /sipse/faces/javax.faces.resource/layout/layout.js?ln=primefaces&v=4.0 HTTP/1.1" 304 -
40.77.167.80 - - [15/Jun/2023:08:59:17 -0500] "GET /760-llantas-fueron-recolectadas-en-el-primer-dia-de-llantaton-en-bogota.html HTTP/1.1" 200 768
200.118.64.109 - - [15/Jun/2023:08:59:17 -0500] "POST /forms/lservlet;jsessionid=ac16012b30d670d56d8dad334082a2b2e22731dd9274.e3iSbxaKaheRe34Kc30KaNqQc41ynknvrkLOlQzNp65In0 HTTP/1.1" 200 15
201.245.192.253 - - [15/Jun/2023:08:59:15 -0500] "POST /sipse/faces/presentacion/financiero/solicitudAnulacion/solicitudAnulacion.xhtml HTTP/1.1" 200 55894
200.118.64.109 - - [15/Jun/2023:08:59:18 -0500] "POST /forms/lservlet;jsessionid=ac16012b30d61f8d11dcb1fa43fabef9ba87a36b8abc.e3iSbxaKaheRe34Kc30KaNqQc41ynknvrkLOlQzNp65In0 HTTP/1.1" 200 15
152.200.172.17 - - [15/Jun/2023:08:59:20 -0500] "POST /appsia/controlador HTTP/1.1" 200 76037
201.245.192.253 - - [15/Jun/2023:08:59:21 -0500] "POST /sipse/faces/presentacion/financiero/solicitudAnulacion/solicitudAnulacion.xhtml HTTP/1.1" 200 38523
172.22.2.4 - - [15/Jun/2023:08:57:42 -0500] "GET /BLA/boletinlegal/ HTTP/1.1" 200 52855
200.118.64.109 - - [15/Jun/2023:08:59:26 -0500] "POST /forms/lservlet;jsessionid=ac16012b30d670d56d8dad334082a2b2e22731dd9274.e3iSbxaKaheRe34Kc30KaNqQc41ynknvrkLOlQzNp65In0 HTTP/1.1" 200 15
200.118.64.109 - - [15/Jun/2023:08:59:27 -0500] "POST /forms/lservlet;jsessionid=ac16012b30d61f8d11dcb1fa43fabef9ba87a36b8abc.e3iSbxaKaheRe34Kc30KaNqQc41ynknvrkLOlQzNp65In0 HTTP/1.1" 200 15
201.245.192.253 - - [15/Jun/2023:08:59:33 -0500] "POST /sipse/faces/presentacion/financiero/solicitudAnulacion/solicitudAnulacion.xhtml HTTP/1.1" 200 46957
201.245.192.253 - - [15/Jun/2023:08:59:34 -0500] "GET /sipse/faces/javax.faces.resource/jquery/jquery.js?ln=primefaces&v=4.0 HTTP/1.1" 304 -
201.245.192.253 - - [15/Jun/2023:08:59:34 -0500] "GET /sipse/faces/javax.faces.resource/jquery/jquery-plugins.js?ln=primefaces&v=4.0 HTTP/1.1" 304 -
201.245.192.253 - - [15/Jun/2023:08:59:34 -0500] "GET /sipse/faces/javax.faces.resource/primefaces.js?ln=primefaces&v=4.0 HTTP/1.1" 304 -
201.245.192.253 - - [15/Jun/2023:08:59:34 -0500] "GET /sipse/faces/javax.faces.resource/layout/layout.js?ln=primefaces&v=4.0 HTTP/1.1" 304 -
201.245.192.253 - - [15/Jun/2023:08:59:34 -0500] "GET /sipse/faces/javax.faces.resource/fileupload/fileupload.js?ln=primefaces&v=4.0 HTTP/1.1" 304 -
200.118.64.109 - - [15/Jun/2023:08:59:35 -0500] "POST /forms/lservlet;jsessionid=ac16012b30d670d56d8dad334082a2b2e22731dd9274.e3iSbxaKaheRe34Kc30KaNqQc41ynknvrkLOlQzNp65In0 HTTP/1.1" 200 15
200.118.64.109 - - [15/Jun/2023:08:59:36 -0500] "POST /forms/lservlet;jsessionid=ac16012b30d61f8d11dcb1fa43fabef9ba87a36b8abc.e3iSbxaKaheRe34Kc30KaNqQc41ynknvrkLOlQzNp65In0 HTTP/1.1" 200 15
200.118.64.109 - - [15/Jun/2023:08:59:44 -0500] "POST /forms/lservlet;jsessionid=ac16012b30d670d56d8dad334082a2b2e22731dd9274.e3iSbxaKaheRe34Kc30KaNqQc41ynknvrkLOlQzNp65In0 HTTP/1.1" 200 15
200.118.64.109 - - [15/Jun/2023:08:59:45 -0500] "POST /forms/lservlet;jsessionid=ac16012b30d61f8d11dcb1fa43fabef9ba87a36b8abc.e3iSbxaKaheRe34Kc30KaNqQc41ynknvrkLOlQzNp65In0 HTTP/1.1" 200 15
200.118.64.109 - - [15/Jun/2023:08:59:53 -0500] "POST /forms/lservlet;jsessionid=ac16012b30d670d56d8dad334082a2b2e22731dd9274.e3iSbxaKaheRe34Kc30KaNqQc41ynknvrkLOlQzNp65In0 HTTP/1.1" 200 15
200.118.64.109 - - [15/Jun/2023:08:59:54 -0500] "POST /forms/lservlet;jsessionid=ac16012b30d61f8d11dcb1fa43fabef9ba87a36b8abc.e3iSbxaKaheRe34Kc30KaNqQc41ynknvrkLOlQzNp65In0 HTTP/1.1" 200 15
200.118.64.109 - - [15/Jun/2023:09:00:02 -0500] "POST /forms/lservlet;jsessionid=ac16012b30d670d56d8dad334082a2b2e22731dd9274.e3iSbxaKaheRe34Kc30KaNqQc41ynknvrkLOlQzNp65In0 HTTP/1.1" 200 15
200.118.64.109 - - [15/Jun/2023:09:00:03 -0500] "POST /forms/lservlet;jsessionid=ac16012b30d61f8d11dcb1fa43fabef9ba87a36b8abc.e3iSbxaKaheRe34Kc30KaNqQc41ynknvrkLOlQzNp65In0 HTTP/1.1" 200 15
51.159.195.16 - - [15/Jun/2023:09:00:08 -0500] "GET /serrania-el-zuque-de-cantera-en-los-anos-60-a-espacio-de-restauracion-ambiental-y-mitigacion-del-riesgo.html HTTP/1.1" 200 841
51.159.195.16 - - [15/Jun/2023:09:00:08 -0500] "GET /images/Serran%C3%ADa%20El%20Zuque%203.jpeg HTTP/1.1" 404 1034
200.118.64.109 - - [15/Jun/2023:09:00:12 -0500] "POST /forms/lservlet;jsessionid=ac16012b30d670d56d8dad334082a2b2e22731dd9274.e3iSbxaKaheRe34Kc30KaNqQc41ynknvrkLOlQzNp65In0 HTTP/1.1" 200 15
200.118.64.109 - - [15/Jun/2023:09:00:13 -0500] "POST /forms/lservlet;jsessionid=ac16012b30d61f8d11dcb1fa43fabef9ba87a36b8abc.e3iSbxaKaheRe34Kc30KaNqQc41ynknvrkLOlQzNp65In0 HTTP/1.1" 200 15
201.245.192.253 - - [15/Jun/2023:09:00:17 -0500] "POST /sipse/faces/presentacion/financiero/solicitudAnulacion/registrarSolicitudAnulacion.xhtml HTTP/1.1" 200 26925
201.245.192.253 - - [15/Jun/2023:09:00:18 -0500] "GET /sipse/faces/javax.faces.resource/jquery/jquery.js?ln=primefaces&v=4.0 HTTP/1.1" 304 -
201.245.192.253 - - [15/Jun/2023:09:00:18 -0500] "GET /sipse/faces/javax.faces.resource/jquery/jquery-plugins.js?ln=primefaces&v=4.0 HTTP/1.1" 304 -
201.245.192.253 - - [15/Jun/2023:09:00:18 -0500] "GET /sipse/faces/javax.faces.resource/primefaces.js?ln=primefaces&v=4.0 HTTP/1.1" 304 -
201.245.192.253 - - [15/Jun/2023:09:00:18 -0500] "GET /sipse/faces/javax.faces.resource/layout/layout.js?ln=primefaces&v=4.0 HTTP/1.1" 304 -
201.245.192.253 - - [15/Jun/2023:09:00:20 -0500] "POST /sipse/faces/presentacion/financiero/solicitudProceso/consultarHistorialSolProceso.xhtml HTTP/1.1" 200 52313
201.245.192.253 - - [15/Jun/2023:09:00:20 -0500] "GET /sipse/faces/javax.faces.resource/theme.css?ln=primefaces-sipse HTTP/1.1" 304 -
201.245.192.253 - - [15/Jun/2023:09:00:20 -0500] "GET /sipse/faces/javax.faces.resource/primefaces.css?ln=primefaces&v=4.0 HTTP/1.1" 304 -
201.245.192.253 - - [15/Jun/2023:09:00:20 -0500] "GET /sipse/faces/javax.faces.resource/layout/layout.css?ln=primefaces&v=4.0 HTTP/1.1" 304 -
201.245.192.253 - - [15/Jun/2023:09:00:20 -0500] "GET /sipse/faces/javax.faces.resource/jquery/jquery.js?ln=primefaces&v=4.0 HTTP/1.1" 304 -
201.245.192.253 - - [15/Jun/2023:09:00:20 -0500] "GET /sipse/faces/javax.faces.resource/jquery/jquery-plugins.js?ln=primefaces&v=4.0 HTTP/1.1" 304 -
201.245.192.253 - - [15/Jun/2023:09:00:20 -0500] "GET /sipse/faces/javax.faces.resource/layout/layout.js?ln=primefaces&v=4.0 HTTP/1.1" 304 -
201.245.192.253 - - [15/Jun/2023:09:00:20 -0500] "GET /sipse/faces/javax.faces.resource/primefaces.js?ln=primefaces&v=4.0 HTTP/1.1" 304 -
201.245.192.253 - - [15/Jun/2023:09:00:20 -0500] "GET /sipse/faces/javax.faces.resource/fileupload/fileupload.css?ln=primefaces&v=4.0 HTTP/1.1" 304 -
201.245.192.253 - - [15/Jun/2023:09:00:20 -0500] "GET /sipse/faces/javax.faces.resource/fileupload/fileupload.js?ln=primefaces&v=4.0 HTTP/1.1" 304 -
201.245.192.253 - - [15/Jun/2023:09:00:20 -0500] "GET /sipse/faces/javax.faces.resource/images/ui-icons_898989_256x240.png?ln=primefaces-aristo HTTP/1.1" 304 -
200.118.64.109 - - [15/Jun/2023:09:00:21 -0500] "POST /forms/lservlet;jsessionid=ac16012b30d670d56d8dad334082a2b2e22731dd9274.e3iSbxaKaheRe34Kc30KaNqQc41ynknvrkLOlQzNp65In0 HTTP/1.1" 200 15
201.245.192.253 - - [15/Jun/2023:09:00:23 -0500] "GET /sipse/faces/javax.faces.resource/images/ui-bg_flat_0_2d5972_40x100.png?ln=primefaces-aristo HTTP/1.1" 304 -
201.245.192.253 - - [15/Jun/2023:09:00:23 -0500] "POST /sipse/faces/presentacion/financiero/solicitudAnulacion/registrarSolicitudAnulacion.xhtml HTTP/1.1" 200 3064
200.118.64.109 - - [15/Jun/2023:09:00:22 -0500] "POST /forms/lservlet;jsessionid=ac16012b30d61f8d11dcb1fa43fabef9ba87a36b8abc.e3iSbxaKaheRe34Kc30KaNqQc41ynknvrkLOlQzNp65In0 HTTP/1.1" 200 15
201.245.192.253 - - [15/Jun/2023:09:00:26 -0500] "POST /sipse/faces/presentacion/financiero/solicitudAnulacion/registrarSolicitudAnulacion.xhtml HTTP/1.1" 200 3060
200.118.64.109 - - [15/Jun/2023:09:00:30 -0500] "POST /forms/lservlet;jsessionid=ac16012b30d670d56d8dad334082a2b2e22731dd9274.e3iSbxaKaheRe34Kc30KaNqQc41ynknvrkLOlQzNp65In0 HTTP/1.1" 200 15
200.118.64.109 - - [15/Jun/2023:09:00:31 -0500] "POST /forms/lservlet;jsessionid=ac16012b30d61f8d11dcb1fa43fabef9ba87a36b8abc.e3iSbxaKaheRe34Kc30KaNqQc41ynknvrkLOlQzNp65In0 HTTP/1.1" 200 15
201.245.192.253 - - [15/Jun/2023:09:00:33 -0500] "POST /sipse/faces/presentacion/financiero/solicitudAnulacion/registrarSolicitudAnulacion.xhtml HTTP/1.1" 200 3060
216.245.221.92 - - [15/Jun/2023:09:00:36 -0500] "HEAD / HTTP/1.1" 200 -
200.118.64.109 - - [15/Jun/2023:09:00:39 -0500] "POST /forms/lservlet;jsessionid=ac16012b30d670d56d8dad334082a2b2e22731dd9274.e3iSbxaKaheRe34Kc30KaNqQc41ynknvrkLOlQzNp65In0 HTTP/1.1" 200 15
200.118.64.109 - - [15/Jun/2023:09:00:40 -0500] "POST /forms/lservlet;jsessionid=ac16012b30d61f8d11dcb1fa43fabef9ba87a36b8abc.e3iSbxaKaheRe34Kc30KaNqQc41ynknvrkLOlQzNp65In0 HTTP/1.1" 200 15
201.245.192.253 - - [15/Jun/2023:09:00:47 -0500] "POST /sipse/faces/presentacion/financiero/solicitudAnulacion/registrarSolicitudAnulacion.xhtml HTTP/1.1" 200 3064
200.118.64.109 - - [15/Jun/2023:09:00:48 -0500] "POST /forms/lservlet;jsessionid=ac16012b30d670d56d8dad334082a2b2e22731dd9274.e3iSbxaKaheRe34Kc30KaNqQc41ynknvrkLOlQzNp65In0 HTTP/1.1" 200 15
200.118.64.109 - - [15/Jun/2023:09:00:49 -0500] "POST /forms/lservlet;jsessionid=ac16012b30d61f8d11dcb1fa43fabef9ba87a36b8abc.e3iSbxaKaheRe34Kc30KaNqQc41ynknvrkLOlQzNp65In0 HTTP/1.1" 200 15
201.245.192.253 - - [15/Jun/2023:09:00:53 -0500] "POST /sipse/faces/presentacion/financiero/solicitudAnulacion/registrarSolicitudAnulacion.xhtml HTTP/1.1" 200 3064
201.245.192.253 - - [15/Jun/2023:09:00:58 -0500] "POST /sipse/faces/presentacion/financiero/solicitudAnulacion/registrarSolicitudAnulacion.xhtml HTTP/1.1" 200 3068
200.118.64.109 - - [15/Jun/2023:09:00:57 -0500] "POST /forms/lservlet;jsessionid=ac16012b30d670d56d8dad334082a2b2e22731dd9274.e3iSbxaKaheRe34Kc30KaNqQc41ynknvrkLOlQzNp65In0 HTTP/1.1" 200 15
200.118.64.109 - - [15/Jun/2023:09:00:58 -0500] "POST /forms/lservlet;jsessionid=ac16012b30d61f8d11dcb1fa43fabef9ba87a36b8abc.e3iSbxaKaheRe34Kc30KaNqQc41ynknvrkLOlQzNp65In0 HTTP/1.1" 200 15
200.118.64.109 - - [15/Jun/2023:09:01:06 -0500] "POST /forms/lservlet;jsessionid=ac16012b30d670d56d8dad334082a2b2e22731dd9274.e3iSbxaKaheRe34Kc30KaNqQc41ynknvrkLOlQzNp65In0 HTTP/1.1" 200 15
200.118.64.109 - - [15/Jun/2023:09:01:07 -0500] "POST /forms/lservlet;jsessionid=ac16012b30d61f8d11dcb1fa43fabef9ba87a36b8abc.e3iSbxaKaheRe34Kc30KaNqQc41ynknvrkLOlQzNp65In0 HTTP/1.1" 200 15
200.118.64.109 - - [15/Jun/2023:09:01:15 -0500] "POST /forms/lservlet;jsessionid=ac16012b30d670d56d8dad334082a2b2e22731dd9274.e3iSbxaKaheRe34Kc30KaNqQc41ynknvrkLOlQzNp65In0 HTTP/1.1" 200 15
200.118.64.109 - - [15/Jun/2023:09:01:16 -0500] "POST /forms/lservlet;jsessionid=ac16012b30d61f8d11dcb1fa43fabef9ba87a36b8abc.e3iSbxaKaheRe34Kc30KaNqQc41ynknvrkLOlQzNp65In0 HTTP/1.1" 200 15
200.118.64.109 - - [15/Jun/2023:09:01:24 -0500] "POST /forms/lservlet;jsessionid=ac16012b30d670d56d8dad334082a2b2e22731dd9274.e3iSbxaKaheRe34Kc30KaNqQc41ynknvrkLOlQzNp65In0 HTTP/1.1" 200 15
201.245.192.253 - - [15/Jun/2023:09:01:26 -0500] "POST /sipse/faces/presentacion/financiero/solicitudAnulacion/registrarSolicitudAnulacion.xhtml HTTP/1.1" 200 3064
200.118.64.109 - - [15/Jun/2023:09:01:26 -0500] "POST /forms/lservlet;jsessionid=ac16012b30d61f8d11dcb1fa43fabef9ba87a36b8abc.e3iSbxaKaheRe34Kc30KaNqQc41ynknvrkLOlQzNp65In0 HTTP/1.1" 200 15
201.245.192.253 - - [15/Jun/2023:09:01:26 -0500] "POST /sipse/faces/presentacion/financiero/solicitudAnulacion/registrarSolicitudAnulacion.xhtml HTTP/1.1" 200 31043
201.245.192.253 - - [15/Jun/2023:09:01:28 -0500] "GET /sipse/faces/javax.faces.resource/jquery/jquery.js?ln=primefaces&v=4.0 HTTP/1.1" 304 -
201.245.192.253 - - [15/Jun/2023:09:01:28 -0500] "GET /sipse/faces/javax.faces.resource/jquery/jquery-plugins.js?ln=primefaces&v=4.0 HTTP/1.1" 304 -
201.245.192.253 - - [15/Jun/2023:09:01:28 -0500] "GET /sipse/faces/javax.faces.resource/primefaces.js?ln=primefaces&v=4.0 HTTP/1.1" 304 -
201.245.192.253 - - [15/Jun/2023:09:01:28 -0500] "GET /sipse/faces/javax.faces.resource/layout/layout.js?ln=primefaces&v=4.0 HTTP/1.1" 304 -
201.245.192.253 - - [15/Jun/2023:09:01:28 -0500] "GET /sipse/faces/javax.faces.resource/messages/messages.png?ln=primefaces&v=4.0 HTTP/1.1" 304 -
201.245.192.253 - - [15/Jun/2023:09:01:28 -0500] "POST /sipse/faces/presentacion/financiero/solicitudAnulacion/solicitudAnulacion.xhtml HTTP/1.1" 200 55894
200.118.64.109 - - [15/Jun/2023:09:01:33 -0500] "POST /forms/lservlet;jsessionid=ac16012b30d670d56d8dad334082a2b2e22731dd9274.e3iSbxaKaheRe34Kc30KaNqQc41ynknvrkLOlQzNp65In0 HTTP/1.1" 200 15
200.118.64.109 - - [15/Jun/2023:09:01:35 -0500] "POST /forms/lservlet;jsessionid=ac16012b30d61f8d11dcb1fa43fabef9ba87a36b8abc.e3iSbxaKaheRe34Kc30KaNqQc41ynknvrkLOlQzNp65In0 HTTP/1.1" 200 15
201.245.192.253 - - [15/Jun/2023:09:01:36 -0500] "POST /sipse/faces/presentacion/financiero/solicitudAnulacion/solicitudAnulacion.xhtml HTTP/1.1" 200 36240
200.118.64.109 - - [15/Jun/2023:09:01:43 -0500] "POST /forms/lservlet;jsessionid=ac16012b30d670d56d8dad334082a2b2e22731dd9274.e3iSbxaKaheRe34Kc30KaNqQc41ynknvrkLOlQzNp65In0 HTTP/1.1" 200 15
200.118.64.109 - - [15/Jun/2023:09:01:44 -0500] "POST /forms/lservlet;jsessionid=ac16012b30d61f8d11dcb1fa43fabef9ba87a36b8abc.e3iSbxaKaheRe34Kc30KaNqQc41ynknvrkLOlQzNp65In0 HTTP/1.1" 200 15
201.245.192.253 - - [15/Jun/2023:09:01:47 -0500] "POST /sipse/faces/presentacion/financiero/solicitudAnulacion/solicitudAnulacion.xhtml HTTP/1.1" 200 46862
201.245.192.253 - - [15/Jun/2023:09:01:48 -0500] "GET /sipse/faces/javax.faces.resource/jquery/jquery.js?ln=primefaces&v=4.0 HTTP/1.1" 304 -
201.245.192.253 - - [15/Jun/2023:09:01:48 -0500] "GET /sipse/faces/javax.faces.resource/jquery/jquery-plugins.js?ln=primefaces&v=4.0 HTTP/1.1" 304 -
201.245.192.253 - - [15/Jun/2023:09:01:48 -0500] "GET /sipse/faces/javax.faces.resource/primefaces.js?ln=primefaces&v=4.0 HTTP/1.1" 304 -
201.245.192.253 - - [15/Jun/2023:09:01:48 -0500] "GET /sipse/faces/javax.faces.resource/layout/layout.js?ln=primefaces&v=4.0 HTTP/1.1" 304 -
201.245.192.253 - - [15/Jun/2023:09:01:48 -0500] "GET /sipse/faces/javax.faces.resource/fileupload/fileupload.js?ln=primefaces&v=4.0 HTTP/1.1" 304 -
201.245.192.253 - - [15/Jun/2023:09:01:49 -0500] "POST /sipse/faces/presentacion/financiero/modificacionContrato/cargarModifiacion.xhtml HTTP/1.1" 200 5359
200.118.64.109 - - [15/Jun/2023:09:01:52 -0500] "POST /forms/lservlet;jsessionid=ac16012b30d670d56d8dad334082a2b2e22731dd9274.e3iSbxaKaheRe34Kc30KaNqQc41ynknvrkLOlQzNp65In0 HTTP/1.1" 200 15
200.118.64.109 - - [15/Jun/2023:09:01:53 -0500] "POST /forms/lservlet;jsessionid=ac16012b30d61f8d11dcb1fa43fabef9ba87a36b8abc.e3iSbxaKaheRe34Kc30KaNqQc41ynknvrkLOlQzNp65In0 HTTP/1.1" 200 15
200.118.64.109 - - [15/Jun/2023:09:02:01 -0500] "POST /forms/lservlet;jsessionid=ac16012b30d670d56d8dad334082a2b2e22731dd9274.e3iSbxaKaheRe34Kc30KaNqQc41ynknvrkLOlQzNp65In0 HTTP/1.1" 200 15
200.118.64.109 - - [15/Jun/2023:09:02:02 -0500] "POST /forms/lservlet;jsessionid=ac16012b30d61f8d11dcb1fa43fabef9ba87a36b8abc.e3iSbxaKaheRe34Kc30KaNqQc41ynknvrkLOlQzNp65In0 HTTP/1.1" 200 15
200.118.64.109 - - [15/Jun/2023:09:02:10 -0500] "POST /forms/lservlet;jsessionid=ac16012b30d670d56d8dad334082a2b2e22731dd9274.e3iSbxaKaheRe34Kc30KaNqQc41ynknvrkLOlQzNp65In0 HTTP/1.1" 200 15
200.118.64.109 - - [15/Jun/2023:09:02:11 -0500] "POST /forms/lservlet;jsessionid=ac16012b30d61f8d11dcb1fa43fabef9ba87a36b8abc.e3iSbxaKaheRe34Kc30KaNqQc41ynknvrkLOlQzNp65In0 HTTP/1.1" 200 15
200.118.64.109 - - [15/Jun/2023:09:02:19 -0500] "POST /forms/lservlet;jsessionid=ac16012b30d670d56d8dad334082a2b2e22731dd9274.e3iSbxaKaheRe34Kc30KaNqQc41ynknvrkLOlQzNp65In0 HTTP/1.1" 200 15
200.118.64.109 - - [15/Jun/2023:09:02:21 -0500] "POST /forms/lservlet;jsessionid=ac16012b30d61f8d11dcb1fa43fabef9ba87a36b8abc.e3iSbxaKaheRe34Kc30KaNqQc41ynknvrkLOlQzNp65In0 HTTP/1.1" 200 15
200.118.64.109 - - [15/Jun/2023:09:02:28 -0500] "POST /forms/lservlet;jsessionid=ac16012b30d670d56d8dad334082a2b2e22731dd9274.e3iSbxaKaheRe34Kc30KaNqQc41ynknvrkLOlQzNp65In0 HTTP/1.1" 200 15
200.118.64.109 - - [15/Jun/2023:09:02:30 -0500] "POST /forms/lservlet;jsessionid=ac16012b30d61f8d11dcb1fa43fabef9ba87a36b8abc.e3iSbxaKaheRe34Kc30KaNqQc41ynknvrkLOlQzNp65In0 HTTP/1.1" 200 15
201.245.192.253 - - [15/Jun/2023:09:02:32 -0500] "POST /sipse/faces/presentacion/financiero/solicitudAnulacion/registrarSolicitudAnulacion.xhtml HTTP/1.1" 200 3052
40.77.190.0 - - [15/Jun/2023:09:02:33 -0500] "GET /portaldeninos/wp-content/themes/betheme/fonts/mfn-icons.woff?93978679 HTTP/1.1" 200 80932
201.245.192.253 - - [15/Jun/2023:09:02:38 -0500] "POST /sipse/faces/presentacion/financiero/solicitudAnulacion/registrarSolicitudAnulacion.xhtml HTTP/1.1" 200 3064
200.118.64.109 - - [15/Jun/2023:09:02:38 -0500] "POST /forms/lservlet;jsessionid=ac16012b30d670d56d8dad334082a2b2e22731dd9274.e3iSbxaKaheRe34Kc30KaNqQc41ynknvrkLOlQzNp65In0 HTTP/1.1" 200 15
200.118.64.109 - - [15/Jun/2023:09:02:39 -0500] "POST /forms/lservlet;jsessionid=ac16012b30d61f8d11dcb1fa43fabef9ba87a36b8abc.e3iSbxaKaheRe34Kc30KaNqQc41ynknvrkLOlQzNp65In0 HTTP/1.1" 200 15
172.22.2.4 - - [15/Jun/2023:09:02:45 -0500] "GET /BLA/boletinlegal/favicon.ico HTTP/1.1" 404 1326
200.118.64.109 - - [15/Jun/2023:09:02:47 -0500] "POST /forms/lservlet;jsessionid=ac16012b30d670d56d8dad334082a2b2e22731dd9274.e3iSbxaKaheRe34Kc30KaNqQc41ynknvrkLOlQzNp65In0 HTTP/1.1" 200 15
190.65.220.246 - - [15/Jun/2023:09:02:48 -0500] "GET /galeria/galeria/jquery.fancybox.css?v=2.1.5 HTTP/1.1" 200 4895
190.65.220.246 - - [15/Jun/2023:09:02:48 -0500] "GET /BLA/boletinlegal/js/jquery.scrollShow.js HTTP/1.1" 200 4586
190.65.220.246 - - [15/Jun/2023:09:02:48 -0500] "GET /galeria/galeria/jquery.fancybox.js?v=2.1.5 HTTP/1.1" 200 48706
190.65.220.246 - - [15/Jun/2023:09:02:49 -0500] "GET /autoliquidacion2020 HTTP/1.1" 301 250
190.65.220.246 - - [15/Jun/2023:09:02:49 -0500] "GET /autoliquidacion2020/ HTTP/1.1" 200 6146
190.65.220.246 - - [15/Jun/2023:09:02:49 -0500] "GET /autoliquidacion2020/dlf/styles.css HTTP/1.1" 200 3045
190.65.220.246 - - [15/Jun/2023:09:02:49 -0500] "GET /autoliquidacion2020/dlf/folder.png HTTP/1.1" 200 410
190.65.220.246 - - [15/Jun/2023:09:02:49 -0500] "GET /autoliquidacion2020/dlf/bg.gif HTTP/1.1" 200 54
200.118.64.109 - - [15/Jun/2023:09:02:49 -0500] "POST /forms/lservlet;jsessionid=ac16012b30d61f8d11dcb1fa43fabef9ba87a36b8abc.e3iSbxaKaheRe34Kc30KaNqQc41ynknvrkLOlQzNp65In0 HTTP/1.1" 200 15
201.245.192.253 - - [15/Jun/2023:09:02:50 -0500] "POST /kwsrmcab/Wsrmcab  HTTP/1.1" 200 40957
201.245.192.253 - - [15/Jun/2023:09:02:56 -0500] "POST /sipse/faces/presentacion/financiero/solicitudAnulacion/registrarSolicitudAnulacion.xhtml HTTP/1.1" 200 3064
200.118.64.109 - - [15/Jun/2023:09:02:56 -0500] "POST /forms/lservlet;jsessionid=ac16012b30d670d56d8dad334082a2b2e22731dd9274.e3iSbxaKaheRe34Kc30KaNqQc41ynknvrkLOlQzNp65In0 HTTP/1.1" 200 15
200.118.64.109 - - [15/Jun/2023:09:02:58 -0500] "POST /forms/lservlet;jsessionid=ac16012b30d61f8d11dcb1fa43fabef9ba87a36b8abc.e3iSbxaKaheRe34Kc30KaNqQc41ynknvrkLOlQzNp65In0 HTTP/1.1" 200 15
186.102.23.51 - - [15/Jun/2023:09:03:01 -0500] "GET /BLA/boletinlegal/js/jquery.scrollShow.js HTTP/1.1" 200 4586
186.102.23.51 - - [15/Jun/2023:09:03:01 -0500] "GET /galeria/galeria/jquery.fancybox.js?v=2.1.5 HTTP/1.1" 200 48706
186.102.23.51 - - [15/Jun/2023:09:03:01 -0500] "GET /galeria/galeria/jquery.fancybox.css?v=2.1.5 HTTP/1.1" 200 4895
201.245.192.253 - - [15/Jun/2023:09:03:22 -0500] "POST /sipse/faces/presentacion/financiero/solicitudAnulacion/registrarSolicitudAnulacion.xhtml HTTP/1.1" 200 3068
201.245.192.253 - - [15/Jun/2023:09:03:22 -0500] "POST /sipse/faces/presentacion/financiero/solicitudAnulacion/registrarSolicitudAnulacion.xhtml HTTP/1.1" 200 31043
201.245.192.253 - - [15/Jun/2023:09:03:25 -0500] "GET /sipse/faces/javax.faces.resource/jquery/jquery.js?ln=primefaces&v=4.0 HTTP/1.1" 304 -
201.245.192.253 - - [15/Jun/2023:09:03:25 -0500] "GET /sipse/faces/javax.faces.resource/jquery/jquery-plugins.js?ln=primefaces&v=4.0 HTTP/1.1" 304 -
201.245.192.253 - - [15/Jun/2023:09:03:26 -0500] "GET /sipse/faces/javax.faces.resource/primefaces.js?ln=primefaces&v=4.0 HTTP/1.1" 304 -
201.245.192.253 - - [15/Jun/2023:09:03:26 -0500] "GET /sipse/faces/javax.faces.resource/layout/layout.js?ln=primefaces&v=4.0 HTTP/1.1" 304 -
201.245.192.253 - - [15/Jun/2023:09:03:26 -0500] "POST /sipse/faces/presentacion/financiero/solicitudAnulacion/solicitudAnulacion.xhtml HTTP/1.1" 200 55894
186.80.52.42 - - [15/Jun/2023:09:03:38 -0500] "GET /sipse/faces/index.xhtml HTTP/1.1" 200 677
40.94.97.42 - - [15/Jun/2023:09:03:38 -0500] "GET /galeria/galeria/jquery.fancybox.css?v=2.1.5 HTTP/1.1" 200 4895
40.94.97.51 - - [15/Jun/2023:09:03:38 -0500] "GET /BLA/boletinlegal/js/jquery.scrollShow.js HTTP/1.1" 200 4586
40.94.97.64 - - [15/Jun/2023:09:03:38 -0500] "GET /galeria/galeria/jquery.fancybox.js?v=2.1.5 HTTP/1.1" 200 48706
186.80.52.42 - - [15/Jun/2023:09:03:38 -0500] "GET /sipse/faces/javax.faces.resource/theme.css?ln=primefaces-sipse HTTP/1.1" 304 -
186.80.52.42 - - [15/Jun/2023:09:03:39 -0500] "GET /sipse/faces/faces/autenticacion.xhtml HTTP/1.1" 200 12178
186.80.52.42 - - [15/Jun/2023:09:03:39 -0500] "GET /sipse/css/custom_css_sg.css HTTP/1.1" 304 -
186.80.52.42 - - [15/Jun/2023:09:03:39 -0500] "GET /sipse/css/custom_css_sg_prime_login.css HTTP/1.1" 304 -
186.80.52.42 - - [15/Jun/2023:09:03:39 -0500] "GET /sipse/faces/javax.faces.resource/theme.css?ln=primefaces-sipse HTTP/1.1" 304 -
186.80.52.42 - - [15/Jun/2023:09:03:39 -0500] "GET /sipse/faces/javax.faces.resource/primefaces.css?ln=primefaces&v=4.0 HTTP/1.1" 304 -
186.80.52.42 - - [15/Jun/2023:09:03:39 -0500] "GET /sipse/faces/javax.faces.resource/jquery/jquery.js?ln=primefaces&v=4.0 HTTP/1.1" 304 -
186.80.52.42 - - [15/Jun/2023:09:03:39 -0500] "GET /sipse/faces/javax.faces.resource/layout/layout.css?ln=primefaces&v=4.0 HTTP/1.1" 304 -
186.80.52.42 - - [15/Jun/2023:09:03:39 -0500] "GET /sipse/js/disable_browser_buttons.js HTTP/1.1" 304 -
186.80.52.42 - - [15/Jun/2023:09:03:39 -0500] "GET /sipse/js/funciones.js HTTP/1.1" 304 -
186.80.52.42 - - [15/Jun/2023:09:03:39 -0500] "GET /sipse/faces/javax.faces.resource/layout/layout.js?ln=primefaces&v=4.0 HTTP/1.1" 304 -
186.80.52.42 - - [15/Jun/2023:09:03:39 -0500] "GET /sipse/faces/javax.faces.resource/primefaces.js?ln=primefaces&v=4.0 HTTP/1.1" 304 -
186.80.52.42 - - [15/Jun/2023:09:03:39 -0500] "GET /sipse/faces/javax.faces.resource/jquery/jquery-plugins.js?ln=primefaces&v=4.0 HTTP/1.1" 304 -
186.80.52.42 - - [15/Jun/2023:09:03:40 -0500] "GET /sipse/css/imagen/logoSDG.png HTTP/1.1" 304 -
186.80.52.42 - - [15/Jun/2023:09:03:40 -0500] "GET /sipse/css/imagen/loginimg.png HTTP/1.1" 304 -
186.80.52.42 - - [15/Jun/2023:09:03:40 -0500] "GET /sipse/faces/javax.faces.resource/images/ui-icons_898989_256x240.png?ln=primefaces-aristo HTTP/1.1" 304 -
201.245.192.253 - - [15/Jun/2023:09:03:41 -0500] "POST /sipse/faces/presentacion/financiero/modificacionContrato/cargarModifiacion.xhtml HTTP/1.1" 200 115935
201.245.192.253 - - [15/Jun/2023:09:03:41 -0500] "GET /sipse/faces/javax.faces.resource/theme.css?ln=primefaces-sipse HTTP/1.1" 304 -
201.245.192.253 - - [15/Jun/2023:09:03:41 -0500] "GET /sipse/faces/javax.faces.resource/layout/layout.css?ln=primefaces&v=4.0 HTTP/1.1" 304 -
201.245.192.253 - - [15/Jun/2023:09:03:41 -0500] "GET /sipse/faces/javax.faces.resource/primefaces.css?ln=primefaces&v=4.0 HTTP/1.1" 304 -
201.245.192.253 - - [15/Jun/2023:09:03:41 -0500] "GET /sipse/faces/javax.faces.resource/jquery/jquery.js?ln=primefaces&v=4.0 HTTP/1.1" 304 -
201.245.192.253 - - [15/Jun/2023:09:03:41 -0500] "GET /sipse/faces/javax.faces.resource/jquery/jquery-plugins.js?ln=primefaces&v=4.0 HTTP/1.1" 304 -
201.245.192.253 - - [15/Jun/2023:09:03:41 -0500] "GET /sipse/faces/javax.faces.resource/primefaces.js?ln=primefaces&v=4.0 HTTP/1.1" 304 -
201.245.192.253 - - [15/Jun/2023:09:03:41 -0500] "GET /sipse/faces/javax.faces.resource/layout/layout.js?ln=primefaces&v=4.0 HTTP/1.1" 304 -
201.245.192.253 - - [15/Jun/2023:09:03:41 -0500] "GET /sipse/faces/javax.faces.resource/dynamiccontent.properties?ln=primefaces&pfdrid=XjOR5%2F%2FfPAZAuY9TpWQeCiM0BhlXxYRBGKi%2FQcXXfeA%3D&pfdrid_c=false HTTP/1.1" 500 383
186.80.52.42 - - [15/Jun/2023:09:03:48 -0500] "POST /sipse/faces/autenticacion.xhtml HTTP/1.1" 200 2224
186.80.52.42 - - [15/Jun/2023:09:03:48 -0500] "GET /sipse/faces/javax.faces.resource/messages/messages.png?ln=primefaces&v=4.0 HTTP/1.1" 304 -
186.80.52.42 - - [15/Jun/2023:09:03:49 -0500] "POST /sipse/faces/autenticacion.xhtml HTTP/1.1" 200 18953
186.80.52.42 - - [15/Jun/2023:09:03:49 -0500] "GET /sipse/faces/javax.faces.resource/theme.css?ln=primefaces-sipse HTTP/1.1" 304 -
186.80.52.42 - - [15/Jun/2023:09:03:49 -0500] "GET /sipse/faces/javax.faces.resource/primefaces.css?ln=primefaces&v=4.0 HTTP/1.1" 304 -
186.80.52.42 - - [15/Jun/2023:09:03:49 -0500] "GET /sipse/faces/javax.faces.resource/layout/layout.css?ln=primefaces&v=4.0 HTTP/1.1" 304 -
186.80.52.42 - - [15/Jun/2023:09:03:49 -0500] "GET /sipse/css/custom_css_sg_prime.css HTTP/1.1" 304 -
186.80.52.42 - - [15/Jun/2023:09:03:49 -0500] "GET /sipse/js/jquery.min.js HTTP/1.1" 304 -
186.80.52.42 - - [15/Jun/2023:09:03:49 -0500] "GET /sipse/faces/javax.faces.resource/jquery/jquery.js?ln=primefaces&v=4.0 HTTP/1.1" 304 -
186.80.52.42 - - [15/Jun/2023:09:03:49 -0500] "GET /sipse/faces/javax.faces.resource/jquery/jquery-plugins.js?ln=primefaces&v=4.0 HTTP/1.1" 304 -
186.80.52.42 - - [15/Jun/2023:09:03:50 -0500] "GET /sipse/faces/javax.faces.resource/primefaces.js?ln=primefaces&v=4.0 HTTP/1.1" 304 -
186.80.52.42 - - [15/Jun/2023:09:03:50 -0500] "GET /sipse/faces/javax.faces.resource/layout/layout.js?ln=primefaces&v=4.0 HTTP/1.1" 304 -
186.80.52.42 - - [15/Jun/2023:09:03:50 -0500] "GET /sipse/css/v_mergente.css HTTP/1.1" 304 -
186.80.52.42 - - [15/Jun/2023:09:03:50 -0500] "GET /sipse/imagenes/logoAplicacion.jpg HTTP/1.1" 304 -
186.80.52.42 - - [15/Jun/2023:09:03:50 -0500] "GET /sipse/imagenes/cargando.gif HTTP/1.1" 304 -
186.80.52.42 - - [15/Jun/2023:09:03:50 -0500] "GET /sipse/css/imagen/contrasena.png HTTP/1.1" 404 383
186.80.52.42 - - [15/Jun/2023:09:03:52 -0500] "GET /sipse/faces/javax.faces.resource/images/ui-bg_flat_0_2d5972_40x100.png?ln=primefaces-aristo HTTP/1.1" 304 -
186.80.52.42 - - [15/Jun/2023:09:03:52 -0500] "POST /sipse/faces/bienvenido.xhtml HTTP/1.1" 200 3182
40.94.89.81 - - [15/Jun/2023:09:03:53 -0500] "GET /galeria/galeria/jquery.fancybox.css?v=2.1.5 HTTP/1.1" 200 4895
40.94.89.40 - - [15/Jun/2023:09:03:53 -0500] "GET /BLA/boletinlegal/js/jquery.scrollShow.js HTTP/1.1" 200 4586
40.94.89.91 - - [15/Jun/2023:09:03:53 -0500] "GET /galeria/galeria/jquery.fancybox.js?v=2.1.5 HTTP/1.1" 200 48706
186.80.52.42 - - [15/Jun/2023:09:03:53 -0500] "POST /sipse/faces/bienvenido.xhtml HTTP/1.1" 200 3262
186.80.52.42 - - [15/Jun/2023:09:03:55 -0500] "POST /sipse/faces/bienvenido.xhtml HTTP/1.1" 200 64647
186.80.52.42 - - [15/Jun/2023:09:03:56 -0500] "GET /sipse/faces/javax.faces.resource/theme.css?ln=primefaces-sipse HTTP/1.1" 304 -
186.80.52.42 - - [15/Jun/2023:09:03:56 -0500] "GET /sipse/faces/javax.faces.resource/layout/layout.css?ln=primefaces&v=4.0 HTTP/1.1" 304 -
186.80.52.42 - - [15/Jun/2023:09:03:56 -0500] "GET /sipse/faces/javax.faces.resource/primefaces.css?ln=primefaces&v=4.0 HTTP/1.1" 304 -
186.80.52.42 - - [15/Jun/2023:09:03:56 -0500] "GET /sipse/faces/javax.faces.resource/jquery/jquery.js?ln=primefaces&v=4.0 HTTP/1.1" 304 -
186.80.52.42 - - [15/Jun/2023:09:03:56 -0500] "GET /sipse/faces/javax.faces.resource/jquery/jquery-plugins.js?ln=primefaces&v=4.0 HTTP/1.1" 304 -
186.80.52.42 - - [15/Jun/2023:09:03:56 -0500] "GET /sipse/faces/javax.faces.resource/primefaces.js?ln=primefaces&v=4.0 HTTP/1.1" 304 -
186.80.52.42 - - [15/Jun/2023:09:03:56 -0500] "GET /sipse/faces/javax.faces.resource/layout/layout.js?ln=primefaces&v=4.0 HTTP/1.1" 304 -
186.80.52.42 - - [15/Jun/2023:09:03:57 -0500] "POST /sipse/faces/presentacion/financiero/solicitudProceso/listarSolicitudProceso.xhtml HTTP/1.1" 200 1564
186.80.52.42 - - [15/Jun/2023:09:04:03 -0500] "POST /sipse/faces/presentacion/financiero/solicitudProceso/listarSolicitudProceso.xhtml HTTP/1.1" 200 11045
168.119.252.243 - - [15/Jun/2023:09:04:10 -0500] "GET / HTTP/1.1" 200 4720
168.119.252.243 - - [15/Jun/2023:09:04:11 -0500] "GET / HTTP/1.1" 200 319
186.80.52.42 - - [15/Jun/2023:09:04:14 -0500] "POST /sipse/faces/presentacion/financiero/solicitudProceso/listarSolicitudProceso.xhtml HTTP/1.1" 200 32088
172.22.2.4 - - [15/Jun/2023:09:02:41 -0500] "HEAD /BLA/boletinlegal/ HTTP/1.1" 200 -
201.245.192.253 - - [15/Jun/2023:09:04:26 -0500] "GET /appsia/controlador HTTP/1.1" 200 4799
201.245.192.253 - - [15/Jun/2023:09:04:26 -0500] "GET /appsia/css/estilos.css HTTP/1.1" 200 4804
201.245.192.253 - - [15/Jun/2023:09:04:26 -0500] "GET /appsia/scripts/validarIngreso.js HTTP/1.1" 200 851
201.245.192.253 - - [15/Jun/2023:09:04:26 -0500] "GET /appsia/images/cabezoteHojaVida.png HTTP/1.1" 200 32493
201.245.192.253 - - [15/Jun/2023:09:04:26 -0500] "GET /appsia/images/logo_bogota_p.png HTTP/1.1" 200 14951
201.245.192.253 - - [15/Jun/2023:09:04:27 -0500] "GET /favicon.ico HTTP/1.1" 200 7782
40.77.167.235 - - [15/Jun/2023:09:05:01 -0500] "GET /BLA/resoluciones/AUTOS%202021/3391.pdf HTTP/1.1" 304 -
172.22.2.4 - - [15/Jun/2023:09:03:32 -0500] "GET /BLA/boletinlegal/ HTTP/1.1" 200 55337
173.252.107.3 - - [15/Jun/2023:09:05:19 -0500] "HEAD /760-llantas-fueron-recolectadas-en-el-primer-dia-de-llantaton-en-bogota.html HTTP/1.1" 206 -
186.80.52.42 - - [15/Jun/2023:09:05:23 -0500] "POST /sipse/faces/presentacion/financiero/solicitudProceso/listarSolicitudProceso.xhtml HTTP/1.1" 200 131616
186.80.52.42 - - [15/Jun/2023:09:05:24 -0500] "GET /sipse/faces/javax.faces.resource/theme.css?ln=primefaces-sipse HTTP/1.1" 304 -
186.80.52.42 - - [15/Jun/2023:09:05:24 -0500] "GET /sipse/faces/javax.faces.resource/primefaces.css?ln=primefaces&v=4.0 HTTP/1.1" 304 -
186.80.52.42 - - [15/Jun/2023:09:05:24 -0500] "GET /sipse/faces/javax.faces.resource/layout/layout.css?ln=primefaces&v=4.0 HTTP/1.1" 304 -
186.80.52.42 - - [15/Jun/2023:09:05:24 -0500] "GET /sipse/faces/javax.faces.resource/jquery/jquery.js?ln=primefaces&v=4.0 HTTP/1.1" 304 -
186.80.52.42 - - [15/Jun/2023:09:05:24 -0500] "GET /sipse/faces/javax.faces.resource/jquery/jquery-plugins.js?ln=primefaces&v=4.0 HTTP/1.1" 304 -
186.80.52.42 - - [15/Jun/2023:09:05:24 -0500] "GET /sipse/faces/javax.faces.resource/primefaces.js?ln=primefaces&v=4.0 HTTP/1.1" 304 -
186.80.52.42 - - [15/Jun/2023:09:05:24 -0500] "GET /sipse/faces/javax.faces.resource/layout/layout.js?ln=primefaces&v=4.0 HTTP/1.1" 304 -
186.80.52.42 - - [15/Jun/2023:09:05:25 -0500] "GET /sipse/faces/javax.faces.resource/dynamiccontent.properties?ln=primefaces&pfdrid=XjOR5%2F%2FfPAZAuY9TpWQeCiM0BhlXxYRBGKi%2FQcXXfeA%3D&pfdrid_c=false HTTP/1.1" 500 383
216.245.221.92 - - [15/Jun/2023:09:05:36 -0500] "HEAD / HTTP/1.1" 200 -
186.145.91.234 - - [15/Jun/2023:09:05:41 -0500] "GET /sipse/faces/faces/autenticacion.xhtml HTTP/1.1" 200 12500
186.145.91.234 - - [15/Jun/2023:09:05:41 -0500] "GET /sipse/js/disable_browser_buttons.js HTTP/1.1" 304 -
186.145.91.234 - - [15/Jun/2023:09:05:41 -0500] "GET /sipse/js/funciones.js HTTP/1.1" 304 -
186.145.91.234 - - [15/Jun/2023:09:05:41 -0500] "GET /sipse/css/custom_css_sg.css HTTP/1.1" 304 -
186.145.91.234 - - [15/Jun/2023:09:05:41 -0500] "GET /sipse/css/custom_css_sg_prime_login.css HTTP/1.1" 304 -
186.145.91.234 - - [15/Jun/2023:09:05:41 -0500] "GET /sipse/faces/javax.faces.resource/layout/layout.css;jsessionid=+bObvqMZgqqmd7pzWxHGnYHR.undefined?ln=primefaces&v=4.0 HTTP/1.1" 200 542
186.145.91.234 - - [15/Jun/2023:09:05:41 -0500] "GET /sipse/faces/javax.faces.resource/theme.css?ln=primefaces-sipse HTTP/1.1" 304 -
186.145.91.234 - - [15/Jun/2023:09:05:41 -0500] "GET /sipse/faces/javax.faces.resource/primefaces.css;jsessionid=+bObvqMZgqqmd7pzWxHGnYHR.undefined?ln=primefaces&v=4.0 HTTP/1.1" 200 53295
186.145.91.234 - - [15/Jun/2023:09:05:41 -0500] "GET /sipse/faces/javax.faces.resource/jquery/jquery-plugins.js;jsessionid=+bObvqMZgqqmd7pzWxHGnYHR.undefined?ln=primefaces&v=4.0 HTTP/1.1" 200 220526
186.145.91.234 - - [15/Jun/2023:09:05:41 -0500] "GET /sipse/faces/javax.faces.resource/layout/layout.js;jsessionid=+bObvqMZgqqmd7pzWxHGnYHR.undefined?ln=primefaces&v=4.0 HTTP/1.1" 200 87560
186.145.91.234 - - [15/Jun/2023:09:05:41 -0500] "GET /sipse/faces/javax.faces.resource/jquery/jquery.js;jsessionid=+bObvqMZgqqmd7pzWxHGnYHR.undefined?ln=primefaces&v=4.0 HTTP/1.1" 200 105384
186.145.91.234 - - [15/Jun/2023:09:05:41 -0500] "GET /sipse/faces/javax.faces.resource/primefaces.js;jsessionid=+bObvqMZgqqmd7pzWxHGnYHR.undefined?ln=primefaces&v=4.0 HTTP/1.1" 200 276924
186.145.91.234 - - [15/Jun/2023:09:05:42 -0500] "GET /sipse/css/imagen/loginimg.png HTTP/1.1" 304 -
186.145.91.234 - - [15/Jun/2023:09:05:42 -0500] "GET /sipse/css/imagen/logoSDG.png HTTP/1.1" 304 -
186.145.91.234 - - [15/Jun/2023:09:05:42 -0500] "GET /sipse/faces/javax.faces.resource/images/ui-icons_898989_256x240.png?ln=primefaces-aristo HTTP/1.1" 304 -
186.145.91.234 - - [15/Jun/2023:09:05:42 -0500] "GET /sipse/faces/faces/index.xhtml HTTP/1.1" 200 677
186.145.91.234 - - [15/Jun/2023:09:05:42 -0500] "GET /sipse/faces/javax.faces.resource/theme.css?ln=primefaces-sipse HTTP/1.1" 304 -
186.145.91.234 - - [15/Jun/2023:09:05:42 -0500] "GET /sipse/faces/faces/faces/autenticacion.xhtml HTTP/1.1" 200 12178
186.145.91.234 - - [15/Jun/2023:09:05:42 -0500] "GET /sipse/faces/javax.faces.resource/primefaces.css?ln=primefaces&v=4.0 HTTP/1.1" 304 -
186.145.91.234 - - [15/Jun/2023:09:05:42 -0500] "GET /sipse/faces/javax.faces.resource/theme.css?ln=primefaces-sipse HTTP/1.1" 304 -
186.145.91.234 - - [15/Jun/2023:09:05:42 -0500] "GET /sipse/faces/javax.faces.resource/layout/layout.css?ln=primefaces&v=4.0 HTTP/1.1" 304 -
186.145.91.234 - - [15/Jun/2023:09:05:42 -0500] "GET /sipse/faces/javax.faces.resource/jquery/jquery-plugins.js?ln=primefaces&v=4.0 HTTP/1.1" 304 -
186.145.91.234 - - [15/Jun/2023:09:05:42 -0500] "GET /sipse/faces/javax.faces.resource/jquery/jquery.js?ln=primefaces&v=4.0 HTTP/1.1" 304 -
186.145.91.234 - - [15/Jun/2023:09:05:42 -0500] "GET /sipse/faces/javax.faces.resource/primefaces.js?ln=primefaces&v=4.0 HTTP/1.1" 304 -
186.145.91.234 - - [15/Jun/2023:09:05:42 -0500] "GET /sipse/faces/javax.faces.resource/layout/layout.js?ln=primefaces&v=4.0 HTTP/1.1" 304 -
186.145.91.234 - - [15/Jun/2023:09:05:45 -0500] "POST /sipse/faces/autenticacion.xhtml HTTP/1.1" 200 18180
186.145.91.234 - - [15/Jun/2023:09:05:45 -0500] "GET /sipse/css/custom_css_sg_prime.css HTTP/1.1" 304 -
186.145.91.234 - - [15/Jun/2023:09:05:45 -0500] "GET /sipse/faces/javax.faces.resource/theme.css?ln=primefaces-sipse HTTP/1.1" 304 -
