82.140.10.22 - - [15/Jun/2023:00:55:14 -0500] "GET /sipse/faces/javax.faces.resource/primefaces.css?ln=primefaces&v=4.0 HTTP/1.1" 304 -
82.140.10.22 - - [15/Jun/2023:00:55:14 -0500] "GET /sipse/js/funciones.js HTTP/1.1" 304 -
82.140.10.22 - - [15/Jun/2023:00:55:14 -0500] "GET /sipse/faces/javax.faces.resource/jquery/jquery.js?ln=primefaces&v=4.0 HTTP/1.1" 304 -
82.140.10.22 - - [15/Jun/2023:00:55:14 -0500] "GET /sipse/faces/javax.faces.resource/jquery/jquery-plugins.js?ln=primefaces&v=4.0 HTTP/1.1" 304 -
82.140.10.22 - - [15/Jun/2023:00:55:14 -0500] "GET /sipse/faces/javax.faces.resource/primefaces.js?ln=primefaces&v=4.0 HTTP/1.1" 304 -
82.140.10.22 - - [15/Jun/2023:00:55:14 -0500] "GET /sipse/faces/javax.faces.resource/layout/layout.js?ln=primefaces&v=4.0 HTTP/1.1" 304 -
82.140.10.22 - - [15/Jun/2023:00:55:15 -0500] "GET /sipse/css/imagen/logoSDG.png HTTP/1.1" 304 -
82.140.10.22 - - [15/Jun/2023:00:55:15 -0500] "GET /sipse/css/imagen/loginimg.png HTTP/1.1" 304 -
82.140.10.22 - - [15/Jun/2023:00:55:15 -0500] "GET /sipse/faces/javax.faces.resource/images/ui-icons_898989_256x240.png?ln=primefaces-aristo HTTP/1.1" 304 -
82.140.10.22 - - [15/Jun/2023:00:55:21 -0500] "POST /sipse/faces/autenticacion.xhtml HTTP/1.1" 200 2224
82.140.10.22 - - [15/Jun/2023:00:55:22 -0500] "GET /sipse/faces/javax.faces.resource/messages/messages.png?ln=primefaces&v=4.0 HTTP/1.1" 304 -
82.140.10.22 - - [15/Jun/2023:00:55:24 -0500] "POST /sipse/faces/autenticacion.xhtml HTTP/1.1" 200 18977
82.140.10.22 - - [15/Jun/2023:00:55:25 -0500] "GET /sipse/css/custom_css_sg_prime.css HTTP/1.1" 304 -
82.140.10.22 - - [15/Jun/2023:00:55:25 -0500] "GET /sipse/faces/javax.faces.resource/theme.css?ln=primefaces-sipse HTTP/1.1" 304 -
82.140.10.22 - - [15/Jun/2023:00:55:25 -0500] "GET /sipse/faces/javax.faces.resource/layout/layout.css?ln=primefaces&v=4.0 HTTP/1.1" 304 -
82.140.10.22 - - [15/Jun/2023:00:55:25 -0500] "GET /sipse/faces/javax.faces.resource/primefaces.css?ln=primefaces&v=4.0 HTTP/1.1" 304 -
82.140.10.22 - - [15/Jun/2023:00:55:25 -0500] "GET /sipse/js/jquery.min.js HTTP/1.1" 304 -
82.140.10.22 - - [15/Jun/2023:00:55:25 -0500] "GET /sipse/faces/javax.faces.resource/jquery/jquery.js?ln=primefaces&v=4.0 HTTP/1.1" 304 -
82.140.10.22 - - [15/Jun/2023:00:55:25 -0500] "GET /sipse/faces/javax.faces.resource/jquery/jquery-plugins.js?ln=primefaces&v=4.0 HTTP/1.1" 304 -
82.140.10.22 - - [15/Jun/2023:00:55:25 -0500] "GET /sipse/faces/javax.faces.resource/primefaces.js?ln=primefaces&v=4.0 HTTP/1.1" 304 -
82.140.10.22 - - [15/Jun/2023:00:55:26 -0500] "GET /sipse/faces/javax.faces.resource/layout/layout.js?ln=primefaces&v=4.0 HTTP/1.1" 304 -
82.140.10.22 - - [15/Jun/2023:00:55:26 -0500] "GET /sipse/css/v_mergente.css HTTP/1.1" 304 -
82.140.10.22 - - [15/Jun/2023:00:55:26 -0500] "GET /sipse/css/imagen/contrasena.png HTTP/1.1" 404 383
82.140.10.22 - - [15/Jun/2023:00:55:26 -0500] "GET /sipse/imagenes/cargando.gif HTTP/1.1" 304 -
82.140.10.22 - - [15/Jun/2023:00:55:26 -0500] "GET /sipse/imagenes/logoAplicacion.jpg HTTP/1.1" 304 -
82.140.10.22 - - [15/Jun/2023:00:55:28 -0500] "GET /sipse/faces/javax.faces.resource/images/ui-bg_flat_0_2d5972_40x100.png?ln=primefaces-aristo HTTP/1.1" 304 -
82.140.10.22 - - [15/Jun/2023:00:55:28 -0500] "POST /sipse/faces/bienvenido.xhtml HTTP/1.1" 200 3182
82.140.10.22 - - [15/Jun/2023:00:55:32 -0500] "POST /sipse/faces/bienvenido.xhtml HTTP/1.1" 200 3262
82.140.10.22 - - [15/Jun/2023:00:55:34 -0500] "POST /sipse/faces/bienvenido.xhtml HTTP/1.1" 200 65476
82.140.10.22 - - [15/Jun/2023:00:55:36 -0500] "GET /sipse/faces/javax.faces.resource/theme.css?ln=primefaces-sipse HTTP/1.1" 304 -
82.140.10.22 - - [15/Jun/2023:00:55:36 -0500] "GET /sipse/faces/javax.faces.resource/layout/layout.css?ln=primefaces&v=4.0 HTTP/1.1" 304 -
82.140.10.22 - - [15/Jun/2023:00:55:36 -0500] "GET /sipse/faces/javax.faces.resource/primefaces.css?ln=primefaces&v=4.0 HTTP/1.1" 304 -
82.140.10.22 - - [15/Jun/2023:00:55:36 -0500] "GET /sipse/faces/javax.faces.resource/jquery/jquery.js?ln=primefaces&v=4.0 HTTP/1.1" 304 -
82.140.10.22 - - [15/Jun/2023:00:55:37 -0500] "GET /sipse/faces/javax.faces.resource/jquery/jquery-plugins.js?ln=primefaces&v=4.0 HTTP/1.1" 304 -
82.140.10.22 - - [15/Jun/2023:00:55:37 -0500] "GET /sipse/faces/javax.faces.resource/primefaces.js?ln=primefaces&v=4.0 HTTP/1.1" 304 -
82.140.10.22 - - [15/Jun/2023:00:55:37 -0500] "GET /sipse/faces/javax.faces.resource/layout/layout.js?ln=primefaces&v=4.0 HTTP/1.1" 304 -
216.245.221.92 - - [15/Jun/2023:00:55:38 -0500] "HEAD / HTTP/1.1" 200 -
82.140.10.22 - - [15/Jun/2023:00:55:38 -0500] "POST /sipse/faces/presentacion/financiero/solicitudProceso/listarSolicitudProceso.xhtml HTTP/1.1" 200 1564
82.140.10.22 - - [15/Jun/2023:00:55:43 -0500] "POST /sipse/faces/presentacion/financiero/solicitudProceso/listarSolicitudProceso.xhtml HTTP/1.1" 200 17955
82.140.10.22 - - [15/Jun/2023:00:55:50 -0500] "POST /sipse/faces/presentacion/financiero/solicitudProceso/listarSolicitudProceso.xhtml HTTP/1.1" 200 136201
82.140.10.22 - - [15/Jun/2023:00:55:52 -0500] "GET /sipse/faces/javax.faces.resource/theme.css?ln=primefaces-sipse HTTP/1.1" 304 -
82.140.10.22 - - [15/Jun/2023:00:55:52 -0500] "GET /sipse/faces/javax.faces.resource/layout/layout.css?ln=primefaces&v=4.0 HTTP/1.1" 304 -
82.140.10.22 - - [15/Jun/2023:00:55:52 -0500] "GET /sipse/faces/javax.faces.resource/primefaces.css?ln=primefaces&v=4.0 HTTP/1.1" 304 -
82.140.10.22 - - [15/Jun/2023:00:55:52 -0500] "GET /sipse/faces/javax.faces.resource/jquery/jquery.js?ln=primefaces&v=4.0 HTTP/1.1" 304 -
82.140.10.22 - - [15/Jun/2023:00:55:52 -0500] "GET /sipse/faces/javax.faces.resource/jquery/jquery-plugins.js?ln=primefaces&v=4.0 HTTP/1.1" 304 -
82.140.10.22 - - [15/Jun/2023:00:55:52 -0500] "GET /sipse/faces/javax.faces.resource/primefaces.js?ln=primefaces&v=4.0 HTTP/1.1" 304 -
82.140.10.22 - - [15/Jun/2023:00:55:52 -0500] "GET /sipse/faces/javax.faces.resource/layout/layout.js?ln=primefaces&v=4.0 HTTP/1.1" 304 -
3.0.109.169 - - [15/Jun/2023:00:55:56 -0500] "-" 408 -
82.140.10.22 - - [15/Jun/2023:00:56:01 -0500] "GET /sipse/faces/javax.faces.resource/theme.css?ln=primefaces-sipse HTTP/1.1" 304 -
82.140.10.22 - - [15/Jun/2023:00:56:01 -0500] "GET /sipse/faces/javax.faces.resource/primefaces.css?ln=primefaces&v=4.0 HTTP/1.1" 304 -
82.140.10.22 - - [15/Jun/2023:00:56:01 -0500] "GET /sipse/faces/javax.faces.resource/layout/layout.css?ln=primefaces&v=4.0 HTTP/1.1" 304 -
82.140.10.22 - - [15/Jun/2023:00:56:00 -0500] "POST /sipse/faces/presentacion/financiero/solicitudProceso/consultarSolicitudProceso.xhtml HTTP/1.1" 200 35659
82.140.10.22 - - [15/Jun/2023:00:56:01 -0500] "GET /sipse/faces/javax.faces.resource/jquery/jquery.js?ln=primefaces&v=4.0 HTTP/1.1" 304 -
82.140.10.22 - - [15/Jun/2023:00:56:01 -0500] "GET /sipse/faces/javax.faces.resource/jquery/jquery-plugins.js?ln=primefaces&v=4.0 HTTP/1.1" 304 -
82.140.10.22 - - [15/Jun/2023:00:56:01 -0500] "GET /sipse/faces/javax.faces.resource/layout/layout.js?ln=primefaces&v=4.0 HTTP/1.1" 304 -
82.140.10.22 - - [15/Jun/2023:00:56:01 -0500] "GET /sipse/faces/javax.faces.resource/primefaces.js?ln=primefaces&v=4.0 HTTP/1.1" 304 -
40.77.167.98 - - [15/Jun/2023:00:56:11 -0500] "GET /BLA/resoluciones/AUTOS%202016/2778.pdf HTTP/1.1" 200 361604
66.249.73.36 - - [15/Jun/2023:00:56:29 -0500] "-" 408 -
201.245.192.253 - - [15/Jun/2023:00:59:29 -0500] "POST /kwsrmcab/Wsrmcab  HTTP/1.1" 200 40957
68.183.234.163 - - [15/Jun/2023:00:59:56 -0500] "-" 408 -
172.22.2.4 - - [15/Jun/2023:00:58:32 -0500] "HEAD /BLA/boletinlegal/ HTTP/1.1" 200 -
216.245.221.92 - - [15/Jun/2023:01:00:38 -0500] "HEAD / HTTP/1.1" 200 -
172.22.2.4 - - [15/Jun/2023:00:59:23 -0500] "GET /BLA/boletinlegal/ HTTP/1.1" 200 57680
82.140.10.22 - - [15/Jun/2023:01:01:33 -0500] "GET /sipse/faces/javax.faces.resource/theme.css?ln=primefaces-sipse HTTP/1.1" 304 -
82.140.10.22 - - [15/Jun/2023:01:01:33 -0500] "GET /sipse/faces/javax.faces.resource/primefaces.css?ln=primefaces&v=4.0 HTTP/1.1" 304 -
82.140.10.22 - - [15/Jun/2023:01:01:33 -0500] "GET /sipse/faces/javax.faces.resource/jquery/jquery.js?ln=primefaces&v=4.0 HTTP/1.1" 304 -
82.140.10.22 - - [15/Jun/2023:01:01:33 -0500] "GET /sipse/faces/javax.faces.resource/jquery/jquery-plugins.js?ln=primefaces&v=4.0 HTTP/1.1" 304 -
82.140.10.22 - - [15/Jun/2023:01:01:33 -0500] "GET /sipse/faces/javax.faces.resource/layout/layout.css?ln=primefaces&v=4.0 HTTP/1.1" 304 -
82.140.10.22 - - [15/Jun/2023:01:01:33 -0500] "GET /sipse/faces/javax.faces.resource/primefaces.js?ln=primefaces&v=4.0 HTTP/1.1" 304 -
82.140.10.22 - - [15/Jun/2023:01:01:33 -0500] "GET /sipse/faces/javax.faces.resource/layout/layout.js?ln=primefaces&v=4.0 HTTP/1.1" 304 -
82.140.10.22 - - [15/Jun/2023:01:01:33 -0500] "GET /sipse/css/imagen/contrasena.png HTTP/1.1" 404 383
82.140.10.22 - - [15/Jun/2023:01:01:33 -0500] "GET /sipse/faces/javax.faces.resource/images/ui-icons_898989_256x240.png?ln=primefaces-aristo HTTP/1.1" 304 -
82.140.10.22 - - [15/Jun/2023:01:01:32 -0500] "POST /sipse/faces/presentacion/financiero/solicitudProceso/consultarHistorialSolProceso.xhtml HTTP/1.1" 200 181947
82.140.10.22 - - [15/Jun/2023:01:01:40 -0500] "GET /sipse/faces/javax.faces.resource/theme.css?ln=primefaces-sipse HTTP/1.1" 304 -
82.140.10.22 - - [15/Jun/2023:01:01:40 -0500] "GET /sipse/faces/javax.faces.resource/primefaces.css?ln=primefaces&v=4.0 HTTP/1.1" 304 -
82.140.10.22 - - [15/Jun/2023:01:01:40 -0500] "GET /sipse/faces/javax.faces.resource/layout/layout.css?ln=primefaces&v=4.0 HTTP/1.1" 304 -
82.140.10.22 - - [15/Jun/2023:01:01:40 -0500] "GET /sipse/faces/javax.faces.resource/jquery/jquery.js?ln=primefaces&v=4.0 HTTP/1.1" 304 -
82.140.10.22 - - [15/Jun/2023:01:01:40 -0500] "GET /sipse/faces/javax.faces.resource/jquery/jquery-plugins.js?ln=primefaces&v=4.0 HTTP/1.1" 304 -
82.140.10.22 - - [15/Jun/2023:01:01:40 -0500] "POST /sipse/faces/presentacion/financiero/solicitudProceso/consultarSolicitudProceso.xhtml HTTP/1.1" 200 21130
82.140.10.22 - - [15/Jun/2023:01:01:41 -0500] "GET /sipse/faces/javax.faces.resource/fileupload/fileupload.css?ln=primefaces&v=4.0 HTTP/1.1" 304 -
82.140.10.22 - - [15/Jun/2023:01:01:41 -0500] "GET /sipse/faces/javax.faces.resource/primefaces.js?ln=primefaces&v=4.0 HTTP/1.1" 304 -
82.140.10.22 - - [15/Jun/2023:01:01:41 -0500] "GET /sipse/faces/javax.faces.resource/layout/layout.js?ln=primefaces&v=4.0 HTTP/1.1" 304 -
82.140.10.22 - - [15/Jun/2023:01:01:41 -0500] "GET /sipse/faces/javax.faces.resource/fileupload/fileupload.js?ln=primefaces&v=4.0 HTTP/1.1" 304 -
82.140.10.22 - - [15/Jun/2023:01:02:07 -0500] "GET /sipse/faces/javax.faces.resource/theme.css?ln=primefaces-sipse HTTP/1.1" 304 -
82.140.10.22 - - [15/Jun/2023:01:02:07 -0500] "GET /sipse/faces/javax.faces.resource/primefaces.css?ln=primefaces&v=4.0 HTTP/1.1" 304 -
82.140.10.22 - - [15/Jun/2023:01:02:08 -0500] "GET /sipse/faces/javax.faces.resource/layout/layout.css?ln=primefaces&v=4.0 HTTP/1.1" 304 -
82.140.10.22 - - [15/Jun/2023:01:02:08 -0500] "GET /sipse/faces/javax.faces.resource/jquery/jquery.js?ln=primefaces&v=4.0 HTTP/1.1" 304 -
82.140.10.22 - - [15/Jun/2023:01:02:08 -0500] "GET /sipse/faces/javax.faces.resource/jquery/jquery-plugins.js?ln=primefaces&v=4.0 HTTP/1.1" 304 -
82.140.10.22 - - [15/Jun/2023:01:02:08 -0500] "GET /sipse/faces/javax.faces.resource/primefaces.js?ln=primefaces&v=4.0 HTTP/1.1" 304 -
82.140.10.22 - - [15/Jun/2023:01:02:08 -0500] "GET /sipse/faces/javax.faces.resource/layout/layout.js?ln=primefaces&v=4.0 HTTP/1.1" 304 -
82.140.10.22 - - [15/Jun/2023:01:01:57 -0500] "POST /sipse/faces/presentacion/sistema/anexos/cargarAnexoSolicitudProceso.xhtml HTTP/1.1" 200 183750
82.140.10.22 - - [15/Jun/2023:01:02:15 -0500] "GET /sipse/faces/javax.faces.resource/images/ui-icons_898989_256x240.png?ln=primefaces-aristo HTTP/1.1" 304 -
82.140.10.22 - - [15/Jun/2023:01:02:19 -0500] "GET /sipse/faces/javax.faces.resource/theme.css?ln=primefaces-sipse HTTP/1.1" 304 -
82.140.10.22 - - [15/Jun/2023:01:02:17 -0500] "POST /sipse/faces/presentacion/financiero/solicitudProceso/consultarSolicitudProceso.xhtml HTTP/1.1" 200 40796
82.140.10.22 - - [15/Jun/2023:01:02:19 -0500] "GET /sipse/faces/javax.faces.resource/primefaces.css?ln=primefaces&v=4.0 HTTP/1.1" 304 -
82.140.10.22 - - [15/Jun/2023:01:02:19 -0500] "GET /sipse/faces/javax.faces.resource/layout/layout.css?ln=primefaces&v=4.0 HTTP/1.1" 304 -
82.140.10.22 - - [15/Jun/2023:01:02:19 -0500] "GET /sipse/faces/javax.faces.resource/jquery/jquery.js?ln=primefaces&v=4.0 HTTP/1.1" 304 -
82.140.10.22 - - [15/Jun/2023:01:02:19 -0500] "GET /sipse/faces/javax.faces.resource/jquery/jquery-plugins.js?ln=primefaces&v=4.0 HTTP/1.1" 304 -
82.140.10.22 - - [15/Jun/2023:01:02:19 -0500] "GET /sipse/faces/javax.faces.resource/primefaces.js?ln=primefaces&v=4.0 HTTP/1.1" 304 -
82.140.10.22 - - [15/Jun/2023:01:02:19 -0500] "GET /sipse/faces/javax.faces.resource/layout/layout.js?ln=primefaces&v=4.0 HTTP/1.1" 304 -
82.140.10.22 - - [15/Jun/2023:01:02:19 -0500] "GET /sipse/faces/javax.faces.resource/images/ui-bg_flat_0_2d5972_40x100.png?ln=primefaces-aristo HTTP/1.1" 304 -
82.140.10.22 - - [15/Jun/2023:01:02:19 -0500] "POST /sipse/faces/presentacion/financiero/solicitudProceso/listarSolicitudProceso.xhtml HTTP/1.1" 200 1404
82.140.10.22 - - [15/Jun/2023:01:02:20 -0500] "POST /sipse/faces/presentacion/financiero/solicitudProceso/listarSolicitudProceso.xhtml HTTP/1.1" 200 1396
82.140.10.22 - - [15/Jun/2023:01:02:25 -0500] "POST /sipse/faces/presentacion/financiero/solicitudProceso/listarSolicitudProceso.xhtml HTTP/1.1" 200 17837
82.140.10.22 - - [15/Jun/2023:01:02:29 -0500] "POST /sipse/faces/presentacion/financiero/solicitudProceso/listarSolicitudProceso.xhtml HTTP/1.1" 200 44897
82.140.10.22 - - [15/Jun/2023:01:02:31 -0500] "POST /sipse/faces/presentacion/financiero/solicitudProceso/listarSolicitudProceso.xhtml HTTP/1.1" 200 17921
82.140.10.22 - - [15/Jun/2023:01:02:37 -0500] "POST /sipse/faces/presentacion/financiero/solicitudProceso/listarSolicitudProceso.xhtml HTTP/1.1" 200 44897
82.140.10.22 - - [15/Jun/2023:01:02:39 -0500] "POST /sipse/faces/presentacion/financiero/solicitudProceso/listarSolicitudProceso.xhtml HTTP/1.1" 200 44661
82.140.10.22 - - [15/Jun/2023:01:02:42 -0500] "POST /sipse/faces/presentacion/financiero/solicitudProceso/listarSolicitudProceso.xhtml HTTP/1.1" 200 17736
82.140.10.22 - - [15/Jun/2023:01:02:49 -0500] "POST /sipse/faces/presentacion/financiero/solicitudProceso/listarSolicitudProceso.xhtml HTTP/1.1" 200 120595
82.140.10.22 - - [15/Jun/2023:01:02:50 -0500] "GET /sipse/faces/javax.faces.resource/theme.css?ln=primefaces-sipse HTTP/1.1" 304 -
82.140.10.22 - - [15/Jun/2023:01:02:50 -0500] "GET /sipse/faces/javax.faces.resource/jquery/jquery.js?ln=primefaces&v=4.0 HTTP/1.1" 304 -
82.140.10.22 - - [15/Jun/2023:01:02:50 -0500] "GET /sipse/faces/javax.faces.resource/primefaces.css?ln=primefaces&v=4.0 HTTP/1.1" 304 -
82.140.10.22 - - [15/Jun/2023:01:02:50 -0500] "GET /sipse/faces/javax.faces.resource/layout/layout.css?ln=primefaces&v=4.0 HTTP/1.1" 304 -
82.140.10.22 - - [15/Jun/2023:01:02:50 -0500] "GET /sipse/faces/javax.faces.resource/jquery/jquery-plugins.js?ln=primefaces&v=4.0 HTTP/1.1" 304 -
82.140.10.22 - - [15/Jun/2023:01:02:51 -0500] "GET /sipse/faces/javax.faces.resource/primefaces.js?ln=primefaces&v=4.0 HTTP/1.1" 304 -
82.140.10.22 - - [15/Jun/2023:01:02:51 -0500] "GET /sipse/faces/javax.faces.resource/layout/layout.js?ln=primefaces&v=4.0 HTTP/1.1" 304 -
82.140.10.22 - - [15/Jun/2023:01:02:58 -0500] "GET /sipse/faces/javax.faces.resource/theme.css?ln=primefaces-sipse HTTP/1.1" 304 -
82.140.10.22 - - [15/Jun/2023:01:02:58 -0500] "GET /sipse/faces/javax.faces.resource/primefaces.css?ln=primefaces&v=4.0 HTTP/1.1" 304 -
82.140.10.22 - - [15/Jun/2023:01:02:58 -0500] "GET /sipse/faces/javax.faces.resource/layout/layout.css?ln=primefaces&v=4.0 HTTP/1.1" 304 -
82.140.10.22 - - [15/Jun/2023:01:02:58 -0500] "GET /sipse/faces/javax.faces.resource/jquery/jquery.js?ln=primefaces&v=4.0 HTTP/1.1" 304 -
82.140.10.22 - - [15/Jun/2023:01:02:58 -0500] "GET /sipse/faces/javax.faces.resource/jquery/jquery-plugins.js?ln=primefaces&v=4.0 HTTP/1.1" 304 -
82.140.10.22 - - [15/Jun/2023:01:02:58 -0500] "GET /sipse/faces/javax.faces.resource/primefaces.js?ln=primefaces&v=4.0 HTTP/1.1" 304 -
82.140.10.22 - - [15/Jun/2023:01:02:58 -0500] "GET /sipse/faces/javax.faces.resource/layout/layout.js?ln=primefaces&v=4.0 HTTP/1.1" 304 -
82.140.10.22 - - [15/Jun/2023:01:02:57 -0500] "POST /sipse/faces/presentacion/financiero/solicitudProceso/consultarSolicitudProceso.xhtml HTTP/1.1" 200 28912
82.140.10.22 - - [15/Jun/2023:01:03:25 -0500] "GET /sipse/faces/javax.faces.resource/theme.css?ln=primefaces-sipse HTTP/1.1" 304 -
82.140.10.22 - - [15/Jun/2023:01:03:25 -0500] "GET /sipse/faces/javax.faces.resource/primefaces.css?ln=primefaces&v=4.0 HTTP/1.1" 304 -
82.140.10.22 - - [15/Jun/2023:01:03:26 -0500] "GET /sipse/faces/javax.faces.resource/layout/layout.css?ln=primefaces&v=4.0 HTTP/1.1" 304 -
82.140.10.22 - - [15/Jun/2023:01:03:26 -0500] "GET /sipse/faces/javax.faces.resource/jquery/jquery.js?ln=primefaces&v=4.0 HTTP/1.1" 304 -
82.140.10.22 - - [15/Jun/2023:01:03:26 -0500] "GET /sipse/faces/javax.faces.resource/primefaces.js?ln=primefaces&v=4.0 HTTP/1.1" 304 -
82.140.10.22 - - [15/Jun/2023:01:03:26 -0500] "GET /sipse/faces/javax.faces.resource/jquery/jquery-plugins.js?ln=primefaces&v=4.0 HTTP/1.1" 304 -
82.140.10.22 - - [15/Jun/2023:01:03:26 -0500] "GET /sipse/faces/javax.faces.resource/layout/layout.js?ln=primefaces&v=4.0 HTTP/1.1" 304 -
82.140.10.22 - - [15/Jun/2023:01:03:25 -0500] "POST /sipse/faces/presentacion/financiero/solicitudProceso/consultarHistorialSolProceso.xhtml HTTP/1.1" 200 165141
172.22.2.4 - - [15/Jun/2023:01:03:46 -0500] "GET /BLA/boletinlegal/ HTTP/1.1" 200 32715
201.245.192.253 - - [15/Jun/2023:01:04:27 -0500] "POST /kwsrmcab/Wsrmcab  HTTP/1.1" 200 40957
2.57.121.123 - - [15/Jun/2023:01:04:49 -0500] "GET / HTTP/1.0" 200 319
40.77.167.97 - - [15/Jun/2023:01:04:57 -0500] "GET /BLA/resoluciones/AUTOS%202022/2511.pdf HTTP/1.1" 304 -
216.245.221.92 - - [15/Jun/2023:01:05:38 -0500] "HEAD / HTTP/1.1" 200 -
82.140.10.22 - - [15/Jun/2023:01:05:57 -0500] "POST /sipse/faces/presentacion/financiero/solicitudProceso/consultarSolicitudProceso.xhtml HTTP/1.1" 200 196489
172.22.2.4 - - [15/Jun/2023:01:04:22 -0500] "HEAD /BLA/boletinlegal/ HTTP/1.1" 200 -
172.22.2.4 - - [15/Jun/2023:01:05:13 -0500] "GET /BLA/boletinlegal/ HTTP/1.1" 200 53248
82.140.10.22 - - [15/Jun/2023:01:07:27 -0500] "POST /sipse/faces/presentacion/financiero/solicitudProceso/consultarSolicitudProceso.xhtml HTTP/1.1" 200 379057
200.118.60.119 - - [15/Jun/2023:01:09:06 -0500] "GET /BLA/resoluciones/index.php?dir=AUTOS+2019%2F HTTP/1.1" 200 12235
200.118.60.119 - - [15/Jun/2023:01:09:06 -0500] "GET /BLA/resoluciones/index.php?dir=AUTOS+2019%2F HTTP/1.1" 200 380651
87.236.176.91 - - [15/Jun/2023:01:09:27 -0500] "GET /portaldeninos/ HTTP/1.1" 200 110197
201.245.192.253 - - [15/Jun/2023:01:09:26 -0500] "POST /kwsrmcab/Wsrmcab  HTTP/1.1" 200 40957
66.249.73.36 - - [15/Jun/2023:01:10:01 -0500] "-" 408 -
216.245.221.92 - - [15/Jun/2023:01:10:38 -0500] "HEAD / HTTP/1.1" 200 -
172.22.2.4 - - [15/Jun/2023:01:10:12 -0500] "HEAD /BLA/boletinlegal/ HTTP/1.1" 200 -
13.228.4.236 - - [15/Jun/2023:01:11:56 -0500] "GET /galeria/galeria/jquery.fancybox.css?v=2.1.5 HTTP/1.1" 200 4895
13.228.4.236 - - [15/Jun/2023:01:11:56 -0500] "GET /BLA/boletinlegal/js/jquery.scrollShow.js HTTP/1.1" 200 4586
13.228.4.236 - - [15/Jun/2023:01:11:56 -0500] "GET /galeria/galeria/jquery.fancybox.js?v=2.1.5 HTTP/1.1" 200 48706
172.22.2.4 - - [15/Jun/2023:01:11:03 -0500] "GET /BLA/boletinlegal/ HTTP/1.1" 200 57272
159.65.22.2 - - [15/Jun/2023:01:12:57 -0500] "\x16\x03\x01\x01\xfd\x01" 400 226
52.167.144.158 - - [15/Jun/2023:01:14:01 -0500] "GET /BLA/resoluciones/RESOLUCIONES%202017/2357.pdf HTTP/1.1" 200 708315
201.245.192.253 - - [15/Jun/2023:01:14:25 -0500] "POST /kwsrmcab/Wsrmcab  HTTP/1.1" 200 40957
216.245.221.92 - - [15/Jun/2023:01:15:38 -0500] "HEAD / HTTP/1.1" 200 -
172.22.2.4 - - [15/Jun/2023:01:16:02 -0500] "HEAD /BLA/boletinlegal/ HTTP/1.1" 200 -
52.167.144.158 - - [15/Jun/2023:01:17:59 -0500] "GET /BLA/resoluciones/RESOLUCIONES%202016/0761.pdf HTTP/1.1" 200 627088
172.22.2.4 - - [15/Jun/2023:01:16:53 -0500] "GET /BLA/boletinlegal/ HTTP/1.1" 200 57680
201.245.192.253 - - [15/Jun/2023:01:19:24 -0500] "POST /kwsrmcab/Wsrmcab  HTTP/1.1" 200 40957
216.245.221.92 - - [15/Jun/2023:01:20:38 -0500] "HEAD / HTTP/1.1" 200 -
201.245.192.253 - - [15/Jun/2023:01:20:35 -0500] "POST /kwsrmcab/Wsrmcab HTTP/1.1" 200 43027
201.245.192.253 - - [15/Jun/2023:01:20:40 -0500] "POST /kwsrmcab/Wsrmcab HTTP/1.1" 200 40052
186.102.51.35 - - [15/Jun/2023:01:21:09 -0500] "GET /kwssiamovil/sm/acme/a?s=U2FsdGVkX18DHQZ7Skz06/MuIMW0x+w7u2ZfCr6TbCFRNwkEd+fi2kkJy21s1C2W6fZcjPuncP02o+oJQATLWW4LLv9Ksfd5bVcqmEscADZTXBh5+an0WwnsQjAitXPGymefWfgKurOtXp3qHj6P6NHerY1gmC9qmvxPOnFUa6nVRNWqYvX47u0RO3X8lB3kcxYknttxXDRmnqMo4meYxGmxMVqMkftDlhsAhekBs5n/ZQm4RafO0gxUkGiVwKPIgXS6QG8VGrQzMf7VuJSoGA==&u=U2FsdGVkX18VrVGOu+VRIMdXuK65TQR/ZnUczaUzQ+8=&y=U2FsdGVkX18fcP6VR64umOFWWOmcfvwJK5OA5bfN+sJ39mLFEK3i301D/H19Jt91 HTTP/1.1" 200 26
186.102.51.35 - - [15/Jun/2023:01:21:09 -0500] "GET /kwssiamovil/sm/acme/a?s=U2FsdGVkX18bz5WivVG0rJnQAAMrhSfBGqIcXjWCscvaXC+1FFKGmoFijXbmhRcE4YK5O9vcehEe5jupPaYxEmeJYmAhb4debsGvWmQf8CWI+FOYSuBdDwCJh9vTtmeBz8fwlVXL6aY6Uq7ITozTKGaGYByoR2eVIkd6qTFdLIYkjV0OaALywWpfF+T4XCHor2l+8G+IDyMFPAZoYtSjI5iitAvZSEKt9T16/MZ2aw4uyiQjYqaexM+PR6YiWndG3aD9Sa/b1OOnii+Jo6hAHfqZXBmd66CjD3EDVAXoR+2WprbuSyzDPVmoSVPwo147BuxSMF1oIe6Uvl0dyHv89lEHYwmIH2k59gO9NNOO0E99t9RN+FK/nSK2VEd4DCnffl4JE9syMjS09XbsKSXLlsUZV5rzJKE8ZF9R9Aa+sgT0xVUR0TwGQWiFWnJ6clbl8o7UbTMFpCWTauUyH0v4W3GCI2nKW1Kl1KfHdtI9ZdOxihdUyP/HQeronE8qXQf2DJn4DnQOiSFgQpblyuSoWug9cPpa1w0vyE2GKsdGSEeT1OEpid5qL7ZEbEano8pSYqw8ZNn5TsOS6r3VKEZkUrBOSFTerI4yU87yvmLk1qspWLWxdEa4dAOquyonc8erkhyaUBAhhtgk7d96lAJ6J+poKV4jF5n2fjDJPvmMxFrrQc06igknjgCS6Jcc4TzHKMSOwMbDZc3cqLRQ6QERZPh94XfhHri8cUpVKl9nS8Y1XfZd3J/5ISCn6Uxlzc25BlFUsz8bJUHO0NkYk5ZzAcn/YUtrloUuBJZjola9/qKMpTa+ecPKPtnubaZTV5umd+5RC3waBqoDQzaTygUR0jDJpd/ZnOsC7bLUZd025Kmh/OOm3iIYJZvRrNR+/C5PJiyfQFPqgZcb2bdz5IXYb2Gmz9Hwj2kuiVsXdUVqmP6+Is/Pm+Yg9NupbLQ/qLnp1zCeBgvy87ZXF8zBLo1h7hfGYFkKoDLa4mU6U1HyVJp3khmeDKc1ZCTRhw9k8SibeoZ2LSuFHvGpNXSahMDlMnb4v5J67TwQD2p0tYgBxnryeAHkcV4HbhXvpnUUq2XG4KU3V877mPIY9EAIkf8W+wgZNR1I4I6ay9lfwObqhSxFg7vh1d/PFApxNCc5ejn6nw9sxGXS6U6HuOfpNPHj9dVUP1ZF5E3NMonkh+mcAcnMf35nB+sivtPLZKcXtndNDhQJ6GtSpLyVgaw63uC7SPcugfm5subJXOsnzJFuQiFNq56iDskkY0/6kq6gQ7O7uL4VuvhAwQcps4B8tLm0BPbx3FbP1r17quDRPbkvktXZCIIpQNJp+SHoY1q0N+K7TFpmi0Ly2JMqh+mfjlbdCkq/zc5bfjhfTA44AtWBPLeg6JSoH5JGRlFDjghGEHFSa0kE2JPeaoFY/BcMUHISRF0gfqTBPXikqmd2bx93QaQX0w5PxgI0LgWo8NA7W7OT4Idh9CGDV2I02XM2u28a0w2Cbxy9ah5tcI3kyclPpJdUw2PfpzVjNwwPe9i7B29H&u=U2FsdGVkX18VrVGOu+VRIMdXuK65TQR/ZnUczaUzQ+8=&y=U2FsdGVkX18fcP6VR64umOFWWOmcfvwJK5OA5bfN+sJ39mLFEK3i301D/H19Jt91 HTTP/1.1" 200 26
186.102.51.35 - - [15/Jun/2023:01:21:09 -0500] "GET /kwssiamovil/sm/acme/a?s=U2FsdGVkX182W81Auu1yxito03v5y4rFVMHMd8cMGystqMsbVtH8gojUoZ2rcuExGg74n/Oe0E4f6ppcb80stJHB8yHgpS4qNJRiCC6QJQg51nzpBFDEjMnf2B3l8Sm+PWWtgxQrnXEZZGVNP2Y1XsM+E7U5EVNd5rR0mi33Uro=&u=U2FsdGVkX18VrVGOu+VRIMdXuK65TQR/ZnUczaUzQ+8=&y=U2FsdGVkX18fcP6VR64umOFWWOmcfvwJK5OA5bfN+sJ39mLFEK3i301D/H19Jt91 HTTP/1.1" 200 26
186.102.51.35 - - [15/Jun/2023:01:21:09 -0500] "GET /kwssiamovil/sm/acme/a?s=U2FsdGVkX19SPmuZYmFWpz0OoNPnAGzWTp1qD7wldg/wHPi3DaO+rnHLLi8krRLUYem1hcCxQEjVlBal6NbcpBrTkZVXstN/7rblVmWQAHHXRB8P4l4XNzLGlSYWXdFYgRHOEvcgPtJo5WAe5t0CqyfJdLkRHGeDkFDVLXFKE+E=&u=U2FsdGVkX18VrVGOu+VRIMdXuK65TQR/ZnUczaUzQ+8=&y=U2FsdGVkX18fcP6VR64umOFWWOmcfvwJK5OA5bfN+sJ39mLFEK3i301D/H19Jt91 HTTP/1.1" 200 26
186.102.51.35 - - [15/Jun/2023:01:21:10 -0500] "GET /kwssiamovil/sm/acme/a?s=U2FsdGVkX1/HGnCiopcuTE1qVjeFYT9qigL+8Mq2NeL8FaOPavpyGBWJTnVRHgR1gF6wXsLz+VoxyhKPlLdgEk+3myxrgX5uVtAAz/hmk1r5wmwva1jTYGA/k1afNsZ2gGigNoe574djRy7QOKQim1geK4abnCGXFtEezTrddcc=&u=U2FsdGVkX18VrVGOu+VRIMdXuK65TQR/ZnUczaUzQ+8=&y=U2FsdGVkX18fcP6VR64umOFWWOmcfvwJK5OA5bfN+sJ39mLFEK3i301D/H19Jt91 HTTP/1.1" 200 26
186.102.51.35 - - [15/Jun/2023:01:21:10 -0500] "GET /kwssiamovil/sm/acme/a?s=U2FsdGVkX18fsprSfUKHIuL+egulvmXb6u8574aEv+8RsXYVPzc7fzx11+01mjWuVchMxXGyrX0jMQBzeB4U6nYc/KFcKP/hANoBBKA5ExfY2va9C8Mpix19xlwgexW+tYq826G8or+RzVS3jaQKdI3pKcdZpiNiGPbtfviJ/UdkPuib0Ymz4UXD8vIdu198&u=U2FsdGVkX18VrVGOu+VRIMdXuK65TQR/ZnUczaUzQ+8=&y=U2FsdGVkX18fcP6VR64umOFWWOmcfvwJK5OA5bfN+sJ39mLFEK3i301D/H19Jt91 HTTP/1.1" 200 26
66.249.73.36 - - [15/Jun/2023:01:21:23 -0500] "-" 408 -
172.22.2.4 - - [15/Jun/2023:01:21:24 -0500] "GET /BLA/boletinlegal/ HTTP/1.1" 200 24523
172.22.2.4 - - [15/Jun/2023:01:21:52 -0500] "HEAD /BLA/boletinlegal/ HTTP/1.1" 200 -
172.22.2.4 - - [15/Jun/2023:01:22:43 -0500] "GET /BLA/boletinlegal/ HTTP/1.1" 200 57272
201.245.192.253 - - [15/Jun/2023:01:24:23 -0500] "POST /kwsrmcab/Wsrmcab  HTTP/1.1" 200 40957
216.245.221.92 - - [15/Jun/2023:01:25:38 -0500] "HEAD / HTTP/1.1" 200 -
173.252.79.11 - - [15/Jun/2023:01:28:28 -0500] "GET /images/Reciclaton-2023.jpg HTTP/1.1" 200 68883
66.249.73.68 - - [15/Jun/2023:01:28:56 -0500] "-" 408 -
84.54.51.109 - - [15/Jun/2023:01:28:49 -0500] "POST /boaform/admin/formLogin HTTP/1.1" 404 1186
93.157.19.23 - - [15/Jun/2023:01:29:13 -0500] "-" 408 -
172.22.2.4 - - [15/Jun/2023:01:27:42 -0500] "HEAD /BLA/boletinlegal/ HTTP/1.1" 200 -
201.245.192.253 - - [15/Jun/2023:01:29:22 -0500] "POST /kwsrmcab/Wsrmcab  HTTP/1.1" 200 40957
172.22.2.4 - - [15/Jun/2023:01:28:33 -0500] "GET /BLA/boletinlegal/ HTTP/1.1" 200 57680
216.245.221.92 - - [15/Jun/2023:01:30:38 -0500] "HEAD / HTTP/1.1" 200 -
201.245.192.253 - - [15/Jun/2023:01:30:35 -0500] "POST /kwsrmcab/Wsrmcab HTTP/1.1" 200 43027
201.245.192.253 - - [15/Jun/2023:01:30:39 -0500] "POST /kwsrmcab/Wsrmcab HTTP/1.1" 200 40052
162.55.171.138 - - [15/Jun/2023:01:30:42 -0500] "GET / HTTP/1.1" 200 319
162.55.171.138 - - [15/Jun/2023:01:30:43 -0500] "GET / HTTP/1.1" 200 4720
152.61.128.50 - - [15/Jun/2023:01:31:09 -0500] "GET /arcgis/services/Calidad_del_Agua_WQI/MapServer/WMSServer?request=GetCapabilities&service=WMS HTTP/1.1" 503 1020
152.61.128.50 - - [15/Jun/2023:01:31:10 -0500] "GET /arcgis/services/Calidad_del_Agua_WQI/MapServer/WMSServer?SERVICE=WMS&REQUEST=GetCapabilities HTTP/1.1" 503 1020
152.61.128.50 - - [15/Jun/2023:01:31:10 -0500] "GET /arcgis/services/Calidad_del_Agua_WQI/MapServer/WMSServer?WMTVER=1.0.0&REQUEST=capabilities HTTP/1.1" 503 1020
181.56.232.116 - - [15/Jun/2023:01:31:47 -0500] "-" 408 -
201.245.192.253 - - [15/Jun/2023:01:34:21 -0500] "POST /kwsrmcab/Wsrmcab  HTTP/1.1" 200 40957
172.22.2.4 - - [15/Jun/2023:01:33:32 -0500] "HEAD /BLA/boletinlegal/ HTTP/1.1" 200 -
216.245.221.92 - - [15/Jun/2023:01:35:38 -0500] "HEAD / HTTP/1.1" 200 -
172.22.2.4 - - [15/Jun/2023:01:34:23 -0500] "GET /BLA/boletinlegal/ HTTP/1.1" 200 54079
173.252.107.6 - - [15/Jun/2023:01:36:24 -0500] "GET /images/mercados-campesinos-5-mayo.jpg HTTP/1.1" 200 95848
52.167.144.158 - - [15/Jun/2023:01:38:37 -0500] "GET /BLA/resoluciones/AUTOS%202022/0703.pdf HTTP/1.1" 304 -
108.165.4.224 - - [15/Jun/2023:01:39:20 -0500] "GET /portaldeninos/wp-content/uploads/2020/06/mapa-humedales-de-bogot%C3%A1-1.jpg HTTP/1.1" 200 1170768
201.245.192.253 - - [15/Jun/2023:01:39:20 -0500] "POST /kwsrmcab/Wsrmcab  HTTP/1.1" 200 40957
216.245.221.92 - - [15/Jun/2023:01:40:38 -0500] "HEAD / HTTP/1.1" 200 -
201.245.192.253 - - [15/Jun/2023:01:40:35 -0500] "POST /kwsrmcab/Wsrmcab HTTP/1.1" 200 43027
201.245.192.253 - - [15/Jun/2023:01:40:39 -0500] "POST /kwsrmcab/Wsrmcab HTTP/1.1" 200 40052
172.22.2.4 - - [15/Jun/2023:01:39:22 -0500] "HEAD /BLA/boletinlegal/ HTTP/1.1" 200 -
168.119.100.88 - - [15/Jun/2023:01:41:08 -0500] "GET / HTTP/1.1" 200 319
168.119.100.88 - - [15/Jun/2023:01:41:10 -0500] "GET / HTTP/1.1" 200 4720
172.22.2.4 - - [15/Jun/2023:01:40:13 -0500] "GET /BLA/boletinlegal/ HTTP/1.1" 200 57272
201.245.192.253 - - [15/Jun/2023:01:44:19 -0500] "POST /kwsrmcab/Wsrmcab  HTTP/1.1" 200 40957
216.245.221.92 - - [15/Jun/2023:01:45:38 -0500] "HEAD / HTTP/1.1" 200 -
186.102.51.35 - - [15/Jun/2023:01:45:42 -0500] "GET /kwssiamovil/sm/acme/a?s=U2FsdGVkX1/57DJLtB0qSYYz8XqyYESCtFnIClYkaratJowW0pK+YXLCgslLfZ5GWZYhhZX1Mpq+lks2V7ZOGp5dpi9lBxYItDwG138BdE5+fthVd2shbbAaoh6Cvp/gdbEhOGPbQSyiD1Pm9EGPibzl4IWXB0ajVqaqf9d0mdNUtuOv589qXCcrk9wc2PpzJX3lh+mPTbkBeP/IEMjenDTEKpQmPJWYd3ydG1QIySQvgiosMEqfQh3kH5ixM8+VvXT15uLHfvYYCzouX2tteg==&u=U2FsdGVkX18VrVGOu+VRIMdXuK65TQR/ZnUczaUzQ+8=&y=U2FsdGVkX18fcP6VR64umOFWWOmcfvwJK5OA5bfN+sJ39mLFEK3i301D/H19Jt91 HTTP/1.1" 200 26
186.102.51.35 - - [15/Jun/2023:01:45:43 -0500] "GET /kwssiamovil/sm/acme/a?s=U2FsdGVkX18PJsCoW9OE8+tj4kNnzBwnt/8975g8SEKKBqjx7fL2I7aYNg1cup/Ef7FDBJwBCzHo4auVJa3ce27sqFr9ZoqNVl0lIwpXxz25J4skoHepuDQGOQLPSMnYXdy+CAZNxy5ebV93CShrpqWDhz4GTMkNmke8nbmcClYhXd3FlZYopz3rIk5lRHdOgEiBAL2/o4HpoBp/XNkZDCLx3psK7bZwhZWGVuwSBzDr/pokLXzpDFT5nXKfhpnJD/HXm5eESHE6D3NyBVoviZlEvPOTQjIjCVzoVsupSnheRJd29zDxbyh8QnLnFcpIbFHyH3TpzC0hQhD+JLIkgtxuXqloQDdPwoendwziRjJi+m9rd68WpYGosPmBKrGz6GOWxXevXMb5myBbXPl2WCn5lF/14dyXmwSGU3LM3+ojns8qoEsCAc8CEW0oVm7xgJNdYKp81opnpAj91GydVfsWxFoV43uzY/2/dOOvjIZCQT3tNOv7WW2okeM3dvNlN3NzbLk5LtSNBw7jSjyOrIQJjbkIaj7rx0tbGUefKMFSRrvrqluOI7XQOse/7sBJOrXMJN+26dkfJ77jtp/2QT5MICTL7dpaCeLwMxNHoIX6m5MtixmoGhIci6VGNs96WcAQX+SEcLgq61SdJ50+jUhgKV6AW2FYHRzW5paZZ3jCNUhbVnnmSKmDdWOz/pyREHhLSassvPPykw82c6seBsdZX69+mvFdHw9Hx84bqi3b4fohwK7DQ9RICFJhXR51dNao7F/FC8aSAg1ofnKlYNQGYORrU7cHcqSe+6EqYWfeGO5vewq85BTWJ7+FhWglpcXCEj81R2r1sMLdi5vFt31bOxWD2aHwKv87OA2VdSfWLui3eK6oXyYZ1foAv5r1j1ECOraqFxgCqLtlERRFym9e/J8yihidha/iTrUlxS69YfTuXAgqynz/tmNtj4CtTTCVap1+Op+Jua6OQ3eIzGt5H79E+u7/5MvE/RiAeymKP5VZJQ2g+H9uehdDtp1WI8Kng6VaMWwxRqp+lypqCQNu41ahwdxlJd3OF1se+LexA2S503NRKYmerLm+b8Ktn3YiT9N1UnZp+J667yzli7tWTlPh0vj1TTCFKK846aUZCBhgz3VcU9IR//2U87eEb49fQYBpQreQrBkeB1j83OzmYwMTltQEsl3eOa7UosO5LX6iblulJDWYTH54nhBqCs+FAmAOhBD40diLiCxG4Oyh2AtKfUTsZ0vrgkP4g8DQZKHMubKVL7+j8NGwb6dmvpJdMX8eMnxpza5QXDkn06kW6cY9Otg3Q1hcS5rfqh3/UH5xjAliyZLvu59KKAt17MaNbk/geTwD80wi7NMPgwq0hS+vEDtCRmDDmZlMUNeFDlKJUWZlpTzGqniCgs9UCLNmRraShEFThtufugGDvFvd/FEKrhzqU36UuFN/sCLffIBsdi8cgh6dc/CbFRW23Iwu9bUpHOx0Fzxhrt5DkWYJMp7aZutus3QpejBA4eM/S8l1oxwJWcfEBZBsqLxJcHn4EzHYru3UzAQmZ6Ztgswp7mR50oUq7+DNPNUn+tLSW4NcMlgzuJpC6h/FPW51jzQsmI08eOQsWi8KE1M78A==&u=U2FsdGVkX18VrVGOu+VRIMdXuK65TQR/ZnUczaUzQ+8=&y=U2FsdGVkX18fcP6VR64umOFWWOmcfvwJK5OA5bfN+sJ39mLFEK3i301D/H19Jt91 HTTP/1.1" 200 26
186.102.51.35 - - [15/Jun/2023:01:45:43 -0500] "GET /kwssiamovil/sm/acme/a?s=U2FsdGVkX1+rRTmArmDhl1Kc8cPtwezWVh2M6pXAtPKZLDbZWl+naWHkwAYhb2ILdqCWNkhQB1jrzYj9wryXulfrb8/gf41BcQlC+zs4QoniZNHkZ1b/Po5Osh9PF+8l+pMVJEmAjOAlCphRYGbEVFicCp6IANidV/RqZnGPacQ=&u=U2FsdGVkX18VrVGOu+VRIMdXuK65TQR/ZnUczaUzQ+8=&y=U2FsdGVkX18fcP6VR64umOFWWOmcfvwJK5OA5bfN+sJ39mLFEK3i301D/H19Jt91 HTTP/1.1" 200 26
186.102.51.35 - - [15/Jun/2023:01:45:43 -0500] "GET /kwssiamovil/sm/acme/a?s=U2FsdGVkX1/iGfKtq2EQTzeyCBDQd8ihLRRyG+XALFcPzU4j+wBti3e4xcTLKI7UoNvXknrvYlosTGqDxmOQ+qXaTw6enHbicXwZDOuFtQm4sQdLYSA8LDuyEvPFdHUGh16OSRIGpbN8LqxAIu83SH2JkpRc+jr8SauuHDZceUQ=&u=U2FsdGVkX18VrVGOu+VRIMdXuK65TQR/ZnUczaUzQ+8=&y=U2FsdGVkX18fcP6VR64umOFWWOmcfvwJK5OA5bfN+sJ39mLFEK3i301D/H19Jt91 HTTP/1.1" 200 26
186.102.51.35 - - [15/Jun/2023:01:45:43 -0500] "GET /kwssiamovil/sm/acme/a?s=U2FsdGVkX1+6Dup6LAVuXj/+MEIKsM0xnHBxz23MiSKV8vYG3WCKUJWchkBgZnkccmAj16yjVipvsAg18fkNefjKCzDRHsBAuYlLnem6XTES+OrrHWjD6mfPk/g/QOmojd0Aa2Uj03qY/LWKPS/ogFhqkWr9VL6Vrmv19EVF9/k=&u=U2FsdGVkX18VrVGOu+VRIMdXuK65TQR/ZnUczaUzQ+8=&y=U2FsdGVkX18fcP6VR64umOFWWOmcfvwJK5OA5bfN+sJ39mLFEK3i301D/H19Jt91 HTTP/1.1" 200 26
186.102.51.35 - - [15/Jun/2023:01:45:44 -0500] "GET /kwssiamovil/sm/acme/a?s=U2FsdGVkX19luhqncYisgM0Ra1DuD+q/XRKynbWmi5QpsHeoltouYptFaVsuYbjd/b/h6In2y7JsTOoQ/Fg3ODZTkyg7AZdnvF67A0EDNOjDMRHI3xzGnpi75nClOi8hBY5EDXA4lY6r7zA/CreHMEFyyH5om1LVr7V+9/VnZsUQEcwSFtQW06ZT6kHBPfEs&u=U2FsdGVkX18VrVGOu+VRIMdXuK65TQR/ZnUczaUzQ+8=&y=U2FsdGVkX18fcP6VR64umOFWWOmcfvwJK5OA5bfN+sJ39mLFEK3i301D/H19Jt91 HTTP/1.1" 200 26
40.77.167.97 - - [15/Jun/2023:01:46:19 -0500] "GET /BLA/resoluciones/AUTOS%202021/2065.pdf HTTP/1.1" 304 -
172.22.2.4 - - [15/Jun/2023:01:45:12 -0500] "HEAD /BLA/boletinlegal/ HTTP/1.1" 200 -
172.22.2.4 - - [15/Jun/2023:01:46:03 -0500] "GET /BLA/boletinlegal/ HTTP/1.1" 200 56452
201.245.192.253 - - [15/Jun/2023:01:49:18 -0500] "POST /kwsrmcab/Wsrmcab  HTTP/1.1" 200 40957
216.245.221.92 - - [15/Jun/2023:01:50:38 -0500] "HEAD / HTTP/1.1" 200 -
40.77.167.224 - - [15/Jun/2023:01:52:31 -0500] "GET /BLA/resoluciones/AUTOS%202021/0753.pdf HTTP/1.1" 304 -
172.22.2.4 - - [15/Jun/2023:01:51:02 -0500] "HEAD /BLA/boletinlegal/ HTTP/1.1" 200 -
172.22.2.4 - - [15/Jun/2023:01:51:53 -0500] "GET /BLA/boletinlegal/ HTTP/1.1" 200 57272
201.245.192.253 - - [15/Jun/2023:01:54:17 -0500] "POST /kwsrmcab/Wsrmcab  HTTP/1.1" 200 40957
216.245.221.92 - - [15/Jun/2023:01:55:38 -0500] "HEAD / HTTP/1.1" 200 -
172.22.2.4 - - [15/Jun/2023:01:56:52 -0500] "HEAD /BLA/boletinlegal/ HTTP/1.1" 200 -
201.245.192.253 - - [15/Jun/2023:01:59:16 -0500] "POST /kwsrmcab/Wsrmcab  HTTP/1.1" 200 40957
172.22.2.4 - - [15/Jun/2023:01:57:43 -0500] "GET /BLA/boletinlegal/ HTTP/1.1" 200 54079
216.245.221.92 - - [15/Jun/2023:02:00:38 -0500] "HEAD / HTTP/1.1" 200 -
3.88.167.118 - - [15/Jun/2023:02:01:26 -0500] "GET /serpiente-sabanera-pone-huevos-en-area-protegida-de-bogota.html HTTP/1.1" 200 670
201.245.192.253 - - [15/Jun/2023:02:04:15 -0500] "POST /kwsrmcab/Wsrmcab  HTTP/1.1" 200 40957
172.22.2.4 - - [15/Jun/2023:02:02:42 -0500] "HEAD /BLA/boletinlegal/ HTTP/1.1" 200 -
172.22.2.4 - - [15/Jun/2023:02:03:33 -0500] "GET /BLA/boletinlegal/ HTTP/1.1" 200 57680
216.245.221.92 - - [15/Jun/2023:02:05:38 -0500] "HEAD / HTTP/1.1" 200 -
13.215.127.149 - - [15/Jun/2023:02:07:21 -0500] "GET /transparencia/General%20Asignado/? HTTP/1.1" 200 43229
13.215.127.149 - - [15/Jun/2023:02:07:54 -0500] "GET /transparencia/General%20Asignado/? HTTP/1.1" 200 40907
40.77.167.98 - - [15/Jun/2023:02:08:59 -0500] "GET /BLA/resoluciones/AUTOS%202015/5129.pdf HTTP/1.1" 200 696477
201.245.192.253 - - [15/Jun/2023:02:09:15 -0500] "POST /kwsrmcab/Wsrmcab  HTTP/1.1" 200 40957
69.171.249.18 - - [15/Jun/2023:02:09:39 -0500] "GET /images/manos-reparadoras-plaza-americas-1.jpg HTTP/1.1" 200 47593
172.22.2.4 - - [15/Jun/2023:02:08:32 -0500] "HEAD /BLA/boletinlegal/ HTTP/1.1" 200 -
168.119.49.52 - - [15/Jun/2023:02:10:33 -0500] "GET / HTTP/1.1" 200 319
168.119.49.52 - - [15/Jun/2023:02:10:34 -0500] "GET / HTTP/1.1" 200 4720
140.228.21.28 - - [15/Jun/2023:02:10:34 -0500] "GET /wp-login.php HTTP/1.1" 404 1018
216.245.221.92 - - [15/Jun/2023:02:10:38 -0500] "HEAD / HTTP/1.1" 200 -
172.22.2.4 - - [15/Jun/2023:02:09:23 -0500] "GET /BLA/boletinlegal/ HTTP/1.1" 200 57680
201.245.192.253 - - [15/Jun/2023:02:14:13 -0500] "POST /kwsrmcab/Wsrmcab  HTTP/1.1" 200 40957
66.249.73.36 - - [15/Jun/2023:02:15:10 -0500] "-" 408 -
114.94.12.16 - - [15/Jun/2023:02:15:21 -0500] "GET /galeria/galeria/fotos/2CaminataP2.jpg HTTP/1.1" 200 25001
216.245.221.92 - - [15/Jun/2023:02:15:38 -0500] "HEAD / HTTP/1.1" 200 -
172.22.2.4 - - [15/Jun/2023:02:14:22 -0500] "HEAD /BLA/boletinlegal/ HTTP/1.1" 200 -
172.22.2.4 - - [15/Jun/2023:02:15:13 -0500] "GET /BLA/boletinlegal/ HTTP/1.1" 200 57680
34.91.74.160 - - [15/Jun/2023:02:17:18 -0500] "GET /en-junio-conectate-con-la-naturaleza-y-el-medioambiente-a-traves-de-estas-caminatas-ecologicas.html HTTP/1.1" 200 900
201.245.192.253 - - [15/Jun/2023:02:19:12 -0500] "POST /kwsrmcab/Wsrmcab  HTTP/1.1" 200 40957
61.135.159.160 - - [15/Jun/2023:02:19:24 -0500] "GET / HTTP/1.1" 200 319
216.245.221.92 - - [15/Jun/2023:02:20:38 -0500] "HEAD / HTTP/1.1" 200 -
201.245.192.253 - - [15/Jun/2023:02:20:35 -0500] "POST /kwsrmcab/Wsrmcab HTTP/1.1" 200 43351
201.245.192.253 - - [15/Jun/2023:02:20:39 -0500] "POST /kwsrmcab/Wsrmcab HTTP/1.1" 200 39564
172.22.2.4 - - [15/Jun/2023:02:20:12 -0500] "HEAD /BLA/boletinlegal/ HTTP/1.1" 200 -
172.22.2.4 - - [15/Jun/2023:02:21:02 -0500] "GET /BLA/boletinlegal/ HTTP/1.1" 200 58474
201.245.192.253 - - [15/Jun/2023:02:24:11 -0500] "POST /kwsrmcab/Wsrmcab  HTTP/1.1" 200 40957
172.22.2.4 - - [15/Jun/2023:02:25:00 -0500] "POST /BLA/boletinlegal/Autodiscover/Autodiscover.xml HTTP/1.1" 404 1018
216.245.221.92 - - [15/Jun/2023:02:25:38 -0500] "HEAD / HTTP/1.1" 200 -
18.140.211.238 - - [15/Jun/2023:02:26:59 -0500] "-" 408 -
172.22.2.4 - - [15/Jun/2023:02:26:02 -0500] "HEAD /BLA/boletinlegal/ HTTP/1.1" 200 -
172.22.2.4 - - [15/Jun/2023:02:26:53 -0500] "GET /BLA/boletinlegal/ HTTP/1.1" 200 57272
201.245.192.253 - - [15/Jun/2023:02:29:10 -0500] "POST /kwsrmcab/Wsrmcab  HTTP/1.1" 200 40957
40.77.167.97 - - [15/Jun/2023:02:29:29 -0500] "GET /BLA/resoluciones/RESOLUCIONES%202017/0112.pdf HTTP/1.1" 200 636388
66.249.73.36 - - [15/Jun/2023:02:30:09 -0500] "-" 408 -
201.245.192.253 - - [15/Jun/2023:02:30:35 -0500] "POST /kwsrmcab/Wsrmcab HTTP/1.1" 200 43351
216.245.221.92 - - [15/Jun/2023:02:30:39 -0500] "HEAD / HTTP/1.1" 200 -
201.245.192.253 - - [15/Jun/2023:02:30:39 -0500] "POST /kwsrmcab/Wsrmcab HTTP/1.1" 200 39564
64.124.8.52 - - [15/Jun/2023:02:30:47 -0500] "GET /portaldeninos/wp-content/uploads/2021/07/Banners-pa%CC%81gina-de-nin%CC%83os9-1024x50.jpg HTTP/1.1" 200 8683
64.124.8.52 - - [15/Jun/2023:02:30:48 -0500] "GET /portaldeninos/wp-content/uploads/2019/09/Caucho-sabanero-%C3%A1rboles.jpg HTTP/1.1" 304 -
64.124.8.52 - - [15/Jun/2023:02:30:49 -0500] "GET /portaldeninos/wp-content/uploads/2020/11/Torca-Guaymaral-B-1024x576.jpg HTTP/1.1" 200 140262
64.124.8.52 - - [15/Jun/2023:02:30:51 -0500] "GET /portaldeninos/wp-content/uploads/2021/11/pieza-dia-medioambiente-bogota-5-junio-960x720.jpg HTTP/1.1" 200 129424
139.180.154.152 - - [15/Jun/2023:02:30:58 -0500] "-" 408 -
64.124.8.52 - - [15/Jun/2023:02:31:02 -0500] "GET /portaldeninos/wp-content/uploads/2021/06/infograf%C3%ADa-ruido_optimized.jpg HTTP/1.1" 200 268472
13.214.0.146 - - [15/Jun/2023:02:31:28 -0500] "GET /galeria/nivo-slider/demo/images/Banner%20canales%20virtuales.jpg HTTP/1.1" 200 209438
31.13.127.7 - - [15/Jun/2023:02:32:54 -0500] "GET /images/Reciclaton-2023.jpg HTTP/1.1" 200 68883
173.252.83.9 - - [15/Jun/2023:02:33:19 -0500] "GET /dia-mundial-del-medio-ambiente-distrito-liberara-animales-silvestres-plantara-arboles-y-desarrollara-actividades-pedagogicas.html HTTP/1.1" 200 856
5.42.64.52 - - [15/Jun/2023:02:33:20 -0500] "GET /BLA/resoluciones/AUTOS%202021/2221.pdf HTTP/1.0" 200 408623
5.42.64.52 - - [15/Jun/2023:02:33:20 -0500] "GET / HTTP/1.0" 200 319
31.13.127.23 - - [15/Jun/2023:02:33:22 -0500] "GET /images/liberacion-animales-silvestres.jpg HTTP/1.1" 200 57397
173.252.83.11 - - [15/Jun/2023:02:33:23 -0500] "GET /dia-mundial-del-medio-ambiente-distrito-liberara-animales-silvestres-plantara-arboles-y-desarrollara-actividades-pedagogicas.html HTTP/1.1" 206 856
172.22.2.4 - - [15/Jun/2023:02:31:52 -0500] "HEAD /BLA/boletinlegal/ HTTP/1.1" 200 -
201.245.192.253 - - [15/Jun/2023:02:34:09 -0500] "POST /kwsrmcab/Wsrmcab  HTTP/1.1" 200 40957
172.22.2.4 - - [15/Jun/2023:02:32:42 -0500] "GET /BLA/boletinlegal/ HTTP/1.1" 200 57272
216.245.221.92 - - [15/Jun/2023:02:35:38 -0500] "HEAD / HTTP/1.1" 200 -
173.252.83.9 - - [15/Jun/2023:02:36:46 -0500] "GET /conozca-las-organizaciones-seleccionadas-al-panel-distrital-de-cambio-climatico.html HTTP/1.1" 200 812
66.249.73.67 - - [15/Jun/2023:02:38:10 -0500] "-" 408 -
201.245.192.253 - - [15/Jun/2023:02:39:08 -0500] "POST /kwsrmcab/Wsrmcab  HTTP/1.1" 200 40957
172.22.2.4 - - [15/Jun/2023:02:37:42 -0500] "HEAD /BLA/boletinlegal/ HTTP/1.1" 200 -
172.22.2.4 - - [15/Jun/2023:02:38:32 -0500] "GET /BLA/boletinlegal/ HTTP/1.1" 200 59192
201.245.192.253 - - [15/Jun/2023:02:40:35 -0500] "POST /kwsrmcab/Wsrmcab HTTP/1.1" 200 43351
216.245.221.92 - - [15/Jun/2023:02:40:38 -0500] "HEAD / HTTP/1.1" 200 -
201.245.192.253 - - [15/Jun/2023:02:40:39 -0500] "POST /kwsrmcab/Wsrmcab HTTP/1.1" 200 39564
172.22.2.4 - - [15/Jun/2023:02:43:07 -0500] "GET /BLA/boletinlegal/robots.txt HTTP/1.1" 404 1038
172.22.2.4 - - [15/Jun/2023:02:43:07 -0500] "GET /BLA/boletinlegal/Directivas/2022/DIRECTIVA%20No.%2000002%20DEL%2022%20DE%20JUNIO%20DEL%202022.pdf HTTP/1.1" 200 384175
201.245.192.253 - - [15/Jun/2023:02:44:07 -0500] "POST /kwsrmcab/Wsrmcab  HTTP/1.1" 200 40957
172.22.2.4 - - [15/Jun/2023:02:43:32 -0500] "HEAD /BLA/boletinlegal/ HTTP/1.1" 200 -
152.39.135.199 - - [15/Jun/2023:02:45:35 -0500] "GET /bogota-circular-el-desafio-de-transformar-los-servicios-publicos-para-construir-una-ciudad-prospera-y-sostenible.html HTTP/1.1" 200 787
185.251.46.208 - - [15/Jun/2023:02:45:35 -0500] "GET /760-llantas-fueron-recolectadas-en-el-primer-dia-de-llantaton-en-bogota.html HTTP/1.1" 200 768
86.106.177.39 - - [15/Jun/2023:02:45:35 -0500] "GET /serrania-el-zuque-de-cantera-en-los-anos-60-a-espacio-de-restauracion-ambiental-y-mitigacion-del-riesgo.html HTTP/1.1" 200 841
161.123.255.243 - - [15/Jun/2023:02:45:35 -0500] "GET /secretaria-de-ambiente-presente-en-la-feria-internacional-del-ambiente-2023.html HTTP/1.1" 200 841
216.245.221.92 - - [15/Jun/2023:02:45:38 -0500] "HEAD / HTTP/1.1" 200 -
172.22.2.4 - - [15/Jun/2023:02:44:22 -0500] "GET /BLA/boletinlegal/ HTTP/1.1" 200 59192
40.77.167.139 - - [15/Jun/2023:02:47:55 -0500] "GET /BLA/resoluciones/AUTOS%202019/4528.pdf HTTP/1.1" 200 323648
201.245.192.253 - - [15/Jun/2023:02:49:07 -0500] "POST /kwsrmcab/Wsrmcab  HTTP/1.1" 200 40957
216.245.221.92 - - [15/Jun/2023:02:50:38 -0500] "HEAD / HTTP/1.1" 200 -
40.77.167.205 - - [15/Jun/2023:02:50:59 -0500] "GET /portaldeninos/aulas-ambientales/aula-ambiental-sorotama/ HTTP/1.1" 200 89596
172.22.2.4 - - [15/Jun/2023:02:49:22 -0500] "HEAD /BLA/boletinlegal/ HTTP/1.1" 200 -
66.249.73.36 - - [15/Jun/2023:02:51:24 -0500] "-" 408 -
172.22.2.4 - - [15/Jun/2023:02:50:13 -0500] "GET /BLA/boletinlegal/ HTTP/1.1" 200 57272
192.42.116.195 - - [15/Jun/2023:02:52:13 -0500] "GET /wp-content/plugins/woocommerce/readme.txt HTTP/1.1" 404 1034
201.245.192.253 - - [15/Jun/2023:02:54:05 -0500] "POST /kwsrmcab/Wsrmcab  HTTP/1.1" 200 40957
46.11.241.242 - - [15/Jun/2023:02:54:45 -0500] "POST /appsia/controlador HTTP/1.1" 404 68
46.11.241.242 - - [15/Jun/2023:02:54:46 -0500] "GET /favicon.ico HTTP/1.1" 200 7782
46.11.241.242 - - [15/Jun/2023:02:54:54 -0500] "POST /appsia/controlador HTTP/1.1" 404 68
216.245.221.92 - - [15/Jun/2023:02:55:38 -0500] "HEAD / HTTP/1.1" 200 -
52.167.144.158 - - [15/Jun/2023:02:56:04 -0500] "GET /BLA/resoluciones/AUTOS%202022/0176.pdf HTTP/1.1" 304 -
172.22.2.4 - - [15/Jun/2023:02:55:12 -0500] "HEAD /BLA/boletinlegal/ HTTP/1.1" 200 -
168.119.252.243 - - [15/Jun/2023:02:57:31 -0500] "GET / HTTP/1.1" 200 4720
168.119.252.243 - - [15/Jun/2023:02:57:31 -0500] "GET / HTTP/1.1" 200 319
172.22.2.4 - - [15/Jun/2023:02:56:02 -0500] "GET /BLA/boletinlegal/ HTTP/1.1" 200 55337
201.245.192.253 - - [15/Jun/2023:02:59:05 -0500] "POST /kwsrmcab/Wsrmcab  HTTP/1.1" 200 40957
216.245.221.92 - - [15/Jun/2023:03:00:38 -0500] "HEAD / HTTP/1.1" 200 -
172.22.2.4 - - [15/Jun/2023:03:01:02 -0500] "HEAD /BLA/boletinlegal/ HTTP/1.1" 200 -
172.22.2.4 - - [15/Jun/2023:03:01:52 -0500] "GET /BLA/boletinlegal/ HTTP/1.1" 200 53643
201.245.192.253 - - [15/Jun/2023:03:04:03 -0500] "POST /kwsrmcab/Wsrmcab  HTTP/1.1" 200 40957
52.167.144.158 - - [15/Jun/2023:03:04:12 -0500] "GET /Publicaciones/2023EE95504.pdf HTTP/1.1" 404 227
172.22.2.4 - - [15/Jun/2023:03:02:42 -0500] "GET /BLA/boletinlegal/ HTTP/1.1" 200 53195
216.245.221.92 - - [15/Jun/2023:03:05:38 -0500] "HEAD / HTTP/1.1" 200 -
52.167.144.158 - - [15/Jun/2023:03:06:03 -0500] "GET /BLA/resoluciones/RESOLUCIONES%202021/2903.pdf HTTP/1.1" 200 474460
172.22.2.4 - - [15/Jun/2023:03:06:52 -0500] "HEAD /BLA/boletinlegal/ HTTP/1.1" 200 -
173.252.83.20 - - [15/Jun/2023:03:08:33 -0500] "GET /images/Rmasar%2018%20de%20febrero%20Grupo.jpg HTTP/1.1" 200 68398
186.118.231.248 - - [15/Jun/2023:03:09:02 -0500] "OPTIONS /kwssiamovil/sm/setfile/f? HTTP/1.1" 200 13
186.118.231.248 - - [15/Jun/2023:03:09:02 -0500] "POST /kwssiamovil/sm/setfile/f? HTTP/1.1" 200 381
201.245.192.253 - - [15/Jun/2023:03:09:01 -0500] "POST /kwsrmcab/Wsrmcab  HTTP/1.1" 200 40957
172.22.2.4 - - [15/Jun/2023:03:07:42 -0500] "GET /BLA/boletinlegal/ HTTP/1.1" 200 57680
40.77.167.98 - - [15/Jun/2023:03:09:35 -0500] "GET /Autoliquidacion/index.php?dir=Solicitudes+relacionadas+con+ocupaci%F3n+de+cauce%2F HTTP/1.1" 200 2870
66.249.73.69 - - [15/Jun/2023:03:09:39 -0500] "-" 408 -
186.118.231.248 - - [15/Jun/2023:03:09:39 -0500] "GET /kwssiamovil/sm/acme/a?s=U2FsdGVkX19EZGzkKtNRHfYcOpxLQVmde+ZJseXswJe36VZbnEmioBHlkVMmmK1GNaSLyWMl6xnRQKIFyxnLPJtxqLFbZ4v1poGwvTQin2W9LnVmNaMYNNziH11CygFsslXawNLKzimu1YhtNT3QOOlatV/yKXVPylrqRiP5W1P0hOvOJgQ2+sWAzVYLV/av4d9DIKtBn9jA4sSUHDX145ZHZ4knVU44nGN38DUli/OAHDAnaV/WLzq64mKuiMqzEqCmMIOLZ09k/RSWt1xJVg==&u=U2FsdGVkX18ClIY4Dtln7jhybXZjXUA3+21gZpKbGwP9jQD/gHPjc6R1f7FJq4P3&y=U2FsdGVkX19HSPSJwN7OkFS4STycncQ3vJNlAf8dhxkh/y8FUTga9KmeuNdFPKJz HTTP/1.1" 200 26
186.118.231.248 - - [15/Jun/2023:03:09:39 -0500] "GET /kwssiamovil/sm/acme/a?s=U2FsdGVkX18Z/se88z5R1+833teukQUpiDeT3XiN+uvG2SnlM9wZ+P86kAI1OETVHNxoe7b25a04Xv4ndVHUIeK5RzD4g+sYEZeeTze/r2OFu7ft2toVmaj15zyWx7BaUIlUqN62Tm5RvtOcR4Kbf75EFDJlewu6iElgKADqPZ07gQl+dQRbErKV8c7AwyJb7X0zenk2oh4l9cNe+nhbqni0Z/TnxYiM1I0IamzICWNo635r1/e+Zcq6nEe+UHPuamuj2SMDnbXQ4olr/JC9pLYvnU5fDn5GQY1Fjgnc8QMCQnEdYUjSD2eTVCSgxozuxnB2hxXTAEuFcQcDylELIhW97wiF8aiH9vybDpgRH3G9GzYAUthzzR0BgEkVR+Ga+f/4T4qGcKGF3haoqOgH4ML0nCsZQ5xpX0YGD3ak4wkuit/S5JX9dHrhpXLYsRkyTAo/f6j7/UQTm0hsJrmzrs6JqCeCtPZ1G5VJcvIiltZudpV6SlYzcMqOpYeGR0eKOPy86gXVOXwwulsb9gAGKLjlXupXKoMMZPRLPFwgB9euyEqBe/YaY2rBHrxaCf7X21UE4Zd/hPOY3vVn+Y85dbJHKSXEuFfGrxGjxamB0f+IIaZUmC2LqrieJ+/A1DJeAM+T1HrqVnNiCfQhSqX8QsIvcNUASEd1e1zBLsrmWSw48IljeAH8vBIWTOQNku8n7VV3d6xLqhJiWXukHfIPfK6SAeTvDwx31hpGh01UDV0xBuc9jiVoyL3EfIracmzePwrTALiqOklJbDwiQoYW7mf7nm0lO6dKgbnnIbQI8qTYqY+bJCQbOWDfp8tVt08oHRfzEt/zXXMGMpYnWU5EUujRm00BGJUUAr8tI7E5n0HJSm8tIU8NlNZUP7cBxg8jd3v34edUNFx+Zs59yMS3jlJ3Mhp0FxYHt7RMaxoGwH7f6nPxYBgqm+NLK1bu8wjHqJiRzqHJb58X7LAzrySQezZbR4OSJnEyopswW6Aj+AEyzzwH9HXMaaQJX6oo9u1l1xY6Xtcy/rRnwcMrglEy07rHcYs90u/9V//DogNAvxXM8lWJJ2xv9OR8MLbE7j2LUPVHgySj9qr2ebvoMEbf32Uj4Zhzw7yemtJINARlIvwkKHIPDKYcn+yl5SxZdeoaL1DDpAQekcwpHZFuktIV0KffUU4ERstWZbf7s1coX/DePg68bHcX0/ViqiLc418js+GzPDoyjA3KLGsOkFANxEr0ik1A6PgCpg3PUWu+6Hi9/j6HEr5FA7WxxR28hLsCDz3Qr4OXUNkQEWxzxxwTS0+6qAzXSoZ7GTHjAhZns1zA1fouK6yYaM0AZfGMoDLR2C2gHIWOOQa8MQFzoC96Ng3FXj5dsauL+1yQEgxUk3eeeYo5FN0GBTkjg2iBQAoCrBkJhI2TBYg3mvu55YPrI2tnJrHXFqIeOKsWWE33veFVoKL64wKRTNauf8Qw7HiuU9TMH7vbblbxueQYHUOsj+sE4tXj8p8ZOORbnxCIx0GG2JjoVbLz4GnEBqotYb9orOv3BUkwS14gBkNbsDI7Enzjvno4w0Y/+pdFFmZROjvi/a8AloMw2w6rQ7cp6997FLWw9moWqF8TvAW6fhyY5rphnES4dE/QL2iXb+6Wf9K0v79LhFtsP7k5VHU12Vn6tYRuULKgnrby74fC0M5Ikv9H1XN9sQpv5+TLe7rQhaUqDsAzkjVpOL08VOzDu4syavE8dHeKyh9+gMamVFKJHkrWGKj8cH63w4eo4jDvcA8rqIyaqf/4FpJE2w1Zn6H+QN+uAL4yUO4CRiADQxae8iTkw5g28RzohR2axbzg5XRqJHYWq1hT2UEV5MEfVfzpiTWBcdoEKk8qtpqPmssHFBd/QJXb4XvI0QYGJ7cYPCj0brsaUjB4WItYlaH5SqghgBM4q33+CWNpBGEf05cbHrs+s2FccAMvwMGHzZRkWJBx8r7jwsB2H8IumaSFuM3QySCEKskU/dyJF0QpgQLaqMJhREzXy3+YvVDbPueJiG+9qloa9HmiHZ/LBYk4Uww+iyoRN4X4vmEmCigbdnTdQ8zGnpzAMtAvRReX0EE1HmF4/RuLLEvSPEF6Z+mdpiGDdQYjjL7uaKtt4bbrXBE0LxhPIatrr4RdjrRD3018HDE9z5vcSuBSgE4c5MD2MaDBoTs1AUMVTZq+KHDFoIh8Gs+ZD57Wgi50qZU9JD8qD1vDRhjDvcXAAbBPR7TFoXfV7lTzpqhiMKhuIwPR3IjAqA55a73BgUDhQH/aELSwR0FM63iGH9Cailu3TCmwdoQcu+wjQWJD8I3WR/EimT+4M0cYM3ufwoXgM9JvFYNpxGXFgz0QVaGI8qzKicrCRYUPy7Vv3bvNTBrcNxZRU1/MoZdjn5VH6cFNwMAs3oLNUjIq+bqgwxDve4bklXi7+AoQY05oGymZZDSdgyBFpPUAb9kJ5k4/mDu2XNdKkdirJeFc6WewpM1g94IVmTcnX/aFqBqZe5NLCCXKNmemdEmv9dbnO9Ih3LMadu+qdwckxRJ0ZddJOWaHA6JuvqIFzFSuD3LKYJpBzWeKdvueecKXhj4KK81rxJi32jCvxYjT9RLBx0NxhcTUGqoGCQkTUoup1E3tzbpzkykkQTOgXuKt47h5CrMfB3n56u22Hz4KzkPhLhMoIb8eRiaaCiAgKUANmnrRCemqqlnX0VefjhshxrmIMB27KT28aXiQxhQrYZJRf/wDqh6QxB2BLkiNG3qP8VHljM7OXg10QoAUQvQ28/QhXuwobPvQj3X4JA8PNQOrKQHPA1p9oHB7Ro75OEtCyFdKg1qzEgfFOozvTSuzXPscWq/P/kYfptK23pCs/YUfhvrPA8AIQdTT1w5wMYdvceHZB2EMN+p7qi5G3VzY2+I1Tk7eVqfQjCkUVbPE9wjA0b1nbCnLb3hnwfyJ2o0srjHQShxsiYOzRfWhOA7RZkMJNZEFQtJ0UGDy8q2/fjee6Z+wNBKg3u8z1VrDIoQ2glHPvnSecEu642MkWCeznu9lxnsZWWjxpKxC2HA8Ow0XXTafs5XZlRa/QoJyprvTtx4X340CPHyeXS+LlmwznE20Rg3HuazZ+otgGdFGD+COjgnXwuiCkayyBHIs+s7l7YxcUgrHly0U9PFXFxvPMzx8jH+0kAuROQ41KvXiPtX3cSHf4urFiAT/0B8ZcQq1Im9rjG+JTi5LDVG//bMOEvv5De8l7NXsUw4Zu8//JbHj7dRZ2AVBKxRav5IXUE2Ihzvz2ou4IIOt04ickf2KKLQnN6wPRwXvMfpnFJDXgmhiXHO2NlTHHh8PKlGzFKTQhAZ9oFCaPTQqLPmE7bbKN33xMTr/lDjGjGjNfuiDI45N/6C7MAB3SNallf6XHhLwbyFUyLKLVasUMTtHlB170S3N46B0OalVbYddSvAf6RIlQGYCtueeRS7jeSt9jSUXzqh+jsYyeWbWYE6zaRMu/hGBwzZfCwDOmq2Iy+rLauzzVxNS7UJGyFS97FcVY/y+tPhxqWyBoili7ds9uErer1aOAcj/QYV3HOPQDz+NBiCBrzVYesGoYUznmzTWgb3imUWAAXPH9U6w7yccHPTJVhatMmtFm2wcDvv9ova7yEP5rSPVEPRfbMKwrZQa8/qMOOeBd1OME90Q8Bbr+11u/wLLYErRlNJlJlmZ4ZWrXzw=&u=U2FsdGVkX18ClIY4Dtln7jhybXZjXUA3+21gZpKbGwP9jQD/gHPjc6R1f7FJq4P3&y=U2FsdGVkX19HSPSJwN7OkFS4STycncQ3vJNlAf8dhxkh/y8FUTga9KmeuNdFPKJz HTTP/1.1" 200 26
186.118.231.248 - - [15/Jun/2023:03:09:40 -0500] "GET /kwssiamovil/sm/acme/a?s=U2FsdGVkX19kLvVFZ1/y0bIEzLLxRIuTn0lhzCuGmr+uFgAwSLvW4IwLOGeu6VXo0mJ3GyJSR5OvE5521fS+oX7mLXgj7ojw/sfswkbug7Fk0n94t8op2lTs+gIOG8iBpUsJGAYu1tykamxAZsPQHjOaeyGAT+qOWqhHUu4swj0=&u=U2FsdGVkX18ClIY4Dtln7jhybXZjXUA3+21gZpKbGwP9jQD/gHPjc6R1f7FJq4P3&y=U2FsdGVkX19HSPSJwN7OkFS4STycncQ3vJNlAf8dhxkh/y8FUTga9KmeuNdFPKJz HTTP/1.1" 200 26
186.118.231.248 - - [15/Jun/2023:03:09:40 -0500] "GET /kwssiamovil/sm/acme/a?s=U2FsdGVkX18EwM7aD1aifb73FhNV1jdJo+oLVm8uojP5WndqRCxhmqEk8EfKmWvaDQM+ZblklocBvLme8mHKo9PVNuNBmss5M4K4qoYzSTJzJZr1CutTzeZ2du8Yok2dTGEPBIfXTRcMM1zmjmuhXht1HBS4wZEO3G77tgGtKP8=&u=U2FsdGVkX18ClIY4Dtln7jhybXZjXUA3+21gZpKbGwP9jQD/gHPjc6R1f7FJq4P3&y=U2FsdGVkX19HSPSJwN7OkFS4STycncQ3vJNlAf8dhxkh/y8FUTga9KmeuNdFPKJz HTTP/1.1" 200 26
186.118.231.248 - - [15/Jun/2023:03:09:40 -0500] "GET /kwssiamovil/sm/acme/a?s=U2FsdGVkX1/LSV9nWpAOXIGWZPcBUTkPsjoa3Bwt66BYwQ9wLNXwGEogtqFTgHGIYBxdjCWSumAzs8tvIi07O0BpIz8ik5uMl9hXAFw4XNJjn/qPZ5Gdtt7KyU+Zwf8TVh8Ln/MlxXs8RtpronjZmMrNHBCvXUiXrS468I0sJJA=&u=U2FsdGVkX18ClIY4Dtln7jhybXZjXUA3+21gZpKbGwP9jQD/gHPjc6R1f7FJq4P3&y=U2FsdGVkX19HSPSJwN7OkFS4STycncQ3vJNlAf8dhxkh/y8FUTga9KmeuNdFPKJz HTTP/1.1" 200 26
