!C99Shell v. 1.0 pre-release build #13!

Software: Apache. PHP/5.5.15 

uname -a: Windows NT SVR-DMZ 6.1 build 7600 (Windows Server 2008 R2 Enterprise Edition) i586 

SYSTEM 

Safe-mode: OFF (not secure)

E:\nuevo\apache\logs\   drwxrwxrwx
Free 5.02 GB of 239.26 GB (2.1%)
Detected drives: [ a ] [ c ] [ d ] [ e ] [ f ]
Home    Back    Forward    UPDIR    Refresh    Search    Buffer    Encoder    Tools    Proc.    FTP brute    Sec.    SQL    PHP-code    Update    Feedback    Self remove    Logout    


Viewing file:     access.2023.06.16.log (3.76 MB)      -rw-rw-rw-
Select action/file-type:
(+) | (+) | (+) | Code (+) | Session (+) | (+) | SDB (+) | (+) | (+) | (+) | (+) | (+) |
216.245.221.92 - - [16/Jun/2023:00:00:34 -0500] "HEAD / HTTP/1.1" 200 -
172.22.2.4 - - [16/Jun/2023:00:00:59 -0500] "HEAD /BLA/boletinlegal/ HTTP/1.1" 200 -
172.22.2.4 - - [16/Jun/2023:00:01:49 -0500] "GET /BLA/boletinlegal/ HTTP/1.1" 200 57680
201.245.192.253 - - [16/Jun/2023:00:04:31 -0500] "POST /kwsrmcab/Wsrmcab  HTTP/1.1" 200 40957
186.98.83.1 - - [16/Jun/2023:00:04:54 -0500] "GET /serrania-el-zuque-de-cantera-en-los-anos-60-a-espacio-de-restauracion-ambiental-y-mitigacion-del-riesgo.html HTTP/1.1" 200 841
199.16.157.182 - - [16/Jun/2023:00:05:32 -0500] "GET /moda-circular-manos-reparadoras-la-estrategia-del-distrito-para-restaurar-prendas-usadas.html HTTP/1.1" 200 901
199.16.157.182 - - [16/Jun/2023:00:05:33 -0500] "GET /images/secretaria-de-ambiente-carolina-urrutia-manos-reparadoras.jpg HTTP/1.1" 200 46600
216.245.221.92 - - [16/Jun/2023:00:05:34 -0500] "HEAD / HTTP/1.1" 200 -
40.77.167.130 - - [16/Jun/2023:00:08:09 -0500] "GET /bla/resoluciones/notificaciones/registros%202020/00737.pdf HTTP/1.1" 304 -
172.22.2.4 - - [16/Jun/2023:00:06:49 -0500] "HEAD /BLA/boletinlegal/ HTTP/1.1" 200 -
172.22.2.4 - - [16/Jun/2023:00:07:39 -0500] "GET /BLA/boletinlegal/ HTTP/1.1" 200 57272
201.245.192.253 - - [16/Jun/2023:00:09:30 -0500] "POST /kwsrmcab/Wsrmcab  HTTP/1.1" 200 40957
66.249.79.100 - - [16/Jun/2023:00:10:18 -0500] "-" 408 -
216.245.221.92 - - [16/Jun/2023:00:10:34 -0500] "HEAD / HTTP/1.1" 200 -
40.77.167.91 - - [16/Jun/2023:00:11:02 -0500] "GET /BLA/resoluciones/RESOLUCIONES%202022/3489.pdf HTTP/1.1" 200 459753
192.133.77.17 - - [16/Jun/2023:00:12:37 -0500] "GET /images/plaguicidas-1_optimized.jpeg HTTP/1.1" 200 50710
191.156.60.182 - - [16/Jun/2023:00:13:48 -0500] "GET /sipse/css/custom_css_sg.css HTTP/1.1" 304 -
191.156.57.218 - - [16/Jun/2023:00:13:48 -0500] "GET /sipse/js/disable_browser_buttons.js HTTP/1.1" 304 -
191.156.57.218 - - [16/Jun/2023:00:13:48 -0500] "GET /sipse/css/custom_css_sg_prime_login.css HTTP/1.1" 304 -
191.156.60.182 - - [16/Jun/2023:00:13:48 -0500] "GET /sipse/js/funciones.js HTTP/1.1" 304 -
191.156.57.218 - - [16/Jun/2023:00:13:48 -0500] "GET /sipse/faces/javax.faces.resource/jquery/jquery.js?ln=primefaces&v=4.0 HTTP/1.1" 304 -
191.156.62.192 - - [16/Jun/2023:00:13:48 -0500] "GET /sipse/faces/javax.faces.resource/theme.css?ln=primefaces-sipse HTTP/1.1" 304 -
191.156.60.182 - - [16/Jun/2023:00:13:48 -0500] "GET /sipse/faces/javax.faces.resource/primefaces.js?ln=primefaces&v=4.0 HTTP/1.1" 304 -
191.156.53.34 - - [16/Jun/2023:00:13:48 -0500] "GET /sipse/faces/javax.faces.resource/layout/layout.css?ln=primefaces&v=4.0 HTTP/1.1" 304 -
191.156.57.218 - - [16/Jun/2023:00:13:48 -0500] "GET /sipse/faces/javax.faces.resource/jquery/jquery-plugins.js?ln=primefaces&v=4.0 HTTP/1.1" 304 -
191.156.62.192 - - [16/Jun/2023:00:13:48 -0500] "GET /sipse/faces/javax.faces.resource/primefaces.css?ln=primefaces&v=4.0 HTTP/1.1" 304 -
191.156.57.218 - - [16/Jun/2023:00:13:48 -0500] "GET /sipse/faces/javax.faces.resource/layout/layout.js?ln=primefaces&v=4.0 HTTP/1.1" 304 -
191.156.57.218 - - [16/Jun/2023:00:13:48 -0500] "GET /sipse/css/imagen/logoSDG.png HTTP/1.1" 304 -
191.156.53.34 - - [16/Jun/2023:00:13:48 -0500] "GET /sipse/css/imagen/loginimg.png HTTP/1.1" 304 -
191.156.62.192 - - [16/Jun/2023:00:13:48 -0500] "GET /sipse/faces/javax.faces.resource/images/ui-icons_898989_256x240.png?ln=primefaces-aristo HTTP/1.1" 304 -
191.156.53.34 - - [16/Jun/2023:00:13:49 -0500] "GET /sipse/faces/faces/faces/index.xhtml HTTP/1.1" 200 677
191.156.53.34 - - [16/Jun/2023:00:13:49 -0500] "GET /sipse/faces/javax.faces.resource/theme.css?ln=primefaces-sipse HTTP/1.1" 304 -
191.156.53.34 - - [16/Jun/2023:00:13:49 -0500] "GET /sipse/faces/faces/faces/faces/autenticacion.xhtml HTTP/1.1" 200 12179
191.156.53.34 - - [16/Jun/2023:00:13:49 -0500] "GET /sipse/faces/javax.faces.resource/theme.css?ln=primefaces-sipse HTTP/1.1" 304 -
191.156.62.192 - - [16/Jun/2023:00:13:49 -0500] "GET /sipse/faces/javax.faces.resource/primefaces.css?ln=primefaces&v=4.0 HTTP/1.1" 304 -
191.156.57.218 - - [16/Jun/2023:00:13:49 -0500] "GET /sipse/faces/javax.faces.resource/jquery/jquery.js?ln=primefaces&v=4.0 HTTP/1.1" 304 -
191.156.57.218 - - [16/Jun/2023:00:13:49 -0500] "GET /sipse/faces/javax.faces.resource/layout/layout.css?ln=primefaces&v=4.0 HTTP/1.1" 304 -
191.156.62.192 - - [16/Jun/2023:00:13:49 -0500] "GET /sipse/faces/javax.faces.resource/jquery/jquery-plugins.js?ln=primefaces&v=4.0 HTTP/1.1" 304 -
191.156.60.182 - - [16/Jun/2023:00:13:49 -0500] "GET /sipse/faces/javax.faces.resource/primefaces.js?ln=primefaces&v=4.0 HTTP/1.1" 304 -
191.156.53.34 - - [16/Jun/2023:00:13:50 -0500] "GET /sipse/faces/javax.faces.resource/layout/layout.js?ln=primefaces&v=4.0 HTTP/1.1" 304 -
172.22.2.4 - - [16/Jun/2023:00:12:39 -0500] "HEAD /BLA/boletinlegal/ HTTP/1.1" 200 -
40.77.167.130 - - [16/Jun/2023:00:14:26 -0500] "GET /galeria/galeria/jquery.fancybox.js?v=2.1.5 HTTP/1.1" 200 48706
201.245.192.253 - - [16/Jun/2023:00:14:29 -0500] "POST /kwsrmcab/Wsrmcab  HTTP/1.1" 200 40957
172.22.2.4 - - [16/Jun/2023:00:13:29 -0500] "GET /BLA/boletinlegal/ HTTP/1.1" 200 54079
216.245.221.92 - - [16/Jun/2023:00:15:34 -0500] "HEAD / HTTP/1.1" 200 -
40.94.20.25 - - [16/Jun/2023:00:15:58 -0500] "GET /serrania-el-zuque-de-cantera-en-los-anos-60-a-espacio-de-restauracion-ambiental-y-mitigacion-del-riesgo.html HTTP/1.1" 200 841
40.77.167.91 - - [16/Jun/2023:00:16:46 -0500] "GET /BLA/resoluciones/RESOLUCIONES%202017/1795.pdf HTTP/1.1" 200 968933
40.77.167.130 - - [16/Jun/2023:00:18:16 -0500] "GET /BLA/resoluciones/AUTOS%202021/1606.pdf HTTP/1.1" 304 -
162.216.150.209 - - [16/Jun/2023:00:18:20 -0500] "GET / HTTP/1.1" 200 319
201.245.192.253 - - [16/Jun/2023:00:19:28 -0500] "POST /kwsrmcab/Wsrmcab  HTTP/1.1" 200 40957
152.61.192.232 - - [16/Jun/2023:00:19:54 -0500] "GET / HTTP/1.1" 200 319
172.22.2.4 - - [16/Jun/2023:00:18:29 -0500] "HEAD /BLA/boletinlegal/ HTTP/1.1" 200 -
172.22.2.4 - - [16/Jun/2023:00:20:33 -0500] "GET /BLA/boletinlegal/jurisprudencia.php HTTP/1.1" 200 17583
216.245.221.92 - - [16/Jun/2023:00:20:34 -0500] "HEAD / HTTP/1.1" 200 -
201.245.192.253 - - [16/Jun/2023:00:20:31 -0500] "POST /kwsrmcab/Wsrmcab HTTP/1.1" 200 41397
201.245.192.253 - - [16/Jun/2023:00:20:34 -0500] "POST /kwsrmcab/Wsrmcab HTTP/1.1" 200 43031
172.22.2.4 - - [16/Jun/2023:00:20:51 -0500] "GET /BLA/boletinlegal/js/jquery1.js HTTP/1.1" 200 29846
172.22.2.4 - - [16/Jun/2023:00:20:52 -0500] "GET /BLA/boletinlegal/js/popup.js HTTP/1.1" 200 1270
172.22.2.4 - - [16/Jun/2023:00:20:56 -0500] "GET /BLA/boletinlegal/js/lib.js HTTP/1.1" 200 6474
172.22.2.4 - - [16/Jun/2023:00:19:19 -0500] "GET /BLA/boletinlegal/ HTTP/1.1" 200 57272
40.77.167.130 - - [16/Jun/2023:00:23:17 -0500] "GET /galeria/galeria/jquery.fancybox.js?v=2.1.5 HTTP/1.1" 200 48706
161.35.32.98 - - [16/Jun/2023:00:23:47 -0500] "\x16\x03\x01\x01\xfd\x01" 400 226
168.119.253.48 - - [16/Jun/2023:00:24:22 -0500] "GET / HTTP/1.1" 200 4720
168.119.253.48 - - [16/Jun/2023:00:24:23 -0500] "GET / HTTP/1.1" 200 319
201.245.192.253 - - [16/Jun/2023:00:24:28 -0500] "POST /kwsrmcab/Wsrmcab  HTTP/1.1" 200 40957
31.13.127.5 - - [16/Jun/2023:00:25:14 -0500] "GET /images/cr\xc3\xb3nica-29-nov-1_optimized.jpeg HTTP/1.1" 404 1034
216.245.221.92 - - [16/Jun/2023:00:25:34 -0500] "HEAD / HTTP/1.1" 200 -
66.249.79.100 - - [16/Jun/2023:00:25:54 -0500] "-" 408 -
172.22.2.4 - - [16/Jun/2023:00:24:19 -0500] "HEAD /BLA/boletinlegal/ HTTP/1.1" 200 -
69.63.189.116 - - [16/Jun/2023:00:26:29 -0500] "GET /images/WhatsApp%20Image%202023-04-05%20at%2013.54.41.jpeg HTTP/1.1" 200 210747
172.22.2.4 - - [16/Jun/2023:00:25:09 -0500] "GET /BLA/boletinlegal/ HTTP/1.1" 200 55337
40.77.167.130 - - [16/Jun/2023:00:27:35 -0500] "GET /BLA/resoluciones/AUTOS%202019/4069.pdf HTTP/1.1" 304 -
152.61.128.50 - - [16/Jun/2023:00:29:13 -0500] "GET / HTTP/1.1" 200 319
201.245.192.253 - - [16/Jun/2023:00:29:27 -0500] "POST /kwsrmcab/Wsrmcab  HTTP/1.1" 200 40957
65.49.20.68 - - [16/Jun/2023:00:29:47 -0500] "GET / HTTP/1.1" 200 319
216.245.221.92 - - [16/Jun/2023:00:30:34 -0500] "HEAD / HTTP/1.1" 200 -
201.245.192.253 - - [16/Jun/2023:00:30:31 -0500] "POST /kwsrmcab/Wsrmcab HTTP/1.1" 200 41397
201.245.192.253 - - [16/Jun/2023:00:30:35 -0500] "POST /kwsrmcab/Wsrmcab HTTP/1.1" 200 43031
65.49.20.68 - - [16/Jun/2023:00:31:21 -0500] "GET /favicon.ico HTTP/1.1" 200 7782
52.167.144.158 - - [16/Jun/2023:00:31:25 -0500] "GET /BLA/resoluciones/AUTOS%202021/6541.pdf HTTP/1.1" 304 -
198.235.24.202 - - [16/Jun/2023:00:31:36 -0500] "\x16\x03\x01" 400 226
172.22.2.4 - - [16/Jun/2023:00:30:09 -0500] "HEAD /BLA/boletinlegal/ HTTP/1.1" 200 -
65.49.20.68 - - [16/Jun/2023:00:32:09 -0500] "GET /geoserver/web/ HTTP/1.1" 200 2425
66.249.79.100 - - [16/Jun/2023:00:32:26 -0500] "-" 408 -
172.22.2.4 - - [16/Jun/2023:00:30:59 -0500] "GET /BLA/boletinlegal/ HTTP/1.1" 200 57680
40.77.167.130 - - [16/Jun/2023:00:32:51 -0500] "GET /BLA/resoluciones/RESOLUCIONES%202019/3113.pdf HTTP/1.1" 304 -
201.245.192.253 - - [16/Jun/2023:00:34:26 -0500] "POST /kwsrmcab/Wsrmcab  HTTP/1.1" 200 40957
216.245.221.92 - - [16/Jun/2023:00:35:34 -0500] "HEAD / HTTP/1.1" 200 -
185.180.143.136 - - [16/Jun/2023:00:36:42 -0500] "GET / HTTP/1.1" 200 319
172.22.2.4 - - [16/Jun/2023:00:35:59 -0500] "HEAD /BLA/boletinlegal/ HTTP/1.1" 200 -
172.22.2.4 - - [16/Jun/2023:00:36:49 -0500] "GET /BLA/boletinlegal/ HTTP/1.1" 200 49659
201.245.192.253 - - [16/Jun/2023:00:39:25 -0500] "POST /kwsrmcab/Wsrmcab  HTTP/1.1" 200 40957
40.77.167.91 - - [16/Jun/2023:00:39:54 -0500] "GET /BLA/resoluciones/AUTOS%202014/5840.pdf HTTP/1.1" 200 465824
216.245.221.92 - - [16/Jun/2023:00:40:34 -0500] "HEAD / HTTP/1.1" 200 -
201.245.192.253 - - [16/Jun/2023:00:40:31 -0500] "POST /kwsrmcab/Wsrmcab HTTP/1.1" 200 41397
201.245.192.253 - - [16/Jun/2023:00:40:36 -0500] "POST /kwsrmcab/Wsrmcab HTTP/1.1" 200 43031
66.249.79.100 - - [16/Jun/2023:00:41:13 -0500] "-" 408 -
162.55.37.148 - - [16/Jun/2023:00:42:01 -0500] "GET / HTTP/1.1" 200 4720
162.55.37.148 - - [16/Jun/2023:00:42:03 -0500] "GET / HTTP/1.1" 200 319
172.22.2.4 - - [16/Jun/2023:00:41:49 -0500] "HEAD /BLA/boletinlegal/ HTTP/1.1" 200 -
172.22.2.4 - - [16/Jun/2023:00:42:39 -0500] "GET /BLA/boletinlegal/ HTTP/1.1" 200 57680
201.245.192.253 - - [16/Jun/2023:00:44:24 -0500] "POST /kwsrmcab/Wsrmcab  HTTP/1.1" 200 40957
216.245.221.92 - - [16/Jun/2023:00:45:34 -0500] "HEAD / HTTP/1.1" 200 -
173.252.107.3 - - [16/Jun/2023:00:48:47 -0500] "GET /para-definir-el-modelo-de-ciudad-a-2035-estamos-concertando-y-tenemos-voluntad-para-enriquecer-la-propuesta-secretario-de-ambiente-e.html HTTP/1.1" 200 1049
173.252.107.9 - - [16/Jun/2023:00:48:47 -0500] "GET /para-definir-el-modelo-de-ciudad-a-2035-estamos-concertando-y-tenemos-voluntad-para-enriquecer-la-propuesta-secretario-de-ambiente-e.html HTTP/1.1" 200 1049
173.252.107.120 - - [16/Jun/2023:00:48:48 -0500] "GET /images/Subsecretario.jpeg HTTP/1.1" 200 34374
172.22.2.4 - - [16/Jun/2023:00:47:39 -0500] "HEAD /BLA/boletinlegal/ HTTP/1.1" 200 -
201.245.192.253 - - [16/Jun/2023:00:49:23 -0500] "POST /kwsrmcab/Wsrmcab  HTTP/1.1" 200 40957
172.22.2.4 - - [16/Jun/2023:00:48:29 -0500] "GET /BLA/boletinlegal/ HTTP/1.1" 200 57680
31.13.127.8 - - [16/Jun/2023:00:50:15 -0500] "GET /dia-mundial-del-medio-ambiente-distrito-liberara-animales-silvestres-plantara-arboles-y-desarrollara-actividades-pedagogicas.html HTTP/1.1" 200 856
216.245.221.92 - - [16/Jun/2023:00:50:34 -0500] "HEAD / HTTP/1.1" 200 -
152.61.192.232 - - [16/Jun/2023:00:52:32 -0500] "GET /arcgis/services/Calidad_del_Agua_WQI/MapServer/WMSServer?request=GetCapabilities&service=WMS HTTP/1.1" 503 1020
152.61.192.232 - - [16/Jun/2023:00:52:33 -0500] "GET /arcgis/services/Calidad_del_Agua_WQI/MapServer/WMSServer?SERVICE=WMS&REQUEST=GetCapabilities HTTP/1.1" 503 1020
152.61.192.232 - - [16/Jun/2023:00:52:34 -0500] "GET /arcgis/services/Calidad_del_Agua_WQI/MapServer/WMSServer?WMTVER=1.0.0&REQUEST=capabilities HTTP/1.1" 503 1020
201.245.192.253 - - [16/Jun/2023:00:54:22 -0500] "POST /kwsrmcab/Wsrmcab  HTTP/1.1" 200 40957
172.22.2.4 - - [16/Jun/2023:00:53:29 -0500] "HEAD /BLA/boletinlegal/ HTTP/1.1" 200 -
216.245.221.92 - - [16/Jun/2023:00:55:34 -0500] "HEAD / HTTP/1.1" 200 -
172.22.2.4 - - [16/Jun/2023:00:54:19 -0500] "GET /BLA/boletinlegal/ HTTP/1.1" 200 53643
185.180.143.71 - - [16/Jun/2023:00:57:19 -0500] "GET /portaldeninos/ HTTP/1.1" 200 110197
186.102.45.212 - - [16/Jun/2023:00:57:50 -0500] "GET /kwssiamovil/sm/acme/a?s=U2FsdGVkX1+RnVy8zGeem9K9pqQYS7Teqh6cAcrAgvYQ4tsuvnARqJyg+O7parjL5dnuNXxZQQ1SrzHtMTZQxEriG8kjHOjuB9P5er4Uy0xkC+gV5actGBjSps4i3CvWfj3Sf2/U0am62T7/axEdeJUWDfkP/n//18R0xrgiNkYh1X1vvsDpGGYo3zy8GKsEZKe6F8cNjhR10nhk7s/P5bWs1gaxkZh+yGQ9qhXIYBypqWYa5+ljQotsSX5duqlrvUwLu2d6GsM5D87TTwnMMg==&u=U2FsdGVkX18VrVGOu+VRIMdXuK65TQR/ZnUczaUzQ+8=&y=U2FsdGVkX18fcP6VR64umOFWWOmcfvwJK5OA5bfN+sJ39mLFEK3i301D/H19Jt91 HTTP/1.1" 200 26
186.102.45.212 - - [16/Jun/2023:00:57:51 -0500] "GET /kwssiamovil/sm/acme/a?s=U2FsdGVkX1+ErExOBrdypVLzmvU814uq0Stbcg3AijGJwBIUuDCGQV+Y2h1FHuLZrdE1X/9kJe02gWTMjAOMftBd6dYP7ibjlYBGAzh7j/WC8t5V675tQakN4G1w+viwUiiqm+2U94fexFCSD6eKPR+0kzEEIl0JWaT6pyITbthAZ1VnX+ds0dUmU34onOhxSWkNaupT36XnJf/3wh2DtOnKO3o7LG7vxv6bvsa816ZbHygpeEj4F23ZnlfnrJti1Y92TgG4ZBSm3EBkKyc+uMons/O9F18Yin0RR1zBVFYZgQr0RpHC9FzSXQuuDi9hVh9MN8vXivWRyZFs6SQomEy0lguRgR0Kf1VqMZzCVwcNsa2SUwExXC6C9kJ++JPp+bIZnicWaGq9koHH+qMa5uassU6XkaH1HM2C0wRnHydOMxehk4WxU5d20c5lwL9D/+WQSxP0yGCfiIBuSJPqok3oxnWBfvI+k2MyWdXkijYXjwrGdPlHZDoe3yjaYI1zLr0kB04H60/eoxTWMOe467WDNTebIAzJ1EwmNvO6Xzms8n+ZhUxpTSJck9ffwFp9dMdYEVFNkguOFRbxL/pdvyHv+s/CeW/uc0M2urXOEL80HracQJLwBehWCFUr4igBZLqJJY3vQC6r+SPYwi4FGUFQa7d+YmCwnt14u7Vz8xrVO+ZcetCB9jBwsNLsR3LDCqb94YiOm1ZuMyb9+svwWpCAjVHnJazbsbrVh2KIvh5fabyEhngp5cuAiURvV4iAXw3+4EcLOxh7//r3wo/i9yavqIEAT6gnX4l+dESU0vD+2W9w1aM6p7faTv0YMATolqAkRg1pzqpugu/uH57NkJ8DpRFIXp9nsnl4QaURahWtQSCrwI/el9uvLwQkP8RH2h4dKFCm82NMLXrfwqKlg5lGHd/2jhAjTeF3Qh8l4BsnMnxeQmi80AHCembF3l4Q9D53VkTwvOHpZa2w9VzeE/KV+M7hQ7rtzWmbYpZzgXkH+t/6bR/sS/HR9PlZR6L/Trfdkdi/TPV1/CxFH9zfnRTDfuHbB12Cg+9XR07/w+SSkJgYsfirNAcT++w1UVF9McPYh08Wip4bHHipiIjeHR8XinCJwEqb5pJX71AU7McN1xl/mqz50fWI9ddAqATWEG9t1kfC0t2jRn9KgJnkoaxcir/4MXb3kMzUzF5fQ8FL7TpodSs1LAOxZZjk0LOqqsPp9mH5+upurEFf7JU1oP7XzcKRIlRJxCXXJlDVq858a8ffEVIqaZK0qQsI/TGdC91tyyXhussadWLTzDm80fi2J4fs5V+eTfJEK1nLWgb2665aBHqLno5X6TVxBiZz0K4JaRaJK8clM7AHlB8jARUj7I+UKZF3YmfjSmyQrJvgP2fMCz1wR/tTmUajModkK6/I0f8MMTFYEdBVhZx7QbaAZgmDp05NTF6v1xVVmbpt5fU0sZj3yZLYh7tBrZ5PhC8kdPAGvODto6U/s3j+XvFLen7RTF6N1iCmw7VjkcrMnIArgRSEr6n66D4nOJp6PIfX7a2cX3G6DI1fbXMe8xo6IYNvsYhSAGwPYBZqW2Ie2Gzgq1K92L8WcDY+6hRPqQhxt75dEcAGMDoreE3gV92oP85T5HSAq5Qm8bIVBu0=&u=U2FsdGVkX18VrVGOu+VRIMdXuK65TQR/ZnUczaUzQ+8=&y=U2FsdGVkX18fcP6VR64umOFWWOmcfvwJK5OA5bfN+sJ39mLFEK3i301D/H19Jt91 HTTP/1.1" 200 26
186.102.45.212 - - [16/Jun/2023:00:57:51 -0500] "GET /kwssiamovil/sm/acme/a?s=U2FsdGVkX1/ZD10dQ5yI5as+wDkJxC76QwK/sHlksmfaKbVidRJ9eSlSBtl89iRW0L7qL86rYMwVKhHKn7Hh5CnZg/r/wySSpcotCiuvcOWxrjhExgznx7Fwk5Tz+Ho78UoMNd82f8kMPlHuDq4gjRNndUpu8/8xVtGYwjPq0Pc=&u=U2FsdGVkX18VrVGOu+VRIMdXuK65TQR/ZnUczaUzQ+8=&y=U2FsdGVkX18fcP6VR64umOFWWOmcfvwJK5OA5bfN+sJ39mLFEK3i301D/H19Jt91 HTTP/1.1" 200 26
186.102.45.212 - - [16/Jun/2023:00:57:52 -0500] "GET /kwssiamovil/sm/acme/a?s=U2FsdGVkX1+CbWXTdLZFs7bYBj0VQKWQHLbkxgXqgm2FmgKIslei6ioOAMuo0kRoVvY5Q3jpdMHW5s2dLKDHcZh9A+Ny2Jkx/9OXd2xg/Yi30RP9uSAmVda3XWtPjag3Y854yrGz3g9fzVYGf6iu6PV2cxq8rKr7SHMiOrkUl3g=&u=U2FsdGVkX18VrVGOu+VRIMdXuK65TQR/ZnUczaUzQ+8=&y=U2FsdGVkX18fcP6VR64umOFWWOmcfvwJK5OA5bfN+sJ39mLFEK3i301D/H19Jt91 HTTP/1.1" 200 26
186.102.45.212 - - [16/Jun/2023:00:57:52 -0500] "GET /kwssiamovil/sm/acme/a?s=U2FsdGVkX1+QlpuNCphZ02y4c6qj7hlGHLfZvCugZGfG2vz2Wrg7M4UWuD+cGuYPrpbRvyA9rDj34K2rBwrW80gsmrl3PihNeLD8qI/k/xoDm6Vjg8AWk1Hcxf9PgjCRMOqj93uPqAgbWfBtJrpUQoav0PeP7i7DH0AUMk0Z28o=&u=U2FsdGVkX18VrVGOu+VRIMdXuK65TQR/ZnUczaUzQ+8=&y=U2FsdGVkX18fcP6VR64umOFWWOmcfvwJK5OA5bfN+sJ39mLFEK3i301D/H19Jt91 HTTP/1.1" 200 26
186.102.45.212 - - [16/Jun/2023:00:57:52 -0500] "GET /kwssiamovil/sm/acme/a?s=U2FsdGVkX19JVZEGFie32QACSnnn7kML1P8fa8JhrzajXdLzqmAzZX2GSzN510xMFNn4XfEq06L72VefeUdzhurEwNNMFYUh97rvMlnIeoXu/gaK7uePv3VBg/LvYQAzCWhSr2vka0wxlU9zqbY/+h1NdvP+ylqrECom+XqFv3gJ/zgJwvbcK1mJexObpSl3&u=U2FsdGVkX18VrVGOu+VRIMdXuK65TQR/ZnUczaUzQ+8=&y=U2FsdGVkX18fcP6VR64umOFWWOmcfvwJK5OA5bfN+sJ39mLFEK3i301D/H19Jt91 HTTP/1.1" 200 26
201.245.192.253 - - [16/Jun/2023:00:59:21 -0500] "POST /kwsrmcab/Wsrmcab  HTTP/1.1" 200 40957
216.245.221.92 - - [16/Jun/2023:01:00:34 -0500] "HEAD / HTTP/1.1" 200 -
65.108.156.218 - - [16/Jun/2023:01:00:58 -0500] "GET /proyecto-avantia-con-la-union-europea-busca-especialista-en-cambio-climatico.html HTTP/1.1" 200 814
172.22.2.4 - - [16/Jun/2023:00:59:19 -0500] "HEAD /BLA/boletinlegal/ HTTP/1.1" 200 -
172.22.2.4 - - [16/Jun/2023:01:00:09 -0500] "GET /BLA/boletinlegal/ HTTP/1.1" 200 54079
186.102.94.31 - - [16/Jun/2023:01:03:11 -0500] "GET /kwssiamovil/sm/acme/a?s=U2FsdGVkX18yLrFmxTQz3LYE+5MnWgn1DHTWXpO4thCxHediGR8zc4APaaot+7fKEJenwV8WPWv3zuakb89KX1Aa07cUWWXANEv9ncp2zHL9+Sm6bQuKXXQfMfJRbE4dLFfIr5A/+fD7RKwbAA2ckeatKD17NMwEWPVukeMebivIugW3rAYVQbQTwTwo47Mo/8lQ30q3D0aksOsrryR6RYRCj5I9cRA5dw2tWYF+u+jMJwH+rhF2UmNY5P92tLEaxu7XAZzNCO6maKjTLEC3xg==&u=U2FsdGVkX1+79hQQ/m/2XxNoQ4V+tgO7teG7cyq9/TU=&y=U2FsdGVkX19ZiZ3/ecgaqnKaNHB1A0qzpbSpaPCED10eNtxj8FuySnsDaHPf6dwg HTTP/1.1" 200 26
186.102.94.31 - - [16/Jun/2023:01:03:11 -0500] "GET /kwssiamovil/sm/acme/a?s=U2FsdGVkX1/hmzr3ceCmC9dj3CL+ZToboqtOFfB6a0xvacZxiC/RwVjLc8nw71v8ktTEsGE6Prd1MWMhlAxbNdYzxBFnHBsaIQaXZZBKYXIRmYD8z4L2s3hRcXmZrydaIfRS4Li43p7OUae5quM+CnYaDQ4hLUByiLn9Db6EEyqDxxlsamXyfjwt0t6YwsUGba0n6fb7At7txrS3iq3JFmSbopVttxfhn44iLRt0z1FoIBApz0bfCyIdvZopHe/keVVnGhoQXnYXWqGPkNPIhMFvaCOJzAOh2Cmmk4xYeA8nJx0EeG6aJAnVP88hPyUdHAjwT37Z/v/sA0gnxtYM/SNW3NQt2V+jEKZu11ZHA5YH/Ep0g2yuohMU8SnsZAErmv8eehPxY3EpohYb5Dx/auJpUcH3RboGHhOdBaZ+se8a+mgi80qcwl2L/u5ubt9z38hTYXVqS+0FAtacOa9ggfFJ99FoBo+67xuIMDJr4UhVK6MP4URdaGoEoSBNVLp2+8nXsFxPuqtz3KwCe9+FYN/siKLt0AZ06sIajaX9F6JeEsVNc3Ft4YzyWm2r0ebB5YUU978FlMHuPItvRuqIR1YstVuaCo3YgSVoGRlfFtd4SFlEYbzIm5KEfr6mSEx2lDYyjd35NyRjQ6zAf+IBUfYqeZxdHJYJLvfiNakpr8mTngVB0lZU6Zget5o09q+qFc5qP3teWgdLFMnVSOd64FmkxwaPSzsW00m00EDEXcmf8RzD6wBNhparsw7Hb/8Q8RTYL/EibcQyYRWyAfWxSwQNGj9jWL1IV0ywQHREzDt0nr80FB+uK4RgPh0U54Vj229yHPNfJhwu1aA3J7EzD+AQYLV8EWkpOYnI2UMr5HEvhp8f/XltF5re6lZ3mJOUFimkr4KvUztvxG+zsHCFrvNtYuGxQ8+9vBCknhhDnp6juz9zrKpoWx1WLlZA0z5yef7KV//0W28vLvAib5+FKW9Fm17GxNsa2hINsqFHlRLrOPksZJtm2COg1nrg6S/DIiCK0a6SKTeOH/8lDSzeIxy5vfSu39BVPvNdM5+9nKio29ZP0BJUtkvpN81N6WweJ1jTDp0zxO7O+zwMee1myCyxDk25SYSHIL7pkS3TCxk2GIeriBX/iXZqKPMGmfjhwIkzAiPGqo6nmAnV/BxObbZpJCUmIRx/tEUDd3KJPOLiDelMD2KsdkrypXs88ZbBNsz2pD5VDCM18HK7eCb+u12tJPgKOlJxsueZtR9GapYhUo2lnp1emePaQRF2N4vie6kZ7ibucvxoRpVuDv2wBMSm7Vhwz9pdJF4yyk97mndyH7jWizYGdhJt44uJdNlrIm1GVnvhqFVzyOW3BysezPAcJ20qwgK18bHFLA9nXF7nvf6kDSsnZ6zyU92t8kEIJSY1+2UYyMyL3liQ6to2RvX3nPM3TXAtO4uu6GgoTofcOncOmRqoRUtXn+X2o8NZPVls0kDmGaBNn/qvK9rB8uD+rfnl4w9urROE0GHNQjZ/KstOC3fhAIUoTjUPCCLNXLFA0tEwUS0fP8AMz0ZWWifitbqyKjFuTj1vTe9xTK4thEdAvLZDaCd6u9FmJ0hF8a4u08SurSoCQQ31jfpG63M+J7ZEbXPmh/Uys+qqeo17sMzg9Pea3eCUENFL375IALr9lgey55oO5SuXDe+QF1dDuPn+KEZeU4UOopMJ4tFwh8J/KCRfjH9qb7t8SZWS0stF26e+cStENRjvKQLj+/fV3zu83s/ef1Nl5zoFa9hJ+TP4oMaY4MbVYgMdjY9zX7dp6yng3sFyBmt/r+QRlqQijFXKCN4DsImYoWd9d4HGviR+55OL4nMnEuYHYUXtvXu9Nv4sz99DzVtNbbKLLrKzAixie5rRxvzGFj7xpHPlf8VXsuWiKn3DzS0E9WEBjU+f9SGU4j52yjMGK6KBPA==&u=U2FsdGVkX1+79hQQ/m/2XxNoQ4V+tgO7teG7cyq9/TU=&y=U2FsdGVkX19ZiZ3/ecgaqnKaNHB1A0qzpbSpaPCED10eNtxj8FuySnsDaHPf6dwg HTTP/1.1" 200 26
186.102.94.31 - - [16/Jun/2023:01:03:11 -0500] "GET /kwssiamovil/sm/acme/a?s=U2FsdGVkX1976oEOP10xuFKWwA3jAWf5jHrlEhONjJBxfcSN8xemkB4aBvvNd3Fb6d7RR5Kh0b5Qgu6ZMrOKNEFJ+Gc4OS+Sy9R3kylh1gEUTaUICrIGeTRmP1fW/jnGgedk65RZTP6cu64zlnq3LVhBphaNCbI3MTY6/jcgKoM=&u=U2FsdGVkX1+79hQQ/m/2XxNoQ4V+tgO7teG7cyq9/TU=&y=U2FsdGVkX19ZiZ3/ecgaqnKaNHB1A0qzpbSpaPCED10eNtxj8FuySnsDaHPf6dwg HTTP/1.1" 200 26
186.102.94.31 - - [16/Jun/2023:01:03:12 -0500] "GET /kwssiamovil/sm/acme/a?s=U2FsdGVkX18twVW58Z6KzUrQ2bq9mqw01NUrzD35Bv3DVIbIoq8a0jVDozKC0W17g0KaLd2ArH2SG4lq+YKRX9O1G9ZUSIRHYEJc5is2gGdRD4ZZdZ9q/KOgVDiZL6k70syJDQKlOP/YMOs7J6Cc/gycDFCFszXQ99dXF1Z/1uE=&u=U2FsdGVkX1+79hQQ/m/2XxNoQ4V+tgO7teG7cyq9/TU=&y=U2FsdGVkX19ZiZ3/ecgaqnKaNHB1A0qzpbSpaPCED10eNtxj8FuySnsDaHPf6dwg HTTP/1.1" 200 26
186.102.94.31 - - [16/Jun/2023:01:03:12 -0500] "GET /kwssiamovil/sm/acme/a?s=U2FsdGVkX19l06fPpXDR28eqGgLXvPAsVAiTEDGX9Gh6Rq2m82s1Am5zAzICWFJ2c5CPSqKvgC8QPRYgywoHmuxorGF63sIPQjGgeTv9Y9e2Q3L6g7l/OwNvurdKqGXR3lwVdxGnySbkBxMZ+vayUh4pTAZ/GXqvi0WBJ+/q9A0=&u=U2FsdGVkX1+79hQQ/m/2XxNoQ4V+tgO7teG7cyq9/TU=&y=U2FsdGVkX19ZiZ3/ecgaqnKaNHB1A0qzpbSpaPCED10eNtxj8FuySnsDaHPf6dwg HTTP/1.1" 200 26
186.102.94.31 - - [16/Jun/2023:01:03:12 -0500] "GET /kwssiamovil/sm/acme/a?s=U2FsdGVkX19ej5xvpdsN9rfzUFPinin+gyW56338gMM4Adah0ytUW+Q6kSI4Z94dhk24a6r2/a7/sPkXmsEZl6/eFacTaX5hQa16TU73/RIbZN0IEDF+NmWq9/aGwsXEdyoxCBPyKlJg0M6LA4/sAs53hwGj3QPCMp3T5ajej/YZoSWWD/+vpoOB4Q2nS/wV&u=U2FsdGVkX1+79hQQ/m/2XxNoQ4V+tgO7teG7cyq9/TU=&y=U2FsdGVkX19ZiZ3/ecgaqnKaNHB1A0qzpbSpaPCED10eNtxj8FuySnsDaHPf6dwg HTTP/1.1" 200 26
201.245.192.253 - - [16/Jun/2023:01:04:20 -0500] "POST /kwsrmcab/Wsrmcab  HTTP/1.1" 200 40957
186.102.45.212 - - [16/Jun/2023:01:04:26 -0500] "GET /kwssiamovil/sm/acme/a?s=U2FsdGVkX198lXwRqd92/okRsuOzxcYxZ9eoMX0y4h1OgCzBt8W45ppDtkPY7WLMem5lPSZTDAF0Y3rwe1gMCPrBw7IONtr+/jQgcrZeI3RNvWS4q8ui86Kj1tcenjBGoDvIODfa1MIQcZsLXzk2G55L/RT/xn/B24OsQp5Wh2+EU+0sPJLkhqxV2+cGJJOi5G9ztxGoIqphydbReN8XpUsoEKdbY97YAAh/JrOWDbDocvU7Mn/Jg0kXtmRmlKIiy2GgwpT9SophCHvZctSzrA==&u=U2FsdGVkX18VrVGOu+VRIMdXuK65TQR/ZnUczaUzQ+8=&y=U2FsdGVkX18fcP6VR64umOFWWOmcfvwJK5OA5bfN+sJ39mLFEK3i301D/H19Jt91 HTTP/1.1" 200 26
186.102.45.212 - - [16/Jun/2023:01:04:26 -0500] "GET /kwssiamovil/sm/acme/a?s=U2FsdGVkX198UVhUSn25lmO2Y6fwYS5ZfjWzl0g2yuuUV89L0WY7gucUnPb378lSvOT31NCaPtDfaJL+44BRCAKhG5IqEYcRAvCjWCEmvQosVslAxd8iVUrwcdv9fsy0GzBauzDRgD0YKqGNgnJ9sGRFBnD3vU0VQoj7bhUqIrmw3wqz93iGQJBbTy9T3K2wudNeQpGT/NAynEBVWdA4j4NfZ2efnGXec2l2R/rdL2Ent+HaeUG+/cEtacHpCWwxc5tuuwjtJxJ3vLkYa9uSbfyoyGx++iQGXj4pgcJRMVHG8QGDdnOjbWnNLFMYuYzN+QmgH9bAtMZHe62PeozQwXMCYrGOA7RfCS826wW0vuLs3Fh7qalEZoV3ceXyAnYKXeEqts+3Q4dB+CRUF/MkS9kaO9kLO1F6AemL9T27aY+kvA3Svm2edzeyG4ByIJVWJZ1xKaJS5+rFUHidkqCebtUzw6p6ztWHGMOjAQn5du8yyF3TSP5TNyyCz1Lu2lIBN9eBAgU6ERX8rz7ufh2dEYoqvWR2JnNBPXW8zg8Tz/s7ndzsO/zghHj5O7eqz6967HPxOhUcyvOD4TDrxZCRmrdLj8VooH3ktDQY5NaXN3sBHTEq94/osYs5x0d5V0AiubpzmPRkNoF3wM6PvFRtT2XMGnBElBevr1OdFgZlBIkk+T0AP96k5P/2yb/0xwSSisC/OPDkURXKHduje/OQbm9ljtm1ErqTm1bphKLpZTaKNn9YG7JgRMLFCJMd43S4izoWijyKd+USktwCiTG+/JW1RHDnmqDOlphd2qxHcdA3dOE1tZ9v/xv5qXglOc3CETSvoCOjATrgusK+23ey/eaUCYP1Lmsn6yT/PjPU4uL8K2Tn+IkFVlHxKF1EBPgQthqqgSLD+LS+jLde1PsEVXNrICdew4ajTNI+SPSsLKSu11jISyL2XEAJj4jFvmdkEa9tCLpZ6VSnTu05q+kIsn2OrGXzuO5MGiL+1OtaEOKhJBVi1/wZkxAke/sQgk3ZgUnO48MJSiUAJg4fSbVY9fdCktw25BgUygbLV5Lhnd1ryJwf8Fn539MbDm9MvSWVtZSch2Qg6DIngSKDQs3lff1lNXU/JM7wQaspb7OliRAA+pbgad6rT5TSkFNb+O1rEG/qff0ylJZYqB5F8w0rM+cS420lEh7cv8vCET/k6wueL5D3wW8f6ZYKeY85Q0tfjKzuZ467QH4ZbzDYRg8pkAGFR1crfadMciv9RUjZf0DYzPIec0BaNkgsXLvYLbp/poZPj0cwgNsblmQjtZnEsGzF/sebG+qzSEkefd7BsnndE28o6QMOFcNuTRPNsIB2xDXroULbehxb9sXn4MoBvQzHfK3eQm1vVdwKxLLzG42dB/qOo1dYvdkFb7iR9SB+VsqZXCoKIAgPLoQTPRXfwppO8MGKTZ9rEC+EJDEX7NlE65CvbkKbHqMZqE8OpHN1dnAlYH86OoRkfS+tVENMaP07vXBYjxZUfQxLvdmyHZaoSbGzcQnoqi0Cmf2AKURHDefm9twSku2+gEeZZ+3aNcV9NEr2wxTBpD6GERCEPKouvOU6nuri8sZodaEVVTTMI7+23m3neDekKT3gVlVtvQ==&u=U2FsdGVkX18VrVGOu+VRIMdXuK65TQR/ZnUczaUzQ+8=&y=U2FsdGVkX18fcP6VR64umOFWWOmcfvwJK5OA5bfN+sJ39mLFEK3i301D/H19Jt91 HTTP/1.1" 200 26
186.102.45.212 - - [16/Jun/2023:01:04:27 -0500] "GET /kwssiamovil/sm/acme/a?s=U2FsdGVkX19ul3PAAwB81/G+AucIA608vMpfUON/g4HJD7RL1IfkA0o6Q21P+Py5EM4uJiwJ2IxLf4GUMA26S51pig4Rxz9QZDX13z7/etePBn1LRC31+nSx12zzjIdvy2vO1ngPXa9ubxZSuKRci6ObAFj0u5+JfYhn31vzwdw=&u=U2FsdGVkX18VrVGOu+VRIMdXuK65TQR/ZnUczaUzQ+8=&y=U2FsdGVkX18fcP6VR64umOFWWOmcfvwJK5OA5bfN+sJ39mLFEK3i301D/H19Jt91 HTTP/1.1" 200 26
186.102.45.212 - - [16/Jun/2023:01:04:27 -0500] "GET /kwssiamovil/sm/acme/a?s=U2FsdGVkX198hxAltjtgyWV/xHdAY3zmdnvamkupC4OW/3WITtIjFEz7QIWx447RPPLicERKWLTo02ObnsIGIvID40SvRtwDlD7D2cxPL6YW5/poCR+I3MIVPDWo+AxCuHzBV9SdrAc6IRWO9z68xjABWc2FsGtt/MJxLBazVtc=&u=U2FsdGVkX18VrVGOu+VRIMdXuK65TQR/ZnUczaUzQ+8=&y=U2FsdGVkX18fcP6VR64umOFWWOmcfvwJK5OA5bfN+sJ39mLFEK3i301D/H19Jt91 HTTP/1.1" 200 26
186.102.45.212 - - [16/Jun/2023:01:04:27 -0500] "GET /kwssiamovil/sm/acme/a?s=U2FsdGVkX19Mv7FkoZzPTEixkCHYE6SWtFbRs7Eh+ghefwTnVFqc/YuVYLTcBWC+ryX6b8DxPcrOb/2YoGON1ofi7ixjSypy7RoUBzb26RW6exe/mmFjOGUtMdvQxTjO5LTon3E7m1ujTxX2hqj13QQehWAP1KC9ahC6sY/z0kI=&u=U2FsdGVkX18VrVGOu+VRIMdXuK65TQR/ZnUczaUzQ+8=&y=U2FsdGVkX18fcP6VR64umOFWWOmcfvwJK5OA5bfN+sJ39mLFEK3i301D/H19Jt91 HTTP/1.1" 200 26
186.102.45.212 - - [16/Jun/2023:01:04:27 -0500] "GET /kwssiamovil/sm/acme/a?s=U2FsdGVkX199fmKxFBnyP13/4fLsNScUB/I+60X+gQqrZ//KHduNclGPgG/h3cfAnhfFb5RXeOPa4Gh+zxcNnWZ6TinfRZP+v2v7yYbOs0+U+v8uW7CmDtAqD9dsM9T3oC8w6N15URzfMdFsdPGMdkpnnX20spIHEcn4260K3dEpdwrHyNeAO/OoeT/fRweJ&u=U2FsdGVkX18VrVGOu+VRIMdXuK65TQR/ZnUczaUzQ+8=&y=U2FsdGVkX18fcP6VR64umOFWWOmcfvwJK5OA5bfN+sJ39mLFEK3i301D/H19Jt91 HTTP/1.1" 200 26
216.245.221.92 - - [16/Jun/2023:01:05:34 -0500] "HEAD / HTTP/1.1" 200 -
172.22.2.4 - - [16/Jun/2023:01:05:09 -0500] "HEAD /BLA/boletinlegal/ HTTP/1.1" 200 -
199.16.157.183 - - [16/Jun/2023:01:07:00 -0500] "GET /images/alcaldesa-secretaria-29-octubre.jpg HTTP/1.1" 200 72783
199.16.157.180 - - [16/Jun/2023:01:07:00 -0500] "GET /alcaldesa-asistira-a-la-conferencia-de-las-naciones-unidas-sobre-el-cambio-climatico-cop26.html HTTP/1.1" 200 1289
199.16.157.181 - - [16/Jun/2023:01:07:00 -0500] "GET /images/imagen-comunicado-podcast.jpg HTTP/1.1" 200 39765
199.16.157.183 - - [16/Jun/2023:01:07:01 -0500] "GET /secretaria-de-ambiente-estrena-podcast-ambientalmente.html HTTP/1.1" 200 865
172.22.2.4 - - [16/Jun/2023:01:05:59 -0500] "GET /BLA/boletinlegal/ HTTP/1.1" 200 56816
34.147.30.38 - - [16/Jun/2023:01:08:05 -0500] "GET /en-junio-conectate-con-la-naturaleza-y-el-medioambiente-a-traves-de-estas-caminatas-ecologicas.html HTTP/1.1" 200 900
201.245.192.253 - - [16/Jun/2023:01:09:19 -0500] "POST /kwsrmcab/Wsrmcab  HTTP/1.1" 200 40957
216.245.221.92 - - [16/Jun/2023:01:10:34 -0500] "HEAD / HTTP/1.1" 200 -
186.102.94.31 - - [16/Jun/2023:01:12:25 -0500] "GET /kwssiamovil/sm/acme/a?s=U2FsdGVkX1/0OeOW7VHTQeWyt940FYC/NXPZAZnOEBxrjIVlWjZfbsGFFJFl9w3k9oSuU+cTXZgY7M7zCx24JVOFd2yvgOFkmO649jOKxhI7zdtbDx75s3P8V5lzaWMpAXOU6IVVlGP+tTKFfZ27L/YHc/FncWz5nTYxBGEJ36Jzs7jRVDkL4skDIaD9iz09iuCpDhxrzTpk8TbOlTeYQj7qpJMJm2OEmIm2mJzMzY1fFktVk8zcn9CYkDFaz8BadQRQT5BEwLrinPDm+Nd8yA==&u=U2FsdGVkX1+79hQQ/m/2XxNoQ4V+tgO7teG7cyq9/TU=&y=U2FsdGVkX19ZiZ3/ecgaqnKaNHB1A0qzpbSpaPCED10eNtxj8FuySnsDaHPf6dwg HTTP/1.1" 200 26
186.102.94.31 - - [16/Jun/2023:01:12:29 -0500] "GET /kwssiamovil/sm/acme/u?s=U2FsdGVkX1/uilVXLfPV3jRXONyHDLyo81SBwdy3pwZf1pyM2UyGNWv90XJ/MqCguyYMQGBddx2XV4U7GfQ9eKvfFFU6TyJ8ekHOFPkSoKtZCS5+GPhD+OeuI/8bhXt+/gPCVf7e2LdbvNFJ3EBbSlphXPpxnYLQ+gCiGY9mH9c=&u=U2FsdGVkX1+79hQQ/m/2XxNoQ4V+tgO7teG7cyq9/TU=&y=U2FsdGVkX19ZiZ3/ecgaqnKaNHB1A0qzpbSpaPCED10eNtxj8FuySnsDaHPf6dwg HTTP/1.1" 200 60
172.22.2.4 - - [16/Jun/2023:01:10:59 -0500] "HEAD /BLA/boletinlegal/ HTTP/1.1" 200 -
172.22.2.4 - - [16/Jun/2023:01:11:49 -0500] "GET /BLA/boletinlegal/ HTTP/1.1" 200 57680
40.77.167.91 - - [16/Jun/2023:01:14:19 -0500] "GET /sipse/faces/faces/autenticacion.xhtml HTTP/1.1" 200 12501
201.245.192.253 - - [16/Jun/2023:01:14:18 -0500] "POST /kwsrmcab/Wsrmcab  HTTP/1.1" 200 40957
216.245.221.92 - - [16/Jun/2023:01:15:34 -0500] "HEAD / HTTP/1.1" 200 -
186.154.27.165 - - [16/Jun/2023:01:17:58 -0500] "GET /mesa/contrasena.pdf HTTP/1.1" 200 443199
186.154.27.165 - - [16/Jun/2023:01:17:59 -0500] "GET /mesa/contrasena.pdf HTTP/1.1" 206 1
186.154.27.165 - - [16/Jun/2023:01:17:59 -0500] "GET /mesa/contrasena.pdf HTTP/1.1" 206 4967
172.22.2.4 - - [16/Jun/2023:01:16:49 -0500] "HEAD /BLA/boletinlegal/ HTTP/1.1" 200 -
172.22.2.4 - - [16/Jun/2023:01:17:39 -0500] "GET /BLA/boletinlegal/ HTTP/1.1" 200 57272
201.245.192.253 - - [16/Jun/2023:01:19:17 -0500] "POST /kwsrmcab/Wsrmcab  HTTP/1.1" 200 40957
216.245.221.92 - - [16/Jun/2023:01:20:34 -0500] "HEAD / HTTP/1.1" 200 -
201.245.192.253 - - [16/Jun/2023:01:20:30 -0500] "POST /kwsrmcab/Wsrmcab HTTP/1.1" 200 40784
201.245.192.253 - - [16/Jun/2023:01:20:36 -0500] "POST /kwsrmcab/Wsrmcab HTTP/1.1" 200 42851
172.22.2.4 - - [16/Jun/2023:01:22:39 -0500] "HEAD /BLA/boletinlegal/ HTTP/1.1" 200 -
201.245.192.253 - - [16/Jun/2023:01:24:16 -0500] "POST /kwsrmcab/Wsrmcab  HTTP/1.1" 200 40957
172.22.2.4 - - [16/Jun/2023:01:23:29 -0500] "GET /BLA/boletinlegal/ HTTP/1.1" 200 57680
216.245.221.92 - - [16/Jun/2023:01:25:34 -0500] "HEAD / HTTP/1.1" 200 -
31.13.127.5 - - [16/Jun/2023:01:25:34 -0500] "GET /dia-mundial-del-medio-ambiente-distrito-liberara-animales-silvestres-plantara-arboles-y-desarrollara-actividades-pedagogicas.html HTTP/1.1" 200 856
31.13.127.119 - - [16/Jun/2023:01:25:34 -0500] "GET /dia-mundial-del-medio-ambiente-distrito-liberara-animales-silvestres-plantara-arboles-y-desarrollara-actividades-pedagogicas.html HTTP/1.1" 200 856
69.171.249.10 - - [16/Jun/2023:01:28:28 -0500] "GET /760-llantas-fueron-recolectadas-en-el-primer-dia-de-llantaton-en-bogota.html HTTP/1.1" 200 768
152.61.128.50 - - [16/Jun/2023:01:29:09 -0500] "GET /arcgis/services/Calidad_del_Agua_WQI/MapServer/WMSServer?request=GetCapabilities&service=WMS HTTP/1.1" 503 1020
152.61.128.50 - - [16/Jun/2023:01:29:10 -0500] "GET /arcgis/services/Calidad_del_Agua_WQI/MapServer/WMSServer?SERVICE=WMS&REQUEST=GetCapabilities HTTP/1.1" 503 1020
152.61.128.50 - - [16/Jun/2023:01:29:10 -0500] "GET /arcgis/services/Calidad_del_Agua_WQI/MapServer/WMSServer?WMTVER=1.0.0&REQUEST=capabilities HTTP/1.1" 503 1020
201.245.192.253 - - [16/Jun/2023:01:29:15 -0500] "POST /kwsrmcab/Wsrmcab  HTTP/1.1" 200 40957
66.249.79.102 - - [16/Jun/2023:01:29:26 -0500] "-" 408 -
172.22.2.4 - - [16/Jun/2023:01:28:29 -0500] "HEAD /BLA/boletinlegal/ HTTP/1.1" 200 -
216.245.221.92 - - [16/Jun/2023:01:30:34 -0500] "HEAD / HTTP/1.1" 200 -
201.245.192.253 - - [16/Jun/2023:01:30:31 -0500] "POST /kwsrmcab/Wsrmcab HTTP/1.1" 200 40784
201.245.192.253 - - [16/Jun/2023:01:30:35 -0500] "POST /kwsrmcab/Wsrmcab HTTP/1.1" 200 42851
172.22.2.4 - - [16/Jun/2023:01:29:19 -0500] "GET /BLA/boletinlegal/ HTTP/1.1" 200 57680
201.245.192.253 - - [16/Jun/2023:01:34:14 -0500] "POST /kwsrmcab/Wsrmcab  HTTP/1.1" 200 40957
216.245.221.92 - - [16/Jun/2023:01:35:34 -0500] "HEAD / HTTP/1.1" 200 -
172.22.2.4 - - [16/Jun/2023:01:34:19 -0500] "HEAD /BLA/boletinlegal/ HTTP/1.1" 200 -
13.215.26.8 - - [16/Jun/2023:01:36:26 -0500] "GET /galeria/galeria/jquery.fancybox.css?v=2.1.5 HTTP/1.1" 200 4895
13.215.26.8 - - [16/Jun/2023:01:36:26 -0500] "GET /galeria/galeria/jquery.fancybox.js?v=2.1.5 HTTP/1.1" 200 48706
13.215.26.8 - - [16/Jun/2023:01:36:26 -0500] "GET /BLA/boletinlegal/js/jquery.scrollShow.js HTTP/1.1" 200 4586
172.22.2.4 - - [16/Jun/2023:01:35:09 -0500] "GET /BLA/boletinlegal/ HTTP/1.1" 200 58825
201.245.192.253 - - [16/Jun/2023:01:39:13 -0500] "POST /kwsrmcab/Wsrmcab  HTTP/1.1" 200 40957
216.245.221.92 - - [16/Jun/2023:01:40:34 -0500] "HEAD / HTTP/1.1" 200 -
201.245.192.253 - - [16/Jun/2023:01:40:30 -0500] "POST /kwsrmcab/Wsrmcab HTTP/1.1" 200 40784
201.245.192.253 - - [16/Jun/2023:01:40:34 -0500] "POST /kwsrmcab/Wsrmcab HTTP/1.1" 200 42851
90.156.169.13 - - [16/Jun/2023:01:41:41 -0500] "GET /wp-content/plugins/essential-addons-for-elementor-lite/assets/admin/css/cloud.css HTTP/1.1" 404 1049
172.22.2.4 - - [16/Jun/2023:01:40:09 -0500] "HEAD /BLA/boletinlegal/ HTTP/1.1" 200 -
3.224.220.101 - - [16/Jun/2023:01:42:31 -0500] "-" 408 -
172.22.2.4 - - [16/Jun/2023:01:40:59 -0500] "GET /BLA/boletinlegal/ HTTP/1.1" 200 59192
45.163.134.234 - - [16/Jun/2023:01:43:23 -0500] "GET / HTTP/1.1" 200 319
201.245.192.253 - - [16/Jun/2023:01:44:12 -0500] "POST /kwsrmcab/Wsrmcab  HTTP/1.1" 200 40957
216.245.221.92 - - [16/Jun/2023:01:45:34 -0500] "HEAD / HTTP/1.1" 200 -
172.22.2.4 - - [16/Jun/2023:01:45:59 -0500] "HEAD /BLA/boletinlegal/ HTTP/1.1" 200 -
172.22.2.4 - - [16/Jun/2023:01:46:49 -0500] "GET /BLA/boletinlegal/ HTTP/1.1" 200 57272
201.245.192.253 - - [16/Jun/2023:01:49:11 -0500] "POST /kwsrmcab/Wsrmcab  HTTP/1.1" 200 40957
216.245.221.92 - - [16/Jun/2023:01:50:34 -0500] "HEAD / HTTP/1.1" 200 -
192.133.77.17 - - [16/Jun/2023:01:52:32 -0500] "-" 408 -
172.22.2.4 - - [16/Jun/2023:01:51:49 -0500] "HEAD /BLA/boletinlegal/ HTTP/1.1" 200 -
201.245.192.253 - - [16/Jun/2023:01:54:11 -0500] "POST /kwsrmcab/Wsrmcab  HTTP/1.1" 200 40957
172.22.2.4 - - [16/Jun/2023:01:52:39 -0500] "GET /BLA/boletinlegal/ HTTP/1.1" 200 53643
216.245.221.92 - - [16/Jun/2023:01:55:33 -0500] "HEAD / HTTP/1.1" 200 -
52.167.144.158 - - [16/Jun/2023:01:56:12 -0500] "GET /BLA/resoluciones/RESOLUCIONES%202021/4048.pdf HTTP/1.1" 304 -
172.22.2.4 - - [16/Jun/2023:01:56:11 -0500] "GET /BLA/boletinlegal/ HTTP/1.1" 200 32715
201.245.192.253 - - [16/Jun/2023:01:59:10 -0500] "POST /kwsrmcab/Wsrmcab  HTTP/1.1" 200 40957
172.22.2.4 - - [16/Jun/2023:01:57:39 -0500] "HEAD /BLA/boletinlegal/ HTTP/1.1" 200 -
40.77.167.91 - - [16/Jun/2023:02:00:08 -0500] "GET /BLA/resoluciones/AUTOS%202022/1033.pdf HTTP/1.1" 304 -
172.22.2.4 - - [16/Jun/2023:01:58:29 -0500] "GET /BLA/boletinlegal/ HTTP/1.1" 200 59192
216.245.221.92 - - [16/Jun/2023:02:00:33 -0500] "HEAD / HTTP/1.1" 200 -
40.77.167.91 - - [16/Jun/2023:02:01:38 -0500] "GET /BLA/resoluciones/AUTOS%202022/1744.pdf HTTP/1.1" 304 -
201.245.192.253 - - [16/Jun/2023:02:04:08 -0500] "POST /kwsrmcab/Wsrmcab  HTTP/1.1" 200 40957
172.22.2.4 - - [16/Jun/2023:02:03:29 -0500] "HEAD /BLA/boletinlegal/ HTTP/1.1" 200 -
216.245.221.92 - - [16/Jun/2023:02:05:33 -0500] "HEAD / HTTP/1.1" 200 -
49.7.21.80 - - [16/Jun/2023:02:05:40 -0500] "GET / HTTP/1.1" 200 319
172.22.2.4 - - [16/Jun/2023:02:04:19 -0500] "GET /BLA/boletinlegal/ HTTP/1.1" 200 57272
40.94.33.14 - - [16/Jun/2023:02:06:29 -0500] "GET /BLA/resoluciones/RESOLUCIONES%202008/5735.pdf HTTP/1.1" 200 627672
186.102.63.31 - - [16/Jun/2023:02:07:11 -0500] "GET /kwssiamovil/sm/acme/a?s=U2FsdGVkX1++jQZH64EpXsHx+SU5padO6JGEaV9OyQr+n39EtWHu95yNfYRk0QyBRhLWKmO/+T/NseQanphWnFBwQrcsLJJeUtyxEZ+b5uM+Jpszd4Q0C2/Ezo1qGN1JeOME/xUmsNMWOTZqxKTtzCropUzo18k0UQLd27MGudqlUZk8xeOCFnLhcHNzwmui10qZvg49MLzvr8YtoAe6g6vAsOAFLkVVibCLo3UWqgwOSSGyY+hanOe/J0Z/Ftm6c1TFX8I2zV125Ku+4+0ljg==&u=U2FsdGVkX1+79hQQ/m/2XxNoQ4V+tgO7teG7cyq9/TU=&y=U2FsdGVkX19ZiZ3/ecgaqnKaNHB1A0qzpbSpaPCED10eNtxj8FuySnsDaHPf6dwg HTTP/1.1" 200 26
186.102.63.31 - - [16/Jun/2023:02:07:11 -0500] "GET /kwssiamovil/sm/acme/a?s=U2FsdGVkX1+QEOY9FxgvsDztmgYCs77NVj/oG7KUpQ370LxggWsVm4joycpNeWWXSbK13NFaJIyKrKt7ipzDXRkTBvTA3PcotQnA4FiWBqATc5ckI/xVuuD8dAU4jt79nuRU8indq7MD1RUYTXcUpFHOG/HsMDQHGUt0fTneaeYelgHA3Dy3lV9SFdkdxRSrP+8gcCo7dssRn+SkCtJ9KjKDJDJ9sFtvlJlgvm2xO8I798dHK5U/6YErSchJQieAhQPWCG4ZPsKMuqdhon7Jx9LJG3eqKKv8aHIwRHxE9AU0zLBZgNj63hZP+NTnCCeqoxB+zpx2dmNxGEpqYEEL8ibWvFE6KNX1IQHhsjd+d9Bhv8i4QMBmqGpCpGA/fNZguh838yx6aiBcRS9Fnffkf/nEpz4ibejB8YSJXGvdi7zREaB3u2oQ2Bbuh5/NRuKK0FOVtAsRZijvaH9/nF1XFLQ8OwuYGACt2Ij89i4xBvOiFWvUXLXGCViInC/e4BhiCr8NNrIXHTTX7MQFOfA6jjn/jtisqkrE7rXfYXTPrNQgBQo64ZZ0GkpeKm2bZzxdR1oCnZPqoAWW4Lu6CGyI/rU1Nr1wtvbpZVkGz/07C4V6rhk4BwTtan2no2fYesgqB7FR/o++Ot2byIvJMkFxOoS4EEer6n8b72h0fmNGIqVZ19CfdlcAaqjE5Zs6SD+5+QvpW8r57ewTNkhzY+aXibgSwGOtVrkJ8PCxAPeU/78ed9mLnxDnMBYzbAqO4wyDZPNxPKHZwICu80UINQtRA2PnQvKsEVpGDRf4scC9Se19tmyUE0a8pglyTwBun7Afgw4Pk3rWmVaT8itkhG/j1RPMrQUkpkRwk3FHXJJ7W+c9YC9SZCG+2PK2URY0WUW/jJDeDN/gHTwCjnLFO76Fo4ENb/BIHmw42WayQCV0PSDTAnuuWzFMejbYzQoHInv5dwC967geD7Il6j2EqSf9Krfp2r96wlM50bcIzxxELuT4dKVw4+PqrJTvkOYh7vfsrMVarukTbqJdz1YM1seAX1bUplQ4IR7Go0PGvN3jIrAGhL+QUy0M7nUenClyhK9Mwuj3/PDPmMIUw0R1+jOOTYhFYGjEIjNbyKGUQQuxqQuqm5uO1tWffO7sRE4LMm+ALdeXy+wtjuEWVVyFcN5GUGmF1/NiEgdbghwS9spqI9nN8ss6ELpoSyUuwz5PxnKAxsN5nDK6Y+JGR4Ng4imA16jeNZiy0ygYIM/QvpN+2EyByTQOCnAXCqe+s5V0SzC2&u=U2FsdGVkX1+79hQQ/m/2XxNoQ4V+tgO7teG7cyq9/TU=&y=U2FsdGVkX19ZiZ3/ecgaqnKaNHB1A0qzpbSpaPCED10eNtxj8FuySnsDaHPf6dwg HTTP/1.1" 200 26
186.102.63.31 - - [16/Jun/2023:02:07:12 -0500] "GET /kwssiamovil/sm/acme/a?s=U2FsdGVkX1+FsGvAisC6VG2rjiDlX2C+5U291T4aex7qnbEDZ2CbcMvxg2iXhJjbB0yTfYGIW8kbzxOTpzFQBZAhYMJcBG4g0NbjL5CpwBRBjz4WQ5GfqXbycZh822JDI5LwtMIdYU7ysbKZXJh8vGZEG00be/XW47ZbeZdG6kI=&u=U2FsdGVkX1+79hQQ/m/2XxNoQ4V+tgO7teG7cyq9/TU=&y=U2FsdGVkX19ZiZ3/ecgaqnKaNHB1A0qzpbSpaPCED10eNtxj8FuySnsDaHPf6dwg HTTP/1.1" 200 26
186.102.63.31 - - [16/Jun/2023:02:07:12 -0500] "GET /kwssiamovil/sm/acme/a?s=U2FsdGVkX19HsbNE1njdDBXvc9eO3SAJE/K5viDt3Oc/2QyshD5xSRJeqotJBMJmBZc7r6QLfoomNPI+q/iyJKS9l65IoamZyjcP4h6dKWgqW5oyi3VKUey3pp3bUO5nCGepRgi1q/WPxdip/IBqe5NR8qLvlpzQmaOSAicRwoE=&u=U2FsdGVkX1+79hQQ/m/2XxNoQ4V+tgO7teG7cyq9/TU=&y=U2FsdGVkX19ZiZ3/ecgaqnKaNHB1A0qzpbSpaPCED10eNtxj8FuySnsDaHPf6dwg HTTP/1.1" 200 26
186.102.63.31 - - [16/Jun/2023:02:07:12 -0500] "GET /kwssiamovil/sm/acme/a?s=U2FsdGVkX19RzCF+Hl9DWDhN2zgBVD8MsPYce6PhupCrF3+vzI3uuGB1KlsF5NOP2ua324YmCTYUbIF7WnkbWcgNlLlD4n24TIV6hyAb9wADmnyAC8bKjIG2LaBgGRzvqRfcAfxVF7jnLsmLv31yFy0rH0ZfAPhwyRQ2GC5dbtA=&u=U2FsdGVkX1+79hQQ/m/2XxNoQ4V+tgO7teG7cyq9/TU=&y=U2FsdGVkX19ZiZ3/ecgaqnKaNHB1A0qzpbSpaPCED10eNtxj8FuySnsDaHPf6dwg HTTP/1.1" 200 26
186.102.63.31 - - [16/Jun/2023:02:07:12 -0500] "GET /kwssiamovil/sm/acme/a?s=U2FsdGVkX18wGy7WWXyESFR8eZMvige7tnHpB+jD9AyjPxSXRdmVoRzuWazMp0+H+QFCNexqNKpGiCI3IW8jcRDfu9ybYMh7bC7qym8h6wKzI/MNT2p3ZpBxxRkEpJ1UJIe2HkYnjj7oetXQNmBMFDChwWj1biTIWhtk89ahj3vtfzvY3d1r9fMdgrNFltx4&u=U2FsdGVkX1+79hQQ/m/2XxNoQ4V+tgO7teG7cyq9/TU=&y=U2FsdGVkX19ZiZ3/ecgaqnKaNHB1A0qzpbSpaPCED10eNtxj8FuySnsDaHPf6dwg HTTP/1.1" 200 26
201.245.192.253 - - [16/Jun/2023:02:09:07 -0500] "POST /kwsrmcab/Wsrmcab  HTTP/1.1" 200 40957
216.245.221.92 - - [16/Jun/2023:02:10:33 -0500] "HEAD / HTTP/1.1" 200 -
172.22.2.4 - - [16/Jun/2023:02:09:19 -0500] "HEAD /BLA/boletinlegal/ HTTP/1.1" 200 -
172.22.2.4 - - [16/Jun/2023:02:10:09 -0500] "GET /BLA/boletinlegal/ HTTP/1.1" 200 57680
201.245.192.253 - - [16/Jun/2023:02:14:06 -0500] "POST /kwsrmcab/Wsrmcab  HTTP/1.1" 200 40957
216.245.221.92 - - [16/Jun/2023:02:15:33 -0500] "HEAD / HTTP/1.1" 200 -
172.22.2.4 - - [16/Jun/2023:02:15:08 -0500] "HEAD /BLA/boletinlegal/ HTTP/1.1" 200 -
172.22.2.4 - - [16/Jun/2023:02:15:59 -0500] "GET /BLA/boletinlegal/ HTTP/1.1" 200 52495
54.254.102.231 - - [16/Jun/2023:02:17:42 -0500] "GET /galeria/galeria/jquery.fancybox.css?v=2.1.5 HTTP/1.1" 200 4895
201.245.192.253 - - [16/Jun/2023:02:19:05 -0500] "POST /kwsrmcab/Wsrmcab  HTTP/1.1" 200 40957
80.29.195.212 - - [16/Jun/2023:02:19:14 -0500] "GET /proyecto-avantia-con-la-union-europea-busca-especialista-en-cambio-climatico.html HTTP/1.1" 200 814
109.237.98.226 - - [16/Jun/2023:02:19:56 -0500] "GET /.env HTTP/1.1" 404 1018
109.237.98.226 - - [16/Jun/2023:02:19:56 -0500] "\x16\x03\x01\x01H\x01" 400 226
216.245.221.92 - - [16/Jun/2023:02:20:33 -0500] "HEAD / HTTP/1.1" 200 -
201.245.192.253 - - [16/Jun/2023:02:20:31 -0500] "POST /kwsrmcab/Wsrmcab HTTP/1.1" 200 40780
201.245.192.253 - - [16/Jun/2023:02:20:34 -0500] "POST /kwsrmcab/Wsrmcab HTTP/1.1" 200 43025
172.22.2.4 - - [16/Jun/2023:02:20:59 -0500] "HEAD /BLA/boletinlegal/ HTTP/1.1" 200 -
172.22.2.4 - - [16/Jun/2023:02:21:49 -0500] "GET /BLA/boletinlegal/ HTTP/1.1" 200 52495
201.245.192.253 - - [16/Jun/2023:02:24:04 -0500] "POST /kwsrmcab/Wsrmcab  HTTP/1.1" 200 40957
199.16.157.181 - - [16/Jun/2023:02:25:24 -0500] "GET /images/operativo-fuentes-fijas-14-octubre.jpg HTTP/1.1" 200 58397
199.16.157.181 - - [16/Jun/2023:02:25:24 -0500] "GET /images/operativo-fuentes-fijas-14-octubre.jpg HTTP/1.1" 200 58397
216.245.221.92 - - [16/Jun/2023:02:25:33 -0500] "HEAD / HTTP/1.1" 200 -
66.249.79.97 - - [16/Jun/2023:02:27:35 -0500] "-" 408 -
69.63.189.119 - - [16/Jun/2023:02:27:48 -0500] "GET /dia-mundial-del-medio-ambiente-distrito-liberara-animales-silvestres-plantara-arboles-y-desarrollara-actividades-pedagogicas.html HTTP/1.1" 200 856
172.22.2.4 - - [16/Jun/2023:02:26:49 -0500] "HEAD /BLA/boletinlegal/ HTTP/1.1" 200 -
201.245.192.253 - - [16/Jun/2023:02:29:04 -0500] "POST /kwsrmcab/Wsrmcab  HTTP/1.1" 200 40957
186.102.63.31 - - [16/Jun/2023:02:29:15 -0500] "GET /kwssiamovil/sm/acme/u?s=U2FsdGVkX1+E+lrh68lB0lJzgbeUPB0n/vXKMP5R98ED9EMKLzZPgptI7F068LB4Rz7OiZzi7hAFj68p/zqLFzPLZi5t3z4wK/rYatJBOCRsjIz+9Ag1FFmhe9fkhnLRF2nNzwrB9/jsXGWwCZpXaX68JapgEP8/2Zbyejpzp9Q=&u=U2FsdGVkX1+79hQQ/m/2XxNoQ4V+tgO7teG7cyq9/TU=&y=U2FsdGVkX19ZiZ3/ecgaqnKaNHB1A0qzpbSpaPCED10eNtxj8FuySnsDaHPf6dwg HTTP/1.1" 200 60
172.22.2.4 - - [16/Jun/2023:02:27:39 -0500] "GET /BLA/boletinlegal/ HTTP/1.1" 200 57272
201.245.192.253 - - [16/Jun/2023:02:30:30 -0500] "POST /kwsrmcab/Wsrmcab HTTP/1.1" 200 40780
216.245.221.92 - - [16/Jun/2023:02:30:33 -0500] "HEAD / HTTP/1.1" 200 -
201.245.192.253 - - [16/Jun/2023:02:30:34 -0500] "POST /kwsrmcab/Wsrmcab HTTP/1.1" 200 43025
40.77.167.139 - - [16/Jun/2023:02:31:09 -0500] "GET /portaldeninos/aulas-ambientales/aula-ambiental-sorotama/ HTTP/1.1" 200 89596
201.245.192.253 - - [16/Jun/2023:02:34:03 -0500] "POST /kwsrmcab/Wsrmcab  HTTP/1.1" 200 40957
40.77.167.139 - - [16/Jun/2023:02:34:09 -0500] "GET /portaldeninos/aulas-ambientales/aula-ambiental-sorotama/ HTTP/1.1" 200 89596
172.22.2.4 - - [16/Jun/2023:02:32:38 -0500] "HEAD /BLA/boletinlegal/ HTTP/1.1" 200 -
172.22.2.4 - - [16/Jun/2023:02:33:29 -0500] "GET /BLA/boletinlegal/ HTTP/1.1" 200 57272
216.245.221.92 - - [16/Jun/2023:02:35:33 -0500] "HEAD / HTTP/1.1" 200 -
201.245.192.253 - - [16/Jun/2023:02:39:02 -0500] "POST /kwsrmcab/Wsrmcab  HTTP/1.1" 200 40957
172.22.2.4 - - [16/Jun/2023:02:38:28 -0500] "HEAD /BLA/boletinlegal/ HTTP/1.1" 200 -
201.245.192.253 - - [16/Jun/2023:02:40:30 -0500] "POST /kwsrmcab/Wsrmcab HTTP/1.1" 200 40780
216.245.221.92 - - [16/Jun/2023:02:40:33 -0500] "HEAD / HTTP/1.1" 200 -
201.245.192.253 - - [16/Jun/2023:02:40:34 -0500] "POST /kwsrmcab/Wsrmcab HTTP/1.1" 200 43025
172.22.2.4 - - [16/Jun/2023:02:39:19 -0500] "GET /BLA/boletinlegal/ HTTP/1.1" 200 53248
66.249.79.130 - - [16/Jun/2023:02:41:29 -0500] "GET /ofensiva-conta-el-trafico-de-fauna-silvestre-durante-la-semana-ambiental-en-bogota.html HTTP/1.1" 200 989
201.245.192.253 - - [16/Jun/2023:02:44:01 -0500] "POST /kwsrmcab/Wsrmcab  HTTP/1.1" 200 40957
136.243.19.35 - - [16/Jun/2023:02:45:24 -0500] "GET /serrania-el-zuque-de-cantera-en-los-anos-60-a-espacio-de-restauracion-ambiental-y-mitigacion-del-riesgo.html HTTP/1.1" 200 841
216.245.221.92 - - [16/Jun/2023:02:45:33 -0500] "HEAD / HTTP/1.1" 200 -
172.22.2.4 - - [16/Jun/2023:02:44:19 -0500] "HEAD /BLA/boletinlegal/ HTTP/1.1" 200 -
172.22.2.4 - - [16/Jun/2023:02:45:09 -0500] "GET /BLA/boletinlegal/ HTTP/1.1" 200 56452
172.22.2.4 - - [16/Jun/2023:02:47:13 -0500] "GET /BLA/boletinlegal/Circulares/2012/Circular%20No.%201%20del%2017%20de%20Enero%20de%202012.pdf HTTP/1.1" 200 1118749
69.171.249.119 - - [16/Jun/2023:02:48:27 -0500] "GET /en-navidad-bogota-protege-el-musgo-y-sus-ecosistemas.html HTTP/1.1" 200 802
201.245.192.253 - - [16/Jun/2023:02:49:00 -0500] "POST /kwsrmcab/Wsrmcab  HTTP/1.1" 200 40957
40.77.167.130 - - [16/Jun/2023:02:49:09 -0500] "GET /BLA/resoluciones/AUTOS%202021/4488.pdf HTTP/1.1" 200 351412
40.77.167.139 - - [16/Jun/2023:02:50:01 -0500] "GET /portaldeninos/aulas-ambientales/aula-ambiental-sorotama/ HTTP/1.1" 200 89596
40.77.167.139 - - [16/Jun/2023:02:50:21 -0500] "GET /portaldeninos/wp-content/themes/betheme/assets/animations/animations.min.css?ver=20.9.6 HTTP/1.1" 200 58508
40.77.167.139 - - [16/Jun/2023:02:50:21 -0500] "GET /portaldeninos/wp-content/themes/betheme/js/menu.js?ver=20.9.6 HTTP/1.1" 200 2449
40.77.167.80 - - [16/Jun/2023:02:50:28 -0500] "GET /portaldeninos/wp-content/themes/betheme/assets/animations/animations.min.js?ver=20.9.6 HTTP/1.1" 200 1896
40.77.167.80 - - [16/Jun/2023:02:50:28 -0500] "GET /portaldeninos/wp-content/themes/betheme/assets/jplayer/jplayer.min.js?ver=20.9.6 HTTP/1.1" 200 52702
40.77.167.80 - - [16/Jun/2023:02:50:28 -0500] "GET /portaldeninos/wp-content/themes/betheme/css/shortcodes.css?ver=20.9.6 HTTP/1.1" 200 138889
40.77.167.80 - - [16/Jun/2023:02:50:29 -0500] "GET /portaldeninos/wp-content/themes/betheme/js/plugins.js?ver=20.9.6 HTTP/1.1" 200 197151
40.77.167.80 - - [16/Jun/2023:02:50:29 -0500] "GET /portaldeninos/wp-content/themes/betheme/style.css?ver=20.9.6 HTTP/1.1" 200 287
40.77.167.80 - - [16/Jun/2023:02:50:29 -0500] "GET /portaldeninos/wp-includes/js/jquery/ui/core.min.js?ver=1.11.4 HTTP/1.1" 200 4000
40.77.167.80 - - [16/Jun/2023:02:50:29 -0500] "GET /portaldeninos/wp-includes/js/wp-emoji-release.min.js?ver=4.9.8 HTTP/1.1" 200 12026
40.77.167.139 - - [16/Jun/2023:02:50:21 -0500] "GET /portaldeninos/wp-content/uploads/2021/07/Recorrido-virtual-Aula-Soratama.mp4 HTTP/1.1" 200 5687960
40.77.167.139 - - [16/Jun/2023:02:50:32 -0500] "GET /portaldeninos/wp-includes/js/jquery/ui/accordion.min.js?ver=1.11.4 HTTP/1.1" 200 8584
40.77.167.139 - - [16/Jun/2023:02:50:32 -0500] "GET /portaldeninos/wp-includes/js/jquery/ui/mouse.min.js?ver=1.11.4 HTTP/1.1" 200 3148
40.77.167.139 - - [16/Jun/2023:02:50:32 -0500] "GET /portaldeninos/wp-includes/js/jquery/ui/tabs.min.js?ver=1.11.4 HTTP/1.1" 200 12110
40.77.167.139 - - [16/Jun/2023:02:50:32 -0500] "GET /portaldeninos/wp-includes/js/jquery/ui/widget.min.js?ver=1.11.4 HTTP/1.1" 200 6908
40.77.167.139 - - [16/Jun/2023:02:50:32 -0500] "GET /portaldeninos/wp-includes/js/wp-embed.min.js?ver=4.9.8 HTTP/1.1" 200 1398
216.245.221.92 - - [16/Jun/2023:02:50:33 -0500] "HEAD / HTTP/1.1" 200 -
52.167.144.70 - - [16/Jun/2023:02:50:35 -0500] "GET /portaldeninos/wp-content/plugins/gallery-videos/CSS/Total-Soft-Gallery-Video-Widget.css?ver=4.9.8 HTTP/1.1" 200 51554
52.167.144.70 - - [16/Jun/2023:02:50:36 -0500] "GET /portaldeninos/wp-content/plugins/gallery-videos/CSS/totalsoft.css?ver=4.9.8 HTTP/1.1" 200 40622
52.167.144.70 - - [16/Jun/2023:02:50:36 -0500] "GET /portaldeninos/wp-content/plugins/gallery-videos/JS/modernizr.custom.js?ver=4.9.8 HTTP/1.1" 200 9019
52.167.144.70 - - [16/Jun/2023:02:50:36 -0500] "GET /portaldeninos/wp-content/themes/betheme/assets/jplayer/css/jplayer.blue.monday.css?ver=20.9.6 HTTP/1.1" 200 9834
52.167.144.70 - - [16/Jun/2023:02:50:36 -0500] "GET /portaldeninos/wp-content/themes/betheme/assets/ui/jquery.ui.all.css?ver=20.9.6 HTTP/1.1" 200 18765
52.167.144.70 - - [16/Jun/2023:02:50:36 -0500] "GET /portaldeninos/wp-content/themes/betheme/css/base.css?ver=20.9.6 HTTP/1.1" 200 57283
52.167.144.70 - - [16/Jun/2023:02:50:37 -0500] "GET /portaldeninos/wp-content/themes/betheme/css/layout.css?ver=20.9.6 HTTP/1.1" 200 116639
52.167.144.70 - - [16/Jun/2023:02:50:37 -0500] "GET /portaldeninos/wp-content/themes/betheme/css/responsive.css?ver=20.9.6 HTTP/1.1" 200 55740
52.167.144.70 - - [16/Jun/2023:02:50:37 -0500] "GET /portaldeninos/wp-content/themes/betheme/js/scripts.js?ver=20.9.6 HTTP/1.1" 200 77162
52.167.144.70 - - [16/Jun/2023:02:50:37 -0500] "GET /portaldeninos/wp-content/uploads/useanyfont/uaf.css?ver=1589905315 HTTP/1.1" 200 408
52.167.144.70 - - [16/Jun/2023:02:50:37 -0500] "GET /portaldeninos/wp-includes/js/jquery/jquery-migrate.min.js?ver=1.4.1 HTTP/1.1" 200 10056
52.167.144.70 - - [16/Jun/2023:02:50:37 -0500] "GET /portaldeninos/wp-includes/js/jquery/jquery.js?ver=1.12.4 HTTP/1.1" 200 97184
66.249.79.129 - - [16/Jun/2023:02:51:11 -0500] "GET /asi-fue-el-reverdecer-de-leandra-marulanda-mujer-resiliente-que-ahora-emprende-con-el-compostaje.html HTTP/1.1" 200 842
172.22.2.4 - - [16/Jun/2023:02:50:08 -0500] "HEAD /BLA/boletinlegal/ HTTP/1.1" 200 -
64.124.8.52 - - [16/Jun/2023:02:51:52 -0500] "GET /BLA/boletinlegal/images/screen_5.png HTTP/1.1" 200 368876
64.124.8.52 - - [16/Jun/2023:02:51:52 -0500] "GET /galeria/nivo-slider/demo/images/bannerbolsas.jpg HTTP/1.1" 200 283727
64.124.8.52 - - [16/Jun/2023:02:51:53 -0500] "GET /galeria/nivo-slider/demo/images/bannerbioseguridad.jpg HTTP/1.1" 200 228661
64.124.8.52 - - [16/Jun/2023:02:51:58 -0500] "GET /galeria/galeria/fotos/Humedal-Santa-Mar%C3%ADa-del-Lago2P.jpg HTTP/1.1" 304 -
64.124.8.52 - - [16/Jun/2023:02:52:03 -0500] "GET /galeria/galeria/fotos/Capellania2G.jpg HTTP/1.1" 200 523013
172.22.2.4 - - [16/Jun/2023:02:50:59 -0500] "GET /BLA/boletinlegal/ HTTP/1.1" 200 57272
201.245.192.253 - - [16/Jun/2023:02:53:58 -0500] "POST /kwsrmcab/Wsrmcab  HTTP/1.1" 200 40957
216.245.221.92 - - [16/Jun/2023:02:55:33 -0500] "HEAD / HTTP/1.1" 200 -
173.252.107.6 - - [16/Jun/2023:02:56:27 -0500] "GET /distrito-declara-alerta-ambiental-por-calidad-del-aire-y-apoyara-extincion-de-incendios-en-la-amazonia.html HTTP/1.1" 200 928
34.91.0.25 - - [16/Jun/2023:02:57:04 -0500] "GET /en-junio-conectate-con-la-naturaleza-y-el-medioambiente-a-traves-de-estas-caminatas-ecologicas.html HTTP/1.1" 200 900
172.22.2.4 - - [16/Jun/2023:02:55:58 -0500] "HEAD /BLA/boletinlegal/ HTTP/1.1" 200 -
172.22.2.4 - - [16/Jun/2023:02:56:49 -0500] "GET /BLA/boletinlegal/ HTTP/1.1" 200 56816
201.245.192.253 - - [16/Jun/2023:02:58:57 -0500] "POST /kwsrmcab/Wsrmcab  HTTP/1.1" 200 40957
66.249.79.100 - - [16/Jun/2023:02:59:25 -0500] "-" 408 -
216.245.221.92 - - [16/Jun/2023:03:00:33 -0500] "HEAD / HTTP/1.1" 200 -
172.22.2.4 - - [16/Jun/2023:03:01:07 -0500] "GET /BLA/boletinlegal/showLogin.cc HTTP/1.1" 404 1018
172.22.2.4 - - [16/Jun/2023:03:00:53 -0500] "GET /BLA/boletinlegal/ HTTP/1.1" 200 24523
172.22.2.4 - - [16/Jun/2023:03:01:54 -0500] "GET /BLA/boletinlegal/autodiscover/autodiscover.json?@zdi/Powershell HTTP/1.1" 404 1018
178.79.147.205 - - [16/Jun/2023:03:02:31 -0500] "GET / HTTP/1.1" 200 319
178.79.147.205 - - [16/Jun/2023:03:02:32 -0500] "\x16\x03\x01" 400 226
178.79.147.205 - - [16/Jun/2023:03:02:33 -0500] "\x16\x03\x01" 400 226
178.79.147.205 - - [16/Jun/2023:03:02:33 -0500] "\x16\x03\x01" 400 226
