192.144.113.249 - - [17/Jun/2023:14:41:31 -0500] "GET /sipse/faces/javax.faces.resource/images/ui-bg_flat_0_2d5972_40x100.png?ln=primefaces-aristo HTTP/1.1" 304 -
216.245.221.92 - - [17/Jun/2023:14:41:44 -0500] "HEAD / HTTP/1.1" 200 -
200.118.64.109 - - [17/Jun/2023:14:41:52 -0500] "POST /forms/lservlet;jsessionid=ac16012b30d6cbab954bdbb14645bdafa39f4263d442.e3iSbxaKaheRe3mNc3qRchuOay1ynknvrkLOlQzNp65In0 HTTP/1.1" 200 2
173.252.95.9 - - [17/Jun/2023:14:43:43 -0500] "GET /images/Senderos1.jpeg HTTP/1.1" 200 172777
200.118.64.109 - - [17/Jun/2023:14:43:53 -0500] "POST /forms/lservlet;jsessionid=ac16012b30d6cbab954bdbb14645bdafa39f4263d442.e3iSbxaKaheRe3mNc3qRchuOay1ynknvrkLOlQzNp65In0 HTTP/1.1" 200 2
40.77.167.80 - - [17/Jun/2023:14:43:54 -0500] "GET /portaldeninos/parque-mirador-de-los-nevados/ HTTP/1.1" 200 89855
207.46.13.210 - - [17/Jun/2023:14:44:16 -0500] "GET /portaldeninos/wp-content/themes/betheme/css/layout.css?ver=20.9.6 HTTP/1.1" 200 116639
207.46.13.210 - - [17/Jun/2023:14:44:17 -0500] "GET /portaldeninos/wp-content/themes/betheme/js/scripts.js?ver=20.9.6 HTTP/1.1" 200 77162
172.22.2.4 - - [17/Jun/2023:14:43:19 -0500] "HEAD /BLA/boletinlegal/ HTTP/1.1" 200 -
192.144.113.249 - - [17/Jun/2023:14:45:11 -0500] "POST /sipse/faces/bienvenido.xhtml HTTP/1.1" 200 62905
192.144.113.249 - - [17/Jun/2023:14:45:12 -0500] "GET /sipse/faces/javax.faces.resource/theme.css?ln=primefaces-sipse HTTP/1.1" 304 -
192.144.113.249 - - [17/Jun/2023:14:45:12 -0500] "GET /sipse/faces/javax.faces.resource/jquery/jquery.js?ln=primefaces&v=4.0 HTTP/1.1" 304 -
192.144.113.249 - - [17/Jun/2023:14:45:12 -0500] "GET /sipse/faces/javax.faces.resource/primefaces.css?ln=primefaces&v=4.0 HTTP/1.1" 304 -
192.144.113.249 - - [17/Jun/2023:14:45:12 -0500] "GET /sipse/faces/javax.faces.resource/layout/layout.css?ln=primefaces&v=4.0 HTTP/1.1" 304 -
192.144.113.249 - - [17/Jun/2023:14:45:12 -0500] "GET /sipse/faces/javax.faces.resource/jquery/jquery-plugins.js?ln=primefaces&v=4.0 HTTP/1.1" 304 -
192.144.113.249 - - [17/Jun/2023:14:45:12 -0500] "GET /sipse/faces/javax.faces.resource/primefaces.js?ln=primefaces&v=4.0 HTTP/1.1" 304 -
192.144.113.249 - - [17/Jun/2023:14:45:12 -0500] "GET /sipse/faces/javax.faces.resource/layout/layout.js?ln=primefaces&v=4.0 HTTP/1.1" 304 -
192.144.113.249 - - [17/Jun/2023:14:45:12 -0500] "POST /sipse/faces/presentacion/financiero/solicitudProceso/listarSolicitudProceso.xhtml HTTP/1.1" 200 1556
172.22.2.4 - - [17/Jun/2023:14:44:10 -0500] "GET /BLA/boletinlegal/ HTTP/1.1" 200 53643
200.118.64.109 - - [17/Jun/2023:14:45:54 -0500] "POST /forms/lservlet;jsessionid=ac16012b30d6cbab954bdbb14645bdafa39f4263d442.e3iSbxaKaheRe3mNc3qRchuOay1ynknvrkLOlQzNp65In0 HTTP/1.1" 200 2
201.245.192.253 - - [17/Jun/2023:14:46:25 -0500] "POST /kwsrmcab/Wsrmcab  HTTP/1.1" 200 40957
216.245.221.92 - - [17/Jun/2023:14:46:44 -0500] "HEAD / HTTP/1.1" 200 -
200.118.64.109 - - [17/Jun/2023:14:47:54 -0500] "POST /forms/lservlet;jsessionid=ac16012b30d6cbab954bdbb14645bdafa39f4263d442.e3iSbxaKaheRe3mNc3qRchuOay1ynknvrkLOlQzNp65In0 HTTP/1.1" 200 2
200.118.64.109 - - [17/Jun/2023:14:49:54 -0500] "POST /forms/lservlet;jsessionid=ac16012b30d6cbab954bdbb14645bdafa39f4263d442.e3iSbxaKaheRe3mNc3qRchuOay1ynknvrkLOlQzNp65In0 HTTP/1.1" 200 2
172.22.2.4 - - [17/Jun/2023:14:49:09 -0500] "HEAD /BLA/boletinlegal/ HTTP/1.1" 200 -
201.245.192.253 - - [17/Jun/2023:14:51:24 -0500] "POST /kwsrmcab/Wsrmcab  HTTP/1.1" 200 40957
172.22.2.4 - - [17/Jun/2023:14:50:00 -0500] "GET /BLA/boletinlegal/ HTTP/1.1" 200 57680
216.245.221.92 - - [17/Jun/2023:14:51:44 -0500] "HEAD / HTTP/1.1" 200 -
200.118.64.109 - - [17/Jun/2023:14:51:54 -0500] "POST /forms/lservlet;jsessionid=ac16012b30d6cbab954bdbb14645bdafa39f4263d442.e3iSbxaKaheRe3mNc3qRchuOay1ynknvrkLOlQzNp65In0 HTTP/1.1" 200 2
40.77.167.97 - - [17/Jun/2023:14:52:21 -0500] "GET /BLA/resoluciones/AUTOS%202021/2657.pdf HTTP/1.1" 304 -
186.155.75.89 - - [17/Jun/2023:14:53:37 -0500] "GET /fima-2023-mas-de-700-personas-asistieron-al-stand-de-la-secretaria-de-ambiente.html?fbclid=IwAR0OPa3Ze9cKroC7A7aQ5qSEl3T83i7wRZ2bbbz5u76sKYGk1q8pmvE5S_I HTTP/1.1" 200 857
207.46.13.220 - - [17/Jun/2023:14:53:49 -0500] "GET /images/aire-bogota.jpeg HTTP/1.1" 200 169194
200.118.64.109 - - [17/Jun/2023:14:53:54 -0500] "POST /forms/lservlet;jsessionid=ac16012b30d6cbab954bdbb14645bdafa39f4263d442.e3iSbxaKaheRe3mNc3qRchuOay1ynknvrkLOlQzNp65In0 HTTP/1.1" 200 2
200.118.64.109 - - [17/Jun/2023:14:54:14 -0500] "GET /appsia/controlador HTTP/1.1" 200 4799
200.118.64.109 - - [17/Jun/2023:14:54:15 -0500] "GET /appsia/css/estilos.css HTTP/1.1" 200 4804
200.118.64.109 - - [17/Jun/2023:14:54:15 -0500] "GET /appsia/scripts/validarIngreso.js HTTP/1.1" 200 851
200.118.64.109 - - [17/Jun/2023:14:54:15 -0500] "GET /appsia/images/logo_bogota_p.png HTTP/1.1" 200 14951
200.118.64.109 - - [17/Jun/2023:14:54:15 -0500] "GET /appsia/images/cabezoteHojaVida.png HTTP/1.1" 200 32493
200.118.64.109 - - [17/Jun/2023:14:54:20 -0500] "POST /appsia/controlador HTTP/1.1" 200 3602
200.118.64.109 - - [17/Jun/2023:14:54:20 -0500] "GET /appsia/jscripts/validarSolicitud.js HTTP/1.1" 404 68
200.118.64.109 - - [17/Jun/2023:14:54:32 -0500] "POST /appsia/controlador HTTP/1.1" 200 4799
31.13.127.20 - - [17/Jun/2023:14:54:36 -0500] "GET /images/Reciclaton-2023.jpg HTTP/1.1" 200 68883
200.118.64.109 - - [17/Jun/2023:14:54:43 -0500] "POST /appsia/controlador HTTP/1.1" 200 3602
200.118.64.109 - - [17/Jun/2023:14:54:43 -0500] "GET /appsia/jscripts/validarSolicitud.js HTTP/1.1" 404 68
200.118.64.109 - - [17/Jun/2023:14:54:49 -0500] "POST /appsia/controlador HTTP/1.1" 200 4799
200.118.64.109 - - [17/Jun/2023:14:54:59 -0500] "POST /appsia/controlador HTTP/1.1" 200 3602
200.118.64.109 - - [17/Jun/2023:14:54:59 -0500] "GET /appsia/jscripts/validarSolicitud.js HTTP/1.1" 404 68
172.22.2.4 - - [17/Jun/2023:14:55:05 -0500] "GET /BLA/boletinlegal/Circulares/2013/Circular%20No.%208%20del%201%20de%20Noviembre%20de%202013.pdf HTTP/1.1" 200 385156
200.118.64.109 - - [17/Jun/2023:14:55:14 -0500] "POST /appsia/controlador HTTP/1.1" 200 4799
31.13.103.116 - - [17/Jun/2023:14:55:33 -0500] "GET /planear-y-al-mismo-tiempo-actuar-el-camino-de-bogota-para-enfrentar-la-crisis-climatica.html HTTP/1.1" 200 848
200.118.64.109 - - [17/Jun/2023:14:55:33 -0500] "POST /appsia/controlador HTTP/1.1" 200 4621
181.48.255.196 - - [17/Jun/2023:14:55:36 -0500] "GET /appsia/controlador HTTP/1.1" 200 4799
181.48.255.196 - - [17/Jun/2023:14:55:36 -0500] "GET /appsia/scripts/validarIngreso.js HTTP/1.1" 200 851
181.48.255.196 - - [17/Jun/2023:14:55:36 -0500] "GET /appsia/css/estilos.css HTTP/1.1" 200 4804
181.48.255.196 - - [17/Jun/2023:14:55:37 -0500] "GET /appsia/images/cabezoteHojaVida.png HTTP/1.1" 200 32493
181.48.255.196 - - [17/Jun/2023:14:55:37 -0500] "GET /appsia/images/logo_bogota_p.png HTTP/1.1" 200 14951
200.118.64.109 - - [17/Jun/2023:14:55:39 -0500] "POST /appsia/controlador HTTP/1.1" 200 8503
200.118.64.109 - - [17/Jun/2023:14:55:39 -0500] "GET /appsia/images/logo_escudo.png HTTP/1.1" 200 36965
69.171.231.6 - - [17/Jun/2023:14:55:40 -0500] "GET /images/stand-secretaria-ambiente-fima.jpg HTTP/1.1" 200 42537
200.118.64.109 - - [17/Jun/2023:14:55:54 -0500] "POST /forms/lservlet;jsessionid=ac16012b30d6cbab954bdbb14645bdafa39f4263d442.e3iSbxaKaheRe3mNc3qRchuOay1ynknvrkLOlQzNp65In0 HTTP/1.1" 200 2
34.90.230.253 - - [17/Jun/2023:14:56:03 -0500] "GET /en-junio-conectate-con-la-naturaleza-y-el-medioambiente-a-traves-de-estas-caminatas-ecologicas.html HTTP/1.1" 200 900
173.252.95.3 - - [17/Jun/2023:14:56:26 -0500] "GET /proyecto-avantia-con-la-union-europea-busca-especialista-en-cambio-climatico.html?fbclid=IwAR0v0RtrgfbAd8vrMkpDh_CaQjyHYGoAI3X0a-Y9jP88uqd3kg6vIX1u3Yg HTTP/1.1" 200 814
201.245.192.253 - - [17/Jun/2023:14:56:23 -0500] "POST /kwsrmcab/Wsrmcab  HTTP/1.1" 200 40957
172.22.2.4 - - [17/Jun/2023:14:54:59 -0500] "HEAD /BLA/boletinlegal/ HTTP/1.1" 200 -
216.245.221.92 - - [17/Jun/2023:14:56:44 -0500] "HEAD / HTTP/1.1" 200 -
200.118.64.109 - - [17/Jun/2023:14:57:12 -0500] "POST /appsia/controlador HTTP/1.1" 200 4621
172.22.2.4 - - [17/Jun/2023:14:55:50 -0500] "GET /BLA/boletinlegal/ HTTP/1.1" 200 58474
200.118.64.109 - - [17/Jun/2023:14:57:54 -0500] "POST /forms/lservlet;jsessionid=ac16012b30d6cbab954bdbb14645bdafa39f4263d442.e3iSbxaKaheRe3mNc3qRchuOay1ynknvrkLOlQzNp65In0 HTTP/1.1" 200 2
191.156.184.33 - - [17/Jun/2023:14:58:03 -0500] "GET /agendate-para-participar-en-las-caminatas-ecologicas-de-febrero.html HTTP/1.1" 200 830
200.118.64.109 - - [17/Jun/2023:14:59:18 -0500] "POST /appsia/controlador HTTP/1.1" 200 4799
200.118.64.109 - - [17/Jun/2023:14:59:54 -0500] "POST /forms/lservlet;jsessionid=ac16012b30d6cbab954bdbb14645bdafa39f4263d442.e3iSbxaKaheRe3mNc3qRchuOay1ynknvrkLOlQzNp65In0 HTTP/1.1" 200 2
40.77.188.100 - - [17/Jun/2023:15:00:10 -0500] "GET /portaldeninos/wp-content/uploads/2021/07/Recorrido-Aula-Mirador-de-los-Nevados.mp4 HTTP/1.1" 206 5266278
162.55.162.137 - - [17/Jun/2023:15:00:31 -0500] "GET / HTTP/1.1" 200 319
162.55.162.137 - - [17/Jun/2023:15:00:31 -0500] "GET / HTTP/1.1" 200 4720
173.252.95.14 - - [17/Jun/2023:15:01:03 -0500] "GET /agendate-para-participar-en-las-caminatas-ecologicas-de-febrero.html HTTP/1.1" 200 830
201.245.192.253 - - [17/Jun/2023:15:01:21 -0500] "POST /kwsrmcab/Wsrmcab  HTTP/1.1" 200 40957
172.22.2.4 - - [17/Jun/2023:15:01:24 -0500] "GET /BLA/boletinlegal/Directivas/2015/Directiva%20No.%2001%20del%2014%20de%20Enero%20de%202015.pdf HTTP/1.1" 304 -
192.144.113.249 - - [17/Jun/2023:15:01:42 -0500] "GET /sipse/faces/faces/autenticacion.xhtml HTTP/1.1" 200 12184
192.144.113.249 - - [17/Jun/2023:15:01:43 -0500] "GET /sipse/faces/javax.faces.resource/theme.css?ln=primefaces-sipse HTTP/1.1" 304 -
192.144.113.249 - - [17/Jun/2023:15:01:43 -0500] "GET /sipse/faces/javax.faces.resource/primefaces.css?ln=primefaces&v=4.0 HTTP/1.1" 304 -
192.144.113.249 - - [17/Jun/2023:15:01:43 -0500] "GET /sipse/faces/javax.faces.resource/layout/layout.css?ln=primefaces&v=4.0 HTTP/1.1" 304 -
192.144.113.249 - - [17/Jun/2023:15:01:43 -0500] "GET /sipse/faces/javax.faces.resource/jquery/jquery-plugins.js?ln=primefaces&v=4.0 HTTP/1.1" 304 -
192.144.113.249 - - [17/Jun/2023:15:01:43 -0500] "GET /sipse/faces/javax.faces.resource/layout/layout.js?ln=primefaces&v=4.0 HTTP/1.1" 304 -
192.144.113.249 - - [17/Jun/2023:15:01:43 -0500] "GET /sipse/faces/javax.faces.resource/jquery/jquery.js?ln=primefaces&v=4.0 HTTP/1.1" 304 -
192.144.113.249 - - [17/Jun/2023:15:01:43 -0500] "GET /sipse/faces/javax.faces.resource/primefaces.js?ln=primefaces&v=4.0 HTTP/1.1" 304 -
192.144.113.249 - - [17/Jun/2023:15:01:43 -0500] "GET /sipse/faces/javax.faces.resource/images/ui-icons_898989_256x240.png?ln=primefaces-aristo HTTP/1.1" 304 -
216.245.221.92 - - [17/Jun/2023:15:01:44 -0500] "HEAD / HTTP/1.1" 200 -
192.144.113.249 - - [17/Jun/2023:15:01:46 -0500] "POST /sipse/faces/autenticacion.xhtml HTTP/1.1" 200 11365
192.144.113.249 - - [17/Jun/2023:15:01:46 -0500] "GET /sipse/faces/javax.faces.resource/theme.css?ln=primefaces-sipse HTTP/1.1" 304 -
192.144.113.249 - - [17/Jun/2023:15:01:46 -0500] "GET /sipse/faces/javax.faces.resource/primefaces.css?ln=primefaces&v=4.0 HTTP/1.1" 304 -
192.144.113.249 - - [17/Jun/2023:15:01:46 -0500] "GET /sipse/faces/javax.faces.resource/layout/layout.css?ln=primefaces&v=4.0 HTTP/1.1" 304 -
192.144.113.249 - - [17/Jun/2023:15:01:46 -0500] "GET /sipse/faces/javax.faces.resource/jquery/jquery.js?ln=primefaces&v=4.0 HTTP/1.1" 304 -
192.144.113.249 - - [17/Jun/2023:15:01:46 -0500] "GET /sipse/faces/javax.faces.resource/jquery/jquery-plugins.js?ln=primefaces&v=4.0 HTTP/1.1" 304 -
192.144.113.249 - - [17/Jun/2023:15:01:46 -0500] "GET /sipse/faces/javax.faces.resource/primefaces.js?ln=primefaces&v=4.0 HTTP/1.1" 304 -
192.144.113.249 - - [17/Jun/2023:15:01:46 -0500] "GET /sipse/faces/javax.faces.resource/layout/layout.js?ln=primefaces&v=4.0 HTTP/1.1" 304 -
192.144.113.249 - - [17/Jun/2023:15:01:46 -0500] "GET /sipse/faces/javax.faces.resource/messages/messages.png?ln=primefaces&v=4.0 HTTP/1.1" 304 -
192.144.113.249 - - [17/Jun/2023:15:01:52 -0500] "POST /sipse/faces/presentacion/sistema/seguridad/seleccionRol.xhtml HTTP/1.1" 200 16373
192.144.113.249 - - [17/Jun/2023:15:01:52 -0500] "GET /sipse/faces/javax.faces.resource/theme.css?ln=primefaces-sipse HTTP/1.1" 304 -
192.144.113.249 - - [17/Jun/2023:15:01:52 -0500] "GET /sipse/faces/javax.faces.resource/layout/layout.css?ln=primefaces&v=4.0 HTTP/1.1" 304 -
192.144.113.249 - - [17/Jun/2023:15:01:52 -0500] "GET /sipse/faces/javax.faces.resource/primefaces.css?ln=primefaces&v=4.0 HTTP/1.1" 304 -
192.144.113.249 - - [17/Jun/2023:15:01:52 -0500] "GET /sipse/faces/javax.faces.resource/jquery/jquery.js?ln=primefaces&v=4.0 HTTP/1.1" 304 -
192.144.113.249 - - [17/Jun/2023:15:01:52 -0500] "GET /sipse/faces/javax.faces.resource/jquery/jquery-plugins.js?ln=primefaces&v=4.0 HTTP/1.1" 304 -
192.144.113.249 - - [17/Jun/2023:15:01:52 -0500] "GET /sipse/faces/javax.faces.resource/primefaces.js?ln=primefaces&v=4.0 HTTP/1.1" 304 -
192.144.113.249 - - [17/Jun/2023:15:01:52 -0500] "GET /sipse/faces/javax.faces.resource/layout/layout.js?ln=primefaces&v=4.0 HTTP/1.1" 304 -
192.144.113.249 - - [17/Jun/2023:15:01:52 -0500] "GET /sipse/css/imagen/contrasena.png HTTP/1.1" 404 383
200.118.64.109 - - [17/Jun/2023:15:01:54 -0500] "POST /forms/lservlet;jsessionid=ac16012b30d6cbab954bdbb14645bdafa39f4263d442.e3iSbxaKaheRe3mNc3qRchuOay1ynknvrkLOlQzNp65In0 HTTP/1.1" 200 2
192.144.113.249 - - [17/Jun/2023:15:01:55 -0500] "GET /sipse/faces/javax.faces.resource/images/ui-bg_flat_0_2d5972_40x100.png?ln=primefaces-aristo HTTP/1.1" 304 -
192.144.113.249 - - [17/Jun/2023:15:01:55 -0500] "POST /sipse/faces/bienvenido.xhtml HTTP/1.1" 200 1471
192.144.113.249 - - [17/Jun/2023:15:01:56 -0500] "POST /sipse/faces/bienvenido.xhtml HTTP/1.1" 200 62905
192.144.113.249 - - [17/Jun/2023:15:01:56 -0500] "GET /sipse/faces/javax.faces.resource/theme.css?ln=primefaces-sipse HTTP/1.1" 304 -
192.144.113.249 - - [17/Jun/2023:15:01:56 -0500] "GET /sipse/faces/javax.faces.resource/layout/layout.css?ln=primefaces&v=4.0 HTTP/1.1" 304 -
192.144.113.249 - - [17/Jun/2023:15:01:56 -0500] "GET /sipse/faces/javax.faces.resource/primefaces.css?ln=primefaces&v=4.0 HTTP/1.1" 304 -
192.144.113.249 - - [17/Jun/2023:15:01:56 -0500] "GET /sipse/faces/javax.faces.resource/jquery/jquery.js?ln=primefaces&v=4.0 HTTP/1.1" 304 -
192.144.113.249 - - [17/Jun/2023:15:01:56 -0500] "GET /sipse/faces/javax.faces.resource/jquery/jquery-plugins.js?ln=primefaces&v=4.0 HTTP/1.1" 304 -
192.144.113.249 - - [17/Jun/2023:15:01:56 -0500] "GET /sipse/faces/javax.faces.resource/primefaces.js?ln=primefaces&v=4.0 HTTP/1.1" 304 -
192.144.113.249 - - [17/Jun/2023:15:01:57 -0500] "GET /sipse/faces/javax.faces.resource/layout/layout.js?ln=primefaces&v=4.0 HTTP/1.1" 304 -
192.144.113.249 - - [17/Jun/2023:15:01:57 -0500] "POST /sipse/faces/presentacion/financiero/solicitudProceso/listarSolicitudProceso.xhtml HTTP/1.1" 200 1556
173.252.107.4 - - [17/Jun/2023:15:02:23 -0500] "GET /images/aire-bogota.jpeg HTTP/1.1" 200 169194
172.22.2.4 - - [17/Jun/2023:15:00:49 -0500] "HEAD /BLA/boletinlegal/ HTTP/1.1" 200 -
172.22.2.4 - - [17/Jun/2023:15:01:40 -0500] "GET /BLA/boletinlegal/ HTTP/1.1" 200 56452
200.118.64.109 - - [17/Jun/2023:15:03:55 -0500] "POST /forms/lservlet;jsessionid=ac16012b30d6cbab954bdbb14645bdafa39f4263d442.e3iSbxaKaheRe3mNc3qRchuOay1ynknvrkLOlQzNp65In0 HTTP/1.1" 200 2
52.167.144.38 - - [17/Jun/2023:15:04:11 -0500] "GET /BLA/resoluciones/AUTOS%202021/1870.pdf HTTP/1.1" 304 -
167.94.145.57 - - [17/Jun/2023:15:05:32 -0500] "GET / HTTP/1.1" 200 319
167.94.145.57 - - [17/Jun/2023:15:05:32 -0500] "GET / HTTP/1.1" 200 319
167.94.145.57 - - [17/Jun/2023:15:05:32 -0500] "PRI * HTTP/2.0" 400 946
167.94.145.57 - - [17/Jun/2023:15:05:33 -0500] "GET /favicon.ico HTTP/1.1" 200 7782
200.118.64.109 - - [17/Jun/2023:15:05:55 -0500] "POST /forms/lservlet;jsessionid=ac16012b30d6cbab954bdbb14645bdafa39f4263d442.e3iSbxaKaheRe3mNc3qRchuOay1ynknvrkLOlQzNp65In0 HTTP/1.1" 200 2
69.171.231.119 - - [17/Jun/2023:15:05:59 -0500] "GET /fima-2023-mas-de-700-personas-asistieron-al-stand-de-la-secretaria-de-ambiente.html HTTP/1.1" 200 857
69.63.189.10 - - [17/Jun/2023:15:06:02 -0500] "GET /fima-2023-mas-de-700-personas-asistieron-al-stand-de-la-secretaria-de-ambiente.html HTTP/1.1" 200 857
69.63.189.119 - - [17/Jun/2023:15:06:05 -0500] "GET /images/stand-secretaria-ambiente-fima.jpg HTTP/1.1" 200 42537
69.63.189.120 - - [17/Jun/2023:15:06:05 -0500] "GET /fima-2023-mas-de-700-personas-asistieron-al-stand-de-la-secretaria-de-ambiente.html HTTP/1.1" 206 857
69.63.189.2 - - [17/Jun/2023:15:06:09 -0500] "GET /fima-2023-mas-de-700-personas-asistieron-al-stand-de-la-secretaria-de-ambiente.html HTTP/1.1" 206 857
201.245.192.253 - - [17/Jun/2023:15:06:20 -0500] "POST /kwsrmcab/Wsrmcab  HTTP/1.1" 200 40957
216.245.221.92 - - [17/Jun/2023:15:06:44 -0500] "HEAD / HTTP/1.1" 200 -
200.118.64.109 - - [17/Jun/2023:15:07:55 -0500] "POST /forms/lservlet;jsessionid=ac16012b30d6cbab954bdbb14645bdafa39f4263d442.e3iSbxaKaheRe3mNc3qRchuOay1ynknvrkLOlQzNp65In0 HTTP/1.1" 200 2
172.22.2.4 - - [17/Jun/2023:15:06:39 -0500] "HEAD /BLA/boletinlegal/ HTTP/1.1" 200 -
172.22.2.4 - - [17/Jun/2023:15:07:30 -0500] "GET /BLA/boletinlegal/ HTTP/1.1" 200 53248
201.185.130.182 - - [17/Jun/2023:15:09:42 -0500] "GET /proyecto-avantia-con-la-union-europea-busca-especialista-en-cambio-climatico.html HTTP/1.1" 200 814
124.64.200.149 - - [17/Jun/2023:15:09:45 -0500] "GET /galeria/galeria/fotos/GuaymaralTorca4P.jpg HTTP/1.1" 200 33981
200.118.64.109 - - [17/Jun/2023:15:09:55 -0500] "POST /forms/lservlet;jsessionid=ac16012b30d6cbab954bdbb14645bdafa39f4263d442.e3iSbxaKaheRe3mNc3qRchuOay1ynknvrkLOlQzNp65In0 HTTP/1.1" 200 2
199.16.157.182 - - [17/Jun/2023:15:10:40 -0500] "GET /images/cronica-mujer-biodiveridad-30-noviembre.jpg HTTP/1.1" 200 63270
40.77.167.255 - - [17/Jun/2023:15:11:03 -0500] "GET /images/plantacion-humedal-burro-4-junio.jpg HTTP/1.1" 200 63607
201.245.192.253 - - [17/Jun/2023:15:11:19 -0500] "POST /kwsrmcab/Wsrmcab  HTTP/1.1" 200 40957
40.77.167.97 - - [17/Jun/2023:15:11:24 -0500] "GET /BLA/resoluciones/AUTOS%202021/2025.pdf HTTP/1.1" 304 -
173.252.111.119 - - [17/Jun/2023:15:11:40 -0500] "GET /images/aire-bogota.jpeg HTTP/1.1" 200 169194
216.245.221.92 - - [17/Jun/2023:15:11:44 -0500] "HEAD / HTTP/1.1" 200 -
200.118.64.109 - - [17/Jun/2023:15:11:55 -0500] "POST /forms/lservlet;jsessionid=ac16012b30d6cbab954bdbb14645bdafa39f4263d442.e3iSbxaKaheRe3mNc3qRchuOay1ynknvrkLOlQzNp65In0 HTTP/1.1" 200 2
200.118.64.109 - - [17/Jun/2023:15:13:55 -0500] "POST /forms/lservlet;jsessionid=ac16012b30d6cbab954bdbb14645bdafa39f4263d442.e3iSbxaKaheRe3mNc3qRchuOay1ynknvrkLOlQzNp65In0 HTTP/1.1" 200 2
172.22.2.4 - - [17/Jun/2023:15:12:29 -0500] "HEAD /BLA/boletinlegal/ HTTP/1.1" 200 -
192.144.113.249 - - [17/Jun/2023:15:14:35 -0500] "POST /sipse/faces/presentacion/financiero/solicitudProceso/listarSolicitudProceso.xhtml HTTP/1.1" 200 2257
192.144.113.249 - - [17/Jun/2023:15:14:36 -0500] "POST /sipse/faces/presentacion/financiero/solicitudProceso/listarSolicitudProceso.xhtml HTTP/1.1" 200 38951
192.144.113.249 - - [17/Jun/2023:15:14:37 -0500] "GET /sipse/faces/javax.faces.resource/theme.css?ln=primefaces-sipse HTTP/1.1" 304 -
192.144.113.249 - - [17/Jun/2023:15:14:37 -0500] "GET /sipse/faces/javax.faces.resource/primefaces.css?ln=primefaces&v=4.0 HTTP/1.1" 304 -
192.144.113.249 - - [17/Jun/2023:15:14:37 -0500] "GET /sipse/faces/javax.faces.resource/layout/layout.css?ln=primefaces&v=4.0 HTTP/1.1" 304 -
192.144.113.249 - - [17/Jun/2023:15:14:37 -0500] "GET /sipse/faces/javax.faces.resource/jquery/jquery.js?ln=primefaces&v=4.0 HTTP/1.1" 304 -
192.144.113.249 - - [17/Jun/2023:15:14:37 -0500] "GET /sipse/faces/javax.faces.resource/jquery/jquery-plugins.js?ln=primefaces&v=4.0 HTTP/1.1" 304 -
192.144.113.249 - - [17/Jun/2023:15:14:37 -0500] "GET /sipse/faces/javax.faces.resource/primefaces.js?ln=primefaces&v=4.0 HTTP/1.1" 304 -
192.144.113.249 - - [17/Jun/2023:15:14:38 -0500] "GET /sipse/faces/javax.faces.resource/layout/layout.js?ln=primefaces&v=4.0 HTTP/1.1" 304 -
192.144.113.249 - - [17/Jun/2023:15:14:38 -0500] "POST /sipse/faces/presentacion/financiero/solicitudProceso/consultar.xhtml HTTP/1.1" 200 32361
192.144.113.249 - - [17/Jun/2023:15:14:39 -0500] "POST /sipse/faces/presentacion/financiero/solicitudProceso/consultar.xhtml HTTP/1.1" 200 12974
192.144.113.249 - - [17/Jun/2023:15:14:45 -0500] "POST /sipse/faces/presentacion/financiero/solicitudProceso/consultar.xhtml HTTP/1.1" 200 163918
192.144.113.249 - - [17/Jun/2023:15:14:47 -0500] "GET /sipse/faces/javax.faces.resource/jquery/jquery.js?ln=primefaces&v=4.0 HTTP/1.1" 304 -
192.144.113.249 - - [17/Jun/2023:15:14:47 -0500] "GET /sipse/faces/javax.faces.resource/jquery/jquery-plugins.js?ln=primefaces&v=4.0 HTTP/1.1" 304 -
192.144.113.249 - - [17/Jun/2023:15:14:47 -0500] "GET /sipse/faces/javax.faces.resource/primefaces.js?ln=primefaces&v=4.0 HTTP/1.1" 304 -
192.144.113.249 - - [17/Jun/2023:15:14:47 -0500] "GET /sipse/faces/javax.faces.resource/layout/layout.js?ln=primefaces&v=4.0 HTTP/1.1" 304 -
192.144.113.249 - - [17/Jun/2023:15:14:48 -0500] "GET /sipse/faces/javax.faces.resource/theme.css?ln=primefaces-sipse HTTP/1.1" 304 -
192.144.113.249 - - [17/Jun/2023:15:14:48 -0500] "GET /sipse/faces/javax.faces.resource/primefaces.css?ln=primefaces&v=4.0 HTTP/1.1" 304 -
192.144.113.249 - - [17/Jun/2023:15:14:48 -0500] "GET /sipse/faces/javax.faces.resource/layout/layout.css?ln=primefaces&v=4.0 HTTP/1.1" 304 -
192.144.113.249 - - [17/Jun/2023:15:14:58 -0500] "POST /sipse/faces/presentacion/financiero/solicitudProceso/consultarSolicitudProceso.xhtml HTTP/1.1" 200 134114
172.22.2.4 - - [17/Jun/2023:15:13:20 -0500] "GET /BLA/boletinlegal/ HTTP/1.1" 200 57272
185.180.143.18 - - [17/Jun/2023:15:15:05 -0500] "GET /favicon.ico HTTP/1.1" 200 7782
173.252.79.119 - - [17/Jun/2023:15:15:48 -0500] "GET /images/caminatas-ecol\xc3\xb3gicas-marzo---1920x1080_optimized.jpg HTTP/1.1" 404 1034
200.118.64.109 - - [17/Jun/2023:15:15:55 -0500] "POST /forms/lservlet;jsessionid=ac16012b30d6cbab954bdbb14645bdafa39f4263d442.e3iSbxaKaheRe3mNc3qRchuOay1ynknvrkLOlQzNp65In0 HTTP/1.1" 200 2
201.245.192.253 - - [17/Jun/2023:15:16:18 -0500] "POST /kwsrmcab/Wsrmcab  HTTP/1.1" 200 40957
216.245.221.92 - - [17/Jun/2023:15:16:44 -0500] "HEAD / HTTP/1.1" 200 -
192.144.113.249 - - [17/Jun/2023:15:17:13 -0500] "POST /sipse/faces/presentacion/financiero/solicitudProceso/consultarSolicitudProceso.xhtml HTTP/1.1" 200 692601
200.118.64.109 - - [17/Jun/2023:15:17:55 -0500] "POST /forms/lservlet;jsessionid=ac16012b30d6cbab954bdbb14645bdafa39f4263d442.e3iSbxaKaheRe3mNc3qRchuOay1ynknvrkLOlQzNp65In0 HTTP/1.1" 200 2
173.252.111.9 - - [17/Jun/2023:15:19:50 -0500] "GET /images/aire-bogota.jpeg HTTP/1.1" 200 169194
173.252.111.9 - - [17/Jun/2023:15:19:51 -0500] "GET /images/stand-secretaria-ambiente-fima.jpg HTTP/1.1" 200 42537
200.118.64.109 - - [17/Jun/2023:15:19:55 -0500] "POST /forms/lservlet;jsessionid=ac16012b30d6cbab954bdbb14645bdafa39f4263d442.e3iSbxaKaheRe3mNc3qRchuOay1ynknvrkLOlQzNp65In0 HTTP/1.1" 200 2
172.22.2.4 - - [17/Jun/2023:15:18:19 -0500] "HEAD /BLA/boletinlegal/ HTTP/1.1" 200 -
173.252.111.7 - - [17/Jun/2023:15:20:01 -0500] "GET /images/manos-reparadoras-plaza-americas-1.jpg HTTP/1.1" 200 47593
173.252.111.8 - - [17/Jun/2023:15:20:01 -0500] "GET /images/liberacion-animales-silvestres.jpg HTTP/1.1" 200 57397
201.245.192.253 - - [17/Jun/2023:15:20:23 -0500] "POST /kwsrmcab/Wsrmcab HTTP/1.1" 200 42362
201.245.192.253 - - [17/Jun/2023:15:20:27 -0500] "POST /kwsrmcab/Wsrmcab HTTP/1.1" 200 35693
172.22.2.4 - - [17/Jun/2023:15:19:10 -0500] "GET /BLA/boletinlegal/ HTTP/1.1" 200 57272
201.245.192.253 - - [17/Jun/2023:15:21:17 -0500] "POST /kwsrmcab/Wsrmcab  HTTP/1.1" 200 40957
31.13.115.4 - - [17/Jun/2023:15:21:31 -0500] "GET /dia-mundial-del-medio-ambiente-distrito-liberara-animales-silvestres-plantara-arboles-y-desarrollara-actividades-pedagogicas.html HTTP/1.1" 200 856
66.220.149.11 - - [17/Jun/2023:15:21:33 -0500] "GET /images/liberacion-animales-silvestres.jpg HTTP/1.1" 200 57397
69.171.231.116 - - [17/Jun/2023:15:21:38 -0500] "GET /comienza-el-iii-congreso-de-derecho-animal-bogota-se-compromete-con-el-cuidado-y-bienestar-de-las-especies.html HTTP/1.1" 200 774
216.245.221.92 - - [17/Jun/2023:15:21:44 -0500] "HEAD / HTTP/1.1" 200 -
200.118.64.109 - - [17/Jun/2023:15:21:55 -0500] "POST /forms/lservlet;jsessionid=ac16012b30d6cbab954bdbb14645bdafa39f4263d442.e3iSbxaKaheRe3mNc3qRchuOay1ynknvrkLOlQzNp65In0 HTTP/1.1" 200 2
124.156.222.254 - - [17/Jun/2023:15:22:31 -0500] "GET / HTTP/1.1" 200 319
191.95.160.103 - - [17/Jun/2023:15:22:42 -0500] "GET /galeria/galeria/jquery.fancybox.css?v=2.1.5 HTTP/1.1" 200 4895
191.95.160.103 - - [17/Jun/2023:15:22:42 -0500] "GET /BLA/boletinlegal/js/jquery.scrollShow.js HTTP/1.1" 200 4586
191.95.160.103 - - [17/Jun/2023:15:22:42 -0500] "GET /galeria/galeria/jquery.fancybox.js?v=2.1.5 HTTP/1.1" 200 48706
173.252.79.6 - - [17/Jun/2023:15:23:26 -0500] "GET /images/aire-bogota.jpeg HTTP/1.1" 200 169194
173.252.95.5 - - [17/Jun/2023:15:23:26 -0500] "GET /images/stand-secretaria-ambiente-fima.jpg HTTP/1.1" 200 42537
192.144.113.249 - - [17/Jun/2023:15:23:42 -0500] "GET /sipse/faces/javax.faces.resource/primefaces.css?ln=primefaces&v=4.0 HTTP/1.1" 304 -
192.144.113.249 - - [17/Jun/2023:15:23:41 -0500] "POST /sipse/faces/presentacion/financiero/solicitudProceso/consultarSolicitudProceso.xhtml HTTP/1.1" 200 45646
192.144.113.249 - - [17/Jun/2023:15:23:42 -0500] "GET /sipse/faces/javax.faces.resource/layout/layout.css?ln=primefaces&v=4.0 HTTP/1.1" 304 -
192.144.113.249 - - [17/Jun/2023:15:23:42 -0500] "GET /sipse/faces/javax.faces.resource/jquery/jquery.js?ln=primefaces&v=4.0 HTTP/1.1" 304 -
192.144.113.249 - - [17/Jun/2023:15:23:42 -0500] "GET /sipse/faces/javax.faces.resource/theme.css?ln=primefaces-sipse HTTP/1.1" 304 -
192.144.113.249 - - [17/Jun/2023:15:23:42 -0500] "GET /sipse/faces/javax.faces.resource/jquery/jquery-plugins.js?ln=primefaces&v=4.0 HTTP/1.1" 304 -
192.144.113.249 - - [17/Jun/2023:15:23:42 -0500] "GET /sipse/faces/javax.faces.resource/primefaces.js?ln=primefaces&v=4.0 HTTP/1.1" 304 -
192.144.113.249 - - [17/Jun/2023:15:23:42 -0500] "GET /sipse/faces/javax.faces.resource/layout/layout.js?ln=primefaces&v=4.0 HTTP/1.1" 304 -
192.144.113.249 - - [17/Jun/2023:15:23:42 -0500] "GET /sipse/css/imagen/contrasena.png HTTP/1.1" 404 383
192.144.113.249 - - [17/Jun/2023:15:23:42 -0500] "GET /sipse/faces/javax.faces.resource/images/ui-icons_898989_256x240.png?ln=primefaces-aristo HTTP/1.1" 304 -
40.77.167.80 - - [17/Jun/2023:15:23:48 -0500] "GET /images/servicios-ambientales_optimized.jpeg HTTP/1.1" 200 195222
192.144.113.249 - - [17/Jun/2023:15:23:49 -0500] "GET /sipse/faces/javax.faces.resource/images/ui-bg_flat_0_2d5972_40x100.png?ln=primefaces-aristo HTTP/1.1" 304 -
192.144.113.249 - - [17/Jun/2023:15:23:49 -0500] "POST /sipse/faces/presentacion/financiero/solicitudProceso/consultar.xhtml HTTP/1.1" 200 12824
192.144.113.249 - - [17/Jun/2023:15:23:05 -0500] "POST /sipse/faces/presentacion/financiero/solicitudProceso/consultarSolicitudProceso.xhtml HTTP/1.1" 200 67983
192.144.113.249 - - [17/Jun/2023:15:23:54 -0500] "POST /sipse/faces/presentacion/financiero/solicitudProceso/consultar.xhtml HTTP/1.1" 200 156553
200.118.64.109 - - [17/Jun/2023:15:23:55 -0500] "POST /forms/lservlet;jsessionid=ac16012b30d6cbab954bdbb14645bdafa39f4263d442.e3iSbxaKaheRe3mNc3qRchuOay1ynknvrkLOlQzNp65In0 HTTP/1.1" 200 2
192.144.113.249 - - [17/Jun/2023:15:23:56 -0500] "GET /sipse/faces/javax.faces.resource/theme.css?ln=primefaces-sipse HTTP/1.1" 304 -
192.144.113.249 - - [17/Jun/2023:15:23:56 -0500] "GET /sipse/faces/javax.faces.resource/primefaces.css?ln=primefaces&v=4.0 HTTP/1.1" 304 -
192.144.113.249 - - [17/Jun/2023:15:23:56 -0500] "GET /sipse/faces/javax.faces.resource/layout/layout.css?ln=primefaces&v=4.0 HTTP/1.1" 304 -
192.144.113.249 - - [17/Jun/2023:15:23:56 -0500] "GET /sipse/faces/javax.faces.resource/jquery/jquery.js?ln=primefaces&v=4.0 HTTP/1.1" 304 -
192.144.113.249 - - [17/Jun/2023:15:23:56 -0500] "GET /sipse/faces/javax.faces.resource/jquery/jquery-plugins.js?ln=primefaces&v=4.0 HTTP/1.1" 304 -
192.144.113.249 - - [17/Jun/2023:15:23:56 -0500] "GET /sipse/faces/javax.faces.resource/primefaces.js?ln=primefaces&v=4.0 HTTP/1.1" 304 -
192.144.113.249 - - [17/Jun/2023:15:23:56 -0500] "GET /sipse/faces/javax.faces.resource/layout/layout.js?ln=primefaces&v=4.0 HTTP/1.1" 304 -
192.144.113.249 - - [17/Jun/2023:15:24:04 -0500] "POST /sipse/faces/presentacion/financiero/solicitudProceso/consultarSolicitudProceso.xhtml HTTP/1.1" 200 508815
172.22.2.4 - - [17/Jun/2023:15:24:09 -0500] "HEAD /BLA/boletinlegal/ HTTP/1.1" 200 -
200.118.64.109 - - [17/Jun/2023:15:25:56 -0500] "POST /forms/lservlet;jsessionid=ac16012b30d6cbab954bdbb14645bdafa39f4263d442.e3iSbxaKaheRe3mNc3qRchuOay1ynknvrkLOlQzNp65In0 HTTP/1.1" 200 2
201.245.192.253 - - [17/Jun/2023:15:26:16 -0500] "POST /kwsrmcab/Wsrmcab  HTTP/1.1" 200 40957
51.79.77.165 - - [17/Jun/2023:15:26:23 -0500] "GET /fima-2023-mas-de-700-personas-asistieron-al-stand-de-la-secretaria-de-ambiente.html HTTP/1.1" 200 857
173.252.83.12 - - [17/Jun/2023:15:26:29 -0500] "GET /comienza-el-iii-congreso-de-derecho-animal-bogota-se-compromete-con-el-cuidado-y-bienestar-de-las-especies.html HTTP/1.1" 200 774
172.22.2.4 - - [17/Jun/2023:15:25:00 -0500] "GET /BLA/boletinlegal/ HTTP/1.1" 200 52495
216.245.221.92 - - [17/Jun/2023:15:26:44 -0500] "HEAD / HTTP/1.1" 200 -
200.118.64.109 - - [17/Jun/2023:15:27:56 -0500] "POST /forms/lservlet;jsessionid=ac16012b30d6cbab954bdbb14645bdafa39f4263d442.e3iSbxaKaheRe3mNc3qRchuOay1ynknvrkLOlQzNp65In0 HTTP/1.1" 200 2
31.13.127.2 - - [17/Jun/2023:15:28:04 -0500] "GET /images/stand-secretaria-ambiente-fima.jpg HTTP/1.1" 200 42537
172.22.2.4 - - [17/Jun/2023:15:28:31 -0500] "GET /BLA/boletinlegal/style.css HTTP/1.1" 200 9406
172.22.2.4 - - [17/Jun/2023:15:28:31 -0500] "GET /BLA/boletinlegal/styles2.css HTTP/1.1" 200 1838
172.22.2.4 - - [17/Jun/2023:15:28:31 -0500] "GET /BLA/boletinlegal/js/jquery.js HTTP/1.1" 200 57254
172.22.2.4 - - [17/Jun/2023:15:28:31 -0500] "GET /BLA/boletinlegal/js/jquery.scrollTo-min.js HTTP/1.1" 200 1150
172.22.2.4 - - [17/Jun/2023:15:28:31 -0500] "GET /BLA/boletinlegal/js/jquery.scrollShow.js HTTP/1.1" 200 4586
172.22.2.4 - - [17/Jun/2023:15:28:31 -0500] "GET /BLA/boletinlegal/images/cabezote%20BLEGAL.jpg HTTP/1.1" 200 118164
172.22.2.4 - - [17/Jun/2023:15:28:31 -0500] "GET /BLA/boletinlegal/images/subscribe-icon-big.png HTTP/1.1" 200 47702
172.22.2.4 - - [17/Jun/2023:15:28:31 -0500] "GET /BLA/boletinlegal/images/historia.png HTTP/1.1" 200 52775
172.22.2.4 - - [17/Jun/2023:15:28:31 -0500] "GET /BLA/boletinlegal/images/registro-usuarios.png HTTP/1.1" 200 8106
172.22.2.4 - - [17/Jun/2023:15:28:31 -0500] "GET /BLA/boletinlegal/images/arr_l.jpg HTTP/1.1" 200 1979
172.22.2.4 - - [17/Jun/2023:15:28:31 -0500] "GET /BLA/boletinlegal/images/screen_1.png HTTP/1.1" 200 202547
172.22.2.4 - - [17/Jun/2023:15:28:31 -0500] "GET /BLA/boletinlegal/images/launch.jpg HTTP/1.1" 200 14577
172.22.2.4 - - [17/Jun/2023:15:28:31 -0500] "GET /BLA/boletinlegal/images/body_bg.jpg HTTP/1.1" 200 1601
172.22.2.4 - - [17/Jun/2023:15:28:31 -0500] "GET /BLA/boletinlegal/images/menu_lft.gif HTTP/1.1" 200 1713
172.22.2.4 - - [17/Jun/2023:15:28:31 -0500] "GET /BLA/boletinlegal/images/bg_top.jpg HTTP/1.1" 200 522
172.22.2.4 - - [17/Jun/2023:15:28:31 -0500] "GET /BLA/boletinlegal/images/hover.jpg HTTP/1.1" 200 640
172.22.2.4 - - [17/Jun/2023:15:28:31 -0500] "GET /BLA/boletinlegal/images/text.jpg HTTP/1.1" 200 568
172.22.2.4 - - [17/Jun/2023:15:28:31 -0500] "GET /BLA/boletinlegal/images/menu_bg.jpg HTTP/1.1" 200 620
172.22.2.4 - - [17/Jun/2023:15:28:32 -0500] "GET /BLA/boletinlegal/images/menu_rght.gif HTTP/1.1" 200 1627
172.22.2.4 - - [17/Jun/2023:15:28:33 -0500] "GET /BLA/boletinlegal/actos.php HTTP/1.1" 200 9682
172.22.2.4 - - [17/Jun/2023:15:28:33 -0500] "GET /BLA/boletinlegal/js/ajax_actos.js HTTP/1.1" 200 1322
172.22.2.4 - - [17/Jun/2023:15:28:33 -0500] "GET /BLA/boletinlegal/niceforms.js HTTP/1.1" 200 22876
172.22.2.4 - - [17/Jun/2023:15:28:33 -0500] "GET /BLA/boletinlegal/niceforms-default.css HTTP/1.1" 200 6694
172.22.2.4 - - [17/Jun/2023:15:28:33 -0500] "GET /BLA/boletinlegal/js/lib.js HTTP/1.1" 200 6474
172.22.2.4 - - [17/Jun/2023:15:28:33 -0500] "GET /BLA/boletinlegal/js/popup.js HTTP/1.1" 200 1270
172.22.2.4 - - [17/Jun/2023:15:28:33 -0500] "GET /BLA/boletinlegal/js/jquery1.js HTTP/1.1" 200 29846
172.22.2.4 - - [17/Jun/2023:15:28:33 -0500] "GET /BLA/boletinlegal/images/green-yellow-blue-pink-th.png HTTP/1.1" 200 7394
172.22.2.4 - - [17/Jun/2023:15:28:33 -0500] "GET /BLA/boletinlegal/images/tel.png HTTP/1.1" 200 14477
172.22.2.4 - - [17/Jun/2023:15:28:33 -0500] "GET /BLA/boletinlegal/images/icono-email.png HTTP/1.1" 200 5544
172.22.2.4 - - [17/Jun/2023:15:28:33 -0500] "GET /BLA/boletinlegal/images/footer_bg.jpg HTTP/1.1" 200 586
172.22.2.4 - - [17/Jun/2023:15:28:34 -0500] "GET /BLA/boletinlegal/images/footer_bg_l.jpg HTTP/1.1" 200 776
172.22.2.4 - - [17/Jun/2023:15:28:34 -0500] "GET /BLA/boletinlegal/img/0.png HTTP/1.1" 200 110
172.22.2.4 - - [17/Jun/2023:15:28:34 -0500] "GET /BLA/boletinlegal/img/select-left.png HTTP/1.1" 200 263
172.22.2.4 - - [17/Jun/2023:15:28:34 -0500] "GET /BLA/boletinlegal/img/button-left.png HTTP/1.1" 200 57071
172.22.2.4 - - [17/Jun/2023:15:28:34 -0500] "GET /BLA/boletinlegal/img/select-right.png HTTP/1.1" 200 44019
172.22.2.4 - - [17/Jun/2023:15:28:34 -0500] "GET /BLA/boletinlegal/img/button.png HTTP/1.1" 200 43241
172.22.2.4 - - [17/Jun/2023:15:28:34 -0500] "GET /BLA/boletinlegal/img/button-right.png HTTP/1.1" 200 57878
172.22.2.4 - - [17/Jun/2023:15:28:34 -0500] "GET /BLA/boletinlegal/favicon.ico HTTP/1.1" 404 1326
186.170.84.61 - - [17/Jun/2023:15:28:44 -0500] "GET /BLA/resoluciones/ HTTP/1.1" 200 13502
186.170.84.61 - - [17/Jun/2023:15:28:44 -0500] "GET /favicon.ico HTTP/1.1" 200 7782
186.170.84.61 - - [17/Jun/2023:15:28:50 -0500] "GET /BLA/resoluciones/index.php?dir=AUTOS+2016%2F HTTP/1.1" 200 330644
186.170.84.61 - - [17/Jun/2023:15:28:57 -0500] "GET /BLA/resoluciones/AUTOS%202016/1319.pdf HTTP/1.1" 200 566506
172.22.2.4 - - [17/Jun/2023:15:28:31 -0500] "GET /BLA/boletinlegal/ HTTP/1.1" 200 24523
186.170.84.61 - - [17/Jun/2023:15:29:18 -0500] "GET /BLA/resoluciones/index.php?dir=AUTOS+2017%2F HTTP/1.1" 200 469951
186.170.84.61 - - [17/Jun/2023:15:29:23 -0500] "GET /BLA/resoluciones/AUTOS%202017/2674.pdf HTTP/1.1" 200 1645756
192.144.113.249 - - [17/Jun/2023:15:29:33 -0500] "POST /sipse/faces/presentacion/financiero/solicitudProceso/consultarSolicitudProceso.xhtml HTTP/1.1" 200 45496
192.144.113.249 - - [17/Jun/2023:15:29:35 -0500] "GET /sipse/faces/javax.faces.resource/theme.css?ln=primefaces-sipse HTTP/1.1" 304 -
192.144.113.249 - - [17/Jun/2023:15:29:35 -0500] "GET /sipse/faces/javax.faces.resource/primefaces.css?ln=primefaces&v=4.0 HTTP/1.1" 304 -
192.144.113.249 - - [17/Jun/2023:15:29:35 -0500] "GET /sipse/faces/javax.faces.resource/layout/layout.css?ln=primefaces&v=4.0 HTTP/1.1" 304 -
192.144.113.249 - - [17/Jun/2023:15:29:35 -0500] "GET /sipse/faces/javax.faces.resource/jquery/jquery.js?ln=primefaces&v=4.0 HTTP/1.1" 304 -
64.124.8.29 - - [17/Jun/2023:15:29:35 -0500] "GET /portaldeninos/wp-content/uploads/2021/06/titulo-humedales-ni%C3%B1os.png HTTP/1.1" 304 -
192.144.113.249 - - [17/Jun/2023:15:29:35 -0500] "GET /sipse/faces/javax.faces.resource/jquery/jquery-plugins.js?ln=primefaces&v=4.0 HTTP/1.1" 304 -
192.144.113.249 - - [17/Jun/2023:15:29:35 -0500] "GET /sipse/faces/javax.faces.resource/layout/layout.js?ln=primefaces&v=4.0 HTTP/1.1" 304 -
192.144.113.249 - - [17/Jun/2023:15:29:35 -0500] "GET /sipse/faces/javax.faces.resource/primefaces.js?ln=primefaces&v=4.0 HTTP/1.1" 304 -
192.144.113.249 - - [17/Jun/2023:15:29:35 -0500] "GET /sipse/css/imagen/contrasena.png HTTP/1.1" 404 383
192.144.113.249 - - [17/Jun/2023:15:29:35 -0500] "GET /sipse/faces/javax.faces.resource/images/ui-icons_898989_256x240.png?ln=primefaces-aristo HTTP/1.1" 304 -
64.124.8.29 - - [17/Jun/2023:15:29:36 -0500] "GET /portaldeninos/wp-content/uploads/2021/11/monitoreo-animales-fauna-11-julio-1200x480.jpg HTTP/1.1" 200 93966
173.252.95.120 - - [17/Jun/2023:15:29:44 -0500] "GET /images/caminatas-ecol\xc3\xb3gicas-marzo---1920x1080_optimized.jpg HTTP/1.1" 404 1034
192.144.113.249 - - [17/Jun/2023:15:29:50 -0500] "GET /sipse/faces/javax.faces.resource/images/ui-bg_flat_0_2d5972_40x100.png?ln=primefaces-aristo HTTP/1.1" 304 -
192.144.113.249 - - [17/Jun/2023:15:29:50 -0500] "POST /sipse/faces/presentacion/financiero/solicitudProceso/consultar.xhtml HTTP/1.1" 200 12997
64.124.8.29 - - [17/Jun/2023:15:29:52 -0500] "GET /portaldeninos/wp-content/uploads/2018/11/caneca.jpg HTTP/1.1" 200 262661
200.118.64.109 - - [17/Jun/2023:15:29:56 -0500] "POST /forms/lservlet;jsessionid=ac16012b30d6cbab954bdbb14645bdafa39f4263d442.e3iSbxaKaheRe3mNc3qRchuOay1ynknvrkLOlQzNp65In0 HTTP/1.1" 200 2
192.144.113.249 - - [17/Jun/2023:15:30:03 -0500] "POST /sipse/faces/presentacion/financiero/solicitudProceso/consultar.xhtml HTTP/1.1" 200 161817
192.144.113.249 - - [17/Jun/2023:15:30:09 -0500] "GET /sipse/faces/javax.faces.resource/theme.css?ln=primefaces-sipse HTTP/1.1" 304 -
192.144.113.249 - - [17/Jun/2023:15:30:09 -0500] "GET /sipse/faces/javax.faces.resource/jquery/jquery.js?ln=primefaces&v=4.0 HTTP/1.1" 304 -
192.144.113.249 - - [17/Jun/2023:15:30:09 -0500] "GET /sipse/faces/javax.faces.resource/primefaces.css?ln=primefaces&v=4.0 HTTP/1.1" 304 -
192.144.113.249 - - [17/Jun/2023:15:30:09 -0500] "GET /sipse/faces/javax.faces.resource/layout/layout.css?ln=primefaces&v=4.0 HTTP/1.1" 304 -
192.144.113.249 - - [17/Jun/2023:15:30:09 -0500] "GET /sipse/faces/javax.faces.resource/jquery/jquery-plugins.js?ln=primefaces&v=4.0 HTTP/1.1" 304 -
192.144.113.249 - - [17/Jun/2023:15:30:09 -0500] "GET /sipse/faces/javax.faces.resource/primefaces.js?ln=primefaces&v=4.0 HTTP/1.1" 304 -
192.144.113.249 - - [17/Jun/2023:15:30:10 -0500] "GET /sipse/faces/javax.faces.resource/layout/layout.js?ln=primefaces&v=4.0 HTTP/1.1" 304 -
201.245.192.253 - - [17/Jun/2023:15:30:23 -0500] "POST /kwsrmcab/Wsrmcab HTTP/1.1" 200 42362
201.245.192.253 - - [17/Jun/2023:15:30:27 -0500] "POST /kwsrmcab/Wsrmcab HTTP/1.1" 200 35693
192.144.113.249 - - [17/Jun/2023:15:30:37 -0500] "POST /sipse/faces/presentacion/financiero/solicitudProceso/consultarSolicitudProceso.xhtml HTTP/1.1" 200 225446
192.144.113.249 - - [17/Jun/2023:15:30:33 -0500] "POST /sipse/faces/presentacion/financiero/solicitudProceso/consultarSolicitudProceso.xhtml HTTP/1.1" 200 152227
201.245.192.253 - - [17/Jun/2023:15:31:15 -0500] "POST /kwsrmcab/Wsrmcab  HTTP/1.1" 200 40957
172.22.2.4 - - [17/Jun/2023:15:29:59 -0500] "HEAD /BLA/boletinlegal/ HTTP/1.1" 200 -
216.245.221.92 - - [17/Jun/2023:15:31:44 -0500] "HEAD / HTTP/1.1" 200 -
200.118.64.109 - - [17/Jun/2023:15:31:56 -0500] "POST /forms/lservlet;jsessionid=ac16012b30d6cbab954bdbb14645bdafa39f4263d442.e3iSbxaKaheRe3mNc3qRchuOay1ynknvrkLOlQzNp65In0 HTTP/1.1" 200 2
172.22.2.4 - - [17/Jun/2023:15:30:50 -0500] "GET /BLA/boletinlegal/ HTTP/1.1" 200 59192
178.128.152.119 - - [17/Jun/2023:15:33:03 -0500] "GET / HTTP/1.0" 200 319
200.118.64.109 - - [17/Jun/2023:15:33:56 -0500] "POST /forms/lservlet;jsessionid=ac16012b30d6cbab954bdbb14645bdafa39f4263d442.e3iSbxaKaheRe3mNc3qRchuOay1ynknvrkLOlQzNp65In0 HTTP/1.1" 200 2
31.13.127.13 - - [17/Jun/2023:15:34:18 -0500] "GET /images/aire-bogota.jpeg HTTP/1.1" 200 169194
172.22.2.4 - - [17/Jun/2023:15:33:31 -0500] "GET /BLA/boletinlegal/ HTTP/1.1" 200 61779
200.118.64.109 - - [17/Jun/2023:15:35:56 -0500] "POST /forms/lservlet;jsessionid=ac16012b30d6cbab954bdbb14645bdafa39f4263d442.e3iSbxaKaheRe3mNc3qRchuOay1ynknvrkLOlQzNp65In0 HTTP/1.1" 200 2
173.252.107.7 - - [17/Jun/2023:15:36:00 -0500] "GET /images/aire-bogota.jpeg HTTP/1.1" 200 169194
201.245.192.253 - - [17/Jun/2023:15:36:14 -0500] "POST /kwsrmcab/Wsrmcab  HTTP/1.1" 200 40957
216.245.221.92 - - [17/Jun/2023:15:36:44 -0500] "HEAD / HTTP/1.1" 200 -
172.22.2.4 - - [17/Jun/2023:15:37:27 -0500] "GET /BLA/boletinlegal/Circulares/2019/.pdf HTTP/1.1" 404 1218
172.22.2.4 - - [17/Jun/2023:15:35:49 -0500] "HEAD /BLA/boletinlegal/ HTTP/1.1" 200 -
172.22.2.4 - - [17/Jun/2023:15:37:35 -0500] "GET /BLA/boletinlegal/Circulares/2012/Circular%20No.%2010%20del%2026%20de%20Enero%20de%202012.pdf HTTP/1.1" 404 1218
200.118.64.109 - - [17/Jun/2023:15:37:56 -0500] "POST /forms/lservlet;jsessionid=ac16012b30d6cbab954bdbb14645bdafa39f4263d442.e3iSbxaKaheRe3mNc3qRchuOay1ynknvrkLOlQzNp65In0 HTTP/1.1" 200 2
186.170.217.208 - - [17/Jun/2023:15:38:10 -0500] "GET /serpiente-sabanera-pone-huevos-en-area-protegida-de-bogota.html HTTP/1.1" 200 670
172.22.2.4 - - [17/Jun/2023:15:36:40 -0500] "GET /BLA/boletinlegal/ HTTP/1.1" 200 57272
66.249.66.15 - - [17/Jun/2023:15:38:28 -0500] "-" 408 -
186.102.33.192 - - [17/Jun/2023:15:38:40 -0500] "GET /serpiente-sabanera-pone-huevos-en-area-protegida-de-bogota.html HTTP/1.1" 200 670
186.155.12.255 - - [17/Jun/2023:15:38:41 -0500] "GET /BLA/resoluciones/ HTTP/1.1" 200 13502
186.102.33.192 - - [17/Jun/2023:15:38:52 -0500] "GET /serpiente-sabanera-pone-huevos-en-area-protegida-de-bogota.html HTTP/1.1" 200 670
186.102.33.192 - - [17/Jun/2023:15:38:52 -0500] "GET /apple-touch-icon-120x120-precomposed.png HTTP/1.1" 404 1136
186.102.33.192 - - [17/Jun/2023:15:38:52 -0500] "GET /apple-touch-icon-120x120.png HTTP/1.1" 404 1136
186.102.33.192 - - [17/Jun/2023:15:38:52 -0500] "GET /apple-touch-icon-precomposed.png HTTP/1.1" 404 1136
186.102.33.192 - - [17/Jun/2023:15:38:52 -0500] "GET /apple-touch-icon.png HTTP/1.1" 404 1136
186.102.33.192 - - [17/Jun/2023:15:38:52 -0500] "GET /favicon.ico HTTP/1.1" 404 1136
186.102.33.192 - - [17/Jun/2023:15:38:52 -0500] "GET /apple-touch-icon-120x120-precomposed.png HTTP/1.1" 404 1136
186.102.33.192 - - [17/Jun/2023:15:38:52 -0500] "GET /apple-touch-icon-120x120.png HTTP/1.1" 404 1136
186.102.33.192 - - [17/Jun/2023:15:38:52 -0500] "GET /apple-touch-icon-precomposed.png HTTP/1.1" 404 1136
186.102.33.192 - - [17/Jun/2023:15:38:52 -0500] "GET /apple-touch-icon.png HTTP/1.1" 404 1136
186.102.33.192 - - [17/Jun/2023:15:38:52 -0500] "GET /favicon.ico HTTP/1.1" 404 1136
186.155.12.255 - - [17/Jun/2023:15:38:54 -0500] "GET /BLA/resoluciones/index.php?dir=AUTOS+2015%2F HTTP/1.1" 200 582701
173.252.95.12 - - [17/Jun/2023:15:39:33 -0500] "GET /animales-recuperados-en-san-cristobal-y-ciudad-bolivar-son-atendidos-en-el-centro-de-flora-de-la-secretaria-de-ambiente.html HTTP/1.1" 200 1056
173.252.95.10 - - [17/Jun/2023:15:39:33 -0500] "GET /30-tinguas-azules-volvieron-a-alzar-vuelo-en-el-humedal-jaboque-en-engativa.html HTTP/1.1" 200 1102
200.118.64.109 - - [17/Jun/2023:15:39:56 -0500] "POST /forms/lservlet;jsessionid=ac16012b30d6cbab954bdbb14645bdafa39f4263d442.e3iSbxaKaheRe3mNc3qRchuOay1ynknvrkLOlQzNp65In0 HTTP/1.1" 200 2
201.245.192.253 - - [17/Jun/2023:15:40:23 -0500] "POST /kwsrmcab/Wsrmcab HTTP/1.1" 200 42362
201.245.192.253 - - [17/Jun/2023:15:40:27 -0500] "POST /kwsrmcab/Wsrmcab HTTP/1.1" 200 35693
191.156.145.99 - - [17/Jun/2023:15:40:32 -0500] "GET /catalogoisis/ HTTP/1.1" 200 8575
191.156.145.150 - - [17/Jun/2023:15:40:33 -0500] "GET /catalogoisis/Js/AceptarLimpiar.js HTTP/1.1" 200 331
191.156.150.177 - - [17/Jun/2023:15:40:33 -0500] "GET /catalogoisis/Js/CriterioCombinada.js HTTP/1.1" 200 1843
191.156.145.150 - - [17/Jun/2023:15:40:33 -0500] "GET /catalogoisis/Js/Remote.js HTTP/1.1" 200 436
191.156.144.46 - - [17/Jun/2023:15:40:33 -0500] "GET /catalogoisis/Js/Cookies.js HTTP/1.1" 200 1369
191.156.144.46 - - [17/Jun/2023:15:40:33 -0500] "GET /catalogoisis/Css/Busqueda.css HTTP/1.1" 200 1995
191.156.145.99 - - [17/Jun/2023:15:40:33 -0500] "GET /catalogoisis/Js/LimpiarCombinada.js HTTP/1.1" 200 207
191.156.150.177 - - [17/Jun/2023:15:40:33 -0500] "GET /catalogoisis/Js/Go.js HTTP/1.1" 200 364
191.156.145.150 - - [17/Jun/2023:15:40:33 -0500] "GET /catalogoisis/Js/Numero.js HTTP/1.1" 200 398
191.156.144.46 - - [17/Jun/2023:15:40:33 -0500] "GET /catalogoisis/Js/Enter.js HTTP/1.1" 200 1208
191.156.145.99 - - [17/Jun/2023:15:40:33 -0500] "GET /catalogoisis/imagenes/br1c3.gif HTTP/1.1" 200 302
191.156.150.177 - - [17/Jun/2023:15:40:33 -0500] "GET /catalogoisis/imagenes/Turnbo1.gif HTTP/1.1" 200 227
191.156.144.46 - - [17/Jun/2023:15:40:33 -0500] "GET /catalogoisis/imagenes/aceptar1.gif HTTP/1.1" 200 604
191.156.146.182 - - [17/Jun/2023:15:40:33 -0500] "GET /catalogoisis/imagenes/limpiar1.gif HTTP/1.1" 200 606
191.156.144.46 - - [17/Jun/2023:15:40:34 -0500] "GET /catalogoisis/imagenes/br2c1.gif HTTP/1.1" 200 297
191.156.146.182 - - [17/Jun/2023:15:40:34 -0500] "GET /catalogoisis/imagenes/br1c2.gif HTTP/1.1" 200 297
191.156.145.150 - - [17/Jun/2023:15:40:33 -0500] "GET /catalogoisis/imagenes/Header.gif HTTP/1.1" 200 30313
191.156.144.46 - - [17/Jun/2023:15:40:34 -0500] "GET /catalogoisis/imagenes/br3c1.gif HTTP/1.1" 200 177
191.156.146.182 - - [17/Jun/2023:15:40:34 -0500] "GET /catalogoisis/imagenes/br3c2.gif HTTP/1.1" 200 285
191.156.145.150 - - [17/Jun/2023:15:40:34 -0500] "GET /catalogoisis/imagenes/br3c3.gif HTTP/1.1" 200 186
191.156.150.177 - - [17/Jun/2023:15:40:34 -0500] "GET /catalogoisis/imagenes/br2c3.gif HTTP/1.1" 200 416
191.156.144.46 - - [17/Jun/2023:15:40:33 -0500] "GET /catalogoisis/imagenes/br1c1.gif HTTP/1.1" 200 172
191.156.145.99 - - [17/Jun/2023:15:40:33 -0500] "GET /catalogoisis/imagenes/br2c2.gif HTTP/1.1" 200 302
191.156.145.99 - - [17/Jun/2023:15:40:34 -0500] "GET /favicon.ico HTTP/1.1" 200 7782
201.245.192.253 - - [17/Jun/2023:15:41:13 -0500] "POST /kwsrmcab/Wsrmcab  HTTP/1.1" 200 40957
216.245.221.92 - - [17/Jun/2023:15:41:44 -0500] "HEAD / HTTP/1.1" 200 -
69.171.251.4 - - [17/Jun/2023:15:41:52 -0500] "GET /images/stand-secretaria-ambiente-fima.jpg HTTP/1.1" 200 42537
200.118.64.109 - - [17/Jun/2023:15:41:57 -0500] "POST /forms/lservlet;jsessionid=ac16012b30d6cbab954bdbb14645bdafa39f4263d442.e3iSbxaKaheRe3mNc3qRchuOay1ynknvrkLOlQzNp65In0 HTTP/1.1" 200 2
40.77.167.139 - - [17/Jun/2023:15:42:34 -0500] "GET /dos-guacamayas-fueron-entregadas-en-bogota.html HTTP/1.1" 304 -
172.22.2.4 - - [17/Jun/2023:15:41:39 -0500] "HEAD /BLA/boletinlegal/ HTTP/1.1" 200 -
200.118.64.109 - - [17/Jun/2023:15:43:57 -0500] "POST /forms/lservlet;jsessionid=ac16012b30d6cbab954bdbb14645bdafa39f4263d442.e3iSbxaKaheRe3mNc3qRchuOay1ynknvrkLOlQzNp65In0 HTTP/1.1" 200 2
172.22.2.4 - - [17/Jun/2023:15:42:30 -0500] "GET /BLA/boletinlegal/ HTTP/1.1" 200 57272
200.118.64.109 - - [17/Jun/2023:15:45:57 -0500] "POST /forms/lservlet;jsessionid=ac16012b30d6cbab954bdbb14645bdafa39f4263d442.e3iSbxaKaheRe3mNc3qRchuOay1ynknvrkLOlQzNp65In0 HTTP/1.1" 200 2
201.245.192.253 - - [17/Jun/2023:15:46:12 -0500] "POST /kwsrmcab/Wsrmcab  HTTP/1.1" 200 40957
186.113.72.118 - - [17/Jun/2023:15:46:16 -0500] "GET /BLA/resoluciones/index.php?dir=RESOLUCIONES+2008%2F HTTP/1.1" 200 976272
186.113.72.118 - - [17/Jun/2023:15:46:22 -0500] "GET /BLA/resoluciones/RESOLUCIONES%202008/5012.pdf HTTP/1.1" 200 284689
192.144.113.249 - - [17/Jun/2023:15:46:30 -0500] "POST /sipse/faces/presentacion/financiero/solicitudProceso/consultarSolicitudProceso.xhtml HTTP/1.1" 200 225446
216.245.221.92 - - [17/Jun/2023:15:46:44 -0500] "HEAD / HTTP/1.1" 200 -
200.118.64.109 - - [17/Jun/2023:15:47:57 -0500] "POST /forms/lservlet;jsessionid=ac16012b30d6cbab954bdbb14645bdafa39f4263d442.e3iSbxaKaheRe3mNc3qRchuOay1ynknvrkLOlQzNp65In0 HTTP/1.1" 200 2
34.90.230.253 - - [17/Jun/2023:15:49:04 -0500] "GET /en-junio-conectate-con-la-naturaleza-y-el-medioambiente-a-traves-de-estas-caminatas-ecologicas.html HTTP/1.1" 200 900
172.22.2.4 - - [17/Jun/2023:15:47:29 -0500] "HEAD /BLA/boletinlegal/ HTTP/1.1" 200 -
200.118.64.109 - - [17/Jun/2023:15:49:57 -0500] "POST /forms/lservlet;jsessionid=ac16012b30d6cbab954bdbb14645bdafa39f4263d442.e3iSbxaKaheRe3mNc3qRchuOay1ynknvrkLOlQzNp65In0 HTTP/1.1" 200 2
172.22.2.4 - - [17/Jun/2023:15:48:20 -0500] "GET /BLA/boletinlegal/ HTTP/1.1" 200 57680
200.118.60.116 - - [17/Jun/2023:15:50:09 -0500] "GET /en-junio-conectate-con-la-naturaleza-y-el-medioambiente-a-traves-de-estas-caminatas-ecologicas.html HTTP/1.1" 200 900
200.118.60.116 - - [17/Jun/2023:15:50:09 -0500] "GET /html/css/main.css?browserId=other&themeId=rknowsys_WAR_rknowsystheme&minifierType=css&languageId=es_ES&b=6202&t=1419355480000 HTTP/1.1" 404 1136
201.245.192.253 - - [17/Jun/2023:15:51:11 -0500] "POST /kwsrmcab/Wsrmcab  HTTP/1.1" 200 40957
216.245.221.92 - - [17/Jun/2023:15:51:44 -0500] "HEAD / HTTP/1.1" 200 -
40.77.167.97 - - [17/Jun/2023:15:51:47 -0500] "GET /BLA/resoluciones/AUTOS%202022/4233.pdf HTTP/1.1" 200 351041
200.118.64.109 - - [17/Jun/2023:15:51:57 -0500] "POST /forms/lservlet;jsessionid=ac16012b30d6cbab954bdbb14645bdafa39f4263d442.e3iSbxaKaheRe3mNc3qRchuOay1ynknvrkLOlQzNp65In0 HTTP/1.1" 200 2
200.118.64.109 - - [17/Jun/2023:15:53:57 -0500] "POST /forms/lservlet;jsessionid=ac16012b30d6cbab954bdbb14645bdafa39f4263d442.e3iSbxaKaheRe3mNc3qRchuOay1ynknvrkLOlQzNp65In0 HTTP/1.1" 200 2
172.22.2.4 - - [17/Jun/2023:15:53:19 -0500] "HEAD /BLA/boletinlegal/ HTTP/1.1" 200 -
172.22.2.4 - - [17/Jun/2023:15:54:10 -0500] "GET /BLA/boletinlegal/ HTTP/1.1" 200 54079
200.118.64.109 - - [17/Jun/2023:15:55:58 -0500] "POST /forms/lservlet;jsessionid=ac16012b30d6cbab954bdbb14645bdafa39f4263d442.e3iSbxaKaheRe3mNc3qRchuOay1ynknvrkLOlQzNp65In0 HTTP/1.1" 200 2
201.245.192.253 - - [17/Jun/2023:15:56:10 -0500] "POST /kwsrmcab/Wsrmcab  HTTP/1.1" 200 40957
216.245.221.92 - - [17/Jun/2023:15:56:44 -0500] "HEAD / HTTP/1.1" 200 -
192.144.113.249 - - [17/Jun/2023:15:57:25 -0500] "GET /sipse/faces/javax.faces.resource/theme.css?ln=primefaces-sipse HTTP/1.1" 304 -
192.144.113.249 - - [17/Jun/2023:15:57:25 -0500] "GET /sipse/faces/javax.faces.resource/jquery/jquery.js?ln=primefaces&v=4.0 HTTP/1.1" 304 -
192.144.113.249 - - [17/Jun/2023:15:57:25 -0500] "GET /sipse/faces/javax.faces.resource/jquery/jquery-plugins.js?ln=primefaces&v=4.0 HTTP/1.1" 304 -
