186.102.12.116 - - [18/Jun/2023:16:57:58 -0500] "GET /kwssiamovil/sm/acme/a?s=U2FsdGVkX1/v2aCuVLMC5/kKlRhc4sALimekL0mcnjlnZ2w7G6lLkQNzLcAOITrKIA2VC46Sr9FN7G2A4Ei2u5ec/NTsckahUJK9ziAnxv3nILuWYqH4BDuot4/auUhN05aCEJiOG2NMa5iDirRiMHpwejazmCJ/mC6is1sNedGttLrTnKnnIXobuWOC5J7Wd7UgcJJDjd8tNgngAJ+9OF0HDbdY3XbZ/iaAsRn/thqOSLIS7mD/YUh9btzBRMrUsnUPvLR43clOaLiEdEsxYDGxqA5+U2KW3QEB6scrC1llyfQ8VUOssEpbTCZ4si63QBJOlXQCzotn+hBDndpy9w3Xj9Yrqpwgs4/83fOjdWr3V/PsqLlP/sDfICC0HI2jh0lkusRD7u1FkCGBMsbzAHFo6aaN/IfXBQKd4K21XbEcaIB3pIR1H/PN2JbOBnFj+YsYQd3U1eqZdv61V+XtyMOdjLIRss3t+7lvWG8W7jay3MFKXITN8N1l4gHv8s9SGRg8rxowFz3C42Ti/xrCJMiuiGljGkTPH3rhjkCaBuLBdu0R4sG8GUDvehmS0CGlIGsGyFnA3p5lw4TK782L0dVGQrHKczmCFa1X5MQqRPBHfx1GtcOIVMuYOc3XVVwzHCr7cFvUOufuZOSCh8IZ+29Bryua5shFnmO1QXtckpeacthMR6ti+B5WuZ1yJeTeEWCQ9g4YTrMHGq3pCNCA/R2NMtaX/gv5+rW1sEFeQUWGkd7YO3R0oPO1snKbEUKoa6scUlqJcBF52N5PvTtK8HRAyHR5UdVD7KThSKQER7hWe5NzI6pwj37Tae9G6HFeolgGW9dO3L2nC90eRGKxIgG3QMJl0CxbaebItuiE/uf8262B0yIdV3QLuOUXUCxRh3t7V5Cmf9+Voemn+xMhqPrIPJSrjbL/4O7YE8yJv6hQKtVFFB8plcYGekSjhlMH37Pjo0zP/zq2YINO+VNuDzYGMxeUxFT/IhihmBsbpjO+hKi/VkVDiTZwIjOiKrXAMYCePRhrOfV7Lb8nIdslxQ2HqdRodU9ZnbHrkMdK/A4r4ONyTBKo+rEzz8zPxnxe36x5P55e7O3N8uCCkMjRtkYABKcsK5Z8lYzVYvdDK5hYErSjP4F6KzllxjsPgUlu96MEMew/PGUEyf4BqLP4w/Lo8M57W1sron7T+I+kTwp4jrNk+7qw7LPCPNKTEeLiQrTq/pOE+w08I9LlaNWURRneu9VACTmZlI17UaqEy4cx9dVErmHH/nRY+Yb3VqI9+9OTAppgfF2YoKq6UxRJURn1gx5XUhuQxPvebS2Ux/hTLUDGIUaaFlG+MpKwcbkh84KtT7FUBlI1DWApAspDkTXQRdNMvf2AiHdjDNU6fMxgUzD87ZBYxJEApJjMKxENNvpm3pMh5thmj72oE3ACqEVdhA3VDcRf+O+u/HatMXc=&u=U2FsdGVkX1/Y6WyC2fB/Jtm3zWS/lCwPw/r/ytVHqawOtpkdlI8NaA0HQReLvefb&y=U2FsdGVkX1+/zZDPWfqXvNj89vIFEzhMh6dvUhMPVIX2WQb9K+SeGgCeUDJH+4FU HTTP/1.1" 200 26
186.102.12.116 - - [18/Jun/2023:16:57:58 -0500] "GET /kwssiamovil/sm/acme/a?s=U2FsdGVkX199UCbzn3EPHAAkEA2WliXPlO41gyQvAQlQSGQgRmyWFbwEHGwKJrL4ByW8BZteTXcgsEdXtZbaRv4kXvjBd6d5lb3A6hjO5cxhso4C/rRAMS/Rbe1apCX70+9q4Fb6b6jymuwOdLhdsfJxWHjaxsmG2AuySrlOQtU=&u=U2FsdGVkX1/Y6WyC2fB/Jtm3zWS/lCwPw/r/ytVHqawOtpkdlI8NaA0HQReLvefb&y=U2FsdGVkX1+/zZDPWfqXvNj89vIFEzhMh6dvUhMPVIX2WQb9K+SeGgCeUDJH+4FU HTTP/1.1" 200 26
186.102.12.116 - - [18/Jun/2023:16:57:58 -0500] "GET /kwssiamovil/sm/acme/a?s=U2FsdGVkX19q2VRRlGdC4a369X9jxWr4JzCS15wikYCQ/SxIY/7fCllw5i0Qbwsy3xmSZx6a9SD8Gmhqdi3B10mTv3dJYjR4MHLWHnH4qN8/9qBMNMEYAPnilkmACa2YNLSqpD7z/TDB0XE7KPD+P9f+MH3iIevobh3S/jU5mLs=&u=U2FsdGVkX1/Y6WyC2fB/Jtm3zWS/lCwPw/r/ytVHqawOtpkdlI8NaA0HQReLvefb&y=U2FsdGVkX1+/zZDPWfqXvNj89vIFEzhMh6dvUhMPVIX2WQb9K+SeGgCeUDJH+4FU HTTP/1.1" 200 26
186.102.12.116 - - [18/Jun/2023:16:57:59 -0500] "GET /kwssiamovil/sm/acme/a?s=U2FsdGVkX1/cuMP5Noh7xR87HzzDgmR1ws/rKCt8o2By1LeLlJwt9QrmOVKtFo/dirJ7hIA2KPp2TuGl++foqx8g1GXX1K2achcnH39k04i0JzcKVJMNjG8z6P5orMr7L7zNqjIAeuj1IIdyJTvzYM9tdotPGOSIRmShygs2PMc=&u=U2FsdGVkX1/Y6WyC2fB/Jtm3zWS/lCwPw/r/ytVHqawOtpkdlI8NaA0HQReLvefb&y=U2FsdGVkX1+/zZDPWfqXvNj89vIFEzhMh6dvUhMPVIX2WQb9K+SeGgCeUDJH+4FU HTTP/1.1" 200 26
186.102.12.116 - - [18/Jun/2023:16:57:59 -0500] "GET /kwssiamovil/sm/acme/a?s=U2FsdGVkX1/6djibvlFrorvAdzLlrXURjKO5TfEqn2gU+0DUOfTqsTkUM5w57V9uJesbipvpvASWaMSrKKkDDJtHCl1E7yUXIdjlGz1Gf0EZ1oDOPv5P1TE8IOTzQZV56TuduPxUEiETcCDtvO/DimtvUW5343h2aJUp+YBFZZx3Rz3D26riBPCcHG2EsfIkVLJKs3fObH4DIM92sN9Icg==&u=U2FsdGVkX1/Y6WyC2fB/Jtm3zWS/lCwPw/r/ytVHqawOtpkdlI8NaA0HQReLvefb&y=U2FsdGVkX1+/zZDPWfqXvNj89vIFEzhMh6dvUhMPVIX2WQb9K+SeGgCeUDJH+4FU HTTP/1.1" 200 26
172.22.2.4 - - [18/Jun/2023:16:58:20 -0500] "HEAD /BLA/boletinlegal/ HTTP/1.1" 200 -
201.245.192.253 - - [18/Jun/2023:17:00:45 -0500] "POST /kwsrmcab/Wsrmcab  HTTP/1.1" 200 40957
66.220.149.17 - - [18/Jun/2023:17:00:50 -0500] "GET /images/stand-secretaria-ambiente-fima.jpg HTTP/1.1" 200 42537
172.22.2.4 - - [18/Jun/2023:16:59:11 -0500] "GET /BLA/boletinlegal/ HTTP/1.1" 200 57680
40.77.167.97 - - [18/Jun/2023:17:01:10 -0500] "GET /Publicaciones/2023EE65593.pdf HTTP/1.1" 404 227
216.245.221.92 - - [18/Jun/2023:17:01:40 -0500] "HEAD / HTTP/1.1" 200 -
172.22.2.4 - - [18/Jun/2023:17:02:19 -0500] "GET /BLA/boletinlegal/jurisprudencia/analisis/analisis%20sentencia%20C%20401%20de%202010.doc HTTP/1.1" 304 -
172.22.2.4 - - [18/Jun/2023:17:02:19 -0500] "GET /BLA/boletinlegal/jurisprudencia.php HTTP/1.1" 200 17583
172.22.2.4 - - [18/Jun/2023:17:02:22 -0500] "GET /BLA/boletinlegal/js/popup.js HTTP/1.1" 200 1270
172.22.2.4 - - [18/Jun/2023:17:02:22 -0500] "GET /BLA/boletinlegal/js/lib.js HTTP/1.1" 200 6474
172.22.2.4 - - [18/Jun/2023:17:02:23 -0500] "GET /BLA/boletinlegal/js/jquery1.js HTTP/1.1" 200 29846
52.167.144.56 - - [18/Jun/2023:17:03:48 -0500] "-" 408 -
40.77.167.113 - - [18/Jun/2023:17:03:48 -0500] "GET /BLA/resoluciones/RESOLUCIONES%202022/1992.pdf HTTP/1.1" 304 -
66.249.70.197 - - [18/Jun/2023:17:04:58 -0500] "-" 408 -
201.245.192.253 - - [18/Jun/2023:17:05:45 -0500] "POST /kwsrmcab/Wsrmcab  HTTP/1.1" 200 40957
172.22.2.4 - - [18/Jun/2023:17:04:10 -0500] "HEAD /BLA/boletinlegal/ HTTP/1.1" 200 -
216.245.221.92 - - [18/Jun/2023:17:06:40 -0500] "HEAD / HTTP/1.1" 200 -
172.22.2.4 - - [18/Jun/2023:17:05:01 -0500] "GET /BLA/boletinlegal/ HTTP/1.1" 200 59192
63.214.171.26 - - [18/Jun/2023:17:07:06 -0500] "GET /backend/.env HTTP/1.1" 404 1018
63.214.171.26 - - [18/Jun/2023:17:07:06 -0500] "POST /backend HTTP/1.1" 404 1018
52.167.144.90 - - [18/Jun/2023:17:08:43 -0500] "GET /BLA/resoluciones/AUTOS%202021/4180.pdf HTTP/1.1" 304 -
201.245.192.253 - - [18/Jun/2023:17:10:44 -0500] "POST /kwsrmcab/Wsrmcab  HTTP/1.1" 200 40957
216.245.221.92 - - [18/Jun/2023:17:11:40 -0500] "HEAD / HTTP/1.1" 200 -
172.22.2.4 - - [18/Jun/2023:17:10:00 -0500] "HEAD /BLA/boletinlegal/ HTTP/1.1" 200 -
172.22.2.4 - - [18/Jun/2023:17:10:51 -0500] "GET /BLA/boletinlegal/ HTTP/1.1" 200 58825
69.171.231.9 - - [18/Jun/2023:17:14:09 -0500] "GET /serrania-el-zuque-de-cantera-en-los-anos-60-a-espacio-de-restauracion-ambiental-y-mitigacion-del-riesgo.html HTTP/1.1" 200 841
201.245.192.253 - - [18/Jun/2023:17:15:42 -0500] "POST /kwsrmcab/Wsrmcab  HTTP/1.1" 200 40957
190.25.116.190 - - [18/Jun/2023:17:16:37 -0500] "GET /proyecto-avantia-con-la-union-europea-busca-especialista-en-cambio-climatico.html HTTP/1.1" 304 -
216.245.221.92 - - [18/Jun/2023:17:16:40 -0500] "HEAD / HTTP/1.1" 200 -
172.22.2.4 - - [18/Jun/2023:17:15:50 -0500] "HEAD /BLA/boletinlegal/ HTTP/1.1" 200 -
172.22.2.4 - - [18/Jun/2023:17:16:41 -0500] "GET /BLA/boletinlegal/ HTTP/1.1" 200 56816
201.245.192.253 - - [18/Jun/2023:17:20:18 -0500] "POST /kwsrmcab/Wsrmcab HTTP/1.1" 200 40485
201.245.192.253 - - [18/Jun/2023:17:20:21 -0500] "GET /kwsrmcab/Wsrmcab?wsdl HTTP/1.1" 200 6948
201.245.192.253 - - [18/Jun/2023:17:20:21 -0500] "POST /kwsrmcab/Wsrmcab HTTP/1.1" 200 35847
201.245.192.253 - - [18/Jun/2023:17:20:42 -0500] "POST /kwsrmcab/Wsrmcab  HTTP/1.1" 200 40957
216.245.221.92 - - [18/Jun/2023:17:21:40 -0500] "HEAD / HTTP/1.1" 200 -
172.22.2.4 - - [18/Jun/2023:17:21:40 -0500] "HEAD /BLA/boletinlegal/ HTTP/1.1" 200 -
172.22.2.4 - - [18/Jun/2023:17:22:31 -0500] "GET /BLA/boletinlegal/ HTTP/1.1" 200 57272
201.245.192.253 - - [18/Jun/2023:17:25:40 -0500] "POST /kwsrmcab/Wsrmcab  HTTP/1.1" 200 40957
216.245.221.92 - - [18/Jun/2023:17:26:40 -0500] "HEAD / HTTP/1.1" 200 -
172.22.2.4 - - [18/Jun/2023:17:26:52 -0500] "GET /BLA/boletinlegal/actuator/gateway/routes HTTP/1.1" 404 1018
69.171.249.5 - - [18/Jun/2023:17:28:51 -0500] "GET /dia-mundial-del-medio-ambiente-distrito-liberara-animales-silvestres-plantara-arboles-y-desarrollara-actividades-pedagogicas.html HTTP/1.1" 200 856
172.22.2.4 - - [18/Jun/2023:17:27:30 -0500] "HEAD /BLA/boletinlegal/ HTTP/1.1" 200 -
186.102.23.116 - - [18/Jun/2023:17:29:14 -0500] "GET /kwssiamovil/sm/acme/a?s=U2FsdGVkX19hJAtgZPLgl3n2mt5ykKWq4vciVITeNDkX+Vm0ne+sshzbZKtCL70Xb5wHW4W5rUEXn5OZ7U1Fy2BPd7tKUaSSHJmNOVNj6lr/KAlPTkYixFSZ0zZj6WRZ1fP4vjMPpIpQYpKdFwWIuv3hXvsZZ/Xg7sGI3lz7i36jfZz0AfBFWPnh5ZVUrOhAzgy0WGRbcI4W/uK3Wo9lRnf+FCSAGgX6DX33UVJxWgzL6SmhoyGT/YBD8bhkXYDdTVgoZi4eEbrxS9/CFkqXSyBwFbmapT19PkuIldYm3+M=&u=U2FsdGVkX1/Y6WyC2fB/Jtm3zWS/lCwPw/r/ytVHqawOtpkdlI8NaA0HQReLvefb&y=U2FsdGVkX1+/zZDPWfqXvNj89vIFEzhMh6dvUhMPVIX2WQb9K+SeGgCeUDJH+4FU HTTP/1.1" 200 26
186.102.23.116 - - [18/Jun/2023:17:29:14 -0500] "GET /kwssiamovil/sm/acme/a?s=U2FsdGVkX18+lstJBwY3UL1pndFYoXkc2FDN2jV+LcM1kSjLybxWTBG9We7lxTBQ9xvXtW2VFFwh9g382PYUe5sPqCQiT+AaX0dhfde5gXxYhgUtp+wFhh/LjjReecvB0MMFVtjf0TDDXzZ5vdd9mD7GL05xwoyNqfsrbLxFF3aod9Ak5jSuqjl1gVcFkIbf4Xa9iAuJI+DrVMPukJCISs51g/7NDe3JhJUDDGg8Be4ZTfldfqbDF2bUNVS+JIAFodxLANBSW6sOS3dSAkoRQX4mM9sFW3/r4nHy50bTVx/G2BDubewkFx5L7kWLBXn4e9+D6BBhsYU42Lt9+ytltnMBSOat5kiT8ymkfJzUihB9M/iJsozABQod3FJj0dGbRGFpPWevp1+zhsf5Yc/3Bm+qfrrLDT624ivA/IZERz97n+O1pbgF3ZEE7ZLFPY01aldK77/t9EDZpFLa/6OgUkEhvD8oWR2uxl3k35AnnYd95rCNKRq1c4WvgC2/yvc3pQwcQu8wGNScKbjpV9gnNDFuXrvlJjWBQ7TW/Uok1vCJHbwb/mYrAkGRgUJ5pReQt/o4+wV9hwC8Zhfxn9Q7HZzmp8gRmgBc6dtkGoR+xQRJuarO/cIYa+KdiNtk7XVFj0nr2Anz9/lVD8gFSMTGtIKqnylLETH5g2f/J7fTbm+VSyrzkCeiS7KyvRoUnvcaDqlNtgS53aLbq6mOHU5L9wTR6Y+8DgokN2MosJp+fimztj7I1r9PfX8A2PRVMyT5jmmkiWhu8QBLoyqCOYnQtRYqUe+3+0PX7/h9xwcZeXpoXxfpfNgwqAwJE0Zm0Y9swTPAZBU5ZK6qUVYDA3brKKib5EYU89kaAVgCw6tIzESpJjCILJSKzoXKI1psdKpwbKO8OkEM42jxIEI+B51MGPrFXKSK8FP6ZR5ZcEIb4VnFg/pBT9j7PH1MHB7PpL8zDDCWr6EbuAsiGWxvn0P4414U0WIZlHdwumiFLj67z4bTEDpeYDSY/1RT19k5XfAJopd/dmNJPh4e9r8L7G3Z3HCjqPS1H/vTefuzLdBGc0xh/syXGtFqzK2MlAdiPrqfoPb+/iX3LQ4B1yuhpC+Vhp+s2+OWgXOEeYYUo7xgKbSBqSlvgCBU/mzfV7SrgN/1I1ED9gwjJ6ckDQnxBpu3tyrluRdenFJcO61pj25jC9c/t3YUGdao3xOU8tUjyAw5lynwccUCjW5RsWqTSnhatcpUJme6CmP8f6sSNX/Ymb+QRzDzgG+Z84Esyk9mB4GRQcNj+noEtevOEls7GQC7mfuJ5HEjImIMPTmiR6d8CoMTUil2PdDoUcIYQBD3hobDGQKNogQu4tAdwufstY+mTAtL0kAHRGi8b+C4jT/+k6FGKGOdJYG2IGIsaxwaRhMJnz5wh9kyTewzCntPkBpfLtjskfFktBDXwV13pS6xMEHAltZ9eyQWrDnK37VecKa0gLTpJfKHiK/vyLeDs3O9GR+59c3jEB08kSF62FWVoaXlojTqeX1eh4S6eYucWi4psy4BHzajFCTPLUfunDXfVlFsXcL+70ThNIqjr6qySzM=&u=U2FsdGVkX1/Y6WyC2fB/Jtm3zWS/lCwPw/r/ytVHqawOtpkdlI8NaA0HQReLvefb&y=U2FsdGVkX1+/zZDPWfqXvNj89vIFEzhMh6dvUhMPVIX2WQb9K+SeGgCeUDJH+4FU HTTP/1.1" 200 26
186.102.23.116 - - [18/Jun/2023:17:29:15 -0500] "GET /kwssiamovil/sm/acme/a?s=U2FsdGVkX19gXqqQn1GQYo82ZnWWBlKKcqnLcBO/Dh2Y2ld1CAkPva1pxHte/40lGrl8oM+yyorawCh99V0arHx81+rkbENJntvOBH7E1cHDyT7GuAshG55POwTfx0V4df/jhWHOqSp54+DbkYIPnZkXUtceAbgdr+1F7WsLaoM=&u=U2FsdGVkX1/Y6WyC2fB/Jtm3zWS/lCwPw/r/ytVHqawOtpkdlI8NaA0HQReLvefb&y=U2FsdGVkX1+/zZDPWfqXvNj89vIFEzhMh6dvUhMPVIX2WQb9K+SeGgCeUDJH+4FU HTTP/1.1" 200 26
186.102.23.116 - - [18/Jun/2023:17:29:15 -0500] "GET /kwssiamovil/sm/acme/a?s=U2FsdGVkX1/JlDz1o1wHDejDlReCWUywSf07q/skEW571QqAWOBNX0G0Y7fvbpga9WsMvBLhW0y0z8LVwrTBCvwtgRI7pZ+DTiISsO1SzI3dSJDE2J4EXFprdZhT2T5HgOMz9BrV8tzq+Rtjw1W+p+s1CsJo2riVzGYt6xHa1ws=&u=U2FsdGVkX1/Y6WyC2fB/Jtm3zWS/lCwPw/r/ytVHqawOtpkdlI8NaA0HQReLvefb&y=U2FsdGVkX1+/zZDPWfqXvNj89vIFEzhMh6dvUhMPVIX2WQb9K+SeGgCeUDJH+4FU HTTP/1.1" 200 26
186.102.23.116 - - [18/Jun/2023:17:29:15 -0500] "GET /kwssiamovil/sm/acme/a?s=U2FsdGVkX19iXAOun0EWs9JE4UZ64LkfVA87tXx5Y30GT4N4AQsYQIDwe2vxgEi6k8GVd0SrqF0uhy46O9U7vQqfMxiU2SoT/+Pca8RXjP+muZAgiedictd3YgrCbWvtD7bey0QMi7l78rLda70kRjj4ed9MSAM7uQIshrjstG4=&u=U2FsdGVkX1/Y6WyC2fB/Jtm3zWS/lCwPw/r/ytVHqawOtpkdlI8NaA0HQReLvefb&y=U2FsdGVkX1+/zZDPWfqXvNj89vIFEzhMh6dvUhMPVIX2WQb9K+SeGgCeUDJH+4FU HTTP/1.1" 200 26
186.102.23.116 - - [18/Jun/2023:17:29:15 -0500] "GET /kwssiamovil/sm/acme/a?s=U2FsdGVkX19a1/Aw0VYMkoKokItU+iekYwCGrbSKkn6dLkogrS1jVAVKLg+dZtmCxsVQp9KRnzjHk+LpgPi2ejnnww3PHk6fU/8G8fYs7QjYp8l3TUtyX3Us6bcebiD79fWgajenWCZowbwHxCVxo60jXP/Qn6NhWKM6BKDCekc7FeAPy8lZ/egw80T/MIZo4XUt98LRrEpB2Vkn4uaCyQ==&u=U2FsdGVkX1/Y6WyC2fB/Jtm3zWS/lCwPw/r/ytVHqawOtpkdlI8NaA0HQReLvefb&y=U2FsdGVkX1+/zZDPWfqXvNj89vIFEzhMh6dvUhMPVIX2WQb9K+SeGgCeUDJH+4FU HTTP/1.1" 200 26
172.22.2.4 - - [18/Jun/2023:17:28:21 -0500] "GET /BLA/boletinlegal/ HTTP/1.1" 200 57680
201.245.192.253 - - [18/Jun/2023:17:30:18 -0500] "POST /kwsrmcab/Wsrmcab HTTP/1.1" 200 40485
201.245.192.253 - - [18/Jun/2023:17:30:21 -0500] "POST /kwsrmcab/Wsrmcab HTTP/1.1" 200 35847
201.245.192.253 - - [18/Jun/2023:17:30:40 -0500] "POST /kwsrmcab/Wsrmcab  HTTP/1.1" 200 40957
172.22.2.4 - - [18/Jun/2023:17:31:25 -0500] "GET /BLA/boletinlegal/Circulares/2023/CIRCULAR%20No.%2000001%20DEL%2020%20DE%20FEBRERO%20DEL%202023.pdf HTTP/1.1" 304 -
216.245.221.92 - - [18/Jun/2023:17:31:40 -0500] "HEAD / HTTP/1.1" 200 -
186.155.16.91 - - [18/Jun/2023:17:31:53 -0500] "GET /proyecto-avantia-con-la-union-europea-busca-especialista-en-cambio-climatico.html HTTP/1.1" 200 814
173.252.95.7 - - [18/Jun/2023:17:31:56 -0500] "GET /images/caminatas-ecol\xc3\xb3gicas-marzo---1920x1080_optimized.jpg HTTP/1.1" 404 1034
31.13.103.7 - - [18/Jun/2023:17:33:50 -0500] "GET /proyecto-avantia-con-la-union-europea-busca-especialista-en-cambio-climatico.html HTTP/1.1" 206 814
172.22.2.4 - - [18/Jun/2023:17:33:09 -0500] "GET /BLA/boletinlegal/ HTTP/1.1" 200 43795
172.22.2.4 - - [18/Jun/2023:17:33:20 -0500] "HEAD /BLA/boletinlegal/ HTTP/1.1" 200 -
201.245.192.253 - - [18/Jun/2023:17:35:38 -0500] "POST /kwsrmcab/Wsrmcab  HTTP/1.1" 200 40957
172.22.2.4 - - [18/Jun/2023:17:34:11 -0500] "GET /BLA/boletinlegal/ HTTP/1.1" 200 54453
216.245.221.92 - - [18/Jun/2023:17:36:40 -0500] "HEAD / HTTP/1.1" 200 -
172.22.2.4 - - [18/Jun/2023:17:37:01 -0500] "GET /BLA/boletinlegal/Circulares/2019/.pdf HTTP/1.1" 404 1218
66.249.77.8 - - [18/Jun/2023:17:38:05 -0500] "-" 408 -
201.245.192.253 - - [18/Jun/2023:17:40:18 -0500] "POST /kwsrmcab/Wsrmcab HTTP/1.1" 200 40485
201.245.192.253 - - [18/Jun/2023:17:40:21 -0500] "POST /kwsrmcab/Wsrmcab HTTP/1.1" 200 35847
201.245.192.253 - - [18/Jun/2023:17:40:37 -0500] "POST /kwsrmcab/Wsrmcab  HTTP/1.1" 200 40957
172.22.2.4 - - [18/Jun/2023:17:39:11 -0500] "HEAD /BLA/boletinlegal/ HTTP/1.1" 200 -
216.245.221.92 - - [18/Jun/2023:17:41:40 -0500] "HEAD / HTTP/1.1" 200 -
172.22.2.4 - - [18/Jun/2023:17:40:01 -0500] "GET /BLA/boletinlegal/ HTTP/1.1" 200 57272
173.252.79.8 - - [18/Jun/2023:17:42:07 -0500] "GET /images/Acuerdos%2001%20(1)%20(1).jpeg HTTP/1.1" 200 32884
69.171.251.11 - - [18/Jun/2023:17:42:15 -0500] "GET /images/jardines-verticales-plantas-24-mayo.jpg HTTP/1.1" 200 148288
201.245.192.253 - - [18/Jun/2023:17:45:37 -0500] "POST /kwsrmcab/Wsrmcab  HTTP/1.1" 200 40957
216.245.221.92 - - [18/Jun/2023:17:46:40 -0500] "HEAD / HTTP/1.1" 200 -
172.22.2.4 - - [18/Jun/2023:17:45:00 -0500] "HEAD /BLA/boletinlegal/ HTTP/1.1" 200 -
172.22.2.4 - - [18/Jun/2023:17:47:18 -0500] "GET /BLA/boletinlegal/jurisprudencia/analisis/AnalisisT-606-15.docx HTTP/1.1" 304 -
66.249.77.8 - - [18/Jun/2023:17:47:28 -0500] "-" 408 -
172.22.2.4 - - [18/Jun/2023:17:45:51 -0500] "GET /BLA/boletinlegal/ HTTP/1.1" 200 57680
40.77.167.113 - - [18/Jun/2023:17:48:06 -0500] "GET /galeria/galeria/fotos/Capellania3P.jpg HTTP/1.1" 200 34835
186.102.1.116 - - [18/Jun/2023:17:49:00 -0500] "GET /kwssiamovil/sm/acme/a?s=U2FsdGVkX19AOhM+/9M/Nej2tAB24P9+wj98lnozIy6Vs6g30XMLwk1jSF4xUTlk2BL5JGfFK7W9SgpHbNWUfNEGJo1MF6VMVqnABH1dsf0sH8sHJ067I7mwSYV9eQqJKKqstZuCHthC79pBhKYFQBEd+XfYpkhtQBVkZqtx7dQ++EfvtGsGYOwg1m9RGhHxscBzEN690mAuPYCMhZbw6lIoJn2MQh4d/9LPOH7SVCmpGC+Vb81ccr92+RvXQ5+KYzVOEzm5vZgvd+iMzTZzTZW6BX3nTamwQjIT1zMTFFE=&u=U2FsdGVkX1/Y6WyC2fB/Jtm3zWS/lCwPw/r/ytVHqawOtpkdlI8NaA0HQReLvefb&y=U2FsdGVkX1+/zZDPWfqXvNj89vIFEzhMh6dvUhMPVIX2WQb9K+SeGgCeUDJH+4FU HTTP/1.1" 200 26
186.102.1.116 - - [18/Jun/2023:17:49:00 -0500] "GET /kwssiamovil/sm/acme/a?s=U2FsdGVkX1/iNeUJWDPHg23+o7JWs84Uew7yFIGBfEQd648zUoJUuaUNQlJyGK01jLK5FcAHyoXV0frNsjF3Uf+4TacUAcnUuNx4E4X/50/qpXks4J7hFVlG0q83HkrFbT3WRj0ytQ766TuLoVE6F4FQmgPtTYp6weHFjHtLIg+7+RknQOVRoS0CR3qSGxX4Akoi0kMLuCSULC0yKT+DpSA6E9cpDntRsUF2/wm5YwDLHebAjkfqAMWZGzS1Vu6L4Qmm5taeOE6Ja03Ntlxe8UmmY1J7VlTMwxGV8kCX8sw/8/+y+0voR6muLQAuERzyFauCapvtF2srM1zAe0WQ2k2j7n/6nxpSAfOGI5bOSk7Po9XUE4MHtovaYaqjjnj8TLUa/kJb3/Zao1iz4SXcm7f0K1NP3aJp4AM/wre5EQLiyj49W6pzHXQjZFHukEL7OvMW7Mz0ankHQGnsfjlP6gM2C7yj8wRnbwaQsnqGjRCqaZeZJq2G4LxN32XemcxCKwAuYKntMSjZuHrSTABOBNWAntgn8mZwrGQ0GmuIzwmgZgveU7OpvPVhqfRfgMNVQ+zJpTyDma2tN6N/dRYgL2FYSdkruDOh7fLWNduUJ43b1N2JuZc5q1K1ZufuE9q2cSI3Q5YnjhEqUGIubp1cS46RkFbOZpl0ZEvP3otQ7L3PbmqIr1p3Kn7LDAUGXHaiyxEHGVOcqb8/3h/tu0BSgIBPN2xc/GOVUjLqsIDWSBLDvHtC4Ij6CY7rZwUNbDR9bMGo1SK/1dQKwWWP8RB3w0zUF2YcMu5vnH22qcz43L++EHJpoqX1XjTjk3iALUWhbTyP9/Rns9I0b9VFgGoCFmPs/fdZel+gb5bEK59CuFIsLb9cYqa3Q0EadZSe1wwVhnvzxxwTEkGoYow/L7BjAyMctsdqiNPH58XVlqpUT6D+w07e9C5easIAW4e5PpQ1C74Cf1WhqZBy9chrGM926ZyCErts38yosuOec+NDTRX3J6261EQ43xHttPrC0fNMNgcQOwxZe4JJEPgrXVls3sKOR4oADSeB9ClcPbElpScx7NCY7TGXY7xlZ0ZyRnAb0Z2I7x+NEu6XTCMSPzjVIEZC6vbQFn8EU3O4m/3Oy33axBGW/HZv0PzkdO70d1KMiO0asZGUswr8GdAmVlroTnbmt3w4iCHRAYnYUcrq0Q7D08jDLqT2addtNKKiGiT1VRcRPIkQpFCaMNOwSVLDhRA7DSe2t0CCZEKQJnCRpd8K28P8ZiAaD4SPZ/eJSiFXBu1dEjx/gPe06ZG0KyylTw7q5/GOsuLaJSQ05hhCRTgx/rHDK+YhWe0dJCtvaMm64/Oev244I8RTxgQBNtHGtSyQ2bQH6ZRYnDyijDMmXOhl3tuikXsM6VtxW/f9JL53jdY2uUHjkHvC5XKujRV0fxkM+CUqYE/WRkIpnKnZ5hDCfLDttJr8DWkhAqYwgiE4d4YdRw7rkwLIZWLXz8IfS9QeqIogn67HHi5/bwsFeGA=&u=U2FsdGVkX1/Y6WyC2fB/Jtm3zWS/lCwPw/r/ytVHqawOtpkdlI8NaA0HQReLvefb&y=U2FsdGVkX1+/zZDPWfqXvNj89vIFEzhMh6dvUhMPVIX2WQb9K+SeGgCeUDJH+4FU HTTP/1.1" 200 26
186.102.1.116 - - [18/Jun/2023:17:49:01 -0500] "GET /kwssiamovil/sm/acme/a?s=U2FsdGVkX1+fMA+FKFNeW2wmQt5bUxFpohgL2q9wo04JFlzko0BuIwflWR6RteTKYliq5zk94f43294Ps8wqfZtInvHYjBgXPQU8svcCkoRLMt6Q0hj1MY1l70AiMzGY6jOvIE/xWjN/cmjszroVy7+gwbR0uEPrUAdrQSILymQ=&u=U2FsdGVkX1/Y6WyC2fB/Jtm3zWS/lCwPw/r/ytVHqawOtpkdlI8NaA0HQReLvefb&y=U2FsdGVkX1+/zZDPWfqXvNj89vIFEzhMh6dvUhMPVIX2WQb9K+SeGgCeUDJH+4FU HTTP/1.1" 200 26
186.102.1.116 - - [18/Jun/2023:17:49:01 -0500] "GET /kwssiamovil/sm/acme/a?s=U2FsdGVkX1/Ur7zi9vUnzDAUxGF3IJIPVvWLj2w9Mu7MEpp6HdtZ4TXJzoK99CXO4eQ3DOsb1fiQ1V1dhFck9DU42vEcyt8o2W/ZPo1W4jxdWdWYf8XjhyaIvk1/8M92w+9HytNlL9El25qdmwZWsGharQbt3rzYR9O5j6AICNU=&u=U2FsdGVkX1/Y6WyC2fB/Jtm3zWS/lCwPw/r/ytVHqawOtpkdlI8NaA0HQReLvefb&y=U2FsdGVkX1+/zZDPWfqXvNj89vIFEzhMh6dvUhMPVIX2WQb9K+SeGgCeUDJH+4FU HTTP/1.1" 200 26
186.102.1.116 - - [18/Jun/2023:17:49:01 -0500] "GET /kwssiamovil/sm/acme/a?s=U2FsdGVkX18KJKxncW9db1HsiiOBxKIK9W71hUFntSs4f6fDug0EoRka1n6kYf13Ri5UhciJkuRwRT0KpOOU726RBrNjagrEg9/aekTMZvgJIhZ57DIITGaUeLC/pT+/CHdixn+ezXuWBJWfyNBSoF9Y7IhvQZU9fAeEq8aZcm4=&u=U2FsdGVkX1/Y6WyC2fB/Jtm3zWS/lCwPw/r/ytVHqawOtpkdlI8NaA0HQReLvefb&y=U2FsdGVkX1+/zZDPWfqXvNj89vIFEzhMh6dvUhMPVIX2WQb9K+SeGgCeUDJH+4FU HTTP/1.1" 200 26
186.102.1.116 - - [18/Jun/2023:17:49:01 -0500] "GET /kwssiamovil/sm/acme/a?s=U2FsdGVkX19KVvN0r13jq+QhyA4ad8J83q/QZukLLRoBIYRin+s0A1r5T6YQmfJd0IfzVz8q/9ZUl5726CWQVzlVZf+CTqxPwgCYf6X2FLksweDRV9Wsn6K59efbhDcAt/r2RAmnywG+dK3l2Rr86R6lsSxfji6/fa0RoqvBiNLuX9sw4mTftsaVYqWPu/QYooLg1qoeYoBqby8iU+Uisw==&u=U2FsdGVkX1/Y6WyC2fB/Jtm3zWS/lCwPw/r/ytVHqawOtpkdlI8NaA0HQReLvefb&y=U2FsdGVkX1+/zZDPWfqXvNj89vIFEzhMh6dvUhMPVIX2WQb9K+SeGgCeUDJH+4FU HTTP/1.1" 200 26
66.249.70.198 - - [18/Jun/2023:17:50:25 -0500] "-" 408 -
201.245.192.253 - - [18/Jun/2023:17:50:35 -0500] "POST /kwsrmcab/Wsrmcab  HTTP/1.1" 200 40957
172.22.2.4 - - [18/Jun/2023:17:51:17 -0500] "GET /BLA/boletinlegal/apple-touch-icon-precomposed.png HTTP/1.1" 404 1140
172.22.2.4 - - [18/Jun/2023:17:51:17 -0500] "GET /BLA/boletinlegal/apple-touch-icon.png HTTP/1.1" 404 1140
172.22.2.4 - - [18/Jun/2023:17:51:17 -0500] "GET /BLA/boletinlegal/favicon.ico HTTP/1.1" 404 1140
216.245.221.92 - - [18/Jun/2023:17:51:40 -0500] "HEAD / HTTP/1.1" 200 -
172.22.2.4 - - [18/Jun/2023:17:50:48 -0500] "GET /BLA/boletinlegal/ HTTP/1.1" 200 49099
172.22.2.4 - - [18/Jun/2023:17:50:50 -0500] "HEAD /BLA/boletinlegal/ HTTP/1.1" 200 -
172.22.2.4 - - [18/Jun/2023:17:51:41 -0500] "GET /BLA/boletinlegal/ HTTP/1.1" 200 55337
201.245.192.253 - - [18/Jun/2023:17:55:34 -0500] "POST /kwsrmcab/Wsrmcab  HTTP/1.1" 200 40957
216.245.221.92 - - [18/Jun/2023:17:56:40 -0500] "HEAD / HTTP/1.1" 200 -
103.177.185.84 - - [18/Jun/2023:17:56:40 -0500] "POST /GponForm/diag_Form?images/ HTTP/1.1" 404 1013
172.22.2.4 - - [18/Jun/2023:17:56:40 -0500] "HEAD /BLA/boletinlegal/ HTTP/1.1" 200 -
172.22.2.4 - - [18/Jun/2023:17:57:31 -0500] "GET /BLA/boletinlegal/ HTTP/1.1" 200 56816
172.22.2.4 - - [18/Jun/2023:17:59:17 -0500] "GET /BLA/boletinlegal/consulta_actos.php?tipo=resoluciones&no=3115&usuario=&sector=&fecha=2019&resuelve= HTTP/1.1" 200 1161
186.29.133.52 - - [18/Jun/2023:17:59:20 -0500] "GET /BLA/resoluciones/RESOLUCIONES%202019/3115.pdf HTTP/1.1" 200 600763
31.13.115.3 - - [18/Jun/2023:17:59:45 -0500] "GET /images/stand-secretaria-ambiente-fima.jpg HTTP/1.1" 200 42537
31.13.115.5 - - [18/Jun/2023:17:59:46 -0500] "GET /images/aire-bogota.jpeg HTTP/1.1" 200 169194
186.102.76.182 - - [18/Jun/2023:18:00:17 -0500] "GET /kwssiamovil/sm/ldap/au?x=U2FsdGVkX18Qrdz1J8XEzA+gD3KjYHi1MkI6eJMCV4FmXFnwag3/eI3mXXgEsb4f&y=U2FsdGVkX1/UFu+HCgzpwZrSzjwN8Bfp8NxU1x6s11mt9BUFSK86Pcaf1csC+eNI HTTP/1.1" 200 30
186.102.76.182 - - [18/Jun/2023:18:00:18 -0500] "GET /kwssiamovil/sm/acme/s?s=U2FsdGVkX18rVqbW7BH0A3SOnwQ/BBZnT7v6QpZ7kAb/6X0xc/LT51A6bY6jUkvtUTzyqqFm3Hrvsa4NxT5+vC2DttwT0J0xzzJxlGnivFw=&u=U2FsdGVkX1+QRZWgDTG0ErQrhuZPHfKGbqm/0ZCKRbzxrJQm/bfa/9BvJwdw8PJS&y=U2FsdGVkX1/UFu+HCgzpwZrSzjwN8Bfp8NxU1x6s11mt9BUFSK86Pcaf1csC+eNI HTTP/1.1" 200 97
186.102.76.182 - - [18/Jun/2023:18:00:18 -0500] "GET /kwssiamovil/sm/acme/s?s=U2FsdGVkX1+25/chighDoPlYeCq6F/u8k0KC2WzPyiKIC9BmmNGl6v0grbZE/ilDU6eHVBov8jnAgLzYLaHu2sg2PRNdonLcbZPZwQhXoPSyXnzYHFGGlan6mr40XVmpIHsVZOsVlyEyW7fFFx9M6acq+yv0zKRmvAcgzmh1cZgNgBCFFGF7rEURXfskQebJtnfHGyvR6/gIc1q4CU0CdJ8IeCxUIVrhF1AqjXqBfkNA3BM6wtLcHigpDaEOTMHZ4gwFWNeN7ERGtqmHNKa8BnhI6OqhaYRiy2lnJ8m4oSgSeLGFv5cSVb0a210cOCQZMOj4HCjZZYtPO03ByJ+6/nAL84gwRRvHKnpC9UAxSx7yBRRKii27RWbYcSBcINHOvyxkiSQ6wIPH9i8DM67XfmnpnJuhIA+Pf3iit8u08iDJ0Tg4olPrGJKTf4DxJXT1BhQxu7/4HlbKasdPWVg6dP2jrBFs0SbbRVPMNMWF0LWdNdviSbgYjqtPIFkNz+KVpePu2gnQD6NxATdqC0YthFsB7ysoxWD3q5KLzz7AvB4A0nYkhaSL5nnzxTaXRSSPUs7dnfEiC9AC/K7+YsUsveaoOeBOLgWZuJD5KA8iiID9ep+QshJt/xZOiS3sfxzMVNg5yLLiOLmqvIsphwXZ2j3QsrG7YfknYAQf2gPPSyzNMZBlOWwfSoolSlaA7ZSwxPW0gcA+YEurQDS0+/SAhKiFkLlpegyjR5XZHEne4+xC+3o+Hi63rbITuvWzfLvzva0deenTe2eAvJV5mq80iRL0bhTKQ8N4cKXSuymNXanTf4uBWWVjX9RsSi/uH2jZnWJic718jEH7iNYCIbU7qK5PpoOlixBbXPOy9W0jTekbhicqLBGwhXsYmsTgZ3k1xFkEC4DvKNLU8wgo9Cuwqojf4mIEeQvAqc/8C5Jm6GI1wf+ztT/O+6BtbEAEOEO/mNDbAEKB3FXPIPu28jBjhzu5GLkBx9N8G/qChvHX5VMatS9IDaOoY+D1rmGnuM4dPjAyDLfgNHq99HeUT+OFU2x50YmpCzyypINt1ap+mAXrKgG9kiOaMvLq+rrY98DoMLk5aHcW1uZSsl8JMrIqjtk6rMMLYYtlrZST3uXGF3KOqjUae9NXVnRi0xin/J5BxO15PD+Bk+S4EqwExTfmGUNVcTX02MCKyuTeS5Paet3uer9bWgWxqkf+HuxTkh9zSnhhQERVAMeYE0g/pJiy/gS5PgKPkp6Stf9z2VSlVCvr2hTkyHZpkPQ6sYDVjugtlSHRNrDYjZObf3pM6ZAUUUDnWF57W4yXm6wHb+hyStkQuUB/rJ5PXwGegD0sR1LTfrOBlnKUBsqKBoNs1H2j/gxFG5YMThZSuKRirb/yZcM+jsg+XiKsCPeUtA2PAH5nvNhaP5RJJdOi0N+r12mYsSFk9TF+yIpXzBhFt2z/AYA=&u=U2FsdGVkX1+QRZWgDTG0ErQrhuZPHfKGbqm/0ZCKRbzxrJQm/bfa/9BvJwdw8PJS&y=U2FsdGVkX1/UFu+HCgzpwZrSzjwN8Bfp8NxU1x6s11mt9BUFSK86Pcaf1csC+eNI HTTP/1.1" 200 3437
186.102.76.182 - - [18/Jun/2023:18:00:18 -0500] "GET /kwssiamovil/sm/acme/s?s=U2FsdGVkX19CSDML90aB3tPGJTlFsOVJJBbO2SzHR8OrYvVzN1c0xUKheJ4jXi0urWPs8yaUwH2jVPvtKKGGXUbbMu6Gnxdgyl9rsYUSkBQLasEbUJzaDVHc4yE7NRI/ZR2wXlUqibwAl3U/oIvmpEsV1LfEobIdwgPPnTlXAGaosbzE+ZCvg3TjXCE/KnYaUM7yzAYqlOaA79SjinD+iFXqPOSxkFvp2IQdwKQS9x7Bo69nWPV7YnLZ2Q86andGZB0uiq/pvN0MRabJ+Ol7753wXnRM1UJZ0nRlSOHgMvpCd7AinU131GCA6nh1tx1RQzHbOuwQpbxURQM6cMwYpwUTgNRkHrPhxCIIJsSgnc4=&u=U2FsdGVkX1+QRZWgDTG0ErQrhuZPHfKGbqm/0ZCKRbzxrJQm/bfa/9BvJwdw8PJS&y=U2FsdGVkX1/UFu+HCgzpwZrSzjwN8Bfp8NxU1x6s11mt9BUFSK86Pcaf1csC+eNI HTTP/1.1" 200 196
186.102.76.182 - - [18/Jun/2023:18:00:18 -0500] "GET /kwssiamovil/sm/cjson/pre?f=1&x=U2FsdGVkX18Qrdz1J8XEzA+gD3KjYHi1MkI6eJMCV4FmXFnwag3/eI3mXXgEsb4f HTTP/1.1" 200 31032
201.245.192.253 - - [18/Jun/2023:18:00:33 -0500] "POST /kwsrmcab/Wsrmcab  HTTP/1.1" 200 40957
152.203.235.245 - - [18/Jun/2023:18:01:09 -0500] "OPTIONS /kwssiamovil/sm/setfile/f? HTTP/1.1" 200 13
152.203.235.245 - - [18/Jun/2023:18:01:09 -0500] "POST /kwssiamovil/sm/setfile/f? HTTP/1.1" 200 381
152.203.235.245 - - [18/Jun/2023:18:01:12 -0500] "OPTIONS /kwssiamovil/sm/setfile/f? HTTP/1.1" 200 13
152.203.235.245 - - [18/Jun/2023:18:01:12 -0500] "POST /kwssiamovil/sm/setfile/f? HTTP/1.1" 200 381
152.203.235.245 - - [18/Jun/2023:18:01:14 -0500] "OPTIONS /kwssiamovil/sm/setfile/f? HTTP/1.1" 200 13
152.203.235.245 - - [18/Jun/2023:18:01:14 -0500] "POST /kwssiamovil/sm/setfile/f? HTTP/1.1" 200 381
152.203.235.245 - - [18/Jun/2023:18:01:16 -0500] "OPTIONS /kwssiamovil/sm/setfile/f? HTTP/1.1" 200 13
152.203.235.245 - - [18/Jun/2023:18:01:16 -0500] "POST /kwssiamovil/sm/setfile/f? HTTP/1.1" 200 381
216.245.221.92 - - [18/Jun/2023:18:01:40 -0500] "HEAD / HTTP/1.1" 200 -
152.203.235.245 - - [18/Jun/2023:18:01:57 -0500] "GET /kwssiamovil/sm/acme/a?s=U2FsdGVkX18zTPzr6ftKC+yg91qBYgaG4FnpcIkQq9KvutSyZODtEWg3OXC6xIQtTENVUedxT/K22ZMMMfTU3tTbWHOiSL1NkmXDCU31YkJYx0ylqgn9X9km9BV7vL1Mf2uNwED1ips66femBMWAxV3f3djEPC5zrUk8c3GtnnNCCqAjtMdXHhVZa5JkjsbMK3dOj1OHkHJT/Gc28p3RiYY4LdtCjrzKIokvxDPpHf7JhgxZBkfk0HPorU6s8sIW7a4HV+4E14A8SKkplV3Pbg==&u=U2FsdGVkX18Z8TfSlXLHBoUNA6ofZv5nQZntBgRK2m1nleIFeFGkx2L4tes89n0A&y=U2FsdGVkX1+RLmTy36xHFL1HVJfwk2Hqt2TvTPlBQx2bWLw8VVfGIaafQju7Jqr/ HTTP/1.1" 200 26
152.203.235.245 - - [18/Jun/2023:18:01:58 -0500] "GET /kwssiamovil/sm/acme/a?s=U2FsdGVkX1+ArI4VKszGDjAOCT7DSPfd1ZkFk/zRl0ouqEII0/p3HWfn7E9dXX6q1eBOmxzpDCFum4ZG1s2YSr090Jb+zbspNYbg78OhoF9NT/NiOXLXGQGcclLkzg/+ssei87SI0RplTNYosBXxjVkY2+/+zbdevjXLzxB/U2CoXKSZzXqesR3lQDGmXuiY+YkjmLe4VlTAkXP72VNfdFKRTj5bsK8zzgm53FyonSQs103p9YPy+wcncPwdeWxprCH7M5hJnqPgoOM25mnRlJR161TgrzopgbOxIgFkHcz58pNKynDMe1EwhTQoKsd0nghm5ifEwCvchLNpAAre2inN315rZWDyRHhQzcszhI+k1krnkot5rrtjHujJ2YMWEsb5G1SCcblOmMlQ647eqlxtVkjUZz5y8RGuGyRf6CqCTcHGwEmdFMfiu1CpOvpvlLvp9WLDXMEeOhBJawg7alAaRGFj14lnAXeFC9wm9lIHje6paeom+7/jxGKUiQcKH+AboKBa+wPVeO3Nzup5UYYgYOZzECeASyBpLtBb/j19i87mXlUYdayF+JRjt8MK36yWw8f9kSWHHvFgbxdU7fWgKbS6Ryg/yHeGL/w6xqpgAEXM1qSRcveRn64xzOSrbUkhk8nmgX+pVenFFw1xPIGHlQXgTy3QL1VkWWSP43vqfHKhgNAhkWUbaeEElB55LNXh0FU6PvwXEH4nImUpH831h1WOTknQ83CXhfN1BMFoaWY3mwi/2wqKdmTqnD5uoQTblMmxQWcg3hNhlpku6qFP8TfcUrvb4tqOh2wpNRw2A/UR2pTQC36KprbKDLg6f48FZCCdYV1pB34j7MROWdU5hf96X30RQAG4WKjusPGVlCOZwK2hvcRDX7CxTTPqBVNU7/gXQFwUfjr84BXSsI4Rxc4hHD7rgnTyHN50qcC139jyYKxZfjgofu4PgOwZKlzE0PemDThkiAu39Q6ztMKXyzT8soDmEIRkrAaR81wwJcjrUZ0yO93bL+d+UTcd0yY/072Ek7nzbixgLME6J/Tt3eHqUi9KcXbbnSD/mLDckTM6dc42wF9f+6M9I9FHfbVtztpzHP939A9RcR6Qn+BJX4iUIWr2CuQzFErwlyt9trklDultHhOf3vnwYy4ctmNDLxufKX8dsy6FToobFTb5HMrCdM5ovdozsFuKsL7EWRfoyW5YPdNJGVwQsaRM2eogxQQGle+U9Mun1HnLSw==&u=U2FsdGVkX18Z8TfSlXLHBoUNA6ofZv5nQZntBgRK2m1nleIFeFGkx2L4tes89n0A&y=U2FsdGVkX1+RLmTy36xHFL1HVJfwk2Hqt2TvTPlBQx2bWLw8VVfGIaafQju7Jqr/ HTTP/1.1" 200 26
152.203.235.245 - - [18/Jun/2023:18:01:58 -0500] "GET /kwssiamovil/sm/acme/a?s=U2FsdGVkX1+g7EgD5CKxchP3+LaWJa5nJm2ZuuOtcw6+l/IddIHUbM3EJrrViR7mmSmtq3Krloh1icI90L2JAowceZq/u81TSdgY/wZHaHR47/gKvk24a+A58N+YiBeuwgV/CboUIUPoexgUTmjcdqaIF7F3vQ7N6X4ksR2zFwY=&u=U2FsdGVkX18Z8TfSlXLHBoUNA6ofZv5nQZntBgRK2m1nleIFeFGkx2L4tes89n0A&y=U2FsdGVkX1+RLmTy36xHFL1HVJfwk2Hqt2TvTPlBQx2bWLw8VVfGIaafQju7Jqr/ HTTP/1.1" 200 26
152.203.235.245 - - [18/Jun/2023:18:01:58 -0500] "GET /kwssiamovil/sm/acme/a?s=U2FsdGVkX1+FerZ/h3iTS3u4Jf4/umzWJ/tnSx3ewn1jhQB8HB2hakCuXn0PTsu2g9LWbXKTCWBRlyHNXRPw6wUKjGTxHbUike4SfV0SSpr3MmhT66Jnnbg+HhAx2SRZ0emrkxb7tD5gcKqfIwIKjVPwvi8WpnZOrKfVBar3ipI=&u=U2FsdGVkX18Z8TfSlXLHBoUNA6ofZv5nQZntBgRK2m1nleIFeFGkx2L4tes89n0A&y=U2FsdGVkX1+RLmTy36xHFL1HVJfwk2Hqt2TvTPlBQx2bWLw8VVfGIaafQju7Jqr/ HTTP/1.1" 200 26
152.203.235.245 - - [18/Jun/2023:18:01:58 -0500] "GET /kwssiamovil/sm/acme/a?s=U2FsdGVkX1/QU6Gl2HY0+bNM92WXdtAMtsRTUqXVLp6ze7+K/YfZMd9S6fLbN613ZYb8BaWlS1pjCWTk3jvyMswc7k2h0IqXltQJo8ypWIc/f80IUFOv4JQftt2tIVdnL3bFZQ4u8hBmzmXRgVR04kggqqgiUiULW2MJaK4HQNY=&u=U2FsdGVkX18Z8TfSlXLHBoUNA6ofZv5nQZntBgRK2m1nleIFeFGkx2L4tes89n0A&y=U2FsdGVkX1+RLmTy36xHFL1HVJfwk2Hqt2TvTPlBQx2bWLw8VVfGIaafQju7Jqr/ HTTP/1.1" 200 26
152.203.235.245 - - [18/Jun/2023:18:01:58 -0500] "GET /kwssiamovil/sm/acme/a?s=U2FsdGVkX18fMWdOQPce/i2y4HKRVBjJcLvt0APreU7qk+OFnZvJhfhvD9TDCqAqYSany6EtUmcmwzS2MiZf7iHT3u1YaRCXscD5nhQB0gQ32Bqw6VzUYAZyDgkPw6NUo0hleS31tEOfOvSBz9bJ1YVnCcQ/BgGZ8TPHThN5cqvQ02shbv0gFnOXIjAFZ67HWOiOBlX7JfaMIfU+ISK4zA==&u=U2FsdGVkX18Z8TfSlXLHBoUNA6ofZv5nQZntBgRK2m1nleIFeFGkx2L4tes89n0A&y=U2FsdGVkX1+RLmTy36xHFL1HVJfwk2Hqt2TvTPlBQx2bWLw8VVfGIaafQju7Jqr/ HTTP/1.1" 200 26
152.203.235.245 - - [18/Jun/2023:18:01:58 -0500] "GET /kwssiamovil/sm/acme/a?s=U2FsdGVkX1/GqbuSN2S06PvJ5f96U3ylSKo8aaRaeZGlCN3UyB2RrZXMIIdqOqnM5laj2v+opfkkF0HG5lRAfrM65IoTCfvjuKbEUGI6woWbY3QST7QkMp5ZH2bWDlmNlVOebRp5a14X+3FX9yYlshuSuFoFmdimfnS82vulD28GuuY83yb29eJSPJQc3/3k0DuhZZ5OTcpztjDUG1Dpyw==&u=U2FsdGVkX18Z8TfSlXLHBoUNA6ofZv5nQZntBgRK2m1nleIFeFGkx2L4tes89n0A&y=U2FsdGVkX1+RLmTy36xHFL1HVJfwk2Hqt2TvTPlBQx2bWLw8VVfGIaafQju7Jqr/ HTTP/1.1" 200 26
152.203.235.245 - - [18/Jun/2023:18:01:59 -0500] "GET /kwssiamovil/sm/acme/a?s=U2FsdGVkX1+xV/FClzHhLBhCXO5b+15rbSRV0rZhrwX5UlCiyyMFa8YiDnsurH1MIViWw73/HpRMCFhtBqWZU7jdko89SKKe2dJ9jkBHc2ei31wD2O1aVLIqL9Kd833LseCLlxhcWFZIp6ZZ6/rhIkW1nz0hCDGPibTTRdSYwhLpcLxKMDwAywNhZuOQATC4&u=U2FsdGVkX18Z8TfSlXLHBoUNA6ofZv5nQZntBgRK2m1nleIFeFGkx2L4tes89n0A&y=U2FsdGVkX1+RLmTy36xHFL1HVJfwk2Hqt2TvTPlBQx2bWLw8VVfGIaafQju7Jqr/ HTTP/1.1" 200 26
152.203.235.245 - - [18/Jun/2023:18:01:59 -0500] "GET /kwssiamovil/sm/acme/a?s=U2FsdGVkX1/oyGY8gX0VZQILeQ9nNbMnvLyb2gbUWVDQEn0G1JV9FIm/55NJgW1k/ONpYU/br5pQU+D6sCHOFWsA7Cv20CtJ0xlDBChU0FxGJpL0N9JKvaZE4bY2v4vsUZfbruGPvnd69B6FhjF+nzGBgyv+AtmLXlDNamy4v4+ImGBR94dR/0v33E81IlFqtJiVjwgaBWEviGvLpzhvqg==&u=U2FsdGVkX18Z8TfSlXLHBoUNA6ofZv5nQZntBgRK2m1nleIFeFGkx2L4tes89n0A&y=U2FsdGVkX1+RLmTy36xHFL1HVJfwk2Hqt2TvTPlBQx2bWLw8VVfGIaafQju7Jqr/ HTTP/1.1" 200 26
152.203.235.245 - - [18/Jun/2023:18:01:59 -0500] "GET /kwssiamovil/sm/acme/a?s=U2FsdGVkX184ea6Z4Q+/xJwUb7UNkkQuDb9fhfcadijcLK8m5Il607DCOUafYTwx/VjEj/iq6DAd9l0NQK5yuI6KJEK1dYv6eqZWSxLvSN84h2DXY3d/mrdeCwahpMfXIYu91vqidnWwmZivA2r9d140K1wfLdriyNwYSsj7fMq31EarBiGBzOQ9qrHp+1z8&u=U2FsdGVkX18Z8TfSlXLHBoUNA6ofZv5nQZntBgRK2m1nleIFeFGkx2L4tes89n0A&y=U2FsdGVkX1+RLmTy36xHFL1HVJfwk2Hqt2TvTPlBQx2bWLw8VVfGIaafQju7Jqr/ HTTP/1.1" 200 26
152.203.235.245 - - [18/Jun/2023:18:01:59 -0500] "GET /kwssiamovil/sm/acme/a?s=U2FsdGVkX18Ej1LPPaA6zQ/K+V5ilPw7+CZoVgI/8DLKX59bkSaDRhG9EfKfNuzYbxMMQYOrmlbUJAPcIDnn9aZAozWB9dANN14hO1LfrOgNiaFP0HkiGUhrpn2HH0dZe5x53vpFK8g2I6NKnO3DZFCvQh2hlnuWd03cq3CtRfAhUpVa3FTL7jfUxSx1h1xjOLGA4LHnNA8EZnixAjQLaQ==&u=U2FsdGVkX18Z8TfSlXLHBoUNA6ofZv5nQZntBgRK2m1nleIFeFGkx2L4tes89n0A&y=U2FsdGVkX1+RLmTy36xHFL1HVJfwk2Hqt2TvTPlBQx2bWLw8VVfGIaafQju7Jqr/ HTTP/1.1" 200 26
152.203.235.245 - - [18/Jun/2023:18:01:59 -0500] "GET /kwssiamovil/sm/acme/a?s=U2FsdGVkX19eskMFzeJdiZihN7sxHMZROXZoJk029zynWASGPaWNMMpXC9uXed2uZUhLDeQ2RQml9g3AjNQfF9rbYKwwnxuPUzjFTZDAnY7+uCoVpPGlGOicYTGcWlbz402vb2gjJhmoJSaXji3pXwCWXblvvI4QSdcCR0Uh8++huLuHzz9Y2Gu7G991REj+&u=U2FsdGVkX18Z8TfSlXLHBoUNA6ofZv5nQZntBgRK2m1nleIFeFGkx2L4tes89n0A&y=U2FsdGVkX1+RLmTy36xHFL1HVJfwk2Hqt2TvTPlBQx2bWLw8VVfGIaafQju7Jqr/ HTTP/1.1" 200 26
152.203.235.245 - - [18/Jun/2023:18:01:59 -0500] "GET /kwssiamovil/sm/acme/a?s=U2FsdGVkX19se59bbry/PCepkBiv/U27uN+vHIfk1Xy1XYsxRxANlunZsKKN+CIdgzm3wSBRLy6eG74vjh46Q1kKg+sBP1DKHzARhyX53qiq8Q7gXDpekatq/Lju64aBesgP8jf5WXZ1OJL0fONTz07pdCSvn6NO7kMT8QIC2RYUPJxfRwW2HNTbCkPKRLF3BcV/vswcjDnuh5Cmqtp2ww==&u=U2FsdGVkX18Z8TfSlXLHBoUNA6ofZv5nQZntBgRK2m1nleIFeFGkx2L4tes89n0A&y=U2FsdGVkX1+RLmTy36xHFL1HVJfwk2Hqt2TvTPlBQx2bWLw8VVfGIaafQju7Jqr/ HTTP/1.1" 200 26
152.203.235.245 - - [18/Jun/2023:18:01:59 -0500] "GET /kwssiamovil/sm/acme/a?s=U2FsdGVkX19G6uVIBu+m6ybi6Arr61KB6Z86/hPnUomNn75VUnTdV8NPs1zDzdManmt/3FBGDWqeZEi8xMSH5trCd/vB8S7NzzUneWMFZeR5LweqUXvt5EeB4u/ixIryENewLLjmSGVmsrjVRvmVw7a6a8vR2hL8rRzR3w3P5GMr+lo/bYAJB1ON4P8q9eCG&u=U2FsdGVkX18Z8TfSlXLHBoUNA6ofZv5nQZntBgRK2m1nleIFeFGkx2L4tes89n0A&y=U2FsdGVkX1+RLmTy36xHFL1HVJfwk2Hqt2TvTPlBQx2bWLw8VVfGIaafQju7Jqr/ HTTP/1.1" 200 26
172.22.2.4 - - [18/Jun/2023:18:03:34 -0500] "GET /BLA/boletinlegal/consulta_actos.php?tipo=resoluciones&no=2204&usuario=&sector=&fecha=2021&resuelve= HTTP/1.1" 200 1268
186.29.133.52 - - [18/Jun/2023:18:03:40 -0500] "GET /BLA/resoluciones/RESOLUCIONES%202021/2204.pdf HTTP/1.1" 200 862320
172.22.2.4 - - [18/Jun/2023:18:02:30 -0500] "HEAD /BLA/boletinlegal/ HTTP/1.1" 200 -
172.22.2.4 - - [18/Jun/2023:18:03:21 -0500] "GET /BLA/boletinlegal/ HTTP/1.1" 200 58825
173.252.95.118 - - [18/Jun/2023:18:05:13 -0500] "GET /fima-2023-mas-de-700-personas-asistieron-al-stand-de-la-secretaria-de-ambiente.html HTTP/1.1" 200 857
173.252.79.119 - - [18/Jun/2023:18:05:19 -0500] "GET /fima-2023-mas-de-700-personas-asistieron-al-stand-de-la-secretaria-de-ambiente.html HTTP/1.1" 200 857
201.245.192.253 - - [18/Jun/2023:18:05:32 -0500] "POST /kwsrmcab/Wsrmcab  HTTP/1.1" 200 40957
216.245.221.92 - - [18/Jun/2023:18:06:40 -0500] "HEAD / HTTP/1.1" 200 -
172.22.2.4 - - [18/Jun/2023:18:08:20 -0500] "HEAD /BLA/boletinlegal/ HTTP/1.1" 200 -
201.245.192.253 - - [18/Jun/2023:18:10:32 -0500] "POST /kwsrmcab/Wsrmcab  HTTP/1.1" 200 40957
172.22.2.4 - - [18/Jun/2023:18:09:11 -0500] "GET /BLA/boletinlegal/ HTTP/1.1" 200 59192
216.245.221.92 - - [18/Jun/2023:18:11:40 -0500] "HEAD / HTTP/1.1" 200 -
157.240.201.207 - - [18/Jun/2023:18:13:56 -0500] "GET /proyecto-avantia-con-la-union-europea-busca-especialista-en-cambio-climatico.html HTTP/1.1" 206 814
201.245.192.253 - - [18/Jun/2023:18:15:31 -0500] "POST /kwsrmcab/Wsrmcab  HTTP/1.1" 200 40957
172.22.2.4 - - [18/Jun/2023:18:14:10 -0500] "HEAD /BLA/boletinlegal/ HTTP/1.1" 200 -
216.245.221.92 - - [18/Jun/2023:18:16:40 -0500] "HEAD / HTTP/1.1" 200 -
172.22.2.4 - - [18/Jun/2023:18:15:01 -0500] "GET /BLA/boletinlegal/ HTTP/1.1" 200 59192
173.252.127.118 - - [18/Jun/2023:18:16:58 -0500] "GET /proyecto-avantia-con-la-union-europea-busca-especialista-en-cambio-climatico.html HTTP/1.1" 206 814
173.252.107.7 - - [18/Jun/2023:18:17:11 -0500] "GET /proyecto-avantia-con-la-union-europea-busca-especialista-en-cambio-climatico.html HTTP/1.1" 206 814
52.167.144.90 - - [18/Jun/2023:18:18:15 -0500] "GET /BLA/resoluciones/AUTOS%202021/2197.pdf HTTP/1.1" 304 -
66.249.77.8 - - [18/Jun/2023:18:20:18 -0500] "-" 408 -
201.245.192.253 - - [18/Jun/2023:18:20:17 -0500] "POST /kwsrmcab/Wsrmcab HTTP/1.1" 200 40492
201.245.192.253 - - [18/Jun/2023:18:20:20 -0500] "POST /kwsrmcab/Wsrmcab HTTP/1.1" 200 35851
201.245.192.253 - - [18/Jun/2023:18:20:30 -0500] "POST /kwsrmcab/Wsrmcab  HTTP/1.1" 200 40957
216.245.221.92 - - [18/Jun/2023:18:21:40 -0500] "HEAD / HTTP/1.1" 200 -
172.22.2.4 - - [18/Jun/2023:18:20:00 -0500] "HEAD /BLA/boletinlegal/ HTTP/1.1" 200 -
172.22.2.4 - - [18/Jun/2023:18:20:51 -0500] "GET /BLA/boletinlegal/ HTTP/1.1" 200 57272
173.252.79.120 - - [18/Jun/2023:18:23:52 -0500] "GET /proyecto-avantia-con-la-union-europea-busca-especialista-en-cambio-climatico.html HTTP/1.1" 200 814
173.252.79.2 - - [18/Jun/2023:18:23:58 -0500] "GET /proyecto-avantia-con-la-union-europea-busca-especialista-en-cambio-climatico.html HTTP/1.1" 206 814
201.245.192.253 - - [18/Jun/2023:18:25:28 -0500] "POST /kwsrmcab/Wsrmcab  HTTP/1.1" 200 40957
216.245.221.92 - - [18/Jun/2023:18:26:40 -0500] "HEAD / HTTP/1.1" 200 -
172.22.2.4 - - [18/Jun/2023:18:25:50 -0500] "HEAD /BLA/boletinlegal/ HTTP/1.1" 200 -
173.252.79.117 - - [18/Jun/2023:18:27:38 -0500] "GET /images/aire-bogota.jpeg HTTP/1.1" 200 169194
172.22.2.4 - - [18/Jun/2023:18:26:41 -0500] "GET /BLA/boletinlegal/ HTTP/1.1" 200 57680
201.245.192.253 - - [18/Jun/2023:18:30:18 -0500] "POST /kwsrmcab/Wsrmcab HTTP/1.1" 200 40492
201.245.192.253 - - [18/Jun/2023:18:30:21 -0500] "POST /kwsrmcab/Wsrmcab HTTP/1.1" 200 35851
201.245.192.253 - - [18/Jun/2023:18:30:27 -0500] "POST /kwsrmcab/Wsrmcab  HTTP/1.1" 200 40957
172.22.2.4 - - [18/Jun/2023:18:31:25 -0500] "GET /BLA/boletinlegal/jurisprudencia/analisis/CUADRO%20ANALISIS%20SENTENCIA%20T-411%20DE%201992.doc HTTP/1.1" 304 -
216.245.221.92 - - [18/Jun/2023:18:31:40 -0500] "HEAD / HTTP/1.1" 200 -
173.252.127.7 - - [18/Jun/2023:18:31:51 -0500] "GET /images/Sello%201%20JA-2.jpeg HTTP/1.1" 200 42236
172.22.2.4 - - [18/Jun/2023:18:32:18 -0500] "GET /BLA/boletinlegal/Circulares/023/CIRCULAR%20No.%2000005%20DEL%2013DE%20JUNIO%20DEL%202023.pdf HTTP/1.1" 404 1037
172.22.2.4 - - [18/Jun/2023:18:31:40 -0500] "HEAD /BLA/boletinlegal/ HTTP/1.1" 200 -
172.22.2.4 - - [18/Jun/2023:18:32:31 -0500] "GET /BLA/boletinlegal/ HTTP/1.1" 200 54942
172.22.2.4 - - [18/Jun/2023:18:34:16 -0500] "GET /BLA/boletinlegal/geoserver HTTP/1.1" 404 1018
172.22.2.4 - - [18/Jun/2023:18:33:24 -0500] "GET /BLA/boletinlegal/ HTTP/1.1" 200 59192
201.245.192.253 - - [18/Jun/2023:18:35:26 -0500] "POST /kwsrmcab/Wsrmcab  HTTP/1.1" 200 40957
216.245.221.92 - - [18/Jun/2023:18:36:40 -0500] "HEAD / HTTP/1.1" 200 -
172.22.2.4 - - [18/Jun/2023:18:37:22 -0500] "GET /BLA/boletinlegal/Circulares/2019/.pdf HTTP/1.1" 404 1218
172.22.2.4 - - [18/Jun/2023:18:37:30 -0500] "GET /BLA/boletinlegal/Circulares/2012/Circular%20No.%2010%20del%2026%20de%20Enero%20de%202012.pdf HTTP/1.1" 404 1218
69.171.231.4 - - [18/Jun/2023:18:39:07 -0500] "GET /images/Reciclaton-2023.jpg HTTP/1.1" 200 68883
172.22.2.4 - - [18/Jun/2023:18:37:30 -0500] "HEAD /BLA/boletinlegal/ HTTP/1.1" 200 -
40.77.167.113 - - [18/Jun/2023:18:39:17 -0500] "GET /BLA/resoluciones/RESOLUCIONES%202021/4336.pdf HTTP/1.1" 200 480254
172.22.2.4 - - [18/Jun/2023:18:38:20 -0500] "GET /BLA/boletinlegal/ HTTP/1.1" 200 52495
201.245.192.253 - - [18/Jun/2023:18:40:17 -0500] "POST /kwsrmcab/Wsrmcab HTTP/1.1" 200 40492
201.245.192.253 - - [18/Jun/2023:18:40:20 -0500] "POST /kwsrmcab/Wsrmcab HTTP/1.1" 200 35851
201.245.192.253 - - [18/Jun/2023:18:40:25 -0500] "POST /kwsrmcab/Wsrmcab  HTTP/1.1" 200 40957
216.245.221.92 - - [18/Jun/2023:18:41:40 -0500] "HEAD / HTTP/1.1" 200 -
152.203.235.245 - - [18/Jun/2023:18:42:55 -0500] "OPTIONS /kwssiamovil/sm/setfile/f? HTTP/1.1" 200 13
152.203.235.245 - - [18/Jun/2023:18:42:56 -0500] "POST /kwssiamovil/sm/setfile/f? HTTP/1.1" 200 381
152.203.235.245 - - [18/Jun/2023:18:42:58 -0500] "OPTIONS /kwssiamovil/sm/setfile/f? HTTP/1.1" 200 13
152.203.235.245 - - [18/Jun/2023:18:42:58 -0500] "POST /kwssiamovil/sm/setfile/f? HTTP/1.1" 200 381
152.203.235.245 - - [18/Jun/2023:18:43:00 -0500] "OPTIONS /kwssiamovil/sm/setfile/f? HTTP/1.1" 200 13
152.203.235.245 - - [18/Jun/2023:18:43:01 -0500] "POST /kwssiamovil/sm/setfile/f? HTTP/1.1" 200 381
152.203.235.245 - - [18/Jun/2023:18:43:02 -0500] "OPTIONS /kwssiamovil/sm/setfile/f? HTTP/1.1" 200 13
152.203.235.245 - - [18/Jun/2023:18:43:03 -0500] "POST /kwssiamovil/sm/setfile/f? HTTP/1.1" 200 381
152.203.235.245 - - [18/Jun/2023:18:43:43 -0500] "GET /kwssiamovil/sm/acme/a?s=U2FsdGVkX1/7ssqcDko9jb0bdn+niGUwI6XbTpbtTfaZP0crsNYbikK7Td6XU9hHWHVqlQuynJyAAu1R3PFS9GqFsrOe4GDW6m6KsQbkPqWj+bVuX4O8LfM14hN2rrMVik/H4vkQIwXx22mzOHV1Dnt9FJlepFLadQN6u5LDR3IQqtCvUbu7Qwn+L7/UKnllXkKcInk83wVXxkllVOSP1JFN4w1QX6ZHVqIp4XCliBk6/GXZiXWlQI7W95nMiU2pYSZ/a1s1bwPgLLV17M53wQ==&u=U2FsdGVkX18Z8TfSlXLHBoUNA6ofZv5nQZntBgRK2m1nleIFeFGkx2L4tes89n0A&y=U2FsdGVkX1+RLmTy36xHFL1HVJfwk2Hqt2TvTPlBQx2bWLw8VVfGIaafQju7Jqr/ HTTP/1.1" 200 26
152.203.235.245 - - [18/Jun/2023:18:43:44 -0500] "GET /kwssiamovil/sm/acme/a?s=U2FsdGVkX19NsbewHdUhyU2uyMMjDN3eKAb3rDFlI96uaWFKBG8tI47KYzig4xw7O02fDtylul2VGXAidp42zrUt7liegSwaG16CCehuTZclGSSRlixPdM9LX8hcxSrwKKthxdmVGv0KgsBVp+RrRfODE9H8ees/hB9Yt/3XuPkLTh7CdBFDd1RTlcWa5cifJNe7B3xS5y7ADpTy0s0E2FXiDATOms+89nRyNJtKNU+C4GR03cQJdbPsquU6weJFQAGlbfKLAxGCB44Z6tHfMl6PwhRcunTkBMlBchMy53Cw/aTAkG3frCbMY9Inxq4Xsy6S2PcSmbIln9hPqFHhprHjvDQt9mkRUCbdoE90K8f1xjLXdREtVEKzS7NVtvKh0n/KdGDP+Icb6gmMP8zM76IrBuELOcGDB1qdmIViWAQqU/CKqDFVRZYEmsw9Z625k2GbA4107bbVre1QCdGesDx4rafdTyBgEX/pgPB2ne6OOPC/2gCoHO6kEM4WkD4caKmCvbTtCg0gIBXs5fDsnW7b/kj82MDZv7SvDuq4NPAzlnwbRapkoIWtd+FSeyUNgrhlxHY/INxl1BQIUg1+UfOfEri+2XIcPQsqpEvvAjqTkUCJdozuCE1lLZ6KsROP4298rVqJ8YliRaNgtUgWoRxw5p9Pd05d6DwlTo3/JRUctXKIpqmiGA//6ALh1PnZo/p0SlVWVF/zQEYK3klHmGtjCHq6BNCTxBQCxuKPHvly/YjJFftOxZwx/8H7Ltf8NCNREMM8+lgk7BFGRfhCQqazxcmaQaCTAMeRyn/l23qdBtQvqlGrpkjGdIKkTcwP6SDdTGe2r5aqUxmkCsqZSlOvlczKEBHNbToMDqKSmDqQBmWa0yUWbdkytT5yQxaaH5vJlES2bzz5PzOyhfkOvv/VPaq+7ooGwSOX3JDS9Yd1MxupijSUjNtfc00UeKfw+xFeTWdsEeFWo0kVAl7CjwMjchDwozQnvM4L1h5CdwWMscOae+8R8fBZ2KvyQSwct/8YyqdzrUp+OrEVsuXa07kP3YcSIjd43lttehsVv9c=&u=U2FsdGVkX18Z8TfSlXLHBoUNA6ofZv5nQZntBgRK2m1nleIFeFGkx2L4tes89n0A&y=U2FsdGVkX1+RLmTy36xHFL1HVJfwk2Hqt2TvTPlBQx2bWLw8VVfGIaafQju7Jqr/ HTTP/1.1" 200 26
152.203.235.245 - - [18/Jun/2023:18:43:44 -0500] "GET /kwssiamovil/sm/acme/a?s=U2FsdGVkX19joKuxmg1QE0J+MVQj/NLCU3ZCM7vaBTZhZT+ASkcA4iees9M5KIH0Szc3PAw+rNCcO8dEK4/A2J6ww1FwYlbf/wzK2vme1epab9hIRKCrYy7uqSmfQVUQelBRH/UivE+hl4T5c1jFQbSwLg/bv4V+tDc29zb5uSw=&u=U2FsdGVkX18Z8TfSlXLHBoUNA6ofZv5nQZntBgRK2m1nleIFeFGkx2L4tes89n0A&y=U2FsdGVkX1+RLmTy36xHFL1HVJfwk2Hqt2TvTPlBQx2bWLw8VVfGIaafQju7Jqr/ HTTP/1.1" 200 26
152.203.235.245 - - [18/Jun/2023:18:43:44 -0500] "GET /kwssiamovil/sm/acme/a?s=U2FsdGVkX19RRPmZPznfs5FE2GOKalo07NK+hJcs6oCQju/YjlwaTqM8XF0dfxJQ51r1hQUxTbJN4GJaRo1kwdsg4ESBdRpzmo3wraR2TJmAHd0ifryCrMsixBbppJfwjgcpJpIcs2h8mv0GPd+LywIbow9WwlGJQ27r7HeVwHQ=&u=U2FsdGVkX18Z8TfSlXLHBoUNA6ofZv5nQZntBgRK2m1nleIFeFGkx2L4tes89n0A&y=U2FsdGVkX1+RLmTy36xHFL1HVJfwk2Hqt2TvTPlBQx2bWLw8VVfGIaafQju7Jqr/ HTTP/1.1" 200 26
152.203.235.245 - - [18/Jun/2023:18:43:44 -0500] "GET /kwssiamovil/sm/acme/a?s=U2FsdGVkX1//QMfLIAx2x2IjF9EvVdD+WAMQA1oUcKIQXzhnh2t4I4f883FaEtbJaxWIrpnROFV3z6RSHsTloaSP1g8SMUba9qJsQZDExyW4nxbpxNRRPlnrxC6o3xXGvAMqI3aKmEoohIjtlFDOxKDJgdCH7tn8MGaehxOZxbw=&u=U2FsdGVkX18Z8TfSlXLHBoUNA6ofZv5nQZntBgRK2m1nleIFeFGkx2L4tes89n0A&y=U2FsdGVkX1+RLmTy36xHFL1HVJfwk2Hqt2TvTPlBQx2bWLw8VVfGIaafQju7Jqr/ HTTP/1.1" 200 26
152.203.235.245 - - [18/Jun/2023:18:43:45 -0500] "GET /kwssiamovil/sm/acme/a?s=U2FsdGVkX1/o6Ovp3Ive3Hqj25bkoKO6HvXDBUTknnI2yW22hewdSixpjX03NwBMsKs4Fhmh26v6xiDIby9DevPS+25qqTz7GhdkTMOO9BMdiNWPWT48/sS/WFQ3Sx2NyDBNH4TWWleFvnEw+MrniSgDaVZtJhq5QYs5h67yLpvP6vn9X4Qoibwm7VEH3NKflKRGqVygavp541vTQufI9Q==&u=U2FsdGVkX18Z8TfSlXLHBoUNA6ofZv5nQZntBgRK2m1nleIFeFGkx2L4tes89n0A&y=U2FsdGVkX1+RLmTy36xHFL1HVJfwk2Hqt2TvTPlBQx2bWLw8VVfGIaafQju7Jqr/ HTTP/1.1" 200 26
152.203.235.245 - - [18/Jun/2023:18:43:45 -0500] "GET /kwssiamovil/sm/acme/a?s=U2FsdGVkX1+7GpXwr0RcaHOGR/ubb/NL+9Gj4FsAuOTMbMU/Jj3MOby1guPHFTfBb348pIK+7FCuHTmoizLNmHHgbVOqFOgYe9HwqRsBjAUIUDsSzsxT/gZ10gUXqSalDRjp//SpoZohlpk+vQ7G7zj99K2bqggrK+nOOCqVs/jtpSBO+wMe/bToELd2FSrpPvCRnE9AdFcsgRAycvjfTg==&u=U2FsdGVkX18Z8TfSlXLHBoUNA6ofZv5nQZntBgRK2m1nleIFeFGkx2L4tes89n0A&y=U2FsdGVkX1+RLmTy36xHFL1HVJfwk2Hqt2TvTPlBQx2bWLw8VVfGIaafQju7Jqr/ HTTP/1.1" 200 26
152.203.235.245 - - [18/Jun/2023:18:43:45 -0500] "GET /kwssiamovil/sm/acme/a?s=U2FsdGVkX18/1JiPnNrBkEMBg8Erjh/7dxYRFkPbhamA34RTbiVOB0bS7mT1jRXn29xgeQ9DNxBVqZLHP0BNZSqmnO2fud98iGXrRZ/meuSoE5geffvXPUe9ynATeqcDC/aIZl92CIXpG5rm59urtxiCAUha5IAQwnc2Z2Z3mQHLeTMZlJopEJHiOavEKXS8&u=U2FsdGVkX18Z8TfSlXLHBoUNA6ofZv5nQZntBgRK2m1nleIFeFGkx2L4tes89n0A&y=U2FsdGVkX1+RLmTy36xHFL1HVJfwk2Hqt2TvTPlBQx2bWLw8VVfGIaafQju7Jqr/ HTTP/1.1" 200 26
152.203.235.245 - - [18/Jun/2023:18:43:45 -0500] "GET /kwssiamovil/sm/acme/a?s=U2FsdGVkX19Lk45eDnuLeLqgPPNSf8YVDd2zG8KvmdcB+/Vtx7jq0VriebNCbAoEU/2p6v9CngYa5N1Wgh4SYM8un/XnlIciiqkzuXRoje1IdxV6prrp0go+W8QEcrr7Utx8IvSc6z4R04SUf2hy1GQQyFXPt+Rqb+kCVNUkeWNt/x3rjYAQ6SA2pnDj3QDi74HC4cR93Aju1o3b7CXeKw==&u=U2FsdGVkX18Z8TfSlXLHBoUNA6ofZv5nQZntBgRK2m1nleIFeFGkx2L4tes89n0A&y=U2FsdGVkX1+RLmTy36xHFL1HVJfwk2Hqt2TvTPlBQx2bWLw8VVfGIaafQju7Jqr/ HTTP/1.1" 200 26
152.203.235.245 - - [18/Jun/2023:18:43:45 -0500] "GET /kwssiamovil/sm/acme/a?s=U2FsdGVkX18HxZJatw3ClRKdsSMQ/VX0Nl+KdfItSONxlo6+H0OCR9AcwZLjvXfgKg3vrX7OfZOGYUr8Wm+aZvK+KEk2bHWnrY3pqVQUL4BqjJqJhqTiZP6PGo53VOJRckXgdEGBM0RZdGU9H8ue6prBkljIvOdHYh7CS373HjD/DuAIRhNxLnmHfP7jXVyo&u=U2FsdGVkX18Z8TfSlXLHBoUNA6ofZv5nQZntBgRK2m1nleIFeFGkx2L4tes89n0A&y=U2FsdGVkX1+RLmTy36xHFL1HVJfwk2Hqt2TvTPlBQx2bWLw8VVfGIaafQju7Jqr/ HTTP/1.1" 200 26
152.203.235.245 - - [18/Jun/2023:18:43:45 -0500] "GET /kwssiamovil/sm/acme/a?s=U2FsdGVkX195Mi7TacdwhTFPl7WYHYnbEyvZhLU93riiy7BUK4WBvfE94cwjE+0qA4v/ZhzQzqMwqoaNcvygF651YyKdlREiEhDE34OkhaEivkjgl7hUB2+2dXbragNNfwI+BZOtTrPAEe6tbjY0/5C1EYpd/A+sigd5r+xbZShaXkAI2AXMASFqyoxSX4KtIAONeX/kaPZ/yYiQohM3tA==&u=U2FsdGVkX18Z8TfSlXLHBoUNA6ofZv5nQZntBgRK2m1nleIFeFGkx2L4tes89n0A&y=U2FsdGVkX1+RLmTy36xHFL1HVJfwk2Hqt2TvTPlBQx2bWLw8VVfGIaafQju7Jqr/ HTTP/1.1" 200 26
152.203.235.245 - - [18/Jun/2023:18:43:46 -0500] "GET /kwssiamovil/sm/acme/a?s=U2FsdGVkX18JdrZJv4CjcwxzCXLaIhEvZTuwZQ25+MoTkwE3kNmjQLphlU1925O/AhbyUnw8zRHA7Zk1pG85ZXFYikw14dCSIZNrIEeorEbwuuK8S9coMnpBqV8pvENbaUPQZpRUAXOvzolTk+tYPBg4CFEp7PHj109dyeQXkK0RvTy5GyUlZl1zRvhHz593&u=U2FsdGVkX18Z8TfSlXLHBoUNA6ofZv5nQZntBgRK2m1nleIFeFGkx2L4tes89n0A&y=U2FsdGVkX1+RLmTy36xHFL1HVJfwk2Hqt2TvTPlBQx2bWLw8VVfGIaafQju7Jqr/ HTTP/1.1" 200 26
152.203.235.245 - - [18/Jun/2023:18:43:46 -0500] "GET /kwssiamovil/sm/acme/a?s=U2FsdGVkX1+yHWYcHoiXAb7w9/9xufKQkHX4apj0YpaXMmpPrWnyA+xZghwPMFjWDfIUmhg8SOAZRFvCQFdBLCzyUGN7IY/Ok32NL24hZPG/gsgjYDnM3duS1ob1731Hz7jXWSfIPehCJLTX8/+cF39pyYi+uyUU1I4urpuC46pHe+zjH3Upn9kYe91HCzDgJqABAbPNJ1AY5zDCWIDe4A==&u=U2FsdGVkX18Z8TfSlXLHBoUNA6ofZv5nQZntBgRK2m1nleIFeFGkx2L4tes89n0A&y=U2FsdGVkX1+RLmTy36xHFL1HVJfwk2Hqt2TvTPlBQx2bWLw8VVfGIaafQju7Jqr/ HTTP/1.1" 200 26
152.203.235.245 - - [18/Jun/2023:18:43:46 -0500] "GET /kwssiamovil/sm/acme/a?s=U2FsdGVkX1/hDcyK3w53ExUomxEibHRYrd/xkK0rG8W4aKr7b6ma+11UPdct/wyVp+LzYjnFf+iEjdQ4XwgxcW+zQCUiFwzaz54UUQmkKx3KviSLSwzMftsSR9n2c90lHC8IB8qUWs4nYR8D0bz5LoiRKZKRvnCFG++xT/LWAv6lEPN1eFYuW5heeGM7S1R1&u=U2FsdGVkX18Z8TfSlXLHBoUNA6ofZv5nQZntBgRK2m1nleIFeFGkx2L4tes89n0A&y=U2FsdGVkX1+RLmTy36xHFL1HVJfwk2Hqt2TvTPlBQx2bWLw8VVfGIaafQju7Jqr/ HTTP/1.1" 200 26
152.203.235.245 - - [18/Jun/2023:18:44:11 -0500] "GET /kwssiamovil/sm/acme/u?s=U2FsdGVkX1/qRcGZRZoNwZpvLtxiQEXHm/ZobgeqOhI60mrVyBut7bCb0UQu5rJY+5kHDLi57Sfkj7tD3g1D/4/FFK+oRANYIMEXEwa8lV0bqRhPm9/Coyjvejz+dJy1e7oOYVi/oSfvgjp89BE58nnORKQHTSaytgigUE8j7GA=&u=U2FsdGVkX18Z8TfSlXLHBoUNA6ofZv5nQZntBgRK2m1nleIFeFGkx2L4tes89n0A&y=U2FsdGVkX1+RLmTy36xHFL1HVJfwk2Hqt2TvTPlBQx2bWLw8VVfGIaafQju7Jqr/ HTTP/1.1" 200 60
172.22.2.4 - - [18/Jun/2023:18:43:20 -0500] "HEAD /BLA/boletinlegal/ HTTP/1.1" 200 -
201.245.192.253 - - [18/Jun/2023:18:45:24 -0500] "POST /kwsrmcab/Wsrmcab  HTTP/1.1" 200 40957
40.77.167.113 - - [18/Jun/2023:18:45:41 -0500] "GET /BLA/resoluciones/AUTOS%202021/2067.pdf HTTP/1.1" 304 -
172.22.2.4 - - [18/Jun/2023:18:44:11 -0500] "GET /BLA/boletinlegal/ HTTP/1.1" 200 56100
216.245.221.92 - - [18/Jun/2023:18:46:40 -0500] "HEAD / HTTP/1.1" 200 -
173.252.107.10 - - [18/Jun/2023:18:49:42 -0500] "GET /images/stand-secretaria-ambiente-fima.jpg HTTP/1.1" 200 42537
69.171.231.113 - - [18/Jun/2023:18:50:14 -0500] "GET /images/stand-secretaria-ambiente-fima.jpg HTTP/1.1" 200 42537
201.245.192.253 - - [18/Jun/2023:18:50:23 -0500] "POST /kwsrmcab/Wsrmcab  HTTP/1.1" 200 40957
172.22.2.4 - - [18/Jun/2023:18:49:10 -0500] "HEAD /BLA/boletinlegal/ HTTP/1.1" 200 -
216.245.221.92 - - [18/Jun/2023:18:51:40 -0500] "HEAD / HTTP/1.1" 200 -
172.22.2.4 - - [18/Jun/2023:18:50:01 -0500] "GET /BLA/boletinlegal/ HTTP/1.1" 200 57272
201.245.192.253 - - [18/Jun/2023:18:55:22 -0500] "POST /kwsrmcab/Wsrmcab  HTTP/1.1" 200 40957
66.249.77.9 - - [18/Jun/2023:18:56:39 -0500] "-" 408 -
216.245.221.92 - - [18/Jun/2023:18:56:40 -0500] "HEAD / HTTP/1.1" 200 -
172.22.2.4 - - [18/Jun/2023:18:55:00 -0500] "HEAD /BLA/boletinlegal/ HTTP/1.1" 200 -
172.22.2.4 - - [18/Jun/2023:18:55:50 -0500] "GET /BLA/boletinlegal/ HTTP/1.1" 200 59192
172.22.2.4 - - [18/Jun/2023:19:00:20 -0500] "GET /BLA/boletinlegal/actos.php HTTP/1.1" 200 9682
172.22.2.4 - - [18/Jun/2023:19:00:20 -0500] "GET /BLA/boletinlegal/styles2.css HTTP/1.1" 200 1838
172.22.2.4 - - [18/Jun/2023:19:00:20 -0500] "GET /BLA/boletinlegal/js/ajax_actos.js HTTP/1.1" 200 1322
172.22.2.4 - - [18/Jun/2023:19:00:20 -0500] "GET /BLA/boletinlegal/niceforms-default.css HTTP/1.1" 200 6694
172.22.2.4 - - [18/Jun/2023:19:00:20 -0500] "GET /BLA/boletinlegal/style.css HTTP/1.1" 200 9406
172.22.2.4 - - [18/Jun/2023:19:00:21 -0500] "GET /BLA/boletinlegal/niceforms.js HTTP/1.1" 200 22876
172.22.2.4 - - [18/Jun/2023:19:00:21 -0500] "GET /BLA/boletinlegal/js/lib.js HTTP/1.1" 200 6474
172.22.2.4 - - [18/Jun/2023:19:00:21 -0500] "GET /BLA/boletinlegal/js/popup.js HTTP/1.1" 200 1270
172.22.2.4 - - [18/Jun/2023:19:00:21 -0500] "GET /BLA/boletinlegal/js/jquery1.js HTTP/1.1" 200 29846
172.22.2.4 - - [18/Jun/2023:19:00:21 -0500] "GET /BLA/boletinlegal/images/cabezote%20BLEGAL.jpg HTTP/1.1" 200 118164
172.22.2.4 - - [18/Jun/2023:19:00:21 -0500] "GET /BLA/boletinlegal/images/subscribe-icon-big.png HTTP/1.1" 200 47702
172.22.2.4 - - [18/Jun/2023:19:00:21 -0500] "GET /BLA/boletinlegal/images/historia.png HTTP/1.1" 200 52775
172.22.2.4 - - [18/Jun/2023:19:00:21 -0500] "GET /BLA/boletinlegal/images/registro-usuarios.png HTTP/1.1" 200 8106
172.22.2.4 - - [18/Jun/2023:19:00:21 -0500] "GET /BLA/boletinlegal/images/green-yellow-blue-pink-th.png HTTP/1.1" 200 7394
172.22.2.4 - - [18/Jun/2023:19:00:21 -0500] "GET /BLA/boletinlegal/images/tel.png HTTP/1.1" 200 14477
172.22.2.4 - - [18/Jun/2023:19:00:21 -0500] "GET /BLA/boletinlegal/images/footer_bg.jpg HTTP/1.1" 200 586
172.22.2.4 - - [18/Jun/2023:19:00:21 -0500] "GET /BLA/boletinlegal/images/menu_lft.gif HTTP/1.1" 200 1713
172.22.2.4 - - [18/Jun/2023:19:00:21 -0500] "GET /BLA/boletinlegal/images/menu_rght.gif HTTP/1.1" 200 1627
172.22.2.4 - - [18/Jun/2023:19:00:21 -0500] "GET /BLA/boletinlegal/images/hover.jpg HTTP/1.1" 200 640
172.22.2.4 - - [18/Jun/2023:19:00:21 -0500] "GET /BLA/boletinlegal/images/menu_bg.jpg HTTP/1.1" 200 620
172.22.2.4 - - [18/Jun/2023:19:00:21 -0500] "GET /BLA/boletinlegal/images/body_bg.jpg HTTP/1.1" 200 1601
172.22.2.4 - - [18/Jun/2023:19:00:21 -0500] "GET /BLA/boletinlegal/images/bg_top.jpg HTTP/1.1" 200 522
172.22.2.4 - - [18/Jun/2023:19:00:21 -0500] "GET /BLA/boletinlegal/images/text.jpg HTTP/1.1" 200 568
172.22.2.4 - - [18/Jun/2023:19:00:21 -0500] "GET /BLA/boletinlegal/images/footer_bg_l.jpg HTTP/1.1" 200 776
172.22.2.4 - - [18/Jun/2023:19:00:21 -0500] "GET /BLA/boletinlegal/images/icono-email.png HTTP/1.1" 200 5544
172.22.2.4 - - [18/Jun/2023:19:00:21 -0500] "GET /BLA/boletinlegal/img/0.png HTTP/1.1" 200 110
172.22.2.4 - - [18/Jun/2023:19:00:21 -0500] "GET /BLA/boletinlegal/img/select-left.png HTTP/1.1" 200 263
172.22.2.4 - - [18/Jun/2023:19:00:21 -0500] "GET /BLA/boletinlegal/img/select-right.png HTTP/1.1" 200 44019
172.22.2.4 - - [18/Jun/2023:19:00:21 -0500] "GET /BLA/boletinlegal/img/button-left.png HTTP/1.1" 200 57071
172.22.2.4 - - [18/Jun/2023:19:00:21 -0500] "GET /BLA/boletinlegal/img/button.png HTTP/1.1" 200 43241
172.22.2.4 - - [18/Jun/2023:19:00:22 -0500] "GET /BLA/boletinlegal/img/button-right.png HTTP/1.1" 200 57878
