200.118.64.109 - - [18/Jun/2023:11:37:45 -0500] "POST /forms/lservlet;jsessionid=ac16012b30d69a1472e6bb6849ea9a2cb21c4a090039.e3iSbxaKaheRe3mNc3qRchuOay1ynknvrkLOlQzNp65In0 HTTP/1.1" 200 2
51.159.194.233 - - [18/Jun/2023:11:38:40 -0500] "GET /en-junio-conectate-con-la-naturaleza-y-el-medioambiente-a-traves-de-estas-caminatas-ecologicas.html HTTP/1.1" 200 900
40.77.167.113 - - [18/Jun/2023:11:38:42 -0500] "GET /BLA/resoluciones/RESOLUCIONES%202010/1634.pdf HTTP/1.1" 200 773175
172.22.2.4 - - [18/Jun/2023:11:37:31 -0500] "HEAD /BLA/boletinlegal/ HTTP/1.1" 200 -
168.119.251.242 - - [18/Jun/2023:11:39:25 -0500] "GET / HTTP/1.1" 200 319
168.119.251.242 - - [18/Jun/2023:11:39:25 -0500] "GET / HTTP/1.1" 200 4720
200.118.64.109 - - [18/Jun/2023:11:39:45 -0500] "POST /forms/lservlet;jsessionid=ac16012b30d69a1472e6bb6849ea9a2cb21c4a090039.e3iSbxaKaheRe3mNc3qRchuOay1ynknvrkLOlQzNp65In0 HTTP/1.1" 200 2
172.22.2.4 - - [18/Jun/2023:11:38:22 -0500] "GET /BLA/boletinlegal/ HTTP/1.1" 200 57680
201.245.192.253 - - [18/Jun/2023:11:40:19 -0500] "POST /kwsrmcab/Wsrmcab HTTP/1.1" 200 38820
201.245.192.253 - - [18/Jun/2023:11:40:23 -0500] "POST /kwsrmcab/Wsrmcab HTTP/1.1" 200 35700
216.245.221.92 - - [18/Jun/2023:11:41:41 -0500] "HEAD / HTTP/1.1" 200 -
200.118.64.109 - - [18/Jun/2023:11:41:45 -0500] "POST /forms/lservlet;jsessionid=ac16012b30d69a1472e6bb6849ea9a2cb21c4a090039.e3iSbxaKaheRe3mNc3qRchuOay1ynknvrkLOlQzNp65In0 HTTP/1.1" 200 2
201.245.192.253 - - [18/Jun/2023:11:41:54 -0500] "POST /kwsrmcab/Wsrmcab  HTTP/1.1" 200 40957
172.22.2.4 - - [18/Jun/2023:11:42:58 -0500] "GET /BLA/boletinlegal/console/ HTTP/1.1" 404 1018
200.118.64.109 - - [18/Jun/2023:11:43:46 -0500] "POST /forms/lservlet;jsessionid=ac16012b30d69a1472e6bb6849ea9a2cb21c4a090039.e3iSbxaKaheRe3mNc3qRchuOay1ynknvrkLOlQzNp65In0 HTTP/1.1" 200 2
186.154.119.212 - - [18/Jun/2023:11:44:29 -0500] "GET /proyecto-avantia-con-la-union-europea-busca-especialista-en-cambio-climatico.html HTTP/1.1" 200 814
66.249.70.196 - - [18/Jun/2023:11:44:37 -0500] "-" 408 -
172.22.2.4 - - [18/Jun/2023:11:43:21 -0500] "HEAD /BLA/boletinlegal/ HTTP/1.1" 200 -
200.118.64.109 - - [18/Jun/2023:11:45:46 -0500] "POST /forms/lservlet;jsessionid=ac16012b30d69a1472e6bb6849ea9a2cb21c4a090039.e3iSbxaKaheRe3mNc3qRchuOay1ynknvrkLOlQzNp65In0 HTTP/1.1" 200 2
66.249.77.8 - - [18/Jun/2023:11:45:51 -0500] "-" 408 -
172.22.2.4 - - [18/Jun/2023:11:44:12 -0500] "GET /BLA/boletinlegal/ HTTP/1.1" 200 57680
216.245.221.92 - - [18/Jun/2023:11:46:41 -0500] "HEAD / HTTP/1.1" 200 -
201.245.192.253 - - [18/Jun/2023:11:46:53 -0500] "POST /kwsrmcab/Wsrmcab  HTTP/1.1" 200 40957
200.118.64.109 - - [18/Jun/2023:11:47:47 -0500] "POST /forms/lservlet;jsessionid=ac16012b30d69a1472e6bb6849ea9a2cb21c4a090039.e3iSbxaKaheRe3mNc3qRchuOay1ynknvrkLOlQzNp65In0 HTTP/1.1" 200 2
200.118.64.109 - - [18/Jun/2023:11:49:47 -0500] "POST /forms/lservlet;jsessionid=ac16012b30d69a1472e6bb6849ea9a2cb21c4a090039.e3iSbxaKaheRe3mNc3qRchuOay1ynknvrkLOlQzNp65In0 HTTP/1.1" 200 2
172.22.2.4 - - [18/Jun/2023:11:49:12 -0500] "GET /BLA/boletinlegal/ HTTP/1.1" 200 24523
172.22.2.4 - - [18/Jun/2023:11:49:11 -0500] "HEAD /BLA/boletinlegal/ HTTP/1.1" 200 -
216.245.221.92 - - [18/Jun/2023:11:51:41 -0500] "HEAD / HTTP/1.1" 200 -
172.22.2.4 - - [18/Jun/2023:11:50:02 -0500] "GET /BLA/boletinlegal/ HTTP/1.1" 200 54453
172.22.2.4 - - [18/Jun/2023:11:51:45 -0500] "GET /BLA/boletinlegal/actos.php HTTP/1.1" 200 9682
172.22.2.4 - - [18/Jun/2023:11:51:45 -0500] "GET /BLA/boletinlegal/styles2.css HTTP/1.1" 200 1838
172.22.2.4 - - [18/Jun/2023:11:51:45 -0500] "GET /BLA/boletinlegal/js/ajax_actos.js HTTP/1.1" 200 1322
172.22.2.4 - - [18/Jun/2023:11:51:45 -0500] "GET /BLA/boletinlegal/niceforms-default.css HTTP/1.1" 200 6694
172.22.2.4 - - [18/Jun/2023:11:51:45 -0500] "GET /BLA/boletinlegal/style.css HTTP/1.1" 200 9406
172.22.2.4 - - [18/Jun/2023:11:51:45 -0500] "GET /BLA/boletinlegal/niceforms.js HTTP/1.1" 200 22876
172.22.2.4 - - [18/Jun/2023:11:51:45 -0500] "GET /BLA/boletinlegal/js/lib.js HTTP/1.1" 200 6474
172.22.2.4 - - [18/Jun/2023:11:51:45 -0500] "GET /BLA/boletinlegal/js/popup.js HTTP/1.1" 200 1270
172.22.2.4 - - [18/Jun/2023:11:51:45 -0500] "GET /BLA/boletinlegal/js/jquery1.js HTTP/1.1" 200 29846
172.22.2.4 - - [18/Jun/2023:11:51:45 -0500] "GET /BLA/boletinlegal/images/cabezote%20BLEGAL.jpg HTTP/1.1" 200 118164
172.22.2.4 - - [18/Jun/2023:11:51:45 -0500] "GET /BLA/boletinlegal/images/subscribe-icon-big.png HTTP/1.1" 200 47702
172.22.2.4 - - [18/Jun/2023:11:51:45 -0500] "GET /BLA/boletinlegal/images/historia.png HTTP/1.1" 200 52775
172.22.2.4 - - [18/Jun/2023:11:51:45 -0500] "GET /BLA/boletinlegal/images/registro-usuarios.png HTTP/1.1" 200 8106
172.22.2.4 - - [18/Jun/2023:11:51:45 -0500] "GET /BLA/boletinlegal/images/tel.png HTTP/1.1" 200 14477
172.22.2.4 - - [18/Jun/2023:11:51:45 -0500] "GET /BLA/boletinlegal/images/green-yellow-blue-pink-th.png HTTP/1.1" 200 7394
172.22.2.4 - - [18/Jun/2023:11:51:45 -0500] "GET /BLA/boletinlegal/images/body_bg.jpg HTTP/1.1" 200 1601
172.22.2.4 - - [18/Jun/2023:11:51:45 -0500] "GET /BLA/boletinlegal/images/footer_bg.jpg HTTP/1.1" 200 586
172.22.2.4 - - [18/Jun/2023:11:51:45 -0500] "GET /BLA/boletinlegal/images/menu_rght.gif HTTP/1.1" 200 1627
172.22.2.4 - - [18/Jun/2023:11:51:45 -0500] "GET /BLA/boletinlegal/images/bg_top.jpg HTTP/1.1" 200 522
172.22.2.4 - - [18/Jun/2023:11:51:45 -0500] "GET /BLA/boletinlegal/images/menu_lft.gif HTTP/1.1" 200 1713
172.22.2.4 - - [18/Jun/2023:11:51:45 -0500] "GET /BLA/boletinlegal/images/menu_bg.jpg HTTP/1.1" 200 620
172.22.2.4 - - [18/Jun/2023:11:51:45 -0500] "GET /BLA/boletinlegal/images/text.jpg HTTP/1.1" 200 568
172.22.2.4 - - [18/Jun/2023:11:51:45 -0500] "GET /BLA/boletinlegal/images/hover.jpg HTTP/1.1" 200 640
172.22.2.4 - - [18/Jun/2023:11:51:45 -0500] "GET /BLA/boletinlegal/images/icono-email.png HTTP/1.1" 200 5544
172.22.2.4 - - [18/Jun/2023:11:51:45 -0500] "GET /BLA/boletinlegal/images/footer_bg_l.jpg HTTP/1.1" 200 776
172.22.2.4 - - [18/Jun/2023:11:51:45 -0500] "GET /BLA/boletinlegal/img/select-right.png HTTP/1.1" 200 44019
172.22.2.4 - - [18/Jun/2023:11:51:45 -0500] "GET /BLA/boletinlegal/img/0.png HTTP/1.1" 200 110
172.22.2.4 - - [18/Jun/2023:11:51:45 -0500] "GET /BLA/boletinlegal/img/select-left.png HTTP/1.1" 200 263
172.22.2.4 - - [18/Jun/2023:11:51:45 -0500] "GET /BLA/boletinlegal/img/button.png HTTP/1.1" 200 43241
172.22.2.4 - - [18/Jun/2023:11:51:45 -0500] "GET /BLA/boletinlegal/img/button-right.png HTTP/1.1" 200 57878
172.22.2.4 - - [18/Jun/2023:11:51:45 -0500] "GET /BLA/boletinlegal/img/button-left.png HTTP/1.1" 200 57071
172.22.2.4 - - [18/Jun/2023:11:51:45 -0500] "GET /BLA/boletinlegal/favicon.ico HTTP/1.1" 404 1326
200.118.64.109 - - [18/Jun/2023:11:51:47 -0500] "POST /forms/lservlet;jsessionid=ac16012b30d69a1472e6bb6849ea9a2cb21c4a090039.e3iSbxaKaheRe3mNc3qRchuOay1ynknvrkLOlQzNp65In0 HTTP/1.1" 200 2
172.22.2.4 - - [18/Jun/2023:11:51:47 -0500] "GET /BLA/boletinlegal/favicon.ico HTTP/1.1" 404 1326
172.22.2.4 - - [18/Jun/2023:11:51:48 -0500] "GET /BLA/boletinlegal/favicon.ico HTTP/1.1" 404 1038
172.22.2.4 - - [18/Jun/2023:11:51:49 -0500] "GET /BLA/boletinlegal/consulta_actos.php?tipo=autos&no=&usuario=&sector=&fecha=2023&resuelve= HTTP/1.1" 200 331592
172.22.2.4 - - [18/Jun/2023:11:51:50 -0500] "GET /BLA/boletinlegal/images/pdf.gif HTTP/1.1" 200 567
172.22.2.4 - - [18/Jun/2023:11:51:50 -0500] "GET /BLA/boletinlegal/images/background.gif HTTP/1.1" 200 -
201.245.192.253 - - [18/Jun/2023:11:51:52 -0500] "POST /kwsrmcab/Wsrmcab  HTTP/1.1" 200 40957
52.167.144.154 - - [18/Jun/2023:11:52:07 -0500] "GET /760-llantas-fueron-recolectadas-en-el-primer-dia-de-llantaton-en-bogota.html HTTP/1.1" 200 768
172.22.2.4 - - [18/Jun/2023:11:52:11 -0500] "GET /BLA/boletinlegal/consulta_actos.php?tipo=resoluciones&no=&usuario=&sector=&fecha=2023&resuelve= HTTP/1.1" 200 96031
172.22.2.4 - - [18/Jun/2023:11:52:16 -0500] "GET /BLA/boletinlegal/consulta_actos.php?tipo=resoluciones&no=&usuario=&sector=&fecha=2023&resuelve= HTTP/1.1" 200 96031
172.22.2.4 - - [18/Jun/2023:11:52:28 -0500] "GET /BLA/boletinlegal/conceptos.php HTTP/1.1" 200 7496
172.22.2.4 - - [18/Jun/2023:11:52:28 -0500] "GET /BLA/boletinlegal/conceptos.php HTTP/1.1" 200 7496
172.22.2.4 - - [18/Jun/2023:11:52:28 -0500] "GET /BLA/boletinlegal/js/ajax_conceptos.js HTTP/1.1" 200 1326
172.22.2.4 - - [18/Jun/2023:11:52:30 -0500] "GET /BLA/boletinlegal/favicon.ico HTTP/1.1" 404 1334
172.22.2.4 - - [18/Jun/2023:11:52:31 -0500] "GET /BLA/boletinlegal/favicon.ico HTTP/1.1" 404 1038
172.22.2.4 - - [18/Jun/2023:11:52:31 -0500] "GET /BLA/boletinlegal/consulta_conceptos.php?no=&solicitante=&radicado_entrada=&fecha_concepto=2023&objeto= HTTP/1.1" 200 14440
172.22.2.4 - - [18/Jun/2023:11:52:40 -0500] "GET /BLA/boletinlegal/conceptos/2023/28.pdf HTTP/1.1" 200 442660
200.118.64.109 - - [18/Jun/2023:11:53:47 -0500] "POST /forms/lservlet;jsessionid=ac16012b30d69a1472e6bb6849ea9a2cb21c4a090039.e3iSbxaKaheRe3mNc3qRchuOay1ynknvrkLOlQzNp65In0 HTTP/1.1" 200 2
172.22.2.4 - - [18/Jun/2023:11:54:38 -0500] "GET /BLA/boletinlegal/conceptos/2023/27.pdf HTTP/1.1" 200 465733
200.118.64.109 - - [18/Jun/2023:11:55:47 -0500] "POST /forms/lservlet;jsessionid=ac16012b30d69a1472e6bb6849ea9a2cb21c4a090039.e3iSbxaKaheRe3mNc3qRchuOay1ynknvrkLOlQzNp65In0 HTTP/1.1" 200 2
216.245.221.92 - - [18/Jun/2023:11:56:41 -0500] "HEAD / HTTP/1.1" 200 -
172.22.2.4 - - [18/Jun/2023:11:55:01 -0500] "HEAD /BLA/boletinlegal/ HTTP/1.1" 200 -
31.13.103.1 - - [18/Jun/2023:11:56:47 -0500] "GET /images/stand-secretaria-ambiente-fima.jpg HTTP/1.1" 200 42537
201.245.192.253 - - [18/Jun/2023:11:56:51 -0500] "POST /kwsrmcab/Wsrmcab  HTTP/1.1" 200 40957
172.22.2.4 - - [18/Jun/2023:11:57:24 -0500] "GET /BLA/boletinlegal/style.css HTTP/1.1" 200 9406
172.22.2.4 - - [18/Jun/2023:11:57:24 -0500] "GET /BLA/boletinlegal/styles2.css HTTP/1.1" 200 1838
172.22.2.4 - - [18/Jun/2023:11:57:24 -0500] "GET /BLA/boletinlegal/js/jquery.scrollTo-min.js HTTP/1.1" 200 1150
172.22.2.4 - - [18/Jun/2023:11:57:24 -0500] "GET /BLA/boletinlegal/js/jquery.js HTTP/1.1" 200 57254
172.22.2.4 - - [18/Jun/2023:11:57:24 -0500] "GET /BLA/boletinlegal/js/jquery.scrollShow.js HTTP/1.1" 200 4586
172.22.2.4 - - [18/Jun/2023:11:57:24 -0500] "GET /BLA/boletinlegal/images/cabezote%20BLEGAL.jpg HTTP/1.1" 200 118164
172.22.2.4 - - [18/Jun/2023:11:57:24 -0500] "GET /BLA/boletinlegal/images/subscribe-icon-big.png HTTP/1.1" 200 47702
172.22.2.4 - - [18/Jun/2023:11:57:24 -0500] "GET /BLA/boletinlegal/images/historia.png HTTP/1.1" 200 52775
172.22.2.4 - - [18/Jun/2023:11:57:24 -0500] "GET /BLA/boletinlegal/images/registro-usuarios.png HTTP/1.1" 200 8106
172.22.2.4 - - [18/Jun/2023:11:57:24 -0500] "GET /BLA/boletinlegal/images/arr_l.jpg HTTP/1.1" 200 1979
172.22.2.4 - - [18/Jun/2023:11:57:24 -0500] "GET /BLA/boletinlegal/images/screen_1.png HTTP/1.1" 200 202547
172.22.2.4 - - [18/Jun/2023:11:57:24 -0500] "GET /BLA/boletinlegal/images/launch.jpg HTTP/1.1" 200 14577
172.22.2.4 - - [18/Jun/2023:11:57:24 -0500] "GET /BLA/boletinlegal/images/menu_lft.gif HTTP/1.1" 200 1713
172.22.2.4 - - [18/Jun/2023:11:57:24 -0500] "GET /BLA/boletinlegal/images/body_bg.jpg HTTP/1.1" 200 1601
172.22.2.4 - - [18/Jun/2023:11:57:25 -0500] "GET /BLA/boletinlegal/images/menu_rght.gif HTTP/1.1" 200 1627
172.22.2.4 - - [18/Jun/2023:11:57:25 -0500] "GET /BLA/boletinlegal/images/bg_top.jpg HTTP/1.1" 200 522
172.22.2.4 - - [18/Jun/2023:11:57:25 -0500] "GET /BLA/boletinlegal/images/menu_bg.jpg HTTP/1.1" 200 620
172.22.2.4 - - [18/Jun/2023:11:57:25 -0500] "GET /BLA/boletinlegal/images/text.jpg HTTP/1.1" 200 568
172.22.2.4 - - [18/Jun/2023:11:57:25 -0500] "GET /BLA/boletinlegal/images/hover.jpg HTTP/1.1" 200 640
172.22.2.4 - - [18/Jun/2023:11:57:27 -0500] "GET /BLA/boletinlegal/actos.php HTTP/1.1" 200 9682
172.22.2.4 - - [18/Jun/2023:11:57:27 -0500] "GET /BLA/boletinlegal/js/ajax_actos.js HTTP/1.1" 200 1322
172.22.2.4 - - [18/Jun/2023:11:57:27 -0500] "GET /BLA/boletinlegal/niceforms.js HTTP/1.1" 200 22876
172.22.2.4 - - [18/Jun/2023:11:57:27 -0500] "GET /BLA/boletinlegal/niceforms-default.css HTTP/1.1" 200 6694
172.22.2.4 - - [18/Jun/2023:11:57:27 -0500] "GET /BLA/boletinlegal/js/lib.js HTTP/1.1" 200 6474
172.22.2.4 - - [18/Jun/2023:11:57:27 -0500] "GET /BLA/boletinlegal/js/popup.js HTTP/1.1" 200 1270
172.22.2.4 - - [18/Jun/2023:11:57:27 -0500] "GET /BLA/boletinlegal/js/jquery1.js HTTP/1.1" 200 29846
172.22.2.4 - - [18/Jun/2023:11:57:27 -0500] "GET /BLA/boletinlegal/images/green-yellow-blue-pink-th.png HTTP/1.1" 200 7394
172.22.2.4 - - [18/Jun/2023:11:57:27 -0500] "GET /BLA/boletinlegal/images/tel.png HTTP/1.1" 200 14477
172.22.2.4 - - [18/Jun/2023:11:57:27 -0500] "GET /BLA/boletinlegal/images/icono-email.png HTTP/1.1" 200 5544
172.22.2.4 - - [18/Jun/2023:11:57:27 -0500] "GET /BLA/boletinlegal/images/footer_bg_l.jpg HTTP/1.1" 200 776
172.22.2.4 - - [18/Jun/2023:11:57:27 -0500] "GET /BLA/boletinlegal/images/footer_bg.jpg HTTP/1.1" 200 586
172.22.2.4 - - [18/Jun/2023:11:57:27 -0500] "GET /BLA/boletinlegal/img/0.png HTTP/1.1" 200 110
172.22.2.4 - - [18/Jun/2023:11:57:27 -0500] "GET /BLA/boletinlegal/img/select-left.png HTTP/1.1" 200 263
172.22.2.4 - - [18/Jun/2023:11:57:27 -0500] "GET /BLA/boletinlegal/img/select-right.png HTTP/1.1" 200 44019
172.22.2.4 - - [18/Jun/2023:11:57:27 -0500] "GET /BLA/boletinlegal/img/button-left.png HTTP/1.1" 200 57071
172.22.2.4 - - [18/Jun/2023:11:57:27 -0500] "GET /BLA/boletinlegal/img/button.png HTTP/1.1" 200 43241
172.22.2.4 - - [18/Jun/2023:11:57:27 -0500] "GET /BLA/boletinlegal/img/button-right.png HTTP/1.1" 200 57878
172.22.2.4 - - [18/Jun/2023:11:57:27 -0500] "GET /BLA/boletinlegal/favicon.ico HTTP/1.1" 404 1326
186.80.52.205 - - [18/Jun/2023:11:57:28 -0500] "GET /BLA/resoluciones/ HTTP/1.1" 200 13502
186.80.52.205 - - [18/Jun/2023:11:57:28 -0500] "GET /BLA/resoluciones/dlf/styles.css HTTP/1.1" 200 3049
186.80.52.205 - - [18/Jun/2023:11:57:28 -0500] "GET /BLA/resoluciones/dlf/folder.png HTTP/1.1" 200 410
186.80.52.205 - - [18/Jun/2023:11:57:28 -0500] "GET /BLA/resoluciones/dlf/bg.gif HTTP/1.1" 200 54
186.80.52.205 - - [18/Jun/2023:11:57:28 -0500] "GET /favicon.ico HTTP/1.1" 200 7782
186.80.52.205 - - [18/Jun/2023:11:57:30 -0500] "GET /BLA/resoluciones/dlf/dirup.png HTTP/1.1" 200 644
186.80.52.205 - - [18/Jun/2023:11:57:30 -0500] "GET /BLA/resoluciones/dlf/pdf.gif HTTP/1.1" 200 272
186.80.52.205 - - [18/Jun/2023:11:57:30 -0500] "GET /BLA/resoluciones/dlf/archive.png HTTP/1.1" 200 632
186.80.52.205 - - [18/Jun/2023:11:57:30 -0500] "GET /BLA/resoluciones/index.php?dir=AUTOS+2022%2F HTTP/1.1" 200 497533
172.22.2.4 - - [18/Jun/2023:11:55:52 -0500] "GET /BLA/boletinlegal/ HTTP/1.1" 200 56816
200.118.64.109 - - [18/Jun/2023:11:57:48 -0500] "POST /forms/lservlet;jsessionid=ac16012b30d69a1472e6bb6849ea9a2cb21c4a090039.e3iSbxaKaheRe3mNc3qRchuOay1ynknvrkLOlQzNp65In0 HTTP/1.1" 200 2
172.22.2.4 - - [18/Jun/2023:11:57:24 -0500] "GET /BLA/boletinlegal/ HTTP/1.1" 200 24523
152.204.236.96 - - [18/Jun/2023:11:58:35 -0500] "GET /proyecto-avantia-con-la-union-europea-busca-especialista-en-cambio-climatico.html HTTP/1.1" 200 814
52.167.144.78 - - [18/Jun/2023:11:58:49 -0500] "GET /se-abre-convocatoria-para-procesos-de-formacion-ambiental-para-habitantes-de-la-upz-89-de-san-isidro-patios.html HTTP/1.1" 200 811
200.118.64.109 - - [18/Jun/2023:11:59:48 -0500] "POST /forms/lservlet;jsessionid=ac16012b30d69a1472e6bb6849ea9a2cb21c4a090039.e3iSbxaKaheRe3mNc3qRchuOay1ynknvrkLOlQzNp65In0 HTTP/1.1" 200 2
172.22.2.4 - - [18/Jun/2023:12:01:18 -0500] "GET /BLA/boletinlegal/Directivas/2022/DIRECTIVA%20No.%2000002%20DEL%2022%20DE%20JUNIO%20DEL%202022.pdf HTTP/1.1" 304 -
114.94.12.16 - - [18/Jun/2023:12:01:37 -0500] "GET /galeria/galeria/fotos/juan-amarillo2P.jpg HTTP/1.1" 200 32696
216.245.221.92 - - [18/Jun/2023:12:01:41 -0500] "HEAD / HTTP/1.1" 200 -
200.118.64.109 - - [18/Jun/2023:12:01:49 -0500] "POST /forms/lservlet;jsessionid=ac16012b30d69a1472e6bb6849ea9a2cb21c4a090039.e3iSbxaKaheRe3mNc3qRchuOay1ynknvrkLOlQzNp65In0 HTTP/1.1" 200 2
201.245.192.253 - - [18/Jun/2023:12:01:50 -0500] "POST /kwsrmcab/Wsrmcab  HTTP/1.1" 200 40957
172.22.2.4 - - [18/Jun/2023:12:00:51 -0500] "HEAD /BLA/boletinlegal/ HTTP/1.1" 200 -
172.22.2.4 - - [18/Jun/2023:12:01:42 -0500] "GET /BLA/boletinlegal/ HTTP/1.1" 200 53248
200.118.64.109 - - [18/Jun/2023:12:03:49 -0500] "POST /forms/lservlet;jsessionid=ac16012b30d69a1472e6bb6849ea9a2cb21c4a090039.e3iSbxaKaheRe3mNc3qRchuOay1ynknvrkLOlQzNp65In0 HTTP/1.1" 200 2
172.22.2.4 - - [18/Jun/2023:12:04:42 -0500] "GET /BLA/boletinlegal/favicon.ico HTTP/1.1" 404 1018
172.22.2.4 - - [18/Jun/2023:12:04:26 -0500] "GET /BLA/boletinlegal/ HTTP/1.1" 200 20427
172.22.2.4 - - [18/Jun/2023:12:04:27 -0500] "GET /BLA/boletinlegal/ HTTP/1.1" 200 32715
200.118.64.109 - - [18/Jun/2023:12:05:49 -0500] "POST /forms/lservlet;jsessionid=ac16012b30d69a1472e6bb6849ea9a2cb21c4a090039.e3iSbxaKaheRe3mNc3qRchuOay1ynknvrkLOlQzNp65In0 HTTP/1.1" 200 2
216.245.221.92 - - [18/Jun/2023:12:06:41 -0500] "HEAD / HTTP/1.1" 200 -
201.245.192.253 - - [18/Jun/2023:12:06:49 -0500] "POST /kwsrmcab/Wsrmcab  HTTP/1.1" 200 40957
173.252.83.11 - - [18/Jun/2023:12:07:36 -0500] "GET /images/aire-bogota.jpeg HTTP/1.1" 200 169194
200.118.64.109 - - [18/Jun/2023:12:07:49 -0500] "POST /forms/lservlet;jsessionid=ac16012b30d69a1472e6bb6849ea9a2cb21c4a090039.e3iSbxaKaheRe3mNc3qRchuOay1ynknvrkLOlQzNp65In0 HTTP/1.1" 200 2
172.22.2.4 - - [18/Jun/2023:12:06:41 -0500] "HEAD /BLA/boletinlegal/ HTTP/1.1" 200 -
52.167.144.154 - - [18/Jun/2023:12:08:57 -0500] "GET /proyecto-avantia-con-la-union-europea-busca-especialista-en-cambio-climatico.html HTTP/1.1" 200 814
172.22.2.4 - - [18/Jun/2023:12:07:32 -0500] "GET /BLA/boletinlegal/ HTTP/1.1" 200 57272
200.118.64.109 - - [18/Jun/2023:12:09:50 -0500] "POST /forms/lservlet;jsessionid=ac16012b30d69a1472e6bb6849ea9a2cb21c4a090039.e3iSbxaKaheRe3mNc3qRchuOay1ynknvrkLOlQzNp65In0 HTTP/1.1" 200 2
31.13.127.16 - - [18/Jun/2023:12:10:56 -0500] "GET /images/Reciclaton-2023.jpg HTTP/1.1" 200 68883
216.245.221.92 - - [18/Jun/2023:12:11:41 -0500] "HEAD / HTTP/1.1" 200 -
173.252.95.10 - - [18/Jun/2023:12:11:42 -0500] "GET /unidos-por-un-nuevo-aire-un-ano-de-pacto-del-compromiso-por-bogota.html HTTP/1.1" 200 764
173.252.95.14 - - [18/Jun/2023:12:11:42 -0500] "GET /unidos-por-un-nuevo-aire-un-ano-de-pacto-del-compromiso-por-bogota.html HTTP/1.1" 200 764
201.245.192.253 - - [18/Jun/2023:12:11:47 -0500] "POST /kwsrmcab/Wsrmcab  HTTP/1.1" 200 40957
200.118.64.109 - - [18/Jun/2023:12:11:51 -0500] "POST /forms/lservlet;jsessionid=ac16012b30d69a1472e6bb6849ea9a2cb21c4a090039.e3iSbxaKaheRe3mNc3qRchuOay1ynknvrkLOlQzNp65In0 HTTP/1.1" 200 2
66.249.77.10 - - [18/Jun/2023:12:13:21 -0500] "-" 408 -
200.118.64.109 - - [18/Jun/2023:12:13:51 -0500] "POST /forms/lservlet;jsessionid=ac16012b30d69a1472e6bb6849ea9a2cb21c4a090039.e3iSbxaKaheRe3mNc3qRchuOay1ynknvrkLOlQzNp65In0 HTTP/1.1" 200 2
172.22.2.4 - - [18/Jun/2023:12:12:31 -0500] "HEAD /BLA/boletinlegal/ HTTP/1.1" 200 -
172.22.2.4 - - [18/Jun/2023:12:13:21 -0500] "GET /BLA/boletinlegal/ HTTP/1.1" 200 57272
200.118.64.109 - - [18/Jun/2023:12:15:51 -0500] "POST /forms/lservlet;jsessionid=ac16012b30d69a1472e6bb6849ea9a2cb21c4a090039.e3iSbxaKaheRe3mNc3qRchuOay1ynknvrkLOlQzNp65In0 HTTP/1.1" 200 2
186.102.93.116 - - [18/Jun/2023:12:16:19 -0500] "GET /kwssiamovil/sm/acme/a?s=U2FsdGVkX18eh6UgjB2rtDclwpsGxTf5M3qr74+rctxy738enG0i3uoSNY28lzrFI35yWV08rt9Ms8ggS8GHpKwt5B2Tm5LhsSJGmMMFAQDXQY+J6DEx33wB9E0bjvHaPP0CO7raN6dSLwQdQofOH+JhrM55WmZyRHpfJkFaDEtn8YiYG+VY+QZjwBMkhEytGiGIBdRNrrX2vQVCqnlGUzXWP3G3478pYN0zoEoi/9OsSs9eILUsukEaIKw9k5TS8nkSZKXzN6lyvJPkL6txM7bVXCBOXBC8C0vqtpwtzIs=&u=U2FsdGVkX19cXxgnSW0LDfvbs85z4z0fTfKcTrhel3P09VQSyIw7dSBoLXymwB7X&y=U2FsdGVkX1+Yp9YIME5Ei3/UFvQQGQ2bSsuwpUwawb/uQhN5XtD7Ah5ckNLPvCxK HTTP/1.1" 200 26
186.102.93.116 - - [18/Jun/2023:12:16:20 -0500] "GET /kwssiamovil/sm/acme/a?s=U2FsdGVkX18Yd7aHdLJm8xsFG5p688zZbXRDAJvbiYauqrZtFRQNpSn6BGhzXSOo/1y1oQq9/FeZL+9FIGthtiQkdvCWU0cjR94TZ469zXPZm/x7OGOfEUyTIAkqOqGleHkZrfZvMKnk8GqA+oh6rRSdcTUuGWaLIctbOSkS1mIA1EZMwr50qinZgr70wFqsTWI0ehFVqX2vmgIigEUovEylsiF7bNvAig2CX4ovYHCYoY98KEMATfMwiG+ItZoNGuiVgeElC2HTBoq/4CGYZTP6i5tURcGfhuGjAc7MuJf0YzWyQNj2KpCkNyTqCVc4bFY+4HO1LchVUCCuxAii85fe4jaq7DG7PwkvnnomtDB71Nsi4KMsC6+2VFw2YoiNSwxJO6To/bb9ISrTo69NuZKL+L61bE56IDucQYd3GO3QPHZ9DwPBObHgH0VEBGpnEzPkGV/YwzWWnnY9iY2oVqjQ6665vZqaXuUTfARiS/4vZhj/BO+C6A1FcJXcjuQrIYEcNyyjPvZo7KrpbYoKMUB615xxim5CIAklHWkSC372826VbHeHEN4tWaiI2a8vQj1hZXu9DXjh8xO3mwZtV+NDe2CfnNfqIQUJtvg1/heDyRtbLVCJtm2e84VN/EaOlAGQQ3xabTa5zrdLNA2ACl1/0100rd0xkJsz/qUyOJ+eidOoxOEdsrOHDDmnE0rSdskno1g2vuX643elY+K96VipB1EjOKj7T/FFnM4orSuVi/aIjgTp4HtopgUZYDl8oCYLP31LlOjz4d0peDjHys8rbOvV3qXZT7h4wkA5g1DZ5rRNYh/eGVWtTq5zv60c+cL9p2TUQjgcFhEj45hnf3IaoN5gamBXu19jfGxbwxbOQsTWHToZjZ4nA0uSrqELZlS/d0MWQomYtQ/pANs0wlnxRZs/i853U2EoIh+ke6dNUU5/6vC9a8v5fdCor0Tm2pKCtoPLVvDxteybLxnxwPcl3AqlVzmGF9iBRUbgCMWYkeaE4JPLh25qNDx2iZK3+CeyI8eHjkdHIevuNwjvUPSljD2VeiCOXQ3JtJ+v35c3Hz9XrjNG6B8+vKU7+fA9Arv69A4weYEttqwtzdTOR1ng300RIVrFU1SKOA2ayVwk2zgZUoE+jKufqpUcwM5qo5/WLy1QMDuUYmDkSxxDs6thWgTQmU3HZ0C5GXak8KEUHeiK22Igc3rDdG9Ztir2kJg3AvN7WvcdMkcNIdJBPZog7+6COxg0MyjjqxVzbRLis+p8TP6GFRyjjKRqCwntqlpbTTDdDDKSmz+/TwZqTv1NllXi8E/Z6XEw4dp8eU5v2q8Gwz8vbvONR1OXl1JoWHumIKOV3wc6DvVZlyF/zXcz9UWoMRBM77c5bigx6nR9gpZsfj71aqGqmHs6o7VaYev2WvRyiCmT2Y/jdHTN8ACfDf/zQozJ+Ap/vMyzhu5D5RbbtlDFsw+aYZvyqDPCSvVMYyCJvJQYAZDTgkgb9VHvsBTaQYzrhRteQn4wIMDgV+oInZVT39sOhBnPKiMSNoRzhB0TPsv/nZkAufHpKCRKGsdNfahXgv/Vegg85kGVoow/dHF/1C98Z0DFWvRkMHRd+rypdFB2x0xQh5oSD2gXPRsyr3KT+ozgN+uqs47vnOr4cbla4FKPMWakwrs/7S2YvkVIVCNq9xOS5RS8l0bz2d9n9oxkQ76W98JtcFl9ca96pdz73zAcHWoTuza4MnsvONbBkrOtl+nUQL/zH/ABiGvSMRm4VBSbIbp3C8vbZghoClU9vxVUx6rV1PXv7VGkDDBoHFv710Vr8pDxNlTPzJOR4uU9tjqeHXpVhipfTKlheTo0o2SwVbctTdIbfssXbT7TalXfdAobwu10/PE99dv8aP0DWmHUTFjmit0=&u=U2FsdGVkX19cXxgnSW0LDfvbs85z4z0fTfKcTrhel3P09VQSyIw7dSBoLXymwB7X&y=U2FsdGVkX1+Yp9YIME5Ei3/UFvQQGQ2bSsuwpUwawb/uQhN5XtD7Ah5ckNLPvCxK HTTP/1.1" 200 26
186.102.93.116 - - [18/Jun/2023:12:16:20 -0500] "GET /kwssiamovil/sm/acme/a?s=U2FsdGVkX19P3mBJaamghQWwpM1SfC+d9dHpjamjZdfwQMLFxVTBa8UMTqfDsCOdVnejKzP/Ljkm5VdXwC/qeblC6peMupIoPMFtvkSqAc1hLgIeO1gjv9mnnMvzN+fxLWISJr1KwI1tVhexcFUOX2tHbvJ2ijo0oPkdp/iTZBQ=&u=U2FsdGVkX19cXxgnSW0LDfvbs85z4z0fTfKcTrhel3P09VQSyIw7dSBoLXymwB7X&y=U2FsdGVkX1+Yp9YIME5Ei3/UFvQQGQ2bSsuwpUwawb/uQhN5XtD7Ah5ckNLPvCxK HTTP/1.1" 200 26
186.102.93.116 - - [18/Jun/2023:12:16:20 -0500] "GET /kwssiamovil/sm/acme/a?s=U2FsdGVkX18CXGeyRQECwNX1Q1BipCPGwxt3vur+QtEYy3xsuLqfz68n9hDZ9B7aV4P/FiZCquFGuT1zwQPxqnorjGwpmCNvpFSqbGx3TJrrmxagMXBCu1NIDvf/7vf6qmbJnkMu+nzi7oULEHAH0LUit1JOhDTKxFjrKe37sfo=&u=U2FsdGVkX19cXxgnSW0LDfvbs85z4z0fTfKcTrhel3P09VQSyIw7dSBoLXymwB7X&y=U2FsdGVkX1+Yp9YIME5Ei3/UFvQQGQ2bSsuwpUwawb/uQhN5XtD7Ah5ckNLPvCxK HTTP/1.1" 200 26
186.102.93.116 - - [18/Jun/2023:12:16:21 -0500] "GET /kwssiamovil/sm/acme/a?s=U2FsdGVkX1+7rU3Alwk26+wZQfV64Jx+zvYQbhqLMpJOWMAVFa4OPDo/mWZ2joY8fR+c6WGo8W1GYN5wvADfPQDSThg5GdM8yH4ZVioHy0mUkONXnlYIYEAzH/GfMYNNyIxu+WUF6UusUyQisaVooyK6Zh095MjYjSqwDI4VMTM=&u=U2FsdGVkX19cXxgnSW0LDfvbs85z4z0fTfKcTrhel3P09VQSyIw7dSBoLXymwB7X&y=U2FsdGVkX1+Yp9YIME5Ei3/UFvQQGQ2bSsuwpUwawb/uQhN5XtD7Ah5ckNLPvCxK HTTP/1.1" 200 26
186.102.93.116 - - [18/Jun/2023:12:16:21 -0500] "GET /kwssiamovil/sm/acme/a?s=U2FsdGVkX18dK7RBsIskoo1nXDF8ZHr+7NzT5x1HlvO6dPIXY+TPbVD/1SZ1t2OtKzBjlFFfAFnh7rsq8EsCxpCI1j3R/dqQo+3KPBdjjS2tYCtgwnYBokkwC+UnpDe4odDllR5DXOlSfjJAkIdjSZa4d9HgQ1/zq1kyF9UN6USD91P0y52KoyrTBHfYby6OnCrN7uK+ltNDpy+KJX/BgQ==&u=U2FsdGVkX19cXxgnSW0LDfvbs85z4z0fTfKcTrhel3P09VQSyIw7dSBoLXymwB7X&y=U2FsdGVkX1+Yp9YIME5Ei3/UFvQQGQ2bSsuwpUwawb/uQhN5XtD7Ah5ckNLPvCxK HTTP/1.1" 200 26
216.245.221.92 - - [18/Jun/2023:12:16:41 -0500] "HEAD / HTTP/1.1" 200 -
201.245.192.253 - - [18/Jun/2023:12:16:46 -0500] "POST /kwsrmcab/Wsrmcab  HTTP/1.1" 200 40957
200.118.64.109 - - [18/Jun/2023:12:17:52 -0500] "POST /forms/lservlet;jsessionid=ac16012b30d69a1472e6bb6849ea9a2cb21c4a090039.e3iSbxaKaheRe3mNc3qRchuOay1ynknvrkLOlQzNp65In0 HTTP/1.1" 200 2
172.22.2.4 - - [18/Jun/2023:12:18:12 -0500] "GET /BLA/boletinlegal/jurisprudencia/analisis/CUADRO%20ANALISIS%20SENTENCIA%20C-554%20DE%202007.doc HTTP/1.1" 304 -
200.118.64.109 - - [18/Jun/2023:12:19:52 -0500] "POST /forms/lservlet;jsessionid=ac16012b30d69a1472e6bb6849ea9a2cb21c4a090039.e3iSbxaKaheRe3mNc3qRchuOay1ynknvrkLOlQzNp65In0 HTTP/1.1" 200 2
172.22.2.4 - - [18/Jun/2023:12:18:21 -0500] "HEAD /BLA/boletinlegal/ HTTP/1.1" 200 -
201.245.192.253 - - [18/Jun/2023:12:20:18 -0500] "POST /kwsrmcab/Wsrmcab HTTP/1.1" 200 38810
201.245.192.253 - - [18/Jun/2023:12:20:22 -0500] "POST /kwsrmcab/Wsrmcab HTTP/1.1" 200 35702
172.22.2.4 - - [18/Jun/2023:12:19:11 -0500] "GET /BLA/boletinlegal/ HTTP/1.1" 200 57272
181.58.39.185 - - [18/Jun/2023:12:20:53 -0500] "GET /fima-2023-mas-de-700-personas-asistieron-al-stand-de-la-secretaria-de-ambiente.html HTTP/1.1" 200 857
216.245.221.92 - - [18/Jun/2023:12:21:44 -0500] "HEAD / HTTP/1.1" 200 -
201.245.192.253 - - [18/Jun/2023:12:21:45 -0500] "POST /kwsrmcab/Wsrmcab  HTTP/1.1" 200 40957
200.118.64.109 - - [18/Jun/2023:12:21:52 -0500] "POST /forms/lservlet;jsessionid=ac16012b30d69a1472e6bb6849ea9a2cb21c4a090039.e3iSbxaKaheRe3mNc3qRchuOay1ynknvrkLOlQzNp65In0 HTTP/1.1" 200 2
172.22.2.4 - - [18/Jun/2023:12:22:17 -0500] "GET /BLA/boletinlegal/jurisprudencia/analisis/analisis%20C-595-2010.doc HTTP/1.1" 304 -
172.22.2.4 - - [18/Jun/2023:12:22:25 -0500] "GET /BLA/boletinlegal/apple-touch-icon-precomposed.png HTTP/1.1" 404 1140
172.22.2.4 - - [18/Jun/2023:12:22:25 -0500] "GET /BLA/boletinlegal/apple-touch-icon.png HTTP/1.1" 404 1140
172.22.2.4 - - [18/Jun/2023:12:22:25 -0500] "GET /BLA/boletinlegal/favicon.ico HTTP/1.1" 404 1140
69.63.184.5 - - [18/Jun/2023:12:22:41 -0500] "GET /dia-mundial-del-medio-ambiente-distrito-liberara-animales-silvestres-plantara-arboles-y-desarrollara-actividades-pedagogicas.html HTTP/1.1" 200 856
69.63.184.117 - - [18/Jun/2023:12:22:45 -0500] "GET /dia-mundial-del-medio-ambiente-distrito-liberara-animales-silvestres-plantara-arboles-y-desarrollara-actividades-pedagogicas.html HTTP/1.1" 206 856
172.22.2.4 - - [18/Jun/2023:12:21:55 -0500] "GET /BLA/boletinlegal/ HTTP/1.1" 200 49099
173.252.127.1 - - [18/Jun/2023:12:23:25 -0500] "GET /images/reunion-planta-termovalorizacion-11-mayo.jpg HTTP/1.1" 200 34782
69.171.251.117 - - [18/Jun/2023:12:23:26 -0500] "GET /dia-mundial-del-medio-ambiente-distrito-liberara-animales-silvestres-plantara-arboles-y-desarrollara-actividades-pedagogicas.html HTTP/1.1" 200 856
69.171.251.6 - - [18/Jun/2023:12:23:26 -0500] "GET /dia-mundial-del-medio-ambiente-distrito-liberara-animales-silvestres-plantara-arboles-y-desarrollara-actividades-pedagogicas.html HTTP/1.1" 200 856
69.171.251.9 - - [18/Jun/2023:12:23:26 -0500] "GET /dia-mundial-del-medio-ambiente-distrito-liberara-animales-silvestres-plantara-arboles-y-desarrollara-actividades-pedagogicas.html HTTP/1.1" 206 856
200.118.64.109 - - [18/Jun/2023:12:23:52 -0500] "POST /forms/lservlet;jsessionid=ac16012b30d69a1472e6bb6849ea9a2cb21c4a090039.e3iSbxaKaheRe3mNc3qRchuOay1ynknvrkLOlQzNp65In0 HTTP/1.1" 200 2
172.22.2.4 - - [18/Jun/2023:12:24:11 -0500] "HEAD /BLA/boletinlegal/ HTTP/1.1" 200 -
200.118.64.109 - - [18/Jun/2023:12:25:54 -0500] "POST /forms/lservlet;jsessionid=ac16012b30d69a1472e6bb6849ea9a2cb21c4a090039.e3iSbxaKaheRe3mNc3qRchuOay1ynknvrkLOlQzNp65In0 HTTP/1.1" 200 2
216.245.221.92 - - [18/Jun/2023:12:26:41 -0500] "HEAD / HTTP/1.1" 200 -
172.22.2.4 - - [18/Jun/2023:12:25:01 -0500] "GET /BLA/boletinlegal/ HTTP/1.1" 200 58474
201.245.192.253 - - [18/Jun/2023:12:26:44 -0500] "POST /kwsrmcab/Wsrmcab  HTTP/1.1" 200 40957
200.118.64.109 - - [18/Jun/2023:12:27:54 -0500] "POST /forms/lservlet;jsessionid=ac16012b30d69a1472e6bb6849ea9a2cb21c4a090039.e3iSbxaKaheRe3mNc3qRchuOay1ynknvrkLOlQzNp65In0 HTTP/1.1" 200 2
200.118.64.109 - - [18/Jun/2023:12:29:55 -0500] "POST /forms/lservlet;jsessionid=ac16012b30d69a1472e6bb6849ea9a2cb21c4a090039.e3iSbxaKaheRe3mNc3qRchuOay1ynknvrkLOlQzNp65In0 HTTP/1.1" 200 2
201.245.192.253 - - [18/Jun/2023:12:30:19 -0500] "POST /kwsrmcab/Wsrmcab HTTP/1.1" 200 38810
13.214.247.119 - - [18/Jun/2023:12:30:19 -0500] "GET /transparencia/General%20Asignado/? HTTP/1.1" 200 43229
201.245.192.253 - - [18/Jun/2023:12:30:23 -0500] "POST /kwsrmcab/Wsrmcab HTTP/1.1" 200 35702
216.245.221.92 - - [18/Jun/2023:12:31:41 -0500] "HEAD / HTTP/1.1" 200 -
172.22.2.4 - - [18/Jun/2023:12:30:01 -0500] "HEAD /BLA/boletinlegal/ HTTP/1.1" 200 -
201.245.192.253 - - [18/Jun/2023:12:31:43 -0500] "POST /kwsrmcab/Wsrmcab  HTTP/1.1" 200 40957
200.118.64.109 - - [18/Jun/2023:12:31:55 -0500] "POST /forms/lservlet;jsessionid=ac16012b30d69a1472e6bb6849ea9a2cb21c4a090039.e3iSbxaKaheRe3mNc3qRchuOay1ynknvrkLOlQzNp65In0 HTTP/1.1" 200 2
172.22.2.4 - - [18/Jun/2023:12:30:52 -0500] "GET /BLA/boletinlegal/ HTTP/1.1" 200 54453
66.249.70.198 - - [18/Jun/2023:12:34:25 -0500] "-" 408 -
40.77.167.113 - - [18/Jun/2023:12:34:39 -0500] "GET /BLA/resoluciones/AUTOS%202021/0501.pdf HTTP/1.1" 304 -
173.252.79.116 - - [18/Jun/2023:12:35:31 -0500] "GET /images/aire-bogota.jpeg HTTP/1.1" 200 169194
216.245.221.92 - - [18/Jun/2023:12:36:41 -0500] "HEAD / HTTP/1.1" 200 -
201.245.192.253 - - [18/Jun/2023:12:36:42 -0500] "POST /kwsrmcab/Wsrmcab  HTTP/1.1" 200 40957
179.19.153.244 - - [18/Jun/2023:12:37:14 -0500] "GET /mujeres-que-reverdec HTTP/1.1" 404 1136
172.22.2.4 - - [18/Jun/2023:12:35:51 -0500] "HEAD /BLA/boletinlegal/ HTTP/1.1" 200 -
179.19.153.244 - - [18/Jun/2023:12:37:47 -0500] "GET /favicon.ico HTTP/1.1" 404 1334
69.63.189.3 - - [18/Jun/2023:12:37:55 -0500] "GET /proyecto-avantia-con-la-union-europea-busca-especialista-en-cambio-climatico.html HTTP/1.1" 200 814
179.19.153.244 - - [18/Jun/2023:12:38:21 -0500] "GET /mujeres-que-reverdec HTTP/1.1" 404 1136
172.22.2.4 - - [18/Jun/2023:12:36:41 -0500] "GET /BLA/boletinlegal/ HTTP/1.1" 200 58474
172.22.2.4 - - [18/Jun/2023:12:39:13 -0500] "GET /BLA/boletinlegal/.git/config HTTP/1.1" 404 1018
201.245.192.253 - - [18/Jun/2023:12:40:18 -0500] "POST /kwsrmcab/Wsrmcab HTTP/1.1" 200 38810
201.245.192.253 - - [18/Jun/2023:12:40:22 -0500] "POST /kwsrmcab/Wsrmcab HTTP/1.1" 200 35702
216.245.221.92 - - [18/Jun/2023:12:41:41 -0500] "HEAD / HTTP/1.1" 200 -
201.245.192.253 - - [18/Jun/2023:12:41:41 -0500] "POST /kwsrmcab/Wsrmcab  HTTP/1.1" 200 40957
172.22.2.4 - - [18/Jun/2023:12:41:41 -0500] "HEAD /BLA/boletinlegal/ HTTP/1.1" 200 -
172.22.2.4 - - [18/Jun/2023:12:42:31 -0500] "GET /BLA/boletinlegal/ HTTP/1.1" 200 58474
5.255.231.157 - - [18/Jun/2023:12:45:14 -0500] "GET /favicon.ico HTTP/1.1" 200 7782
216.245.221.92 - - [18/Jun/2023:12:46:41 -0500] "HEAD / HTTP/1.1" 200 -
201.245.192.253 - - [18/Jun/2023:12:46:40 -0500] "POST /kwsrmcab/Wsrmcab  HTTP/1.1" 200 40957
173.252.79.117 - - [18/Jun/2023:12:47:32 -0500] "GET /images/aire-bogota.jpeg HTTP/1.1" 200 169194
172.22.2.4 - - [18/Jun/2023:12:47:31 -0500] "HEAD /BLA/boletinlegal/ HTTP/1.1" 200 -
172.22.2.4 - - [18/Jun/2023:12:48:21 -0500] "GET /BLA/boletinlegal/ HTTP/1.1" 200 57272
216.245.221.92 - - [18/Jun/2023:12:51:41 -0500] "HEAD / HTTP/1.1" 200 -
201.245.192.253 - - [18/Jun/2023:12:51:39 -0500] "POST /kwsrmcab/Wsrmcab  HTTP/1.1" 200 40957
172.22.2.4 - - [18/Jun/2023:12:52:01 -0500] "GET /BLA/boletinlegal/actos.php HTTP/1.1" 200 9682
186.28.41.54 - - [18/Jun/2023:12:52:03 -0500] "GET /BLA/resoluciones/ HTTP/1.1" 200 13502
186.28.41.54 - - [18/Jun/2023:12:52:05 -0500] "GET /BLA/resoluciones/index.php?dir=RESOLUCIONES+2023%2F HTTP/1.1" 200 30956
186.28.41.54 - - [18/Jun/2023:12:52:19 -0500] "GET /BLA/resoluciones/RESOLUCIONES%202023/0689.pdf HTTP/1.1" 200 380061
172.22.2.4 - - [18/Jun/2023:12:51:59 -0500] "GET /BLA/boletinlegal/ HTTP/1.1" 200 24523
186.84.89.40 - - [18/Jun/2023:12:53:08 -0500] "GET /BLA/boletinlegal/js/jquery.scrollShow.js HTTP/1.1" 200 4586
186.84.89.40 - - [18/Jun/2023:12:53:08 -0500] "GET /galeria/galeria/jquery.fancybox.js?v=2.1.5 HTTP/1.1" 200 48706
186.84.89.40 - - [18/Jun/2023:12:53:08 -0500] "GET /galeria/galeria/jquery.fancybox.css?v=2.1.5 HTTP/1.1" 200 4895
186.102.85.116 - - [18/Jun/2023:12:54:39 -0500] "GET /kwssiamovil/sm/acme/a?s=U2FsdGVkX19i7MijPh70orEg+EvwSgg+usTEWThi0Bj2E5W7lcHTznJoPKk7c2WQJkinGTGE2Avs53O3FbKleQQZsLAfF3ejp4qVu0xrUPrytjxw2qDHFA+B3HZYPjgBiev6wTOP6OB4H0TWRN9NYoYfbp9zZYnzkNIgnmVx372SCgv4wrQ0S14NpzNPNItKJ2+g6vAeIXuALBndgAXKn8fHp6OQ7Ev8pU/rF57LhQvjYl61C5Dm4d9M2/xr3/ekEaJ+bv3y627oMr7wd8fjaKtdNOH6aBzyxDvofUVC4SE=&u=U2FsdGVkX19cXxgnSW0LDfvbs85z4z0fTfKcTrhel3P09VQSyIw7dSBoLXymwB7X&y=U2FsdGVkX1+Yp9YIME5Ei3/UFvQQGQ2bSsuwpUwawb/uQhN5XtD7Ah5ckNLPvCxK HTTP/1.1" 200 26
186.102.85.116 - - [18/Jun/2023:12:54:40 -0500] "GET /kwssiamovil/sm/acme/a?s=U2FsdGVkX1/T5F02k/+OKwQDZlrL3l56GZmcf1sLEiHVqvqT85kq48weSyRTg5sEc5rGvPqW+dpw9ue6GPZzxJGGJA6x10duq4fMfRWKj06Oc7y8bl6bWhhwxsoX8t1YiOAa8KysvePnVuQwUboI2wtBUpWC/+NO49K3dpUFUFQvWE7HklnJX51CCTNn40srQsFkKPxA+9qr7fsKZs84JePxKEzrom8UJZAdAaER4ViM/0in35H/5Wxfe75BAM2gZi72a+D1L6eFFKSAlEEhpR0an4EAD40QflNixoa1y00rmYPsPwa8/kk9ECzV2m3RacPt+E01KQ8fbkWNM8U78BcQspBP6gYtFlO74CfrMuUCOpDuJvuNPFEEPYgReB9Bs0gEWgdFOKVVcuZCHUgpbAQZWgfSYvL98reDxmF+iO8G3Vs1wPNeLeGJAGedozBCg7xm0Zgy3piSwOD044nyzCGE66pzvCIxkuaaaB7dYuJETJxeuOEXxAWcYAMcgzvfYklbLES+bvVY5tyO6DMJ6wgSGYOdFAuPYioKKlQ5KSgneauG0TI0do/oLhpStFDIhZ/LFf85TFt4D0+5X6cIeU+L8JJWV47TOvi3KzC805K56mYfNtkrI3+YnDRb2Wpog8CDc2IRghlXvQ0RCPG4+VtQXeWP34lJBCWFmWem14/OyVSP2PULDLg9EV3vtGWo9MI/QUddSFTfurwa78NX3QMLl1sWtPyNvpvv4ekrhkQlqrDAwajioJv6EKMAZRPey/WOHflOH78BPXx6ag85k+NGzcVoGO98Ddjz3v7IOeNlI3Ycdu7vxByvJQI1yLuuZYmoqYG56oGfxmgO8tpAVp0bfM1itR2/y6urPHh16UtxPKnPbZHM/3kQMNFK1QqLS6IJGlyOME42nFy4DctZh6clua5ih1xmNNPypAnxaHd8UgEkXeSwbpRZ52+cr9n6bTiNuCTIW22h+dtap+FXMXFjxfgg3P5erj76IALEN29bf695dCnE3EwVqqpICYiVQJinwDq93SN4moTzn2qEKQN+IglgrApLW69F6jxO6lMJF9FR/SVI1iziGvb1zHANVc/XSVdSObCW+4/1BQnwaaBzBakFoXmgWOmn8a9/elNt4P2xR2tvsE/Z0aumETByjFol3ho7P6H4oWQ5vdrvIQ4jVnJTN32Vhx++/oGDNk4h1UbB6hQIqoLXUvP71VnzBEtSupmN9J1AYgmqcz3hU1iTk6/aa3c/CQVQNDaz7xHgYa0eyXSFMilUZ4uvWtnnlkcIT3YplMP2GUx9hJiqxxQI7voS3+floAlRUSUc3Lb7dbDuYQyMbRO8P8uHt7xxHH7s4T2ua4CZwzS2xyS6kYw3bsBXBSiqU8l7sXcE/dCLjvw2Wz7qaRTPMLCYvqzxwljjMcWC/Ovo7cWYiS6b6+Z22GPEMnCN5sn17YHq/Yc=&u=U2FsdGVkX19cXxgnSW0LDfvbs85z4z0fTfKcTrhel3P09VQSyIw7dSBoLXymwB7X&y=U2FsdGVkX1+Yp9YIME5Ei3/UFvQQGQ2bSsuwpUwawb/uQhN5XtD7Ah5ckNLPvCxK HTTP/1.1" 200 26
186.102.85.116 - - [18/Jun/2023:12:54:40 -0500] "GET /kwssiamovil/sm/acme/a?s=U2FsdGVkX19IVG5WZX/9r2H10zODhHFFwQbKz3obv3pZhMcOFmx4BcHikDgsjjoyF4cyOLC29H8u0Ii+7Zyj13LCOPFKPV0dC1gDx1oWI7egswWXqvbHzgrNYmJl/Pn9uJ8iiB1LreLJYvth/JpeTBYp8o3R+kLXDesFpKcYEw4=&u=U2FsdGVkX19cXxgnSW0LDfvbs85z4z0fTfKcTrhel3P09VQSyIw7dSBoLXymwB7X&y=U2FsdGVkX1+Yp9YIME5Ei3/UFvQQGQ2bSsuwpUwawb/uQhN5XtD7Ah5ckNLPvCxK HTTP/1.1" 200 26
186.102.85.116 - - [18/Jun/2023:12:54:41 -0500] "GET /kwssiamovil/sm/acme/a?s=U2FsdGVkX19k5SRV0N5SZ6kHSqu0Tn+8BYdZm9FPr2zTYJm42Wa3OTM4IfIpAU/3ARwPrJUdvoGC2TJtZF/Q3C2CMvue9mPz5uNhcPhvB2VvBMvTEaV3sgsHa8vKdTPAz+fZG3ut/CAl4YJMa8LoQqiJcOgeG8J+jwc+WU+zMkI=&u=U2FsdGVkX19cXxgnSW0LDfvbs85z4z0fTfKcTrhel3P09VQSyIw7dSBoLXymwB7X&y=U2FsdGVkX1+Yp9YIME5Ei3/UFvQQGQ2bSsuwpUwawb/uQhN5XtD7Ah5ckNLPvCxK HTTP/1.1" 200 26
186.102.85.116 - - [18/Jun/2023:12:54:41 -0500] "GET /kwssiamovil/sm/acme/a?s=U2FsdGVkX1+PNsZRL0huJ6j8ui0UqBSJbloU/o1z9RKYDyobgigHKNSxLOooYZM0vP/7Kz54En54Ezm4uFzNfLbNaVIBFxyYFHyQ4RX/5dBnZ6FXTFkrm1OK9Tq5N6sTKw8RVIKPO6vwJyR0yZ0+Vjq+zybWtvhdGw9GplFSrF0=&u=U2FsdGVkX19cXxgnSW0LDfvbs85z4z0fTfKcTrhel3P09VQSyIw7dSBoLXymwB7X&y=U2FsdGVkX1+Yp9YIME5Ei3/UFvQQGQ2bSsuwpUwawb/uQhN5XtD7Ah5ckNLPvCxK HTTP/1.1" 200 26
186.102.85.116 - - [18/Jun/2023:12:54:41 -0500] "GET /kwssiamovil/sm/acme/a?s=U2FsdGVkX1/DlW5kFBnTFhcehYh6KExE7XIXAv3bBBlC/yfzQsxPuHIh+JBmF16k8lAkrSq2cPdkuxp8jjPvCxY6qHAyoWDPB98cPe15U0thmRvmIDN2iQKA8055eHl+WUnoH/aEjlWlINWYD9UaNCn2Fn4s1mYGTxSPZg8L3qxuGGVZsP8h+AvE5D1dXyGRsmzQAoxSHvma+X38AukA+Q==&u=U2FsdGVkX19cXxgnSW0LDfvbs85z4z0fTfKcTrhel3P09VQSyIw7dSBoLXymwB7X&y=U2FsdGVkX1+Yp9YIME5Ei3/UFvQQGQ2bSsuwpUwawb/uQhN5XtD7Ah5ckNLPvCxK HTTP/1.1" 200 26
173.252.87.10 - - [18/Jun/2023:12:55:01 -0500] "GET /images/mercados-campesinos-5-mayo.jpg HTTP/1.1" 200 95848
172.22.2.4 - - [18/Jun/2023:12:53:21 -0500] "HEAD /BLA/boletinlegal/ HTTP/1.1" 200 -
172.22.2.4 - - [18/Jun/2023:12:54:11 -0500] "GET /BLA/boletinlegal/ HTTP/1.1" 200 59192
216.245.221.92 - - [18/Jun/2023:12:56:41 -0500] "HEAD / HTTP/1.1" 200 -
201.245.192.253 - - [18/Jun/2023:12:56:38 -0500] "POST /kwsrmcab/Wsrmcab  HTTP/1.1" 200 40957
66.249.77.10 - - [18/Jun/2023:13:00:51 -0500] "-" 408 -
172.22.2.4 - - [18/Jun/2023:12:59:11 -0500] "HEAD /BLA/boletinlegal/ HTTP/1.1" 200 -
40.77.167.97 - - [18/Jun/2023:13:01:29 -0500] "GET /BLA/resoluciones/AUTOS%202020/3354.pdf HTTP/1.1" 304 -
201.245.192.253 - - [18/Jun/2023:13:01:37 -0500] "POST /kwsrmcab/Wsrmcab  HTTP/1.1" 200 40957
216.245.221.92 - - [18/Jun/2023:13:01:41 -0500] "HEAD / HTTP/1.1" 200 -
172.22.2.4 - - [18/Jun/2023:13:00:01 -0500] "GET /BLA/boletinlegal/ HTTP/1.1" 200 52495
5.42.64.52 - - [18/Jun/2023:13:02:49 -0500] "GET /BLA/resoluciones/AUTOS%202021/2221.pdf HTTP/1.0" 200 408623
5.42.64.52 - - [18/Jun/2023:13:02:49 -0500] "GET / HTTP/1.0" 200 319
172.22.2.4 - - [18/Jun/2023:13:03:13 -0500] "GET /BLA/boletinlegal/Directivas/2017/Directiva%20No.%2005%20del%2013%20de%20Junio%20de%202017.pdf HTTP/1.1" 304 -
40.77.167.97 - - [18/Jun/2023:13:04:09 -0500] "GET /BLA/resoluciones/AUTOS%202014/2076.pdf HTTP/1.1" 200 737095
69.63.184.2 - - [18/Jun/2023:13:04:46 -0500] "GET /30-tinguas-azules-volvieron-a-alzar-vuelo-en-el-humedal-jaboque-en-engativa.html HTTP/1.1" 200 1102
172.22.2.4 - - [18/Jun/2023:13:05:49 -0500] "GET /BLA/boletinlegal/favicon.ico HTTP/1.1" 404 1018
172.22.2.4 - - [18/Jun/2023:13:05:33 -0500] "GET /BLA/boletinlegal/ HTTP/1.1" 200 20427
172.22.2.4 - - [18/Jun/2023:13:05:33 -0500] "GET /BLA/boletinlegal/ HTTP/1.1" 200 32715
181.54.228.54 - - [18/Jun/2023:13:06:37 -0500] "GET /BLA/resoluciones/ HTTP/1.1" 200 13502
181.54.228.54 - - [18/Jun/2023:13:06:37 -0500] "GET /favicon.ico HTTP/1.1" 200 7782
201.245.192.253 - - [18/Jun/2023:13:06:36 -0500] "POST /kwsrmcab/Wsrmcab  HTTP/1.1" 200 40957
216.245.221.92 - - [18/Jun/2023:13:06:41 -0500] "HEAD / HTTP/1.1" 200 -
172.22.2.4 - - [18/Jun/2023:13:05:01 -0500] "HEAD /BLA/boletinlegal/ HTTP/1.1" 200 -
201.185.140.46 - - [18/Jun/2023:13:06:55 -0500] "GET /proyecto-avantia-con-la-union-europea-busca-especialista-en-cambio-climatico.html HTTP/1.1" 200 814
172.22.2.4 - - [18/Jun/2023:13:05:51 -0500] "GET /BLA/boletinlegal/ HTTP/1.1" 200 56100
201.245.192.253 - - [18/Jun/2023:13:11:35 -0500] "POST /kwsrmcab/Wsrmcab  HTTP/1.1" 200 40957
216.245.221.92 - - [18/Jun/2023:13:11:41 -0500] "HEAD / HTTP/1.1" 200 -
172.22.2.4 - - [18/Jun/2023:13:10:51 -0500] "HEAD /BLA/boletinlegal/ HTTP/1.1" 200 -
172.22.2.4 - - [18/Jun/2023:13:11:41 -0500] "GET /BLA/boletinlegal/ HTTP/1.1" 200 57680
201.245.192.253 - - [18/Jun/2023:13:16:34 -0500] "POST /kwsrmcab/Wsrmcab  HTTP/1.1" 200 40957
216.245.221.92 - - [18/Jun/2023:13:16:41 -0500] "HEAD / HTTP/1.1" 200 -
172.22.2.4 - - [18/Jun/2023:13:16:41 -0500] "HEAD /BLA/boletinlegal/ HTTP/1.1" 200 -
172.22.2.4 - - [18/Jun/2023:13:17:31 -0500] "GET /BLA/boletinlegal/ HTTP/1.1" 200 59192
201.245.192.253 - - [18/Jun/2023:13:20:18 -0500] "POST /kwsrmcab/Wsrmcab HTTP/1.1" 200 40342
201.245.192.253 - - [18/Jun/2023:13:20:22 -0500] "POST /kwsrmcab/Wsrmcab HTTP/1.1" 200 35695
66.249.77.10 - - [18/Jun/2023:13:21:05 -0500] "-" 408 -
201.245.192.253 - - [18/Jun/2023:13:21:33 -0500] "POST /kwsrmcab/Wsrmcab  HTTP/1.1" 200 40957
216.245.221.92 - - [18/Jun/2023:13:21:41 -0500] "HEAD / HTTP/1.1" 200 -
200.118.64.109 - - [18/Jun/2023:13:22:18 -0500] "POST /forms/lservlet;jsessionid=ac16012b30d69a1472e6bb6849ea9a2cb21c4a090039.e3iSbxaKaheRe3mNc3qRchuOay1ynknvrkLOlQzNp65In0 HTTP/1.1" 200 13
200.118.64.109 - - [18/Jun/2023:13:22:19 -0500] "POST /forms/lservlet;jsessionid=ac16012b30d69a1472e6bb6849ea9a2cb21c4a090039.e3iSbxaKaheRe3mNc3qRchuOay1ynknvrkLOlQzNp65In0 HTTP/1.1" 200 13
200.118.64.109 - - [18/Jun/2023:13:22:20 -0500] "POST /forms/lservlet;jsessionid=ac16012b30d69a1472e6bb6849ea9a2cb21c4a090039.e3iSbxaKaheRe3mNc3qRchuOay1ynknvrkLOlQzNp65In0 HTTP/1.1" 200 13
200.118.64.109 - - [18/Jun/2023:13:22:22 -0500] "POST /forms/lservlet;jsessionid=ac16012b30d69a1472e6bb6849ea9a2cb21c4a090039.e3iSbxaKaheRe3mNc3qRchuOay1ynknvrkLOlQzNp65In0 HTTP/1.1" 200 13
200.118.64.109 - - [18/Jun/2023:13:22:23 -0500] "POST /forms/lservlet;jsessionid=ac16012b30d69a1472e6bb6849ea9a2cb21c4a090039.e3iSbxaKaheRe3mNc3qRchuOay1ynknvrkLOlQzNp65In0 HTTP/1.1" 200 13
200.118.64.109 - - [18/Jun/2023:13:22:24 -0500] "POST /forms/lservlet;jsessionid=ac16012b30d69a1472e6bb6849ea9a2cb21c4a090039.e3iSbxaKaheRe3mNc3qRchuOay1ynknvrkLOlQzNp65In0 HTTP/1.1" 200 13
172.22.2.4 - - [18/Jun/2023:13:22:31 -0500] "HEAD /BLA/boletinlegal/ HTTP/1.1" 200 -
172.22.2.4 - - [18/Jun/2023:13:22:40 -0500] "GET /BLA/boletinlegal/ HTTP/1.1" 200 46920
69.63.184.7 - - [18/Jun/2023:13:24:24 -0500] "GET /images/stand-secretaria-ambiente-fima.jpg HTTP/1.1" 200 42537
172.22.2.4 - - [18/Jun/2023:13:24:36 -0500] "GET /BLA/boletinlegal/js/jquery.js HTTP/1.1" 200 57254
172.22.2.4 - - [18/Jun/2023:13:24:36 -0500] "GET /BLA/boletinlegal/style.css HTTP/1.1" 200 9406
172.22.2.4 - - [18/Jun/2023:13:24:36 -0500] "GET /BLA/boletinlegal/styles2.css HTTP/1.1" 200 1838
172.22.2.4 - - [18/Jun/2023:13:24:42 -0500] "GET /BLA/boletinlegal/js/jquery.scrollShow.js HTTP/1.1" 200 4586
172.22.2.4 - - [18/Jun/2023:13:24:42 -0500] "GET /BLA/boletinlegal/js/jquery.scrollTo-min.js HTTP/1.1" 200 1150
172.22.2.4 - - [18/Jun/2023:13:23:21 -0500] "GET /BLA/boletinlegal/ HTTP/1.1" 200 55337
201.245.192.253 - - [18/Jun/2023:13:26:31 -0500] "POST /kwsrmcab/Wsrmcab  HTTP/1.1" 200 40957
216.245.221.92 - - [18/Jun/2023:13:26:41 -0500] "HEAD / HTTP/1.1" 200 -
179.9.134.59 - - [18/Jun/2023:13:29:12 -0500] "GET /inversion-termica-que-es-y-cual-es-su-relacion-con-la-calidad-del-aire.html HTTP/1.1" 200 871
179.9.134.59 - - [18/Jun/2023:13:29:12 -0500] "GET /images/grafico-invesion-termica-28-marzo.jpg HTTP/1.1" 200 17511
172.22.2.4 - - [18/Jun/2023:13:28:21 -0500] "HEAD /BLA/boletinlegal/ HTTP/1.1" 200 -
201.245.192.253 - - [18/Jun/2023:13:30:18 -0500] "POST /kwsrmcab/Wsrmcab HTTP/1.1" 200 40342
201.245.192.253 - - [18/Jun/2023:13:30:22 -0500] "POST /kwsrmcab/Wsrmcab HTTP/1.1" 200 35695
172.22.2.4 - - [18/Jun/2023:13:29:11 -0500] "GET /BLA/boletinlegal/ HTTP/1.1" 200 59824
66.249.77.8 - - [18/Jun/2023:13:31:19 -0500] "-" 408 -
201.245.192.253 - - [18/Jun/2023:13:31:30 -0500] "POST /kwsrmcab/Wsrmcab  HTTP/1.1" 200 40957
216.245.221.92 - - [18/Jun/2023:13:31:41 -0500] "HEAD / HTTP/1.1" 200 -
172.22.2.4 - - [18/Jun/2023:13:32:18 -0500] "GET /BLA/boletinlegal/ HTTP/1.1" 200 36811
212.129.57.169 - - [18/Jun/2023:13:34:32 -0500] "GET /planear-y-al-mismo-tiempo-actuar-el-camino-de-bogota-para-enfrentar-la-crisis-climatica.html HTTP/1.1" 200 848
128.14.134.134 - - [18/Jun/2023:13:34:39 -0500] "GET /portaldeninos/ HTTP/1.1" 200 110197
172.22.2.4 - - [18/Jun/2023:13:34:11 -0500] "HEAD /BLA/boletinlegal/ HTTP/1.1" 200 -
31.13.115.1 - - [18/Jun/2023:13:36:04 -0500] "GET /images/aire-bogota.jpeg HTTP/1.1" 200 169194
201.245.192.253 - - [18/Jun/2023:13:36:29 -0500] "POST /kwsrmcab/Wsrmcab  HTTP/1.1" 200 40957
216.245.221.92 - - [18/Jun/2023:13:36:41 -0500] "HEAD / HTTP/1.1" 200 -
172.22.2.4 - - [18/Jun/2023:13:35:01 -0500] "GET /BLA/boletinlegal/ HTTP/1.1" 200 57272
173.252.87.118 - - [18/Jun/2023:13:38:41 -0500] "GET /images/foto%202.jpg HTTP/1.1" 200 63300
186.113.72.118 - - [18/Jun/2023:13:39:30 -0500] "GET /BLA/resoluciones/RESOLUCIONES%202008/5012.pdf HTTP/1.1" 200 284689
186.113.72.118 - - [18/Jun/2023:13:39:33 -0500] "GET /BLA/resoluciones/index.php?dir=RESOLUCIONES+2008%2F HTTP/1.1" 200 976272
186.113.72.118 - - [18/Jun/2023:13:39:34 -0500] "GET /BLA/resoluciones/dlf/styles.css HTTP/1.1" 200 3049
186.113.72.118 - - [18/Jun/2023:13:39:34 -0500] "GET /BLA/resoluciones/dlf/dirup.png HTTP/1.1" 200 644
186.113.72.118 - - [18/Jun/2023:13:39:34 -0500] "GET /BLA/resoluciones/dlf/pdf.gif HTTP/1.1" 200 272
186.113.72.118 - - [18/Jun/2023:13:39:34 -0500] "GET /BLA/resoluciones/dlf/unknown.png HTTP/1.1" 200 266
186.113.72.118 - - [18/Jun/2023:13:39:34 -0500] "GET /BLA/resoluciones/dlf/bg.gif HTTP/1.1" 200 54
186.113.72.118 - - [18/Jun/2023:13:39:39 -0500] "GET /BLA/resoluciones/ HTTP/1.1" 200 13502
186.113.72.118 - - [18/Jun/2023:13:39:40 -0500] "GET /BLA/resoluciones/dlf/folder.png HTTP/1.1" 200 410
186.113.72.118 - - [18/Jun/2023:13:39:42 -0500] "GET /BLA/resoluciones/index.php?dir=AUTOS+2011%2F HTTP/1.1" 200 636588
186.113.72.118 - - [18/Jun/2023:13:39:47 -0500] "GET /BLA/resoluciones/AUTOS%202011/3275.pdf HTTP/1.1" 200 216155
201.245.192.253 - - [18/Jun/2023:13:40:18 -0500] "POST /kwsrmcab/Wsrmcab HTTP/1.1" 200 40342
201.245.192.253 - - [18/Jun/2023:13:40:22 -0500] "POST /kwsrmcab/Wsrmcab HTTP/1.1" 200 35695
201.245.192.253 - - [18/Jun/2023:13:41:27 -0500] "POST /kwsrmcab/Wsrmcab  HTTP/1.1" 200 40957
216.245.221.92 - - [18/Jun/2023:13:41:41 -0500] "HEAD / HTTP/1.1" 200 -
172.22.2.4 - - [18/Jun/2023:13:40:01 -0500] "HEAD /BLA/boletinlegal/ HTTP/1.1" 200 -
172.22.2.4 - - [18/Jun/2023:13:40:51 -0500] "GET /BLA/boletinlegal/ HTTP/1.1" 200 58079
181.54.228.54 - - [18/Jun/2023:13:43:21 -0500] "GET /BLA/resoluciones/index.php?dir=AUTOS+2022%2F HTTP/1.1" 200 497533
173.252.79.3 - - [18/Jun/2023:13:46:29 -0500] "GET /images/aire-bogota.jpeg HTTP/1.1" 200 169194
201.245.192.253 - - [18/Jun/2023:13:46:26 -0500] "POST /kwsrmcab/Wsrmcab  HTTP/1.1" 200 40957
216.245.221.92 - - [18/Jun/2023:13:46:41 -0500] "HEAD / HTTP/1.1" 200 -
52.167.144.90 - - [18/Jun/2023:13:47:26 -0500] "GET /menu/js/jquery.mousewheel.js HTTP/1.1" 404 1018
52.167.144.90 - - [18/Jun/2023:13:47:26 -0500] "GET /menu/js/jquery.vaccordion.js HTTP/1.1" 404 1018
172.22.2.4 - - [18/Jun/2023:13:45:51 -0500] "HEAD /BLA/boletinlegal/ HTTP/1.1" 200 -
40.77.167.97 - - [18/Jun/2023:13:47:33 -0500] "GET /menu/css/demo.css HTTP/1.1" 404 1018
40.77.167.113 - - [18/Jun/2023:13:47:38 -0500] "GET /menu/css/style.css HTTP/1.1" 404 1018
40.77.167.113 - - [18/Jun/2023:13:47:38 -0500] "GET /menu/js/jquery.easing.1.3.js HTTP/1.1" 404 1018
172.22.2.4 - - [18/Jun/2023:13:48:12 -0500] "GET /BLA/boletinlegal/Circulares/2011/Circular%20No.%208%20del%2020%20de%20Septiembre%20de%202011.pdf HTTP/1.1" 200 285158
172.22.2.4 - - [18/Jun/2023:13:46:41 -0500] "GET /BLA/boletinlegal/ HTTP/1.1" 200 54079
66.249.77.10 - - [18/Jun/2023:13:48:25 -0500] "-" 408 -
186.113.72.118 - - [18/Jun/2023:13:50:08 -0500] "GET /BLA/resoluciones/index.php?dir=RESOLUCIONES+2011%2F HTTP/1.1" 200 746823
186.113.72.118 - - [18/Jun/2023:13:50:23 -0500] "GET /BLA/resoluciones/RESOLUCIONES%202011/4744.pdf HTTP/1.1" 200 543440
201.245.192.253 - - [18/Jun/2023:13:51:25 -0500] "POST /kwsrmcab/Wsrmcab  HTTP/1.1" 200 40957
216.245.221.92 - - [18/Jun/2023:13:51:41 -0500] "HEAD / HTTP/1.1" 200 -
172.22.2.4 - - [18/Jun/2023:13:52:22 -0500] "GET /BLA/boletinlegal/actos.php HTTP/1.1" 200 9682
172.22.2.4 - - [18/Jun/2023:13:52:22 -0500] "GET /BLA/boletinlegal/favicon.ico HTTP/1.1" 404 1326
186.80.52.205 - - [18/Jun/2023:13:52:25 -0500] "GET /BLA/resoluciones/ HTTP/1.1" 200 13502
186.80.52.205 - - [18/Jun/2023:13:52:27 -0500] "GET /BLA/resoluciones/index.php?dir=AUTOS+2022%2F HTTP/1.1" 200 497533
172.22.2.4 - - [18/Jun/2023:13:51:41 -0500] "HEAD /BLA/boletinlegal/ HTTP/1.1" 200 -
172.22.2.4 - - [18/Jun/2023:13:53:36 -0500] "GET /BLA/boletinlegal/actos.php HTTP/1.1" 200 9682
172.22.2.4 - - [18/Jun/2023:13:53:36 -0500] "GET /BLA/boletinlegal/styles2.css HTTP/1.1" 200 1838
172.22.2.4 - - [18/Jun/2023:13:53:36 -0500] "GET /BLA/boletinlegal/js/ajax_actos.js HTTP/1.1" 200 1322
172.22.2.4 - - [18/Jun/2023:13:53:36 -0500] "GET /BLA/boletinlegal/js/jquery1.js HTTP/1.1" 200 29846
172.22.2.4 - - [18/Jun/2023:13:53:36 -0500] "GET /BLA/boletinlegal/niceforms-default.css HTTP/1.1" 200 6694
172.22.2.4 - - [18/Jun/2023:13:53:36 -0500] "GET /BLA/boletinlegal/niceforms.js HTTP/1.1" 200 22876
172.22.2.4 - - [18/Jun/2023:13:53:36 -0500] "GET /BLA/boletinlegal/style.css HTTP/1.1" 200 9406
172.22.2.4 - - [18/Jun/2023:13:53:36 -0500] "GET /BLA/boletinlegal/js/lib.js HTTP/1.1" 200 6474
172.22.2.4 - - [18/Jun/2023:13:53:36 -0500] "GET /BLA/boletinlegal/js/popup.js HTTP/1.1" 200 1270
172.22.2.4 - - [18/Jun/2023:13:53:36 -0500] "GET /BLA/boletinlegal/images/registro-usuarios.png HTTP/1.1" 200 8106
172.22.2.4 - - [18/Jun/2023:13:53:36 -0500] "GET /BLA/boletinlegal/images/tel.png HTTP/1.1" 200 14477
172.22.2.4 - - [18/Jun/2023:13:53:36 -0500] "GET /BLA/boletinlegal/images/subscribe-icon-big.png HTTP/1.1" 200 47702
172.22.2.4 - - [18/Jun/2023:13:53:36 -0500] "GET /BLA/boletinlegal/images/historia.png HTTP/1.1" 200 52775
172.22.2.4 - - [18/Jun/2023:13:53:36 -0500] "GET /BLA/boletinlegal/images/green-yellow-blue-pink-th.png HTTP/1.1" 200 7394
172.22.2.4 - - [18/Jun/2023:13:53:36 -0500] "GET /BLA/boletinlegal/images/icono-email.png HTTP/1.1" 200 5544
172.22.2.4 - - [18/Jun/2023:13:53:36 -0500] "GET /BLA/boletinlegal/images/cabezote%20BLEGAL.jpg HTTP/1.1" 200 118164
172.22.2.4 - - [18/Jun/2023:13:53:36 -0500] "GET /BLA/boletinlegal/images/body_bg.jpg HTTP/1.1" 200 1601
172.22.2.4 - - [18/Jun/2023:13:53:36 -0500] "GET /BLA/boletinlegal/images/menu_lft.gif HTTP/1.1" 200 1713
172.22.2.4 - - [18/Jun/2023:13:53:36 -0500] "GET /BLA/boletinlegal/images/menu_rght.gif HTTP/1.1" 200 1627
172.22.2.4 - - [18/Jun/2023:13:53:36 -0500] "GET /BLA/boletinlegal/images/bg_top.jpg HTTP/1.1" 200 522
172.22.2.4 - - [18/Jun/2023:13:53:36 -0500] "GET /BLA/boletinlegal/images/text.jpg HTTP/1.1" 200 568
172.22.2.4 - - [18/Jun/2023:13:53:36 -0500] "GET /BLA/boletinlegal/images/menu_bg.jpg HTTP/1.1" 200 620
172.22.2.4 - - [18/Jun/2023:13:53:36 -0500] "GET /BLA/boletinlegal/images/hover.jpg HTTP/1.1" 200 640
172.22.2.4 - - [18/Jun/2023:13:53:36 -0500] "GET /BLA/boletinlegal/images/footer_bg.jpg HTTP/1.1" 200 586
172.22.2.4 - - [18/Jun/2023:13:53:36 -0500] "GET /BLA/boletinlegal/images/footer_bg_l.jpg HTTP/1.1" 200 776
172.22.2.4 - - [18/Jun/2023:13:53:36 -0500] "GET /BLA/boletinlegal/favicon.ico HTTP/1.1" 404 1326
172.22.2.4 - - [18/Jun/2023:13:53:37 -0500] "GET /BLA/boletinlegal/img/0.png HTTP/1.1" 200 110
