186.148.187.162 - - [19/Jun/2023:21:51:42 -0500] "GET /kwssiamovil/sm/acme/a?s=U2FsdGVkX19aU8YE+yQ/QviG3RKuCWSlfLZ+OTMQ8vWvpN/mZu6FJJySP4ugtscdJy67UYK2ctwbMLSa5P49dIZXOTLMzGl/Blr/gL9LUzXUdzZYVGz8HhmEVpK0C6t01ockuZO4MCckbBGQQQb/dQ39O8I66f/KwTtpmJ7JUgAJnBop76WUu1L9DfVmvBjIBBkn3bSrg6JlA8uiPdt/8w==&u=U2FsdGVkX1/dJGdcqFDOQD2pNq6bFE3N8H/xTMBQ/7idtkmEvjcOmEgwZ7WJq+8I&y=U2FsdGVkX19FzyHxA8HxVOAl0131nzjB2jjPa/igukyBXWZT0Tvr7we0jP8B6nRs HTTP/1.1" 200 26
186.148.187.162 - - [19/Jun/2023:21:51:44 -0500] "GET /kwssiamovil/sm/acme/a?s=U2FsdGVkX1/RYHiFx3th+gVUBkXEqr4ZOQRlCco6rxd5OL9EWEqvYVpT7wcPlhOuKGKci4ve7mX1QjhAcdtXDljIHWLoMBe0vno2+xaEulidrh/V0BjojH+qdNGrErRePP0xL8FkaB+hgNq+q1VOmvCFl2hiniRtlxED6svnWLqA7CtrlnVCY6rQ5v/cPyhvsfFV3ydS9Is5vrOQv4VNwg==&u=U2FsdGVkX1/dJGdcqFDOQD2pNq6bFE3N8H/xTMBQ/7idtkmEvjcOmEgwZ7WJq+8I&y=U2FsdGVkX19FzyHxA8HxVOAl0131nzjB2jjPa/igukyBXWZT0Tvr7we0jP8B6nRs HTTP/1.1" 200 26
186.148.187.162 - - [19/Jun/2023:21:51:44 -0500] "GET /kwssiamovil/sm/acme/a?s=U2FsdGVkX1+g/GVzkfJB1lX/DpLW1b0WUdtz/Fyrn6e1O7uDdYP9zfm6GRZ110OHQxIclX2q5dFgjqCthuUw/ACUQNFzvypM3TZ/AfftziI6xEptwAhoedPBrdP8l+XnGD0/BSHC2QzB+OZCf9j06wA6f5PccLoesCVar4zAiwN54KwdcPp3fX5yL/trDUYF&u=U2FsdGVkX1/dJGdcqFDOQD2pNq6bFE3N8H/xTMBQ/7idtkmEvjcOmEgwZ7WJq+8I&y=U2FsdGVkX19FzyHxA8HxVOAl0131nzjB2jjPa/igukyBXWZT0Tvr7we0jP8B6nRs HTTP/1.1" 200 26
186.168.235.239 - - [19/Jun/2023:21:52:08 -0500] "GET /BLA/resoluciones/index.php?dir=AUTOS+2016%2F HTTP/1.1" 200 330644
172.22.2.4 - - [19/Jun/2023:21:50:47 -0500] "HEAD /BLA/boletinlegal/ HTTP/1.1" 200 -
172.22.2.4 - - [19/Jun/2023:21:51:37 -0500] "GET /BLA/boletinlegal/ HTTP/1.1" 200 59192
181.56.72.22 - - [19/Jun/2023:21:54:07 -0500] "-" 408 -
201.245.192.253 - - [19/Jun/2023:21:54:32 -0500] "POST /kwsrmcab/Wsrmcab  HTTP/1.1" 200 40957
172.22.2.4 - - [19/Jun/2023:21:55:19 -0500] "GET /BLA/boletinlegal/.env HTTP/1.1" 404 1018
216.245.221.92 - - [19/Jun/2023:21:56:36 -0500] "HEAD / HTTP/1.1" 200 -
190.60.254.231 - - [19/Jun/2023:21:57:34 -0500] "POST /sipse/faces/presentacion/financiero/solicitudProceso/consultarSolicitudProceso.xhtml HTTP/1.1" 200 42029
190.60.254.231 - - [19/Jun/2023:21:57:35 -0500] "GET /sipse/faces/javax.faces.resource/theme.css?ln=primefaces-sipse HTTP/1.1" 304 -
190.60.254.231 - - [19/Jun/2023:21:57:35 -0500] "GET /sipse/faces/javax.faces.resource/layout/layout.css?ln=primefaces&v=4.0 HTTP/1.1" 304 -
190.60.254.231 - - [19/Jun/2023:21:57:35 -0500] "GET /sipse/faces/javax.faces.resource/primefaces.css?ln=primefaces&v=4.0 HTTP/1.1" 304 -
190.60.254.231 - - [19/Jun/2023:21:57:35 -0500] "GET /sipse/faces/javax.faces.resource/jquery/jquery.js?ln=primefaces&v=4.0 HTTP/1.1" 304 -
190.60.254.231 - - [19/Jun/2023:21:57:35 -0500] "GET /sipse/faces/javax.faces.resource/jquery/jquery-plugins.js?ln=primefaces&v=4.0 HTTP/1.1" 304 -
190.60.254.231 - - [19/Jun/2023:21:57:36 -0500] "GET /sipse/faces/javax.faces.resource/primefaces.js?ln=primefaces&v=4.0 HTTP/1.1" 304 -
190.60.254.231 - - [19/Jun/2023:21:57:36 -0500] "GET /sipse/faces/javax.faces.resource/layout/layout.js?ln=primefaces&v=4.0 HTTP/1.1" 304 -
186.29.158.219 - - [19/Jun/2023:21:57:36 -0500] "GET /kwssiamovil/sm/acme/a?s=U2FsdGVkX18T47WwxZZQK87EcLwvPOzrTgmkc0OtviOTIpJtYgAn4FKLtAYLiz9S7YtUWYUAH+oZEmOuKcERbs/6uxRvErLplwfS1lYu1gPnbLffD6cvy3CPLbkaIG4hGxe4NuEIx0ATuD5W+qYKJCX+IrIKE0pl/GoleSOJ9ONy37pcMNuqWrvpNKgni3QkjsVm0s/QAE6GYVLD/nIQLEIcizukp+AaGvlPCH5CUqX3hlCn9VoJjb2xD4dYp/zOFMcZG+5CM1mwPgECWij9WQ==&u=U2FsdGVkX1+5z1aXMZp+T8/7dYTl8+fAxf3lRi358kRcn8TrvnyyB7xGy4L3QbGX&y=U2FsdGVkX18OvtITz8Yifuv+p64URhf8jAjI3IcBhU0KdS5+LgY3Uqme2NkJEZlt HTTP/1.1" 200 26
190.60.254.231 - - [19/Jun/2023:21:57:36 -0500] "POST /sipse/faces/presentacion/financiero/solicitudProceso/consultar.xhtml HTTP/1.1" 200 35454
186.29.158.219 - - [19/Jun/2023:21:57:37 -0500] "GET /kwssiamovil/sm/acme/a?s=U2FsdGVkX19hvC/gZn8TRGsJPrFeeM7a0GdN+dDVn7nkHxH9Y6+/mM4fmWsD2i0gQ1j1lyMuXCo/rJ4MiVjYfBj7FCW62L+xL5jBHJ2pxGfIVNNQ8BDHwdmm1D2rEwVx+O/zLSa2NerDMf5WY/ZMm9tDbX9fDgLJzg32/WrchK/XdQlLHcxGNQCwNOfh32BUnF19xafdOJPGhTDQPLxPpIS6pimFi1MvKVa1HsLG9K6kIG5yixHCIKqleme2X1/vwKIaAIQKfAwQdsk8E/uPJ1WmAHSAAwzgV8RZR8teV92I9pIVumnUIabDQ1jPaNSK9e9B+1TnuHS7Uk7S/1YC6cWVenL7yLBQACD0tKWJykWpl0O5IlHaR/+/efwUK5VPBpXWjBQedoP+BVC6FzbAzf4ZMNCimqLBDsF/Z4EarbAoVxdgiwX82HMaSBGf3vgy55i88ytmBReZE5Kr5hnTIB4C4jvqRn4bU+hlki+Xe5FJSNOCcxRWrMBOuCWbt6K86eo9XqtGtlUCQBC2pM0ZttM8heBg0LhJSKRlqW4hX4T8QDbR5NBT8hNP7iBz9Bjx8Hf+Cs8QywSsDZ5y5QewviRcH/X7WhkyWSjjHaJN3QQiA+4q2+yK1yK9n9dqIwv8P+K+fGANy69dDxGMj/q3OlrLrRfGMymFgTWsHzU9Dr3uOdOzcMK5xi4U+Q3nQI6JPhIJiGoO5dBtuielqagnTeCt3ESr3mEb+UP+0KI5/w/r6RQ2+vgNeKzaxhOpOHcLWNHCvWgL64xrJiqKP62qGuV41VEAjZPW77qFQ8vQO0IQSk7+2SWukYMCuzjYVOeMV/HE01+URzhCRcLRlRT1S0HmXgdVUWvpb3gD979oaDzm92L5jmufwIkcUYwEBLMORNnE7y2J+1ZMTOAwB6s+wOueBhmLXJl3+ewL8Rs40dw6Fzyr8pwyxyqKCr/itc3Q9gR2WDcst/mptVHmt65KK6B80LT7kWTXbA7sSSdzXd2L4Lhuj3lNFm6jL8mXNom3HOziCqCAL8+8imzxMOOpcKxGfH0Z5ezLcTeeYxa4L8l5j5SAtvlpZFfYRyndKLk2k+Zx7F0XT5BBN+KFelOOCrvJZ+LlCG5Dfupa+IZb1sDXkVzfg6QtenFFtG0sw4sap8Qvw5z68FqZctrH6ReQ7cgBgYivQJtdpyWYV/M0cyUuGGfRaNySDxC2SiBuYtDG5Sh/YXYBCLsU6QqSPnRyy3jBU0kot5UJV5I2pBhbXuUJqjGtxvYQBs0uIpGQQn7MNrG9CUH1yrRRaC++rIeL3lxnftlHq3CAXJJxbDRB0vsnVcC0w2s26ONTvuQIOD3JlM35XAPBMN2nWYn3WK1j1gPXSTjJ8soGXhKeB5OZjpgGbIYwPDGgWRKXGEiSuRupBbaoxSRmXlGeDG+JzQmcaIa+PXWpKRZhgsZThczT7wepMnKrsaqLhzfQ/PWhuDiP/hSpc9KA2xASaGHIgjxOPyj8kdA2Pc7K0++1STDLhaGpRehIGZpOACCudOBgHWfo1IIwCWWRhqhTRK0dwlJwQhDWNS4wbYh3zgd6gWQOmHE1yRiaDyDzJkwGcqGjf/5I2TtjXc5bu2Wb55IrDCXx2czD7cUq6eF8IuQVXId4uoFyKpxDfwGsSM79LeKi56njEDzsPgzkP2RiyG+TknCXKHq0POsWgY8WReAZTr/AD4OHBcsrz/nyCZEjqJHfAk4dyPVWjJ73L1opgzdOzhOoEQ1Dyr5ViwcpC9rZvV9pfuegUhkVeHNIHyZ1dJHcBs67pCbVs8GG7PtQv1KOmZHQzCZBqOmezGVjll+RQNlLGAgeWQJ2YehwPktcmR9ya1obAMY5KZ9yf+SyA2TNDH0X2VQqDJcYucmLkoyPy1M+J6SGB2m4dZqoU7bm+sVB99Xdopk1Udv308LBOqlIQx9AvACWgvRSib94zEq3r0MtYfAYvZBNVh8syga6lIO2KQ7vU+17KEA6+jcon2Gzsn5nPDE0bPNrJEnNLh1RQ3l8ER+Cxs/519vxLml2Up9k8jWpJJB16507TkLGFV2r2lvYVQ==&u=U2FsdGVkX1+5z1aXMZp+T8/7dYTl8+fAxf3lRi358kRcn8TrvnyyB7xGy4L3QbGX&y=U2FsdGVkX18OvtITz8Yifuv+p64URhf8jAjI3IcBhU0KdS5+LgY3Uqme2NkJEZlt HTTP/1.1" 200 26
186.29.158.219 - - [19/Jun/2023:21:57:37 -0500] "GET /kwssiamovil/sm/acme/a?s=U2FsdGVkX18GvO0zh1rcNdqgRMDT4cfgTS4HUsbkIrJ5SlR7ntJUaKJ1CRRgGECZ6dS1QNA3EVV+HfKwhU8anfn5bN3OHT9wOhwmt+iF1uTsvDsTF/XOU8FrUnuokIk8klDOcL3OYZSMO52KIdzuKnOwCxhFnDb61hpnLUWY3+k=&u=U2FsdGVkX1+5z1aXMZp+T8/7dYTl8+fAxf3lRi358kRcn8TrvnyyB7xGy4L3QbGX&y=U2FsdGVkX18OvtITz8Yifuv+p64URhf8jAjI3IcBhU0KdS5+LgY3Uqme2NkJEZlt HTTP/1.1" 200 26
186.29.158.219 - - [19/Jun/2023:21:57:37 -0500] "GET /kwssiamovil/sm/acme/a?s=U2FsdGVkX18ec57DtugKEJK9eNqO+qYbCKYBGkGdPWJHUKRp2piYkEDnOdWyzkxIaaSmwBKOIl4MnXg84laODG8a038TWFTkfI3wHESl5J5idIsTWoLaUZJOMOnmVBkFnaATC8FSECGE40qgHQEutdjJu61aX6QaDLCpMk37EKk=&u=U2FsdGVkX1+5z1aXMZp+T8/7dYTl8+fAxf3lRi358kRcn8TrvnyyB7xGy4L3QbGX&y=U2FsdGVkX18OvtITz8Yifuv+p64URhf8jAjI3IcBhU0KdS5+LgY3Uqme2NkJEZlt HTTP/1.1" 200 26
186.29.158.219 - - [19/Jun/2023:21:57:37 -0500] "GET /kwssiamovil/sm/acme/a?s=U2FsdGVkX18lje1Sq07RBU74jwJf7jF0YlSS/iajGB2s0p8jPRKSfsT8AdnqcakyZsrQc2Ddc8kNxip6uwccmVrP4SwD/fqAJW0ZGBUlBky1wjFMgiZwKecK6bJaMcWw8sE88reyC5b8HbrT8G6s4Vz+3wA1xfl3Xa9LuStm9Ts=&u=U2FsdGVkX1+5z1aXMZp+T8/7dYTl8+fAxf3lRi358kRcn8TrvnyyB7xGy4L3QbGX&y=U2FsdGVkX18OvtITz8Yifuv+p64URhf8jAjI3IcBhU0KdS5+LgY3Uqme2NkJEZlt HTTP/1.1" 200 26
190.60.254.231 - - [19/Jun/2023:21:57:37 -0500] "POST /sipse/faces/presentacion/financiero/solicitudProceso/consultar.xhtml HTTP/1.1" 200 35454
186.29.158.219 - - [19/Jun/2023:21:57:38 -0500] "GET /kwssiamovil/sm/acme/a?s=U2FsdGVkX1+tWaG3y3olnmnorCkdwEpZ9arhFs35+vubXK5wpWPt7o5bLZPT8qOorAO0PEylltoYd2tWkaAp8DVo/4IKsJDeup3g2q0sLG/fh6s/3YhoUxW+vJiJtQaRA2KtVAiRVeSYeFpdv4/Ahjy8ApBSMXdR8mUEIkORXfosvljGumlQhEe+dj7PUgNu7UxdVcnCEMtT3M3LqQZPcA==&u=U2FsdGVkX1+5z1aXMZp+T8/7dYTl8+fAxf3lRi358kRcn8TrvnyyB7xGy4L3QbGX&y=U2FsdGVkX18OvtITz8Yifuv+p64URhf8jAjI3IcBhU0KdS5+LgY3Uqme2NkJEZlt HTTP/1.1" 200 26
190.60.254.231 - - [19/Jun/2023:21:57:46 -0500] "POST /sipse/faces/presentacion/financiero/solicitudProceso/consultar.xhtml HTTP/1.1" 200 13055
190.60.254.231 - - [19/Jun/2023:21:58:02 -0500] "POST /sipse/faces/presentacion/financiero/solicitudProceso/consultar.xhtml HTTP/1.1" 200 159652
190.60.254.231 - - [19/Jun/2023:21:58:08 -0500] "GET /sipse/faces/javax.faces.resource/theme.css?ln=primefaces-sipse HTTP/1.1" 304 -
190.60.254.231 - - [19/Jun/2023:21:58:08 -0500] "GET /sipse/faces/javax.faces.resource/primefaces.css?ln=primefaces&v=4.0 HTTP/1.1" 304 -
190.60.254.231 - - [19/Jun/2023:21:58:08 -0500] "GET /sipse/faces/javax.faces.resource/layout/layout.css?ln=primefaces&v=4.0 HTTP/1.1" 304 -
190.60.254.231 - - [19/Jun/2023:21:58:09 -0500] "GET /sipse/faces/javax.faces.resource/jquery/jquery.js?ln=primefaces&v=4.0 HTTP/1.1" 304 -
190.60.254.231 - - [19/Jun/2023:21:58:09 -0500] "GET /sipse/faces/javax.faces.resource/jquery/jquery-plugins.js?ln=primefaces&v=4.0 HTTP/1.1" 304 -
190.60.254.231 - - [19/Jun/2023:21:58:09 -0500] "GET /sipse/faces/javax.faces.resource/primefaces.js?ln=primefaces&v=4.0 HTTP/1.1" 304 -
190.60.254.231 - - [19/Jun/2023:21:58:09 -0500] "GET /sipse/faces/javax.faces.resource/layout/layout.js?ln=primefaces&v=4.0 HTTP/1.1" 304 -
172.22.2.4 - - [19/Jun/2023:21:56:37 -0500] "HEAD /BLA/boletinlegal/ HTTP/1.1" 200 -
190.60.254.231 - - [19/Jun/2023:21:58:42 -0500] "POST /sipse/faces/presentacion/financiero/solicitudProceso/consultarSolicitudProceso.xhtml HTTP/1.1" 200 42242
190.60.254.231 - - [19/Jun/2023:21:58:43 -0500] "GET /sipse/faces/javax.faces.resource/theme.css?ln=primefaces-sipse HTTP/1.1" 304 -
190.60.254.231 - - [19/Jun/2023:21:58:43 -0500] "GET /sipse/faces/javax.faces.resource/layout/layout.css?ln=primefaces&v=4.0 HTTP/1.1" 304 -
190.60.254.231 - - [19/Jun/2023:21:58:43 -0500] "GET /sipse/faces/javax.faces.resource/jquery/jquery.js?ln=primefaces&v=4.0 HTTP/1.1" 304 -
190.60.254.231 - - [19/Jun/2023:21:58:43 -0500] "GET /sipse/faces/javax.faces.resource/primefaces.css?ln=primefaces&v=4.0 HTTP/1.1" 304 -
190.60.254.231 - - [19/Jun/2023:21:58:43 -0500] "GET /sipse/faces/javax.faces.resource/jquery/jquery-plugins.js?ln=primefaces&v=4.0 HTTP/1.1" 304 -
190.60.254.231 - - [19/Jun/2023:21:58:44 -0500] "GET /sipse/faces/javax.faces.resource/primefaces.js?ln=primefaces&v=4.0 HTTP/1.1" 304 -
190.60.254.231 - - [19/Jun/2023:21:58:44 -0500] "GET /sipse/faces/javax.faces.resource/layout/layout.js?ln=primefaces&v=4.0 HTTP/1.1" 304 -
190.60.254.231 - - [19/Jun/2023:21:58:44 -0500] "POST /sipse/faces/presentacion/financiero/solicitudProceso/consultar.xhtml HTTP/1.1" 200 35667
190.60.254.231 - - [19/Jun/2023:21:58:46 -0500] "POST /sipse/faces/presentacion/financiero/solicitudProceso/consultar.xhtml HTTP/1.1" 200 35667
190.60.254.231 - - [19/Jun/2023:21:58:46 -0500] "POST /sipse/faces/presentacion/financiero/solicitudProceso/consultar.xhtml HTTP/1.1" 200 35667
190.60.254.231 - - [19/Jun/2023:21:58:47 -0500] "POST /sipse/faces/presentacion/financiero/solicitudProceso/consultar.xhtml HTTP/1.1" 200 35667
172.22.2.4 - - [19/Jun/2023:21:57:27 -0500] "GET /BLA/boletinlegal/ HTTP/1.1" 200 57272
201.245.192.253 - - [19/Jun/2023:21:59:30 -0500] "POST /kwsrmcab/Wsrmcab  HTTP/1.1" 200 40957
45.79.172.21 - - [19/Jun/2023:22:01:25 -0500] "\x16\x03\x01" 400 226
216.245.221.92 - - [19/Jun/2023:22:01:36 -0500] "HEAD / HTTP/1.1" 200 -
198.74.56.46 - - [19/Jun/2023:22:02:39 -0500] "GET / HTTP/1.1" 200 319
186.29.248.107 - - [19/Jun/2023:22:02:56 -0500] "GET /galeria/galeria/jquery.fancybox.css?v=2.1.5 HTTP/1.1" 200 4895
186.29.248.107 - - [19/Jun/2023:22:02:56 -0500] "GET /BLA/boletinlegal/js/jquery.scrollShow.js HTTP/1.1" 200 4586
186.29.248.107 - - [19/Jun/2023:22:02:57 -0500] "GET /galeria/galeria/jquery.fancybox.js?v=2.1.5 HTTP/1.1" 200 48706
172.22.2.4 - - [19/Jun/2023:22:02:27 -0500] "HEAD /BLA/boletinlegal/ HTTP/1.1" 200 -
201.245.192.253 - - [19/Jun/2023:22:04:29 -0500] "POST /kwsrmcab/Wsrmcab  HTTP/1.1" 200 40957
172.22.2.4 - - [19/Jun/2023:22:03:17 -0500] "GET /BLA/boletinlegal/ HTTP/1.1" 200 57272
186.85.37.177 - - [19/Jun/2023:22:06:36 -0500] "GET /galeria/galeria/jquery.fancybox.css?v=2.1.5 HTTP/1.1" 200 4895
186.85.37.177 - - [19/Jun/2023:22:06:36 -0500] "GET /BLA/boletinlegal/js/jquery.scrollShow.js HTTP/1.1" 200 4586
186.85.37.177 - - [19/Jun/2023:22:06:36 -0500] "GET /galeria/galeria/jquery.fancybox.js?v=2.1.5 HTTP/1.1" 200 48706
216.245.221.92 - - [19/Jun/2023:22:06:36 -0500] "HEAD / HTTP/1.1" 200 -
40.77.167.184 - - [19/Jun/2023:22:06:50 -0500] "-" 408 -
94.102.61.80 - - [19/Jun/2023:22:07:14 -0500] "GET / HTTP/1.1" 200 319
201.245.192.253 - - [19/Jun/2023:22:09:28 -0500] "POST /kwsrmcab/Wsrmcab  HTTP/1.1" 200 40957
172.22.2.4 - - [19/Jun/2023:22:08:17 -0500] "HEAD /BLA/boletinlegal/ HTTP/1.1" 200 -
173.252.95.1 - - [19/Jun/2023:22:10:22 -0500] "GET /images/manos-reparadoras-plaza-americas-1.jpg HTTP/1.1" 200 47593
172.22.2.4 - - [19/Jun/2023:22:09:07 -0500] "GET /BLA/boletinlegal/ HTTP/1.1" 200 54942
40.77.167.177 - - [19/Jun/2023:22:11:17 -0500] "GET /serpiente-sabanera-pone-huevos-en-area-protegida-de-bogota.html HTTP/1.1" 200 670
216.245.221.92 - - [19/Jun/2023:22:11:36 -0500] "HEAD / HTTP/1.1" 200 -
31.13.127.1 - - [19/Jun/2023:22:12:51 -0500] "GET /images/serpiente-sabanera.jpeg HTTP/1.1" 200 167272
201.245.192.253 - - [19/Jun/2023:22:14:27 -0500] "POST /kwsrmcab/Wsrmcab  HTTP/1.1" 200 40957
172.22.2.4 - - [19/Jun/2023:22:14:07 -0500] "HEAD /BLA/boletinlegal/ HTTP/1.1" 200 -
216.245.221.92 - - [19/Jun/2023:22:16:36 -0500] "HEAD / HTTP/1.1" 200 -
172.22.2.4 - - [19/Jun/2023:22:14:57 -0500] "GET /BLA/boletinlegal/ HTTP/1.1" 200 57272
52.167.144.78 - - [19/Jun/2023:22:16:41 -0500] "GET /BLA/resoluciones/AUTOS%202021/4135.pdf HTTP/1.1" 304 -
52.167.144.78 - - [19/Jun/2023:22:16:42 -0500] "GET /bla/resoluciones/notificaciones/autos%202017/02287.pdf HTTP/1.1" 200 1360604
31.13.127.7 - - [19/Jun/2023:22:18:00 -0500] "GET /images/stand-secretaria-ambiente-fima.jpg HTTP/1.1" 200 42537
18.118.200.106 - - [19/Jun/2023:22:18:30 -0500] "GET /ai.txt?t=1687223058.813887 HTTP/1.1" 404 1035
18.118.200.106 - - [19/Jun/2023:22:18:30 -0500] "GET /.well-known/ai.txt?t=1687223058.813887 HTTP/1.1" 404 1035
172.22.2.4 - - [19/Jun/2023:22:19:16 -0500] "GET /BLA/boletinlegal/jurisprudencia/analisis/AnalisisT-606-15.docx HTTP/1.1" 200 26698
172.22.2.4 - - [19/Jun/2023:22:19:16 -0500] "GET /BLA/boletinlegal/apple-touch-icon-120x120-precomposed.png HTTP/1.1" 404 1140
172.22.2.4 - - [19/Jun/2023:22:19:16 -0500] "GET /BLA/boletinlegal/apple-touch-icon-120x120.png HTTP/1.1" 404 1140
172.22.2.4 - - [19/Jun/2023:22:19:16 -0500] "GET /BLA/boletinlegal/apple-touch-icon-precomposed.png HTTP/1.1" 404 1140
172.22.2.4 - - [19/Jun/2023:22:19:16 -0500] "GET /BLA/boletinlegal/apple-touch-icon.png HTTP/1.1" 404 1140
172.22.2.4 - - [19/Jun/2023:22:19:16 -0500] "GET /BLA/boletinlegal/favicon.ico HTTP/1.1" 404 1140
172.22.2.4 - - [19/Jun/2023:22:19:16 -0500] "GET /BLA/boletinlegal/apple-touch-icon-120x120-precomposed.png HTTP/1.1" 404 1140
172.22.2.4 - - [19/Jun/2023:22:19:16 -0500] "GET /BLA/boletinlegal/apple-touch-icon-120x120.png HTTP/1.1" 404 1140
172.22.2.4 - - [19/Jun/2023:22:19:16 -0500] "GET /BLA/boletinlegal/apple-touch-icon-precomposed.png HTTP/1.1" 404 1140
172.22.2.4 - - [19/Jun/2023:22:19:17 -0500] "GET /BLA/boletinlegal/apple-touch-icon.png HTTP/1.1" 404 1140
172.22.2.4 - - [19/Jun/2023:22:19:17 -0500] "GET /BLA/boletinlegal/favicon.ico HTTP/1.1" 404 1140
201.245.192.253 - - [19/Jun/2023:22:19:26 -0500] "POST /kwsrmcab/Wsrmcab  HTTP/1.1" 200 40957
173.252.79.8 - - [19/Jun/2023:22:20:06 -0500] "GET /images/caminatas-ecol\xc3\xb3gicas-marzo---1920x1080_optimized.jpg HTTP/1.1" 404 1034
201.245.192.253 - - [19/Jun/2023:22:20:12 -0500] "POST /kwsrmcab/Wsrmcab HTTP/1.1" 200 42538
52.167.144.60 - - [19/Jun/2023:22:20:15 -0500] "GET /BLA/resoluciones/AUTOS%202021/0278.pdf HTTP/1.1" 304 -
201.245.192.253 - - [19/Jun/2023:22:20:15 -0500] "POST /kwsrmcab/Wsrmcab HTTP/1.1" 200 35818
216.245.221.92 - - [19/Jun/2023:22:21:36 -0500] "HEAD / HTTP/1.1" 200 -
172.22.2.4 - - [19/Jun/2023:22:19:57 -0500] "HEAD /BLA/boletinlegal/ HTTP/1.1" 200 -
66.249.79.102 - - [19/Jun/2023:22:22:19 -0500] "-" 408 -
172.22.2.4 - - [19/Jun/2023:22:20:47 -0500] "GET /BLA/boletinlegal/ HTTP/1.1" 200 57680
201.245.192.253 - - [19/Jun/2023:22:24:25 -0500] "POST /kwsrmcab/Wsrmcab  HTTP/1.1" 200 40957
173.252.107.120 - - [19/Jun/2023:22:25:53 -0500] "GET /avistamiento-de-aves-en-santa-maria-del-lago.html HTTP/1.1" 200 845
186.148.187.162 - - [19/Jun/2023:22:26:04 -0500] "OPTIONS /kwssiamovil/sm/setfile/f? HTTP/1.1" 200 13
186.148.187.162 - - [19/Jun/2023:22:26:04 -0500] "POST /kwssiamovil/sm/setfile/f? HTTP/1.1" 200 381
186.148.187.162 - - [19/Jun/2023:22:26:29 -0500] "GET /kwssiamovil/sm/acme/a?s=U2FsdGVkX19GIl0VQmkmiq6TDhgo5rM0MDlouFkVoQ+3ob9er6e+f9aRv5fK24oJ0RDHB5lcSZMHQQX41rbe/nnls8o5pNm7ela3/HVr9DH5SDSbAQusxfc5YfyGjbOpiOTfUU3b341sZL+cf+zr7rwtqvCBlv8koltzqTlGyD1V4kM8zPENMd+Hown3ZaB9e7/0mfZwBsSJFHRfBhfukjWbe7Uwgd0+x6sfewyWmvaLFnL3DBNA98xFnrLXtFJxGBCTkDztJYn8aL1yN6vsAA==&u=U2FsdGVkX1/dJGdcqFDOQD2pNq6bFE3N8H/xTMBQ/7idtkmEvjcOmEgwZ7WJq+8I&y=U2FsdGVkX19FzyHxA8HxVOAl0131nzjB2jjPa/igukyBXWZT0Tvr7we0jP8B6nRs HTTP/1.1" 200 26
186.148.187.162 - - [19/Jun/2023:22:26:29 -0500] "GET /kwssiamovil/sm/acme/a?s=U2FsdGVkX18g9LUMAhpZFgVGZmZ278HTGwzbEoNzrCCUoGGkz1YOOid4zuU9VCPVVhcrJ+ruR/QbZoOLuIvixNr/hGKpL12pCWtOykRnM7MJwKP4mhtr/rl+OeqNNbJpowy61GC5m2FvOdRyeX2JtwQ5cYwdYoI4AZZmlPQvPfLb5vzmF5VPELccKHWxuIdJFJs30VzHNLKaSRs+OXnG1I138RuKQa9mADE+Xeb1sM6CbCH/dOM/1VIomg0oyDrO7PWN+GmNf/u/gK0eifcm+Z2Qz9pVcnMZvYUZWnim49h9oOYuEEz6dm7vKTLrc7b3YDSlY48yMmqEvgh5J0aCW97s2LkIP5ACPRcLhpUU65TApgiaRukJTrwpCAKLNhUKQIRN61yYLZ86Uw+KHWFINW5gPBIwQmbDjGlQCh8zwlWlYG3Qrcn0AWua3a5jKBLLQu8CbPsKFzAOxbL/4iWJBLUq9n/H5Afr/loSXuxOxIObvEQq/oxo+Ujyh0al13zmgxiScNHZvIWErqUG1SddSM7DrdrnSgc+CK+URIOZOQzyarbY0JRKbidkiNjHId8t3XoVWKZqXrXY1IwMPz7ExO+82Fdsy20aGPjltbnL7Z/HSjb8Tj0bzT5a794uUa+cJ73LxUU9nGU6pa7voy9Wwli8Ag6feFvDnn2+6hYLIq6XODInhvE49N5+dLqgHi3MSPFzEK9/1q6Ajnm/xMkiyiDKBN+Bs2YjIrkAfwTQ39mwQckp/alkRdKq4wmgYUEZ7piTHhMv+Sg42mOu3BRHJUeBPbjI719QlBLlPVkHOKeCt6fMOr2liwPC7HTf5mUllfIhV+2vAGZbC05QkGT3hflSh8f8adhUvjuIyOqqmc2TZckxX6hXKpiAttzW5qLBzUXVRokLTZMFhywLV3J7+tN/EYS95ks4rWYp85N7hZIXVdCnhku92LRgpejctQVaxCIsxtfycfQG6VJIZB+SXMFXBsorvCcT7puXtBe347oowPZOPBUBTYiw4ZEPaiVq42SnJRmYZaaKKTolCgb0KSNVN8q/fHUF6p07h4cjubLdNojyGEATA6o92FMX9eGOa4UlLbP+Mp/ztezBNh85SfukuDhAFFsA6gHbVSPRgGsTcm2tRKiRoSBMp8msCWfyNusAUQUUD9bUzxs0VBmatjkbWoK/kHOcPAFjbg00oXlYet/mNXlQfBW8QH4pRL3kws+8ZKPyXFyHA0nA4FkiJ0u0psHd0l8ybJtLrXyrdabF9YipHLQQftq5v73imjx25HoH5fYO8tpS+swdHx2ppw9T2W5btJJJ6GSQhIChz6TA4hxUHU8kNqkO5rRvGcuq3f+t+ApBxmoUwfrUR6GUCA==&u=U2FsdGVkX1/dJGdcqFDOQD2pNq6bFE3N8H/xTMBQ/7idtkmEvjcOmEgwZ7WJq+8I&y=U2FsdGVkX19FzyHxA8HxVOAl0131nzjB2jjPa/igukyBXWZT0Tvr7we0jP8B6nRs HTTP/1.1" 200 26
186.148.187.162 - - [19/Jun/2023:22:26:29 -0500] "GET /kwssiamovil/sm/acme/a?s=U2FsdGVkX1//lwBIgL4TiKr4W7A4v/TpjO7FQ8geca2RxQJx9iKpBp7++P2GQ8dxy/+LLUyasU9hI5AOzoZOI2W5PeZpzvXSMZY7K2GMVZBvXvpbDDXtPhHhKCr9Se4i1MmUfFiSDXhJRei+2EXHTCuxJOvAzZogUNnbuPu7A7c=&u=U2FsdGVkX1/dJGdcqFDOQD2pNq6bFE3N8H/xTMBQ/7idtkmEvjcOmEgwZ7WJq+8I&y=U2FsdGVkX19FzyHxA8HxVOAl0131nzjB2jjPa/igukyBXWZT0Tvr7we0jP8B6nRs HTTP/1.1" 200 26
186.148.187.162 - - [19/Jun/2023:22:26:30 -0500] "GET /kwssiamovil/sm/acme/a?s=U2FsdGVkX1/arupGTrRbVOoKig1R2dtjPQg9NS1zgENamJ+uAoqlthTI8srtDN1PaQvD20x23CKv4XKIuLGiXlU+txQ1aPsARkIlx/s3YyuFyIOBPiHxf3JgfoMRJJqDyTCKbvJiwIiLiMWBn5+LAA4eSJI9g+VfqURbL7IzTFA=&u=U2FsdGVkX1/dJGdcqFDOQD2pNq6bFE3N8H/xTMBQ/7idtkmEvjcOmEgwZ7WJq+8I&y=U2FsdGVkX19FzyHxA8HxVOAl0131nzjB2jjPa/igukyBXWZT0Tvr7we0jP8B6nRs HTTP/1.1" 200 26
186.148.187.162 - - [19/Jun/2023:22:26:30 -0500] "GET /kwssiamovil/sm/acme/a?s=U2FsdGVkX18Zx+P6HsXCRn8WLq/NUpYdqejBrhkO/jE2ReZ75iiRd7HkvtQlGd2S92mQ7YPzJhkoWwMhqcZHJ/shPT88fq3LKEJW9k1mTrWvQyuBDKYZknkBMLLoSZFQk3AvQ78wtMIs2drNb29VSx+aJasHsgGnxMcxy1jV8bY=&u=U2FsdGVkX1/dJGdcqFDOQD2pNq6bFE3N8H/xTMBQ/7idtkmEvjcOmEgwZ7WJq+8I&y=U2FsdGVkX19FzyHxA8HxVOAl0131nzjB2jjPa/igukyBXWZT0Tvr7we0jP8B6nRs HTTP/1.1" 200 26
186.148.187.162 - - [19/Jun/2023:22:26:30 -0500] "GET /kwssiamovil/sm/acme/a?s=U2FsdGVkX19f4ilosYzXTmG5TJCd40XfIlpChDkc/ZKfUwPDVT9K8sIX4nmBKvLgCPpg+HtZ/RC9ZdrBk0uO3ZghQ1GJnq9sQvoAmEa+Wt8YqwnW5clN+n0CMiqO4G816auRzcpl1MONC6vAMY67lOAMhK1oJhp31SpimuSpjPgbZHatuKyxGfmL2axeYbXxf0bLgM3tuUh6fzQSr8tFXQ==&u=U2FsdGVkX1/dJGdcqFDOQD2pNq6bFE3N8H/xTMBQ/7idtkmEvjcOmEgwZ7WJq+8I&y=U2FsdGVkX19FzyHxA8HxVOAl0131nzjB2jjPa/igukyBXWZT0Tvr7we0jP8B6nRs HTTP/1.1" 200 26
186.148.187.162 - - [19/Jun/2023:22:26:31 -0500] "GET /kwssiamovil/sm/acme/a?s=U2FsdGVkX18Kt+oLiye+Lvjq2iP8hAZ1pvUVXXH0MYUt9C4llbRecxPDf9zK1TTXJvQZ0rupT7W7iAun5LcT6n8mlteVMXhCPThHq5zayIPVreTxyOAjhmg/z6rhE9ybVAwB5V1nYu9bLsYpgIsZkfaas0QFSgS0dBsIO3ETs8s7nPNC0rkcC3JBdbz7iN9/Ckky3R9OqGXAxUQKGF9cZQ==&u=U2FsdGVkX1/dJGdcqFDOQD2pNq6bFE3N8H/xTMBQ/7idtkmEvjcOmEgwZ7WJq+8I&y=U2FsdGVkX19FzyHxA8HxVOAl0131nzjB2jjPa/igukyBXWZT0Tvr7we0jP8B6nRs HTTP/1.1" 200 26
186.148.187.162 - - [19/Jun/2023:22:26:31 -0500] "GET /kwssiamovil/sm/acme/a?s=U2FsdGVkX19JNMoiwpyoekL9UFDcd3VlgIBcApTIjCqbwP6ne5v9eZz9LwjWbBSrL/Oubzjjv04aqymUDR/N48yMGKP/BvvDA0rq6ygVSe0m3wE5kB7iS9JKgJLOGfS+GdMCkBTfH7LeVRQtaHg1LkI87DqbCLxNZfoCcaoi10tdneePjnRY6YBQqxbIlv4/&u=U2FsdGVkX1/dJGdcqFDOQD2pNq6bFE3N8H/xTMBQ/7idtkmEvjcOmEgwZ7WJq+8I&y=U2FsdGVkX19FzyHxA8HxVOAl0131nzjB2jjPa/igukyBXWZT0Tvr7we0jP8B6nRs HTTP/1.1" 200 26
216.245.221.92 - - [19/Jun/2023:22:26:36 -0500] "HEAD / HTTP/1.1" 200 -
190.60.254.231 - - [19/Jun/2023:22:26:52 -0500] "POST /sipse/faces/presentacion/financiero/solicitudProceso/consultar.xhtml HTTP/1.1" 200 35667
190.60.254.231 - - [19/Jun/2023:22:26:53 -0500] "POST /sipse/faces/presentacion/financiero/solicitudProceso/consultar.xhtml HTTP/1.1" 200 35667
190.60.254.231 - - [19/Jun/2023:22:26:54 -0500] "POST /sipse/faces/presentacion/financiero/solicitudProceso/consultar.xhtml HTTP/1.1" 200 35667
190.60.254.231 - - [19/Jun/2023:22:26:54 -0500] "POST /sipse/faces/presentacion/financiero/solicitudProceso/consultar.xhtml HTTP/1.1" 200 35667
190.60.254.231 - - [19/Jun/2023:22:26:55 -0500] "POST /sipse/faces/presentacion/financiero/solicitudProceso/consultar.xhtml HTTP/1.1" 200 35667
190.60.254.231 - - [19/Jun/2023:22:26:56 -0500] "POST /sipse/faces/presentacion/financiero/solicitudProceso/consultar.xhtml HTTP/1.1" 200 35667
190.60.254.231 - - [19/Jun/2023:22:27:03 -0500] "POST /sipse/faces/presentacion/financiero/solicitudProceso/consultar.xhtml HTTP/1.1" 200 23085
40.77.167.255 - - [19/Jun/2023:22:27:03 -0500] "GET /BLA/resoluciones/AUTOS%202014/5840.pdf HTTP/1.1" 200 465824
190.60.254.231 - - [19/Jun/2023:22:27:06 -0500] "POST /sipse/faces/presentacion/financiero/solicitudProceso/consultar.xhtml HTTP/1.1" 200 3862
190.60.254.231 - - [19/Jun/2023:22:27:08 -0500] "POST /sipse/faces/presentacion/financiero/solicitudProceso/consultar.xhtml HTTP/1.1" 200 65821
190.60.254.231 - - [19/Jun/2023:22:27:09 -0500] "GET /sipse/faces/javax.faces.resource/theme.css?ln=primefaces-sipse HTTP/1.1" 304 -
190.60.254.231 - - [19/Jun/2023:22:27:09 -0500] "GET /sipse/faces/javax.faces.resource/primefaces.css?ln=primefaces&v=4.0 HTTP/1.1" 304 -
190.60.254.231 - - [19/Jun/2023:22:27:09 -0500] "GET /sipse/faces/javax.faces.resource/layout/layout.css?ln=primefaces&v=4.0 HTTP/1.1" 304 -
190.60.254.231 - - [19/Jun/2023:22:27:09 -0500] "GET /sipse/faces/javax.faces.resource/jquery/jquery.js?ln=primefaces&v=4.0 HTTP/1.1" 304 -
190.60.254.231 - - [19/Jun/2023:22:27:09 -0500] "GET /sipse/faces/javax.faces.resource/jquery/jquery-plugins.js?ln=primefaces&v=4.0 HTTP/1.1" 304 -
190.60.254.231 - - [19/Jun/2023:22:27:10 -0500] "GET /sipse/faces/javax.faces.resource/primefaces.js?ln=primefaces&v=4.0 HTTP/1.1" 304 -
190.60.254.231 - - [19/Jun/2023:22:27:10 -0500] "GET /sipse/faces/javax.faces.resource/layout/layout.js?ln=primefaces&v=4.0 HTTP/1.1" 304 -
190.60.254.231 - - [19/Jun/2023:22:27:10 -0500] "POST /sipse/faces/presentacion/financiero/solicitudProceso/listarSolicitudProceso.xhtml HTTP/1.1" 200 59220
190.60.254.231 - - [19/Jun/2023:22:27:12 -0500] "POST /sipse/faces/presentacion/financiero/solicitudProceso/listarSolicitudProceso.xhtml HTTP/1.1" 200 59220
190.60.254.231 - - [19/Jun/2023:22:27:13 -0500] "POST /sipse/faces/presentacion/financiero/solicitudProceso/listarSolicitudProceso.xhtml HTTP/1.1" 200 59220
190.60.254.231 - - [19/Jun/2023:22:27:14 -0500] "POST /sipse/faces/presentacion/financiero/solicitudProceso/listarSolicitudProceso.xhtml HTTP/1.1" 200 59220
190.60.254.231 - - [19/Jun/2023:22:27:15 -0500] "POST /sipse/faces/presentacion/financiero/solicitudProceso/listarSolicitudProceso.xhtml HTTP/1.1" 200 59220
190.60.254.231 - - [19/Jun/2023:22:27:16 -0500] "POST /sipse/faces/presentacion/financiero/solicitudProceso/listarSolicitudProceso.xhtml HTTP/1.1" 200 1556
190.60.254.231 - - [19/Jun/2023:22:27:17 -0500] "POST /sipse/faces/presentacion/financiero/solicitudProceso/listarSolicitudProceso.xhtml HTTP/1.1" 200 1560
190.60.254.231 - - [19/Jun/2023:22:27:18 -0500] "POST /sipse/faces/presentacion/financiero/solicitudProceso/listarSolicitudProceso.xhtml HTTP/1.1" 200 1560
190.60.254.231 - - [19/Jun/2023:22:27:19 -0500] "POST /sipse/faces/presentacion/financiero/solicitudProceso/listarSolicitudProceso.xhtml HTTP/1.1" 200 1564
190.60.254.231 - - [19/Jun/2023:22:27:19 -0500] "POST /sipse/faces/presentacion/financiero/solicitudProceso/listarSolicitudProceso.xhtml HTTP/1.1" 200 1556
190.60.254.231 - - [19/Jun/2023:22:27:20 -0500] "POST /sipse/faces/presentacion/financiero/solicitudProceso/listarSolicitudProceso.xhtml HTTP/1.1" 200 1564
190.60.254.231 - - [19/Jun/2023:22:27:26 -0500] "POST /sipse/faces/presentacion/financiero/solicitudProceso/listarSolicitudProceso.xhtml HTTP/1.1" 200 14223
172.22.2.4 - - [19/Jun/2023:22:25:47 -0500] "HEAD /BLA/boletinlegal/ HTTP/1.1" 200 -
190.60.254.231 - - [19/Jun/2023:22:27:54 -0500] "POST /sipse/faces/presentacion/financiero/solicitudProceso/listarSolicitudProceso.xhtml HTTP/1.1" 200 32078
172.22.2.4 - - [19/Jun/2023:22:26:37 -0500] "GET /BLA/boletinlegal/ HTTP/1.1" 200 56816
172.22.2.4 - - [19/Jun/2023:22:28:19 -0500] "GET /BLA/boletinlegal/jurisprudencia.php HTTP/1.1" 200 17583
172.22.2.4 - - [19/Jun/2023:22:28:34 -0500] "GET /BLA/boletinlegal/js/lib.js HTTP/1.1" 200 6474
172.22.2.4 - - [19/Jun/2023:22:28:41 -0500] "GET /BLA/boletinlegal/js/jquery1.js HTTP/1.1" 200 29846
172.22.2.4 - - [19/Jun/2023:22:28:41 -0500] "GET /BLA/boletinlegal/js/popup.js HTTP/1.1" 200 1270
190.60.254.231 - - [19/Jun/2023:22:28:54 -0500] "POST /sipse/faces/presentacion/financiero/solicitudProceso/listarSolicitudProceso.xhtml HTTP/1.1" 200 14411
190.60.254.231 - - [19/Jun/2023:22:29:00 -0500] "POST /sipse/faces/presentacion/financiero/solicitudProceso/listarSolicitudProceso.xhtml HTTP/1.1" 200 32078
190.60.254.231 - - [19/Jun/2023:22:29:15 -0500] "POST /sipse/faces/presentacion/financiero/solicitudProceso/listarSolicitudProceso.xhtml HTTP/1.1" 200 14411
201.245.192.253 - - [19/Jun/2023:22:29:24 -0500] "POST /kwsrmcab/Wsrmcab  HTTP/1.1" 200 40957
190.60.254.231 - - [19/Jun/2023:22:29:43 -0500] "POST /sipse/faces/presentacion/financiero/solicitudProceso/listarSolicitudProceso.xhtml HTTP/1.1" 200 32078
201.245.192.253 - - [19/Jun/2023:22:30:12 -0500] "POST /kwsrmcab/Wsrmcab HTTP/1.1" 200 42538
201.245.192.253 - - [19/Jun/2023:22:30:15 -0500] "POST /kwsrmcab/Wsrmcab HTTP/1.1" 200 35818
190.60.254.231 - - [19/Jun/2023:22:30:32 -0500] "POST /sipse/faces/presentacion/financiero/solicitudProceso/listarSolicitudProceso.xhtml HTTP/1.1" 200 911
216.245.221.92 - - [19/Jun/2023:22:31:36 -0500] "HEAD / HTTP/1.1" 200 -
66.249.79.100 - - [19/Jun/2023:22:32:32 -0500] "-" 408 -
172.22.2.4 - - [19/Jun/2023:22:31:37 -0500] "HEAD /BLA/boletinlegal/ HTTP/1.1" 200 -
172.22.2.4 - - [19/Jun/2023:22:32:27 -0500] "GET /BLA/boletinlegal/ HTTP/1.1" 200 52149
201.245.192.253 - - [19/Jun/2023:22:34:23 -0500] "POST /kwsrmcab/Wsrmcab  HTTP/1.1" 200 40957
69.63.184.117 - - [19/Jun/2023:22:34:45 -0500] "GET /serpiente-sabanera-pone-huevos-en-area-protegida-de-bogota.html HTTP/1.1" 200 670
172.22.2.4 - - [19/Jun/2023:22:33:05 -0500] "GET /BLA/boletinlegal/ HTTP/1.1" 200 55739
31.13.115.5 - - [19/Jun/2023:22:34:56 -0500] "GET /images/camara-trampa.jpeg HTTP/1.1" 200 77809
31.13.115.5 - - [19/Jun/2023:22:34:57 -0500] "GET /images/stand-secretaria-ambiente-fima.jpg HTTP/1.1" 200 42537
157.240.201.211 - - [19/Jun/2023:22:34:57 -0500] "GET /images/aire-bogota.jpeg HTTP/1.1" 200 169194
31.13.115.5 - - [19/Jun/2023:22:35:00 -0500] "GET /images/manos-reparadoras-plaza-americas-1.jpg HTTP/1.1" 200 47593
157.240.201.199 - - [19/Jun/2023:22:35:00 -0500] "GET /images/liberacion-animales-silvestres.jpg HTTP/1.1" 200 57397
216.245.221.92 - - [19/Jun/2023:22:36:36 -0500] "HEAD / HTTP/1.1" 200 -
172.22.2.4 - - [19/Jun/2023:22:36:57 -0500] "GET /BLA/boletinlegal/Circulares/2019/.pdf HTTP/1.1" 404 1218
179.33.76.197 - - [19/Jun/2023:22:37:58 -0500] "GET /BLA/boletinlegal/js/jquery.scrollShow.js HTTP/1.1" 200 4586
179.33.76.197 - - [19/Jun/2023:22:37:58 -0500] "GET /galeria/galeria/jquery.fancybox.css?v=2.1.5 HTTP/1.1" 200 4895
179.33.76.197 - - [19/Jun/2023:22:37:58 -0500] "GET /galeria/galeria/jquery.fancybox.js?v=2.1.5 HTTP/1.1" 200 48706
172.22.2.4 - - [19/Jun/2023:22:38:00 -0500] "GET /BLA/boletinlegal/jurisprudencia/analisis/AnalisisT-606-15.docx HTTP/1.1" 200 26698
172.22.2.4 - - [19/Jun/2023:22:38:03 -0500] "GET /BLA/boletinlegal/apple-touch-icon-120x120-precomposed.png HTTP/1.1" 404 1140
172.22.2.4 - - [19/Jun/2023:22:38:03 -0500] "GET /BLA/boletinlegal/apple-touch-icon-120x120.png HTTP/1.1" 404 1140
172.22.2.4 - - [19/Jun/2023:22:38:03 -0500] "GET /BLA/boletinlegal/apple-touch-icon-precomposed.png HTTP/1.1" 404 1140
172.22.2.4 - - [19/Jun/2023:22:38:03 -0500] "GET /BLA/boletinlegal/apple-touch-icon.png HTTP/1.1" 404 1140
172.22.2.4 - - [19/Jun/2023:22:38:03 -0500] "GET /BLA/boletinlegal/favicon.ico HTTP/1.1" 404 1140
172.22.2.4 - - [19/Jun/2023:22:38:03 -0500] "GET /BLA/boletinlegal/apple-touch-icon-120x120-precomposed.png HTTP/1.1" 404 1140
172.22.2.4 - - [19/Jun/2023:22:38:03 -0500] "GET /BLA/boletinlegal/apple-touch-icon-120x120.png HTTP/1.1" 404 1140
172.22.2.4 - - [19/Jun/2023:22:38:03 -0500] "GET /BLA/boletinlegal/apple-touch-icon-precomposed.png HTTP/1.1" 404 1140
172.22.2.4 - - [19/Jun/2023:22:38:03 -0500] "GET /BLA/boletinlegal/apple-touch-icon.png HTTP/1.1" 404 1140
172.22.2.4 - - [19/Jun/2023:22:38:03 -0500] "GET /BLA/boletinlegal/favicon.ico HTTP/1.1" 404 1140
172.22.2.4 - - [19/Jun/2023:22:37:27 -0500] "HEAD /BLA/boletinlegal/ HTTP/1.1" 200 -
201.245.192.253 - - [19/Jun/2023:22:39:22 -0500] "POST /kwsrmcab/Wsrmcab  HTTP/1.1" 200 40957
172.22.2.4 - - [19/Jun/2023:22:38:29 -0500] "GET /BLA/boletinlegal/ HTTP/1.1" 200 24523
157.55.39.208 - - [19/Jun/2023:22:39:55 -0500] "GET /images/camino-cerros-orientales-guadalupe.jpg HTTP/1.1" 200 68101
172.22.2.4 - - [19/Jun/2023:22:38:17 -0500] "GET /BLA/boletinlegal/ HTTP/1.1" 200 50801
172.22.2.4 - - [19/Jun/2023:22:40:03 -0500] "GET /BLA/boletinlegal/geoserver HTTP/1.1" 404 1018
201.245.192.253 - - [19/Jun/2023:22:40:12 -0500] "POST /kwsrmcab/Wsrmcab HTTP/1.1" 200 42538
201.245.192.253 - - [19/Jun/2023:22:40:15 -0500] "POST /kwsrmcab/Wsrmcab HTTP/1.1" 200 35818
216.245.221.92 - - [19/Jun/2023:22:41:36 -0500] "HEAD / HTTP/1.1" 200 -
66.220.149.118 - - [19/Jun/2023:22:42:14 -0500] "GET /fima-2023-secretaria-de-ambiente-presento-red-de-monitoreo-de-fauna-y-de-prediccion-climatica.html HTTP/1.1" 200 779
172.22.2.4 - - [19/Jun/2023:22:43:08 -0500] "GET /BLA/boletinlegal/robots.txt HTTP/1.1" 404 1038
172.22.2.4 - - [19/Jun/2023:22:43:48 -0500] "GET /BLA/boletinlegal/jurisprudencia/analisis/AnalisisT-606-15.docx HTTP/1.1" 200 26698
172.22.2.4 - - [19/Jun/2023:22:43:49 -0500] "GET /BLA/boletinlegal/apple-touch-icon-120x120-precomposed.png HTTP/1.1" 404 1140
172.22.2.4 - - [19/Jun/2023:22:43:49 -0500] "GET /BLA/boletinlegal/apple-touch-icon-120x120.png HTTP/1.1" 404 1140
172.22.2.4 - - [19/Jun/2023:22:43:49 -0500] "GET /BLA/boletinlegal/apple-touch-icon-precomposed.png HTTP/1.1" 404 1140
172.22.2.4 - - [19/Jun/2023:22:43:49 -0500] "GET /BLA/boletinlegal/apple-touch-icon.png HTTP/1.1" 404 1140
172.22.2.4 - - [19/Jun/2023:22:43:49 -0500] "GET /BLA/boletinlegal/favicon.ico HTTP/1.1" 404 1140
172.22.2.4 - - [19/Jun/2023:22:43:49 -0500] "GET /BLA/boletinlegal/apple-touch-icon-120x120-precomposed.png HTTP/1.1" 404 1140
172.22.2.4 - - [19/Jun/2023:22:43:49 -0500] "GET /BLA/boletinlegal/apple-touch-icon-120x120.png HTTP/1.1" 404 1140
172.22.2.4 - - [19/Jun/2023:22:43:49 -0500] "GET /BLA/boletinlegal/apple-touch-icon-precomposed.png HTTP/1.1" 404 1140
172.22.2.4 - - [19/Jun/2023:22:43:49 -0500] "GET /BLA/boletinlegal/apple-touch-icon.png HTTP/1.1" 404 1140
172.22.2.4 - - [19/Jun/2023:22:43:49 -0500] "GET /BLA/boletinlegal/favicon.ico HTTP/1.1" 404 1140
201.245.192.253 - - [19/Jun/2023:22:44:21 -0500] "POST /kwsrmcab/Wsrmcab  HTTP/1.1" 200 40957
172.22.2.4 - - [19/Jun/2023:22:43:17 -0500] "HEAD /BLA/boletinlegal/ HTTP/1.1" 200 -
172.22.2.4 - - [19/Jun/2023:22:44:07 -0500] "GET /BLA/boletinlegal/ HTTP/1.1" 200 53643
216.245.221.92 - - [19/Jun/2023:22:46:36 -0500] "HEAD / HTTP/1.1" 200 -
13.214.235.72 - - [19/Jun/2023:22:48:04 -0500] "GET /galeria/carrusel/Carrusel/jquery-ui-1.8.13.custom.min.js HTTP/1.1" 200 10800
13.214.235.72 - - [19/Jun/2023:22:48:04 -0500] "GET /galeria/carrusel/Carrusel/jquery.thumbnailScroller.css HTTP/1.1" 200 2066
13.214.235.72 - - [19/Jun/2023:22:48:04 -0500] "GET /galeria/carrusel/Carrusel/jquery.thumbnailScroller.js HTTP/1.1" 200 8157
13.214.235.72 - - [19/Jun/2023:22:48:06 -0500] "GET /galeria/nivo-slider/demo/banner.html HTTP/1.1" 200 5446
13.214.235.72 - - [19/Jun/2023:22:48:07 -0500] "GET /galeria/nivo-slider/themes/default/default.css HTTP/1.1" 200 1569
13.214.235.72 - - [19/Jun/2023:22:48:07 -0500] "GET /galeria/nivo-slider/themes/orman/orman.css HTTP/1.1" 200 2152
13.214.235.72 - - [19/Jun/2023:22:48:07 -0500] "GET /galeria/nivo-slider/themes/pascal/pascal.css HTTP/1.1" 200 2258
13.214.235.72 - - [19/Jun/2023:22:48:07 -0500] "GET /galeria/nivo-slider/jquery.nivo.slider.pack.js HTTP/1.1" 200 11561
13.214.235.72 - - [19/Jun/2023:22:48:07 -0500] "GET /galeria/nivo-slider/demo/style.css HTTP/1.1" 200 2222
13.214.235.72 - - [19/Jun/2023:22:48:07 -0500] "GET /galeria/nivo-slider/nivo-slider.css HTTP/1.1" 200 1507
13.214.235.72 - - [19/Jun/2023:22:48:07 -0500] "GET /galeria/nivo-slider/demo/scripts/jquery-1.7.1.min.js HTTP/1.1" 200 93868
13.214.235.72 - - [19/Jun/2023:22:48:07 -0500] "GET /galeria/nivo-slider/demo/images/bannertortuga_optimized.jpg HTTP/1.1" 200 39066
13.214.235.72 - - [19/Jun/2023:22:48:07 -0500] "GET /galeria/nivo-slider/demo/images/Bannermujeresquereverdecen.jpg HTTP/1.1" 200 46558
13.214.235.72 - - [19/Jun/2023:22:48:08 -0500] "GET /galeria/nivo-slider/demo/images/Bannersedeelectronica.jpg HTTP/1.1" 200 40383
13.214.235.72 - - [19/Jun/2023:22:48:08 -0500] "GET /galeria/nivo-slider/demo/images/banneraire2021.jpg HTTP/1.1" 200 265101
13.214.235.72 - - [19/Jun/2023:22:48:08 -0500] "GET /galeria/nivo-slider/demo/images/bannerrutaesperanza.jpg HTTP/1.1" 200 55560
13.214.235.72 - - [19/Jun/2023:22:48:08 -0500] "GET /galeria/nivo-slider/demo/images/Bannerplasticosseptiembre.jpg HTTP/1.1" 200 45633
13.214.235.72 - - [19/Jun/2023:22:48:09 -0500] "GET /galeria/nivo-slider/demo/images/bannerresiduoshospitalariosagosto.jpg HTTP/1.1" 200 36499
13.214.235.72 - - [19/Jun/2023:22:48:09 -0500] "GET /galeria/nivo-slider/demo/images/banneraccionpopularcrr68.jpg HTTP/1.1" 200 51887
13.214.235.72 - - [19/Jun/2023:22:48:09 -0500] "GET /galeria/nivo-slider/demo/images/banneraccionpopular.jpeg HTTP/1.1" 200 41707
13.214.235.72 - - [19/Jun/2023:22:48:09 -0500] "GET /galeria/nivo-slider/demo/images/bannerclases2021.jpg HTTP/1.1" 200 68230
13.214.235.72 - - [19/Jun/2023:22:48:09 -0500] "GET /galeria/nivo-slider/demo/images/bannercapacitacionesbogota.jpg HTTP/1.1" 200 42416
13.214.235.72 - - [19/Jun/2023:22:48:09 -0500] "GET /galeria/nivo-slider/demo/images/Bannerenvases.jpg HTTP/1.1" 200 37316
13.214.235.72 - - [19/Jun/2023:22:48:10 -0500] "GET /galeria/nivo-slider/demo/images/Bannervirtualescanales.jpg HTTP/1.1" 200 174544
173.252.107.1 - - [19/Jun/2023:22:48:12 -0500] "GET /mas-de-179-individuos-de-aves-fueron-avistados-en-el-global-big-day.html HTTP/1.1" 200 786
13.214.235.72 - - [19/Jun/2023:22:48:19 -0500] "GET /galeria/nivo-slider/demo/images/bannertrafico_optimized.jpg HTTP/1.1" 200 42578
54.251.231.211 - - [19/Jun/2023:22:49:14 -0500] "GET /galeria/nivo-slider/demo/images/Banner%20canales%20virtuales.jpg HTTP/1.1" 200 209438
201.245.192.253 - - [19/Jun/2023:22:49:20 -0500] "POST /kwsrmcab/Wsrmcab  HTTP/1.1" 200 40957
190.24.38.188 - - [19/Jun/2023:22:49:59 -0500] "GET /serpiente-sabanera-pone-huevos-en-area-protegida-de-bogota.html?fbclid=IwAR0p6Z6RF8d-wXtPoI9HxJMc3uF-ZSToD2Fmqer74Ob6BG-bpHV4P4VFH-I HTTP/1.1" 200 670
172.22.2.4 - - [19/Jun/2023:22:49:07 -0500] "HEAD /BLA/boletinlegal/ HTTP/1.1" 200 -
216.245.221.92 - - [19/Jun/2023:22:51:36 -0500] "HEAD / HTTP/1.1" 200 -
172.22.2.4 - - [19/Jun/2023:22:49:57 -0500] "GET /BLA/boletinlegal/ HTTP/1.1" 200 57680
186.102.91.114 - - [19/Jun/2023:22:53:02 -0500] "GET /serpiente-sabanera-pone-huevos-en-area-protegida-de-bogota.html?fbclid=IwAR1U84zI_visXI1lk6tN0cazs-PTmLw3yqbC8MxyL6yN3EaCRfd6RHFgQKM HTTP/1.1" 200 670
186.102.91.114 - - [19/Jun/2023:22:54:13 -0500] "GET /serpiente-sabanera-pone-huevos-en-area-protegida-de-bogota.html HTTP/1.1" 200 670
201.245.192.253 - - [19/Jun/2023:22:54:20 -0500] "POST /kwsrmcab/Wsrmcab  HTTP/1.1" 200 40957
173.252.127.4 - - [19/Jun/2023:22:54:41 -0500] "GET /en-semana-santa-no-uses-palmas-ni-traigas-o-consumas-animales-silvestres.html HTTP/1.1" 200 959
69.63.189.10 - - [19/Jun/2023:22:54:49 -0500] "GET /images/aire-bogota.jpeg HTTP/1.1" 200 169194
69.63.189.6 - - [19/Jun/2023:22:54:51 -0500] "GET /images/stand-secretaria-ambiente-fima.jpg HTTP/1.1" 200 42537
69.63.189.6 - - [19/Jun/2023:22:54:51 -0500] "GET /images/camara-trampa.jpeg HTTP/1.1" 200 77809
69.63.189.6 - - [19/Jun/2023:22:54:51 -0500] "GET /images/serpiente-sabanera.jpeg HTTP/1.1" 200 167272
69.63.189.1 - - [19/Jun/2023:22:55:01 -0500] "GET /images/liberacion-animales-silvestres.jpg HTTP/1.1" 200 57397
69.63.189.6 - - [19/Jun/2023:22:55:01 -0500] "GET /images/manos-reparadoras-plaza-americas-1.jpg HTTP/1.1" 200 47593
216.245.221.92 - - [19/Jun/2023:22:56:36 -0500] "HEAD / HTTP/1.1" 200 -
172.22.2.4 - - [19/Jun/2023:22:54:57 -0500] "HEAD /BLA/boletinlegal/ HTTP/1.1" 200 -
172.22.2.4 - - [19/Jun/2023:22:55:47 -0500] "GET /BLA/boletinlegal/ HTTP/1.1" 200 52855
201.245.192.253 - - [19/Jun/2023:22:59:19 -0500] "POST /kwsrmcab/Wsrmcab  HTTP/1.1" 200 40957
52.167.144.66 - - [19/Jun/2023:22:59:59 -0500] "GET /BLA/resoluciones/AUTOS%202021/5804.pdf HTTP/1.1" 304 -
172.22.2.4 - - [19/Jun/2023:23:00:54 -0500] "GET /BLA/boletinlegal/Directivas/2011/Directiva%20No.%203%20del%2027%20de%20Mayo%20de%202011.pdf HTTP/1.1" 200 910420
66.249.73.67 - - [19/Jun/2023:23:00:56 -0500] "-" 408 -
216.245.221.92 - - [19/Jun/2023:23:01:36 -0500] "HEAD / HTTP/1.1" 200 -
172.22.2.4 - - [19/Jun/2023:23:00:47 -0500] "HEAD /BLA/boletinlegal/ HTTP/1.1" 200 -
172.22.2.4 - - [19/Jun/2023:23:01:37 -0500] "GET /BLA/boletinlegal/ HTTP/1.1" 200 44583
172.22.2.4 - - [19/Jun/2023:23:02:35 -0500] "GET /BLA/boletinlegal/ HTTP/1.1" 200 49099
201.245.192.253 - - [19/Jun/2023:23:04:18 -0500] "POST /kwsrmcab/Wsrmcab  HTTP/1.1" 200 40957
69.171.251.10 - - [19/Jun/2023:23:04:54 -0500] "GET /images/camara-trampa.jpeg HTTP/1.1" 200 77809
173.252.79.7 - - [19/Jun/2023:23:05:35 -0500] "GET /fima-2023-mas-de-700-personas-asistieron-al-stand-de-la-secretaria-de-ambiente.html HTTP/1.1" 200 857
31.13.127.4 - - [19/Jun/2023:23:05:35 -0500] "GET /fima-2023-mas-de-700-personas-asistieron-al-stand-de-la-secretaria-de-ambiente.html HTTP/1.1" 200 857
128.1.248.26 - - [19/Jun/2023:23:05:43 -0500] "GET /portaldeninos/ HTTP/1.1" 200 110197
216.245.221.92 - - [19/Jun/2023:23:06:36 -0500] "HEAD / HTTP/1.1" 200 -
172.22.2.4 - - [19/Jun/2023:23:06:37 -0500] "HEAD /BLA/boletinlegal/ HTTP/1.1" 200 -
172.22.2.4 - - [19/Jun/2023:23:07:27 -0500] "GET /BLA/boletinlegal/ HTTP/1.1" 200 57680
201.245.192.253 - - [19/Jun/2023:23:09:17 -0500] "POST /kwsrmcab/Wsrmcab  HTTP/1.1" 200 40957
66.249.73.67 - - [19/Jun/2023:23:10:59 -0500] "-" 408 -
216.245.221.92 - - [19/Jun/2023:23:11:36 -0500] "HEAD / HTTP/1.1" 200 -
52.167.144.71 - - [19/Jun/2023:23:14:04 -0500] "GET /portaldeninos/aulas-ambientales/aula-ambiental-sorotama/ HTTP/1.1" 200 89596
172.22.2.4 - - [19/Jun/2023:23:12:27 -0500] "HEAD /BLA/boletinlegal/ HTTP/1.1" 200 -
201.245.192.253 - - [19/Jun/2023:23:14:16 -0500] "POST /kwsrmcab/Wsrmcab  HTTP/1.1" 200 40957
172.22.2.4 - - [19/Jun/2023:23:13:17 -0500] "GET /BLA/boletinlegal/ HTTP/1.1" 200 56452
173.252.107.119 - - [19/Jun/2023:23:15:00 -0500] "GET /images/Reciclaton-2023.jpg HTTP/1.1" 200 68883
216.245.221.92 - - [19/Jun/2023:23:16:36 -0500] "HEAD / HTTP/1.1" 200 -
31.13.127.11 - - [19/Jun/2023:23:16:39 -0500] "GET /images/serpiente-sabanera.jpeg HTTP/1.1" 200 167272
113.207.1.133 - - [19/Jun/2023:23:17:06 -0500] "GET /galeria/galeria/fotos/GuaymaralTorca4G.jpg HTTP/1.1" 200 373786
173.252.107.6 - - [19/Jun/2023:23:18:07 -0500] "GET /images/camara-trampa.jpeg HTTP/1.1" 200 77809
201.245.192.253 - - [19/Jun/2023:23:19:15 -0500] "POST /kwsrmcab/Wsrmcab  HTTP/1.1" 200 40957
172.22.2.4 - - [19/Jun/2023:23:19:50 -0500] "GET /BLA/boletinlegal/actos.php HTTP/1.1" 200 9682
172.22.2.4 - - [19/Jun/2023:23:19:50 -0500] "GET /BLA/boletinlegal/favicon.ico HTTP/1.1" 404 1326
190.158.28.66 - - [19/Jun/2023:23:19:52 -0500] "GET /BLA/resoluciones/ HTTP/1.1" 200 13502
190.158.28.66 - - [19/Jun/2023:23:19:54 -0500] "GET /BLA/resoluciones/index.php?dir=AUTOS+2022%2F HTTP/1.1" 200 497533
172.22.2.4 - - [19/Jun/2023:23:18:17 -0500] "HEAD /BLA/boletinlegal/ HTTP/1.1" 200 -
201.245.192.253 - - [19/Jun/2023:23:20:11 -0500] "POST /kwsrmcab/Wsrmcab HTTP/1.1" 200 42381
201.245.192.253 - - [19/Jun/2023:23:20:14 -0500] "POST /kwsrmcab/Wsrmcab HTTP/1.1" 200 35662
172.22.2.4 - - [19/Jun/2023:23:19:48 -0500] "GET /BLA/boletinlegal/ HTTP/1.1" 200 24523
190.158.28.66 - - [19/Jun/2023:23:20:46 -0500] "GET /BLA/resoluciones/AUTOS%202022/7276.pdf HTTP/1.1" 200 499307
172.22.2.4 - - [19/Jun/2023:23:19:07 -0500] "GET /BLA/boletinlegal/ HTTP/1.1" 200 45164
172.22.2.4 - - [19/Jun/2023:23:20:36 -0500] "GET /BLA/boletinlegal/ HTTP/1.1" 200 24523
172.22.2.4 - - [19/Jun/2023:23:20:52 -0500] "GET /BLA/boletinlegal/ HTTP/1.1" 200 24523
216.245.221.92 - - [19/Jun/2023:23:21:36 -0500] "HEAD / HTTP/1.1" 200 -
186.154.33.125 - - [19/Jun/2023:23:22:07 -0500] "GET /portaldeninos/wp-content/uploads/2020/03/arbolitos.gif HTTP/1.1" 200 1515203
172.22.2.4 - - [19/Jun/2023:23:22:59 -0500] "GET /BLA/boletinlegal/ui/authentication HTTP/1.1" 404 1018
172.22.2.4 - - [19/Jun/2023:23:22:59 -0500] "GET /BLA/boletinlegal/favicon.ico HTTP/1.1" 404 1018
201.245.192.253 - - [19/Jun/2023:23:24:14 -0500] "POST /kwsrmcab/Wsrmcab  HTTP/1.1" 200 40957
157.55.39.208 - - [19/Jun/2023:23:24:28 -0500] "GET /portaldeninos/wp-content/uploads/2020/11/conciencia-ambiental-28-agosto.jpg HTTP/1.1" 200 62162
82.6.149.123 - - [19/Jun/2023:23:25:22 -0500] "GET /proyecto-avantia-con-la-union-europea-busca-especialista-en-cambio-climatico.html HTTP/1.1" 200 814
31.13.103.117 - - [19/Jun/2023:23:25:28 -0500] "GET /images/camara-trampa.jpeg HTTP/1.1" 200 77809
186.154.33.125 - - [19/Jun/2023:23:25:33 -0500] "GET /portaldeninos/wp-content/uploads/2019/08/Incendios-forestales-ajustada.gif HTTP/1.1" 200 764832
172.22.2.4 - - [19/Jun/2023:23:24:07 -0500] "HEAD /BLA/boletinlegal/ HTTP/1.1" 200 -
216.245.221.92 - - [19/Jun/2023:23:26:36 -0500] "HEAD / HTTP/1.1" 200 -
172.22.2.4 - - [19/Jun/2023:23:24:57 -0500] "GET /BLA/boletinlegal/ HTTP/1.1" 200 57680
69.63.184.8 - - [19/Jun/2023:23:26:46 -0500] "GET /images/serpiente-sabanera.jpeg HTTP/1.1" 200 167272
191.156.61.175 - - [19/Jun/2023:23:28:31 -0500] "GET /galeria/galeria/jquery.fancybox.css?v=2.1.5 HTTP/1.1" 200 4895
191.156.60.183 - - [19/Jun/2023:23:28:31 -0500] "GET /galeria/galeria/jquery.fancybox.js?v=2.1.5 HTTP/1.1" 200 48706
191.156.61.175 - - [19/Jun/2023:23:28:31 -0500] "GET /BLA/boletinlegal/js/jquery.scrollShow.js HTTP/1.1" 200 4586
201.245.192.253 - - [19/Jun/2023:23:29:13 -0500] "POST /kwsrmcab/Wsrmcab  HTTP/1.1" 200 40957
31.13.115.2 - - [19/Jun/2023:23:29:37 -0500] "GET /fima-2023-secretaria-de-ambiente-presento-red-de-monitoreo-de-fauna-y-de-prediccion-climatica.html HTTP/1.1" 200 779
201.245.192.253 - - [19/Jun/2023:23:30:12 -0500] "POST /kwsrmcab/Wsrmcab HTTP/1.1" 200 42381
201.245.192.253 - - [19/Jun/2023:23:30:15 -0500] "POST /kwsrmcab/Wsrmcab HTTP/1.1" 200 35662
216.245.221.92 - - [19/Jun/2023:23:31:36 -0500] "HEAD / HTTP/1.1" 200 -
172.22.2.4 - - [19/Jun/2023:23:29:57 -0500] "HEAD /BLA/boletinlegal/ HTTP/1.1" 200 -
66.249.73.69 - - [19/Jun/2023:23:31:53 -0500] "-" 408 -
172.22.2.4 - - [19/Jun/2023:23:30:47 -0500] "GET /BLA/boletinlegal/ HTTP/1.1" 200 52855
190.27.61.25 - - [19/Jun/2023:23:33:33 -0500] "GET /sipse/faces/javax.faces.resource/theme.css?ln=primefaces-sipse HTTP/1.1" 304 -
190.27.61.25 - - [19/Jun/2023:23:33:33 -0500] "GET /sipse/faces/faces/autenticacion.xhtml HTTP/1.1" 200 12177
190.27.61.25 - - [19/Jun/2023:23:33:33 -0500] "GET /sipse/js/disable_browser_buttons.js HTTP/1.1" 200 3230
190.27.61.25 - - [19/Jun/2023:23:33:33 -0500] "GET /sipse/js/funciones.js HTTP/1.1" 200 12592
190.27.61.25 - - [19/Jun/2023:23:33:33 -0500] "GET /sipse/faces/javax.faces.resource/layout/layout.js?ln=primefaces&v=4.0 HTTP/1.1" 304 -
190.27.61.25 - - [19/Jun/2023:23:33:33 -0500] "GET /sipse/faces/javax.faces.resource/theme.css?ln=primefaces-sipse HTTP/1.1" 304 -
190.27.61.25 - - [19/Jun/2023:23:33:33 -0500] "GET /sipse/faces/javax.faces.resource/jquery/jquery.js?ln=primefaces&v=4.0 HTTP/1.1" 304 -
190.27.61.25 - - [19/Jun/2023:23:33:33 -0500] "GET /sipse/faces/javax.faces.resource/primefaces.js?ln=primefaces&v=4.0 HTTP/1.1" 304 -
190.27.61.25 - - [19/Jun/2023:23:33:33 -0500] "GET /sipse/faces/javax.faces.resource/jquery/jquery-plugins.js?ln=primefaces&v=4.0 HTTP/1.1" 304 -
190.27.61.25 - - [19/Jun/2023:23:33:33 -0500] "GET /sipse/css/custom_css_sg.css HTTP/1.1" 200 9694
190.27.61.25 - - [19/Jun/2023:23:33:33 -0500] "GET /sipse/css/custom_css_sg_prime_login.css HTTP/1.1" 200 443
190.27.61.25 - - [19/Jun/2023:23:33:33 -0500] "GET /sipse/faces/javax.faces.resource/layout/layout.css?ln=primefaces&v=4.0 HTTP/1.1" 304 -
190.27.61.25 - - [19/Jun/2023:23:33:33 -0500] "GET /sipse/faces/javax.faces.resource/primefaces.css?ln=primefaces&v=4.0 HTTP/1.1" 304 -
190.27.61.25 - - [19/Jun/2023:23:33:34 -0500] "GET /sipse/css/imagen/loginimg.png HTTP/1.1" 200 71635
190.27.61.25 - - [19/Jun/2023:23:33:34 -0500] "GET /sipse/css/imagen/logoSDG.png HTTP/1.1" 200 53064
190.27.61.25 - - [19/Jun/2023:23:33:34 -0500] "GET /sipse/faces/javax.faces.resource/images/ui-icons_898989_256x240.png?ln=primefaces-aristo HTTP/1.1" 304 -
201.245.192.253 - - [19/Jun/2023:23:34:12 -0500] "POST /kwsrmcab/Wsrmcab  HTTP/1.1" 200 40957
172.22.2.4 - - [19/Jun/2023:23:32:49 -0500] "GET /BLA/boletinlegal/ HTTP/1.1" 200 61779
216.245.221.92 - - [19/Jun/2023:23:36:36 -0500] "HEAD / HTTP/1.1" 200 -
172.22.2.4 - - [19/Jun/2023:23:36:42 -0500] "GET /BLA/boletinlegal/Circulares/2019/.pdf HTTP/1.1" 404 1218
172.22.2.4 - - [19/Jun/2023:23:36:51 -0500] "GET /BLA/boletinlegal/Circulares/2012/Circular%20No.%2010%20del%2026%20de%20Enero%20de%202012.pdf HTTP/1.1" 404 1218
172.22.2.4 - - [19/Jun/2023:23:35:47 -0500] "HEAD /BLA/boletinlegal/ HTTP/1.1" 200 -
173.252.83.113 - - [19/Jun/2023:23:37:41 -0500] "GET /images/Bogot%C3%A1-Imparable-feria-servicios.jpg HTTP/1.1" 404 1034
173.252.83.4 - - [19/Jun/2023:23:37:43 -0500] "GET /images/Bogot\xc3\xa1-Imparable-feria-servicios.jpg HTTP/1.1" 404 1034
172.22.2.4 - - [19/Jun/2023:23:36:37 -0500] "GET /BLA/boletinlegal/ HTTP/1.1" 200 57680
201.245.192.253 - - [19/Jun/2023:23:39:10 -0500] "POST /kwsrmcab/Wsrmcab  HTTP/1.1" 200 40957
201.245.192.253 - - [19/Jun/2023:23:40:11 -0500] "POST /kwsrmcab/Wsrmcab HTTP/1.1" 200 42381
201.245.192.253 - - [19/Jun/2023:23:40:14 -0500] "POST /kwsrmcab/Wsrmcab HTTP/1.1" 200 35662
51.161.115.226 - - [19/Jun/2023:23:40:29 -0500] "GET /auambari-deleito-con-sus-sonidos-ambientales-a-los-asistentes-de-fima-2021.html HTTP/1.1" 200 888
216.245.221.92 - - [19/Jun/2023:23:41:36 -0500] "HEAD / HTTP/1.1" 200 -
172.22.2.4 - - [19/Jun/2023:23:41:37 -0500] "HEAD /BLA/boletinlegal/ HTTP/1.1" 200 -
172.22.2.4 - - [19/Jun/2023:23:42:27 -0500] "GET /BLA/boletinlegal/ HTTP/1.1" 200 58474
201.245.192.253 - - [19/Jun/2023:23:44:09 -0500] "POST /kwsrmcab/Wsrmcab  HTTP/1.1" 200 40957
216.245.221.92 - - [19/Jun/2023:23:46:36 -0500] "HEAD / HTTP/1.1" 200 -
69.171.249.1 - - [19/Jun/2023:23:46:53 -0500] "GET /distrito-declara-alerta-preventiva-en-el-suroccidente-de-la-ciudad-por-mala-calidad-del-aire.html HTTP/1.1" 200 1065
52.167.144.60 - - [19/Jun/2023:23:48:26 -0500] "GET /BLA/resoluciones/AUTOS%202021/5412.pdf HTTP/1.1" 304 -
172.22.2.4 - - [19/Jun/2023:23:47:27 -0500] "HEAD /BLA/boletinlegal/ HTTP/1.1" 200 -
201.245.192.253 - - [19/Jun/2023:23:49:08 -0500] "POST /kwsrmcab/Wsrmcab  HTTP/1.1" 200 40957
172.22.2.4 - - [19/Jun/2023:23:48:17 -0500] "GET /BLA/boletinlegal/ HTTP/1.1" 200 59192
52.167.144.66 - - [19/Jun/2023:23:50:55 -0500] "GET /BLA/resoluciones/RESOLUCIONES%202023/0075.pdf HTTP/1.1" 304 -
216.245.221.92 - - [19/Jun/2023:23:51:36 -0500] "HEAD / HTTP/1.1" 200 -
31.13.127.18 - - [19/Jun/2023:23:51:54 -0500] "GET /images/serpiente-sabanera.jpeg HTTP/1.1" 200 167272
161.18.112.82 - - [19/Jun/2023:23:52:44 -0500] "GET /BLA/resoluciones/ HTTP/1.1" 200 13502
161.18.112.82 - - [19/Jun/2023:23:52:44 -0500] "GET /BLA/resoluciones/dlf/folder.png HTTP/1.1" 200 410
161.18.112.82 - - [19/Jun/2023:23:52:55 -0500] "GET /BLA/resoluciones/dlf/archive.png HTTP/1.1" 200 632
161.18.112.82 - - [19/Jun/2023:23:52:54 -0500] "GET /BLA/resoluciones/index.php?dir=AUTOS+2022%2F HTTP/1.1" 200 497533
161.18.112.82 - - [19/Jun/2023:23:53:14 -0500] "GET /BLA/resoluciones/AUTOS%202022/1293.pdf HTTP/1.1" 200 476415
