172.22.2.4 - - [23/Jun/2023:13:35:43 -0500] "GET /BLA/boletinlegal/js/jquery.scrollShow.js HTTP/1.1" 200 4586
172.22.2.4 - - [23/Jun/2023:13:35:43 -0500] "GET /BLA/boletinlegal/images/cabezote%20BLEGAL.jpg HTTP/1.1" 200 118164
172.22.2.4 - - [23/Jun/2023:13:35:43 -0500] "GET /BLA/boletinlegal/images/subscribe-icon-big.png HTTP/1.1" 200 47702
172.22.2.4 - - [23/Jun/2023:13:35:43 -0500] "GET /BLA/boletinlegal/images/registro-usuarios.png HTTP/1.1" 200 8106
172.22.2.4 - - [23/Jun/2023:13:35:43 -0500] "GET /BLA/boletinlegal/images/arr_l.jpg HTTP/1.1" 200 1979
172.22.2.4 - - [23/Jun/2023:13:35:43 -0500] "GET /BLA/boletinlegal/images/historia.png HTTP/1.1" 200 52775
172.22.2.4 - - [23/Jun/2023:13:35:43 -0500] "GET /BLA/boletinlegal/images/screen_1.png HTTP/1.1" 200 202547
172.22.2.4 - - [23/Jun/2023:13:35:43 -0500] "GET /BLA/boletinlegal/images/launch.jpg HTTP/1.1" 200 14577
172.22.2.4 - - [23/Jun/2023:13:35:43 -0500] "GET /BLA/boletinlegal/images/body_bg.jpg HTTP/1.1" 200 1601
172.22.2.4 - - [23/Jun/2023:13:35:43 -0500] "GET /BLA/boletinlegal/images/menu_rght.gif HTTP/1.1" 200 1627
172.22.2.4 - - [23/Jun/2023:13:35:43 -0500] "GET /BLA/boletinlegal/images/menu_lft.gif HTTP/1.1" 200 1713
172.22.2.4 - - [23/Jun/2023:13:35:43 -0500] "GET /BLA/boletinlegal/images/bg_top.jpg HTTP/1.1" 200 522
172.22.2.4 - - [23/Jun/2023:13:35:43 -0500] "GET /BLA/boletinlegal/images/menu_bg.jpg HTTP/1.1" 200 620
172.22.2.4 - - [23/Jun/2023:13:35:43 -0500] "GET /BLA/boletinlegal/images/text.jpg HTTP/1.1" 200 568
172.22.2.4 - - [23/Jun/2023:13:35:43 -0500] "GET /BLA/boletinlegal/images/hover.jpg HTTP/1.1" 200 640
191.156.235.87 - - [23/Jun/2023:13:35:42 -0500] "POST /sipse/faces/presentacion/financiero/solicitudProceso/listarSolicitudProceso.xhtml HTTP/1.1" 200 58375
172.22.2.4 - - [23/Jun/2023:13:34:03 -0500] "HEAD /BLA/boletinlegal/ HTTP/1.1" 200 -
172.22.2.4 - - [23/Jun/2023:13:35:44 -0500] "GET /BLA/boletinlegal/actos.php HTTP/1.1" 200 9682
172.22.2.4 - - [23/Jun/2023:13:35:45 -0500] "GET /BLA/boletinlegal/js/ajax_actos.js HTTP/1.1" 200 1322
172.22.2.4 - - [23/Jun/2023:13:35:45 -0500] "GET /BLA/boletinlegal/niceforms-default.css HTTP/1.1" 200 6694
172.22.2.4 - - [23/Jun/2023:13:35:45 -0500] "GET /BLA/boletinlegal/niceforms.js HTTP/1.1" 200 22876
172.22.2.4 - - [23/Jun/2023:13:35:45 -0500] "GET /BLA/boletinlegal/js/lib.js HTTP/1.1" 200 6474
172.22.2.4 - - [23/Jun/2023:13:35:45 -0500] "GET /BLA/boletinlegal/js/popup.js HTTP/1.1" 200 1270
172.22.2.4 - - [23/Jun/2023:13:35:45 -0500] "GET /BLA/boletinlegal/js/jquery1.js HTTP/1.1" 200 29846
172.22.2.4 - - [23/Jun/2023:13:35:45 -0500] "GET /BLA/boletinlegal/images/green-yellow-blue-pink-th.png HTTP/1.1" 200 7394
172.22.2.4 - - [23/Jun/2023:13:35:45 -0500] "GET /BLA/boletinlegal/images/tel.png HTTP/1.1" 200 14477
172.22.2.4 - - [23/Jun/2023:13:35:45 -0500] "GET /BLA/boletinlegal/images/icono-email.png HTTP/1.1" 200 5544
172.22.2.4 - - [23/Jun/2023:13:35:45 -0500] "GET /BLA/boletinlegal/images/footer_bg.jpg HTTP/1.1" 200 586
172.22.2.4 - - [23/Jun/2023:13:35:45 -0500] "GET /BLA/boletinlegal/images/footer_bg_l.jpg HTTP/1.1" 200 776
172.22.2.4 - - [23/Jun/2023:13:35:45 -0500] "GET /BLA/boletinlegal/img/0.png HTTP/1.1" 200 110
172.22.2.4 - - [23/Jun/2023:13:35:45 -0500] "GET /BLA/boletinlegal/img/button.png HTTP/1.1" 200 43241
172.22.2.4 - - [23/Jun/2023:13:35:45 -0500] "GET /BLA/boletinlegal/img/button-left.png HTTP/1.1" 200 57071
172.22.2.4 - - [23/Jun/2023:13:35:45 -0500] "GET /BLA/boletinlegal/img/select-left.png HTTP/1.1" 200 263
172.22.2.4 - - [23/Jun/2023:13:35:45 -0500] "GET /BLA/boletinlegal/img/button-right.png HTTP/1.1" 200 57878
172.22.2.4 - - [23/Jun/2023:13:35:45 -0500] "GET /BLA/boletinlegal/img/select-right.png HTTP/1.1" 200 44019
172.22.2.4 - - [23/Jun/2023:13:35:45 -0500] "GET /BLA/boletinlegal/favicon.ico HTTP/1.1" 404 1326
191.156.235.87 - - [23/Jun/2023:13:35:46 -0500] "POST /sipse/faces/presentacion/financiero/solicitudProceso/listarSolicitudProceso.xhtml HTTP/1.1" 200 17853
181.59.2.24 - - [23/Jun/2023:13:35:47 -0500] "GET /BLA/resoluciones/dlf/styles.css HTTP/1.1" 200 3049
181.59.2.24 - - [23/Jun/2023:13:35:47 -0500] "GET /BLA/resoluciones/ HTTP/1.1" 200 13502
181.59.2.24 - - [23/Jun/2023:13:35:47 -0500] "GET /BLA/resoluciones/dlf/folder.png HTTP/1.1" 200 410
181.59.2.24 - - [23/Jun/2023:13:35:48 -0500] "GET /BLA/resoluciones/dlf/bg.gif HTTP/1.1" 200 54
181.59.2.24 - - [23/Jun/2023:13:35:48 -0500] "GET /favicon.ico HTTP/1.1" 200 7782
191.156.235.87 - - [23/Jun/2023:13:35:51 -0500] "POST /sipse/faces/presentacion/financiero/solicitudProceso/listarSolicitudProceso.xhtml HTTP/1.1" 200 126212
191.156.235.87 - - [23/Jun/2023:13:35:53 -0500] "GET /sipse/faces/javax.faces.resource/theme.css?ln=primefaces-sipse HTTP/1.1" 304 -
191.156.235.87 - - [23/Jun/2023:13:35:53 -0500] "GET /sipse/faces/javax.faces.resource/jquery/jquery.js?ln=primefaces&v=4.0 HTTP/1.1" 304 -
191.156.235.87 - - [23/Jun/2023:13:35:53 -0500] "GET /sipse/faces/javax.faces.resource/primefaces.css?ln=primefaces&v=4.0 HTTP/1.1" 304 -
191.156.235.87 - - [23/Jun/2023:13:35:53 -0500] "GET /sipse/faces/javax.faces.resource/layout/layout.css?ln=primefaces&v=4.0 HTTP/1.1" 304 -
191.156.235.87 - - [23/Jun/2023:13:35:53 -0500] "GET /sipse/faces/javax.faces.resource/jquery/jquery-plugins.js?ln=primefaces&v=4.0 HTTP/1.1" 304 -
191.156.235.87 - - [23/Jun/2023:13:35:54 -0500] "GET /sipse/faces/javax.faces.resource/primefaces.js?ln=primefaces&v=4.0 HTTP/1.1" 304 -
191.156.235.87 - - [23/Jun/2023:13:35:54 -0500] "GET /sipse/faces/javax.faces.resource/layout/layout.js?ln=primefaces&v=4.0 HTTP/1.1" 304 -
191.156.235.87 - - [23/Jun/2023:13:35:54 -0500] "GET /sipse/faces/javax.faces.resource/dynamiccontent.properties?ln=primefaces&pfdrid=XjOR5%2F%2FfPAZAuY9TpWQeCiM0BhlXxYRBGKi%2FQcXXfeA%3D&pfdrid_c=false HTTP/1.1" 500 383
191.156.235.87 - - [23/Jun/2023:13:36:11 -0500] "POST /sipse/faces/presentacion/financiero/solicitudProceso/consultarSolicitudProceso.xhtml HTTP/1.1" 200 87343
191.156.235.87 - - [23/Jun/2023:13:36:12 -0500] "GET /sipse/faces/javax.faces.resource/theme.css?ln=primefaces-sipse HTTP/1.1" 304 -
191.156.235.87 - - [23/Jun/2023:13:36:12 -0500] "GET /sipse/faces/javax.faces.resource/primefaces.css?ln=primefaces&v=4.0 HTTP/1.1" 304 -
191.156.235.87 - - [23/Jun/2023:13:36:12 -0500] "GET /sipse/faces/javax.faces.resource/layout/layout.css?ln=primefaces&v=4.0 HTTP/1.1" 304 -
191.156.235.87 - - [23/Jun/2023:13:36:12 -0500] "GET /sipse/faces/javax.faces.resource/jquery/jquery.js?ln=primefaces&v=4.0 HTTP/1.1" 304 -
191.156.235.87 - - [23/Jun/2023:13:36:13 -0500] "GET /sipse/faces/javax.faces.resource/jquery/jquery-plugins.js?ln=primefaces&v=4.0 HTTP/1.1" 304 -
191.156.235.87 - - [23/Jun/2023:13:36:13 -0500] "GET /sipse/faces/javax.faces.resource/primefaces.js?ln=primefaces&v=4.0 HTTP/1.1" 304 -
191.156.235.87 - - [23/Jun/2023:13:36:13 -0500] "GET /sipse/faces/javax.faces.resource/layout/layout.js?ln=primefaces&v=4.0 HTTP/1.1" 304 -
172.22.2.4 - - [23/Jun/2023:13:35:42 -0500] "GET /BLA/boletinlegal/ HTTP/1.1" 200 24523
216.245.221.92 - - [23/Jun/2023:13:36:25 -0500] "HEAD / HTTP/1.1" 200 -
172.22.2.4 - - [23/Jun/2023:13:34:54 -0500] "GET /BLA/boletinlegal/ HTTP/1.1" 200 52495
172.22.2.4 - - [23/Jun/2023:13:37:00 -0500] "GET /BLA/boletinlegal/consulta_actos.php?tipo=resoluciones&no=4216&usuario=&sector=&fecha=2009&resuelve= HTTP/1.1" 200 1190
201.245.192.253 - - [23/Jun/2023:13:37:02 -0500] "GET /BLA/resoluciones/RESOLUCIONES%202009/4216.pdf HTTP/1.1" 200 1233524
173.252.127.6 - - [23/Jun/2023:13:37:35 -0500] "GET /images/caminatas-ecol\xc3\xb3gicas-marzo---1920x1080_optimized.jpg HTTP/1.1" 404 1034
172.22.2.4 - - [23/Jun/2023:13:38:47 -0500] "GET /BLA/boletinlegal/consulta_actos.php?tipo=resoluciones&no=1951&usuario=&sector=&fecha=2019&resuelve= HTTP/1.1" 200 1338
186.154.51.199 - - [23/Jun/2023:13:38:49 -0500] "GET /BLA/resoluciones/RESOLUCIONES%202019/1951.pdf HTTP/1.1" 200 388845
173.252.79.1 - - [23/Jun/2023:13:38:53 -0500] "GET /images/Reciclaton-2023.jpg HTTP/1.1" 200 68883
172.22.2.4 - - [23/Jun/2023:13:39:19 -0500] "GET /BLA/boletinlegal/consulta_actos.php?tipo=resoluciones&no=1954&usuario=&sector=&fecha=2019&resuelve= HTTP/1.1" 200 1212
172.22.2.4 - - [23/Jun/2023:13:39:19 -0500] "GET /BLA/boletinlegal/consulta_actos.php?tipo=resoluciones&no=1954&usuario=&sector=&fecha=2019&resuelve= HTTP/1.1" 200 1212
186.154.51.199 - - [23/Jun/2023:13:39:20 -0500] "GET /BLA/resoluciones/RESOLUCIONES%202019/1954.pdf HTTP/1.1" 200 433211
172.22.2.4 - - [23/Jun/2023:13:39:43 -0500] "GET /BLA/boletinlegal/consulta_actos.php?tipo=resoluciones&no=2073&usuario=&sector=&fecha=2019&resuelve= HTTP/1.1" 200 1335
186.154.51.199 - - [23/Jun/2023:13:39:44 -0500] "GET /BLA/resoluciones/RESOLUCIONES%202019/2073.pdf HTTP/1.1" 200 458898
201.245.192.253 - - [23/Jun/2023:13:39:54 -0500] "POST /kwsrmcab/Wsrmcab HTTP/1.1" 200 33961
201.245.192.253 - - [23/Jun/2023:13:39:57 -0500] "POST /kwsrmcab/Wsrmcab HTTP/1.1" 200 39739
172.22.2.4 - - [23/Jun/2023:13:40:03 -0500] "GET /BLA/boletinlegal/consulta_actos.php?tipo=resoluciones&no=2074&usuario=&sector=&fecha=2019&resuelve= HTTP/1.1" 200 626
201.245.192.253 - - [23/Jun/2023:13:40:12 -0500] "POST /kwsrmcab/Wsrmcab  HTTP/1.1" 200 40807
173.252.83.119 - - [23/Jun/2023:13:40:23 -0500] "GET /images/animal-langostilla.jpg HTTP/1.1" 200 27334
186.155.13.144 - - [23/Jun/2023:13:40:28 -0500] "GET /BLA/resoluciones/ HTTP/1.1" 200 13502
186.155.13.144 - - [23/Jun/2023:13:40:31 -0500] "GET /BLA/resoluciones/index.php?dir=AUTOS+2020%2F HTTP/1.1" 200 328938
66.249.66.163 - - [23/Jun/2023:13:41:01 -0500] "-" 408 -
74.125.210.198 - - [23/Jun/2023:13:41:18 -0500] "GET /BLA/resoluciones/RESOLUCIONES%202008/5177.pdf HTTP/1.1" 200 245691
216.245.221.92 - - [23/Jun/2023:13:41:25 -0500] "HEAD / HTTP/1.1" 200 -
172.22.2.4 - - [23/Jun/2023:13:41:32 -0500] "GET /BLA/boletinlegal/consulta_actos.php?tipo=resoluciones&no=2075&usuario=&sector=&fecha=2019&resuelve= HTTP/1.1" 200 1338
172.22.2.4 - - [23/Jun/2023:13:39:53 -0500] "HEAD /BLA/boletinlegal/ HTTP/1.1" 200 -
186.154.51.199 - - [23/Jun/2023:13:41:34 -0500] "GET /BLA/resoluciones/RESOLUCIONES%202019/2075.pdf HTTP/1.1" 200 400765
172.22.2.4 - - [23/Jun/2023:13:41:47 -0500] "GET /BLA/boletinlegal/consulta_actos.php?tipo=resoluciones&no=2076&usuario=&sector=&fecha=2019&resuelve= HTTP/1.1" 200 1057
186.28.41.153 - - [23/Jun/2023:13:41:52 -0500] "GET /BLA/resoluciones/AUTOS%202023/0162.pdf HTTP/1.1" 200 2487279
172.22.2.4 - - [23/Jun/2023:13:40:44 -0500] "GET /BLA/boletinlegal/ HTTP/1.1" 200 57272
52.167.144.71 - - [23/Jun/2023:13:42:24 -0500] "GET /portaldeninos/tipos-de-arboles-en-bogota/ HTTP/1.1" 200 109802
157.55.39.208 - - [23/Jun/2023:13:42:40 -0500] "GET /portaldeninos/wp-content/plugins/smart-slider-3/library/media/dist/smartslider-frontend.min.js?1563274780 HTTP/1.1" 200 128256
157.55.39.208 - - [23/Jun/2023:13:42:41 -0500] "GET /portaldeninos/wp-content/plugins/smart-slider-3/nextend/media/dist/nextend-frontend.min.js?1563274780 HTTP/1.1" 200 76980
157.55.39.208 - - [23/Jun/2023:13:42:42 -0500] "GET /portaldeninos/wp-includes/js/wp-emoji-release.min.js?ver=4.9.8 HTTP/1.1" 200 12026
172.22.2.4 - - [23/Jun/2023:13:42:44 -0500] "GET /BLA/boletinlegal/consulta_actos.php?tipo=resoluciones&no=2078&usuario=&sector=&fecha=2019&resuelve= HTTP/1.1" 200 1358
40.77.167.177 - - [23/Jun/2023:13:42:45 -0500] "GET /portaldeninos/wp-content/plugins/gallery-videos/CSS/Total-Soft-Gallery-Video-Widget.css?ver=4.9.8 HTTP/1.1" 200 51554
40.77.167.177 - - [23/Jun/2023:13:42:45 -0500] "GET /portaldeninos/wp-content/plugins/gallery-videos/CSS/totalsoft.css?ver=4.9.8 HTTP/1.1" 200 40622
40.77.167.177 - - [23/Jun/2023:13:42:45 -0500] "GET /portaldeninos/wp-content/plugins/smart-slider-3/library/media/smartslider.min.css?1558968666 HTTP/1.1" 200 19594
40.77.167.177 - - [23/Jun/2023:13:42:46 -0500] "GET /portaldeninos/wp-content/uploads/useanyfont/uaf.css?ver=1589905315 HTTP/1.1" 200 408
186.154.51.199 - - [23/Jun/2023:13:42:46 -0500] "GET /BLA/resoluciones/RESOLUCIONES%202019/2078.pdf HTTP/1.1" 200 376749
190.27.182.224 - - [23/Jun/2023:13:42:47 -0500] "GET /BLA/resoluciones/ HTTP/1.1" 200 13502
190.27.182.224 - - [23/Jun/2023:13:42:47 -0500] "GET /BLA/resoluciones/dlf/folder.png HTTP/1.1" 200 410
190.27.182.224 - - [23/Jun/2023:13:42:55 -0500] "GET /BLA/resoluciones/ HTTP/1.1" 200 13502
190.27.182.224 - - [23/Jun/2023:13:42:59 -0500] "GET /BLA/resoluciones/index.php?dir=AUTOS+2015%2F HTTP/1.1" 200 582864
190.27.182.224 - - [23/Jun/2023:13:42:59 -0500] "GET /BLA/resoluciones/dlf/unknown.png HTTP/1.1" 200 266
172.22.2.4 - - [23/Jun/2023:13:43:03 -0500] "GET /BLA/boletinlegal/consulta_actos.php?tipo=resoluciones&no=2088&usuario=&sector=&fecha=2019&resuelve= HTTP/1.1" 200 1334
186.154.51.199 - - [23/Jun/2023:13:43:05 -0500] "GET /BLA/resoluciones/RESOLUCIONES%202019/2088.pdf HTTP/1.1" 200 403160
190.27.182.224 - - [23/Jun/2023:13:43:06 -0500] "GET /BLA/resoluciones/AUTOS%202015/2200.pdf HTTP/1.1" 200 405163
172.22.2.4 - - [23/Jun/2023:13:43:20 -0500] "GET /BLA/boletinlegal/consulta_actos.php?tipo=resoluciones&no=2093&usuario=&sector=&fecha=2019&resuelve= HTTP/1.1" 200 1093
186.154.51.199 - - [23/Jun/2023:13:43:21 -0500] "GET /BLA/resoluciones/RESOLUCIONES%202019/2093.pdf HTTP/1.1" 200 349080
172.22.2.4 - - [23/Jun/2023:13:43:41 -0500] "GET /BLA/boletinlegal/consulta_actos.php?tipo=resoluciones&no=2094&usuario=&sector=&fecha=2019&resuelve= HTTP/1.1" 200 1080
186.102.33.194 - - [23/Jun/2023:13:44:10 -0500] "GET /asi-fue-el-reverdecer-de-leandra-marulanda-mujer-resiliente-que-ahora-emprende-con-el-compostaje.html HTTP/1.1" 200 842
173.252.79.111 - - [23/Jun/2023:13:44:49 -0500] "GET /images/caminatas-ecol\xc3\xb3gicas-marzo---1920x1080_optimized.jpg HTTP/1.1" 404 1034
201.245.192.253 - - [23/Jun/2023:13:45:11 -0500] "POST /kwsrmcab/Wsrmcab  HTTP/1.1" 200 40807
201.245.192.253 - - [23/Jun/2023:13:46:13 -0500] "POST /sipse/faces/presentacion/financiero/solicitudProceso/listarSolicitudProceso.xhtml HTTP/1.1" 200 19809
201.245.192.253 - - [23/Jun/2023:13:46:19 -0500] "POST /sipse/faces/presentacion/financiero/solicitudProceso/listarSolicitudProceso.xhtml HTTP/1.1" 200 3037
216.245.221.92 - - [23/Jun/2023:13:46:25 -0500] "HEAD / HTTP/1.1" 200 -
181.54.55.86 - - [23/Jun/2023:13:46:56 -0500] "GET /appsia/controlador HTTP/1.1" 200 4799
181.54.55.86 - - [23/Jun/2023:13:46:56 -0500] "GET /appsia/css/estilos.css HTTP/1.1" 200 4804
181.54.55.86 - - [23/Jun/2023:13:46:56 -0500] "GET /appsia/scripts/validarIngreso.js HTTP/1.1" 200 851
181.54.55.86 - - [23/Jun/2023:13:46:56 -0500] "GET /appsia/images/logo_bogota_p.png HTTP/1.1" 200 14951
181.54.55.86 - - [23/Jun/2023:13:46:56 -0500] "GET /appsia/images/cabezoteHojaVida.png HTTP/1.1" 200 32493
181.54.55.86 - - [23/Jun/2023:13:46:56 -0500] "GET /favicon.ico HTTP/1.1" 200 7782
69.171.251.18 - - [23/Jun/2023:13:47:05 -0500] "GET /serpiente-sabanera-pone-huevos-en-area-protegida-de-bogota.html HTTP/1.1" 206 670
181.54.55.86 - - [23/Jun/2023:13:47:05 -0500] "POST /appsia/controlador HTTP/1.1" 200 5437
69.171.251.4 - - [23/Jun/2023:13:47:08 -0500] "GET /serpiente-sabanera-pone-huevos-en-area-protegida-de-bogota.html HTTP/1.1" 206 670
181.54.55.86 - - [23/Jun/2023:13:47:11 -0500] "POST /appsia/controlador HTTP/1.1" 200 7787
181.54.55.86 - - [23/Jun/2023:13:47:13 -0500] "POST /appsia/controlador HTTP/1.1" 200 6652
181.54.55.86 - - [23/Jun/2023:13:47:14 -0500] "POST /appsia/controlador HTTP/1.1" 200 11336
172.22.2.4 - - [23/Jun/2023:13:45:43 -0500] "HEAD /BLA/boletinlegal/ HTTP/1.1" 200 -
201.245.192.253 - - [23/Jun/2023:13:47:49 -0500] "POST /sipse/faces/presentacion/financiero/solicitudProceso/listarSolicitudProceso.xhtml HTTP/1.1" 200 40749
201.245.192.253 - - [23/Jun/2023:13:47:49 -0500] "GET /sipse/faces/javax.faces.resource/theme.css?ln=primefaces-sipse HTTP/1.1" 304 -
201.245.192.253 - - [23/Jun/2023:13:47:49 -0500] "GET /sipse/faces/javax.faces.resource/primefaces.css?ln=primefaces&v=4.0 HTTP/1.1" 304 -
201.245.192.253 - - [23/Jun/2023:13:47:49 -0500] "GET /sipse/faces/javax.faces.resource/layout/layout.css?ln=primefaces&v=4.0 HTTP/1.1" 304 -
201.245.192.253 - - [23/Jun/2023:13:47:49 -0500] "GET /sipse/faces/javax.faces.resource/jquery/jquery.js?ln=primefaces&v=4.0 HTTP/1.1" 304 -
201.245.192.253 - - [23/Jun/2023:13:47:49 -0500] "GET /sipse/faces/javax.faces.resource/jquery/jquery-plugins.js?ln=primefaces&v=4.0 HTTP/1.1" 304 -
201.245.192.253 - - [23/Jun/2023:13:47:49 -0500] "GET /sipse/faces/javax.faces.resource/primefaces.js?ln=primefaces&v=4.0 HTTP/1.1" 304 -
201.245.192.253 - - [23/Jun/2023:13:47:49 -0500] "GET /sipse/faces/javax.faces.resource/layout/layout.js?ln=primefaces&v=4.0 HTTP/1.1" 304 -
201.245.192.253 - - [23/Jun/2023:13:47:49 -0500] "POST /sipse/faces/presentacion/financiero/solicitudProceso/consultar.xhtml HTTP/1.1" 200 34149
201.245.192.253 - - [23/Jun/2023:13:47:50 -0500] "POST /sipse/faces/presentacion/financiero/solicitudProceso/consultar.xhtml HTTP/1.1" 200 34149
201.245.192.253 - - [23/Jun/2023:13:47:50 -0500] "POST /sipse/faces/presentacion/financiero/solicitudProceso/consultar.xhtml HTTP/1.1" 200 34149
201.245.192.253 - - [23/Jun/2023:13:47:50 -0500] "POST /sipse/faces/presentacion/financiero/solicitudProceso/consultar.xhtml HTTP/1.1" 200 34149
201.245.192.253 - - [23/Jun/2023:13:47:50 -0500] "POST /sipse/faces/presentacion/financiero/solicitudProceso/consultar.xhtml HTTP/1.1" 200 34149
201.245.192.253 - - [23/Jun/2023:13:47:50 -0500] "POST /sipse/faces/presentacion/financiero/solicitudProceso/consultar.xhtml HTTP/1.1" 200 34149
201.245.192.253 - - [23/Jun/2023:13:47:50 -0500] "POST /sipse/faces/presentacion/financiero/solicitudProceso/consultar.xhtml HTTP/1.1" 200 34149
201.245.192.253 - - [23/Jun/2023:13:47:50 -0500] "POST /sipse/faces/presentacion/financiero/solicitudProceso/consultar.xhtml HTTP/1.1" 200 34149
201.245.192.253 - - [23/Jun/2023:13:47:51 -0500] "POST /sipse/faces/presentacion/financiero/solicitudProceso/consultar.xhtml HTTP/1.1" 200 34149
201.245.192.253 - - [23/Jun/2023:13:47:51 -0500] "POST /sipse/faces/presentacion/financiero/solicitudProceso/consultar.xhtml HTTP/1.1" 200 34149
201.245.192.253 - - [23/Jun/2023:13:47:51 -0500] "POST /sipse/faces/presentacion/financiero/solicitudProceso/consultar.xhtml HTTP/1.1" 200 34149
201.245.192.253 - - [23/Jun/2023:13:47:51 -0500] "POST /sipse/faces/presentacion/financiero/solicitudProceso/consultar.xhtml HTTP/1.1" 200 34149
201.245.192.253 - - [23/Jun/2023:13:47:51 -0500] "POST /sipse/faces/presentacion/financiero/solicitudProceso/consultar.xhtml HTTP/1.1" 200 34149
201.245.192.253 - - [23/Jun/2023:13:47:51 -0500] "POST /sipse/faces/presentacion/financiero/solicitudProceso/consultar.xhtml HTTP/1.1" 200 34149
201.245.192.253 - - [23/Jun/2023:13:47:51 -0500] "POST /sipse/faces/presentacion/financiero/solicitudProceso/consultar.xhtml HTTP/1.1" 200 34149
191.156.235.87 - - [23/Jun/2023:13:47:51 -0500] "POST /sipse/faces/presentacion/financiero/solicitudProceso/crearModificarSolicitudProceso.xhtml HTTP/1.1" 200 126668
191.156.235.87 - - [23/Jun/2023:13:47:54 -0500] "GET /sipse/faces/javax.faces.resource/theme.css?ln=primefaces-sipse HTTP/1.1" 304 -
191.156.235.87 - - [23/Jun/2023:13:47:54 -0500] "GET /sipse/css/imagen/contrasena.png HTTP/1.1" 404 383
191.156.235.87 - - [23/Jun/2023:13:47:54 -0500] "GET /sipse/faces/javax.faces.resource/primefaces.css?ln=primefaces&v=4.0 HTTP/1.1" 304 -
191.156.235.87 - - [23/Jun/2023:13:47:54 -0500] "GET /sipse/faces/javax.faces.resource/layout/layout.css?ln=primefaces&v=4.0 HTTP/1.1" 304 -
191.156.235.87 - - [23/Jun/2023:13:47:54 -0500] "GET /sipse/faces/javax.faces.resource/jquery/jquery.js?ln=primefaces&v=4.0 HTTP/1.1" 304 -
191.156.235.87 - - [23/Jun/2023:13:47:54 -0500] "GET /sipse/faces/javax.faces.resource/jquery/jquery-plugins.js?ln=primefaces&v=4.0 HTTP/1.1" 304 -
191.156.235.87 - - [23/Jun/2023:13:47:54 -0500] "GET /sipse/faces/javax.faces.resource/primefaces.js?ln=primefaces&v=4.0 HTTP/1.1" 304 -
191.156.235.87 - - [23/Jun/2023:13:47:54 -0500] "GET /sipse/faces/javax.faces.resource/layout/layout.js?ln=primefaces&v=4.0 HTTP/1.1" 304 -
191.156.235.87 - - [23/Jun/2023:13:47:55 -0500] "GET /sipse/faces/javax.faces.resource/images/ui-icons_898989_256x240.png?ln=primefaces-aristo HTTP/1.1" 304 -
191.156.235.87 - - [23/Jun/2023:13:47:55 -0500] "GET /sipse/faces/javax.faces.resource/messages/messages.png?ln=primefaces&v=4.0 HTTP/1.1" 304 -
191.156.235.87 - - [23/Jun/2023:13:47:55 -0500] "GET /sipse/faces/javax.faces.resource/dynamiccontent.properties?ln=primefaces&pfdrid=XjOR5%2F%2FfPAZAuY9TpWQeCiM0BhlXxYRBGKi%2FQcXXfeA%3D&pfdrid_c=false HTTP/1.1" 500 383
201.245.192.253 - - [23/Jun/2023:13:47:56 -0500] "POST /sipse/faces/presentacion/financiero/solicitudProceso/consultar.xhtml HTTP/1.1" 200 12872
181.54.55.86 - - [23/Jun/2023:13:47:57 -0500] "POST /appsia/controlador HTTP/1.1" 200 75986
201.245.192.253 - - [23/Jun/2023:13:47:58 -0500] "POST /sipse/faces/presentacion/financiero/solicitudProceso/consultar.xhtml HTTP/1.1" 200 115624
201.245.192.253 - - [23/Jun/2023:13:47:58 -0500] "GET /sipse/faces/javax.faces.resource/theme.css?ln=primefaces-sipse HTTP/1.1" 304 -
201.245.192.253 - - [23/Jun/2023:13:47:58 -0500] "GET /sipse/faces/javax.faces.resource/layout/layout.css?ln=primefaces&v=4.0 HTTP/1.1" 304 -
201.245.192.253 - - [23/Jun/2023:13:47:58 -0500] "GET /sipse/faces/javax.faces.resource/primefaces.css?ln=primefaces&v=4.0 HTTP/1.1" 304 -
201.245.192.253 - - [23/Jun/2023:13:47:58 -0500] "GET /sipse/faces/javax.faces.resource/jquery/jquery.js?ln=primefaces&v=4.0 HTTP/1.1" 304 -
201.245.192.253 - - [23/Jun/2023:13:47:58 -0500] "GET /sipse/faces/javax.faces.resource/jquery/jquery-plugins.js?ln=primefaces&v=4.0 HTTP/1.1" 304 -
201.245.192.253 - - [23/Jun/2023:13:47:58 -0500] "GET /sipse/faces/javax.faces.resource/primefaces.js?ln=primefaces&v=4.0 HTTP/1.1" 304 -
201.245.192.253 - - [23/Jun/2023:13:47:58 -0500] "GET /sipse/faces/javax.faces.resource/layout/layout.js?ln=primefaces&v=4.0 HTTP/1.1" 304 -
201.245.192.253 - - [23/Jun/2023:13:47:59 -0500] "GET /sipse/faces/javax.faces.resource/dynamiccontent.properties?ln=primefaces&pfdrid=XjOR5%2F%2FfPAZAuY9TpWQeCiM0BhlXxYRBGKi%2FQcXXfeA%3D&pfdrid_c=false HTTP/1.1" 500 383
186.86.52.161 - - [23/Jun/2023:13:48:11 -0500] "GET /kwssiamovil/sm/ldap/au?x=U2FsdGVkX192vm66hKYflGZxX6wrJ2KSs7S+ksFWoTJS6rmrp6ug4xBDYUOOVNui&y=U2FsdGVkX19zcxGYHrrFrUcMeSNlaBxD6tg0Tghhbis/Pn+kZbOlAXdYau+1mpsq HTTP/1.1" 200 30
186.86.52.161 - - [23/Jun/2023:13:48:11 -0500] "GET /kwssiamovil/sm/acme/s?s=U2FsdGVkX18mxAvrq/TLB41vTlA9SHjd6uBZFzSj2N82z5LLBjzzqf2oAjLrirK2+3sUiX8KeKNHCdv7XTqzHCxIS+H3T//fEh5suwZGY0Q=&u=U2FsdGVkX19azDTL+5rclv9KNeUgrspzJ77DmgKyBqXwfL+JpHXv6PvGiHJEJTki&y=U2FsdGVkX19zcxGYHrrFrUcMeSNlaBxD6tg0Tghhbis/Pn+kZbOlAXdYau+1mpsq HTTP/1.1" 200 97
186.86.52.161 - - [23/Jun/2023:13:48:11 -0500] "GET /kwssiamovil/sm/acme/s?s=U2FsdGVkX19Wv1UaJClVKjvg2CzoKDdDCJ/SvXRiu8Z/8AowvSvvYBpUdbq3alRftjUjShYF3IYRykIgyRuFm8V5ujXOCtivFP4Z57V2jUCJhOpYpN2Bn9lD70NOUPGHc2kdG7j49SNw/WIP72CkOKhAskLGVn5FCGg/5I9AfO8b5WBlayKetPPN5oJJalxb0DZ+pCCeVRaurWjv5cwYHpCWxrsbpIDccRptnVfR92N6xC8z0HVi4arYBdNCHTWI6GnvJHPIxjhaJlykB5eYqBYlivxnM/Efr7DGuHpw0LEl8OajSbKLu66opnHQKI+Tr96JM7rrqA8Hu99Ej/M/UJSUIbscXypGbJaOTV9pFba9WXfMVuJhPdE9za+Ls39q8Hy2RUTtx+kaaiIOxPTbRvA0B/S5WQtHMACnM+J89+Z/EevGDZy4ES0bePfcQE+zgjN0DgfesKTA/RF0Uqg18liXS2GXhyl/g1aM6byq2DPLCbFo6myIsvOg1IcS7OpYLZYNB/rPGaofwQ/3fSqBbb/tNlKLzwnZ1zeEV/xDkM7XDdRcmKvdYb/BozTtY9UgAzv3Rxm471YEOuBecfUNsyPrT5xbB4ruqARaDRfQiWo0L/IhHK4n2aNQpbWkg5cUr8DTFeZRhqVX222NTbhfrqjLrtHMDAMIoQepcyOvY5QFIAACULXCi99Y49ITtCjWX8uBshY4q/pPjjq7/Gw7nHtigdbLKhpAidEbXGsnLkLJ7Pzy5yo/i3JnYT39p0ZrvMTkmBNL+PTZpWLMEQAY9WqujmpoQ5wtN+r9yR5xkvtcEGGJID6DANnNdaBfbiLjNKvcdevMiJXT0zUnVuad0zLH4M+3ScW5YnbysBKkPwP6R+VYFCp0K7qWkka7yC+0cdlvTspeAcLa4/pcMTdE3P/w6EFpi0kIEzhzHsvLb4QuTeBl3Oblhc7OPhkDaPKmlRyVmMf6fSntneNclrU2P8RgfkrJ46lqJ7P7AYDdpTfh8xYBwkdSTC1tVXA8p3HotKqHuRc+XbJ5QOKNE2B8QQ8QushhP3qlN91O/MnFB9EkHNzH51KLMOzJwQB/eK9frLdHn6XdD8NdI+1CfdOZd5dqjpZZSzT1RLNKCRSzRmEy6a8mH3xkikgJZqrd21I8O0rMBhPKqkUtdTCo+ivboa54ko41V1osK2lVGG+3zuePYMymTBz/dicdfz2n2QuSr35L1siqk33VQHmsLJfFiBrJq1T9S686iSCcyRBIAkh9JFJ6ozmQE/H05VQ0kP5NKLg5rkzzzFhvGx5PsnFdpeFLCirpM9fn6INxnbYQt3AGcRWIzHwUgHybXNKqjqaJt94H8j5lLqfojIbhU5vFPtGA7o4D52Igqqu1ago3vFzfMC42GV8/2oqxnryrxJr153K7qPrsDj8xzoGOsilbwDHC+iXCtSZ7n9kc8jjkjv4=&u=U2FsdGVkX19azDTL+5rclv9KNeUgrspzJ77DmgKyBqXwfL+JpHXv6PvGiHJEJTki&y=U2FsdGVkX19zcxGYHrrFrUcMeSNlaBxD6tg0Tghhbis/Pn+kZbOlAXdYau+1mpsq HTTP/1.1" 200 1559
186.86.52.161 - - [23/Jun/2023:13:48:11 -0500] "GET /kwssiamovil/sm/acme/s?s=U2FsdGVkX1+frSIKPjKZfis7Zw76dO7t/J2E4TLPjhXgrGbbq35qwLJ86YeqQv17ffY20RMJNUDyE6JppFxggP4RvFNjoLc8aSVRGsdcpOPHhA7JnyIR/XJeGS/QLDMhLKoXbbdiXptxX9vCdmxPuWksl+h6g2TF2PWx2D3PBSOR0emhv3iKBjBPZVRtJiX2x+yJ0nuvVyzRviqBjJgW31FeLbLtFPyJpSgXvB7vgRXUraxV1vq7KzaMkfcDzxWTE0i8N61cUm6ubVc3JaN6cL43zF9mS2Ync00rKp4gF8YkQT8XdI4xKAF62ERm1Yla65o9SDVCPKmVFXgZHtkJaD1gceGpDDGtCKnkCl0frA4=&u=U2FsdGVkX19azDTL+5rclv9KNeUgrspzJ77DmgKyBqXwfL+JpHXv6PvGiHJEJTki&y=U2FsdGVkX19zcxGYHrrFrUcMeSNlaBxD6tg0Tghhbis/Pn+kZbOlAXdYau+1mpsq HTTP/1.1" 200 196
186.86.52.161 - - [23/Jun/2023:13:48:11 -0500] "GET /kwssiamovil/sm/cjson/pre?f=1&x=U2FsdGVkX192vm66hKYflGZxX6wrJ2KSs7S+ksFWoTJS6rmrp6ug4xBDYUOOVNui HTTP/1.1" 200 31032
172.22.2.4 - - [23/Jun/2023:13:46:34 -0500] "GET /BLA/boletinlegal/ HTTP/1.1" 200 57680
173.252.79.116 - - [23/Jun/2023:13:48:39 -0500] "GET /images/serpiente-sabanera.jpeg HTTP/1.1" 200 167272
181.54.55.86 - - [23/Jun/2023:13:48:48 -0500] "POST /appsia/controlador HTTP/1.1" 200 7787
181.54.55.86 - - [23/Jun/2023:13:48:50 -0500] "POST /appsia/controlador HTTP/1.1" 200 5437
181.54.55.86 - - [23/Jun/2023:13:48:51 -0500] "POST /appsia/controlador HTTP/1.1" 200 4799
191.156.235.87 - - [23/Jun/2023:13:49:15 -0500] "GET /sipse/faces/javax.faces.resource/images/ui-bg_flat_0_2d5972_40x100.png?ln=primefaces-aristo HTTP/1.1" 304 -
191.156.235.87 - - [23/Jun/2023:13:49:15 -0500] "POST /sipse/faces/presentacion/financiero/solicitudProceso/consultarSolicitudProceso.xhtml HTTP/1.1" 200 4513
201.245.192.253 - - [23/Jun/2023:13:50:10 -0500] "POST /kwsrmcab/Wsrmcab  HTTP/1.1" 200 40807
172.22.2.4 - - [23/Jun/2023:13:50:17 -0500] "GET /BLA/boletinlegal/consulta_actos.php?tipo=resoluciones&no=2095&usuario=&sector=&fecha=2019&resuelve= HTTP/1.1" 200 1080
191.156.235.87 - - [23/Jun/2023:13:51:14 -0500] "POST /sipse/faces/presentacion/financiero/solicitudProceso/consultarSolicitudProceso.xhtml HTTP/1.1" 200 38173
191.156.235.87 - - [23/Jun/2023:13:51:15 -0500] "GET /sipse/faces/javax.faces.resource/theme.css?ln=primefaces-sipse HTTP/1.1" 304 -
191.156.235.87 - - [23/Jun/2023:13:51:15 -0500] "GET /sipse/faces/javax.faces.resource/jquery/jquery.js?ln=primefaces&v=4.0 HTTP/1.1" 304 -
191.156.235.87 - - [23/Jun/2023:13:51:15 -0500] "GET /sipse/faces/javax.faces.resource/primefaces.css?ln=primefaces&v=4.0 HTTP/1.1" 304 -
191.156.235.87 - - [23/Jun/2023:13:51:15 -0500] "GET /sipse/faces/javax.faces.resource/layout/layout.css?ln=primefaces&v=4.0 HTTP/1.1" 304 -
191.156.235.87 - - [23/Jun/2023:13:51:15 -0500] "GET /sipse/faces/javax.faces.resource/jquery/jquery-plugins.js?ln=primefaces&v=4.0 HTTP/1.1" 304 -
191.156.235.87 - - [23/Jun/2023:13:51:15 -0500] "GET /sipse/faces/javax.faces.resource/primefaces.js?ln=primefaces&v=4.0 HTTP/1.1" 304 -
191.156.235.87 - - [23/Jun/2023:13:51:15 -0500] "GET /sipse/faces/javax.faces.resource/layout/layout.js?ln=primefaces&v=4.0 HTTP/1.1" 304 -
191.156.235.87 - - [23/Jun/2023:13:51:16 -0500] "POST /sipse/faces/presentacion/financiero/solicitudProceso/listarSolicitudProceso.xhtml HTTP/1.1" 200 31546
191.156.235.87 - - [23/Jun/2023:13:51:17 -0500] "POST /sipse/faces/presentacion/financiero/solicitudProceso/listarSolicitudProceso.xhtml HTTP/1.1" 200 31546
191.156.235.87 - - [23/Jun/2023:13:51:18 -0500] "POST /sipse/faces/presentacion/financiero/solicitudProceso/listarSolicitudProceso.xhtml HTTP/1.1" 200 31546
191.156.235.87 - - [23/Jun/2023:13:51:19 -0500] "POST /sipse/faces/presentacion/financiero/solicitudProceso/listarSolicitudProceso.xhtml HTTP/1.1" 200 31546
191.156.235.87 - - [23/Jun/2023:13:51:19 -0500] "POST /sipse/faces/presentacion/financiero/solicitudProceso/listarSolicitudProceso.xhtml HTTP/1.1" 200 1400
191.156.235.87 - - [23/Jun/2023:13:51:20 -0500] "POST /sipse/faces/presentacion/financiero/solicitudProceso/listarSolicitudProceso.xhtml HTTP/1.1" 200 1396
191.156.235.87 - - [23/Jun/2023:13:51:21 -0500] "POST /sipse/faces/presentacion/financiero/solicitudProceso/listarSolicitudProceso.xhtml HTTP/1.1" 200 1400
191.156.235.87 - - [23/Jun/2023:13:51:22 -0500] "POST /sipse/faces/presentacion/financiero/solicitudProceso/listarSolicitudProceso.xhtml HTTP/1.1" 200 1396
191.156.235.87 - - [23/Jun/2023:13:51:23 -0500] "POST /sipse/faces/presentacion/financiero/solicitudProceso/listarSolicitudProceso.xhtml HTTP/1.1" 200 1400
216.245.221.92 - - [23/Jun/2023:13:51:25 -0500] "HEAD / HTTP/1.1" 200 -
191.156.235.87 - - [23/Jun/2023:13:51:30 -0500] "POST /sipse/faces/presentacion/financiero/solicitudProceso/listarSolicitudProceso.xhtml HTTP/1.1" 200 44637
191.156.235.87 - - [23/Jun/2023:13:51:33 -0500] "POST /sipse/faces/presentacion/financiero/solicitudProceso/listarSolicitudProceso.xhtml HTTP/1.1" 200 44872
191.156.235.87 - - [23/Jun/2023:13:51:36 -0500] "POST /sipse/faces/presentacion/financiero/solicitudProceso/listarSolicitudProceso.xhtml HTTP/1.1" 200 20931
172.22.2.4 - - [23/Jun/2023:13:51:37 -0500] "GET /BLA/boletinlegal/consulta_actos.php?tipo=resoluciones&no=2166&usuario=&sector=&fecha=2019&resuelve= HTTP/1.1" 200 1359
186.154.51.199 - - [23/Jun/2023:13:51:39 -0500] "GET /BLA/resoluciones/RESOLUCIONES%202019/2166.pdf HTTP/1.1" 200 429829
191.156.235.87 - - [23/Jun/2023:13:51:39 -0500] "POST /sipse/faces/presentacion/financiero/solicitudProceso/listarSolicitudProceso.xhtml HTTP/1.1" 200 44876
191.156.235.87 - - [23/Jun/2023:13:51:40 -0500] "POST /sipse/faces/presentacion/financiero/solicitudProceso/listarSolicitudProceso.xhtml HTTP/1.1" 200 44884
191.156.235.87 - - [23/Jun/2023:13:51:41 -0500] "POST /sipse/faces/presentacion/financiero/solicitudProceso/listarSolicitudProceso.xhtml HTTP/1.1" 200 44876
191.156.235.87 - - [23/Jun/2023:13:51:42 -0500] "POST /sipse/faces/presentacion/financiero/solicitudProceso/listarSolicitudProceso.xhtml HTTP/1.1" 200 44637
191.156.235.87 - - [23/Jun/2023:13:51:43 -0500] "POST /sipse/faces/presentacion/financiero/solicitudProceso/listarSolicitudProceso.xhtml HTTP/1.1" 200 44625
191.156.235.87 - - [23/Jun/2023:13:51:44 -0500] "POST /sipse/faces/presentacion/financiero/solicitudProceso/listarSolicitudProceso.xhtml HTTP/1.1" 200 38227
191.156.235.87 - - [23/Jun/2023:13:51:46 -0500] "POST /sipse/faces/presentacion/financiero/solicitudProceso/listarSolicitudProceso.xhtml HTTP/1.1" 200 32289
191.156.235.87 - - [23/Jun/2023:13:51:48 -0500] "POST /sipse/faces/presentacion/financiero/solicitudProceso/listarSolicitudProceso.xhtml HTTP/1.1" 200 17778
172.22.2.4 - - [23/Jun/2023:13:51:53 -0500] "GET /BLA/boletinlegal/consulta_actos.php?tipo=resoluciones&no=2188&usuario=&sector=&fecha=2019&resuelve= HTTP/1.1" 200 1065
186.154.51.199 - - [23/Jun/2023:13:51:54 -0500] "GET /BLA/resoluciones/RESOLUCIONES%202019/2188.pdf HTTP/1.1" 200 397648
172.22.2.4 - - [23/Jun/2023:13:51:56 -0500] "GET /BLA/boletinlegal/actos.php HTTP/1.1" 200 9682
191.156.235.87 - - [23/Jun/2023:13:51:56 -0500] "POST /sipse/faces/presentacion/financiero/solicitudProceso/listarSolicitudProceso.xhtml HTTP/1.1" 200 120074
191.156.235.87 - - [23/Jun/2023:13:51:57 -0500] "GET /sipse/faces/javax.faces.resource/theme.css?ln=primefaces-sipse HTTP/1.1" 304 -
191.156.235.87 - - [23/Jun/2023:13:51:57 -0500] "GET /sipse/faces/javax.faces.resource/primefaces.css?ln=primefaces&v=4.0 HTTP/1.1" 304 -
191.156.235.87 - - [23/Jun/2023:13:51:57 -0500] "GET /sipse/faces/javax.faces.resource/jquery/jquery.js?ln=primefaces&v=4.0 HTTP/1.1" 304 -
191.156.235.87 - - [23/Jun/2023:13:51:57 -0500] "GET /sipse/faces/javax.faces.resource/layout/layout.css?ln=primefaces&v=4.0 HTTP/1.1" 304 -
191.156.235.87 - - [23/Jun/2023:13:51:57 -0500] "GET /sipse/faces/javax.faces.resource/jquery/jquery-plugins.js?ln=primefaces&v=4.0 HTTP/1.1" 304 -
191.156.235.87 - - [23/Jun/2023:13:51:58 -0500] "GET /sipse/faces/javax.faces.resource/primefaces.js?ln=primefaces&v=4.0 HTTP/1.1" 304 -
191.156.235.87 - - [23/Jun/2023:13:51:58 -0500] "GET /sipse/faces/javax.faces.resource/layout/layout.js?ln=primefaces&v=4.0 HTTP/1.1" 304 -
191.156.235.87 - - [23/Jun/2023:13:51:58 -0500] "GET /sipse/faces/javax.faces.resource/dynamiccontent.properties?ln=primefaces&pfdrid=XjOR5%2F%2FfPAZAuY9TpWQeCiM0BhlXxYRBGKi%2FQcXXfeA%3D&pfdrid_c=false HTTP/1.1" 500 383
186.86.52.161 - - [23/Jun/2023:13:52:16 -0500] "GET /kwssiamovil/sm/acme/a?s=U2FsdGVkX19xIjt57sH9i0eCCQgQd1wZfLe7x+XxCUYA99vxiCub5VijENe415xQsSx1aivNH5ntvtjJpapgzL5fJdTtQUH5bWMbhTTxRE51GFLjGpk4mu721BuXpRBLFHg8joEYEZcQkmBUL2y3nVyBk3lk7V6P8ulxMkKbj+fQXwddkYYnjbp1gBJPVzQQ+Y1VvUGT3pEhIR7lY6FKUgha/TWNhl0VdqAF5WhgOYmbrQgvXcHC7NJCdAiHfi0mEwQNPwMrBplPTnWksvhF8g==&u=U2FsdGVkX19azDTL+5rclv9KNeUgrspzJ77DmgKyBqXwfL+JpHXv6PvGiHJEJTki&y=U2FsdGVkX19zcxGYHrrFrUcMeSNlaBxD6tg0Tghhbis/Pn+kZbOlAXdYau+1mpsq HTTP/1.1" 200 26
186.86.52.161 - - [23/Jun/2023:13:52:17 -0500] "GET /kwssiamovil/sm/acme/a?s=U2FsdGVkX1+0kQ358+kuDVwRDb7hniTJ0N9QshoH/EGRSB6xj4xq72N8dxxLK5xb1X1+xkWPXkGyYcLDM/EHgtYQ/K16DPj4PfdLnrEzmWFweIiCN1Ei9Goj1/5enF+4bCTInZwlv5yVM1HqRgIVY7nPqQRLplChhUaEOCknqEpXdQk90qXckKSR6GULRM9nwM1acPX2cWpWYlle00fxCw8+ZWBJsuH4/FKFOKcNT/OCxCePnvuBT2sLzj68xi7HZBi0JrDYBEkhjxTPAmuJs0hs0BMxC5gGjrrfgsseDQBR3IOnkb3F4XgL+vzP0uBT1jSxpCMeonX44lUUvnHf+S8ti5VdCx9beYM+88s2l0FA7vC5x/Scya4SDVl3uurwLZAGSYZvpt4E3cOH+IreOx/TemmrjW0TSxm2xXC+JtSIvZBpJYvkmujLeV+v8uEs5XQftgUtvSfo3B2bimpnm5Edmhsm5ZDDIhqZsXcTSRwbN9zxnhtFUxI/PHaOM7J19wjdgfri7V78xvB7MQ9Z7FC0rhkXkawdNy1vXWn+Rmv1mJ+A+HLnKBtu8D/2SLvOllFP0jc/ukgY0GbIwQEQheOZAEVJyWFdRMmQwzj3AaNMopZonCUw9K4MwUj2gGJW1cWTGBCm0zOfBH1jq+KEFwGJ0aOH9999clyJmaF0wvbCvW4KUtXW+/mmn1bH88/DMOcEoS/s3QJ2RckngPIA4HHkc6w5zIqvEONKBbJTR4OLVX4I8X50zShiN0zZ4KLFhsj7XBEzJexCApt+IZEn4KW9DuAZYLXOb/TxRzMl/WGU1hrlF1KfhMOMqqKnsdeOfXROMcihUFRRpi/g1NkgwOmNiJYZovZvXvWwkredQj06QfG6GSFyuJHSzZ+vBuvU&u=U2FsdGVkX19azDTL+5rclv9KNeUgrspzJ77DmgKyBqXwfL+JpHXv6PvGiHJEJTki&y=U2FsdGVkX19zcxGYHrrFrUcMeSNlaBxD6tg0Tghhbis/Pn+kZbOlAXdYau+1mpsq HTTP/1.1" 200 26
186.86.52.161 - - [23/Jun/2023:13:52:17 -0500] "GET /kwssiamovil/sm/acme/a?s=U2FsdGVkX1+7mmP47bABbwosoOkCHJGT2LgbSPts0rh1bzHWa6C7qKhIbOr9UOQz1oXK33Tdy71SIJx8P7/pfHF190891AXgof2fQe06aezo7IQdetKemV1iwql9V42XCc7s1xEaC5ZKkOxw66X1tB7wBxSbEs1E08tTPHs0NXE=&u=U2FsdGVkX19azDTL+5rclv9KNeUgrspzJ77DmgKyBqXwfL+JpHXv6PvGiHJEJTki&y=U2FsdGVkX19zcxGYHrrFrUcMeSNlaBxD6tg0Tghhbis/Pn+kZbOlAXdYau+1mpsq HTTP/1.1" 200 26
186.86.52.161 - - [23/Jun/2023:13:52:17 -0500] "GET /kwssiamovil/sm/acme/a?s=U2FsdGVkX1+w6uDbXxmyEYR4JABSPHwW4RFv/PpMYPGr6+DM28uE1dr6xRi5ZLmJo3X+Rh820hqlc8/c802EavPb2uSjuwm3b0DgaTlanaPWA6DIPKOxgTavMqM/kqKaGp4ftXWIHg/zvPw/UDP6o7cnUlyBMUj7/L3v1EFepB0=&u=U2FsdGVkX19azDTL+5rclv9KNeUgrspzJ77DmgKyBqXwfL+JpHXv6PvGiHJEJTki&y=U2FsdGVkX19zcxGYHrrFrUcMeSNlaBxD6tg0Tghhbis/Pn+kZbOlAXdYau+1mpsq HTTP/1.1" 200 26
186.86.52.161 - - [23/Jun/2023:13:52:18 -0500] "GET /kwssiamovil/sm/acme/a?s=U2FsdGVkX195vPZvVKYyxJa5zFSLxRVgN/NLOwI0Ez59qF9HkYY7NBVaZmOTXK7EkYd5Ojj9Va5e+hRmREO/vhx0Lww05jOdx4uxHtZ8N83S+iTk761asSBajF2m7QNQV98AmdcILcKlLkp3/JtZLLhvTCBZnBNwi7nZ9bnywfE=&u=U2FsdGVkX19azDTL+5rclv9KNeUgrspzJ77DmgKyBqXwfL+JpHXv6PvGiHJEJTki&y=U2FsdGVkX19zcxGYHrrFrUcMeSNlaBxD6tg0Tghhbis/Pn+kZbOlAXdYau+1mpsq HTTP/1.1" 200 26
186.86.52.161 - - [23/Jun/2023:13:52:18 -0500] "GET /kwssiamovil/sm/acme/a?s=U2FsdGVkX18eFcDQofuiQgk3IXu8/z3YQU4Fz48CJxFZEv+b6lj88McJEzqbeimzVrRHfHqU+RjrYowNo9GQ0WMLb5MentVRDkyTlKlr8IaD1emxd5XhE4bLA9fbNQtaH0hwP/noe8V6m+C0gM036lrbt3KS6pbS8JpQiLGsL54cKyA8NxMyPK5dFKm641qmceAIG1KzqhDwoXqjfzURtA==&u=U2FsdGVkX19azDTL+5rclv9KNeUgrspzJ77DmgKyBqXwfL+JpHXv6PvGiHJEJTki&y=U2FsdGVkX19zcxGYHrrFrUcMeSNlaBxD6tg0Tghhbis/Pn+kZbOlAXdYau+1mpsq HTTP/1.1" 200 26
52.167.144.39 - - [23/Jun/2023:13:52:37 -0500] "GET /BLA/resoluciones/AUTOS%202023/0162.pdf HTTP/1.1" 200 2487279
172.22.2.4 - - [23/Jun/2023:13:52:43 -0500] "GET /BLA/boletinlegal/consulta_actos.php?tipo=resoluciones&no=2195&usuario=&sector=&fecha=2019&resuelve= HTTP/1.1" 200 1065
186.154.51.199 - - [23/Jun/2023:13:52:45 -0500] "GET /BLA/resoluciones/RESOLUCIONES%202019/2195.pdf HTTP/1.1" 200 519139
191.156.235.87 - - [23/Jun/2023:13:52:54 -0500] "POST /sipse/faces/presentacion/financiero/solicitudProceso/consultarSolicitudProceso.xhtml HTTP/1.1" 200 104885
172.22.2.4 - - [23/Jun/2023:13:52:16 -0500] "GET /BLA/boletinlegal/ HTTP/1.1" 200 24523
172.22.2.4 - - [23/Jun/2023:13:53:07 -0500] "GET /BLA/boletinlegal/consulta_actos.php?tipo=resoluciones&no=2196&usuario=&sector=&fecha=2019&resuelve= HTTP/1.1" 200 1065
186.154.51.199 - - [23/Jun/2023:13:53:09 -0500] "GET /BLA/resoluciones/RESOLUCIONES%202019/2196.pdf HTTP/1.1" 200 443122
172.22.2.4 - - [23/Jun/2023:13:51:33 -0500] "HEAD /BLA/boletinlegal/ HTTP/1.1" 200 -
172.22.2.4 - - [23/Jun/2023:13:53:27 -0500] "GET /BLA/boletinlegal/consulta_actos.php?tipo=resoluciones&no=2217&usuario=&sector=&fecha=2019&resuelve= HTTP/1.1" 200 1072
186.154.51.199 - - [23/Jun/2023:13:53:29 -0500] "GET /BLA/resoluciones/RESOLUCIONES%202019/2217.pdf HTTP/1.1" 200 367037
181.58.221.221 - - [23/Jun/2023:13:53:32 -0500] "GET /galeria/galeria/jquery.fancybox.css?v=2.1.5 HTTP/1.1" 200 4895
181.58.221.221 - - [23/Jun/2023:13:53:32 -0500] "GET /galeria/galeria/jquery.fancybox.js?v=2.1.5 HTTP/1.1" 200 48706
181.58.221.221 - - [23/Jun/2023:13:53:32 -0500] "GET /BLA/boletinlegal/js/jquery.scrollShow.js HTTP/1.1" 200 4586
191.156.235.87 - - [23/Jun/2023:13:53:31 -0500] "POST /sipse/faces/presentacion/financiero/solicitudProceso/consultarSolicitudProceso.xhtml HTTP/1.1" 200 104885
172.22.2.4 - - [23/Jun/2023:13:53:46 -0500] "GET /BLA/boletinlegal/consulta_actos.php?tipo=resoluciones&no=2220&usuario=&sector=&fecha=2019&resuelve= HTTP/1.1" 200 1072
186.154.51.199 - - [23/Jun/2023:13:53:48 -0500] "GET /BLA/resoluciones/RESOLUCIONES%202019/2220.pdf HTTP/1.1" 200 378153
172.22.2.4 - - [23/Jun/2023:13:52:24 -0500] "GET /BLA/boletinlegal/ HTTP/1.1" 200 56452
172.22.2.4 - - [23/Jun/2023:13:54:06 -0500] "GET /BLA/boletinlegal/consulta_actos.php?tipo=resoluciones&no=2297&usuario=&sector=&fecha=2019&resuelve= HTTP/1.1" 200 626
172.22.2.4 - - [23/Jun/2023:13:54:08 -0500] "GET /BLA/boletinlegal/consulta_actos.php?tipo=resoluciones&no=2297&usuario=&sector=&fecha=2019&resuelve= HTTP/1.1" 200 626
172.22.2.4 - - [23/Jun/2023:13:54:08 -0500] "GET /BLA/boletinlegal/consulta_actos.php?tipo=resoluciones&no=2297&usuario=&sector=&fecha=2019&resuelve= HTTP/1.1" 200 626
172.22.2.4 - - [23/Jun/2023:13:55:07 -0500] "GET /BLA/boletinlegal/consulta_actos.php?tipo=resoluciones&no=2299&usuario=&sector=&fecha=2019&resuelve= HTTP/1.1" 200 1094
186.154.51.199 - - [23/Jun/2023:13:55:09 -0500] "GET /BLA/resoluciones/RESOLUCIONES%202019/2299.pdf HTTP/1.1" 200 349133
201.245.192.253 - - [23/Jun/2023:13:55:08 -0500] "POST /kwsrmcab/Wsrmcab  HTTP/1.1" 200 40807
172.22.2.4 - - [23/Jun/2023:13:55:30 -0500] "GET /BLA/boletinlegal/consulta_actos.php?tipo=resoluciones&no=2416&usuario=&sector=&fecha=2019&resuelve= HTTP/1.1" 200 1072
186.154.51.199 - - [23/Jun/2023:13:55:32 -0500] "GET /BLA/resoluciones/RESOLUCIONES%202019/2416.pdf HTTP/1.1" 200 444182
31.13.127.21 - - [23/Jun/2023:13:55:43 -0500] "GET /images/serpiente-sabanera.jpeg HTTP/1.1" 200 167272
172.22.2.4 - - [23/Jun/2023:13:55:47 -0500] "GET /BLA/boletinlegal/consulta_actos.php?tipo=resoluciones&no=2417&usuario=&sector=&fecha=2019&resuelve= HTTP/1.1" 200 1073
186.154.51.199 - - [23/Jun/2023:13:55:50 -0500] "GET /BLA/resoluciones/RESOLUCIONES%202019/2417.pdf HTTP/1.1" 200 425541
193.35.18.177 - - [23/Jun/2023:13:55:50 -0500] "GET /.env HTTP/1.1" 404 1018
193.35.18.177 - - [23/Jun/2023:13:55:50 -0500] "POST / HTTP/1.1" 200 319
193.35.18.177 - - [23/Jun/2023:13:55:51 -0500] "GET /core/.env HTTP/1.1" 404 1018
193.35.18.177 - - [23/Jun/2023:13:55:52 -0500] "POST / HTTP/1.1" 200 319
193.35.18.177 - - [23/Jun/2023:13:55:52 -0500] "GET /app/.env HTTP/1.1" 404 1018
193.35.18.177 - - [23/Jun/2023:13:55:53 -0500] "POST / HTTP/1.1" 200 319
193.35.18.177 - - [23/Jun/2023:13:55:54 -0500] "GET /public/.env HTTP/1.1" 404 1018
193.35.18.177 - - [23/Jun/2023:13:55:55 -0500] "POST / HTTP/1.1" 200 319
172.22.2.4 - - [23/Jun/2023:13:56:04 -0500] "GET /BLA/boletinlegal/consulta_actos.php?tipo=resoluciones&no=2418&usuario=&sector=&fecha=2019&resuelve= HTTP/1.1" 200 1055
173.252.111.116 - - [23/Jun/2023:13:56:09 -0500] "GET /images/camara-trampa.jpeg HTTP/1.1" 200 77809
173.252.111.7 - - [23/Jun/2023:13:56:09 -0500] "GET /images/serpiente-sabanera.jpeg HTTP/1.1" 200 167272
173.252.111.6 - - [23/Jun/2023:13:56:09 -0500] "GET /images/stand-secretaria-ambiente-fima.jpg HTTP/1.1" 200 42537
173.252.111.2 - - [23/Jun/2023:13:56:22 -0500] "GET /images/liberacion-animales-silvestres.jpg HTTP/1.1" 200 57397
173.252.111.5 - - [23/Jun/2023:13:56:22 -0500] "GET /images/manos-reparadoras-plaza-americas-1.jpg HTTP/1.1" 200 47593
216.245.221.92 - - [23/Jun/2023:13:56:25 -0500] "HEAD / HTTP/1.1" 200 -
31.13.127.11 - - [23/Jun/2023:13:56:58 -0500] "GET /proyecto-avantia-con-la-union-europea-busca-especialista-en-cambio-climatico.html HTTP/1.1" 200 814
172.22.2.4 - - [23/Jun/2023:13:56:59 -0500] "GET /BLA/boletinlegal/consulta_actos.php?tipo=resoluciones&no=2478&usuario=&sector=&fecha=2019&resuelve= HTTP/1.1" 200 1072
186.154.51.199 - - [23/Jun/2023:13:57:01 -0500] "GET /BLA/resoluciones/RESOLUCIONES%202019/2478.pdf HTTP/1.1" 200 373946
31.13.127.6 - - [23/Jun/2023:13:57:02 -0500] "GET /proyecto-avantia-con-la-union-europea-busca-especialista-en-cambio-climatico.html HTTP/1.1" 206 814
201.245.192.253 - - [23/Jun/2023:13:57:06 -0500] "GET /sipse/faces/faces/index.xhtml HTTP/1.1" 200 677
201.245.192.253 - - [23/Jun/2023:13:57:07 -0500] "GET /sipse/faces/javax.faces.resource/theme.css?ln=primefaces-sipse HTTP/1.1" 304 -
201.245.192.253 - - [23/Jun/2023:13:57:07 -0500] "GET /sipse/faces/faces/faces/autenticacion.xhtml HTTP/1.1" 200 12185
201.245.192.253 - - [23/Jun/2023:13:57:07 -0500] "GET /sipse/faces/javax.faces.resource/theme.css?ln=primefaces-sipse HTTP/1.1" 304 -
201.245.192.253 - - [23/Jun/2023:13:57:07 -0500] "GET /sipse/faces/javax.faces.resource/primefaces.css?ln=primefaces&v=4.0 HTTP/1.1" 304 -
201.245.192.253 - - [23/Jun/2023:13:57:07 -0500] "GET /sipse/faces/javax.faces.resource/layout/layout.css?ln=primefaces&v=4.0 HTTP/1.1" 304 -
201.245.192.253 - - [23/Jun/2023:13:57:07 -0500] "GET /sipse/faces/javax.faces.resource/jquery/jquery.js?ln=primefaces&v=4.0 HTTP/1.1" 304 -
201.245.192.253 - - [23/Jun/2023:13:57:07 -0500] "GET /sipse/faces/javax.faces.resource/jquery/jquery-plugins.js?ln=primefaces&v=4.0 HTTP/1.1" 304 -
201.245.192.253 - - [23/Jun/2023:13:57:07 -0500] "GET /sipse/faces/javax.faces.resource/primefaces.js?ln=primefaces&v=4.0 HTTP/1.1" 304 -
201.245.192.253 - - [23/Jun/2023:13:57:07 -0500] "GET /sipse/faces/javax.faces.resource/layout/layout.js?ln=primefaces&v=4.0 HTTP/1.1" 304 -
201.245.192.253 - - [23/Jun/2023:13:57:07 -0500] "GET /sipse/faces/javax.faces.resource/images/ui-icons_898989_256x240.png?ln=primefaces-aristo HTTP/1.1" 304 -
74.125.210.197 - - [23/Jun/2023:13:57:15 -0500] "GET /BLA/resoluciones/RESOLUCIONES%202009/9638.pdf HTTP/1.1" 200 1219769
201.245.192.253 - - [23/Jun/2023:13:57:15 -0500] "POST /sipse/faces/autenticacion.xhtml HTTP/1.1" 200 11189
201.245.192.253 - - [23/Jun/2023:13:57:15 -0500] "GET /sipse/faces/javax.faces.resource/theme.css?ln=primefaces-sipse HTTP/1.1" 304 -
201.245.192.253 - - [23/Jun/2023:13:57:15 -0500] "GET /sipse/faces/javax.faces.resource/layout/layout.css?ln=primefaces&v=4.0 HTTP/1.1" 304 -
201.245.192.253 - - [23/Jun/2023:13:57:15 -0500] "GET /sipse/faces/javax.faces.resource/primefaces.css?ln=primefaces&v=4.0 HTTP/1.1" 304 -
201.245.192.253 - - [23/Jun/2023:13:57:15 -0500] "GET /sipse/faces/javax.faces.resource/jquery/jquery.js?ln=primefaces&v=4.0 HTTP/1.1" 304 -
201.245.192.253 - - [23/Jun/2023:13:57:15 -0500] "GET /sipse/faces/javax.faces.resource/jquery/jquery-plugins.js?ln=primefaces&v=4.0 HTTP/1.1" 304 -
201.245.192.253 - - [23/Jun/2023:13:57:15 -0500] "GET /sipse/faces/javax.faces.resource/primefaces.js?ln=primefaces&v=4.0 HTTP/1.1" 304 -
201.245.192.253 - - [23/Jun/2023:13:57:15 -0500] "GET /sipse/faces/javax.faces.resource/layout/layout.js?ln=primefaces&v=4.0 HTTP/1.1" 304 -
201.245.192.253 - - [23/Jun/2023:13:57:15 -0500] "GET /sipse/faces/javax.faces.resource/messages/messages.png?ln=primefaces&v=4.0 HTTP/1.1" 304 -
172.22.2.4 - - [23/Jun/2023:13:57:17 -0500] "GET /BLA/boletinlegal/consulta_actos.php?tipo=resoluciones&no=2479&usuario=&sector=&fecha=2019&resuelve= HTTP/1.1" 200 1091
201.245.192.253 - - [23/Jun/2023:13:57:18 -0500] "POST /sipse/faces/presentacion/sistema/seguridad/seleccionRol.xhtml HTTP/1.1" 200 15166
201.245.192.253 - - [23/Jun/2023:13:57:18 -0500] "GET /sipse/faces/javax.faces.resource/primefaces.css?ln=primefaces&v=4.0 HTTP/1.1" 304 -
201.245.192.253 - - [23/Jun/2023:13:57:18 -0500] "GET /sipse/faces/javax.faces.resource/theme.css?ln=primefaces-sipse HTTP/1.1" 304 -
201.245.192.253 - - [23/Jun/2023:13:57:18 -0500] "GET /sipse/faces/javax.faces.resource/layout/layout.css?ln=primefaces&v=4.0 HTTP/1.1" 304 -
201.245.192.253 - - [23/Jun/2023:13:57:18 -0500] "GET /sipse/faces/javax.faces.resource/jquery/jquery.js?ln=primefaces&v=4.0 HTTP/1.1" 304 -
201.245.192.253 - - [23/Jun/2023:13:57:18 -0500] "GET /sipse/faces/javax.faces.resource/jquery/jquery-plugins.js?ln=primefaces&v=4.0 HTTP/1.1" 304 -
201.245.192.253 - - [23/Jun/2023:13:57:18 -0500] "GET /sipse/faces/javax.faces.resource/primefaces.js?ln=primefaces&v=4.0 HTTP/1.1" 304 -
201.245.192.253 - - [23/Jun/2023:13:57:18 -0500] "GET /sipse/faces/javax.faces.resource/layout/layout.js?ln=primefaces&v=4.0 HTTP/1.1" 304 -
201.245.192.253 - - [23/Jun/2023:13:57:18 -0500] "GET /sipse/css/imagen/contrasena.png HTTP/1.1" 404 383
186.154.51.199 - - [23/Jun/2023:13:57:18 -0500] "GET /BLA/resoluciones/RESOLUCIONES%202019/2479.pdf HTTP/1.1" 200 325928
201.245.192.253 - - [23/Jun/2023:13:57:19 -0500] "GET /sipse/faces/javax.faces.resource/images/ui-bg_flat_0_2d5972_40x100.png?ln=primefaces-aristo HTTP/1.1" 304 -
201.245.192.253 - - [23/Jun/2023:13:57:19 -0500] "POST /sipse/faces/bienvenido.xhtml HTTP/1.1" 200 3246
201.245.192.253 - - [23/Jun/2023:13:57:20 -0500] "POST /sipse/faces/bienvenido.xhtml HTTP/1.1" 200 63200
201.245.192.253 - - [23/Jun/2023:13:57:20 -0500] "GET /sipse/faces/javax.faces.resource/theme.css?ln=primefaces-sipse HTTP/1.1" 304 -
201.245.192.253 - - [23/Jun/2023:13:57:20 -0500] "GET /sipse/faces/javax.faces.resource/layout/layout.css?ln=primefaces&v=4.0 HTTP/1.1" 304 -
201.245.192.253 - - [23/Jun/2023:13:57:20 -0500] "GET /sipse/faces/javax.faces.resource/primefaces.css?ln=primefaces&v=4.0 HTTP/1.1" 304 -
201.245.192.253 - - [23/Jun/2023:13:57:20 -0500] "GET /sipse/faces/javax.faces.resource/jquery/jquery.js?ln=primefaces&v=4.0 HTTP/1.1" 304 -
201.245.192.253 - - [23/Jun/2023:13:57:20 -0500] "GET /sipse/faces/javax.faces.resource/jquery/jquery-plugins.js?ln=primefaces&v=4.0 HTTP/1.1" 304 -
201.245.192.253 - - [23/Jun/2023:13:57:20 -0500] "GET /sipse/faces/javax.faces.resource/primefaces.js?ln=primefaces&v=4.0 HTTP/1.1" 304 -
201.245.192.253 - - [23/Jun/2023:13:57:20 -0500] "GET /sipse/faces/javax.faces.resource/layout/layout.js?ln=primefaces&v=4.0 HTTP/1.1" 304 -
201.245.192.253 - - [23/Jun/2023:13:57:20 -0500] "POST /sipse/faces/presentacion/financiero/solicitudProceso/listarSolicitudProceso.xhtml HTTP/1.1" 200 1556
201.245.192.253 - - [23/Jun/2023:13:57:21 -0500] "POST /sipse/faces/presentacion/financiero/solicitudProceso/listarSolicitudProceso.xhtml HTTP/1.1" 200 46206
201.245.192.253 - - [23/Jun/2023:13:57:22 -0500] "POST /sipse/faces/presentacion/financiero/solicitudProceso/listarSolicitudProceso.xhtml HTTP/1.1" 200 1556
201.245.192.253 - - [23/Jun/2023:13:57:22 -0500] "POST /sipse/faces/presentacion/financiero/solicitudProceso/listarSolicitudProceso.xhtml HTTP/1.1" 200 10535
201.245.192.253 - - [23/Jun/2023:13:57:22 -0500] "POST /sipse/faces/presentacion/financiero/solicitudProceso/listarSolicitudProceso.xhtml HTTP/1.1" 200 22262
201.245.192.253 - - [23/Jun/2023:13:57:27 -0500] "POST /sipse/faces/presentacion/financiero/solicitudProceso/listarSolicitudProceso.xhtml HTTP/1.1" 200 127412
201.245.192.253 - - [23/Jun/2023:13:57:29 -0500] "GET /sipse/faces/javax.faces.resource/layout/layout.css?ln=primefaces&v=4.0 HTTP/1.1" 304 -
201.245.192.253 - - [23/Jun/2023:13:57:29 -0500] "GET /sipse/faces/javax.faces.resource/theme.css?ln=primefaces-sipse HTTP/1.1" 304 -
201.245.192.253 - - [23/Jun/2023:13:57:29 -0500] "GET /sipse/faces/javax.faces.resource/primefaces.css?ln=primefaces&v=4.0 HTTP/1.1" 304 -
201.245.192.253 - - [23/Jun/2023:13:57:29 -0500] "GET /sipse/faces/javax.faces.resource/jquery/jquery.js?ln=primefaces&v=4.0 HTTP/1.1" 304 -
201.245.192.253 - - [23/Jun/2023:13:57:29 -0500] "GET /sipse/faces/javax.faces.resource/jquery/jquery-plugins.js?ln=primefaces&v=4.0 HTTP/1.1" 304 -
201.245.192.253 - - [23/Jun/2023:13:57:29 -0500] "GET /sipse/faces/javax.faces.resource/primefaces.js?ln=primefaces&v=4.0 HTTP/1.1" 304 -
201.245.192.253 - - [23/Jun/2023:13:57:29 -0500] "GET /sipse/faces/javax.faces.resource/layout/layout.js?ln=primefaces&v=4.0 HTTP/1.1" 304 -
201.245.192.253 - - [23/Jun/2023:13:57:29 -0500] "GET /sipse/faces/javax.faces.resource/dynamiccontent.properties?ln=primefaces&pfdrid=XjOR5%2F%2FfPAZAuY9TpWQeCiM0BhlXxYRBGKi%2FQcXXfeA%3D&pfdrid_c=false HTTP/1.1" 500 383
172.22.2.4 - - [23/Jun/2023:13:57:39 -0500] "GET /BLA/boletinlegal/consulta_actos.php?tipo=resoluciones&no=2488&usuario=&sector=&fecha=2019&resuelve= HTTP/1.1" 200 1072
186.154.51.199 - - [23/Jun/2023:13:57:41 -0500] "GET /BLA/resoluciones/RESOLUCIONES%202019/2488.pdf HTTP/1.1" 200 333291
