52.167.144.39 - - [25/Jun/2023:20:10:48 -0500] "GET /BLA/resoluciones/RESOLUCIONES%202023/0483.pdf HTTP/1.1" 200 428703
173.252.83.119 - - [25/Jun/2023:20:11:02 -0500] "GET /images/caminatas-ecol\xc3\xb3gicas-marzo---1920x1080_optimized.jpg HTTP/1.1" 404 1034
172.22.2.4 - - [25/Jun/2023:20:10:44 -0500] "GET /BLA/boletinlegal/ HTTP/1.1" 200 24523
186.30.172.207 - - [25/Jun/2023:20:12:11 -0500] "GET /BLA/resoluciones/index.php?dir=RESOLUCIONES+2010%2F HTTP/1.1" 200 1307967
201.245.192.253 - - [25/Jun/2023:20:12:23 -0500] "POST /kwsrmcab/Wsrmcab  HTTP/1.1" 200 40807
186.30.172.207 - - [25/Jun/2023:20:12:49 -0500] "GET /BLA/resoluciones/RESOLUCIONES%202010/4660.pdf HTTP/1.1" 200 485703
186.30.172.207 - - [25/Jun/2023:20:12:50 -0500] "GET /BLA/resoluciones/RESOLUCIONES%202010/4660.pdf HTTP/1.1" 206 1025
216.245.221.92 - - [25/Jun/2023:20:12:53 -0500] "HEAD / HTTP/1.1" 200 -
172.22.2.4 - - [25/Jun/2023:20:13:09 -0500] "GET /BLA/boletinlegal/Circulares/2012/Circular%20No.%2011%20del%2027%20de%20Agosto%20de%202012.pdf HTTP/1.1" 304 -
172.22.2.4 - - [25/Jun/2023:20:12:35 -0500] "HEAD /BLA/boletinlegal/ HTTP/1.1" 200 -
172.22.2.4 - - [25/Jun/2023:20:13:26 -0500] "GET /BLA/boletinlegal/ HTTP/1.1" 200 57272
190.158.204.24 - - [25/Jun/2023:20:16:41 -0500] "GET /sipse/faces/faces/index.xhtml HTTP/1.1" 200 677
190.158.204.24 - - [25/Jun/2023:20:16:41 -0500] "GET /sipse/faces/javax.faces.resource/theme.css?ln=primefaces-sipse HTTP/1.1" 304 -
190.158.204.24 - - [25/Jun/2023:20:16:41 -0500] "GET /sipse/faces/faces/faces/autenticacion.xhtml HTTP/1.1" 200 12179
190.158.204.24 - - [25/Jun/2023:20:16:41 -0500] "GET /sipse/js/disable_browser_buttons.js HTTP/1.1" 304 -
190.158.204.24 - - [25/Jun/2023:20:16:41 -0500] "GET /sipse/js/funciones.js HTTP/1.1" 304 -
190.158.204.24 - - [25/Jun/2023:20:16:41 -0500] "GET /sipse/css/custom_css_sg.css HTTP/1.1" 304 -
190.158.204.24 - - [25/Jun/2023:20:16:41 -0500] "GET /sipse/css/custom_css_sg_prime_login.css HTTP/1.1" 304 -
190.158.204.24 - - [25/Jun/2023:20:16:41 -0500] "GET /sipse/faces/javax.faces.resource/theme.css?ln=primefaces-sipse HTTP/1.1" 304 -
190.158.204.24 - - [25/Jun/2023:20:16:41 -0500] "GET /sipse/faces/javax.faces.resource/layout/layout.css?ln=primefaces&v=4.0 HTTP/1.1" 304 -
190.158.204.24 - - [25/Jun/2023:20:16:41 -0500] "GET /sipse/faces/javax.faces.resource/jquery/jquery.js?ln=primefaces&v=4.0 HTTP/1.1" 304 -
190.158.204.24 - - [25/Jun/2023:20:16:41 -0500] "GET /sipse/faces/javax.faces.resource/primefaces.css?ln=primefaces&v=4.0 HTTP/1.1" 304 -
190.158.204.24 - - [25/Jun/2023:20:16:41 -0500] "GET /sipse/faces/javax.faces.resource/jquery/jquery-plugins.js?ln=primefaces&v=4.0 HTTP/1.1" 304 -
190.158.204.24 - - [25/Jun/2023:20:16:41 -0500] "GET /sipse/faces/javax.faces.resource/primefaces.js?ln=primefaces&v=4.0 HTTP/1.1" 304 -
190.158.204.24 - - [25/Jun/2023:20:16:41 -0500] "GET /sipse/faces/javax.faces.resource/layout/layout.js?ln=primefaces&v=4.0 HTTP/1.1" 304 -
190.158.204.24 - - [25/Jun/2023:20:16:41 -0500] "GET /sipse/css/imagen/logoSDG.png HTTP/1.1" 304 -
190.158.204.24 - - [25/Jun/2023:20:16:41 -0500] "GET /sipse/css/imagen/loginimg.png HTTP/1.1" 304 -
190.158.204.24 - - [25/Jun/2023:20:16:41 -0500] "GET /sipse/faces/javax.faces.resource/images/ui-icons_898989_256x240.png?ln=primefaces-aristo HTTP/1.1" 304 -
59.182.22.46 - - [25/Jun/2023:20:17:19 -0500] "GET / HTTP/1.1" 200 319
201.245.192.253 - - [25/Jun/2023:20:17:21 -0500] "POST /kwsrmcab/Wsrmcab  HTTP/1.1" 200 40807
216.245.221.92 - - [25/Jun/2023:20:17:53 -0500] "HEAD / HTTP/1.1" 200 -
35.208.187.63 - - [25/Jun/2023:20:18:21 -0500] "HEAD /BLA/resoluciones/RESOLUCIONES%202017/0520.pdf HTTP/1.1" 200 -
49.7.21.72 - - [25/Jun/2023:20:19:00 -0500] "-" 408 -
201.245.192.253 - - [25/Jun/2023:20:19:43 -0500] "POST /kwsrmcab/Wsrmcab HTTP/1.1" 200 42980
201.245.192.253 - - [25/Jun/2023:20:19:46 -0500] "POST /kwsrmcab/Wsrmcab HTTP/1.1" 200 43655
172.22.2.4 - - [25/Jun/2023:20:18:25 -0500] "HEAD /BLA/boletinlegal/ HTTP/1.1" 200 -
172.22.2.4 - - [25/Jun/2023:20:19:16 -0500] "GET /BLA/boletinlegal/ HTTP/1.1" 200 56816
201.245.192.253 - - [25/Jun/2023:20:22:21 -0500] "POST /kwsrmcab/Wsrmcab  HTTP/1.1" 200 40807
216.245.221.92 - - [25/Jun/2023:20:22:53 -0500] "HEAD / HTTP/1.1" 200 -
69.63.184.2 - - [25/Jun/2023:20:23:34 -0500] "GET /semana-santa-dias-y-horarios-para-visitar-el-camino-guadalupe-aguanoso.html HTTP/1.1" 200 943
69.63.184.116 - - [25/Jun/2023:20:23:46 -0500] "GET /semana-santa-dias-y-horarios-para-visitar-el-camino-guadalupe-aguanoso.html HTTP/1.1" 206 943
172.22.2.4 - - [25/Jun/2023:20:24:15 -0500] "HEAD /BLA/boletinlegal/ HTTP/1.1" 200 -
157.55.39.208 - - [25/Jun/2023:20:26:06 -0500] "GET /portaldeninos/parque-mirador-de-los-nevados/ HTTP/1.1" 200 89855
69.63.189.117 - - [25/Jun/2023:20:26:23 -0500] "GET /serpiente-sabanera-pone-huevos-en-area-protegida-de-bogota.html HTTP/1.1" 200 670
31.13.115.116 - - [25/Jun/2023:20:26:23 -0500] "GET /serpiente-sabanera-pone-huevos-en-area-protegida-de-bogota.html HTTP/1.1" 200 670
172.22.2.4 - - [25/Jun/2023:20:25:06 -0500] "GET /BLA/boletinlegal/ HTTP/1.1" 200 57272
201.245.192.253 - - [25/Jun/2023:20:27:19 -0500] "POST /kwsrmcab/Wsrmcab  HTTP/1.1" 200 40807
216.245.221.92 - - [25/Jun/2023:20:27:53 -0500] "HEAD / HTTP/1.1" 200 -
173.252.107.2 - - [25/Jun/2023:20:28:08 -0500] "GET /un-animal-adulto-espera-renacer-de-tu-mano-adopta.html HTTP/1.1" 200 1028
201.245.192.253 - - [25/Jun/2023:20:29:44 -0500] "POST /kwsrmcab/Wsrmcab HTTP/1.1" 200 42980
201.245.192.253 - - [25/Jun/2023:20:29:47 -0500] "POST /kwsrmcab/Wsrmcab HTTP/1.1" 200 43655
94.102.61.10 - - [25/Jun/2023:20:30:17 -0500] "GET / HTTP/1.1" 200 319
172.22.2.4 - - [25/Jun/2023:20:30:05 -0500] "HEAD /BLA/boletinlegal/ HTTP/1.1" 200 -
201.245.192.253 - - [25/Jun/2023:20:32:18 -0500] "POST /kwsrmcab/Wsrmcab  HTTP/1.1" 200 40807
172.22.2.4 - - [25/Jun/2023:20:30:56 -0500] "GET /BLA/boletinlegal/ HTTP/1.1" 200 56452
216.245.221.92 - - [25/Jun/2023:20:32:53 -0500] "HEAD / HTTP/1.1" 200 -
190.24.190.90 - - [25/Jun/2023:20:33:27 -0500] "GET /reportes_sipse/jsp/inicio.jsp HTTP/1.1" 200 2935
190.24.190.90 - - [25/Jun/2023:20:33:31 -0500] "POST /reportes_sipse/sdg/ServletReporte?adquisiciones_sipse_detallado& HTTP/1.1" 200 6273
190.24.190.90 - - [25/Jun/2023:20:33:39 -0500] "POST /reportes_sipse/sdg/ServletControlador HTTP/1.1" 200 1825
190.24.190.90 - - [25/Jun/2023:20:34:29 -0500] "POST /reportes_sipse/sdg/ServletReporte?PAA_DESARROLLO& HTTP/1.1" 200 3018
172.22.2.4 - - [25/Jun/2023:20:32:57 -0500] "GET /BLA/boletinlegal/ HTTP/1.1" 200 61779
190.24.190.90 - - [25/Jun/2023:20:34:56 -0500] "GET /sipse/faces/index.xhtml HTTP/1.1" 200 677
190.24.190.90 - - [25/Jun/2023:20:34:56 -0500] "GET /sipse/faces/javax.faces.resource/theme.css?ln=primefaces-sipse HTTP/1.1" 200 50058
190.24.190.90 - - [25/Jun/2023:20:34:56 -0500] "GET /favicon.ico HTTP/1.1" 200 7782
190.24.190.90 - - [25/Jun/2023:20:34:56 -0500] "GET /sipse/faces/faces/autenticacion.xhtml HTTP/1.1" 200 12179
190.24.190.90 - - [25/Jun/2023:20:34:56 -0500] "GET /sipse/css/custom_css_sg_prime_login.css HTTP/1.1" 200 443
190.24.190.90 - - [25/Jun/2023:20:34:56 -0500] "GET /sipse/css/custom_css_sg.css HTTP/1.1" 200 9694
190.24.190.90 - - [25/Jun/2023:20:34:56 -0500] "GET /sipse/faces/javax.faces.resource/layout/layout.css?ln=primefaces&v=4.0 HTTP/1.1" 200 542
190.24.190.90 - - [25/Jun/2023:20:34:56 -0500] "GET /sipse/faces/javax.faces.resource/theme.css?ln=primefaces-sipse HTTP/1.1" 304 -
190.24.190.90 - - [25/Jun/2023:20:34:56 -0500] "GET /sipse/js/funciones.js HTTP/1.1" 304 -
190.24.190.90 - - [25/Jun/2023:20:34:56 -0500] "GET /sipse/js/disable_browser_buttons.js HTTP/1.1" 304 -
190.24.190.90 - - [25/Jun/2023:20:34:56 -0500] "GET /sipse/faces/javax.faces.resource/jquery/jquery.js?ln=primefaces&v=4.0 HTTP/1.1" 304 -
190.24.190.90 - - [25/Jun/2023:20:34:56 -0500] "GET /sipse/faces/javax.faces.resource/jquery/jquery-plugins.js?ln=primefaces&v=4.0 HTTP/1.1" 304 -
190.24.190.90 - - [25/Jun/2023:20:34:56 -0500] "GET /sipse/faces/javax.faces.resource/primefaces.js?ln=primefaces&v=4.0 HTTP/1.1" 304 -
190.24.190.90 - - [25/Jun/2023:20:34:56 -0500] "GET /sipse/faces/javax.faces.resource/layout/layout.js?ln=primefaces&v=4.0 HTTP/1.1" 304 -
190.24.190.90 - - [25/Jun/2023:20:34:56 -0500] "GET /sipse/faces/javax.faces.resource/primefaces.css?ln=primefaces&v=4.0 HTTP/1.1" 200 53295
190.24.190.90 - - [25/Jun/2023:20:34:56 -0500] "GET /sipse/faces/javax.faces.resource/images/ui-icons_898989_256x240.png?ln=primefaces-aristo HTTP/1.1" 200 5355
190.24.190.90 - - [25/Jun/2023:20:34:56 -0500] "GET /sipse/css/imagen/logoSDG.png HTTP/1.1" 200 53064
190.24.190.90 - - [25/Jun/2023:20:34:56 -0500] "GET /sipse/css/imagen/loginimg.png HTTP/1.1" 200 71635
190.24.190.90 - - [25/Jun/2023:20:34:59 -0500] "POST /sipse/faces/autenticacion.xhtml HTTP/1.1" 200 12789
190.24.190.90 - - [25/Jun/2023:20:34:59 -0500] "GET /sipse/css/custom_css_sg_prime.css HTTP/1.1" 200 5201
190.24.190.90 - - [25/Jun/2023:20:34:59 -0500] "GET /sipse/faces/javax.faces.resource/jquery/jquery.js?ln=primefaces&v=4.0 HTTP/1.1" 304 -
190.24.190.90 - - [25/Jun/2023:20:34:59 -0500] "GET /sipse/faces/javax.faces.resource/jquery/jquery-plugins.js?ln=primefaces&v=4.0 HTTP/1.1" 304 -
190.24.190.90 - - [25/Jun/2023:20:34:59 -0500] "GET /sipse/faces/javax.faces.resource/primefaces.js?ln=primefaces&v=4.0 HTTP/1.1" 304 -
190.24.190.90 - - [25/Jun/2023:20:35:00 -0500] "GET /sipse/faces/javax.faces.resource/layout/layout.js?ln=primefaces&v=4.0 HTTP/1.1" 304 -
190.24.190.90 - - [25/Jun/2023:20:35:00 -0500] "GET /sipse/faces/javax.faces.resource/messages/messages.png?ln=primefaces&v=4.0 HTTP/1.1" 200 27209
190.24.190.90 - - [25/Jun/2023:20:35:03 -0500] "POST /sipse/faces/presentacion/sistema/seguridad/seleccionRol.xhtml HTTP/1.1" 200 7225
190.24.190.90 - - [25/Jun/2023:20:35:04 -0500] "POST /sipse/faces/presentacion/sistema/seguridad/seleccionRol.xhtml HTTP/1.1" 200 17574
190.24.190.90 - - [25/Jun/2023:20:35:04 -0500] "GET /sipse/js/jquery.min.js HTTP/1.1" 304 -
190.24.190.90 - - [25/Jun/2023:20:35:05 -0500] "GET /sipse/faces/javax.faces.resource/jquery/jquery.js?ln=primefaces&v=4.0 HTTP/1.1" 304 -
190.24.190.90 - - [25/Jun/2023:20:35:05 -0500] "GET /sipse/faces/javax.faces.resource/jquery/jquery-plugins.js?ln=primefaces&v=4.0 HTTP/1.1" 304 -
190.24.190.90 - - [25/Jun/2023:20:35:05 -0500] "GET /sipse/faces/javax.faces.resource/primefaces.js?ln=primefaces&v=4.0 HTTP/1.1" 304 -
190.24.190.90 - - [25/Jun/2023:20:35:05 -0500] "GET /sipse/faces/javax.faces.resource/layout/layout.js?ln=primefaces&v=4.0 HTTP/1.1" 304 -
190.24.190.90 - - [25/Jun/2023:20:35:05 -0500] "GET /sipse/css/v_mergente.css HTTP/1.1" 200 1505
190.24.190.90 - - [25/Jun/2023:20:35:05 -0500] "GET /sipse/css/imagen/contrasena.png HTTP/1.1" 404 383
190.24.190.90 - - [25/Jun/2023:20:35:05 -0500] "GET /sipse/imagenes/cargando.gif HTTP/1.1" 200 36959
190.24.190.90 - - [25/Jun/2023:20:35:05 -0500] "GET /sipse/imagenes/logoAplicacion.jpg HTTP/1.1" 200 155084
190.24.190.90 - - [25/Jun/2023:20:35:07 -0500] "GET /sipse/faces/javax.faces.resource/images/ui-bg_flat_0_2d5972_40x100.png?ln=primefaces-aristo HTTP/1.1" 200 183
190.24.190.90 - - [25/Jun/2023:20:35:07 -0500] "POST /sipse/faces/bienvenido.xhtml HTTP/1.1" 200 6782
190.24.190.90 - - [25/Jun/2023:20:35:09 -0500] "POST /sipse/faces/bienvenido.xhtml HTTP/1.1" 200 31813
190.24.190.90 - - [25/Jun/2023:20:35:09 -0500] "GET /sipse/faces/javax.faces.resource/jquery/jquery.js?ln=primefaces&v=4.0 HTTP/1.1" 304 -
190.24.190.90 - - [25/Jun/2023:20:35:09 -0500] "GET /sipse/faces/javax.faces.resource/jquery/jquery-plugins.js?ln=primefaces&v=4.0 HTTP/1.1" 304 -
190.24.190.90 - - [25/Jun/2023:20:35:09 -0500] "GET /sipse/faces/javax.faces.resource/primefaces.js?ln=primefaces&v=4.0 HTTP/1.1" 304 -
190.24.190.90 - - [25/Jun/2023:20:35:10 -0500] "GET /sipse/faces/javax.faces.resource/layout/layout.js?ln=primefaces&v=4.0 HTTP/1.1" 304 -
190.24.190.90 - - [25/Jun/2023:20:35:18 -0500] "POST /sipse/faces/presentacion/sistema/reporte/listarReportes.xhtml HTTP/1.1" 200 24136
190.24.190.90 - - [25/Jun/2023:20:35:18 -0500] "GET /sipse/faces/javax.faces.resource/theme.css?ln=primefaces-sipse HTTP/1.1" 304 -
190.24.190.90 - - [25/Jun/2023:20:35:18 -0500] "GET /sipse/faces/javax.faces.resource/layout/layout.css?ln=primefaces&v=4.0 HTTP/1.1" 304 -
190.24.190.90 - - [25/Jun/2023:20:35:18 -0500] "GET /sipse/faces/javax.faces.resource/jquery/jquery-plugins.js?ln=primefaces&v=4.0 HTTP/1.1" 304 -
190.24.190.90 - - [25/Jun/2023:20:35:18 -0500] "GET /sipse/faces/javax.faces.resource/primefaces.css?ln=primefaces&v=4.0 HTTP/1.1" 304 -
190.24.190.90 - - [25/Jun/2023:20:35:18 -0500] "GET /sipse/faces/javax.faces.resource/primefaces.js?ln=primefaces&v=4.0 HTTP/1.1" 304 -
190.24.190.90 - - [25/Jun/2023:20:35:18 -0500] "GET /sipse/faces/javax.faces.resource/jquery/jquery.js?ln=primefaces&v=4.0 HTTP/1.1" 304 -
190.24.190.90 - - [25/Jun/2023:20:35:18 -0500] "GET /sipse/faces/javax.faces.resource/layout/layout.js?ln=primefaces&v=4.0 HTTP/1.1" 304 -
190.24.190.90 - - [25/Jun/2023:20:35:18 -0500] "GET /sipse/faces/javax.faces.resource/images/ui-icons_898989_256x240.png?ln=primefaces-aristo HTTP/1.1" 304 -
173.252.107.3 - - [25/Jun/2023:20:36:18 -0500] "GET /en-la-semana-de-los-bosques-distrito-avanza-en-la-plantacion-de-nuevos-arboles-para-bogota.html HTTP/1.1" 200 933
173.252.107.116 - - [25/Jun/2023:20:36:18 -0500] "GET /en-la-semana-de-los-bosques-distrito-avanza-en-la-plantacion-de-nuevos-arboles-para-bogota.html HTTP/1.1" 200 933
173.252.111.118 - - [25/Jun/2023:20:36:21 -0500] "GET /images/semana-bosques-1_optimized.1.jpg HTTP/1.1" 200 102892
172.22.2.4 - - [25/Jun/2023:20:36:54 -0500] "GET /BLA/boletinlegal/Circulares/2019/.pdf HTTP/1.1" 404 1218
172.22.2.4 - - [25/Jun/2023:20:37:02 -0500] "GET /BLA/boletinlegal/Circulares/2012/Circular%20No.%2010%20del%2026%20de%20Enero%20de%202012.pdf HTTP/1.1" 404 1218
201.245.192.253 - - [25/Jun/2023:20:37:17 -0500] "POST /kwsrmcab/Wsrmcab  HTTP/1.1" 200 40807
172.22.2.4 - - [25/Jun/2023:20:35:55 -0500] "HEAD /BLA/boletinlegal/ HTTP/1.1" 200 -
216.245.221.92 - - [25/Jun/2023:20:37:53 -0500] "HEAD / HTTP/1.1" 200 -
172.22.2.4 - - [25/Jun/2023:20:36:46 -0500] "GET /BLA/boletinlegal/ HTTP/1.1" 200 59192
173.252.107.2 - - [25/Jun/2023:20:38:40 -0500] "GET /images/caminatas-ecol\xc3\xb3gicas-marzo---1920x1080_optimized.jpg HTTP/1.1" 404 1034
201.245.192.253 - - [25/Jun/2023:20:39:43 -0500] "POST /kwsrmcab/Wsrmcab HTTP/1.1" 200 42980
201.245.192.253 - - [25/Jun/2023:20:39:46 -0500] "POST /kwsrmcab/Wsrmcab HTTP/1.1" 200 43655
49.7.21.72 - - [25/Jun/2023:20:39:59 -0500] "-" 408 -
52.74.50.217 - - [25/Jun/2023:20:40:34 -0500] "GET /galeria/galeria/jquery.fancybox.css?v=2.1.5 HTTP/1.1" 200 4895
201.245.192.253 - - [25/Jun/2023:20:42:17 -0500] "POST /kwsrmcab/Wsrmcab  HTTP/1.1" 200 40807
216.245.221.92 - - [25/Jun/2023:20:42:53 -0500] "HEAD / HTTP/1.1" 200 -
172.22.2.4 - - [25/Jun/2023:20:41:45 -0500] "HEAD /BLA/boletinlegal/ HTTP/1.1" 200 -
172.22.2.4 - - [25/Jun/2023:20:42:36 -0500] "GET /BLA/boletinlegal/ HTTP/1.1" 200 59192
191.156.176.14 - - [25/Jun/2023:20:45:31 -0500] "GET /BLA/resoluciones/index.php?dir=AUTOS+2023%2F HTTP/1.1" 200 121096
157.55.39.208 - - [25/Jun/2023:20:46:27 -0500] "GET /portaldeninos/2021/06/05/celebracion-del-dia-mundial-del-medio-ambiente-comenzo-desde-uno-de-los-pulmones-de-bogota/ HTTP/1.1" 200 104357
157.55.39.208 - - [25/Jun/2023:20:46:37 -0500] "GET /portaldeninos/wp-content/themes/betheme/assets/jplayer/jplayer.min.js?ver=20.9.6 HTTP/1.1" 200 52702
157.55.39.208 - - [25/Jun/2023:20:46:38 -0500] "GET /portaldeninos/wp-content/themes/betheme/style.css?ver=20.9.6 HTTP/1.1" 200 287
157.55.39.208 - - [25/Jun/2023:20:46:38 -0500] "GET /portaldeninos/wp-content/themes/betheme/js/plugins.js?ver=20.9.6 HTTP/1.1" 200 197151
157.55.39.208 - - [25/Jun/2023:20:46:39 -0500] "GET /portaldeninos/wp-includes/js/jquery/ui/core.min.js?ver=1.11.4 HTTP/1.1" 200 4000
157.55.39.208 - - [25/Jun/2023:20:46:39 -0500] "GET /portaldeninos/wp-includes/js/wp-emoji-release.min.js?ver=4.9.8 HTTP/1.1" 200 12026
52.167.144.71 - - [25/Jun/2023:20:46:43 -0500] "GET /portaldeninos/wp-content/themes/betheme/assets/animations/animations.min.css?ver=20.9.6 HTTP/1.1" 200 58508
52.167.144.71 - - [25/Jun/2023:20:46:43 -0500] "GET /portaldeninos/wp-includes/js/jquery/ui/accordion.min.js?ver=1.11.4 HTTP/1.1" 200 8584
52.167.144.71 - - [25/Jun/2023:20:46:43 -0500] "GET /portaldeninos/wp-includes/js/wp-embed.min.js?ver=4.9.8 HTTP/1.1" 200 1398
52.167.144.71 - - [25/Jun/2023:20:46:43 -0500] "GET /portaldeninos/wp-includes/js/jquery/ui/widget.min.js?ver=1.11.4 HTTP/1.1" 200 6908
40.77.167.177 - - [25/Jun/2023:20:46:49 -0500] "GET /portaldeninos/wp-content/plugins/gallery-videos/CSS/Total-Soft-Gallery-Video-Widget.css?ver=4.9.8 HTTP/1.1" 200 51554
40.77.167.177 - - [25/Jun/2023:20:46:49 -0500] "GET /portaldeninos/wp-content/plugins/gallery-videos/CSS/totalsoft.css?ver=4.9.8 HTTP/1.1" 200 40622
40.77.167.177 - - [25/Jun/2023:20:46:50 -0500] "GET /portaldeninos/wp-content/plugins/gallery-videos/JS/modernizr.custom.js?ver=4.9.8 HTTP/1.1" 200 9019
40.77.167.177 - - [25/Jun/2023:20:46:50 -0500] "GET /portaldeninos/wp-content/themes/betheme/assets/jplayer/css/jplayer.blue.monday.css?ver=20.9.6 HTTP/1.1" 200 9834
40.77.167.177 - - [25/Jun/2023:20:46:50 -0500] "GET /portaldeninos/wp-content/themes/betheme/css/base.css?ver=20.9.6 HTTP/1.1" 200 57283
40.77.167.177 - - [25/Jun/2023:20:46:50 -0500] "GET /portaldeninos/wp-content/uploads/useanyfont/uaf.css?ver=1589905315 HTTP/1.1" 200 408
40.77.167.177 - - [25/Jun/2023:20:46:50 -0500] "GET /portaldeninos/wp-includes/js/comment-reply.min.js?ver=4.9.8 HTTP/1.1" 200 1078
40.77.167.177 - - [25/Jun/2023:20:46:50 -0500] "GET /portaldeninos/wp-includes/js/jquery/jquery-migrate.min.js?ver=1.4.1 HTTP/1.1" 200 10056
201.245.192.253 - - [25/Jun/2023:20:47:15 -0500] "POST /kwsrmcab/Wsrmcab  HTTP/1.1" 200 40807
216.245.221.92 - - [25/Jun/2023:20:47:53 -0500] "HEAD / HTTP/1.1" 200 -
185.233.19.24 - - [25/Jun/2023:20:48:06 -0500] "GET / HTTP/1.1" 200 319
172.22.2.4 - - [25/Jun/2023:20:47:35 -0500] "HEAD /BLA/boletinlegal/ HTTP/1.1" 200 -
172.22.2.4 - - [25/Jun/2023:20:48:26 -0500] "GET /BLA/boletinlegal/ HTTP/1.1" 200 54942
172.22.2.4 - - [25/Jun/2023:20:50:11 -0500] "GET /BLA/boletinlegal/favicon.ico HTTP/1.1" 404 1018
172.22.2.4 - - [25/Jun/2023:20:49:56 -0500] "GET /BLA/boletinlegal/ HTTP/1.1" 200 32715
201.245.192.253 - - [25/Jun/2023:20:52:15 -0500] "POST /kwsrmcab/Wsrmcab  HTTP/1.1" 200 40807
216.245.221.92 - - [25/Jun/2023:20:52:53 -0500] "HEAD / HTTP/1.1" 200 -
172.22.2.4 - - [25/Jun/2023:20:53:25 -0500] "HEAD /BLA/boletinlegal/ HTTP/1.1" 200 -
173.252.95.14 - - [25/Jun/2023:20:55:46 -0500] "GET /images/serpiente-sabanera.jpeg HTTP/1.1" 200 167272
172.22.2.4 - - [25/Jun/2023:20:54:16 -0500] "GET /BLA/boletinlegal/ HTTP/1.1" 200 57272
31.13.127.3 - - [25/Jun/2023:20:56:02 -0500] "GET /serpiente-sabanera-pone-huevos-en-area-protegida-de-bogota.html HTTP/1.1" 200 670
31.13.127.19 - - [25/Jun/2023:20:56:03 -0500] "GET /images/serpiente-sabanera.jpeg HTTP/1.1" 200 167272
69.63.184.3 - - [25/Jun/2023:20:56:03 -0500] "GET /serpiente-sabanera-pone-huevos-en-area-protegida-de-bogota.html HTTP/1.1" 200 670
69.63.184.119 - - [25/Jun/2023:20:56:04 -0500] "GET /serpiente-sabanera-pone-huevos-en-area-protegida-de-bogota.html HTTP/1.1" 200 670
128.14.136.18 - - [25/Jun/2023:20:56:21 -0500] "GET / HTTP/1.1" 200 319
201.245.192.253 - - [25/Jun/2023:20:57:13 -0500] "POST /kwsrmcab/Wsrmcab  HTTP/1.1" 200 40807
66.220.149.9 - - [25/Jun/2023:20:57:50 -0500] "GET /images/caminatas-ecol\xc3\xb3gicas-marzo---1920x1080_optimized.jpg HTTP/1.1" 404 1034
216.245.221.92 - - [25/Jun/2023:20:57:53 -0500] "HEAD / HTTP/1.1" 200 -
172.22.2.4 - - [25/Jun/2023:20:57:37 -0500] "GET /BLA/boletinlegal/ HTTP/1.1" 200 20427
181.61.204.149 - - [25/Jun/2023:20:58:13 -0500] "GET /sipse/faces/index.xhtml HTTP/1.1" 200 677
181.61.204.149 - - [25/Jun/2023:20:58:19 -0500] "GET /sipse/faces/javax.faces.resource/theme.css?ln=primefaces-sipse HTTP/1.1" 304 -
181.61.204.149 - - [25/Jun/2023:20:58:21 -0500] "GET /sipse/faces/faces/autenticacion.xhtml HTTP/1.1" 200 12179
181.61.204.149 - - [25/Jun/2023:20:58:21 -0500] "GET /sipse/js/disable_browser_buttons.js HTTP/1.1" 200 3230
181.61.204.149 - - [25/Jun/2023:20:58:21 -0500] "GET /sipse/js/funciones.js HTTP/1.1" 200 12592
181.61.204.149 - - [25/Jun/2023:20:58:21 -0500] "GET /sipse/css/custom_css_sg.css HTTP/1.1" 200 9694
181.61.204.149 - - [25/Jun/2023:20:58:21 -0500] "GET /sipse/css/custom_css_sg_prime_login.css HTTP/1.1" 200 443
181.61.204.149 - - [25/Jun/2023:20:58:21 -0500] "GET /sipse/faces/javax.faces.resource/theme.css?ln=primefaces-sipse HTTP/1.1" 304 -
181.61.204.149 - - [25/Jun/2023:20:58:21 -0500] "GET /sipse/faces/javax.faces.resource/primefaces.css?ln=primefaces&v=4.0 HTTP/1.1" 304 -
181.61.204.149 - - [25/Jun/2023:20:58:21 -0500] "GET /sipse/faces/javax.faces.resource/jquery/jquery-plugins.js?ln=primefaces&v=4.0 HTTP/1.1" 304 -
181.61.204.149 - - [25/Jun/2023:20:58:21 -0500] "GET /sipse/faces/javax.faces.resource/layout/layout.css?ln=primefaces&v=4.0 HTTP/1.1" 304 -
181.61.204.149 - - [25/Jun/2023:20:58:21 -0500] "GET /sipse/faces/javax.faces.resource/jquery/jquery.js?ln=primefaces&v=4.0 HTTP/1.1" 304 -
181.61.204.149 - - [25/Jun/2023:20:58:21 -0500] "GET /sipse/faces/javax.faces.resource/layout/layout.js?ln=primefaces&v=4.0 HTTP/1.1" 304 -
181.61.204.149 - - [25/Jun/2023:20:58:21 -0500] "GET /sipse/faces/javax.faces.resource/primefaces.js?ln=primefaces&v=4.0 HTTP/1.1" 304 -
181.61.204.149 - - [25/Jun/2023:20:58:21 -0500] "GET /sipse/css/imagen/loginimg.png HTTP/1.1" 200 71635
181.61.204.149 - - [25/Jun/2023:20:58:22 -0500] "GET /sipse/faces/javax.faces.resource/images/ui-icons_898989_256x240.png?ln=primefaces-aristo HTTP/1.1" 304 -
181.61.204.149 - - [25/Jun/2023:20:58:21 -0500] "GET /sipse/css/imagen/logoSDG.png HTTP/1.1" 200 53064
181.61.204.149 - - [25/Jun/2023:20:58:30 -0500] "POST /sipse/faces/autenticacion.xhtml HTTP/1.1" 200 2226
181.61.204.149 - - [25/Jun/2023:20:58:30 -0500] "GET /sipse/faces/javax.faces.resource/messages/messages.png?ln=primefaces&v=4.0 HTTP/1.1" 304 -
181.61.204.149 - - [25/Jun/2023:20:58:31 -0500] "POST /sipse/faces/autenticacion.xhtml HTTP/1.1" 200 16350
181.61.204.149 - - [25/Jun/2023:20:58:32 -0500] "GET /sipse/css/custom_css_sg_prime.css HTTP/1.1" 200 5201
181.61.204.149 - - [25/Jun/2023:20:58:32 -0500] "GET /sipse/faces/javax.faces.resource/layout/layout.css?ln=primefaces&v=4.0 HTTP/1.1" 304 -
181.61.204.149 - - [25/Jun/2023:20:58:32 -0500] "GET /sipse/faces/javax.faces.resource/theme.css?ln=primefaces-sipse HTTP/1.1" 304 -
181.61.204.149 - - [25/Jun/2023:20:58:32 -0500] "GET /sipse/faces/javax.faces.resource/primefaces.css?ln=primefaces&v=4.0 HTTP/1.1" 304 -
181.61.204.149 - - [25/Jun/2023:20:58:32 -0500] "GET /sipse/js/jquery.min.js HTTP/1.1" 200 85582
181.61.204.149 - - [25/Jun/2023:20:58:32 -0500] "GET /sipse/faces/javax.faces.resource/jquery/jquery.js?ln=primefaces&v=4.0 HTTP/1.1" 304 -
181.61.204.149 - - [25/Jun/2023:20:58:32 -0500] "GET /sipse/faces/javax.faces.resource/jquery/jquery-plugins.js?ln=primefaces&v=4.0 HTTP/1.1" 304 -
181.61.204.149 - - [25/Jun/2023:20:58:32 -0500] "GET /sipse/faces/javax.faces.resource/primefaces.js?ln=primefaces&v=4.0 HTTP/1.1" 304 -
181.61.204.149 - - [25/Jun/2023:20:58:32 -0500] "GET /sipse/faces/javax.faces.resource/layout/layout.js?ln=primefaces&v=4.0 HTTP/1.1" 304 -
181.61.204.149 - - [25/Jun/2023:20:58:32 -0500] "GET /sipse/css/v_mergente.css HTTP/1.1" 200 1505
181.61.204.149 - - [25/Jun/2023:20:58:32 -0500] "GET /sipse/css/imagen/contrasena.png HTTP/1.1" 404 383
181.61.204.149 - - [25/Jun/2023:20:58:32 -0500] "GET /sipse/imagenes/logoAplicacion.jpg HTTP/1.1" 200 155084
181.61.204.149 - - [25/Jun/2023:20:58:32 -0500] "GET /sipse/imagenes/cargando.gif HTTP/1.1" 200 36959
181.61.204.149 - - [25/Jun/2023:20:58:36 -0500] "GET /sipse/faces/javax.faces.resource/images/ui-bg_flat_0_2d5972_40x100.png?ln=primefaces-aristo HTTP/1.1" 304 -
181.61.204.149 - - [25/Jun/2023:20:58:36 -0500] "POST /sipse/faces/bienvenido.xhtml HTTP/1.1" 200 9852
181.61.204.149 - - [25/Jun/2023:20:58:37 -0500] "POST /sipse/faces/bienvenido.xhtml HTTP/1.1" 200 2060
181.61.204.149 - - [25/Jun/2023:20:58:39 -0500] "POST /sipse/faces/bienvenido.xhtml HTTP/1.1" 200 35573
181.61.204.149 - - [25/Jun/2023:20:58:39 -0500] "GET /sipse/faces/javax.faces.resource/theme.css?ln=primefaces-sipse HTTP/1.1" 304 -
181.61.204.149 - - [25/Jun/2023:20:58:40 -0500] "GET /sipse/faces/javax.faces.resource/primefaces.css?ln=primefaces&v=4.0 HTTP/1.1" 304 -
181.61.204.149 - - [25/Jun/2023:20:58:40 -0500] "GET /sipse/faces/javax.faces.resource/layout/layout.css?ln=primefaces&v=4.0 HTTP/1.1" 304 -
181.61.204.149 - - [25/Jun/2023:20:58:40 -0500] "GET /sipse/faces/javax.faces.resource/jquery/jquery.js?ln=primefaces&v=4.0 HTTP/1.1" 304 -
181.61.204.149 - - [25/Jun/2023:20:58:40 -0500] "GET /sipse/faces/javax.faces.resource/jquery/jquery-plugins.js?ln=primefaces&v=4.0 HTTP/1.1" 304 -
181.61.204.149 - - [25/Jun/2023:20:58:40 -0500] "GET /sipse/faces/javax.faces.resource/primefaces.js?ln=primefaces&v=4.0 HTTP/1.1" 304 -
181.61.204.149 - - [25/Jun/2023:20:58:40 -0500] "GET /sipse/faces/javax.faces.resource/layout/layout.js?ln=primefaces&v=4.0 HTTP/1.1" 304 -
181.61.204.149 - - [25/Jun/2023:20:58:40 -0500] "POST /sipse/faces/presentacion/financiero/solicitudProceso/listarSolicitudProceso.xhtml HTTP/1.1" 200 1400
191.95.62.159 - - [25/Jun/2023:20:58:42 -0500] "GET /kwssiamovil/sm/acme/a?s=U2FsdGVkX1/qKlDzcVzvTjl0lRQsY5BXNffaXYzElJQ65AiNEBM6fXKk1bLmMQirGLq9QOzxUfeU3KVB7CRvIJvi+UPjlGd3Jx1WJ+jZqLDoxz061170e0jciN2a5E52UZgAyCh8ZL7vY5W4iTR1f+I38wpUu0CaMbRhzHjvoxGrgYhCaLE6U3pX5TaIDp7bu0gP15cFTD1nzCYTHd7hUIGswXYD413q1/LW02TLSv0Ii194qG8MSynN8ML1sljBLg0Hqxcisxd8dpYyUz1PBw==&u=U2FsdGVkX1+QRZWgDTG0ErQrhuZPHfKGbqm/0ZCKRbzxrJQm/bfa/9BvJwdw8PJS&y=U2FsdGVkX1/UFu+HCgzpwZrSzjwN8Bfp8NxU1x6s11mt9BUFSK86Pcaf1csC+eNI HTTP/1.1" 200 26
191.95.62.159 - - [25/Jun/2023:20:58:43 -0500] "GET /kwssiamovil/sm/acme/a?s=U2FsdGVkX1/SzoC53Hro1Y1wuJYv97t4SOrzGILIxnRgf1vQJBNOUtYEhlMx2KyoSpMVeA8F8IMmCbzFkaDwmNgY6UsbG5a0ZBEFktBB/21Zp9XlVQ5KkFMWQt/grltiyX+8/xnSrB3s+qA9KTwWePeNnsHV1NjLxLJ7muTMzE1Ic1bWl/cRgRhufJzJPjTHo8okeiM1WNZtANa5uswUO3dSif078awtV+5LmCZPU8m+nWDSEzQutL26Ey+RdTKWge/1HTqrJbn28JdhkPc7yXOpOOxfaiXmLVg0LGbF++sYyWpxbLerz8nJtX3mQnFKRAZKud3N8APcgyLEtoTfplvLde096EJNRiDpMlU6htqJKaXTYkzi+3eKrgceie7hSzQ+q1Xk/WdY6tSLFC+gf5l09X27jI8eZ/qiarMfENtPoKT36UTMaIXfZ68gl3dzBc/ryl/7ezpAilHDXTRu/V89vJQcbx9s2nvRQ2prqltRAoOCcxR2CVZCL2EYcEzEmXQVCoURxeLdqNqB4pSjrOXOOgXHFHJwG/W2j/zVkT+gFqYwDWtWCK1V+iE8GQmfDS+TfKSWd57AFIvWZeJiqvpHkrr9c0Zfj/j62ThiSu3Bz1dwEAq7iTTf36EVVEKtPKZ9XI+EyxvH5WoqED47eW/YlawQOUfL1uqoFaXQV9X8G/Ge/9Lf/znQb8gZqUisVNIz2Ox4KUbfJt7foiTWDyxSYiptNZr23rVCKYRvS5rBRaj417ddwPwdXDxu7cQ7jOOdpF8tnfI7zoVFXFQrJjWNYqyU4L59kce53JzXSkwbfHE8jrAJkEmvYyMaBUb2MhGCdxmq19gmMI9A08MrT2vQVUCub+Px/4HPyiFZy2ZQucLnGjsYKFbJtiQN7CEbUOBjfZ2ZTaSCX6vnFS734Vw0po9nl8paPPBN80W2ZngAsWEXtXvNZRksYcFt5TpCc/Lc7xUakZT/Y3xz9UX1u0fVwGwS8eNVJJI9OYQABrkLCWYmmWaeOBrVZ4VJnXMD+eWXALSaXHKaOuAS+6QPvkJTgxbfYSo+hiKAioxyg5aXw4Ilc5GnvQ3yqCzcB2cPDa8dmLje9x3lGdGIW/hzYinJFYbxVHzWOQ9KxwQJsEDVwum0eauZLEoRYeECg/6GMv6WxHiyYT1Uv3sxBAN5C/K1oQkKcsZn/mnJ0hf4rPQGMwU6FfUn3gfdSU8AxTSeVsykZevCdpqW/YvVwJYnRWmEWKeCiBirhLW2OWKQXiAvFO1EA0m8xF0Z9SlX+YwNpkykw33xn34Ll1dWZqW05E7uR0OzUUl+jPCxWiDo1THTJjDkIURSUe5EsZuuzLorM/cLH3iJjcbVon6Vm5kj6BOIuKszEVRBz9wsFKb6VYfMM5Gjmj+AtWmhxS7aPCOevcqPhfnbKxsBHIm87YDh1TDPRVTLVhUZPAU7TsyQAf8wXSnahTkIQKQPCvAIH7dftUNDqRRXsMQIzF///6bK1eN83Rjdkxy6co5AYFXQoEYrGNK65NTbw+NAoYKYjT7EwLg8LSTNVCtNwaDlu7PRTd7hC44m5wZ0i3f14RTETgriJladeup8NtxJMmI5AEhG6wuhpmP1wfUwIrMNBPAihF8ZfIgAOXhXfBF9AC7xNQ4p0obQCCeyM+zPZvgQpSwSufNLvMki7m1HHabGaViw3IZbLmLPBl06MXE28xXJr171ykk1itFzCO3BA58WstPZcUO/WwNCQLY42g/OMzrKUGRobFILGXQkUanXpJEkElHMfrMZt1KVTWO53oChft2KfzZKxkF0rsw+wQTwODTJYxBLeXxmmjo4gdkmFefn0sSvq9XEMDQKboh3CE18+zgW2BfMWVMzck8u9hODLCG7iNiIQvZ3tce2CDiEtTlhgUrwi1zJCw7KtVIQfQhXH2X7/HaAexcd73/qRvaeppu1qMkdJOmNEgrg8XZNxl4+X7PNnyMf0nYoH6Ea9C9WgK2BA+UgYJzGLoqgJw/DisSlM1KrsR30hvrsosw0MM38Ufi8BjqZJMb92biNAoI8oeZlpgJi0Csi9aRW74hL0FD0jN4viR0nVfKbBDQPjU9gRj+urpjetzapA/shpNpohrLnFX0RkF6898msOev8LxIwuGQa1YgKnI32LUL3tRGJn3OFxnH8QXzSVM8a9IO1XSHw6f6byBuREXFnuZseNiBFYG98b+wN9ayPeNTua3GJCnR4ioOGDu0EOa1iNcMW9vw0mqQTuINR1thohIkGFiX7PPpciUZfZnjM9pZDG+R1YH6I3BPTmH2EYBch/ADPGxLp+lQ9L+ilahPAa6i0XsqJ1aJfvRHrfTcNeBtlJSS865yBDA9NG9oeH7YGsnsJTpJvyTwLJPx8MMawxQjO7qlfKXUq+kaDqfmnp8ZmualqnKgLKkXBd17nscrOvtm8y+GK2X+Tj2T5r+7v0NHkRhzhGbWNmLrd0NyWL+tjw5PvbhsxZyvI+RrZr4avb5plUH9wHiYz7WJI7yFERK2PzI0XXAl8+SLSTkma53Yuv2j+9b7Sx7M8wdymrn7WOKSgu4xwIbrQyrKQS9kBpv0HfXYHT7Yput4k2hw+PTET69RR/gyZn7OJ4T58NLmS3wLBazwjgsjhJ9GijmCE/uQFoV7Q4ibkSkKHYLoXckUCXzWU6BuF+4tLswV2qYDsqThzeu4lVzBaa49M9uPMG3H5T7bYhZpXJU4vxKx6Ro30M8r57DWAqDKuSANDkP3fLhlMsaLz3QLy3oej5DM3yV3Hki/vXFup5l0QQKTwBkBbyGMIHGCCE0h7IVWDi5Rkx3p6ZaZIWr1e57/g3jJjpgn0N9GdqFnm80lWU9AuiFqh5CabaW7WvGc+x9VUZCAyL7nlRd0uCMiXAcLsVL1QnVyZIwWhqTIg4XxE3Xpcuqmagx8XzNDK0pSJEPlfwLpMII5L120P2fIesNinOAM8kzU0eLKqWoq3mkbvVYdYvehVPe+bf0X9qP4DcEBXa/g9KiSXSJnaGo1paMbUToJON0MI+LEYfkl0Vo0yGzkWfXH0SNUKQfbqSl4bw3s5otUF+QWYmq+1N5ozzs+LQAkEMLRRVrjqHo4eUj7JrGHKrXctAtgdp8i972xWOxtoYhYjrtf+kDt/EpdNIqH8LwekQvaj+u/8+F3H+GKIbxtQGHOQRkHl1SFHUUVSAzcnljCiqhXPDWDdHRIyLUbcPZU5G2Bk9gp+yZ6y8TVxmJkLLfERF7GRh1TYvqcU1ogcScwNdr/Nj7i5dfIIUptpo991uqpE4/L1K9g86t3G8up2UUjXt1Xe3WAyBB2rBm3flR/7ZA5eFqDgowXgTQ/vRIbn1cuF8CjsIwanNKMu5q6OIN46V5DI5VW4f5+y12Db5d3zbmF0pCzQ7nT8T6nd9vG4AZVfcaoGrpRl7kryJuVUn9U1HTPVvz/tCBc9zdV5v88S8lAXvAgmzG77V4MaVHLKQ4APeFlsBRk0v5PVPnNOwRYnIQCg4/E=&u=U2FsdGVkX1+QRZWgDTG0ErQrhuZPHfKGbqm/0ZCKRbzxrJQm/bfa/9BvJwdw8PJS&y=U2FsdGVkX1/UFu+HCgzpwZrSzjwN8Bfp8NxU1x6s11mt9BUFSK86Pcaf1csC+eNI HTTP/1.1" 200 26
191.95.62.159 - - [25/Jun/2023:20:58:43 -0500] "GET /kwssiamovil/sm/acme/a?s=U2FsdGVkX18FXBYtrb+PqkzCzaXtx5p46aAsjbVGOyOUvkK/Zn8t8MXGkHBZPysFVLIc9SbPgNtGpZoXKaoBT58Tu5OySPVpng3vWIZq5lWSm6/Sf6NeG8rD1cSxXbXpB0yAGgCtYsT9tFibJY3K1e2lpVVuG4k5fdDgYXuVYiI=&u=U2FsdGVkX1+QRZWgDTG0ErQrhuZPHfKGbqm/0ZCKRbzxrJQm/bfa/9BvJwdw8PJS&y=U2FsdGVkX1/UFu+HCgzpwZrSzjwN8Bfp8NxU1x6s11mt9BUFSK86Pcaf1csC+eNI HTTP/1.1" 200 26
191.95.62.159 - - [25/Jun/2023:20:58:44 -0500] "GET /kwssiamovil/sm/acme/a?s=U2FsdGVkX1+D4cpC/tg2TGY/9Fuc4Rh8FDgiGwvYNZXzUBYSsh460nrgGXRRV/iz/EWRHXEhUtwGuee8m/1226j7SxqGdU1Zm7bNwMhdMSvriA0DkQalPlml59/a/H6onjvdTUOFG2b2leOHSQh7mMdr5imF1BMOc67S6x0a29k=&u=U2FsdGVkX1+QRZWgDTG0ErQrhuZPHfKGbqm/0ZCKRbzxrJQm/bfa/9BvJwdw8PJS&y=U2FsdGVkX1/UFu+HCgzpwZrSzjwN8Bfp8NxU1x6s11mt9BUFSK86Pcaf1csC+eNI HTTP/1.1" 200 26
191.95.62.159 - - [25/Jun/2023:20:58:44 -0500] "GET /kwssiamovil/sm/acme/a?s=U2FsdGVkX1+tKMFuLYGEJwvllcs7Rzj1hgR2kz6e2hbQsH1GLBtYBp9DOLu8OBwt/weI+nYZqMCCzfQnfndna/aB4hbT/uZm+OpoAx10N7+oqQxSj8xEmHWGwWuWPbIogN+1DISidmYmR19jGu69Twn5H7RmLBe///xiTdKg4M0=&u=U2FsdGVkX1+QRZWgDTG0ErQrhuZPHfKGbqm/0ZCKRbzxrJQm/bfa/9BvJwdw8PJS&y=U2FsdGVkX1/UFu+HCgzpwZrSzjwN8Bfp8NxU1x6s11mt9BUFSK86Pcaf1csC+eNI HTTP/1.1" 200 26
191.95.62.159 - - [25/Jun/2023:20:58:44 -0500] "GET /kwssiamovil/sm/acme/a?s=U2FsdGVkX1/2rSSQu14G7IBtSzNPCWfZUMuoXEBJo9qm9k/hjbbxdCtxxNxtLiOyFpULSLfDoJjpZ7cSJlPc228ekzjBbELOQ5lWIuTgeThUSqEUZ89B/V4c5Plvj5UWac1ZO73FqwrhwszYCTPNdV0D7nqn/i5wUA4Y+P4KnsxsyFwIJQM03hYm3HiVORi0Jcnip7kMf3P1bS7OlMumPQ==&u=U2FsdGVkX1+QRZWgDTG0ErQrhuZPHfKGbqm/0ZCKRbzxrJQm/bfa/9BvJwdw8PJS&y=U2FsdGVkX1/UFu+HCgzpwZrSzjwN8Bfp8NxU1x6s11mt9BUFSK86Pcaf1csC+eNI HTTP/1.1" 200 26
181.61.204.149 - - [25/Jun/2023:20:59:05 -0500] "POST /sipse/faces/presentacion/financiero/solicitudProceso/listarSolicitudProceso.xhtml HTTP/1.1" 200 128656
181.61.204.149 - - [25/Jun/2023:20:59:06 -0500] "GET /sipse/faces/javax.faces.resource/theme.css?ln=primefaces-sipse HTTP/1.1" 304 -
181.61.204.149 - - [25/Jun/2023:20:59:06 -0500] "GET /sipse/faces/javax.faces.resource/primefaces.css?ln=primefaces&v=4.0 HTTP/1.1" 304 -
181.61.204.149 - - [25/Jun/2023:20:59:06 -0500] "GET /sipse/faces/javax.faces.resource/layout/layout.css?ln=primefaces&v=4.0 HTTP/1.1" 304 -
181.61.204.149 - - [25/Jun/2023:20:59:06 -0500] "GET /sipse/faces/javax.faces.resource/jquery/jquery.js?ln=primefaces&v=4.0 HTTP/1.1" 304 -
181.61.204.149 - - [25/Jun/2023:20:59:06 -0500] "GET /sipse/faces/javax.faces.resource/jquery/jquery-plugins.js?ln=primefaces&v=4.0 HTTP/1.1" 304 -
181.61.204.149 - - [25/Jun/2023:20:59:07 -0500] "GET /sipse/faces/javax.faces.resource/primefaces.js?ln=primefaces&v=4.0 HTTP/1.1" 304 -
181.61.204.149 - - [25/Jun/2023:20:59:07 -0500] "GET /sipse/faces/javax.faces.resource/layout/layout.js?ln=primefaces&v=4.0 HTTP/1.1" 304 -
52.167.144.39 - - [25/Jun/2023:20:59:51 -0500] "GET /BLA/resoluciones/AUTOS%202022/6718.pdf HTTP/1.1" 200 624692
181.61.204.149 - - [25/Jun/2023:21:00:26 -0500] "POST /sipse/faces/presentacion/financiero/solicitudProceso/consultarSolicitudProceso.xhtml HTTP/1.1" 200 85232
181.61.204.149 - - [25/Jun/2023:21:00:30 -0500] "POST /sipse/faces/presentacion/financiero/solicitudProceso/consultarSolicitudProceso.xhtml HTTP/1.1" 200 100504
172.22.2.4 - - [25/Jun/2023:20:59:15 -0500] "HEAD /BLA/boletinlegal/ HTTP/1.1" 200 -
49.7.21.72 - - [25/Jun/2023:21:00:58 -0500] "-" 408 -
172.22.2.4 - - [25/Jun/2023:21:00:05 -0500] "GET /BLA/boletinlegal/ HTTP/1.1" 200 57272
201.245.192.253 - - [25/Jun/2023:21:02:11 -0500] "POST /kwsrmcab/Wsrmcab  HTTP/1.1" 200 40807
216.245.221.92 - - [25/Jun/2023:21:02:53 -0500] "HEAD / HTTP/1.1" 200 -
172.22.2.4 - - [25/Jun/2023:21:03:15 -0500] "GET /BLA/boletinlegal/actos.php HTTP/1.1" 200 9682
172.22.2.4 - - [25/Jun/2023:21:03:15 -0500] "GET /BLA/boletinlegal/styles2.css HTTP/1.1" 200 1838
172.22.2.4 - - [25/Jun/2023:21:03:15 -0500] "GET /BLA/boletinlegal/js/ajax_actos.js HTTP/1.1" 200 1322
172.22.2.4 - - [25/Jun/2023:21:03:15 -0500] "GET /BLA/boletinlegal/niceforms-default.css HTTP/1.1" 200 6694
172.22.2.4 - - [25/Jun/2023:21:03:15 -0500] "GET /BLA/boletinlegal/niceforms.js HTTP/1.1" 200 22876
172.22.2.4 - - [25/Jun/2023:21:03:15 -0500] "GET /BLA/boletinlegal/style.css HTTP/1.1" 200 9406
172.22.2.4 - - [25/Jun/2023:21:03:15 -0500] "GET /BLA/boletinlegal/js/lib.js HTTP/1.1" 200 6474
172.22.2.4 - - [25/Jun/2023:21:03:15 -0500] "GET /BLA/boletinlegal/js/popup.js HTTP/1.1" 200 1270
172.22.2.4 - - [25/Jun/2023:21:03:15 -0500] "GET /BLA/boletinlegal/js/jquery1.js HTTP/1.1" 200 29846
172.22.2.4 - - [25/Jun/2023:21:03:15 -0500] "GET /BLA/boletinlegal/images/cabezote%20BLEGAL.jpg HTTP/1.1" 200 118164
172.22.2.4 - - [25/Jun/2023:21:03:15 -0500] "GET /BLA/boletinlegal/images/subscribe-icon-big.png HTTP/1.1" 200 47702
172.22.2.4 - - [25/Jun/2023:21:03:15 -0500] "GET /BLA/boletinlegal/images/registro-usuarios.png HTTP/1.1" 200 8106
172.22.2.4 - - [25/Jun/2023:21:03:15 -0500] "GET /BLA/boletinlegal/images/green-yellow-blue-pink-th.png HTTP/1.1" 200 7394
172.22.2.4 - - [25/Jun/2023:21:03:15 -0500] "GET /BLA/boletinlegal/images/tel.png HTTP/1.1" 200 14477
172.22.2.4 - - [25/Jun/2023:21:03:15 -0500] "GET /BLA/boletinlegal/images/historia.png HTTP/1.1" 200 52775
172.22.2.4 - - [25/Jun/2023:21:03:15 -0500] "GET /BLA/boletinlegal/images/icono-email.png HTTP/1.1" 200 5544
172.22.2.4 - - [25/Jun/2023:21:03:15 -0500] "GET /BLA/boletinlegal/images/body_bg.jpg HTTP/1.1" 200 1601
172.22.2.4 - - [25/Jun/2023:21:03:15 -0500] "GET /BLA/boletinlegal/images/menu_lft.gif HTTP/1.1" 200 1713
172.22.2.4 - - [25/Jun/2023:21:03:15 -0500] "GET /BLA/boletinlegal/images/menu_rght.gif HTTP/1.1" 200 1627
172.22.2.4 - - [25/Jun/2023:21:03:15 -0500] "GET /BLA/boletinlegal/images/bg_top.jpg HTTP/1.1" 200 522
172.22.2.4 - - [25/Jun/2023:21:03:15 -0500] "GET /BLA/boletinlegal/images/menu_bg.jpg HTTP/1.1" 200 620
172.22.2.4 - - [25/Jun/2023:21:03:15 -0500] "GET /BLA/boletinlegal/images/hover.jpg HTTP/1.1" 200 640
172.22.2.4 - - [25/Jun/2023:21:03:15 -0500] "GET /BLA/boletinlegal/images/text.jpg HTTP/1.1" 200 568
172.22.2.4 - - [25/Jun/2023:21:03:15 -0500] "GET /BLA/boletinlegal/images/footer_bg.jpg HTTP/1.1" 200 586
172.22.2.4 - - [25/Jun/2023:21:03:15 -0500] "GET /BLA/boletinlegal/images/footer_bg_l.jpg HTTP/1.1" 200 776
172.22.2.4 - - [25/Jun/2023:21:03:15 -0500] "GET /BLA/boletinlegal/img/0.png HTTP/1.1" 200 110
172.22.2.4 - - [25/Jun/2023:21:03:15 -0500] "GET /BLA/boletinlegal/img/select-left.png HTTP/1.1" 200 263
172.22.2.4 - - [25/Jun/2023:21:03:15 -0500] "GET /BLA/boletinlegal/img/select-right.png HTTP/1.1" 200 44019
172.22.2.4 - - [25/Jun/2023:21:03:15 -0500] "GET /BLA/boletinlegal/img/button-left.png HTTP/1.1" 200 57071
172.22.2.4 - - [25/Jun/2023:21:03:15 -0500] "GET /BLA/boletinlegal/img/button.png HTTP/1.1" 200 43241
172.22.2.4 - - [25/Jun/2023:21:03:15 -0500] "GET /BLA/boletinlegal/img/button-right.png HTTP/1.1" 200 57878
172.22.2.4 - - [25/Jun/2023:21:03:15 -0500] "GET /BLA/boletinlegal/favicon.ico HTTP/1.1" 404 1326
190.0.241.186 - - [25/Jun/2023:21:03:17 -0500] "GET /BLA/resoluciones/ HTTP/1.1" 200 13502
190.0.241.186 - - [25/Jun/2023:21:03:17 -0500] "GET /BLA/resoluciones/dlf/styles.css HTTP/1.1" 200 3049
190.0.241.186 - - [25/Jun/2023:21:03:17 -0500] "GET /BLA/resoluciones/dlf/bg.gif HTTP/1.1" 200 54
190.0.241.186 - - [25/Jun/2023:21:03:17 -0500] "GET /BLA/resoluciones/dlf/folder.png HTTP/1.1" 200 410
190.0.241.186 - - [25/Jun/2023:21:03:28 -0500] "GET /BLA/resoluciones/dlf/dirup.png HTTP/1.1" 200 644
190.0.241.186 - - [25/Jun/2023:21:03:28 -0500] "GET /BLA/resoluciones/dlf/pdf.gif HTTP/1.1" 200 272
190.0.241.186 - - [25/Jun/2023:21:03:28 -0500] "GET /BLA/resoluciones/dlf/unknown.png HTTP/1.1" 200 266
190.0.241.186 - - [25/Jun/2023:21:03:28 -0500] "GET /BLA/resoluciones/index.php?dir=RESOLUCIONES+2016%2F HTTP/1.1" 200 172156
172.22.2.4 - - [25/Jun/2023:21:05:05 -0500] "HEAD /BLA/boletinlegal/ HTTP/1.1" 200 -
87.121.221.234 - - [25/Jun/2023:21:07:02 -0500] "POST /boaform/admin/formLogin HTTP/1.1" 404 1186
201.245.192.253 - - [25/Jun/2023:21:07:10 -0500] "POST /kwsrmcab/Wsrmcab  HTTP/1.1" 200 40807
172.22.2.4 - - [25/Jun/2023:21:05:56 -0500] "GET /BLA/boletinlegal/ HTTP/1.1" 200 57272
216.245.221.92 - - [25/Jun/2023:21:07:53 -0500] "HEAD / HTTP/1.1" 200 -
190.24.190.90 - - [25/Jun/2023:21:08:12 -0500] "POST /reportes_sipse/sdg/ServletReporte?adquisiciones_sipse_detallado& HTTP/1.1" 200 6273
190.24.190.90 - - [25/Jun/2023:21:08:23 -0500] "POST /reportes_sipse/sdg/ServletControlador HTTP/1.1" 200 27855
173.252.107.10 - - [25/Jun/2023:21:08:40 -0500] "GET /moda-circular-manos-reparadoras-la-estrategia-del-distrito-para-restaurar-prendas-usadas.html HTTP/1.1" 200 901
172.22.2.4 - - [25/Jun/2023:21:09:48 -0500] "GET /BLA/boletinlegal/ HTTP/1.1" 200 20427
31.13.127.11 - - [25/Jun/2023:21:10:17 -0500] "GET /por-un-corazon-mas-verde-del-1-al-9-de-junio-se-celebrara-la-semana-ambiental-2023-en-bogota.html HTTP/1.1" 200 819
31.13.127.10 - - [25/Jun/2023:21:10:17 -0500] "GET /por-un-corazon-mas-verde-del-1-al-9-de-junio-se-celebrara-la-semana-ambiental-2023-en-bogota.html HTTP/1.1" 200 819
172.22.2.4 - - [25/Jun/2023:21:10:26 -0500] "GET /BLA/boletinlegal/style.css HTTP/1.1" 200 9406
172.22.2.4 - - [25/Jun/2023:21:10:26 -0500] "GET /BLA/boletinlegal/styles2.css HTTP/1.1" 200 1838
172.22.2.4 - - [25/Jun/2023:21:10:26 -0500] "GET /BLA/boletinlegal/js/jquery.js HTTP/1.1" 200 57254
172.22.2.4 - - [25/Jun/2023:21:10:26 -0500] "GET /BLA/boletinlegal/js/jquery.scrollTo-min.js HTTP/1.1" 200 1150
172.22.2.4 - - [25/Jun/2023:21:10:26 -0500] "GET /BLA/boletinlegal/js/jquery.scrollShow.js HTTP/1.1" 200 4586
172.22.2.4 - - [25/Jun/2023:21:10:26 -0500] "GET /BLA/boletinlegal/images/subscribe-icon-big.png HTTP/1.1" 200 47702
172.22.2.4 - - [25/Jun/2023:21:10:26 -0500] "GET /BLA/boletinlegal/images/cabezote%20BLEGAL.jpg HTTP/1.1" 200 118164
172.22.2.4 - - [25/Jun/2023:21:10:26 -0500] "GET /BLA/boletinlegal/images/historia.png HTTP/1.1" 200 52775
172.22.2.4 - - [25/Jun/2023:21:10:26 -0500] "GET /BLA/boletinlegal/images/registro-usuarios.png HTTP/1.1" 200 8106
172.22.2.4 - - [25/Jun/2023:21:10:26 -0500] "GET /BLA/boletinlegal/images/arr_l.jpg HTTP/1.1" 200 1979
172.22.2.4 - - [25/Jun/2023:21:10:26 -0500] "GET /BLA/boletinlegal/images/launch.jpg HTTP/1.1" 200 14577
172.22.2.4 - - [25/Jun/2023:21:10:26 -0500] "GET /BLA/boletinlegal/images/screen_1.png HTTP/1.1" 200 202547
172.22.2.4 - - [25/Jun/2023:21:10:26 -0500] "GET /BLA/boletinlegal/images/body_bg.jpg HTTP/1.1" 200 1601
172.22.2.4 - - [25/Jun/2023:21:10:26 -0500] "GET /BLA/boletinlegal/images/menu_lft.gif HTTP/1.1" 200 1713
172.22.2.4 - - [25/Jun/2023:21:10:26 -0500] "GET /BLA/boletinlegal/images/menu_rght.gif HTTP/1.1" 200 1627
172.22.2.4 - - [25/Jun/2023:21:10:26 -0500] "GET /BLA/boletinlegal/images/bg_top.jpg HTTP/1.1" 200 522
172.22.2.4 - - [25/Jun/2023:21:10:26 -0500] "GET /BLA/boletinlegal/images/menu_bg.jpg HTTP/1.1" 200 620
172.22.2.4 - - [25/Jun/2023:21:10:26 -0500] "GET /BLA/boletinlegal/images/hover.jpg HTTP/1.1" 200 640
172.22.2.4 - - [25/Jun/2023:21:10:26 -0500] "GET /BLA/boletinlegal/images/text.jpg HTTP/1.1" 200 568
172.22.2.4 - - [25/Jun/2023:21:10:28 -0500] "GET /BLA/boletinlegal/normativa.php HTTP/1.1" 200 8343
172.22.2.4 - - [25/Jun/2023:21:10:29 -0500] "GET /BLA/boletinlegal/js/ajax_normativa.js HTTP/1.1" 200 1154
172.22.2.4 - - [25/Jun/2023:21:10:29 -0500] "GET /BLA/boletinlegal/niceforms-default.css HTTP/1.1" 200 6694
172.22.2.4 - - [25/Jun/2023:21:10:29 -0500] "GET /BLA/boletinlegal/niceforms.js HTTP/1.1" 200 22876
172.22.2.4 - - [25/Jun/2023:21:10:29 -0500] "GET /BLA/boletinlegal/images/tel.png HTTP/1.1" 200 14477
172.22.2.4 - - [25/Jun/2023:21:10:29 -0500] "GET /BLA/boletinlegal/images/icono-email.png HTTP/1.1" 200 5544
172.22.2.4 - - [25/Jun/2023:21:10:29 -0500] "GET /BLA/boletinlegal/images/footer_bg.jpg HTTP/1.1" 200 586
172.22.2.4 - - [25/Jun/2023:21:10:29 -0500] "GET /BLA/boletinlegal/images/footer_bg_l.jpg HTTP/1.1" 200 776
172.22.2.4 - - [25/Jun/2023:21:10:29 -0500] "GET /BLA/boletinlegal/img/0.png HTTP/1.1" 200 110
172.22.2.4 - - [25/Jun/2023:21:10:29 -0500] "GET /BLA/boletinlegal/img/select-left.png HTTP/1.1" 200 263
172.22.2.4 - - [25/Jun/2023:21:10:29 -0500] "GET /BLA/boletinlegal/img/button.png HTTP/1.1" 200 43241
172.22.2.4 - - [25/Jun/2023:21:10:29 -0500] "GET /BLA/boletinlegal/img/select-right.png HTTP/1.1" 200 44019
172.22.2.4 - - [25/Jun/2023:21:10:29 -0500] "GET /BLA/boletinlegal/img/button-left.png HTTP/1.1" 200 57071
172.22.2.4 - - [25/Jun/2023:21:10:29 -0500] "GET /BLA/boletinlegal/img/button-right.png HTTP/1.1" 200 57878
172.22.2.4 - - [25/Jun/2023:21:10:29 -0500] "GET /BLA/boletinlegal/favicon.ico HTTP/1.1" 404 1334
191.95.62.159 - - [25/Jun/2023:21:10:41 -0500] "GET /kwssiamovil/sm/acme/a?s=U2FsdGVkX19dX26Mhq6qvDq1xpoNX7RttPi8nb8Q3yNBlnhGbmELoVSs96KoIEoV2cAptQdNZXAUhGqPUswNyK6NeEatr2KZTR9olQBcAJno+tp+z1xoXXIKc+D8Myh7MJaLENj3aIAtnw7FCh1pOLJTdDycbj1XQc7JmulFloLUVhJNKKm/C8BdRBkdH5Eh8zwJo1PoQvOqLeGVURorUvgfRICh3qlwUk51NFff5+zJFhZ4tGMnR1imxJ3YPSPZXpMqFf34sXb6x/sCf578bA==&u=U2FsdGVkX1+QRZWgDTG0ErQrhuZPHfKGbqm/0ZCKRbzxrJQm/bfa/9BvJwdw8PJS&y=U2FsdGVkX1/UFu+HCgzpwZrSzjwN8Bfp8NxU1x6s11mt9BUFSK86Pcaf1csC+eNI HTTP/1.1" 200 26
191.95.62.159 - - [25/Jun/2023:21:10:41 -0500] "GET /kwssiamovil/sm/acme/a?s=U2FsdGVkX18r+N4YmSsoAEsEzkV+XTZs+qwBmai1fb8t24KrIngVnoXkMGb3HtdW8wBG/fICOTzw5LxtJd/N9zmt9XXETtflt58J1lZsacXxtvuwVJuQDFKmWAW/AZwKBCEECmmZvKo+7VdSu8CbziDeKX/QDUJ6if1S+wDj2jRQnDtCWo/juui1WXhpJ9cdaTJn/4BhDXD+m/DxwU5aKhrWmfPev2RtkvkIf0HpQ3X+bVlDtAa5r9VfTnGiIsIiaMC232pHlPMN14A6B8Qq97q5pmSGrwAT6aHyBLSkccvW4Dk6DfAeccVZFLyK/A+z4YJdKC9LeM+txtcU0/cE8WBjkB4BPpSCjL6tzF71UQqwS4CQSiG2Bt5ej7qjbb8EByhjG5VHvagCYzbwDXUnxpBLGB0CRVfGgd5kezlLxtiwd61vpw/VUPLzsMAS94gOA9Qb3nrx7MfBSAEiecm/rSVgxD4eiRkJS4a8bG2dalP/TUYl24LxqplYeQ/6pZaDuNIa9W8IaXKGE41xX8S7qgZBHyeF+k9f4zDcQxxruEc3PeNGDnWV6AbkEZdwaAWLFxT3Ebo3N65tyzG0GkY++Hgo9IY+GNNM5wzcdQiUG7ZtGnNes7rZyU2TEZ2HkY/etM/asDU6nBqbeq0uwFY9StnpeZk2AbeWbSh2Zqyujp9wx9B+QZ5LVivBvisJ8wdP0g0riuSE+jqqNIkn0dpNRLdJyjtKEgitNBeOfJ5HrMyUBaJ3ccOz77gCz7u/pOaiQoy1IwHr6IzeBEvMdIWZ6Jpiqx7eU35sDp3xWyaeRAYKWvpjCM5vd0VWZ5qNYFOybP0SQdwm3gCBzOvAlATsKsWdXYM/alewIcZLCTLFmz82yvepOIB0KSKNdhDmds0GaqG9AuApofnmOqfDuzIIIcHQHjh6xa2HKvbew9WeA9vNXmYeCX0g5kUSQkIt1QI3jk/6L6vv0WVScxFe5oLaTMPdMMLgQ4GpEIpWJ7+gJ66LF9CBV+WeV4bWn4rwxejbkBv4e5sHfmT41j6JHGNC6pfP34EKrjARkwOMPtWnnzQzVsHoc9LJAzeLBveTH3dwIRxON/J1guzUEVvIbApq1snPaTcT2YWldnXCpO2ha6p4AH7htlOVC4CoJL1FoZ1KQd7C0capWdLD6twwHvMhBLcEDKa2cOERDGelP6gcxzErC4K9Ve1xv/qZFnKIeOo519VPZK0eTnZ+i7Ts531iUHtQelCIusuv3Lkssq3EkYCsCFHo141gx0SyYUSowHsozMuFV+xQI7vO1sU2IDynYOgiCrpxm9U3vZ3w3U04HBEze/dfwuZkerLzAK7XCNqQftVknULub/nso0ccqwlBWAYTet79/OMHViRqbcgI/hoCe+KOHBk1LaVRFnZ/OFdb7p++BtnCmScwjIzAgWbB2qX0lsuNvSM9SFm/ehfBK1z4FydPky92Hkr2KidLEYzFYMQVwxHgnlRsDEx2Q8Pj7uc5TzgWyqN+pkdkBVHdhoeH6O6pjUBmCTF/s+42BUA9zTww58Dmq3x5qNQmuRIozeZ8kq/bVDcKWjp8jfmfXlC6IwT+fRaVPHS4RofclT6xf5Bs27decZ3RmdM7NKSAGhWmipRhqB9Hwx9kqTaWAgk55ZS2LUXJQIXyp/uEz1sd77C1y4DuiEJX/ugkOSf0ELopA/cth17md2CAj5SeYNtYHAAQOelzuBV0MHJe1g9uNkH6n5xGpxpmXGDROfJuRsOZqYaz+5KzkL4gOcbE+Z0h4G1ULkWdWBxtMw7Msfx/Az6Ij+k6c2LL5WjmU3A6qOTJJHPFXh3dJkVGtWeF4ydmf+Lz6b4YzIDj0EiTIZNEVUUhxrrKa8E3mvRI0hrANwumEksbUuAzTJ5tp+P91GhKm1yqbrRFetuozsXs6fzYcWx4bN75YwkzV7F6KGLK0oyc1WK1zhfyAqHe1IGd6mMBNgiteDFGa22Vq9nJUPr49bDvBphVPiIxH9j0/1gAhau1VjKUzZSIEzgXlkJQNxsQBflwG8aLkGog0hD/tnq4fqPsBzQBcbZSmH2n3Tsi5l5lZJdw+5EBccs8yiyPtutuWw9FhCs/IdnO5UqgJJgqKWjr/qnb6kmTNBZzZloccdEISQ7/j+PncN19Bb7pC8xOp/OhO4cz1Lax1miL6UCFMTcuGnYxx9K0s8W9h4Z7w4AbfKMirfhzcFjl8SlLTin8IELOosxRHUDBWGHKZs/TgofHDzHw0nZhIlEtSyFlRmDKqDQx4z+kSYmJkTdH1P2gt0BDdR5yHYqi48CxvexU5+8G5vzQ3tXMnZLouvsIyI1/JKG5z52kalPnYwDFZdWijHqYeo2e8ISf1BtnjeuAI11q7Piq02pj+0+nwD2DjNKc1DV7B1A3o0sFC+tcSVeO20IVhSSFUz59oSgK4tguRWsIkni67sZT5iAvb55kkEfi3zmQT3DVjXQ85f1nKZWyLar8AonKqSboMI+S60A7fb9KUG+1EEnuBXf+vFpdy+th/pvS8xjpvVZ07O1A9RR2DQ9AZBa4YfIKhmCWZy8fEOmJq5+oQQ4cMVoJtY7MwnameuhoVX2b4hILwRjslcuJalzcEfHF92bTgZXeCF3nKvQdZGZWmBfoseC8QwDPuc7aK91tdEGyF2ABVCCuaI2JvJVaVE1fuWJZaUhjLHdY59PRDhVcWS+q50IWHlpDWjx3uD6lSQwlXMnk4kCln3Qy4gp5un/JuKP3bHrQo+3mn89d7D4O73vwMa9WenmQo+EzT35X37IliBDUMX2Ii7gU2tsAErca9d/2qXIUDyaSxU0hDOHW/Aq95OMBrU1I3ATPZJ6VShyHq/irV6IivWqhn292SPd7G7FZsgPZwEtXVEjyef8q8euqnIw0mDQG95B5rfH+sFYaavVRNO0jVuS0QhVeBKUMcvkTbBhL3ti10j5uqK5D4m4bhCbQkLQ+bM5fMBa8lIRY+2H1ox9CGkNFnv+d4EP+OM2MQMkYbrKh3iq7U+MtTSxUUSBHdxxTwpzjG+vVJnG/GBi4BTXws7l0fAEQs9WFzN4KJ7mAJ8WRahT7Ntf5sopS4EOWSI7Mt/qfXl1jOpbdCrp+n6UcqQT0XzBZUJXuv6Zl5MD9uN++bkz5R9K7H0MVjJadizYq5+YZO1STjqVPMytlJuFGq/brgGyjuQDJ08jlMEtSuggyDW8iHrUm6Bfc+LPhyqrLwxw2M3FzNvNVGqPniz86Oo09SXIQs+shj2J8eng2LXe78zMpFCM0T5BvhuIGYlveyj+p+/pjtZF3yA5UeK1j38xc/saqAX2ZPR63SXUVjVRqkKa9+quPak1aOChO+34AzcadOttFStOnb3ewUI2pCin1t/n8b8O6MFa6kaHua79ve2e68rWo8Hqqzye3TfDW/Zvdt1EJhLYEpb3uNNDKiq2DNajieRaL165MJr4yiqYQkGRyalUQTORA9IXz/31IwFbC/alA0Ez1QwBDkIKaiyxyg4thVPcOqWBY3D3KNPdG+BeWR2jQmjGmZp3n2QSNmw==&u=U2FsdGVkX1+QRZWgDTG0ErQrhuZPHfKGbqm/0ZCKRbzxrJQm/bfa/9BvJwdw8PJS&y=U2FsdGVkX1/UFu+HCgzpwZrSzjwN8Bfp8NxU1x6s11mt9BUFSK86Pcaf1csC+eNI HTTP/1.1" 200 26
191.95.62.159 - - [25/Jun/2023:21:10:42 -0500] "GET /kwssiamovil/sm/acme/a?s=U2FsdGVkX18a4slnKxwh8KxLd9AC0vVfDp3FqPZgAjZMZ5Azes+PTyO3qwNFx52agbYaiHYMkazXSAx7gtDyN9MNCvYK3oMPmnabtdMj4MVl5+m8uMF7+Nml4EVHNCtO2k8Wr1TL8Y84I7Ri8UH2UvFkih0zVzL52eAFf8UMfl0=&u=U2FsdGVkX1+QRZWgDTG0ErQrhuZPHfKGbqm/0ZCKRbzxrJQm/bfa/9BvJwdw8PJS&y=U2FsdGVkX1/UFu+HCgzpwZrSzjwN8Bfp8NxU1x6s11mt9BUFSK86Pcaf1csC+eNI HTTP/1.1" 200 26
191.95.62.159 - - [25/Jun/2023:21:10:42 -0500] "GET /kwssiamovil/sm/acme/a?s=U2FsdGVkX1+GVSchU5/uj4CbWIpUXjQxwUnCf2IDTlMN78+s+CcsmYD1zCVpCEtGDTR5OOnIVInlmW4TsNC/u8CWlsag8Koc/Tq5v0AeKFl+n1RdO8Z+S72TV+RxgayQGFAD+mqQCMfv/SZU41IWgmM6zsT7yQwfl+vNHBB8ru4=&u=U2FsdGVkX1+QRZWgDTG0ErQrhuZPHfKGbqm/0ZCKRbzxrJQm/bfa/9BvJwdw8PJS&y=U2FsdGVkX1/UFu+HCgzpwZrSzjwN8Bfp8NxU1x6s11mt9BUFSK86Pcaf1csC+eNI HTTP/1.1" 200 26
191.95.62.159 - - [25/Jun/2023:21:10:42 -0500] "GET /kwssiamovil/sm/acme/a?s=U2FsdGVkX18xGCkrQDRIHnezJGRalc339wPwmOrtsDIyVCb/2dCE4L39fldIBuhakW57qzwDRI4mWXodW+XcVvsMDvf08sQYYo/ypHn4AM9No9fssiGgEk+/amWooZHy2RugAP1kHITqfuH1AllK+V6wPpvehEFWAB/hAweDQak=&u=U2FsdGVkX1+QRZWgDTG0ErQrhuZPHfKGbqm/0ZCKRbzxrJQm/bfa/9BvJwdw8PJS&y=U2FsdGVkX1/UFu+HCgzpwZrSzjwN8Bfp8NxU1x6s11mt9BUFSK86Pcaf1csC+eNI HTTP/1.1" 200 26
191.95.62.159 - - [25/Jun/2023:21:10:42 -0500] "GET /kwssiamovil/sm/acme/a?s=U2FsdGVkX18ZUOMh8JndmBjnS8i7FAISwYntaJLdV21MuR2Eeio6WinQviDj+l6Awt4KxE3rps5isB5Ud2+j4IF14ePovswRlDB/4POshLykoHrsKi43mE6ueh97hBL54m+7+RsKZIeDVmHo3jjHtT6JfyEDqckDc+hm45krSYmBszbCYcjluIyBamGfLyg+MfVPZaGKXvZ93VYCE726vg==&u=U2FsdGVkX1+QRZWgDTG0ErQrhuZPHfKGbqm/0ZCKRbzxrJQm/bfa/9BvJwdw8PJS&y=U2FsdGVkX1/UFu+HCgzpwZrSzjwN8Bfp8NxU1x6s11mt9BUFSK86Pcaf1csC+eNI HTTP/1.1" 200 26
172.22.2.4 - - [25/Jun/2023:21:10:25 -0500] "GET /BLA/boletinlegal/ HTTP/1.1" 200 24523
201.245.192.253 - - [25/Jun/2023:21:12:09 -0500] "POST /kwsrmcab/Wsrmcab  HTTP/1.1" 200 40807
172.22.2.4 - - [25/Jun/2023:21:10:55 -0500] "HEAD /BLA/boletinlegal/ HTTP/1.1" 200 -
216.245.221.92 - - [25/Jun/2023:21:12:53 -0500] "HEAD / HTTP/1.1" 200 -
172.22.2.4 - - [25/Jun/2023:21:11:46 -0500] "GET /BLA/boletinlegal/ HTTP/1.1" 200 57272
190.84.119.147 - - [25/Jun/2023:21:16:16 -0500] "GET /BLA/resoluciones/index.php?dir=AUTOS+2018%2F HTTP/1.1" 200 460572
201.245.192.253 - - [25/Jun/2023:21:17:07 -0500] "POST /kwsrmcab/Wsrmcab  HTTP/1.1" 200 40807
216.245.221.92 - - [25/Jun/2023:21:17:53 -0500] "HEAD / HTTP/1.1" 200 -
172.22.2.4 - - [25/Jun/2023:21:16:45 -0500] "HEAD /BLA/boletinlegal/ HTTP/1.1" 200 -
172.22.2.4 - - [25/Jun/2023:21:18:39 -0500] "GET /BLA/boletinlegal/normativa.php HTTP/1.1" 200 8343
172.22.2.4 - - [25/Jun/2023:21:18:39 -0500] "GET /BLA/boletinlegal/styles2.css HTTP/1.1" 200 1838
172.22.2.4 - - [25/Jun/2023:21:18:39 -0500] "GET /BLA/boletinlegal/js/ajax_normativa.js HTTP/1.1" 200 1154
172.22.2.4 - - [25/Jun/2023:21:18:39 -0500] "GET /BLA/boletinlegal/niceforms-default.css HTTP/1.1" 200 6694
172.22.2.4 - - [25/Jun/2023:21:18:39 -0500] "GET /BLA/boletinlegal/niceforms.js HTTP/1.1" 200 22876
172.22.2.4 - - [25/Jun/2023:21:18:39 -0500] "GET /BLA/boletinlegal/style.css HTTP/1.1" 200 9406
172.22.2.4 - - [25/Jun/2023:21:18:39 -0500] "GET /BLA/boletinlegal/images/cabezote%20BLEGAL.jpg HTTP/1.1" 200 118164
172.22.2.4 - - [25/Jun/2023:21:18:39 -0500] "GET /BLA/boletinlegal/images/historia.png HTTP/1.1" 200 52775
