168.119.76.163 - - [01/Jul/2023:15:00:19 -0500] "GET /ruta-de-la-libertad-mas-de-400-animales-silvestres-fueron-liberados-por-la-secretaria-de-ambiente-en-el-cesar.html HTTP/1.1" 200 853
69.49.112.62 - - [01/Jul/2023:15:00:48 -0500] "GET /?author=1 HTTP/1.1" 200 319
69.49.112.62 - - [01/Jul/2023:15:00:49 -0500] "GET /?author=1 HTTP/1.1" 200 319
69.49.112.62 - - [01/Jul/2023:15:00:49 -0500] "GET /?author=1 HTTP/1.1" 200 319
69.49.112.62 - - [01/Jul/2023:15:00:49 -0500] "GET /?author=2 HTTP/1.1" 200 319
69.49.112.62 - - [01/Jul/2023:15:00:49 -0500] "GET /?author=2 HTTP/1.1" 200 319
69.49.112.62 - - [01/Jul/2023:15:00:49 -0500] "GET /?author=3 HTTP/1.1" 200 319
69.49.112.62 - - [01/Jul/2023:15:00:49 -0500] "GET /?author=3 HTTP/1.1" 200 319
69.49.112.62 - - [01/Jul/2023:15:00:49 -0500] "GET /?author=4 HTTP/1.1" 200 319
69.49.112.62 - - [01/Jul/2023:15:00:50 -0500] "GET /?author=4 HTTP/1.1" 200 319
69.49.112.62 - - [01/Jul/2023:15:00:50 -0500] "GET /?author=5 HTTP/1.1" 200 319
69.49.112.62 - - [01/Jul/2023:15:00:50 -0500] "GET /?author=5 HTTP/1.1" 200 319
69.49.112.62 - - [01/Jul/2023:15:00:50 -0500] "GET /?author=6 HTTP/1.1" 200 319
69.49.112.62 - - [01/Jul/2023:15:00:50 -0500] "GET /?author=6 HTTP/1.1" 200 319
69.49.112.62 - - [01/Jul/2023:15:00:50 -0500] "GET /?author=7 HTTP/1.1" 200 319
69.49.112.62 - - [01/Jul/2023:15:00:50 -0500] "GET /?author=7 HTTP/1.1" 200 319
69.49.112.62 - - [01/Jul/2023:15:00:51 -0500] "GET /?author=8 HTTP/1.1" 200 319
69.49.112.62 - - [01/Jul/2023:15:00:51 -0500] "GET /?author=8 HTTP/1.1" 200 319
69.49.112.70 - - [01/Jul/2023:15:00:51 -0500] "GET /?author=31 HTTP/1.1" 200 319
69.49.112.62 - - [01/Jul/2023:15:00:51 -0500] "GET /?author=9 HTTP/1.1" 200 319
69.49.112.70 - - [01/Jul/2023:15:00:51 -0500] "GET /?author=31 HTTP/1.1" 200 319
69.49.112.62 - - [01/Jul/2023:15:00:51 -0500] "GET /?author=9 HTTP/1.1" 200 319
69.49.112.70 - - [01/Jul/2023:15:00:51 -0500] "GET /?author=31 HTTP/1.1" 200 319
69.49.112.62 - - [01/Jul/2023:15:00:51 -0500] "GET /?author=10 HTTP/1.1" 200 319
69.49.112.70 - - [01/Jul/2023:15:00:51 -0500] "GET /?author=32 HTTP/1.1" 200 319
69.49.112.69 - - [01/Jul/2023:15:00:51 -0500] "GET /?author=41 HTTP/1.1" 200 319
69.49.112.62 - - [01/Jul/2023:15:00:51 -0500] "GET /?author=10 HTTP/1.1" 200 319
69.49.112.69 - - [01/Jul/2023:15:00:51 -0500] "GET /?author=41 HTTP/1.1" 200 319
69.49.112.70 - - [01/Jul/2023:15:00:51 -0500] "GET /?author=32 HTTP/1.1" 200 319
69.49.112.69 - - [01/Jul/2023:15:00:52 -0500] "GET /?author=41 HTTP/1.1" 200 319
69.49.112.70 - - [01/Jul/2023:15:00:52 -0500] "GET /?author=33 HTTP/1.1" 200 319
69.49.112.69 - - [01/Jul/2023:15:00:52 -0500] "GET /?author=42 HTTP/1.1" 200 319
69.49.112.70 - - [01/Jul/2023:15:00:52 -0500] "GET /?author=33 HTTP/1.1" 200 319
69.49.112.69 - - [01/Jul/2023:15:00:52 -0500] "GET /?author=42 HTTP/1.1" 200 319
69.49.112.69 - - [01/Jul/2023:15:00:52 -0500] "GET /?author=43 HTTP/1.1" 200 319
69.49.112.70 - - [01/Jul/2023:15:00:52 -0500] "GET /?author=34 HTTP/1.1" 200 319
69.49.112.69 - - [01/Jul/2023:15:00:52 -0500] "GET /?author=43 HTTP/1.1" 200 319
69.49.112.70 - - [01/Jul/2023:15:00:52 -0500] "GET /?author=34 HTTP/1.1" 200 319
69.49.112.69 - - [01/Jul/2023:15:00:52 -0500] "GET /?author=44 HTTP/1.1" 200 319
69.49.112.70 - - [01/Jul/2023:15:00:52 -0500] "GET /?author=35 HTTP/1.1" 200 319
69.49.112.69 - - [01/Jul/2023:15:00:52 -0500] "GET /?author=44 HTTP/1.1" 200 319
69.49.112.70 - - [01/Jul/2023:15:00:52 -0500] "GET /?author=35 HTTP/1.1" 200 319
69.49.112.69 - - [01/Jul/2023:15:00:53 -0500] "GET /?author=45 HTTP/1.1" 200 319
69.49.112.70 - - [01/Jul/2023:15:00:53 -0500] "GET /?author=36 HTTP/1.1" 200 319
69.49.112.69 - - [01/Jul/2023:15:00:53 -0500] "GET /?author=45 HTTP/1.1" 200 319
69.49.112.70 - - [01/Jul/2023:15:00:53 -0500] "GET /?author=36 HTTP/1.1" 200 319
69.49.112.69 - - [01/Jul/2023:15:00:53 -0500] "GET /?author=46 HTTP/1.1" 200 319
69.49.112.69 - - [01/Jul/2023:15:00:53 -0500] "GET /?author=46 HTTP/1.1" 200 319
69.49.112.70 - - [01/Jul/2023:15:00:53 -0500] "GET /?author=37 HTTP/1.1" 200 319
69.49.112.69 - - [01/Jul/2023:15:00:53 -0500] "GET /?author=47 HTTP/1.1" 200 319
69.49.112.70 - - [01/Jul/2023:15:00:53 -0500] "GET /?author=37 HTTP/1.1" 200 319
69.49.112.69 - - [01/Jul/2023:15:00:53 -0500] "GET /?author=47 HTTP/1.1" 200 319
69.49.112.70 - - [01/Jul/2023:15:00:53 -0500] "GET /?author=38 HTTP/1.1" 200 319
69.49.112.70 - - [01/Jul/2023:15:00:53 -0500] "GET /?author=38 HTTP/1.1" 200 319
69.49.112.69 - - [01/Jul/2023:15:00:54 -0500] "GET /?author=48 HTTP/1.1" 200 319
69.49.112.70 - - [01/Jul/2023:15:00:54 -0500] "GET /?author=39 HTTP/1.1" 200 319
69.49.112.69 - - [01/Jul/2023:15:00:54 -0500] "GET /?author=48 HTTP/1.1" 200 319
69.49.112.70 - - [01/Jul/2023:15:00:54 -0500] "GET /?author=39 HTTP/1.1" 200 319
69.49.112.69 - - [01/Jul/2023:15:00:54 -0500] "GET /?author=49 HTTP/1.1" 200 319
69.49.112.70 - - [01/Jul/2023:15:00:54 -0500] "GET /?author=40 HTTP/1.1" 200 319
69.49.112.69 - - [01/Jul/2023:15:00:54 -0500] "GET /?author=49 HTTP/1.1" 200 319
69.49.112.70 - - [01/Jul/2023:15:00:54 -0500] "GET /?author=40 HTTP/1.1" 200 319
69.49.112.69 - - [01/Jul/2023:15:00:54 -0500] "GET /?author=50 HTTP/1.1" 200 319
69.49.112.69 - - [01/Jul/2023:15:00:54 -0500] "GET /?author=50 HTTP/1.1" 200 319
69.49.112.70 - - [01/Jul/2023:15:00:55 -0500] "GET /?author=21 HTTP/1.1" 200 319
69.49.112.70 - - [01/Jul/2023:15:00:56 -0500] "GET /?author=21 HTTP/1.1" 200 319
69.49.112.70 - - [01/Jul/2023:15:00:56 -0500] "GET /?author=21 HTTP/1.1" 200 319
45.114.246.68 - - [01/Jul/2023:15:00:55 -0500] "GET /?author=11 HTTP/1.1" 200 319
69.49.112.70 - - [01/Jul/2023:15:00:56 -0500] "GET /?author=22 HTTP/1.1" 200 319
69.49.112.70 - - [01/Jul/2023:15:00:56 -0500] "GET /?author=22 HTTP/1.1" 200 319
69.49.112.70 - - [01/Jul/2023:15:00:56 -0500] "GET /?author=23 HTTP/1.1" 200 319
69.49.112.70 - - [01/Jul/2023:15:00:56 -0500] "GET /?author=23 HTTP/1.1" 200 319
69.49.112.70 - - [01/Jul/2023:15:00:57 -0500] "GET /?author=24 HTTP/1.1" 200 319
69.49.112.70 - - [01/Jul/2023:15:00:57 -0500] "GET /?author=24 HTTP/1.1" 200 319
69.49.112.70 - - [01/Jul/2023:15:00:57 -0500] "GET /?author=25 HTTP/1.1" 200 319
69.49.112.70 - - [01/Jul/2023:15:00:57 -0500] "GET /?author=25 HTTP/1.1" 200 319
45.114.246.68 - - [01/Jul/2023:15:00:56 -0500] "GET /?author=11 HTTP/1.1" 200 319
69.49.112.70 - - [01/Jul/2023:15:00:57 -0500] "GET /?author=26 HTTP/1.1" 200 319
69.49.112.70 - - [01/Jul/2023:15:00:57 -0500] "GET /?author=26 HTTP/1.1" 200 319
69.49.112.70 - - [01/Jul/2023:15:00:58 -0500] "GET /?author=27 HTTP/1.1" 200 319
69.49.112.70 - - [01/Jul/2023:15:00:58 -0500] "GET /?author=27 HTTP/1.1" 200 319
69.49.112.70 - - [01/Jul/2023:15:00:58 -0500] "GET /?author=28 HTTP/1.1" 200 319
69.49.112.70 - - [01/Jul/2023:15:00:58 -0500] "GET /?author=28 HTTP/1.1" 200 319
69.49.112.70 - - [01/Jul/2023:15:00:58 -0500] "GET /?author=29 HTTP/1.1" 200 319
69.49.112.70 - - [01/Jul/2023:15:00:58 -0500] "GET /?author=29 HTTP/1.1" 200 319
69.49.112.70 - - [01/Jul/2023:15:00:58 -0500] "GET /?author=30 HTTP/1.1" 200 319
69.49.112.70 - - [01/Jul/2023:15:00:59 -0500] "GET /?author=30 HTTP/1.1" 200 319
45.114.246.68 - - [01/Jul/2023:15:00:58 -0500] "GET /?author=11 HTTP/1.1" 200 319
45.114.246.68 - - [01/Jul/2023:15:01:01 -0500] "GET /?author=12 HTTP/1.1" 200 319
45.114.246.68 - - [01/Jul/2023:15:01:02 -0500] "GET /?author=12 HTTP/1.1" 200 319
45.114.246.68 - - [01/Jul/2023:15:01:03 -0500] "GET /?author=13 HTTP/1.1" 200 319
45.114.246.68 - - [01/Jul/2023:15:01:05 -0500] "GET /?author=13 HTTP/1.1" 200 319
45.114.246.68 - - [01/Jul/2023:15:01:06 -0500] "GET /?author=14 HTTP/1.1" 200 319
45.114.246.68 - - [01/Jul/2023:15:01:07 -0500] "GET /?author=14 HTTP/1.1" 200 319
45.114.246.68 - - [01/Jul/2023:15:01:09 -0500] "GET /?author=15 HTTP/1.1" 200 319
45.114.246.68 - - [01/Jul/2023:15:01:10 -0500] "GET /?author=15 HTTP/1.1" 200 319
45.114.246.68 - - [01/Jul/2023:15:01:12 -0500] "GET /?author=16 HTTP/1.1" 200 319
45.114.246.68 - - [01/Jul/2023:15:01:16 -0500] "GET /?author=16 HTTP/1.1" 200 319
45.114.246.68 - - [01/Jul/2023:15:01:21 -0500] "GET /?author=17 HTTP/1.1" 200 319
45.114.246.68 - - [01/Jul/2023:15:01:22 -0500] "GET /?author=17 HTTP/1.1" 200 319
45.114.246.68 - - [01/Jul/2023:15:01:25 -0500] "GET /?author=18 HTTP/1.1" 200 319
45.114.246.68 - - [01/Jul/2023:15:01:25 -0500] "GET /?author=18 HTTP/1.1" 200 319
45.114.246.68 - - [01/Jul/2023:15:01:30 -0500] "GET /?author=19 HTTP/1.1" 200 319
45.114.246.68 - - [01/Jul/2023:15:01:31 -0500] "GET /?author=19 HTTP/1.1" 200 319
45.114.246.68 - - [01/Jul/2023:15:01:32 -0500] "GET /?author=20 HTTP/1.1" 200 319
45.114.246.68 - - [01/Jul/2023:15:01:34 -0500] "GET /?author=20 HTTP/1.1" 200 319
173.252.95.17 - - [01/Jul/2023:15:02:09 -0500] "GET /ruta-de-la-libertad-mas-de-400-animales-silvestres-fueron-liberados-por-la-secretaria-de-ambiente-en-el-cesar.html HTTP/1.1" 200 853
172.22.2.4 - - [01/Jul/2023:15:00:31 -0500] "HEAD /BLA/boletinlegal/ HTTP/1.1" 200 -
66.220.149.5 - - [01/Jul/2023:15:02:13 -0500] "GET /images/animales-silvestres-cesar.jpeg HTTP/1.1" 200 102021
173.252.79.1 - - [01/Jul/2023:15:02:13 -0500] "GET /ruta-de-la-libertad-mas-de-400-animales-silvestres-fueron-liberados-por-la-secretaria-de-ambiente-en-el-cesar.html HTTP/1.1" 200 853
69.171.249.9 - - [01/Jul/2023:15:02:23 -0500] "GET /ruta-de-la-libertad-mas-de-400-animales-silvestres-fueron-liberados-por-la-secretaria-de-ambiente-en-el-cesar.html HTTP/1.1" 200 853
173.252.107.116 - - [01/Jul/2023:15:02:38 -0500] "GET /ruta-de-la-libertad-mas-de-400-animales-silvestres-fueron-liberados-por-la-secretaria-de-ambiente-en-el-cesar.html HTTP/1.1" 200 853
172.22.2.4 - - [01/Jul/2023:15:01:21 -0500] "GET /BLA/boletinlegal/ HTTP/1.1" 200 58474
173.252.127.12 - - [01/Jul/2023:15:03:02 -0500] "GET /ruta-de-la-libertad-mas-de-400-animales-silvestres-fueron-liberados-por-la-secretaria-de-ambiente-en-el-cesar.html HTTP/1.1" 200 853
201.245.192.253 - - [01/Jul/2023:15:03:45 -0500] "POST /kwsrmcab/Wsrmcab  HTTP/1.1" 200 213
31.13.127.116 - - [01/Jul/2023:15:03:58 -0500] "GET /ruta-de-la-libertad-mas-de-400-animales-silvestres-fueron-liberados-por-la-secretaria-de-ambiente-en-el-cesar.html HTTP/1.1" 200 853
216.245.221.92 - - [01/Jul/2023:15:04:24 -0500] "HEAD / HTTP/1.1" 200 -
31.13.115.2 - - [01/Jul/2023:15:07:27 -0500] "GET /ruta-de-la-libertad-mas-de-400-animales-silvestres-fueron-liberados-por-la-secretaria-de-ambiente-en-el-cesar.html HTTP/1.1" 200 853
172.22.2.4 - - [01/Jul/2023:15:07:43 -0500] "GET /BLA/boletinlegal/actos.php HTTP/1.1" 200 9682
172.22.2.4 - - [01/Jul/2023:15:06:21 -0500] "HEAD /BLA/boletinlegal/ HTTP/1.1" 200 -
201.245.192.253 - - [01/Jul/2023:15:08:44 -0500] "POST /kwsrmcab/Wsrmcab  HTTP/1.1" 200 213
172.22.2.4 - - [01/Jul/2023:15:07:11 -0500] "GET /BLA/boletinlegal/ HTTP/1.1" 200 59192
216.245.221.92 - - [01/Jul/2023:15:09:24 -0500] "HEAD / HTTP/1.1" 200 -
69.171.249.119 - - [01/Jul/2023:15:12:13 -0500] "GET /ruta-de-la-libertad-mas-de-400-animales-silvestres-fueron-liberados-por-la-secretaria-de-ambiente-en-el-cesar.html HTTP/1.1" 206 853
69.171.249.5 - - [01/Jul/2023:15:12:13 -0500] "GET /ruta-de-la-libertad-mas-de-400-animales-silvestres-fueron-liberados-por-la-secretaria-de-ambiente-en-el-cesar.html HTTP/1.1" 206 853
69.171.249.118 - - [01/Jul/2023:15:12:13 -0500] "GET /ruta-de-la-libertad-mas-de-400-animales-silvestres-fueron-liberados-por-la-secretaria-de-ambiente-en-el-cesar.html HTTP/1.1" 206 853
69.63.184.120 - - [01/Jul/2023:15:12:31 -0500] "GET /entrenubes-raton-de-montana-se-alimenta-de-hongos-presentes-en-este-ecosistema-del-suroriente-de-bogota.html HTTP/1.1" 200 843
201.245.192.253 - - [01/Jul/2023:15:13:42 -0500] "POST /kwsrmcab/Wsrmcab  HTTP/1.1" 200 213
172.22.2.4 - - [01/Jul/2023:15:12:11 -0500] "HEAD /BLA/boletinlegal/ HTTP/1.1" 200 -
216.245.221.92 - - [01/Jul/2023:15:14:23 -0500] "HEAD / HTTP/1.1" 200 -
172.22.2.4 - - [01/Jul/2023:15:13:01 -0500] "GET /BLA/boletinlegal/ HTTP/1.1" 200 57272
201.245.192.253 - - [01/Jul/2023:15:18:41 -0500] "POST /kwsrmcab/Wsrmcab  HTTP/1.1" 200 213
216.245.221.92 - - [01/Jul/2023:15:19:23 -0500] "HEAD / HTTP/1.1" 200 -
173.252.111.117 - - [01/Jul/2023:15:19:29 -0500] "GET /images/mercados-campesinos-5-mayo.jpg HTTP/1.1" 200 95848
172.22.2.4 - - [01/Jul/2023:15:18:01 -0500] "HEAD /BLA/boletinlegal/ HTTP/1.1" 200 -
201.245.192.253 - - [01/Jul/2023:15:20:16 -0500] "POST /kwsrmcab/Wsrmcab HTTP/1.1" 200 42774
201.245.192.253 - - [01/Jul/2023:15:20:19 -0500] "POST /kwsrmcab/Wsrmcab HTTP/1.1" 200 43347
172.22.2.4 - - [01/Jul/2023:15:18:51 -0500] "GET /BLA/boletinlegal/ HTTP/1.1" 200 57272
191.95.131.140 - - [01/Jul/2023:15:22:31 -0500] "GET /galeria/galeria/jquery.fancybox.js?v=2.1.5 HTTP/1.1" 200 48706
191.95.131.140 - - [01/Jul/2023:15:22:31 -0500] "GET /BLA/boletinlegal/js/jquery.scrollShow.js HTTP/1.1" 200 4586
191.95.131.140 - - [01/Jul/2023:15:22:31 -0500] "GET /galeria/galeria/jquery.fancybox.css?v=2.1.5 HTTP/1.1" 200 4895
191.95.131.140 - - [01/Jul/2023:15:22:33 -0500] "GET /autoliquidacion2020 HTTP/1.1" 301 250
191.95.131.140 - - [01/Jul/2023:15:22:33 -0500] "GET /autoliquidacion2020/ HTTP/1.1" 200 6146
191.95.131.140 - - [01/Jul/2023:15:22:33 -0500] "GET /autoliquidacion2020/dlf/styles.css HTTP/1.1" 200 3045
191.95.131.140 - - [01/Jul/2023:15:22:33 -0500] "GET /autoliquidacion2020/dlf/folder.png HTTP/1.1" 200 410
191.95.131.140 - - [01/Jul/2023:15:22:33 -0500] "GET /autoliquidacion2020/dlf/bg.gif HTTP/1.1" 200 54
201.245.192.253 - - [01/Jul/2023:15:23:40 -0500] "POST /kwsrmcab/Wsrmcab  HTTP/1.1" 200 213
216.245.221.92 - - [01/Jul/2023:15:24:23 -0500] "HEAD / HTTP/1.1" 200 -
172.22.2.4 - - [01/Jul/2023:15:23:51 -0500] "HEAD /BLA/boletinlegal/ HTTP/1.1" 200 -
66.220.149.17 - - [01/Jul/2023:15:26:15 -0500] "GET /entrenubes-raton-de-montana-se-alimenta-de-hongos-presentes-en-este-ecosistema-del-suroriente-de-bogota.html HTTP/1.1" 200 843
172.22.2.4 - - [01/Jul/2023:15:24:41 -0500] "GET /BLA/boletinlegal/ HTTP/1.1" 200 57680
186.155.13.117 - - [01/Jul/2023:15:26:55 -0500] "GET / HTTP/1.1" 200 4720
186.155.13.117 - - [01/Jul/2023:15:26:57 -0500] "GET / HTTP/1.1" 200 4720
186.155.13.117 - - [01/Jul/2023:15:26:57 -0500] "GET /css/style.css HTTP/1.1" 200 3473
186.155.13.117 - - [01/Jul/2023:15:26:57 -0500] "GET /fonts/icomoon/style.css HTTP/1.1" 200 79820
186.155.13.117 - - [01/Jul/2023:15:26:57 -0500] "GET /css/bootstrap.min.css HTTP/1.1" 200 178212
186.155.13.117 - - [01/Jul/2023:15:26:57 -0500] "GET /js/url.js HTTP/1.1" 404 1294
186.155.13.117 - - [01/Jul/2023:15:26:57 -0500] "GET /favicon.ico HTTP/1.1" 404 1294
201.245.192.253 - - [01/Jul/2023:15:28:38 -0500] "POST /kwsrmcab/Wsrmcab  HTTP/1.1" 200 213
216.245.221.92 - - [01/Jul/2023:15:29:23 -0500] "HEAD / HTTP/1.1" 200 -
201.245.192.253 - - [01/Jul/2023:15:30:16 -0500] "POST /kwsrmcab/Wsrmcab HTTP/1.1" 200 42774
201.245.192.253 - - [01/Jul/2023:15:30:19 -0500] "POST /kwsrmcab/Wsrmcab HTTP/1.1" 200 43347
172.22.2.4 - - [01/Jul/2023:15:29:42 -0500] "HEAD /BLA/boletinlegal/ HTTP/1.1" 200 -
172.22.2.4 - - [01/Jul/2023:15:30:32 -0500] "GET /BLA/boletinlegal/ HTTP/1.1" 200 45164
172.22.2.4 - - [01/Jul/2023:15:30:44 -0500] "GET /BLA/boletinlegal/index.php HTTP/1.1" 200 45662
201.245.192.253 - - [01/Jul/2023:15:33:37 -0500] "POST /kwsrmcab/Wsrmcab  HTTP/1.1" 200 213
216.245.221.92 - - [01/Jul/2023:15:34:23 -0500] "HEAD / HTTP/1.1" 200 -
172.22.2.4 - - [01/Jul/2023:15:33:02 -0500] "GET /BLA/boletinlegal/ HTTP/1.1" 200 61404
35.203.211.232 - - [01/Jul/2023:15:34:44 -0500] "GET / HTTP/1.1" 200 319
207.46.13.208 - - [01/Jul/2023:15:34:47 -0500] "GET /BLA/resoluciones/AUTOS%202022/0703.pdf HTTP/1.1" 304 -
172.22.2.4 - - [01/Jul/2023:15:36:55 -0500] "GET /BLA/boletinlegal/Circulares/2019/.pdf HTTP/1.1" 404 1218
172.22.2.4 - - [01/Jul/2023:15:37:03 -0500] "GET /BLA/boletinlegal/Circulares/2012/Circular%20No.%2010%20del%2026%20de%20Enero%20de%202012.pdf HTTP/1.1" 404 1218
172.22.2.4 - - [01/Jul/2023:15:35:32 -0500] "HEAD /BLA/boletinlegal/ HTTP/1.1" 200 -
172.22.2.4 - - [01/Jul/2023:15:37:15 -0500] "GET /BLA/boletinlegal/jurisprudencia/analisis/AnalisisT-606-15.docx HTTP/1.1" 200 26698
172.22.2.4 - - [01/Jul/2023:15:37:16 -0500] "GET /BLA/boletinlegal/apple-touch-icon-120x120-precomposed.png HTTP/1.1" 404 1140
172.22.2.4 - - [01/Jul/2023:15:37:16 -0500] "GET /BLA/boletinlegal/apple-touch-icon-120x120.png HTTP/1.1" 404 1140
172.22.2.4 - - [01/Jul/2023:15:37:16 -0500] "GET /BLA/boletinlegal/apple-touch-icon-precomposed.png HTTP/1.1" 404 1140
172.22.2.4 - - [01/Jul/2023:15:37:16 -0500] "GET /BLA/boletinlegal/apple-touch-icon.png HTTP/1.1" 404 1140
172.22.2.4 - - [01/Jul/2023:15:37:16 -0500] "GET /BLA/boletinlegal/favicon.ico HTTP/1.1" 404 1140
172.22.2.4 - - [01/Jul/2023:15:37:16 -0500] "GET /BLA/boletinlegal/apple-touch-icon-120x120-precomposed.png HTTP/1.1" 404 1140
172.22.2.4 - - [01/Jul/2023:15:37:16 -0500] "GET /BLA/boletinlegal/apple-touch-icon-120x120.png HTTP/1.1" 404 1140
172.22.2.4 - - [01/Jul/2023:15:37:16 -0500] "GET /BLA/boletinlegal/apple-touch-icon-precomposed.png HTTP/1.1" 404 1140
172.22.2.4 - - [01/Jul/2023:15:37:16 -0500] "GET /BLA/boletinlegal/apple-touch-icon.png HTTP/1.1" 404 1140
172.22.2.4 - - [01/Jul/2023:15:37:16 -0500] "GET /BLA/boletinlegal/favicon.ico HTTP/1.1" 404 1140
65.154.226.167 - - [01/Jul/2023:15:37:18 -0500] "GET /portaldeninos/ HTTP/1.1" 200 110197
65.154.226.167 - - [01/Jul/2023:15:37:20 -0500] "GET /portaldeninos/wp-content/uploads/useanyfont/uaf.css?ver=1589905315 HTTP/1.1" 200 408
65.154.226.167 - - [01/Jul/2023:15:37:20 -0500] "GET /portaldeninos/wp-content/themes/betheme/style.css?ver=20.9.6 HTTP/1.1" 200 287
65.154.226.167 - - [01/Jul/2023:15:37:19 -0500] "GET /portaldeninos/wp-content/plugins/gallery-videos/CSS/Total-Soft-Gallery-Video-Widget.css?ver=4.9.8 HTTP/1.1" 200 51554
65.154.226.167 - - [01/Jul/2023:15:37:20 -0500] "GET /portaldeninos/wp-content/themes/betheme/assets/ui/jquery.ui.all.css?ver=20.9.6 HTTP/1.1" 200 18765
65.154.226.167 - - [01/Jul/2023:15:37:20 -0500] "GET /portaldeninos/wp-content/plugins/gallery-videos/CSS/totalsoft.css?ver=4.9.8 HTTP/1.1" 200 40622
65.154.226.167 - - [01/Jul/2023:15:37:20 -0500] "GET /portaldeninos/wp-content/themes/betheme/css/base.css?ver=20.9.6 HTTP/1.1" 200 57283
65.154.226.167 - - [01/Jul/2023:15:37:20 -0500] "GET /portaldeninos/wp-content/themes/betheme/assets/jplayer/css/jplayer.blue.monday.css?ver=20.9.6 HTTP/1.1" 200 9834
65.154.226.167 - - [01/Jul/2023:15:37:20 -0500] "GET /portaldeninos/wp-content/themes/betheme/assets/animations/animations.min.css?ver=20.9.6 HTTP/1.1" 200 58508
65.154.226.167 - - [01/Jul/2023:15:37:20 -0500] "GET /portaldeninos/wp-content/plugins/popup-maker/assets/css/site.min.css?ver=1.8.14 HTTP/1.1" 200 8260
65.154.226.167 - - [01/Jul/2023:15:37:20 -0500] "GET /portaldeninos/wp-content/themes/betheme/css/responsive.css?ver=20.9.6 HTTP/1.1" 200 55740
65.154.226.167 - - [01/Jul/2023:15:37:20 -0500] "GET /portaldeninos/wp-content/themes/betheme/css/shortcodes.css?ver=20.9.6 HTTP/1.1" 200 138889
65.154.226.167 - - [01/Jul/2023:15:37:20 -0500] "GET /portaldeninos/wp-content/themes/betheme/css/layout.css?ver=20.9.6 HTTP/1.1" 200 116639
65.154.226.167 - - [01/Jul/2023:15:37:20 -0500] "GET /portaldeninos/wp-content/plugins/google-analytics-for-wordpress/assets/js/frontend-gtag.min.js?ver=8.5.0 HTTP/1.1" 200 11801
65.154.226.167 - - [01/Jul/2023:15:37:20 -0500] "GET /portaldeninos/wp-includes/js/jquery/jquery-migrate.min.js?ver=1.4.1 HTTP/1.1" 200 10056
65.154.226.167 - - [01/Jul/2023:15:37:20 -0500] "GET /portaldeninos/wp-includes/js/jquery/ui/core.min.js?ver=1.11.4 HTTP/1.1" 200 4000
65.154.226.167 - - [01/Jul/2023:15:37:20 -0500] "GET /portaldeninos/wp-content/plugins/gallery-videos/JS/modernizr.custom.js?ver=4.9.8 HTTP/1.1" 200 9019
65.154.226.167 - - [01/Jul/2023:15:37:20 -0500] "GET /portaldeninos/wp-includes/js/jquery/jquery.js?ver=1.12.4 HTTP/1.1" 200 97184
65.154.226.167 - - [01/Jul/2023:15:37:20 -0500] "GET /portaldeninos/wp-content/plugins/gallery-videos/JS/Total-Soft-Gallery-Video-Widget.js?ver=4.9.8 HTTP/1.1" 200 80264
65.154.226.167 - - [01/Jul/2023:15:37:21 -0500] "GET /portaldeninos/wp-includes/js/jquery/ui/widget.min.js?ver=1.11.4 HTTP/1.1" 200 6908
65.154.226.167 - - [01/Jul/2023:15:37:21 -0500] "GET /portaldeninos/wp-includes/js/jquery/ui/mouse.min.js?ver=1.11.4 HTTP/1.1" 200 3148
65.154.226.167 - - [01/Jul/2023:15:37:21 -0500] "GET /portaldeninos/wp-includes/js/jquery/ui/accordion.min.js?ver=1.11.4 HTTP/1.1" 200 8584
65.154.226.167 - - [01/Jul/2023:15:37:21 -0500] "GET /portaldeninos/wp-content/themes/betheme/js/menu.js?ver=20.9.6 HTTP/1.1" 200 2449
65.154.226.167 - - [01/Jul/2023:15:37:21 -0500] "GET /portaldeninos/wp-includes/js/jquery/ui/tabs.min.js?ver=1.11.4 HTTP/1.1" 200 12110
65.154.226.167 - - [01/Jul/2023:15:37:21 -0500] "GET /portaldeninos/wp-content/themes/betheme/assets/animations/animations.min.js?ver=20.9.6 HTTP/1.1" 200 1896
65.154.226.167 - - [01/Jul/2023:15:37:21 -0500] "GET /portaldeninos/wp-content/uploads/2021/06/titulo-miambiente-ni%C3%B1os.png HTTP/1.1" 200 11944
65.154.226.167 - - [01/Jul/2023:15:37:21 -0500] "GET /portaldeninos/wp-includes/js/jquery/ui/sortable.min.js?ver=1.11.4 HTTP/1.1" 200 24899
65.154.226.167 - - [01/Jul/2023:15:37:21 -0500] "GET /portaldeninos/wp-content/themes/betheme/fonts/mfn-icons.woff?93978679 HTTP/1.1" 200 80932
65.154.226.167 - - [01/Jul/2023:15:37:21 -0500] "GET /portaldeninos/wp-content/uploads/2021/06/titulo-cabezote-ni%C3%B1os.png HTTP/1.1" 200 64425
65.154.226.167 - - [01/Jul/2023:15:37:21 -0500] "GET /portaldeninos/wp-includes/js/jquery/ui/position.min.js?ver=1.11.4 HTTP/1.1" 200 6527
65.154.226.167 - - [01/Jul/2023:15:37:21 -0500] "GET /portaldeninos/wp-content/themes/betheme/js/plugins.js?ver=20.9.6 HTTP/1.1" 200 197151
65.154.226.167 - - [01/Jul/2023:15:37:22 -0500] "GET /portaldeninos/wp-includes/js/wp-embed.min.js?ver=4.9.8 HTTP/1.1" 200 1398
65.154.226.167 - - [01/Jul/2023:15:37:21 -0500] "GET /portaldeninos/wp-content/themes/betheme/assets/jplayer/jplayer.min.js?ver=20.9.6 HTTP/1.1" 200 52702
65.154.226.167 - - [01/Jul/2023:15:37:21 -0500] "GET /portaldeninos/wp-content/themes/betheme/js/scripts.js?ver=20.9.6 HTTP/1.1" 200 77162
65.154.226.167 - - [01/Jul/2023:15:37:22 -0500] "GET /portaldeninos/wp-content/uploads/2019/08/Logo-Ambientic.png HTTP/1.1" 200 22941
65.154.226.167 - - [01/Jul/2023:15:37:22 -0500] "GET /portaldeninos/wp-content/plugins/popup-maker/assets/js/site.min.js?defer&ver=1.8.14 HTTP/1.1" 200 48457
65.154.226.167 - - [01/Jul/2023:15:37:22 -0500] "GET /portaldeninos/wp-content/uploads/2021/06/titulo-videos-ni%C3%B1os.png HTTP/1.1" 200 10502
65.154.226.167 - - [01/Jul/2023:15:37:22 -0500] "GET /portaldeninos/wp-content/uploads/2021/06/titulo-humedales-ni%C3%B1os.png HTTP/1.1" 200 13361
65.154.226.167 - - [01/Jul/2023:15:37:22 -0500] "GET /portaldeninos/wp-content/uploads/2020/01/Tierra-escenario.jpg HTTP/1.1" 200 181491
65.154.226.167 - - [01/Jul/2023:15:37:22 -0500] "GET /portaldeninos/wp-content/uploads/2018/10/oso.jpg HTTP/1.1" 200 305180
65.154.226.167 - - [01/Jul/2023:15:37:22 -0500] "GET /portaldeninos/wp-content/uploads/2020/05/fb.jpg HTTP/1.1" 200 9893
65.154.226.167 - - [01/Jul/2023:15:37:22 -0500] "GET /portaldeninos/wp-content/uploads/2020/01/Frailejon-escenario.jpg HTTP/1.1" 200 357472
65.154.226.167 - - [01/Jul/2023:15:37:22 -0500] "GET /portaldeninos/wp-content/uploads/2020/05/ig.jpg HTTP/1.1" 200 11470
65.154.226.167 - - [01/Jul/2023:15:37:22 -0500] "GET /portaldeninos/wp-content/uploads/2018/11/caneca.jpg HTTP/1.1" 200 262661
65.154.226.167 - - [01/Jul/2023:15:37:22 -0500] "GET /portaldeninos/wp-content/uploads/2020/06/yt.jpg HTTP/1.1" 200 10577
65.154.226.167 - - [01/Jul/2023:15:37:22 -0500] "GET /portaldeninos/wp-content/uploads/2018/11/tigrillo.jpg HTTP/1.1" 200 402961
65.154.226.167 - - [01/Jul/2023:15:37:23 -0500] "GET /portaldeninos/wp-content/uploads/2020/06/tw.jpg HTTP/1.1" 200 11056
65.154.226.167 - - [01/Jul/2023:15:37:23 -0500] "GET /portaldeninos/wp-content/themes/betheme/images/box_shadow.png HTTP/1.1" 200 108
65.154.226.167 - - [01/Jul/2023:15:37:23 -0500] "GET /portaldeninos/wp-includes/js/wp-emoji-release.min.js?ver=4.9.8 HTTP/1.1" 200 12026
65.154.226.167 - - [01/Jul/2023:15:37:23 -0500] "GET /portaldeninos/wp-content/themes/betheme/images/stripes/stripes_3_b.png HTTP/1.1" 200 974
65.154.226.167 - - [01/Jul/2023:15:37:22 -0500] "GET /portaldeninos/wp-content/uploads/2022/08/Infograf%C3%ADa-humedales-actualizada.png HTTP/1.1" 200 588022
65.154.226.167 - - [01/Jul/2023:15:37:23 -0500] "GET /portaldeninos/wp-json/pum/v1/analytics/?event=open&pid=1126&_cache=1688243794974 HTTP/1.1" 204 -
65.154.226.167 - - [01/Jul/2023:15:37:23 -0500] "GET /portaldeninos/wp-content/uploads/2019/06/CabezoteAMBIENTIC.mp4 HTTP/1.1" 206 6657810
65.154.226.167 - - [01/Jul/2023:15:37:23 -0500] "GET /portaldeninos/wp-content/uploads/2022/01/Conoce-lo-que-hace-la-Secretar%C3%ADa-de-Ambiente.mp4 HTTP/1.1" 206 6224106
65.154.226.167 - - [01/Jul/2023:15:37:22 -0500] "GET /portaldeninos/wp-content/uploads/2022/08/HUmedalConejera03-1.jpg HTTP/1.1" 200 6771420
172.22.2.4 - - [01/Jul/2023:15:36:22 -0500] "GET /BLA/boletinlegal/ HTTP/1.1" 200 57272
216.244.66.195 - - [01/Jul/2023:15:38:38 -0500] "-" 408 -
201.245.192.253 - - [01/Jul/2023:15:38:36 -0500] "POST /kwsrmcab/Wsrmcab  HTTP/1.1" 200 213
216.245.221.92 - - [01/Jul/2023:15:39:23 -0500] "HEAD / HTTP/1.1" 200 -
201.245.192.253 - - [01/Jul/2023:15:40:16 -0500] "POST /kwsrmcab/Wsrmcab HTTP/1.1" 200 42774
201.245.192.253 - - [01/Jul/2023:15:40:18 -0500] "POST /kwsrmcab/Wsrmcab HTTP/1.1" 200 43347
168.119.253.13 - - [01/Jul/2023:15:41:04 -0500] "GET / HTTP/1.1" 200 4720
168.119.253.13 - - [01/Jul/2023:15:41:07 -0500] "GET / HTTP/1.1" 200 319
186.102.50.41 - - [01/Jul/2023:15:41:37 -0500] "GET /kwssiamovil/sm/acme/a?s=U2FsdGVkX1/RRLA75maZaybDLRVHI+OcJlsFjvV9o2z22Sf0ioRiczsEZnb4EIAdy0meEIUh8BXC3nNdugvE+wIJcfqjLOtl7chGLszZts94rsUMr1QLnk3peQNla+WeGujcFQnKi0Rol8BimXg/n8dwLVSsel1BZsj/T4cT7Q3PY5ca5Gdd7IGNiXVywfKy0E7QI7FMsMFFzHJGRqTEwLBM47mpSXht0o4FVng6grVeJHJpJ2tUu4qA24OJQ+TEjH8LdL6ZE8y76YAGhU3Auw==&u=U2FsdGVkX1/s0j8ApFdeDj1UKo8gwRJFY0nx11SHmNs=&y=U2FsdGVkX1+eXCwImAok3c+fVujwfBShhV24QM9AyGHiXdjnS93euOOZ1fHjU/FB HTTP/1.1" 200 26
186.102.50.41 - - [01/Jul/2023:15:41:38 -0500] "GET /kwssiamovil/sm/acme/a?s=U2FsdGVkX1/zr4U8rW8z/LpeJLQ1L7hSN9eTsk4Kufw6PUwUc4glopscekZo0T9PxmkHEEOjLpUKwIyEO90OOkNaFlCAA5MIjtY/t3zUY/cNXFN4EOqdm8n1YuqoDodGAGboQUOx5KR/y1lo0sanAwy0AsYsMQ7JV7IS+2ipy0N2/Ki5t31X/4GoaUOT/k5sICLltSATdjTQNyPnfpg6vyojVCRl4pZxPwH5sQ7D2Cxitl0fzSErp/lhix+p/LuiEvvbZDvkpJhkrkKiyhSfm+N/nnrSd033MUeecsPYDoV3zWd2kAIAkL/AN7cK5z+WInD/o5+b0cA/Bd9yHxMcf1Mdcuvc+gHl6FQ4cPO594wbWdmKwQjYoj0estCFIm5+enkm8RXHBB4Q0Cu5VvWMhZlc52h9GpwiJuEtaodaZjFDdkNK/ThwwdpSgNgeG9qsoSdVKc3e4UCZwQAf2MekQz+wTKaGKw/73ZIRUtbK3tHJpp+D1VP0cmzxp1Y3HwGI+wGludZKHIN/pS8DUvw1x+qmueSfyJyt1jTo3BdnZF6oLYv9hVTvCj6FonrX/6M3ApHMq1sdyW0yQJG35QlReXp2lyKWm7KxJbglU96uyOPiu9YAHmAB+0CRFt+0+oIotd4h+5SBg103iMkatcGpW6SSusENpEz2wISNvloAI0E2RkcIsR1EqIuC50UbAfmDiJVSPwg5ccmSVkTivFZ3QiGCQIdXAfaol+kjB/HBsTTNu2eFvwUsq5JgQOzW+R6nYbX65uKCu0rElNJsUrjpsY+Ib02wig7h1NVuyo6NUXH92pkYS3yF9Kz09Nmuw5hGPOmQQ/0uMZFTOqFLwX4B279b+xTcrAGPLPDPGzRzKUEmHWeFuOy9OgG7WwRRVt//3EJM4hQnH3GpHjaWfKB0WjIHbs43KILoujeYcY/oIDbMyyQbIOtwFAAzMfoBqy4+QUd0Y+P2CeRAPqN/GH/fnMBftP85prTEab4WruWmkiaHU2/1xKGZD3HX2fA5JOS4tOlolEpBH6Q2dTZd0GktUwJ2pqB99DIj4dso/kJOym6MwSuZevX2XliR6EDXHJIgPbRBjxbrtHzlDDFXs0ywZQT6+u9/rLfc5dfQ1PJ4fGiyyzommRtqul30wHx3E+0wbWgcfTvAaxqBMOXq2bYtXtipXXNGg0rdLjvTKXgLviavYor9HTUIs7mPg6xjLyzTIFIFjL/rhCUjOFMCRE9DQ8IzwE/JzzFno4EoQxOei2bp/4qXl5NfTvrepJa3dJYmIYOINmFmPL0LCoQu38QPlN9Sdjds/1xZBerUqg4dpXBnIBzGvMPHkfcjDGvaHE/TwKRiI1xuBtqJ0Hc6hEzjG6ZbS+f1NwZY1jK946jE5Qn5G8VcF3NManToodGlbuiDc6yoeB1qf7D43S1JCKWtJYFlSSIjHNjaOfmw8MZBCOnazKMz2EzpGnU/0svjTjYCFvmHJj5Qo6zhzx2susLAP9jRnWMLWoLbPBXylpAeJ6yrt7//pBQwBtn8diML5pVUoy17SVj5bbH5LNKIkCk9VvsfnJVzBSVTmK5tSXYLW4aCIY8F2Z6uK3Bhdp85VLKC3CtoUhJZi0vu7CBt9+SxblazxPQNsStj9csqCIcH5lJ3FLCBGyr8TJwYYlV9GdzDSEk0zC5HATC0ssJ+PPyzJ+w4866QVXNHXHsgzYwdO/r0sCvkBm9yHZeXnJhddUviX0Vbb3G5pHy9c1s/r61d6tVeSvfpP9Cue3wLMw8EEn4FeBWM5twqLn1WqZTuk1tNMCPLp0IkVGhCtY0Hq+tpn1yh61OlNA2InQsbc81wsUKtSaUsyK8U/CjGo93L6y/0&u=U2FsdGVkX1/s0j8ApFdeDj1UKo8gwRJFY0nx11SHmNs=&y=U2FsdGVkX1+eXCwImAok3c+fVujwfBShhV24QM9AyGHiXdjnS93euOOZ1fHjU/FB HTTP/1.1" 200 26
186.102.50.41 - - [01/Jul/2023:15:41:38 -0500] "GET /kwssiamovil/sm/acme/a?s=U2FsdGVkX19VfaQSFdSFCKIBQhtaThEXAk1/X0TPm8FMCzl/DWo1TUOqyYGcR/ZbXrB8Xb/9+AUvE/ssp4yCu4YmNoAxBF3MRDEwzHN66wbiqtGTs2rqpZlwgk0NwLC4AZSxN9RRdm2jLL7o11OrxG6wcpfouaeF3jJpCwdU+yo=&u=U2FsdGVkX1/s0j8ApFdeDj1UKo8gwRJFY0nx11SHmNs=&y=U2FsdGVkX1+eXCwImAok3c+fVujwfBShhV24QM9AyGHiXdjnS93euOOZ1fHjU/FB HTTP/1.1" 200 26
186.102.50.41 - - [01/Jul/2023:15:41:38 -0500] "GET /kwssiamovil/sm/acme/a?s=U2FsdGVkX19J4JoBmFkXe/XjIsACe7hmhCu49KmbDJwnwd/t/yUQL9E81RhHU3Yv1CUXo93BVqIFj536ibBRBHXZ1q9U2xwyCgp38U4Popoa1T76QL/ARUSW2HVJLS+x/RQWtOd6HQuMGPNrCOuqKu6Re3+kGYO3MKmqFpJyzzE=&u=U2FsdGVkX1/s0j8ApFdeDj1UKo8gwRJFY0nx11SHmNs=&y=U2FsdGVkX1+eXCwImAok3c+fVujwfBShhV24QM9AyGHiXdjnS93euOOZ1fHjU/FB HTTP/1.1" 200 26
186.102.50.41 - - [01/Jul/2023:15:41:39 -0500] "GET /kwssiamovil/sm/acme/a?s=U2FsdGVkX1+Apr6amWR9laMsL1FOfViNw1TwQgasncOQlR9wwzwrngeit8+mOe6TAu/x2OEw5ctMn8qvx3s6RdHfPt82+ORHrz/QjJR1C9WcdqZC5iLCgQWNF8B803cyW5NxG7DUn0pZo6/U5Xn6i1wYtzL0WDgkOyIhUil98HU=&u=U2FsdGVkX1/s0j8ApFdeDj1UKo8gwRJFY0nx11SHmNs=&y=U2FsdGVkX1+eXCwImAok3c+fVujwfBShhV24QM9AyGHiXdjnS93euOOZ1fHjU/FB HTTP/1.1" 200 26
186.102.50.41 - - [01/Jul/2023:15:41:39 -0500] "GET /kwssiamovil/sm/acme/a?s=U2FsdGVkX1+2Rw78DwtIDHEV76axjUfTRCwNLwqa/yH29Zx4oZbx4wUY9e5HcipW+asgGr8/4SDCQ1BUeTRnMWC2V7V+iubGS+1XJwxjMd9COIo0TQPtxvqL6OqXCFh1H5Y3Gzkb+lRvbLT3J+e6c989AhYyVkavqItgaRvj29ZDH7dZhOCaiuoAKNEjXCLs&u=U2FsdGVkX1/s0j8ApFdeDj1UKo8gwRJFY0nx11SHmNs=&y=U2FsdGVkX1+eXCwImAok3c+fVujwfBShhV24QM9AyGHiXdjnS93euOOZ1fHjU/FB HTTP/1.1" 200 26
172.22.2.4 - - [01/Jul/2023:15:41:54 -0500] "GET /BLA/boletinlegal/jurisprudencia.php HTTP/1.1" 200 17583
172.22.2.4 - - [01/Jul/2023:15:42:09 -0500] "GET /BLA/boletinlegal/js/jquery1.js HTTP/1.1" 200 29846
172.22.2.4 - - [01/Jul/2023:15:42:09 -0500] "GET /BLA/boletinlegal/js/popup.js HTTP/1.1" 200 1270
172.22.2.4 - - [01/Jul/2023:15:42:13 -0500] "GET /BLA/boletinlegal/js/lib.js HTTP/1.1" 200 6474
172.22.2.4 - - [01/Jul/2023:15:41:22 -0500] "HEAD /BLA/boletinlegal/ HTTP/1.1" 200 -
173.252.95.16 - - [01/Jul/2023:15:43:27 -0500] "GET /secretaria-de-ambiente-exalta-a-personas-y-organizaciones-por-su-destacada-labor-en-la-educacion-ambiental.html HTTP/1.1" 200 972
201.245.192.253 - - [01/Jul/2023:15:43:36 -0500] "POST /kwsrmcab/Wsrmcab  HTTP/1.1" 200 213
172.22.2.4 - - [01/Jul/2023:15:42:12 -0500] "GET /BLA/boletinlegal/ HTTP/1.1" 200 57272
52.167.144.39 - - [01/Jul/2023:15:44:12 -0500] "GET /forest/ HTTP/1.1" 200 12041
216.245.221.92 - - [01/Jul/2023:15:44:23 -0500] "HEAD / HTTP/1.1" 200 -
87.250.224.79 - - [01/Jul/2023:15:48:16 -0500] "GET /portaldeninos/ HTTP/1.1" 200 110197
201.245.192.253 - - [01/Jul/2023:15:48:35 -0500] "POST /kwsrmcab/Wsrmcab  HTTP/1.1" 200 213
172.22.2.4 - - [01/Jul/2023:15:47:11 -0500] "HEAD /BLA/boletinlegal/ HTTP/1.1" 200 -
216.245.221.92 - - [01/Jul/2023:15:49:23 -0500] "HEAD / HTTP/1.1" 200 -
172.22.2.4 - - [01/Jul/2023:15:48:02 -0500] "GET /BLA/boletinlegal/ HTTP/1.1" 200 55739
213.180.203.205 - - [01/Jul/2023:15:50:16 -0500] "GET /portaldeninos/ HTTP/1.1" 200 110197
162.55.171.138 - - [01/Jul/2023:15:53:01 -0500] "GET / HTTP/1.1" 200 319
162.55.171.138 - - [01/Jul/2023:15:53:02 -0500] "GET / HTTP/1.1" 200 4720
201.245.192.253 - - [01/Jul/2023:15:53:33 -0500] "POST /kwsrmcab/Wsrmcab  HTTP/1.1" 200 213
216.245.221.92 - - [01/Jul/2023:15:54:23 -0500] "HEAD / HTTP/1.1" 200 -
172.22.2.4 - - [01/Jul/2023:15:53:02 -0500] "HEAD /BLA/boletinlegal/ HTTP/1.1" 200 -
172.22.2.4 - - [01/Jul/2023:15:53:52 -0500] "GET /BLA/boletinlegal/ HTTP/1.1" 200 56816
172.22.2.4 - - [01/Jul/2023:15:57:53 -0500] "GET /BLA/boletinlegal/.git/config HTTP/1.1" 404 1018
201.245.192.253 - - [01/Jul/2023:15:58:32 -0500] "POST /kwsrmcab/Wsrmcab  HTTP/1.1" 200 213
216.245.221.92 - - [01/Jul/2023:15:59:23 -0500] "HEAD / HTTP/1.1" 200 -
172.22.2.4 - - [01/Jul/2023:15:59:59 -0500] "GET /BLA/boletinlegal/actuator/gateway/routes HTTP/1.1" 404 1018
172.22.2.4 - - [01/Jul/2023:15:58:51 -0500] "HEAD /BLA/boletinlegal/ HTTP/1.1" 200 -
172.22.2.4 - - [01/Jul/2023:15:59:42 -0500] "GET /BLA/boletinlegal/ HTTP/1.1" 200 52855
201.245.192.253 - - [01/Jul/2023:16:03:31 -0500] "POST /kwsrmcab/Wsrmcab  HTTP/1.1" 200 213
216.245.221.92 - - [01/Jul/2023:16:04:23 -0500] "HEAD / HTTP/1.1" 200 -
172.22.2.4 - - [01/Jul/2023:16:04:41 -0500] "HEAD /BLA/boletinlegal/ HTTP/1.1" 200 -
66.249.66.6 - - [01/Jul/2023:16:06:23 -0500] "GET /entrenubes-raton-de-montana-se-alimenta-de-hongos-presentes-en-este-ecosistema-del-suroriente-de- HTTP/1.1" 404 1034
172.22.2.4 - - [01/Jul/2023:16:05:32 -0500] "GET /BLA/boletinlegal/ HTTP/1.1" 200 52855
172.22.2.4 - - [01/Jul/2023:16:07:42 -0500] "GET /BLA/boletinlegal/robots.txt HTTP/1.1" 404 1038
207.46.13.208 - - [01/Jul/2023:16:08:23 -0500] "GET /BLA/resoluciones/index.php?dir=RESOLUCIONES+1992%2F HTTP/1.1" 200 2871
201.245.192.253 - - [01/Jul/2023:16:08:30 -0500] "POST /kwsrmcab/Wsrmcab  HTTP/1.1" 200 213
186.102.60.163 - - [01/Jul/2023:16:08:45 -0500] "GET /kwssiamovil/sm/ldap/au?x=U2FsdGVkX19PS6OaoLAeYOca1JxdMkm70QsWsFxSCldzkNJQSUUN5CKZ21YsD5mr&y=U2FsdGVkX195ToJ1xHmvGZqNssiMPKxeJd4yDg4pwoY= HTTP/1.1" 200 30
186.102.60.163 - - [01/Jul/2023:16:08:45 -0500] "GET /kwssiamovil/sm/acme/s?s=U2FsdGVkX191qo/pV38OKEpCCECeDbI/VgvObhb1NOmj/17FbJwqS81KPlm8Vp9OeDO/7MePlPybxDEkoPqTf74+uqPwMpOE5Kn5KVRgoPs=&u=U2FsdGVkX1/8D1uWVItBTcwdn2Jgmhd4LaBdOzqbp3c=&y=U2FsdGVkX195ToJ1xHmvGZqNssiMPKxeJd4yDg4pwoY= HTTP/1.1" 200 97
186.102.60.163 - - [01/Jul/2023:16:08:45 -0500] "GET /kwssiamovil/sm/acme/s?s=U2FsdGVkX180dhw8qg2QUSJkxLz+JzmFRtPfFd5iGHZyQAt0uFZ/prr3gAq3/dzMO7l5+kaVteqidVrKCEmk34WuRQowKKEd2UvXu4CpBSRThJ/2MFiR5ghEkKp81rr1ZxYYfvxEaA0V4TyAmYhSSyH+FJKTzppOsXB+ui+ZsSUbV8W65V+9qMHu2wY/hsVAgAvFhjY4sh7nEPMuvIA/lyPu7wJ2Jm0JR3JWC9PirIexOuWb6rkQX6PlIieFuf7cCE+RHOKria2BusWFi5zGGFUHrmH0hwqOBvkmqsUcH5F2Zj/dhsytjnEvxm8qsjbzq1BDZRwYweFQv6UJ2Xkx9jAR3NpCLuDHsiaWzXXygUpkzNd6ELA4B94U5jgeVuQGvzZBaTdXn50ZNjEbcRlUt51ok1gIXSDMW/AcRcytAOCol8E7o4ltz8bDKxOoi8ZFjUjy6ZXGL2Qc2DBwPvCn/LB6dk6NponuUQCanh3/FXaPz9b72r8rfCWZnncYECYs8mmLqQGx5KptmYCidXKrc8B9f+bdwftU9Q7ouxKqqilLAGswTT2h5y4EjgFj+i6Q/POhL9rd68Pnstu+s4nRermgotJIWoovV7g1Hg3DNeRHqdBdSWAZIXLI/o9ORrfZ3mCR0AXpZ4NbU6YQ8rC7RM3qT3tTjZPouTSPNxv6pIIquLo1ToWuSFvUCA1KOEFNvKOcrd/JMjW68HdN1YQeHKTcD2n7NJoR2k4YwPERkqNcpoMyZHAhySgvBCPaiSqPZ9NY2Wg67gPjVyvIMaPRMelEyW7Qx+fCNSgQxvQbK/4LDO+jzeaYPQSJesEGLmmiCujsHHQsSw926CQ9UpLfItV4u5p3VKkVvpn5dP8DmOTX0vX8KEZWkmwqPpstJSsGA6VeWxNs/xfXRqEfxA0S5XTm595KCBwIZj+0UqBsTR1Adxo7bO+QqgD7KxAsIUlxfz2UWdIzcxyOySgm27AWTshEpZQsOg1QqdBUjI/W1zYnxFpw4Lvs6gAnvmqOK9a9UYeAr77ni+TzJKM5BZzWBD2MkrOlUrJ3BuIp3nhZ6BIYPQfRi1rUXHu03WG06LY0l19Y6HCqfFJ/m6yxQtwZjzX1rZVXuQ+oGbkykxf0waSiUSXBAekcZykwZw7eYusXlTOu1QO49rV6L3VGtXpXsYb6Ik24F16rD2GG5s5S0qhaDYK611eDj28SYPYoPMuyi7hsRQJLr7+gB90HDX9Icnw9fH5Ejq5MT0Pf+sC9Jsp/ADo9CjWaknri2fC944BTbamDmhi5b3ywIF0zfOZT4gpRZbbNTjJtWvtaCYjGgTN6aG0E9SNeCpKA7UOIYkmsfeUFIDeergqAzJIYkyr4f8gbyD4v00I9+xI1xsKyKnEb2ws6kxD3O/hyyikDe/5o/ilPGaWmQeEcM9Gm5ub9PotQfgm5s4BlExTO2sRVf7BPtsRMpZ6TPCSMUMGRseIWxqfaZZEbnNXB76Sk/myxZfyIg5GcJFcS5Tp44ZzTWZ9zcRO2LyqJxc/86NwZ9cjFLo93u1lOVRZ/quFlXY9yFVOg1AjjhL9JiI+WGvArRdy0kkR+ACJkXmtF3NiNzqOLYURLNNJh3K894q4OTCdpb++hZKI7iqV6uEj+XaIE0MM3VFpb7EweZebvulsTafsX5igIZlyU8NCwV9mFGbkpw5a/diXYzZZ0D7xaHkzqqv79oUEeeMEQvvdKbNC/GFJbD62O+wRZ4yC30F5xMdkiIE7r0ZpcTFodYontPd7Zhzs=&u=U2FsdGVkX1/8D1uWVItBTcwdn2Jgmhd4LaBdOzqbp3c=&y=U2FsdGVkX195ToJ1xHmvGZqNssiMPKxeJd4yDg4pwoY= HTTP/1.1" 200 2287
186.102.60.163 - - [01/Jul/2023:16:08:46 -0500] "GET /kwssiamovil/sm/acme/s?s=U2FsdGVkX187sHMchBL2TjaxXIdbobIcsW3ZCUkOBhOTkhPTubvgwb3mQLYEKdMWrbp8277TROrZrQ1aFQy0GxfN0wJOlarE4WdSvGVjomrThsEy0w/Ee6k1CAVQ9Cn0xGD5yS0xl/Pwt42VGU7S6OLrC31BigoNOrc16aHiE+DX068/UDl5qH7aZZrmL91plizOIwI3IZgk1D5hs2IbZWlPZ/RxViaIvuuIYly7qpl7H/qOKqyRXdLC7inVJiUF+YGsTrPEpLnZ1lLWqFNwgxlgnlDGGqrlPBA9226zkATBKWwvHfjPFkiamHjmLrFDXb26Xh35s4OxdlkDOxp5tpB6OW/FI/imkIlFx5daSs50ZQR8OCdvNkTx5eTqt1goPXbWvW8xXt31EtdhJAnBFIziJHjEOkgU5NO1OE/+kgVCEag2dCyOTYOExo4LWMv0Dz1rY96e5OwXFA1dBhUucXHASHHn3L8VcxrMoOI3J9MN5eMSLPA6LV/EjX2DiaFNZU967MCW8tMoc+ucRdD7qJsLshUpSYCm9Z0o/5hbajLvNTpuv4PM9gFvLNCSiijTUbcVGm4P9++sjUIO+m3h9VPNbnSW0ruX1QQT6EE9+E83o1J4sKGxknMu/wW5ktNYi5bzq3zFmniJJOva+ABaubpRPFCttk7ab8n/gq5THgjVfgmwIhZ9CVvgqdXusDoXiV3bOtExy9Af2VC3s9ItsVYFIPUilfOPeLgLugGIcIWQD/JL1yvr4yPE1u3xacUk&u=U2FsdGVkX1/8D1uWVItBTcwdn2Jgmhd4LaBdOzqbp3c=&y=U2FsdGVkX195ToJ1xHmvGZqNssiMPKxeJd4yDg4pwoY= HTTP/1.1" 200 208
186.102.60.163 - - [01/Jul/2023:16:08:46 -0500] "GET /kwssiamovil/sm/cjson/pre?f=1&x=U2FsdGVkX19PS6OaoLAeYOca1JxdMkm70QsWsFxSCldzkNJQSUUN5CKZ21YsD5mr HTTP/1.1" 200 31032
216.245.221.92 - - [01/Jul/2023:16:09:23 -0500] "HEAD / HTTP/1.1" 200 -
186.102.60.163 - - [01/Jul/2023:16:10:17 -0500] "GET /kwssiamovil/sm/ldap/au?x=U2FsdGVkX18szLYhx3NG/3QIKfDBiwfqoVY/vsvICbnvK1QtBwjSUTlzR3z1OnzU&y=U2FsdGVkX1/i3uf9cSb4eQhvKBuU40UnfvyAYNy4H5s= HTTP/1.1" 200 30
186.102.60.163 - - [01/Jul/2023:16:10:18 -0500] "GET /kwssiamovil/sm/acme/s?s=U2FsdGVkX19zcUokX9xSwaAKZIjlCEnkFmJyukydT3B7ATH4DKUxjT+BZJB534KC5rPdw+s2mNsqdshTmhJKdauwMUxOahbbOKYsi77vztQ=&u=U2FsdGVkX1/k6DuoeULiFaGKy7zp7JrsXASPr83et28=&y=U2FsdGVkX1/i3uf9cSb4eQhvKBuU40UnfvyAYNy4H5s= HTTP/1.1" 200 97
186.102.60.163 - - [01/Jul/2023:16:10:18 -0500] "GET /kwssiamovil/sm/acme/s?s=U2FsdGVkX1/gZ/6W0xoQITKrDR4PQDUyn++tAWluCSWp6LG2RJWinH1Q0QG+Y4AY07lQPk5lXHhWyNawoENhfINq06+sJUvDnmh5GXs28xXmi3MvErOiMPMzLKRl88wKzG1MOLpmkX1/15Hkd+nvdKR3Pg2Wk9XYwRmGhbCgOoVnQIzZCaQrGcX9DdOSFDTlD4LJLXV2mkDhkFhNaZRsQrX/fV7/qWijpjkujrtcuNroifdjWt0Nm4CoseDrs70YucV/ljn7umQnfHRRKKem8sg6abfHKLwQih4P5lcTPn8JYOHjxmkMQhGTKbf5N/jYKdFkEqbWsRdMhgAPuCoyDqPD/+RwCFIKIA4AquQZWMo12qvMqMqlA6sQixXwcIyUd4fczrL2oQpthG5Klwr0XMd/JjFjw2M/JG30LLoGb9clgXj/ZnPwq7d27gCKj2ajj1qFfKxGUwbivOt7o1aHSnHw6A+GS1hq35lf+EXdhdyyHfhEwpM3FCosTcnwomvaxwAlvxUXZhheYMP2Jh2sWax8LfoWv7YHC0zK9HSY5NBiAVEYgpaCo0CEl+axnscAFHDeuhunnd1lVgwL5aoXodqSUG+7o/mRZRPY1U4NBJim95/ZVePf9Mse9aRscDWzC8HZnxVkIkfMkSWYbhMhaaI1XHagLNc7py6kKDyuOJ2QeEkY1i35JJ6TnVluRvJrK0hw4oJaljqekSnslZmPASidkH3Omx6j7fQGpCkNLfH7kzf6mM92cdF5/uCESaL8iMPlfatI5DAR7VpG37kn2Zz2ddjYswniUsMp4UrhlVnyzacYe35Ga4fXf/IMEJRwdi6mW+j6QZH3fGnN1gcblbqZRDT+F3CsPQSVW5YgDHZHtQA7hQgDwKZrT5ccNGFJwIMsUKNgkLiM2wT6JqCNvCIloef2HVrhdqB3qGxVAYZssndyRjGGCAfDSa2UzyGPRIWlast9XvSM5fK6JM22zBmPEbO8jmldzi6e91lXiN0A15hdqYszn2BK7p63ARA8wFP08ZzX+fXV8GV0008qL89f8yC4GsBGJoEjD+4rQfgdsuaXT1uu96YtJyue5BfOI3CRA9nbjuYLMq7hCfQmQEtkUKS5Qgd27FAB8jbin8FGQ2nz84nXVj8MdwYuJ35cTSzGCYGA/PXg4Elxo37sXTZQcqwukPKKDUPGg3CQMrI0xoT18LeQAOswPf/5YIhRYMFpr2LWZMNZme9wCQSIxa1FzNGF9NZk0bYg6IMZwwtg8kdn3mxKFnUsIiDrVi7aemsNUjPracOwvvZtuwJq9UZojqSD9MMJVrUmRUCupdAFL47STXVtx8UewR2Xs3OpJkkgu555VZgS0bi/+EOARx9N3i4wo82bOft0sC+cvxbt8ASRDPd264N1X93SuEP8W5ga2HLmjqDyL0aAkI+s7FUrdKcGSGSbQsPwsxMxZUzD5ZNIRoiSi+Tuqy8bXShyEKZtee75xiS/GULS50gPjQUYUcg4Nhltr52qDpHAFrSl/BDU9hG5qDs/Y4nb6Z22wwSfriygmOuMFhNR1tOaK+ecn7YRJW5qLoNgjlH60XpDg1pHBQRfW9DJdtRcoi8Ms88zjb6/9zJSfCWTT2xkUYnrIqPKpqK3vjOpSCJJpWJc1T4XunHyaOagsQR3J4Tk8/HanV2KA9xHNAHAXbeuAK/reeBJPVMmfjn0xUa7EeT/v+hEPuBrXanvNZffAoAeUPGE9TLSJQJNbEB8ckYjoods/ZWXx7beVTl6CJlJUa0=&u=U2FsdGVkX1/k6DuoeULiFaGKy7zp7JrsXASPr83et28=&y=U2FsdGVkX1/i3uf9cSb4eQhvKBuU40UnfvyAYNy4H5s= HTTP/1.1" 200 2287
186.102.60.163 - - [01/Jul/2023:16:10:18 -0500] "GET /kwssiamovil/sm/acme/s?s=U2FsdGVkX1+CZClskuCw2VR518rOg7u8nK0/KEQy6UYfhH3Y9z/myH5+PXEfidzSjTfJk4GpTkcAKb//gMgJmGamscIn0GTEusP9OafOzlzderR5n9SQeamg+TGjwaSnKI23DM4TcVSbg6AwHiYGvYWPjzbD+lGUktCFzb5KgX881TQDA9BsgjQ5ZbOTkwRYEUza3tLERWvaxEHetMTt+aLnMo1dXOl3AsEDII18ljeJKCEmQJeOEr89H+gO7cXXY+5KOVGhD3o4YhqrQsw+nQSQYO8dgsEbuXiJBMgmrvCaS7k+GtZ28aAa4Pml4sNDGItm49NOch+Sy4mN1U9zagLBz5MYFc13vHHEKvGlwzIdC8Lod6TGQB3FWyFt/1JAnN+xFTqkf+EEFFDq4ijNP+56sYlF64vi6Hvoe1eruX7UdS6qOEChAemwwIlxxz+5ecW3WMG5TEvgkq/BKbkJrAdED7dswtGGAzgjGpRcyX7LAHS4CQWTpplbRH0tMTq6CkV5zXMw98WCfEJ90ZcK3reTuaQwZNEQvFEqLewpZea55XCuXFe7es5mvxckmvhO9CZ3UK+5tp87k6uVBoKw2Rwscdih5LyksoX920copQC3cDwo/ZY/trDjfFJLcdviuAknd5FcRwI0pVru7yQHGO2Dqc4xU7/6brRmj9/xYB2arfLR8al+cu/7WAh9cC4VDfCya8YcFO8RpodSgzS7Lw/5g+4h4FJIH0V3VNXQ6Mg08Qk+V9qttXp2lHPVzJzF&u=U2FsdGVkX1/k6DuoeULiFaGKy7zp7JrsXASPr83et28=&y=U2FsdGVkX1/i3uf9cSb4eQhvKBuU40UnfvyAYNy4H5s= HTTP/1.1" 200 208
186.102.60.163 - - [01/Jul/2023:16:10:18 -0500] "GET /kwssiamovil/sm/cjson/pre?f=1&x=U2FsdGVkX18szLYhx3NG/3QIKfDBiwfqoVY/vsvICbnvK1QtBwjSUTlzR3z1OnzU HTTP/1.1" 200 31032
116.202.20.140 - - [01/Jul/2023:16:10:44 -0500] "GET / HTTP/1.1" 200 4720
116.202.20.140 - - [01/Jul/2023:16:10:45 -0500] "GET / HTTP/1.1" 200 319
172.22.2.4 - - [01/Jul/2023:16:10:31 -0500] "HEAD /BLA/boletinlegal/ HTTP/1.1" 200 -
172.22.2.4 - - [01/Jul/2023:16:11:22 -0500] "GET /BLA/boletinlegal/ HTTP/1.1" 200 56816
40.77.167.177 - - [01/Jul/2023:16:13:28 -0500] "GET / HTTP/1.1" 200 319
201.245.192.253 - - [01/Jul/2023:16:13:29 -0500] "POST /kwsrmcab/Wsrmcab  HTTP/1.1" 200 213
216.245.221.92 - - [01/Jul/2023:16:14:24 -0500] "HEAD / HTTP/1.1" 200 -
172.22.2.4 - - [01/Jul/2023:16:16:21 -0500] "HEAD /BLA/boletinlegal/ HTTP/1.1" 200 -
212.129.57.169 - - [01/Jul/2023:16:18:13 -0500] "GET /mas-de-100-arboles-fueron-plantados-en-el-humedal-de-techo.html HTTP/1.1" 200 750
51.159.195.16 - - [01/Jul/2023:16:18:14 -0500] "GET /ruta-de-la-libertad-mas-de-400-animales-silvestres-fueron-liberados-por-la-secretaria-de-ambiente-en-el-cesar.html HTTP/1.1" 200 853
212.129.57.169 - - [01/Jul/2023:16:18:16 -0500] "GET /llantaton-1412-llantas-fueron-entregadas-por-empresas-y-ciudadania.html HTTP/1.1" 200 749
51.159.194.199 - - [01/Jul/2023:16:18:17 -0500] "GET /secretaria-de-ambiente-presenta-cartilla-con-el-protocolo-para-el-manejo-y-control-de-la-langostilla-de-rio.html HTTP/1.1" 200 857
212.129.57.169 - - [01/Jul/2023:16:18:17 -0500] "GET /cuatro-animales-silvestres-fueron-recuperados-en-usme-usaquen-y-el-aeropuerto-el-dorado.html HTTP/1.1" 200 733
51.159.194.199 - - [01/Jul/2023:16:18:18 -0500] "GET /reverdeciendo-bogota-mas-de-100-arboles-se-plantaron-en-el-humedal-capellania.html HTTP/1.1" 200 811
51.159.194.199 - - [01/Jul/2023:16:18:23 -0500] "GET /mas-de-28-toneladas-de-residuos-se-recolectaron-en-la-primera-reciclaton-2023.html HTTP/1.1" 200 726
51.159.194.199 - - [01/Jul/2023:16:18:26 -0500] "GET /proyecto-avantia-con-la-union-europea-busca-especialista-en-cambio-climatico.html HTTP/1.1" 200 814
51.159.194.199 - - [01/Jul/2023:16:18:26 -0500] "GET /entrenubes-raton-de-montana-se-alimenta-de-hongos-presentes-en-este-ecosistema-del-suroriente-de-bogota.html HTTP/1.1" 200 843
51.159.195.16 - - [01/Jul/2023:16:18:26 -0500] "GET /mujeres-que-reverdecen-y-sistema-de-cuidado-ejemplo-de-que-ambiente-y-cuidado-trabajan-juntos.html HTTP/1.1" 200 893
51.159.194.199 - - [01/Jul/2023:16:18:26 -0500] "GET /acuerdos-de-conservacion-camaras-trampa-registran-fauna-en-la-reserva-umbral-cultural-horizontes.html HTTP/1.1" 200 818
51.159.195.16 - - [01/Jul/2023:16:18:27 -0500] "GET /con-actividades-pedagogicas-y-recreativas-bogota-disfruto-y-conmemoro-la-semana-ambiental.html HTTP/1.1" 200 821
51.159.195.16 - - [01/Jul/2023:16:18:27 -0500] "GET /calidad-del-aire-distrito-avanza-unido-por-un-nuevo-aire.html HTTP/1.1" 200 783
201.245.192.253 - - [01/Jul/2023:16:18:28 -0500] "POST /kwsrmcab/Wsrmcab  HTTP/1.1" 200 213
51.159.195.16 - - [01/Jul/2023:16:18:35 -0500] "GET /distrito-planto-mas-de-300-arboles-en-corredor-vial-de-la-aurora-en-usme-para-celebrar-el-dia-mundial-del-arbol.html HTTP/1.1" 200 1023
51.159.195.16 - - [01/Jul/2023:16:18:36 -0500] "GET /mesa-de-mitigacion-y-adaptacion-al-cambio-climatico-cambio-de-habitos-y-reverdecer-de-bogota.html HTTP/1.1" 200 837
173.252.87.2 - - [01/Jul/2023:16:18:44 -0500] "GET /mirla-un-ave-que-recorre-y-habita-diferentes-ecosistemas-de-bogota.html HTTP/1.1" 200 728
172.22.2.4 - - [01/Jul/2023:16:17:12 -0500] "GET /BLA/boletinlegal/ HTTP/1.1" 200 59192
173.252.127.6 - - [01/Jul/2023:16:19:03 -0500] "GET /mirla-un-ave-que-recorre-y-habita-diferentes-ecosistemas-de-bogota.html HTTP/1.1" 200 728
216.245.221.92 - - [01/Jul/2023:16:19:23 -0500] "HEAD / HTTP/1.1" 200 -
201.245.192.253 - - [01/Jul/2023:16:20:16 -0500] "POST /kwsrmcab/Wsrmcab HTTP/1.1" 200 42907
201.245.192.253 - - [01/Jul/2023:16:20:19 -0500] "POST /kwsrmcab/Wsrmcab HTTP/1.1" 200 43359
173.252.111.7 - - [01/Jul/2023:16:20:48 -0500] "GET /san-benito-circular-una-apuesta-para-la-transformacion-sostenible-de-la-industria-manufacturera-en-bogota.html HTTP/1.1" 200 933
66.249.70.196 - - [01/Jul/2023:16:20:58 -0500] "-" 408 -
201.245.192.253 - - [01/Jul/2023:16:23:27 -0500] "POST /kwsrmcab/Wsrmcab  HTTP/1.1" 200 213
172.22.2.4 - - [01/Jul/2023:16:22:11 -0500] "HEAD /BLA/boletinlegal/ HTTP/1.1" 200 -
216.245.221.92 - - [01/Jul/2023:16:24:23 -0500] "HEAD / HTTP/1.1" 200 -
172.22.2.4 - - [01/Jul/2023:16:23:02 -0500] "GET /BLA/boletinlegal/ HTTP/1.1" 200 57272
172.22.2.4 - - [01/Jul/2023:16:26:09 -0500] "HEAD /BLA/boletinlegal/ HTTP/1.1" 200 -
31.13.127.21 - - [01/Jul/2023:16:28:07 -0500] "GET /entrenubes-raton-de-montana-se-alimenta-de-hongos-presentes-en-este-ecosistema-del-suroriente-de-bogota.html HTTP/1.1" 200 843
201.245.192.253 - - [01/Jul/2023:16:28:26 -0500] "POST /kwsrmcab/Wsrmcab  HTTP/1.1" 200 213
66.249.70.196 - - [01/Jul/2023:16:28:29 -0500] "-" 408 -
152.203.250.179 - - [01/Jul/2023:16:29:17 -0500] "OPTIONS /kwssiamovil/sm/setfile/f? HTTP/1.1" 200 13
152.203.250.179 - - [01/Jul/2023:16:29:17 -0500] "POST /kwssiamovil/sm/setfile/f? HTTP/1.1" 200 381
152.203.250.179 - - [01/Jul/2023:16:29:19 -0500] "OPTIONS /kwssiamovil/sm/setfile/f? HTTP/1.1" 200 13
152.203.250.179 - - [01/Jul/2023:16:29:19 -0500] "POST /kwssiamovil/sm/setfile/f? HTTP/1.1" 200 381
152.203.250.179 - - [01/Jul/2023:16:29:21 -0500] "OPTIONS /kwssiamovil/sm/setfile/f? HTTP/1.1" 200 13
152.203.250.179 - - [01/Jul/2023:16:29:22 -0500] "POST /kwssiamovil/sm/setfile/f? HTTP/1.1" 200 381
216.245.221.92 - - [01/Jul/2023:16:29:23 -0500] "HEAD / HTTP/1.1" 200 -
152.203.250.179 - - [01/Jul/2023:16:29:24 -0500] "OPTIONS /kwssiamovil/sm/setfile/f? HTTP/1.1" 200 13
152.203.250.179 - - [01/Jul/2023:16:29:24 -0500] "POST /kwssiamovil/sm/setfile/f? HTTP/1.1" 200 381
152.203.250.179 - - [01/Jul/2023:16:29:26 -0500] "OPTIONS /kwssiamovil/sm/setfile/f? HTTP/1.1" 200 13
152.203.250.179 - - [01/Jul/2023:16:29:27 -0500] "POST /kwssiamovil/sm/setfile/f? HTTP/1.1" 200 381
152.203.250.179 - - [01/Jul/2023:16:29:39 -0500] "GET /kwssiamovil/sm/acme/a?s=U2FsdGVkX19wWvEEcHTn5NNaTFfbGaD2rB9EC7WDTsDjY5/6Yo+6T1weyocq4QxqTYcbhpAURSVqISkR1CYKw6K5biNOCGiynGSOWOUDZ7LANzbCeLQSo9kJWQQCVuLYivdWG+4GWkqO3OvoVR0KfRgNwnxoow9cYFuFPMd3bLnMcYPXJJkIvg8Z1F6yW92UfskLS0A9PA4d2K57xQla7hpSt24uMBROtrVjBQ0X9Ubt6x/NajVlopj/4Cmdpq3uLgXvsUTRycwLnZiyRRM2TQ==&u=U2FsdGVkX1/pbE5C019xy3Vyp2Jcl9ZS6UKGXXtlNaCxAZInm9YU7O0uBrqc47Pl&y=U2FsdGVkX19GOOv4We7nLuR4He7TDedzVURad+xwoe+a2KzSufXpRWNsoE7NfBtg HTTP/1.1" 200 26
152.203.250.179 - - [01/Jul/2023:16:29:39 -0500] "GET /kwssiamovil/sm/acme/a?s=U2FsdGVkX1/oZyXIjcEXrQwzLof/vMs7Muui3I5W0Yvtp9Ue4zGcMFeG0kuomhC6rZE7MLqL48U21FoKuCz+pHglWcmSdDPJE1uWLa1iAn1AkYgKcewRoIz6ruty6S01ttWGv4dgZi8mpMyeedbEufxUpNSXo6r8VojDeS4CwbM8dEvxjo8TpF1kNq/y4nb8IPsylW7epBmNvxingDYChWSYpG4nrwpx3QjCrXYQs11z/s2qAIbO526RYtuHn0ELrCkozcVZZK+zm2ei8bYHkySDdhtp7sZkzZzwpr6RIPu/WzSSPjXiNP966pHOcXUaD0YI0BvZbHKN/aMhwDLryl40nRmjtfVZPqNRPu8jehYWnxeeBJ36KFMAKEAWoSL1UreYIvoZxYJTedivf+Bq1mqqPihBsBprHtsMrf56ijvviSA/5+AZZNa/6VocymhGsQ0iZIOOcj3852GXjnkRIcEyYhW8dzBQZpQ6TTD2LO18lKYmPQMk6NWn7csgFeIRyMI0oDpxe8HNNcMGQrz2G151T59IAGma9nRFa1EHWobRfJXJLZl8glyUaFW11V7yBETZcvWh40uB+2fabDQKhVTYhfddXoTN2DGm8k+/lkvKRrs87bRxbdKWCrPXd+mGdsc46oO1qWI+GKGauwltQ6Aq4VCNoIKgo0oo4mzhT4lNxvl8Y/+QFieOIPSv3IaAerSFAT1qiaUW0aSCJcdaLdHvNBRBsGPtgugZ0CKc8d0+X21E4jDAvLvJGkk7PWzj/auQr3UZiAV1wBShkjuBgtOfuJuRp0IdvtvEIZJ8io+V+qcLvnZqlc7UvK/nbNI7HgTIxjZJF+TvYBTDoBayQShGkeQG58twy0/mh2ZUvfUGReCv14ly1/s1cSCAOPttjm74T1xTru9f2ReJ0PYOSrzNg0tbtc1W7jyEu3nyy+cBIaTC9jsn+hKvbrm74FMz07IhIsDjulTh5htNuE8d6idAqviZP50rpGmC2UWTm94KIUpecgTUKrmVN6T36nCD5rHEni9MIiXpqMWuB0T4jIJdWBPhp+3SFw79XrF0SvxbzkXRkEJ7qpbOso1wX5jsQe6NrZ9ZDAU773nxA4v2nqsbSCwlIhXhZUBqaHurBnnMqxXtwGLFI8JEbwxaD/qBL4blZymMDIekVHNACMlWfTpb/vITSLp5lSWzXn1cBB7mx5LGre9xU0w5C1H0+c0xMXoyXzzx2X3dvp+ZUgaQuVSGMbTgOJ5Yf3Y8uMa4vNyLhXENX9MTnJUbN8A6RF5Y&u=U2FsdGVkX1/pbE5C019xy3Vyp2Jcl9ZS6UKGXXtlNaCxAZInm9YU7O0uBrqc47Pl&y=U2FsdGVkX19GOOv4We7nLuR4He7TDedzVURad+xwoe+a2KzSufXpRWNsoE7NfBtg HTTP/1.1" 200 26
152.203.250.179 - - [01/Jul/2023:16:29:40 -0500] "GET /kwssiamovil/sm/acme/a?s=U2FsdGVkX1+Kw8DCfWH8Zh9+GVOsh0go8OJGsnNvH5KCwBY3yefi9u2UnDASofaZNRuLtiWltF6Wkjv2qcjMTM60s1+GoZDQk+9d4fMC/nUjXvFjEoFmij9rziwOyZF++P2qtlvy35NsI0tfuoBErwiIxA/k2o3pzjlQFjR8q/c=&u=U2FsdGVkX1/pbE5C019xy3Vyp2Jcl9ZS6UKGXXtlNaCxAZInm9YU7O0uBrqc47Pl&y=U2FsdGVkX19GOOv4We7nLuR4He7TDedzVURad+xwoe+a2KzSufXpRWNsoE7NfBtg HTTP/1.1" 200 26
152.203.250.179 - - [01/Jul/2023:16:29:40 -0500] "GET /kwssiamovil/sm/acme/a?s=U2FsdGVkX1/e+m/Pcry2nInLE7N2ejZYYdqkDJXcAlhFbsje7ojKdrnhLM75fIxQLEhTF6lchf7RM0MhCJtspK6+KX8cHt3y+Puvbn/f2vpGDV+vX3BV04xBXyHAPhwbpECJNtulUNFpPZFu8hXjk0kg7XeP5cVc2crlQQZyUIw=&u=U2FsdGVkX1/pbE5C019xy3Vyp2Jcl9ZS6UKGXXtlNaCxAZInm9YU7O0uBrqc47Pl&y=U2FsdGVkX19GOOv4We7nLuR4He7TDedzVURad+xwoe+a2KzSufXpRWNsoE7NfBtg HTTP/1.1" 200 26
152.203.250.179 - - [01/Jul/2023:16:29:40 -0500] "GET /kwssiamovil/sm/acme/a?s=U2FsdGVkX18H/rIMOcSu5K8vlEkcFk0/D77NxJ6KHSXU0gdSQmwTw1JOWejwfTGBb2W3YAaDq8Hmo9mjiKnku6yEjy6N4pF2gvl2OBT9xMmwzqZtWP+TwOqgpiV2EON3dO4KP0o4SCjmiYLWy7Q+QP9xKyPKGtOjClbEfz2RzdA=&u=U2FsdGVkX1/pbE5C019xy3Vyp2Jcl9ZS6UKGXXtlNaCxAZInm9YU7O0uBrqc47Pl&y=U2FsdGVkX19GOOv4We7nLuR4He7TDedzVURad+xwoe+a2KzSufXpRWNsoE7NfBtg HTTP/1.1" 200 26
152.203.250.179 - - [01/Jul/2023:16:29:40 -0500] "GET /kwssiamovil/sm/acme/a?s=U2FsdGVkX1+LHennnEE5Y7cVQMqhdqxGiGigHEbvr4CfzIFihT7qI9NoNTSdbv3OZE3pE2oYr11QI7iUboD+wJPsA8el+fZRCHeHz/rKVTrBP9omM507r3052QAD6+qmdsbZ0t/BzRlFhcSZCt7OgtJjcpZ/YhEaXN42XRR8aLp0igj0NWztMRr0Xi0BNSmLWNQsnCwLop8ukZ/bORQlqA==&u=U2FsdGVkX1/pbE5C019xy3Vyp2Jcl9ZS6UKGXXtlNaCxAZInm9YU7O0uBrqc47Pl&y=U2FsdGVkX19GOOv4We7nLuR4He7TDedzVURad+xwoe+a2KzSufXpRWNsoE7NfBtg HTTP/1.1" 200 26
