172.22.2.4 - - [01/Jul/2023:05:11:22 -0500] "HEAD /BLA/boletinlegal/ HTTP/1.1" 200 -
172.22.2.4 - - [01/Jul/2023:05:12:13 -0500] "GET /BLA/boletinlegal/ HTTP/1.1" 200 52495
216.245.221.92 - - [01/Jul/2023:05:14:25 -0500] "HEAD / HTTP/1.1" 200 -
52.167.144.39 - - [01/Jul/2023:05:16:00 -0500] "GET /appsia/controlador HTTP/1.1" 200 4799
201.245.192.253 - - [01/Jul/2023:05:16:06 -0500] "POST /kwsrmcab/Wsrmcab  HTTP/1.1" 200 213
52.167.144.46 - - [01/Jul/2023:05:16:17 -0500] "GET /appsia/css/estilos.css HTTP/1.1" 200 4804
207.46.13.208 - - [01/Jul/2023:05:16:21 -0500] "GET /appsia/scripts/validarIngreso.js HTTP/1.1" 200 851
172.22.2.4 - - [01/Jul/2023:05:17:12 -0500] "HEAD /BLA/boletinlegal/ HTTP/1.1" 200 -
216.245.221.92 - - [01/Jul/2023:05:19:25 -0500] "HEAD / HTTP/1.1" 200 -
172.22.2.4 - - [01/Jul/2023:05:18:03 -0500] "GET /BLA/boletinlegal/ HTTP/1.1" 200 57680
201.245.192.253 - - [01/Jul/2023:05:20:18 -0500] "POST /kwsrmcab/Wsrmcab HTTP/1.1" 200 43045
201.245.192.253 - - [01/Jul/2023:05:20:21 -0500] "POST /kwsrmcab/Wsrmcab HTTP/1.1" 200 42898
201.245.192.253 - - [01/Jul/2023:05:21:04 -0500] "POST /kwsrmcab/Wsrmcab  HTTP/1.1" 200 213
66.249.70.197 - - [01/Jul/2023:05:23:42 -0500] "-" 408 -
216.245.221.92 - - [01/Jul/2023:05:24:25 -0500] "HEAD / HTTP/1.1" 200 -
172.22.2.4 - - [01/Jul/2023:05:23:02 -0500] "HEAD /BLA/boletinlegal/ HTTP/1.1" 200 -
168.119.49.52 - - [01/Jul/2023:05:25:11 -0500] "GET / HTTP/1.1" 200 319
168.119.49.52 - - [01/Jul/2023:05:25:13 -0500] "GET / HTTP/1.1" 200 4720
172.22.2.4 - - [01/Jul/2023:05:23:53 -0500] "GET /BLA/boletinlegal/ HTTP/1.1" 200 58825
201.245.192.253 - - [01/Jul/2023:05:26:04 -0500] "POST /kwsrmcab/Wsrmcab  HTTP/1.1" 200 213
34.76.158.233 - - [01/Jul/2023:05:28:57 -0500] "GET / HTTP/1.1" 200 319
216.245.221.92 - - [01/Jul/2023:05:29:25 -0500] "HEAD / HTTP/1.1" 200 -
176.199.210.158 - - [01/Jul/2023:05:29:25 -0500] "GET / HTTP/1.1" 200 4720
176.199.210.158 - - [01/Jul/2023:05:29:25 -0500] "GET /js/url.js HTTP/1.1" 404 1198
176.199.210.158 - - [01/Jul/2023:05:29:26 -0500] "GET /css/bootstrap.min.css HTTP/1.1" 200 178212
176.199.210.158 - - [01/Jul/2023:05:29:26 -0500] "GET /fonts/icomoon/style.css HTTP/1.1" 200 79820
176.199.210.158 - - [01/Jul/2023:05:29:26 -0500] "GET /css/style.css HTTP/1.1" 200 3473
176.199.210.158 - - [01/Jul/2023:05:29:27 -0500] "GET /favicon.ico HTTP/1.1" 404 1198
201.245.192.253 - - [01/Jul/2023:05:30:18 -0500] "POST /kwsrmcab/Wsrmcab HTTP/1.1" 200 43045
201.245.192.253 - - [01/Jul/2023:05:30:21 -0500] "POST /kwsrmcab/Wsrmcab HTTP/1.1" 200 42898
172.22.2.4 - - [01/Jul/2023:05:28:52 -0500] "HEAD /BLA/boletinlegal/ HTTP/1.1" 200 -
201.245.192.253 - - [01/Jul/2023:05:31:03 -0500] "POST /kwsrmcab/Wsrmcab  HTTP/1.1" 200 213
172.22.2.4 - - [01/Jul/2023:05:29:42 -0500] "GET /BLA/boletinlegal/ HTTP/1.1" 200 55739
216.245.221.92 - - [01/Jul/2023:05:34:25 -0500] "HEAD / HTTP/1.1" 200 -
201.221.172.58 - - [01/Jul/2023:05:34:47 -0500] "GET /reverdeciendo-bogota-mas-de-100-arboles-se-plantaron-en-el-humedal-capellania.html HTTP/1.1" 200 811
66.249.66.71 - - [01/Jul/2023:05:35:05 -0500] "GET /distrito-planto-mas-de-300-arboles-en-corredor-vial-de-la-aurora-en-usme-para-celebrar-el-dia-mundial-del-arbol.html HTTP/1.1" 200 1023
201.221.172.58 - - [01/Jul/2023:05:35:57 -0500] "GET /reverdeciendo-bogota-mas-de-100-arboles-se-plantaron-en-el-humedal-capellania.html HTTP/1.1" 200 811
201.221.172.58 - - [01/Jul/2023:05:35:57 -0500] "GET /images/plantacion-humedal-capellania.jpg HTTP/1.1" 200 81106
162.55.175.138 - - [01/Jul/2023:05:36:03 -0500] "GET / HTTP/1.1" 200 319
162.55.175.138 - - [01/Jul/2023:05:36:03 -0500] "GET / HTTP/1.1" 200 4720
201.245.192.253 - - [01/Jul/2023:05:36:02 -0500] "POST /kwsrmcab/Wsrmcab  HTTP/1.1" 200 213
179.51.124.37 - - [01/Jul/2023:05:36:20 -0500] "GET /reverdeciendo-bogota-mas-de-100-arboles-se-plantaron-en-el-humedal-capellania.html HTTP/1.1" 200 811
172.22.2.4 - - [01/Jul/2023:05:34:42 -0500] "HEAD /BLA/boletinlegal/ HTTP/1.1" 200 -
172.22.2.4 - - [01/Jul/2023:05:35:32 -0500] "GET /BLA/boletinlegal/ HTTP/1.1" 200 57272
172.22.2.4 - - [01/Jul/2023:05:36:52 -0500] "GET /BLA/boletinlegal/ HTTP/1.1" 200 24523
216.244.66.195 - - [01/Jul/2023:05:38:13 -0500] "-" 408 -
66.249.70.196 - - [01/Jul/2023:05:39:15 -0500] "-" 408 -
216.245.221.92 - - [01/Jul/2023:05:39:25 -0500] "HEAD / HTTP/1.1" 200 -
201.245.192.253 - - [01/Jul/2023:05:40:18 -0500] "POST /kwsrmcab/Wsrmcab HTTP/1.1" 200 43045
201.245.192.253 - - [01/Jul/2023:05:40:21 -0500] "POST /kwsrmcab/Wsrmcab HTTP/1.1" 200 42898
201.245.192.253 - - [01/Jul/2023:05:41:01 -0500] "POST /kwsrmcab/Wsrmcab  HTTP/1.1" 200 213
172.22.2.4 - - [01/Jul/2023:05:40:32 -0500] "HEAD /BLA/boletinlegal/ HTTP/1.1" 200 -
172.22.2.4 - - [01/Jul/2023:05:41:22 -0500] "GET /BLA/boletinlegal/ HTTP/1.1" 200 59192
52.167.144.39 - - [01/Jul/2023:05:43:31 -0500] "GET /Publicaciones/2023EE116300.pdf HTTP/1.1" 404 228
216.245.221.92 - - [01/Jul/2023:05:44:25 -0500] "HEAD / HTTP/1.1" 200 -
66.249.70.196 - - [01/Jul/2023:05:45:10 -0500] "-" 408 -
201.245.192.253 - - [01/Jul/2023:05:46:00 -0500] "POST /kwsrmcab/Wsrmcab  HTTP/1.1" 200 213
173.252.107.116 - - [01/Jul/2023:05:46:58 -0500] "GET /olga-romero-una-mujer-que-reverdece-con-corazon-inquieto-que-encontro-en-el-reciclaje-su-pasion.html HTTP/1.1" 200 798
173.252.107.116 - - [01/Jul/2023:05:46:58 -0500] "GET /mas-de-179-individuos-de-aves-fueron-avistados-en-el-global-big-day.html HTTP/1.1" 200 786
173.252.107.1 - - [01/Jul/2023:05:47:04 -0500] "GET /techos-verdes-y-jardines-verticales-medida-de-adaptacion-al-cambio-climatico.html HTTP/1.1" 200 744
173.252.79.113 - - [01/Jul/2023:05:47:05 -0500] "GET /ciudadana-recupera-en-vias-de-cundinamarca-halcon-herido-y-lo-entrega-a-las-autoridades-en-bogota.html HTTP/1.1" 200 739
172.22.2.4 - - [01/Jul/2023:05:46:22 -0500] "HEAD /BLA/boletinlegal/ HTTP/1.1" 200 -
172.22.2.4 - - [01/Jul/2023:05:47:12 -0500] "GET /BLA/boletinlegal/ HTTP/1.1" 200 57272
216.245.221.92 - - [01/Jul/2023:05:49:25 -0500] "HEAD / HTTP/1.1" 200 -
69.63.184.9 - - [01/Jul/2023:05:50:25 -0500] "GET /distrito-declara-alerta-preventiva-en-el-suroccidente-de-la-ciudad-por-mala-calidad-del-aire.html HTTP/1.1" 200 1065
201.245.192.253 - - [01/Jul/2023:05:50:59 -0500] "POST /kwsrmcab/Wsrmcab  HTTP/1.1" 200 213
207.46.13.206 - - [01/Jul/2023:05:52:22 -0500] "GET /portaldeninos/2021/05/20/las-abejas-polinizadoras-de-vida/ HTTP/1.1" 200 105043
52.167.144.46 - - [01/Jul/2023:05:52:31 -0500] "GET /BLA/resoluciones/RESOLUCIONES%202022/0860.pdf HTTP/1.1" 304 -
40.77.167.177 - - [01/Jul/2023:05:52:40 -0500] "GET /portaldeninos/wp-content/plugins/gallery-videos/CSS/Total-Soft-Gallery-Video-Widget.css?ver=4.9.8 HTTP/1.1" 200 51554
40.77.167.177 - - [01/Jul/2023:05:52:40 -0500] "GET /portaldeninos/wp-content/plugins/gallery-videos/CSS/totalsoft.css?ver=4.9.8 HTTP/1.1" 200 40622
40.77.167.177 - - [01/Jul/2023:05:52:41 -0500] "GET /portaldeninos/wp-content/plugins/gallery-videos/JS/modernizr.custom.js?ver=4.9.8 HTTP/1.1" 200 9019
40.77.167.177 - - [01/Jul/2023:05:52:41 -0500] "GET /portaldeninos/wp-content/themes/betheme/assets/jplayer/css/jplayer.blue.monday.css?ver=20.9.6 HTTP/1.1" 200 9834
40.77.167.177 - - [01/Jul/2023:05:52:41 -0500] "GET /portaldeninos/wp-content/themes/betheme/assets/ui/jquery.ui.all.css?ver=20.9.6 HTTP/1.1" 200 18765
40.77.167.177 - - [01/Jul/2023:05:52:41 -0500] "GET /portaldeninos/wp-content/themes/betheme/css/base.css?ver=20.9.6 HTTP/1.1" 200 57283
40.77.167.177 - - [01/Jul/2023:05:52:41 -0500] "GET /portaldeninos/wp-content/themes/betheme/css/layout.css?ver=20.9.6 HTTP/1.1" 200 116639
40.77.167.177 - - [01/Jul/2023:05:52:41 -0500] "GET /portaldeninos/wp-content/themes/betheme/css/responsive.css?ver=20.9.6 HTTP/1.1" 200 55740
40.77.167.177 - - [01/Jul/2023:05:52:42 -0500] "GET /portaldeninos/wp-content/themes/betheme/js/scripts.js?ver=20.9.6 HTTP/1.1" 200 77162
40.77.167.177 - - [01/Jul/2023:05:52:42 -0500] "GET /portaldeninos/wp-content/uploads/useanyfont/uaf.css?ver=1589905315 HTTP/1.1" 200 408
40.77.167.177 - - [01/Jul/2023:05:52:42 -0500] "GET /portaldeninos/wp-includes/js/comment-reply.min.js?ver=4.9.8 HTTP/1.1" 200 1078
40.77.167.177 - - [01/Jul/2023:05:52:42 -0500] "GET /portaldeninos/wp-includes/js/jquery/jquery.js?ver=1.12.4 HTTP/1.1" 200 97184
40.77.167.177 - - [01/Jul/2023:05:52:42 -0500] "GET /portaldeninos/wp-includes/js/jquery/jquery-migrate.min.js?ver=1.4.1 HTTP/1.1" 200 10056
52.167.144.152 - - [01/Jul/2023:05:52:52 -0500] "GET /portaldeninos/wp-content/themes/betheme/assets/animations/animations.min.js?ver=20.9.6 HTTP/1.1" 200 1896
52.167.144.152 - - [01/Jul/2023:05:52:52 -0500] "GET /portaldeninos/wp-content/themes/betheme/assets/jplayer/jplayer.min.js?ver=20.9.6 HTTP/1.1" 200 52702
52.167.144.152 - - [01/Jul/2023:05:52:53 -0500] "GET /portaldeninos/wp-content/themes/betheme/css/shortcodes.css?ver=20.9.6 HTTP/1.1" 200 138889
52.167.144.152 - - [01/Jul/2023:05:52:53 -0500] "GET /portaldeninos/wp-content/themes/betheme/js/plugins.js?ver=20.9.6 HTTP/1.1" 200 197151
52.167.144.152 - - [01/Jul/2023:05:52:53 -0500] "GET /portaldeninos/wp-content/themes/betheme/style.css?ver=20.9.6 HTTP/1.1" 200 287
52.167.144.152 - - [01/Jul/2023:05:52:53 -0500] "GET /portaldeninos/wp-includes/js/jquery/ui/core.min.js?ver=1.11.4 HTTP/1.1" 200 4000
52.167.144.152 - - [01/Jul/2023:05:52:54 -0500] "GET /portaldeninos/wp-includes/js/jquery/ui/sortable.min.js?ver=1.11.4 HTTP/1.1" 200 24899
52.167.144.152 - - [01/Jul/2023:05:52:54 -0500] "GET /portaldeninos/wp-includes/js/wp-emoji-release.min.js?ver=4.9.8 HTTP/1.1" 200 12026
207.46.13.206 - - [01/Jul/2023:05:53:03 -0500] "GET /portaldeninos/wp-content/themes/betheme/assets/animations/animations.min.css?ver=20.9.6 HTTP/1.1" 200 58508
207.46.13.206 - - [01/Jul/2023:05:53:03 -0500] "GET /portaldeninos/wp-content/themes/betheme/js/menu.js?ver=20.9.6 HTTP/1.1" 200 2449
207.46.13.206 - - [01/Jul/2023:05:53:03 -0500] "GET /portaldeninos/wp-includes/js/jquery/ui/accordion.min.js?ver=1.11.4 HTTP/1.1" 200 8584
207.46.13.206 - - [01/Jul/2023:05:53:04 -0500] "GET /portaldeninos/wp-includes/js/jquery/ui/mouse.min.js?ver=1.11.4 HTTP/1.1" 200 3148
207.46.13.206 - - [01/Jul/2023:05:53:04 -0500] "GET /portaldeninos/wp-includes/js/jquery/ui/tabs.min.js?ver=1.11.4 HTTP/1.1" 200 12110
207.46.13.206 - - [01/Jul/2023:05:53:04 -0500] "GET /portaldeninos/wp-includes/js/jquery/ui/widget.min.js?ver=1.11.4 HTTP/1.1" 200 6908
207.46.13.206 - - [01/Jul/2023:05:53:04 -0500] "GET /portaldeninos/wp-includes/js/wp-embed.min.js?ver=4.9.8 HTTP/1.1" 200 1398
66.249.70.196 - - [01/Jul/2023:05:53:20 -0500] "-" 408 -
172.22.2.4 - - [01/Jul/2023:05:52:12 -0500] "HEAD /BLA/boletinlegal/ HTTP/1.1" 200 -
216.245.221.92 - - [01/Jul/2023:05:54:25 -0500] "HEAD / HTTP/1.1" 200 -
172.22.2.4 - - [01/Jul/2023:05:53:02 -0500] "GET /BLA/boletinlegal/ HTTP/1.1" 200 57272
172.22.2.4 - - [01/Jul/2023:05:54:55 -0500] "GET /BLA/boletinlegal/Circulares/2012/Circular%20No.%2015%20del%2022%20de%20octubre%20de%202012.pdf HTTP/1.1" 200 486506
201.245.192.253 - - [01/Jul/2023:05:55:57 -0500] "POST /kwsrmcab/Wsrmcab  HTTP/1.1" 200 213
45.128.232.62 - - [01/Jul/2023:05:59:05 -0500] "POST /boaform/admin/formLogin HTTP/1.1" 404 1186
207.46.13.208 - - [01/Jul/2023:05:59:23 -0500] "GET /BLA/resoluciones/AUTOS%202022/6017.pdf HTTP/1.1" 200 437799
216.245.221.92 - - [01/Jul/2023:05:59:25 -0500] "HEAD / HTTP/1.1" 200 -
172.22.2.4 - - [01/Jul/2023:05:58:02 -0500] "HEAD /BLA/boletinlegal/ HTTP/1.1" 200 -
179.43.177.244 - - [01/Jul/2023:05:59:40 -0500] "POST /boaform/admin/formLogin HTTP/1.1" 404 1186
172.22.2.4 - - [01/Jul/2023:05:59:51 -0500] "GET /BLA/boletinlegal/robots.txt HTTP/1.1" 404 1038
172.22.2.4 - - [01/Jul/2023:05:58:52 -0500] "GET /BLA/boletinlegal/ HTTP/1.1" 200 54453
201.245.192.253 - - [01/Jul/2023:06:00:56 -0500] "POST /kwsrmcab/Wsrmcab  HTTP/1.1" 200 213
172.22.2.4 - - [01/Jul/2023:05:59:53 -0500] "GET /BLA/boletinlegal/index.php HTTP/1.1" 200 58825
207.46.13.208 - - [01/Jul/2023:06:03:36 -0500] "GET /BLA/resoluciones/index.php?dir=RESOLUCIONES+2021%2F HTTP/1.1" 200 441350
216.245.221.92 - - [01/Jul/2023:06:04:25 -0500] "HEAD / HTTP/1.1" 200 -
66.249.70.196 - - [01/Jul/2023:06:04:48 -0500] "-" 408 -
172.22.2.4 - - [01/Jul/2023:06:03:52 -0500] "HEAD /BLA/boletinlegal/ HTTP/1.1" 200 -
201.245.192.253 - - [01/Jul/2023:06:05:55 -0500] "POST /kwsrmcab/Wsrmcab  HTTP/1.1" 200 213
45.238.183.160 - - [01/Jul/2023:06:06:04 -0500] "GET /galeria/galeria/jquery.fancybox.css?v=2.1.5 HTTP/1.1" 200 4895
45.238.183.160 - - [01/Jul/2023:06:06:04 -0500] "GET /BLA/boletinlegal/js/jquery.scrollShow.js HTTP/1.1" 200 4586
45.238.183.160 - - [01/Jul/2023:06:06:04 -0500] "GET /galeria/galeria/jquery.fancybox.js?v=2.1.5 HTTP/1.1" 200 48706
45.238.183.160 - - [01/Jul/2023:06:06:05 -0500] "GET /galeria/carrusel/Carrusel/jquery.thumbnailScroller.css HTTP/1.1" 200 2066
45.238.183.160 - - [01/Jul/2023:06:06:05 -0500] "GET /galeria/carrusel/Carrusel/jquery-ui-1.8.13.custom.min.js HTTP/1.1" 200 10800
45.238.183.160 - - [01/Jul/2023:06:06:05 -0500] "GET /galeria/carrusel/Carrusel/jquery.thumbnailScroller.js HTTP/1.1" 200 8157
45.238.183.160 - - [01/Jul/2023:06:06:05 -0500] "GET /galeria/nivo-slider/demo/banner.html HTTP/1.1" 200 5446
45.238.183.160 - - [01/Jul/2023:06:06:05 -0500] "GET /galeria/nivo-slider/themes/default/default.css HTTP/1.1" 200 1569
45.238.183.160 - - [01/Jul/2023:06:06:05 -0500] "GET /galeria/nivo-slider/demo/scripts/jquery-1.7.1.min.js HTTP/1.1" 200 93868
45.238.183.160 - - [01/Jul/2023:06:06:05 -0500] "GET /galeria/nivo-slider/jquery.nivo.slider.pack.js HTTP/1.1" 200 11561
45.238.183.160 - - [01/Jul/2023:06:06:05 -0500] "GET /galeria/nivo-slider/demo/images/bannertortuga_optimized.jpg HTTP/1.1" 200 39066
45.238.183.160 - - [01/Jul/2023:06:06:05 -0500] "GET /galeria/nivo-slider/themes/pascal/pascal.css HTTP/1.1" 200 2258
45.238.183.160 - - [01/Jul/2023:06:06:05 -0500] "GET /galeria/nivo-slider/demo/images/Bannermujeresquereverdecen.jpg HTTP/1.1" 200 46558
45.238.183.160 - - [01/Jul/2023:06:06:05 -0500] "GET /galeria/nivo-slider/themes/orman/orman.css HTTP/1.1" 200 2152
45.238.183.160 - - [01/Jul/2023:06:06:05 -0500] "GET /galeria/nivo-slider/nivo-slider.css HTTP/1.1" 200 1507
45.238.183.160 - - [01/Jul/2023:06:06:05 -0500] "GET /galeria/nivo-slider/demo/images/bannertrafico_optimized.jpg HTTP/1.1" 200 42578
45.238.183.160 - - [01/Jul/2023:06:06:05 -0500] "GET /galeria/nivo-slider/demo/style.css HTTP/1.1" 200 2222
45.238.183.160 - - [01/Jul/2023:06:06:05 -0500] "GET /galeria/nivo-slider/themes/default/loading.gif HTTP/1.1" 200 1737
45.238.183.160 - - [01/Jul/2023:06:06:05 -0500] "GET /galeria/nivo-slider/demo/images/Bannersedeelectronica.jpg HTTP/1.1" 200 40383
45.238.183.160 - - [01/Jul/2023:06:06:05 -0500] "GET /galeria/nivo-slider/demo/images/bannerrutaesperanza.jpg HTTP/1.1" 200 55560
45.238.183.160 - - [01/Jul/2023:06:06:05 -0500] "GET /galeria/nivo-slider/demo/images/Bannerplasticosseptiembre.jpg HTTP/1.1" 200 45633
45.238.183.160 - - [01/Jul/2023:06:06:05 -0500] "GET /galeria/nivo-slider/demo/images/4Simple_Slider.png HTTP/1.1" 200 11722
45.238.183.160 - - [01/Jul/2023:06:06:05 -0500] "GET /galeria/nivo-slider/demo/images/banneraire2021.jpg HTTP/1.1" 200 265101
45.238.183.160 - - [01/Jul/2023:06:06:05 -0500] "GET /galeria/nivo-slider/demo/images/bannerresiduoshospitalariosagosto.jpg HTTP/1.1" 200 36499
45.238.183.160 - - [01/Jul/2023:06:06:05 -0500] "GET /galeria/nivo-slider/demo/images/banneraccionpopularcrr68.jpg HTTP/1.1" 200 51887
45.238.183.160 - - [01/Jul/2023:06:06:05 -0500] "GET /galeria/nivo-slider/demo/images/banneraccionpopular.jpeg HTTP/1.1" 200 41707
45.238.183.160 - - [01/Jul/2023:06:06:05 -0500] "GET /galeria/nivo-slider/demo/images/bannerclases2021.jpg HTTP/1.1" 200 68230
45.238.183.160 - - [01/Jul/2023:06:06:05 -0500] "GET /galeria/nivo-slider/demo/images/bannercapacitacionesbogota.jpg HTTP/1.1" 200 42416
45.238.183.160 - - [01/Jul/2023:06:06:05 -0500] "GET /galeria/nivo-slider/demo/images/Bannerenvases.jpg HTTP/1.1" 200 37316
45.238.183.160 - - [01/Jul/2023:06:06:05 -0500] "GET /galeria/nivo-slider/demo/images/Bannervirtualescanales.jpg HTTP/1.1" 200 174544
45.238.183.160 - - [01/Jul/2023:06:06:05 -0500] "GET /galeria/nivo-slider/themes/default/arrows.png HTTP/1.1" 200 824
45.238.183.160 - - [01/Jul/2023:06:06:06 -0500] "GET /galeria/nivo-slider/themes/default/bullets.png HTTP/1.1" 200 1281
172.22.2.4 - - [01/Jul/2023:06:04:42 -0500] "GET /BLA/boletinlegal/ HTTP/1.1" 200 59192
40.77.190.140 - - [01/Jul/2023:06:08:39 -0500] "GET /portaldeninos/wp-content/themes/betheme/fonts/mfn-icons.woff?93978679 HTTP/1.1" 200 80932
216.245.221.92 - - [01/Jul/2023:06:09:25 -0500] "HEAD / HTTP/1.1" 200 -
201.245.192.253 - - [01/Jul/2023:06:10:54 -0500] "POST /kwsrmcab/Wsrmcab  HTTP/1.1" 200 213
172.22.2.4 - - [01/Jul/2023:06:09:42 -0500] "HEAD /BLA/boletinlegal/ HTTP/1.1" 200 -
40.77.167.177 - - [01/Jul/2023:06:12:02 -0500] "GET /images/Laurel-de-cera.jpg HTTP/1.1" 200 39737
172.22.2.4 - - [01/Jul/2023:06:10:32 -0500] "GET /BLA/boletinlegal/ HTTP/1.1" 200 56100
172.22.2.4 - - [01/Jul/2023:06:12:34 -0500] "GET /BLA/boletinlegal/normativa.php HTTP/1.1" 200 8343
66.249.70.196 - - [01/Jul/2023:06:12:45 -0500] "-" 408 -
52.167.144.39 - - [01/Jul/2023:06:13:30 -0500] "GET /bla/resoluciones/resoluciones%202007/res%202007%202401%20al%202500/RESOLUCION%202488%20DE%202007.pdf HTTP/1.1" 304 -
216.245.221.92 - - [01/Jul/2023:06:14:25 -0500] "HEAD / HTTP/1.1" 200 -
201.245.192.253 - - [01/Jul/2023:06:15:53 -0500] "POST /kwsrmcab/Wsrmcab  HTTP/1.1" 200 213
172.22.2.4 - - [01/Jul/2023:06:16:04 -0500] "GET /BLA/boletinlegal/actos.php HTTP/1.1" 200 9682
69.63.184.10 - - [01/Jul/2023:06:17:03 -0500] "GET /entrenubes-raton-de-montana-se-alimenta-de-hongos-presentes-en-este-ecosistema-del-suroriente-de-bogota.html HTTP/1.1" 200 843
172.22.2.4 - - [01/Jul/2023:06:15:32 -0500] "HEAD /BLA/boletinlegal/ HTTP/1.1" 200 -
172.22.2.4 - - [01/Jul/2023:06:16:22 -0500] "GET /BLA/boletinlegal/ HTTP/1.1" 200 57272
216.245.221.92 - - [01/Jul/2023:06:19:25 -0500] "HEAD / HTTP/1.1" 200 -
66.249.70.196 - - [01/Jul/2023:06:20:10 -0500] "-" 408 -
201.245.192.253 - - [01/Jul/2023:06:20:18 -0500] "POST /kwsrmcab/Wsrmcab HTTP/1.1" 200 43067
201.245.192.253 - - [01/Jul/2023:06:20:21 -0500] "POST /kwsrmcab/Wsrmcab HTTP/1.1" 200 42911
201.245.192.253 - - [01/Jul/2023:06:20:52 -0500] "POST /kwsrmcab/Wsrmcab  HTTP/1.1" 200 213
172.22.2.4 - - [01/Jul/2023:06:21:22 -0500] "HEAD /BLA/boletinlegal/ HTTP/1.1" 200 -
186.30.129.90 - - [01/Jul/2023:06:23:43 -0500] "GET /reverdeciendo-bogota-mas-de-100-arboles-se-plantaron-en-el-humedal-capellania.html HTTP/1.1" 200 811
69.171.249.118 - - [01/Jul/2023:06:23:45 -0500] "GET /images/stand-secretaria-ambiente-fima.jpg HTTP/1.1" 200 42537
69.171.249.117 - - [01/Jul/2023:06:23:46 -0500] "GET /images/camara-trampa.jpeg HTTP/1.1" 200 77809
172.22.2.4 - - [01/Jul/2023:06:22:12 -0500] "GET /BLA/boletinlegal/ HTTP/1.1" 200 59192
69.171.249.8 - - [01/Jul/2023:06:23:58 -0500] "GET /images/liberacion-animales-silvestres.jpg HTTP/1.1" 200 57397
69.171.249.117 - - [01/Jul/2023:06:23:58 -0500] "GET /images/manos-reparadoras-plaza-americas-1.jpg HTTP/1.1" 200 47593
216.245.221.92 - - [01/Jul/2023:06:24:25 -0500] "HEAD / HTTP/1.1" 200 -
201.245.192.253 - - [01/Jul/2023:06:25:51 -0500] "POST /kwsrmcab/Wsrmcab  HTTP/1.1" 200 213
66.249.92.136 - - [01/Jul/2023:06:27:01 -0500] "GET / HTTP/1.1" 200 4720
172.22.2.4 - - [01/Jul/2023:06:27:12 -0500] "HEAD /BLA/boletinlegal/ HTTP/1.1" 200 -
216.245.221.92 - - [01/Jul/2023:06:29:25 -0500] "HEAD / HTTP/1.1" 200 -
54.39.177.48 - - [01/Jul/2023:06:29:30 -0500] "GET /reverdeciendo-bogota-mas-de-100-arboles-se-plantaron-en-el-humedal-capellania.html HTTP/1.1" 200 811
172.22.2.4 - - [01/Jul/2023:06:28:02 -0500] "GET /BLA/boletinlegal/ HTTP/1.1" 200 56100
201.245.192.253 - - [01/Jul/2023:06:30:18 -0500] "POST /kwsrmcab/Wsrmcab HTTP/1.1" 200 43067
201.245.192.253 - - [01/Jul/2023:06:30:21 -0500] "POST /kwsrmcab/Wsrmcab HTTP/1.1" 200 42911
201.245.192.253 - - [01/Jul/2023:06:30:50 -0500] "POST /kwsrmcab/Wsrmcab  HTTP/1.1" 200 213
172.22.2.4 - - [01/Jul/2023:06:31:35 -0500] "GET /BLA/boletinlegal/actos.php HTTP/1.1" 200 9682
200.69.84.132 - - [01/Jul/2023:06:32:33 -0500] "GET /reportes_sipse/jsp/inicio.jsp HTTP/1.1" 200 2935
200.69.84.132 - - [01/Jul/2023:06:32:53 -0500] "POST /reportes_sipse/sdg/ServletReporte?adquisiciones_sipse_detallado& HTTP/1.1" 200 6273
200.69.84.132 - - [01/Jul/2023:06:32:53 -0500] "GET /reportes_sipse/imagenes/calendario.gif HTTP/1.1" 304 -
200.69.84.132 - - [01/Jul/2023:06:32:57 -0500] "GET /reportes_sipse/imagenes/retrocedeAgno.gif HTTP/1.1" 304 -
200.69.84.132 - - [01/Jul/2023:06:32:57 -0500] "GET /reportes_sipse/imagenes/retrocedeMes.gif HTTP/1.1" 304 -
200.69.84.132 - - [01/Jul/2023:06:32:57 -0500] "GET /reportes_sipse/imagenes/avanzaAgno.gif HTTP/1.1" 304 -
200.69.84.132 - - [01/Jul/2023:06:32:57 -0500] "GET /reportes_sipse/imagenes/avanzaMes.gif HTTP/1.1" 304 -
200.69.84.132 - - [01/Jul/2023:06:33:10 -0500] "GET /reportes_sipse/jsp/inicio.jsp HTTP/1.1" 200 2935
200.69.84.132 - - [01/Jul/2023:06:33:20 -0500] "POST /reportes_sipse/sdg/ServletReporte?saldo_actividades_contratacion_columnas& HTTP/1.1" 200 5986
216.244.66.195 - - [01/Jul/2023:06:33:43 -0500] "-" 408 -
200.69.84.132 - - [01/Jul/2023:06:33:31 -0500] "POST /reportes_sipse/sdg/ServletControlador HTTP/1.1" 200 58984
216.245.221.92 - - [01/Jul/2023:06:34:25 -0500] "HEAD / HTTP/1.1" 200 -
172.22.2.4 - - [01/Jul/2023:06:33:02 -0500] "HEAD /BLA/boletinlegal/ HTTP/1.1" 200 -
172.22.2.4 - - [01/Jul/2023:06:33:52 -0500] "GET /BLA/boletinlegal/ HTTP/1.1" 200 56100
201.245.192.253 - - [01/Jul/2023:06:35:48 -0500] "POST /kwsrmcab/Wsrmcab  HTTP/1.1" 200 213
200.69.84.132 - - [01/Jul/2023:06:33:05 -0500] "POST /reportes_sipse/sdg/ServletControlador HTTP/1.1" 200 622633
216.245.221.92 - - [01/Jul/2023:06:39:25 -0500] "HEAD / HTTP/1.1" 200 -
201.245.192.253 - - [01/Jul/2023:06:40:18 -0500] "POST /kwsrmcab/Wsrmcab HTTP/1.1" 200 43067
201.245.192.253 - - [01/Jul/2023:06:40:21 -0500] "POST /kwsrmcab/Wsrmcab HTTP/1.1" 200 42911
172.22.2.4 - - [01/Jul/2023:06:38:52 -0500] "HEAD /BLA/boletinlegal/ HTTP/1.1" 200 -
201.245.192.253 - - [01/Jul/2023:06:40:47 -0500] "POST /kwsrmcab/Wsrmcab  HTTP/1.1" 200 213
172.22.2.4 - - [01/Jul/2023:06:39:42 -0500] "GET /BLA/boletinlegal/ HTTP/1.1" 200 58079
216.245.221.92 - - [01/Jul/2023:06:44:25 -0500] "HEAD / HTTP/1.1" 200 -
172.22.2.4 - - [01/Jul/2023:06:45:45 -0500] "GET /BLA/boletinlegal/jurisprudencia/analisis/analisis%20sentencia%20C-1007-2011-1.doc HTTP/1.1" 304 -
201.245.192.253 - - [01/Jul/2023:06:45:45 -0500] "POST /kwsrmcab/Wsrmcab  HTTP/1.1" 200 213
172.22.2.4 - - [01/Jul/2023:06:46:03 -0500] "GET /BLA/boletinlegal/actos.php HTTP/1.1" 200 9682
172.22.2.4 - - [01/Jul/2023:06:46:03 -0500] "GET /BLA/boletinlegal/styles2.css HTTP/1.1" 200 1838
172.22.2.4 - - [01/Jul/2023:06:46:03 -0500] "GET /BLA/boletinlegal/niceforms-default.css HTTP/1.1" 200 6694
172.22.2.4 - - [01/Jul/2023:06:46:03 -0500] "GET /BLA/boletinlegal/style.css HTTP/1.1" 200 9406
172.22.2.4 - - [01/Jul/2023:06:46:03 -0500] "GET /BLA/boletinlegal/js/ajax_actos.js HTTP/1.1" 200 1322
172.22.2.4 - - [01/Jul/2023:06:46:03 -0500] "GET /BLA/boletinlegal/niceforms.js HTTP/1.1" 200 22876
172.22.2.4 - - [01/Jul/2023:06:46:03 -0500] "GET /BLA/boletinlegal/js/lib.js HTTP/1.1" 200 6474
172.22.2.4 - - [01/Jul/2023:06:46:03 -0500] "GET /BLA/boletinlegal/js/popup.js HTTP/1.1" 200 1270
172.22.2.4 - - [01/Jul/2023:06:46:03 -0500] "GET /BLA/boletinlegal/js/jquery1.js HTTP/1.1" 200 29846
172.22.2.4 - - [01/Jul/2023:06:46:03 -0500] "GET /BLA/boletinlegal/images/menu_lft.gif HTTP/1.1" 200 1713
172.22.2.4 - - [01/Jul/2023:06:46:03 -0500] "GET /BLA/boletinlegal/images/menu_rght.gif HTTP/1.1" 200 1627
172.22.2.4 - - [01/Jul/2023:06:46:04 -0500] "GET /BLA/boletinlegal/images/cabezote%20BLEGAL.jpg HTTP/1.1" 200 118164
172.22.2.4 - - [01/Jul/2023:06:46:04 -0500] "GET /BLA/boletinlegal/images/subscribe-icon-big.png HTTP/1.1" 200 47702
172.22.2.4 - - [01/Jul/2023:06:46:04 -0500] "GET /BLA/boletinlegal/images/historia.png HTTP/1.1" 200 52775
172.22.2.4 - - [01/Jul/2023:06:46:04 -0500] "GET /BLA/boletinlegal/images/registro-usuarios.png HTTP/1.1" 200 8106
172.22.2.4 - - [01/Jul/2023:06:46:04 -0500] "GET /BLA/boletinlegal/images/body_bg.jpg HTTP/1.1" 200 1601
172.22.2.4 - - [01/Jul/2023:06:46:04 -0500] "GET /BLA/boletinlegal/images/bg_top.jpg HTTP/1.1" 200 522
172.22.2.4 - - [01/Jul/2023:06:46:04 -0500] "GET /BLA/boletinlegal/images/footer_bg.jpg HTTP/1.1" 200 586
172.22.2.4 - - [01/Jul/2023:06:46:04 -0500] "GET /BLA/boletinlegal/images/menu_bg.jpg HTTP/1.1" 200 620
172.22.2.4 - - [01/Jul/2023:06:46:04 -0500] "GET /BLA/boletinlegal/images/hover.jpg HTTP/1.1" 200 640
172.22.2.4 - - [01/Jul/2023:06:46:04 -0500] "GET /BLA/boletinlegal/images/text.jpg HTTP/1.1" 200 568
172.22.2.4 - - [01/Jul/2023:06:46:04 -0500] "GET /BLA/boletinlegal/images/green-yellow-blue-pink-th.png HTTP/1.1" 200 7394
172.22.2.4 - - [01/Jul/2023:06:46:04 -0500] "GET /BLA/boletinlegal/images/footer_bg_l.jpg HTTP/1.1" 200 776
172.22.2.4 - - [01/Jul/2023:06:46:04 -0500] "GET /BLA/boletinlegal/images/tel.png HTTP/1.1" 200 14477
172.22.2.4 - - [01/Jul/2023:06:46:04 -0500] "GET /BLA/boletinlegal/images/icono-email.png HTTP/1.1" 200 5544
172.22.2.4 - - [01/Jul/2023:06:46:04 -0500] "GET /BLA/boletinlegal/img/select-left.png HTTP/1.1" 200 263
172.22.2.4 - - [01/Jul/2023:06:46:04 -0500] "GET /BLA/boletinlegal/img/select-right.png HTTP/1.1" 200 44019
172.22.2.4 - - [01/Jul/2023:06:46:04 -0500] "GET /BLA/boletinlegal/img/button-right.png HTTP/1.1" 200 57878
172.22.2.4 - - [01/Jul/2023:06:46:04 -0500] "GET /BLA/boletinlegal/img/button.png HTTP/1.1" 200 43241
172.22.2.4 - - [01/Jul/2023:06:46:04 -0500] "GET /BLA/boletinlegal/img/0.png HTTP/1.1" 200 110
172.22.2.4 - - [01/Jul/2023:06:46:04 -0500] "GET /BLA/boletinlegal/img/button-left.png HTTP/1.1" 200 57071
172.22.2.4 - - [01/Jul/2023:06:46:04 -0500] "GET /BLA/boletinlegal/favicon.ico HTTP/1.1" 404 1326
172.22.2.4 - - [01/Jul/2023:06:44:42 -0500] "HEAD /BLA/boletinlegal/ HTTP/1.1" 200 -
172.22.2.4 - - [01/Jul/2023:06:45:32 -0500] "GET /BLA/boletinlegal/ HTTP/1.1" 200 50801
172.22.2.4 - - [01/Jul/2023:06:46:17 -0500] "GET /BLA/boletinlegal/index.php HTTP/1.1" 200 52855
66.249.66.71 - - [01/Jul/2023:06:48:47 -0500] "GET /cuatro-animales-silvestres-fueron-recuperados-en-usme-usaquen-y-el-aeropuerto-el-dorado.html HTTP/1.1" 200 733
216.245.221.92 - - [01/Jul/2023:06:49:25 -0500] "HEAD / HTTP/1.1" 200 -
172.22.2.4 - - [01/Jul/2023:06:49:15 -0500] "GET /BLA/boletinlegal/ HTTP/1.1" 200 32715
52.167.144.39 - - [01/Jul/2023:06:50:25 -0500] "GET /Publicaciones/2023EE90217.pdf HTTP/1.1" 404 227
52.167.144.46 - - [01/Jul/2023:06:50:30 -0500] "GET /BLA/resoluciones/AUTOS%202019/1954.pdf HTTP/1.1" 304 -
201.245.192.253 - - [01/Jul/2023:06:50:43 -0500] "POST /kwsrmcab/Wsrmcab  HTTP/1.1" 200 213
172.22.2.4 - - [01/Jul/2023:06:51:54 -0500] "GET /BLA/boletinlegal/robots.txt HTTP/1.1" 404 1139
201.221.172.58 - - [01/Jul/2023:06:52:01 -0500] "GET /reverdeciendo-bogota-mas-de-100-arboles-se-plantaron-en-el-humedal-capellania.html HTTP/1.1" 304 -
172.22.2.4 - - [01/Jul/2023:06:50:32 -0500] "HEAD /BLA/boletinlegal/ HTTP/1.1" 200 -
172.22.2.4 - - [01/Jul/2023:06:51:22 -0500] "GET /BLA/boletinlegal/ HTTP/1.1" 200 55739
216.245.221.92 - - [01/Jul/2023:06:54:25 -0500] "HEAD / HTTP/1.1" 200 -
40.77.167.177 - - [01/Jul/2023:06:55:16 -0500] "GET /images/abril-Rueda-de-prensa-Van-der-Hammen.jpeg HTTP/1.1" 200 89228
201.245.192.253 - - [01/Jul/2023:06:55:42 -0500] "POST /kwsrmcab/Wsrmcab  HTTP/1.1" 200 213
69.171.231.7 - - [01/Jul/2023:06:57:59 -0500] "GET /images/caminatas-ecol\xc3\xb3gicas-marzo---1920x1080_optimized.jpg HTTP/1.1" 404 1034
172.22.2.4 - - [01/Jul/2023:06:56:22 -0500] "HEAD /BLA/boletinlegal/ HTTP/1.1" 200 -
172.22.2.4 - - [01/Jul/2023:06:57:12 -0500] "GET /BLA/boletinlegal/ HTTP/1.1" 200 59192
216.245.221.92 - - [01/Jul/2023:06:59:25 -0500] "HEAD / HTTP/1.1" 200 -
172.22.2.4 - - [01/Jul/2023:07:00:29 -0500] "GET /BLA/boletinlegal/apple-touch-icon-precomposed.png HTTP/1.1" 404 1140
172.22.2.4 - - [01/Jul/2023:07:00:29 -0500] "GET /BLA/boletinlegal/apple-touch-icon.png HTTP/1.1" 404 1140
172.22.2.4 - - [01/Jul/2023:07:00:29 -0500] "GET /BLA/boletinlegal/favicon.ico HTTP/1.1" 404 1140
172.22.2.4 - - [01/Jul/2023:07:00:30 -0500] "GET /BLA/boletinlegal/apple-touch-icon-precomposed.png HTTP/1.1" 404 1140
201.245.192.253 - - [01/Jul/2023:07:00:41 -0500] "POST /kwsrmcab/Wsrmcab  HTTP/1.1" 200 213
207.46.13.208 - - [01/Jul/2023:07:00:48 -0500] "GET /Publicaciones/2023EE91742.pdf HTTP/1.1" 404 227
181.53.12.60 - - [01/Jul/2023:07:02:53 -0500] "GET /kwssiamovil/sm/acme/a?s=U2FsdGVkX198tVBaqmD7ucTnSXxxQ8z/VQqtBlKwViPKifgv4BQlturBaiL7/2+FRdqsUM6C4/OuZo6+FuWgk9+OTPB4ug51/Bzb3VrDpwHIi8weGx2dCCzG7rn6KpqASwTSiVifTeg5gBFXqNqxtdyVt9M0zJXmp2QQ9nNJtZEgkVBk1TOQMsGaec8rfjChwItptX7GFOyM2xpPOdrUxzG+V3oEc6KsSyXpi7AEY23vBHRGEi8Vq3/OkFJuqxZ6b8JqvwiyKiiOvr1gYhyVLQ==&u=U2FsdGVkX1/jjgx7SRp4HgNktG24VGa46WssTfnU7NI=&y=U2FsdGVkX1/UdUYslJZVBivJ6mPn/o1urxySDlpQVJCqz7p8zXaQM5GwWlymDy+b HTTP/1.1" 200 26
181.53.12.60 - - [01/Jul/2023:07:02:54 -0500] "GET /kwssiamovil/sm/acme/a?s=U2FsdGVkX1+Km49fsZO1prQHt8jrNoR5AYiSFM30iWuNUABWd5fOCd+U6aVoMYt6tUg0gJYi57+Sr4Nv8hDuri5v2QjhBXc88lU0AjimwN6kXRUqxjbenDQ/rXvEwrDjoX5mb7LaclrQzgTHKOUU1SqR0VSsFjt0PhXGZi+NiNrcVcd1Z5yRVsEVD77S9pdsC2nJRnG/xajElZrG3xWjf05nPjSo4xRcxGlRHgQMVGfwiSph5PvflKqdh4on9TnWLwdoQ9cmw8ZTzMCPbhLc7/9YYpGiTGvcbafSRB2QfQYESjY9s6cAXQenqnWNgzdm8jL5XmJuI5yyJ6SVMGFHb4pFYBjOrctg+kYm7XIvYHV/L+Hk8OlQD9wJ6FZz03oEBJySzcz6OPMhfaiQWmuOVlZ9FGZsDV1n8JwuxiqU2Dgz37cW3SKr1cskYuh8zrOLXIMG8tpiiMYPa+qlahuu6dj9HWkFsNTTAWzrTvjRfj9akL6vK3o3MzAEJCvkp3eK8r6iOq6/6T0ARdTFQcljO3H8Vo2HJyn/tahQnBJk8Y9cb3VNiyEpDt27o5QD18ceXgVBfx2LO5ZLGax0n9nj/aAobfcs6GvG1zQgD8tr7dKDMGNbH9oHDqwnqZrmpqZf0bJFAPY7SZs7Kip8k43ituHwCYLZ6lNXw8dy/fjF6EhnmenSEiekMIbplvjbEzxME8IzEr3II14oMbBWhgAHLwaAzFmjfFpoJ4S0HU85yEknHCQ1ouhSjTg+saEdJmME+IwLHMBNUEN2eNXriFv2Z4ELPmc1pz2KDHr41I0GNj9eY5P9v4m+KnDeVdFEtAG6wp9MR5098h+oFhNNU7mFLLqcvCO86TVPbQpqaeCUIynvDWUM9+hdNe9hvHm1ffC9amHK/587kXJfQaJv+mKR/feBmySX1wikhvx4rZW7sRb3QEIIdAAMrwHbzlJFG6Vgc0HUCU7bjkf1Zwe+B+pqoRcTxPZVuRUWcOekzuK0hMND0UvZbAK4pUHsHBTQo+KPMrTW9weDXhB2G/PdpBBfnc8Zhr6aMY8B41vxK/CwiBiyDOEJRE/XNPHXsd8CclRdaohaN0MV1VWOXrzHryRDxGYd/lAhL/oXlbF/zWD0S5ky4NpFMj9v0HQlo1GdKkSK11KsHogYy2/N1cxtAsNW65sOKQBi/mqtuFxwEHsgzONg8QsEtNgHveFk1dIjavj6LvxX0933+3ALVXm/vgXRWqoL6FgpBW7RZhZpukqT/l2v5Lhhmby0WOQv73JOdyVxdnMBxHB24ibukJKRiScqIHnjvHSHTOmCphV9tM6MyKhgBu3GHiL7ZzGO0Op2tdeSwn1mmV/QLojHO/BCiWW+GD5aHV5PCtbiKejuSAkRiw5HR3GSMpitoWtIbrS3obYaGdmsUSstrT//L6mPAEWSfAu6s2nnW66TG+wsN1azRfy8Si/s1AbrAI7gAekF4vwKuKBhbTMpMLuimgL2fjw/mGVYQ7iGn1HfKusy/tEjUfR4CR8SqUsroNyQ8qgrogZra96zYQOxorX81XiYs1ij10IAD9Wq8WWF3/TO26jJbKkwIYqG68ex+ZXR+NspEusaLsjXeBD3cZpNcaZMSLLvnJZBJtEGi6E/fK2leYGWqLZdb0noFZoiCPLq19Kz5vh1+8HWTp7V7pf5yQxMoRN0gYosLa+KMNiSrzMyl1JPgWJgf6AFCPVQtDPRojbXh4Xwux4JNB42dV8L2M7Jar0rxVy5DglNIdl7zZBZ5uRnIwZX/KyO93ZTMsCFU5LPPV+glsP2WBVE5tZPKAIfd+sDMO4sVVAfOXZjp4i/kbf9aVHLT5ZRHiqICMHubggtwcWTKjqqTiAQAZXbDqaWi8lVzJBnC5QVjL8hKwQTJO6P9sNn9VYmTHFsknf5wGIyTeuwg29V6mtLvFbVRtp3NJJIKzV0wPGgXVF3YtMHwl4jcItodM0lUg4WiZ3iLkiQZ+GbgYPBr3321fe61knbZyzCquot8anGVIuxkqMSlZaNH0b8pfoGtzbVpNuQYDsLWG3Y/Dt2Vactlmf2D6t4bPG8kg==&u=U2FsdGVkX1/jjgx7SRp4HgNktG24VGa46WssTfnU7NI=&y=U2FsdGVkX1/UdUYslJZVBivJ6mPn/o1urxySDlpQVJCqz7p8zXaQM5GwWlymDy+b HTTP/1.1" 200 26
181.53.12.60 - - [01/Jul/2023:07:02:54 -0500] "GET /kwssiamovil/sm/acme/a?s=U2FsdGVkX1+EipKYhXxI4T2Lbz6Z71n5hU3keGLaLrH2K4D4Ne7ftT2MbgWgQ/OSGWcci5AEZNlcMV8iOrsqs9/8QT8xDfQCKJCUnc960vf6GpFhoJUyVB1/Gm2oMtrs63xOtpuIbN4FBwznnWZlbAht9KvKaQ2G+K8SYY09JRg=&u=U2FsdGVkX1/jjgx7SRp4HgNktG24VGa46WssTfnU7NI=&y=U2FsdGVkX1/UdUYslJZVBivJ6mPn/o1urxySDlpQVJCqz7p8zXaQM5GwWlymDy+b HTTP/1.1" 200 26
181.53.12.60 - - [01/Jul/2023:07:02:55 -0500] "GET /kwssiamovil/sm/acme/a?s=U2FsdGVkX19xSmALfFyevy2lMiEQ9jJE46JFGlM1HVsJgfmct2CVhdC6oxAouKDVRFlPWnbZ3EvIHtHE7yJPwbEk8hkSq8lRhBmlOJh5UqINZyIe6UI9Aik+8S2s+cadFfV8QqSMdZRi1qQF6wxXb8OQOosd18s2Uq+nDVZMFcs=&u=U2FsdGVkX1/jjgx7SRp4HgNktG24VGa46WssTfnU7NI=&y=U2FsdGVkX1/UdUYslJZVBivJ6mPn/o1urxySDlpQVJCqz7p8zXaQM5GwWlymDy+b HTTP/1.1" 200 26
181.53.12.60 - - [01/Jul/2023:07:02:55 -0500] "GET /kwssiamovil/sm/acme/a?s=U2FsdGVkX1/9zyoCpgHPQtJJR/cxfmRQ/Va93mXUOqTTKO0pPTi6+BRsELMFtrSQd9AzMiFR2bxujG3mSHBpdFNz3IbArGdkYZcCX7mGWGdxN4NMVkgjBXJbFPJs1m3RMm9CrOz2/5H/N3YFPCU8ps3+tuvrwvq2HVtcd1QhAJI=&u=U2FsdGVkX1/jjgx7SRp4HgNktG24VGa46WssTfnU7NI=&y=U2FsdGVkX1/UdUYslJZVBivJ6mPn/o1urxySDlpQVJCqz7p8zXaQM5GwWlymDy+b HTTP/1.1" 200 26
181.53.12.60 - - [01/Jul/2023:07:02:55 -0500] "GET /kwssiamovil/sm/acme/a?s=U2FsdGVkX19zKnN6yhJk1WmugEfWrkU4BMA6ODp0Rr/JfjeNx1fksV6gibu8k4mZvNAHP8fbe3ydPZoeGzxTo4NDjaaoco78T7wulrEEhkke5Qqn0Mp+DZzTYvQihVoA3k+AhfqVl7OPqb4mnx+S7DVP96RGbIawOjGwcCSXo6vXEeOgklnLFXf2+45eE3p8&u=U2FsdGVkX1/jjgx7SRp4HgNktG24VGa46WssTfnU7NI=&y=U2FsdGVkX1/UdUYslJZVBivJ6mPn/o1urxySDlpQVJCqz7p8zXaQM5GwWlymDy+b HTTP/1.1" 200 26
172.22.2.4 - - [01/Jul/2023:07:02:34 -0500] "GET /BLA/boletinlegal/ HTTP/1.1" 200 32715
172.22.2.4 - - [01/Jul/2023:07:02:12 -0500] "HEAD /BLA/boletinlegal/ HTTP/1.1" 200 -
216.245.221.92 - - [01/Jul/2023:07:04:25 -0500] "HEAD / HTTP/1.1" 200 -
172.22.2.4 - - [01/Jul/2023:07:03:02 -0500] "GET /BLA/boletinlegal/ HTTP/1.1" 200 56100
201.245.192.253 - - [01/Jul/2023:07:05:40 -0500] "POST /kwsrmcab/Wsrmcab  HTTP/1.1" 200 213
181.53.12.60 - - [01/Jul/2023:07:05:45 -0500] "GET /kwssiamovil/sm/acme/u?s=U2FsdGVkX19zw3htnOiufltifbpoD0mqHczelYdjEpNvAKyNtad3Ifg0+s3XXNG3f023XgoTMC4ChXGDvNYyikp05MZim21xTyYEMMd3XDtkp2JkWLDPkfDmpGIqYacTMPxTNVwjBEh5j0a5Qrset85U14oSbeVu3+0XAk1DKMY=&u=U2FsdGVkX1/jjgx7SRp4HgNktG24VGa46WssTfnU7NI=&y=U2FsdGVkX1/UdUYslJZVBivJ6mPn/o1urxySDlpQVJCqz7p8zXaQM5GwWlymDy+b HTTP/1.1" 200 60
172.22.2.4 - - [01/Jul/2023:07:07:07 -0500] "GET /BLA/boletinlegal/owa/auth/logon.aspx HTTP/1.1" 404 1018
216.245.221.92 - - [01/Jul/2023:07:09:25 -0500] "HEAD / HTTP/1.1" 200 -
172.22.2.4 - - [01/Jul/2023:07:08:02 -0500] "HEAD /BLA/boletinlegal/ HTTP/1.1" 200 -
172.22.2.4 - - [01/Jul/2023:07:08:52 -0500] "GET /BLA/boletinlegal/ HTTP/1.1" 200 55739
201.245.192.253 - - [01/Jul/2023:07:10:38 -0500] "POST /kwsrmcab/Wsrmcab  HTTP/1.1" 200 213
216.245.221.92 - - [01/Jul/2023:07:14:25 -0500] "HEAD / HTTP/1.1" 200 -
172.22.2.4 - - [01/Jul/2023:07:13:52 -0500] "HEAD /BLA/boletinlegal/ HTTP/1.1" 200 -
201.245.192.253 - - [01/Jul/2023:07:15:36 -0500] "POST /kwsrmcab/Wsrmcab  HTTP/1.1" 200 213
172.22.2.4 - - [01/Jul/2023:07:14:42 -0500] "GET /BLA/boletinlegal/ HTTP/1.1" 200 59192
181.142.172.30 - - [01/Jul/2023:07:17:04 -0500] "GET /reverdeciendo-bogota-mas-de-100-arboles-se-plantaron-en-el-humedal-capellania.html HTTP/1.1" 200 811
194.62.40.12 - - [01/Jul/2023:07:18:27 -0500] "GET /wp-login.php HTTP/1.1" 404 1035
20.26.44.161 - - [01/Jul/2023:07:18:44 -0500] "GET /Publicaciones/2023EE90023.pdf HTTP/1.1" 404 227
216.245.221.92 - - [01/Jul/2023:07:19:25 -0500] "HEAD / HTTP/1.1" 200 -
201.245.192.253 - - [01/Jul/2023:07:20:17 -0500] "POST /kwsrmcab/Wsrmcab HTTP/1.1" 200 43084
201.245.192.253 - - [01/Jul/2023:07:20:20 -0500] "POST /kwsrmcab/Wsrmcab HTTP/1.1" 200 42918
201.245.192.253 - - [01/Jul/2023:07:20:34 -0500] "POST /kwsrmcab/Wsrmcab  HTTP/1.1" 200 213
207.46.13.208 - - [01/Jul/2023:07:20:40 -0500] "GET /BLA/resoluciones/AUTOS%202021/4210.pdf HTTP/1.1" 304 -
172.22.2.4 - - [01/Jul/2023:07:19:42 -0500] "HEAD /BLA/boletinlegal/ HTTP/1.1" 200 -
87.249.132.187 - - [01/Jul/2023:07:22:00 -0500] "GET / HTTP/1.1" 200 319
172.22.2.4 - - [01/Jul/2023:07:22:08 -0500] "GET /BLA/boletinlegal/ab2g HTTP/1.1" 404 1018
172.22.2.4 - - [01/Jul/2023:07:22:08 -0500] "GET /BLA/boletinlegal/ab2h HTTP/1.1" 404 1018
172.22.2.4 - - [01/Jul/2023:07:20:32 -0500] "GET /BLA/boletinlegal/ HTTP/1.1" 200 54453
172.22.2.4 - - [01/Jul/2023:07:22:23 -0500] "GET /BLA/boletinlegal/t4 HTTP/1.1" 404 1018
172.22.2.4 - - [01/Jul/2023:07:22:24 -0500] "GET /BLA/boletinlegal/favicon.ico HTTP/1.1" 404 1018
172.22.2.4 - - [01/Jul/2023:07:22:12 -0500] "GET /BLA/boletinlegal/ HTTP/1.1" 200 32715
172.22.2.4 - - [01/Jul/2023:07:22:25 -0500] "GET /BLA/boletinlegal/ HTTP/1.1" 200 24523
172.22.2.4 - - [01/Jul/2023:07:21:39 -0500] "GET /BLA/boletinlegal/ HTTP/1.1" 200 51193
172.22.2.4 - - [01/Jul/2023:07:23:19 -0500] "GET /BLA/boletinlegal/Circulares/2011/Circular%20No.%202%20del%2026%20de%20Mayo%20de%202011.pdf HTTP/1.1" 200 644194
172.22.2.4 - - [01/Jul/2023:07:23:22 -0500] "GET /BLA/boletinlegal/style.css HTTP/1.1" 200 9406
216.245.221.92 - - [01/Jul/2023:07:24:25 -0500] "HEAD / HTTP/1.1" 200 -
191.95.56.246 - - [01/Jul/2023:07:24:42 -0500] "GET /reverdeciendo-bogota-mas-de-100-arboles-se-plantaron-en-el-humedal-capellania.html HTTP/1.1" 200 811
173.252.95.116 - - [01/Jul/2023:07:24:44 -0500] "GET /bogota-celebra-la-semana-de-los-insectos.html HTTP/1.1" 200 717
201.245.192.253 - - [01/Jul/2023:07:25:33 -0500] "POST /kwsrmcab/Wsrmcab  HTTP/1.1" 200 213
66.249.70.198 - - [01/Jul/2023:07:27:00 -0500] "-" 408 -
172.22.2.4 - - [01/Jul/2023:07:25:32 -0500] "HEAD /BLA/boletinlegal/ HTTP/1.1" 200 -
172.22.2.4 - - [01/Jul/2023:07:26:22 -0500] "GET /BLA/boletinlegal/ HTTP/1.1" 200 57272
66.249.66.71 - - [01/Jul/2023:07:28:38 -0500] "GET /mujeres-que-reverdecen-y-sistema-de-cuidado-ejemplo-de-que-ambiente-y-cuidado-trabajan-juntos.html HTTP/1.1" 200 893
216.244.66.195 - - [01/Jul/2023:07:29:02 -0500] "-" 408 -
216.245.221.92 - - [01/Jul/2023:07:29:25 -0500] "HEAD / HTTP/1.1" 200 -
172.22.2.4 - - [01/Jul/2023:07:30:21 -0500] "GET /BLA/boletinlegal/jurisprudencia/analisis/Analisis%20jurisprudencial%20Sentencia%20C-366-11.doc HTTP/1.1" 304 -
201.245.192.253 - - [01/Jul/2023:07:30:18 -0500] "POST /kwsrmcab/Wsrmcab HTTP/1.1" 200 43084
201.245.192.253 - - [01/Jul/2023:07:30:22 -0500] "POST /kwsrmcab/Wsrmcab HTTP/1.1" 200 42918
201.245.192.253 - - [01/Jul/2023:07:30:32 -0500] "POST /kwsrmcab/Wsrmcab  HTTP/1.1" 200 213
173.252.107.2 - - [01/Jul/2023:07:31:43 -0500] "GET /bogota-celebra-la-semana-de-los-insectos.html HTTP/1.1" 200 717
172.22.2.4 - - [01/Jul/2023:07:31:22 -0500] "HEAD /BLA/boletinlegal/ HTTP/1.1" 200 -
52.74.87.91 - - [01/Jul/2023:07:33:31 -0500] "GET /transparencia/financiera/Desagregado%20con%20modificaciones/? HTTP/1.1" 404 1484
52.74.87.91 - - [01/Jul/2023:07:33:33 -0500] "GET /transparencia/financiera/Desagregado%20con%20modificaciones/? HTTP/1.1" 404 1484
172.22.2.4 - - [01/Jul/2023:07:32:12 -0500] "GET /BLA/boletinlegal/ HTTP/1.1" 200 59192
216.245.221.92 - - [01/Jul/2023:07:34:25 -0500] "HEAD / HTTP/1.1" 200 -
191.157.193.208 - - [01/Jul/2023:07:34:39 -0500] "GET /proyecto-avantia-con-la-union-europea-busca-especialista-en-cambio-climatico.html HTTP/1.1" 200 814
172.22.2.4 - - [01/Jul/2023:07:35:19 -0500] "GET /BLA/boletinlegal/actos.php HTTP/1.1" 200 9682
172.22.2.4 - - [01/Jul/2023:07:35:19 -0500] "GET /BLA/boletinlegal/favicon.ico HTTP/1.1" 404 1326
186.84.20.209 - - [01/Jul/2023:07:35:20 -0500] "GET /BLA/resoluciones/ HTTP/1.1" 200 13502
186.84.20.209 - - [01/Jul/2023:07:35:28 -0500] "GET /BLA/resoluciones/index.php?dir=AUTOS+2020%2F HTTP/1.1" 200 329101
201.245.192.253 - - [01/Jul/2023:07:35:30 -0500] "POST /kwsrmcab/Wsrmcab  HTTP/1.1" 200 213
172.22.2.4 - - [01/Jul/2023:07:35:16 -0500] "GET /BLA/boletinlegal/ HTTP/1.1" 200 24523
201.244.109.165 - - [01/Jul/2023:07:37:03 -0500] "GET /portaldeninos/parque-ecologico-distrital-humedal-santa-maria-del-lago/ HTTP/1.1" 200 90199
201.244.109.165 - - [01/Jul/2023:07:37:04 -0500] "GET /portaldeninos/wp-content/plugins/gallery-videos/CSS/Total-Soft-Gallery-Video-Widget.css?ver=4.9.8 HTTP/1.1" 200 51554
201.244.109.165 - - [01/Jul/2023:07:37:04 -0500] "GET /portaldeninos/wp-content/plugins/gallery-videos/CSS/totalsoft.css?ver=4.9.8 HTTP/1.1" 200 40622
190.85.62.98 - - [01/Jul/2023:07:37:04 -0500] "GET /portaldeninos/wp-content/uploads/useanyfont/uaf.css?ver=1589905315 HTTP/1.1" 200 408
190.85.62.98 - - [01/Jul/2023:07:37:04 -0500] "GET /portaldeninos/wp-content/themes/betheme/style.css?ver=20.9.6 HTTP/1.1" 200 287
201.244.109.165 - - [01/Jul/2023:07:37:04 -0500] "GET /portaldeninos/wp-content/themes/betheme/css/base.css?ver=20.9.6 HTTP/1.1" 200 57283
201.244.109.165 - - [01/Jul/2023:07:37:04 -0500] "GET /portaldeninos/wp-content/themes/betheme/css/layout.css?ver=20.9.6 HTTP/1.1" 200 116639
201.244.109.165 - - [01/Jul/2023:07:37:04 -0500] "GET /portaldeninos/wp-content/themes/betheme/assets/animations/animations.min.css?ver=20.9.6 HTTP/1.1" 200 58508
190.85.62.98 - - [01/Jul/2023:07:37:04 -0500] "GET /portaldeninos/wp-content/themes/betheme/assets/ui/jquery.ui.all.css?ver=20.9.6 HTTP/1.1" 200 18765
201.244.109.165 - - [01/Jul/2023:07:37:04 -0500] "GET /portaldeninos/wp-content/themes/betheme/assets/jplayer/css/jplayer.blue.monday.css?ver=20.9.6 HTTP/1.1" 200 9834
201.244.109.165 - - [01/Jul/2023:07:37:04 -0500] "GET /portaldeninos/wp-content/plugins/google-analytics-for-wordpress/assets/js/frontend-gtag.min.js?ver=8.5.0 HTTP/1.1" 200 11801
190.85.62.98 - - [01/Jul/2023:07:37:04 -0500] "GET /portaldeninos/wp-content/themes/betheme/css/shortcodes.css?ver=20.9.6 HTTP/1.1" 200 138889
201.244.109.165 - - [01/Jul/2023:07:37:04 -0500] "GET /portaldeninos/wp-includes/js/jquery/jquery-migrate.min.js?ver=1.4.1 HTTP/1.1" 200 10056
190.85.62.98 - - [01/Jul/2023:07:37:04 -0500] "GET /portaldeninos/wp-includes/js/jquery/ui/core.min.js?ver=1.11.4 HTTP/1.1" 200 4000
201.244.109.165 - - [01/Jul/2023:07:37:04 -0500] "GET /portaldeninos/wp-content/plugins/gallery-videos/JS/modernizr.custom.js?ver=4.9.8 HTTP/1.1" 200 9019
190.85.62.98 - - [01/Jul/2023:07:37:04 -0500] "GET /portaldeninos/wp-content/themes/betheme/css/responsive.css?ver=20.9.6 HTTP/1.1" 200 55740
201.244.109.165 - - [01/Jul/2023:07:37:04 -0500] "GET /portaldeninos/wp-includes/js/jquery/jquery.js?ver=1.12.4 HTTP/1.1" 200 97184
201.244.109.165 - - [01/Jul/2023:07:37:04 -0500] "GET /portaldeninos/wp-content/plugins/gallery-videos/JS/Total-Soft-Gallery-Video-Widget.js?ver=4.9.8 HTTP/1.1" 200 80264
201.244.109.165 - - [01/Jul/2023:07:37:04 -0500] "GET /portaldeninos/wp-includes/js/jquery/ui/widget.min.js?ver=1.11.4 HTTP/1.1" 200 6908
201.244.109.165 - - [01/Jul/2023:07:37:04 -0500] "GET /portaldeninos/wp-includes/js/jquery/ui/mouse.min.js?ver=1.11.4 HTTP/1.1" 200 3148
201.244.109.165 - - [01/Jul/2023:07:37:04 -0500] "GET /portaldeninos/wp-includes/js/jquery/ui/sortable.min.js?ver=1.11.4 HTTP/1.1" 200 24899
201.244.109.165 - - [01/Jul/2023:07:37:04 -0500] "GET /portaldeninos/wp-includes/js/jquery/ui/tabs.min.js?ver=1.11.4 HTTP/1.1" 200 12110
201.244.109.165 - - [01/Jul/2023:07:37:04 -0500] "GET /portaldeninos/wp-includes/js/jquery/ui/accordion.min.js?ver=1.11.4 HTTP/1.1" 200 8584
201.244.109.165 - - [01/Jul/2023:07:37:04 -0500] "GET /portaldeninos/wp-content/themes/betheme/js/menu.js?ver=20.9.6 HTTP/1.1" 200 2449
201.244.109.165 - - [01/Jul/2023:07:37:04 -0500] "GET /portaldeninos/wp-content/themes/betheme/assets/animations/animations.min.js?ver=20.9.6 HTTP/1.1" 200 1896
201.244.109.165 - - [01/Jul/2023:07:37:04 -0500] "GET /portaldeninos/wp-content/themes/betheme/js/plugins.js?ver=20.9.6 HTTP/1.1" 200 197151
201.244.109.165 - - [01/Jul/2023:07:37:04 -0500] "GET /portaldeninos/wp-content/themes/betheme/assets/jplayer/jplayer.min.js?ver=20.9.6 HTTP/1.1" 200 52702
201.244.109.165 - - [01/Jul/2023:07:37:05 -0500] "GET /portaldeninos/wp-includes/js/wp-embed.min.js?ver=4.9.8 HTTP/1.1" 200 1398
190.85.62.98 - - [01/Jul/2023:07:37:04 -0500] "GET /portaldeninos/wp-content/themes/betheme/js/scripts.js?ver=20.9.6 HTTP/1.1" 200 77162
201.244.109.165 - - [01/Jul/2023:07:37:05 -0500] "GET /portaldeninos/wp-content/uploads/2021/07/Banners-pa%CC%81gina-de-nin%CC%83os2.jpg HTTP/1.1" 200 33818
201.244.109.165 - - [01/Jul/2023:07:37:05 -0500] "GET /portaldeninos/wp-content/uploads/2021/07/imagenes-con-marcos-pa%CC%81gina-de-nin%CC%83os-humedal-santa-mari%CC%81a-del-lago.jpg HTTP/1.1" 200 29226
190.85.62.98 - - [01/Jul/2023:07:37:05 -0500] "GET /portaldeninos/wp-content/uploads/2019/08/Logo-Ambientic.png HTTP/1.1" 200 22941
190.85.62.98 - - [01/Jul/2023:07:37:05 -0500] "GET /portaldeninos/wp-includes/js/wp-emoji-release.min.js?ver=4.9.8 HTTP/1.1" 200 12026
201.244.109.165 - - [01/Jul/2023:07:37:05 -0500] "GET /portaldeninos/wp-content/themes/betheme/fonts/mfn-icons.woff?93978679 HTTP/1.1" 200 80932
190.85.62.98 - - [01/Jul/2023:07:37:05 -0500] "GET /portaldeninos/wp-content/themes/betheme/images/box_shadow.png HTTP/1.1" 200 108
172.22.2.4 - - [01/Jul/2023:07:37:43 -0500] "POST /BLA/boletinlegal/Autodiscover/Autodiscover.xml HTTP/1.1" 404 1018
172.22.2.4 - - [01/Jul/2023:07:37:12 -0500] "HEAD /BLA/boletinlegal/ HTTP/1.1" 200 -
216.245.221.92 - - [01/Jul/2023:07:39:25 -0500] "HEAD / HTTP/1.1" 200 -
172.22.2.4 - - [01/Jul/2023:07:38:02 -0500] "GET /BLA/boletinlegal/ HTTP/1.1" 200 56452
201.245.192.253 - - [01/Jul/2023:07:40:18 -0500] "POST /kwsrmcab/Wsrmcab HTTP/1.1" 200 43084
201.245.192.253 - - [01/Jul/2023:07:40:21 -0500] "POST /kwsrmcab/Wsrmcab HTTP/1.1" 200 42918
201.245.192.253 - - [01/Jul/2023:07:40:29 -0500] "POST /kwsrmcab/Wsrmcab  HTTP/1.1" 200 213
207.46.13.208 - - [01/Jul/2023:07:42:22 -0500] "GET /Publicaciones/2023EE92060.pdf HTTP/1.1" 404 227
201.244.109.165 - - [01/Jul/2023:07:43:38 -0500] "GET /portaldeninos/wp-content/uploads/2021/07/Humedal-Santa-Maria-del-Lago.mp4 HTTP/1.1" 206 3598754
216.245.221.92 - - [01/Jul/2023:07:44:25 -0500] "HEAD / HTTP/1.1" 200 -
172.22.2.4 - - [01/Jul/2023:07:43:02 -0500] "HEAD /BLA/boletinlegal/ HTTP/1.1" 200 -
201.245.192.253 - - [01/Jul/2023:07:45:28 -0500] "POST /kwsrmcab/Wsrmcab  HTTP/1.1" 200 213
172.22.2.4 - - [01/Jul/2023:07:43:52 -0500] "GET /BLA/boletinlegal/ HTTP/1.1" 200 58825
69.171.251.13 - - [01/Jul/2023:07:49:09 -0500] "GET /entrenubes-raton-de-montana-se-alimenta-de-hongos-presentes-en-este-ecosistema-del-suroriente-de-bogota.html HTTP/1.1" 200 843
216.245.221.92 - - [01/Jul/2023:07:49:25 -0500] "HEAD / HTTP/1.1" 200 -
52.167.144.46 - - [01/Jul/2023:07:50:12 -0500] "GET /Publicaciones/2022EE01395.pdf HTTP/1.1" 404 227
201.245.192.253 - - [01/Jul/2023:07:50:26 -0500] "POST /kwsrmcab/Wsrmcab  HTTP/1.1" 200 213
172.22.2.4 - - [01/Jul/2023:07:48:52 -0500] "HEAD /BLA/boletinlegal/ HTTP/1.1" 200 -
172.22.2.4 - - [01/Jul/2023:07:49:42 -0500] "GET /BLA/boletinlegal/ HTTP/1.1" 200 59192
191.95.56.136 - - [01/Jul/2023:07:51:31 -0500] "GET /reverdeciendo-bogota-mas-de-100-arboles-se-plantaron-en-el-humedal-capellania.html HTTP/1.1" 200 811
52.167.144.152 - - [01/Jul/2023:07:52:26 -0500] "GET /images/Reciclaje-en-bogota.jpg HTTP/1.1" 200 65853
172.22.2.4 - - [01/Jul/2023:07:52:37 -0500] "GET /BLA/boletinlegal/robots.txt HTTP/1.1" 404 1140
166.0.218.40 - - [01/Jul/2023:07:54:20 -0500] "GET / HTTP/1.1" 200 319
216.245.221.92 - - [01/Jul/2023:07:54:25 -0500] "HEAD / HTTP/1.1" 200 -
172.22.2.4 - - [01/Jul/2023:07:54:27 -0500] "GET /BLA/boletinlegal/actos.php HTTP/1.1" 200 9682
172.22.2.4 - - [01/Jul/2023:07:54:28 -0500] "GET /BLA/boletinlegal/favicon.ico HTTP/1.1" 404 1326
172.22.2.4 - - [01/Jul/2023:07:54:30 -0500] "GET /BLA/boletinlegal/actos.php HTTP/1.1" 200 9682
190.145.240.34 - - [01/Jul/2023:07:54:34 -0500] "GET /BLA/resoluciones/ HTTP/1.1" 200 13502
190.145.240.34 - - [01/Jul/2023:07:54:40 -0500] "GET /BLA/resoluciones/index.php?dir=AUTOS+2023%2F HTTP/1.1" 200 133336
201.245.192.253 - - [01/Jul/2023:07:55:25 -0500] "POST /kwsrmcab/Wsrmcab  HTTP/1.1" 200 213
172.22.2.4 - - [01/Jul/2023:07:54:42 -0500] "HEAD /BLA/boletinlegal/ HTTP/1.1" 200 -
181.55.21.116 - - [01/Jul/2023:07:56:55 -0500] "GET /proyecto-avantia-con-la-union-europea-busca-especialista-en-cambio-climatico.html HTTP/1.1" 200 814
172.22.2.4 - - [01/Jul/2023:07:55:32 -0500] "GET /BLA/boletinlegal/ HTTP/1.1" 200 59192
40.77.167.177 - - [01/Jul/2023:07:57:41 -0500] "GET /images/camianatas-abril-jpg_optimized.jpg HTTP/1.1" 200 96625
114.119.160.195 - - [01/Jul/2023:07:58:01 -0500] "-" 408 -
216.245.221.92 - - [01/Jul/2023:07:59:25 -0500] "HEAD / HTTP/1.1" 200 -
173.252.107.118 - - [01/Jul/2023:07:59:52 -0500] "GET /images/cronica-mujer-31-enero.jpg HTTP/1.1" 200 29531
173.252.79.117 - - [01/Jul/2023:07:59:53 -0500] "GET /images/cronica-mujer-31-enero.jpg HTTP/1.1" 200 29531
186.29.156.186 - - [01/Jul/2023:08:00:00 -0500] "GET /proyecto-avantia-con-la-union-europea-busca-especialista-en-cambio-climatico.html HTTP/1.1" 200 814
201.245.192.253 - - [01/Jul/2023:08:00:25 -0500] "POST /kwsrmcab/Wsrmcab  HTTP/1.1" 200 213
172.22.2.4 - - [01/Jul/2023:08:00:32 -0500] "HEAD /BLA/boletinlegal/ HTTP/1.1" 200 -
181.63.8.141 - - [01/Jul/2023:08:02:50 -0500] "GET /sipse/faces/presentacion/financiero/solicitudProceso/consultarSolicitudProceso.xhtml HTTP/1.1" 302 -
181.63.8.141 - - [01/Jul/2023:08:02:50 -0500] "GET /sipse/faces/autenticacion.xhtml HTTP/1.1" 200 12178
181.63.8.141 - - [01/Jul/2023:08:02:50 -0500] "GET /sipse/js/disable_browser_buttons.js HTTP/1.1" 304 -
181.63.8.141 - - [01/Jul/2023:08:02:50 -0500] "GET /sipse/js/funciones.js HTTP/1.1" 304 -
181.63.8.141 - - [01/Jul/2023:08:02:50 -0500] "GET /sipse/css/custom_css_sg.css HTTP/1.1" 304 -
181.63.8.141 - - [01/Jul/2023:08:02:50 -0500] "GET /sipse/faces/javax.faces.resource/theme.css?ln=primefaces-sipse HTTP/1.1" 304 -
181.63.8.141 - - [01/Jul/2023:08:02:50 -0500] "GET /sipse/faces/javax.faces.resource/primefaces.css?ln=primefaces&v=4.0 HTTP/1.1" 304 -
181.63.8.141 - - [01/Jul/2023:08:02:50 -0500] "GET /sipse/css/custom_css_sg_prime_login.css HTTP/1.1" 304 -
181.63.8.141 - - [01/Jul/2023:08:02:50 -0500] "GET /sipse/faces/javax.faces.resource/layout/layout.css?ln=primefaces&v=4.0 HTTP/1.1" 304 -
181.63.8.141 - - [01/Jul/2023:08:02:50 -0500] "GET /sipse/faces/javax.faces.resource/jquery/jquery.js?ln=primefaces&v=4.0 HTTP/1.1" 304 -
181.63.8.141 - - [01/Jul/2023:08:02:50 -0500] "GET /sipse/faces/javax.faces.resource/jquery/jquery-plugins.js?ln=primefaces&v=4.0 HTTP/1.1" 304 -
181.63.8.141 - - [01/Jul/2023:08:02:50 -0500] "GET /sipse/faces/javax.faces.resource/primefaces.js?ln=primefaces&v=4.0 HTTP/1.1" 304 -
