200.118.80.45 - - [01/Jul/2023:17:39:36 -0500] "GET /sipse/faces/javax.faces.resource/jquery/jquery-plugins.js?ln=primefaces&v=4.0 HTTP/1.1" 304 -
200.118.80.45 - - [01/Jul/2023:17:39:36 -0500] "GET /sipse/faces/javax.faces.resource/primefaces.js?ln=primefaces&v=4.0 HTTP/1.1" 304 -
200.118.80.45 - - [01/Jul/2023:17:39:36 -0500] "GET /sipse/faces/javax.faces.resource/layout/layout.js?ln=primefaces&v=4.0 HTTP/1.1" 304 -
200.118.80.45 - - [01/Jul/2023:17:39:36 -0500] "GET /sipse/css/imagen/contrasena.png HTTP/1.1" 404 383
200.118.80.45 - - [01/Jul/2023:17:39:38 -0500] "GET /sipse/faces/javax.faces.resource/images/ui-bg_flat_0_2d5972_40x100.png?ln=primefaces-aristo HTTP/1.1" 304 -
200.118.80.45 - - [01/Jul/2023:17:39:38 -0500] "POST /sipse/faces/bienvenido.xhtml HTTP/1.1" 200 2658
172.22.2.4 - - [01/Jul/2023:17:38:01 -0500] "HEAD /BLA/boletinlegal/ HTTP/1.1" 200 -
200.118.80.45 - - [01/Jul/2023:17:39:39 -0500] "POST /sipse/faces/bienvenido.xhtml HTTP/1.1" 200 65297
200.118.80.45 - - [01/Jul/2023:17:39:42 -0500] "GET /sipse/faces/javax.faces.resource/theme.css?ln=primefaces-sipse HTTP/1.1" 304 -
200.118.80.45 - - [01/Jul/2023:17:39:42 -0500] "GET /sipse/faces/javax.faces.resource/primefaces.css?ln=primefaces&v=4.0 HTTP/1.1" 304 -
200.118.80.45 - - [01/Jul/2023:17:39:42 -0500] "GET /sipse/faces/javax.faces.resource/layout/layout.css?ln=primefaces&v=4.0 HTTP/1.1" 304 -
200.118.80.45 - - [01/Jul/2023:17:39:42 -0500] "GET /sipse/faces/javax.faces.resource/jquery/jquery.js?ln=primefaces&v=4.0 HTTP/1.1" 304 -
200.118.80.45 - - [01/Jul/2023:17:39:42 -0500] "GET /sipse/faces/javax.faces.resource/jquery/jquery-plugins.js?ln=primefaces&v=4.0 HTTP/1.1" 304 -
200.118.80.45 - - [01/Jul/2023:17:39:42 -0500] "GET /sipse/faces/javax.faces.resource/primefaces.js?ln=primefaces&v=4.0 HTTP/1.1" 304 -
200.118.80.45 - - [01/Jul/2023:17:39:42 -0500] "GET /sipse/faces/javax.faces.resource/layout/layout.js?ln=primefaces&v=4.0 HTTP/1.1" 304 -
200.118.80.45 - - [01/Jul/2023:17:39:42 -0500] "POST /sipse/faces/presentacion/financiero/solicitudProceso/listarSolicitudProceso.xhtml HTTP/1.1" 200 1556
200.118.80.45 - - [01/Jul/2023:17:39:45 -0500] "POST /sipse/faces/presentacion/financiero/solicitudProceso/listarSolicitudProceso.xhtml HTTP/1.1" 200 17773
201.245.192.253 - - [01/Jul/2023:17:40:16 -0500] "POST /kwsrmcab/Wsrmcab HTTP/1.1" 200 43045
201.245.192.253 - - [01/Jul/2023:17:40:19 -0500] "POST /kwsrmcab/Wsrmcab HTTP/1.1" 200 43355
172.22.2.4 - - [01/Jul/2023:17:38:52 -0500] "GET /BLA/boletinlegal/ HTTP/1.1" 200 59192
201.245.192.253 - - [01/Jul/2023:17:43:08 -0500] "POST /kwsrmcab/Wsrmcab  HTTP/1.1" 200 213
216.245.221.92 - - [01/Jul/2023:17:44:23 -0500] "HEAD / HTTP/1.1" 200 -
172.22.2.4 - - [01/Jul/2023:17:43:51 -0500] "HEAD /BLA/boletinlegal/ HTTP/1.1" 200 -
172.22.2.4 - - [01/Jul/2023:17:44:42 -0500] "GET /BLA/boletinlegal/ HTTP/1.1" 200 58825
172.22.2.4 - - [01/Jul/2023:17:46:39 -0500] "GET /BLA/boletinlegal/jurisprudencia/analisis/AnalisisT-606-15.docx HTTP/1.1" 200 26698
172.22.2.4 - - [01/Jul/2023:17:46:40 -0500] "GET /BLA/boletinlegal/apple-touch-icon-120x120-precomposed.png HTTP/1.1" 404 1140
172.22.2.4 - - [01/Jul/2023:17:46:40 -0500] "GET /BLA/boletinlegal/apple-touch-icon-120x120.png HTTP/1.1" 404 1140
172.22.2.4 - - [01/Jul/2023:17:46:40 -0500] "GET /BLA/boletinlegal/apple-touch-icon-precomposed.png HTTP/1.1" 404 1140
172.22.2.4 - - [01/Jul/2023:17:46:40 -0500] "GET /BLA/boletinlegal/apple-touch-icon.png HTTP/1.1" 404 1140
172.22.2.4 - - [01/Jul/2023:17:46:40 -0500] "GET /BLA/boletinlegal/favicon.ico HTTP/1.1" 404 1140
172.22.2.4 - - [01/Jul/2023:17:46:40 -0500] "GET /BLA/boletinlegal/apple-touch-icon-120x120-precomposed.png HTTP/1.1" 404 1140
172.22.2.4 - - [01/Jul/2023:17:46:40 -0500] "GET /BLA/boletinlegal/apple-touch-icon-120x120.png HTTP/1.1" 404 1140
172.22.2.4 - - [01/Jul/2023:17:46:40 -0500] "GET /BLA/boletinlegal/apple-touch-icon-precomposed.png HTTP/1.1" 404 1140
172.22.2.4 - - [01/Jul/2023:17:46:40 -0500] "GET /BLA/boletinlegal/apple-touch-icon.png HTTP/1.1" 404 1140
172.22.2.4 - - [01/Jul/2023:17:46:40 -0500] "GET /BLA/boletinlegal/favicon.ico HTTP/1.1" 404 1140
52.167.144.46 - - [01/Jul/2023:17:48:06 -0500] "GET /BLA/boletinlegal/images/signo-mas.gif HTTP/1.1" 200 13689
201.245.192.253 - - [01/Jul/2023:17:48:07 -0500] "POST /kwsrmcab/Wsrmcab  HTTP/1.1" 200 213
216.245.221.92 - - [01/Jul/2023:17:49:23 -0500] "HEAD / HTTP/1.1" 200 -
66.249.70.198 - - [01/Jul/2023:17:49:38 -0500] "-" 408 -
172.22.2.4 - - [01/Jul/2023:17:49:59 -0500] "GET /BLA/boletinlegal/robots.txt HTTP/1.1" 404 1038
172.22.2.4 - - [01/Jul/2023:17:49:41 -0500] "HEAD /BLA/boletinlegal/ HTTP/1.1" 200 -
186.102.39.163 - - [01/Jul/2023:17:51:32 -0500] "OPTIONS /kwssiamovil/sm/setfile/f? HTTP/1.1" 200 13
186.102.39.163 - - [01/Jul/2023:17:51:32 -0500] "POST /kwssiamovil/sm/setfile/f? HTTP/1.1" 200 381
172.22.2.4 - - [01/Jul/2023:17:50:01 -0500] "GET /BLA/boletinlegal/index.php HTTP/1.1" 200 47717
186.102.39.163 - - [01/Jul/2023:17:51:49 -0500] "GET /kwssiamovil/sm/acme/a?s=U2FsdGVkX1/BKgcjMDnS0vTtTou+U/dX1vF73RjIkI1qnpwv6/rbhhopeuDX87KtFWqtbcdP99oq5lfVSSfSBLJ5nRiM8UiZPC3oe96tyUrFhGKZ4DBaDFzS8weM0HW24C0dDTVQr/JMTHgVhvUvnSiTOBb+GerY9I6iG+iI8sdE9yBQypOC/9GNg9BixFTkfUzYZx/1L8ijiDbHj9iNZff6E59xJkJ60jQvuhyUGkfdGLtXieC6r8DBUezj87ORIL3LnGlDBllR4E1IgJh63w==&u=U2FsdGVkX1+pI6nhsMcQvZMNApeXqMryW9eEVq8gIVY=&y=U2FsdGVkX1/ILV0pW/r/kVtGyxmPkzKpsoHYkrICBDE= HTTP/1.1" 200 26
186.102.39.163 - - [01/Jul/2023:17:51:49 -0500] "GET /kwssiamovil/sm/acme/a?s=U2FsdGVkX189Dr8ku7NNCa8aNnaEIHUlIwEV8ltJ9O4dPDrrHA5d9h/uJk6OPPY60bo8JBC29zaE+bSAnR4LHmd9hW8GitAsM8I5qFbFcOS2i1ySWzoiO/lL1Cv+enQOBmg/Vg/9LmWsqFZVKC137Zaw1fo9Tij5xGfa2DRcblh7zHbDyu8yXGtEovaNK+gteJMkVcF4p7XHa5SiuHXi5UyRzW45Oeintu0ymI3wuQux4jNlD/ATFO0A9av6cmDNh7ibHwIpkcb9VrxUZIeFfMap/NWu6KnD1Ac7bcZQmFSWz4tZqI0NrTorkcQEFKmInlW6wSh4EpDQKgtyzWfdZqudvJj1uR/ENq0ZEACh/hmvfiMuDhVmBWdZSZZqdo0MLRHmcbkIn+E6h/R+NcOwo08SCZFdZUVjr1xxFRQu83r/M0JB67qSWtqCr4GMtxU26bBbuEJplqvdLuOnhHzyNZlGtwhn9dqwgsY+WNXpjajNixYVcCn2bzZ+bm83vmrH7HgT+gDW184ul4QHgVAW1X7T7OM9OEpO5J+YLnEarYc80h/6hvglAFDfeR3LP6jfUpNgR4+V3E3dC7nofQZD5n9KQiXpS26vbz53vWhV6S3ci83Xg0sUgpO39OkDeJ/YCAsVWr/7+w6xNu91EkViFFo5Kk7R67CVRyYaLGemEcTwq06OUgihaMqB8OmSt3vDK3S60+4jN3RbBZ0OD03GrTPik7v7PnaAtlaWTYIhxM1PgbIvdoodEYH2ijQKX31BoQg3gQ+eQUytPoBNQozgtepgR1smb44Jn0GuAhF2f2T/mVGSiHT5JsJ4JHBI8+AA3buodnYw6rs3NKHMcgZXFB4TUSM7Se2CjqBj8twUGrHofYt4LMEfZh86awJFbC+0FW0QxmR7pc0D46kjd6hM80PBuUj7mftJP3nWzFUveXtRvyG9o5U7DXWDAmek463EmyjRQUoLmb3cB/LBIDMHP82EWrXPTdRKzSSqhHhVW6Ald5654JAd4KdPcWxWwl58dytGTPqq/Bfz7fitKOACMoaHEXvlWXQcsWqYHeEJf0LXtKDPVOq5cbnkGRcTwWuS2c48jQAzjxBzUCeMAU2d6VQpaEkiKpfHah8g6zoxbbHjSPYWN3/KZKG04Hx3mpfdOMtZiBX2R+HgC0Wd3RWGL/mQ89NtarBNH6MPIld2X7rTlQjudFLfUQSLYUdUiJdSY30afwxAodv6nAxjWx11kzggbGd5EU0tlmzNxE+O5vEMIcm9145K3tvCs34AZ/v7b1RdbQT8Zyn9uuu2uBlu946Ht6kSQ4RT8E1tI4cJqDs1kzFM+TK66PrUOHwexsaxKUgCvCMhHWp8nIY6MK6vfhOSH4aDBVtc3PaXwMxyJJ/jf4gjy6sNARcPwCr6iyXeqllx4A+zN+i0h+5ZDOW1K47nN7GSdX/ivB/1cLWYVdlcLP1BAcQdtFMj3U1WJIGFKC/1gQ9AUBXW+Fb45coYUO50anL9rQ+nD049utFv6iHSO+Gtm7MQFCEY9FVf0wjEFsrnc2m7BB+ZSoRlnK+G8fj+2Age6useZmRgbTXkJSXmlatj2/p33eaIgr5BhslN4sUGcNuIQFdyIlFDQwuaPyomkGOKCxXHKXRbRGxHu5EoEkYvZ7DrY+aN42ZMGsRCHXngDCW7Skq9/du6is+qgp7ydEeHSoAvKabTGos+mYYJSf9DMX/UDo3BBgCKL/SQwOo3/XuRc47eWBlN7o+wllNN9cBhZRKa1cMWG3YH9kN3HEjEfZi3S5PbhX+ig60PWphmORlGKMyN3qemdSpahZQeUkCCdN9/24RZ+4llITotO1vSP5KttsdxckiOcRvdTSy01J8WtyX1zhkVBVnEaIc1qnHcaY6qPwgAyyUN1dlzmHRYui3wHniQTONFJear6tFkJoGrZKhLXLb0wTOQisRnSu01d6OOCKQFufr/8KWZvxX0WVuwo2LM3nsrezogVPs0iOCjNOLmghqHFxUVukSAi2V8ZkPPqVQygdsT600z5ILV/I2CJMG/n9quRo7CfYlrhED//EAFCCQ2sXG0OOtSFRdgAvYh7+Euzm3uHV7+FWbnKGPMefH1zquc1UwLS3oF5UVLSQ6aUuA2meyI6BDlIawaxMToZsb8MSu10nn1EurXgBIunz1tu4NM6Yg/&u=U2FsdGVkX1+pI6nhsMcQvZMNApeXqMryW9eEVq8gIVY=&y=U2FsdGVkX1/ILV0pW/r/kVtGyxmPkzKpsoHYkrICBDE= HTTP/1.1" 200 26
69.171.231.2 - - [01/Jul/2023:17:51:49 -0500] "GET /la-moda-circular-es-tendencia-nueva-apuesta-para-avanzar-en-la-sostenibilidad-del-sector-en-bogota.html HTTP/1.1" 200 796
186.102.39.163 - - [01/Jul/2023:17:51:49 -0500] "GET /kwssiamovil/sm/acme/a?s=U2FsdGVkX1+lsWoc+RlWwCdcpHvAveg/9JNexQ02A3kQfdIBaDluVKFhXem5TbGkvskV4JyyZl8UkNaGc4lIkcPuE5xftwVjYvs/8csVu4EdQD3v1tg8JAgMp4BZgXl57174Vfs9HXs0ylx6FM6nX5OIyJL3vCJ4pWgvN8nAlyg=&u=U2FsdGVkX1+pI6nhsMcQvZMNApeXqMryW9eEVq8gIVY=&y=U2FsdGVkX1/ILV0pW/r/kVtGyxmPkzKpsoHYkrICBDE= HTTP/1.1" 200 26
186.102.39.163 - - [01/Jul/2023:17:51:49 -0500] "GET /kwssiamovil/sm/acme/a?s=U2FsdGVkX1/d75NbefcR7GlWpBV3gnk1gOT0VlcXpZ+ddGM0HrCX2jVhE0iKlEnpMFIMaMTAxLWlg8lajzGPu8uum2iJnanQQMJ4Zyu/r62YTCB5DDjR95yjqqW3TgjFmvq7+mR2lOfm4R7azWH4FJlJ8iGikwx3sKdvKRcXUkM=&u=U2FsdGVkX1+pI6nhsMcQvZMNApeXqMryW9eEVq8gIVY=&y=U2FsdGVkX1/ILV0pW/r/kVtGyxmPkzKpsoHYkrICBDE= HTTP/1.1" 200 26
186.102.39.163 - - [01/Jul/2023:17:51:50 -0500] "GET /kwssiamovil/sm/acme/a?s=U2FsdGVkX1+tlEMh0HwCvShS2BqZP4osBvvTqjszVwTaRcId2y/SDifEjtPw0giIioS2f8PBMQjpeUvMxQh9uMZwJ6CjsQG1k9U4l9L5RPKDL2KBR+Kt0SGFpCYvlnKOTdhqvF5n8Ormbm8ZFMoiq46YfhDyjHtR25oxH9zeAm0=&u=U2FsdGVkX1+pI6nhsMcQvZMNApeXqMryW9eEVq8gIVY=&y=U2FsdGVkX1/ILV0pW/r/kVtGyxmPkzKpsoHYkrICBDE= HTTP/1.1" 200 26
186.102.39.163 - - [01/Jul/2023:17:51:50 -0500] "GET /kwssiamovil/sm/acme/a?s=U2FsdGVkX19LGB6Eo7GsjSX83DkqZBX3ICu+4h2m83sWq+AW3VEX265TwAq/3yLT3Ehj37eb6lkEX3v4ZNC/4ZaUOYgDiMTh6XtiqhSOP5+rrqMET/d1AtAiHs71Qsx5h1V+xs3weA24P1EzY8dwkrR9BWBFaVN4FkdHsxyfsnqsYx9xGhcZoa6AAurxPWFc&u=U2FsdGVkX1+pI6nhsMcQvZMNApeXqMryW9eEVq8gIVY=&y=U2FsdGVkX1/ILV0pW/r/kVtGyxmPkzKpsoHYkrICBDE= HTTP/1.1" 200 26
186.102.39.163 - - [01/Jul/2023:17:51:50 -0500] "GET /kwssiamovil/sm/acme/a?s=U2FsdGVkX18HEA2wj5hkBpCaZAlA2IRSIO37yeaExP4MpXYw95kZvsDfncZqVT2K6qIYHIvewH62Tbi3ljYlWNmhtNTLg0pXNR8kSoO6/7I1nHZ8D/v7PVrjGcPNTcVoGl4yKaRheuwrcEBfn9FgCkcuM4ALm19vg1dHiGfHJa7BxMEiCA5UbcE5IULO8ppKX4nd0qyXTe7CVasyrpdhXR/7stf3NkiTdABZujkIs7v8DfphQwCSRIdE0zb+I1cKbbFQSgNIU7HyMH352bbfLH8nAhTmcnyKdZXhogeSh5ijMfjf8JWAS6Zt+G8xldQA1vyBe2dfnxsbDytIV2U+axHZane3XYtM80VvJgSH4ebkWd4nq6PbW9mTFKG3Wfl/YJuTK26BR15VP0uQfxekMb3/HHQJGv34SKkBNDBtAoemGYv0+rNv2rM/4X8bn6MD7jq75LHfnj16dFofvQzfOjiNQ7+TSbFxCz0l961WTtlHD6m+hlaA+yKRZ3/D6FJT&u=U2FsdGVkX1+pI6nhsMcQvZMNApeXqMryW9eEVq8gIVY=&y=U2FsdGVkX1/ILV0pW/r/kVtGyxmPkzKpsoHYkrICBDE= HTTP/1.1" 200 25
186.102.39.163 - - [01/Jul/2023:17:51:50 -0500] "GET /kwssiamovil/sm/acme/a?s=U2FsdGVkX18h8rJEZixO4lMK3Nvrx+uUO2judE/5GCDcBvQMFoRvCdizoaVf9ThoEk/HWvX1vI4fGLEou2TbTanddlypNOaKkBOh2BuabSdKjRU9HD5c693PMhr4U92zf7GLSapophKN0+vSoJDhapmznODDUpMsnwbCQbWDRK/2js6mkzDvmfN9Dh03Y2dIBWRwwRxGM70jE5xNfyjGum6reKvEKuZ0846JxxwjwYj6ozPsWxGJ9PfEZN5LAf2SEYXgG6iEOPHuXnG4oVyEAw3ov6q8bsOvSOWxor0nolCcKmsW75eBQvIXN4sla+3Dgt+Jh3ftRMgYrLU2G4+eegEFH70IOdvr9EIPPgoGcSOBLw3QFXpIqZeIP5tMiG4iTRjvnU6NkdyDIO6vRVkd179e/OAcKNr7CLFCn/BGEL53yBmQAoHWFXAeJbf1B4mPCIUognrjuVz2QnGosuS10Q==&u=U2FsdGVkX1+pI6nhsMcQvZMNApeXqMryW9eEVq8gIVY=&y=U2FsdGVkX1/ILV0pW/r/kVtGyxmPkzKpsoHYkrICBDE= HTTP/1.1" 200 25
172.22.2.4 - - [01/Jul/2023:17:50:32 -0500] "GET /BLA/boletinlegal/ HTTP/1.1" 200 51193
201.245.192.253 - - [01/Jul/2023:17:53:04 -0500] "POST /kwsrmcab/Wsrmcab  HTTP/1.1" 200 213
216.245.221.92 - - [01/Jul/2023:17:54:23 -0500] "HEAD / HTTP/1.1" 200 -
172.22.2.4 - - [01/Jul/2023:17:55:31 -0500] "HEAD /BLA/boletinlegal/ HTTP/1.1" 200 -
172.22.2.4 - - [01/Jul/2023:17:56:22 -0500] "GET /BLA/boletinlegal/ HTTP/1.1" 200 59192
201.245.192.253 - - [01/Jul/2023:17:58:03 -0500] "POST /kwsrmcab/Wsrmcab  HTTP/1.1" 200 213
66.249.70.196 - - [01/Jul/2023:17:58:37 -0500] "-" 408 -
216.245.221.92 - - [01/Jul/2023:17:59:23 -0500] "HEAD / HTTP/1.1" 200 -
181.53.13.145 - - [01/Jul/2023:18:02:34 -0500] "GET /galeria/galeria/jquery.fancybox.css?v=2.1.5 HTTP/1.1" 200 4895
181.53.13.145 - - [01/Jul/2023:18:02:34 -0500] "GET /BLA/boletinlegal/js/jquery.scrollShow.js HTTP/1.1" 200 4586
181.53.13.145 - - [01/Jul/2023:18:02:34 -0500] "GET /galeria/galeria/jquery.fancybox.js?v=2.1.5 HTTP/1.1" 200 48706
172.22.2.4 - - [01/Jul/2023:18:01:21 -0500] "HEAD /BLA/boletinlegal/ HTTP/1.1" 200 -
201.245.192.253 - - [01/Jul/2023:18:03:02 -0500] "POST /kwsrmcab/Wsrmcab  HTTP/1.1" 200 213
172.22.2.4 - - [01/Jul/2023:18:02:12 -0500] "GET /BLA/boletinlegal/ HTTP/1.1" 200 59192
216.245.221.92 - - [01/Jul/2023:18:04:23 -0500] "HEAD / HTTP/1.1" 200 -
69.171.251.3 - - [01/Jul/2023:18:05:09 -0500] "GET /images/aire-bogota.jpeg HTTP/1.1" 200 169194
201.245.192.253 - - [01/Jul/2023:18:08:01 -0500] "POST /kwsrmcab/Wsrmcab  HTTP/1.1" 200 213
172.22.2.4 - - [01/Jul/2023:18:06:25 -0500] "HEAD /BLA/boletinlegal/ HTTP/1.1" 200 -
191.156.229.249 - - [01/Jul/2023:18:08:30 -0500] "GET /galeria/galeria/jquery.fancybox.css?v=2.1.5 HTTP/1.1" 200 4895
172.22.2.4 - - [01/Jul/2023:18:08:42 -0500] "GET /BLA/boletinlegal/actos.php HTTP/1.1" 200 9682
181.54.148.186 - - [01/Jul/2023:18:08:46 -0500] "GET /BLA/resoluciones/ HTTP/1.1" 200 13502
144.217.74.133 - - [01/Jul/2023:18:08:48 -0500] "GET /ruta-de-la-libertad-mas-de-400-animales-silvestres-fueron-liberados-por-la-secretaria-de-ambiente-en-el-cesar.html HTTP/1.1" 200 853
181.54.148.186 - - [01/Jul/2023:18:08:48 -0500] "GET /BLA/resoluciones/index.php?dir=AUTOS+2023%2F HTTP/1.1" 200 133336
172.22.2.4 - - [01/Jul/2023:18:07:11 -0500] "HEAD /BLA/boletinlegal/ HTTP/1.1" 200 -
216.245.221.92 - - [01/Jul/2023:18:09:23 -0500] "HEAD / HTTP/1.1" 200 -
172.22.2.4 - - [01/Jul/2023:18:08:02 -0500] "GET /BLA/boletinlegal/ HTTP/1.1" 200 52495
40.77.167.177 - - [01/Jul/2023:18:10:28 -0500] "GET /images/lluvias-arboles-4-junio.jpeg HTTP/1.1" 200 117524
201.245.192.253 - - [01/Jul/2023:18:12:59 -0500] "POST /kwsrmcab/Wsrmcab  HTTP/1.1" 200 213
216.245.221.92 - - [01/Jul/2023:18:14:23 -0500] "HEAD / HTTP/1.1" 200 -
172.22.2.4 - - [01/Jul/2023:18:13:01 -0500] "HEAD /BLA/boletinlegal/ HTTP/1.1" 200 -
172.22.2.4 - - [01/Jul/2023:18:13:52 -0500] "GET /BLA/boletinlegal/ HTTP/1.1" 200 58825
201.245.192.253 - - [01/Jul/2023:18:17:58 -0500] "POST /kwsrmcab/Wsrmcab  HTTP/1.1" 200 213
216.245.221.92 - - [01/Jul/2023:18:19:23 -0500] "HEAD / HTTP/1.1" 200 -
201.245.192.253 - - [01/Jul/2023:18:20:16 -0500] "POST /kwsrmcab/Wsrmcab HTTP/1.1" 200 43053
201.245.192.253 - - [01/Jul/2023:18:20:19 -0500] "POST /kwsrmcab/Wsrmcab HTTP/1.1" 200 43356
172.22.2.4 - - [01/Jul/2023:18:18:51 -0500] "HEAD /BLA/boletinlegal/ HTTP/1.1" 200 -
66.249.70.197 - - [01/Jul/2023:18:21:01 -0500] "-" 408 -
172.22.2.4 - - [01/Jul/2023:18:19:42 -0500] "GET /BLA/boletinlegal/ HTTP/1.1" 200 57272
201.245.192.253 - - [01/Jul/2023:18:22:57 -0500] "POST /kwsrmcab/Wsrmcab  HTTP/1.1" 200 213
216.245.221.92 - - [01/Jul/2023:18:24:23 -0500] "HEAD / HTTP/1.1" 200 -
172.22.2.4 - - [01/Jul/2023:18:24:41 -0500] "HEAD /BLA/boletinlegal/ HTTP/1.1" 200 -
172.22.2.4 - - [01/Jul/2023:18:25:32 -0500] "GET /BLA/boletinlegal/ HTTP/1.1" 200 57272
201.245.192.253 - - [01/Jul/2023:18:27:56 -0500] "POST /kwsrmcab/Wsrmcab  HTTP/1.1" 200 213
66.249.70.196 - - [01/Jul/2023:18:28:28 -0500] "-" 408 -
216.245.221.92 - - [01/Jul/2023:18:29:23 -0500] "HEAD / HTTP/1.1" 200 -
87.250.224.254 - - [01/Jul/2023:18:29:57 -0500] "-" 408 -
201.245.192.253 - - [01/Jul/2023:18:30:16 -0500] "POST /kwsrmcab/Wsrmcab HTTP/1.1" 200 43053
201.245.192.253 - - [01/Jul/2023:18:30:19 -0500] "POST /kwsrmcab/Wsrmcab HTTP/1.1" 200 43356
172.22.2.4 - - [01/Jul/2023:18:30:31 -0500] "HEAD /BLA/boletinlegal/ HTTP/1.1" 200 -
201.245.192.253 - - [01/Jul/2023:18:32:54 -0500] "POST /kwsrmcab/Wsrmcab  HTTP/1.1" 200 213
63.141.247.50 - - [01/Jul/2023:18:33:01 -0500] "GET /galeria/galeria/fotos/diaSC4Peq.jpg HTTP/1.1" 200 21008
172.22.2.4 - - [01/Jul/2023:18:31:22 -0500] "GET /BLA/boletinlegal/ HTTP/1.1" 200 57272
186.102.39.163 - - [01/Jul/2023:18:33:08 -0500] "GET /kwssiamovil/sm/ldap/au?x=U2FsdGVkX1/6hjihYaNoNF9CTqGMYU4hf24gg55KGFlgfQlXo6Ag092D+TcfJ38m&y=U2FsdGVkX1+HEFtLHySyy/B5wqtPQL3Uxwwgk3HRQLM= HTTP/1.1" 200 30
186.102.39.163 - - [01/Jul/2023:18:33:08 -0500] "GET /kwssiamovil/sm/acme/s?s=U2FsdGVkX19k1P7MAAOccvpAgRk1OulHI50q6Yy9RbeQSk4CWwnUXei5CdJZjbi3vfopA/Iux5DLtYe5Edt1+KxrLo+XQ2J66ZvI7E1oouM=&u=U2FsdGVkX19O0861w4tbmlghFm5m0L3iT/61pAjAwvk=&y=U2FsdGVkX1+HEFtLHySyy/B5wqtPQL3Uxwwgk3HRQLM= HTTP/1.1" 200 97
186.102.39.163 - - [01/Jul/2023:18:33:08 -0500] "GET /kwssiamovil/sm/acme/s?s=U2FsdGVkX1+e5HPCDGf9IeNzbvc8Jh5T73fqsXEXryPR7gNwb7ipXZOaP4CGesic5wDK5IPFDDv39of0V6okTrinKVpyXBFpYDzm8naFbwuBdgPuO5+jKL5Y2ICJUlhoCwoslZacCRr2j95R09LHYvL9QKXU8i4gFvYjkPJkLx/JPtsyFJCiiIINZTpUqO44fmD6tU6ibq7VFjEf63md6rs1oiwY2Wn6UOWpp03UmeQUzrzI/i8jXybYtr8mnK/d77g0XPjgl1fl/YTQwmzr9goEP2sukjsfjXKhO8lfXBVNwiwfuVTG7ngoyw0end+tROcL1wMSFUTgmpcLc7Pt0YjqFbVRHqYRxI6RFUaE1gTnqbMMs42RCmEDCAB6VLtNHWyZ/8LyG0QGrj60GLo7jA1V3sRV32wf1Fqx0m3zY8x45z6hrpc9SY7A3dIohWuy8tM4I8UyFwWUlilLCOtv/E6by2DxEBZUEtR6yjC5TBKy9d5I8OMyx+7peQj0F8H5e6f6s1ufO4sckvUhTtKNptTiUL2BF7edv1qdYgmJmUvU7U26Q3FBG0v9nUbSwflDSn0YG79g+tmtaTrBctQBWC3OnIu5PF10dxERFgzVEvJ5jqpy8nMVMM3fXEs9W8ygNu1dPu/jKmlBK87PQOxpcxLEI7L3T6TXc2EbaPhSjILs6yU8pkJoqjKw3xOHGVvQfc8d0l0647Plxsp8aJDA2HvPiQE88Ev8sMEHvT7bRzswl2bMWnWboAhwn/HCCNnIkq+c1Ub98VOMkAklD+ZN5yceghvd9y9drX2m83g7Lq/wvPU7vyb8Z/yDeWspWxIovl55azfRUj7LuuH13iSIgz9EfslKejGvzEVOhSHkXWVCZbyez1ahHpVW5CBUijW54zkqWNAoh4fuQH376tIL5sa+EOoFKllgeC9Y4ldDeDbOtgpzsdwsyaPBjVG7Jl8DgPZe7c+L96tJHPeB4ys9Gj4BUkJTUfuIn62pooNN2Rb2eAG8fjqL5gqoxsKTia68EWwnFjS8k9CyqFHhFdwGYAx0HFmiwFFj6v9axJjLSQ5ySOI2lgl60q1v8vEsLjcF6ETfmqJaWNVfOtxd7KiA89yYs4SFTYvo6h1HTuA5OBSG3a1mg+4rzp0bwdqSWMsGEBJ4ZWLExOyEKn/DnKy2/MTNdPM158MGOjG9yk1wig7EwUsnKTnWkyGGAoOyHyw3NZlPMWEqU/k2RrbQoqTYo1nsI0DeL0j6smh/mRiwwRXaDgBWwcVrKVi1GYKPtu6IfvIp4Fh2Pxi4NiCvF9Q+1wTjhaTQ1rBgIfDe1wKDnXehsIj7dm/zfQOxXz3hPe7lgmW+H6dqeZK4waqyNgMzMyc09plSxRhxiBJ25nwmVwG2KHX0ItSvvYzmnY1EkLjsSL29A3KRalMpEqkMBjYj56NVFWlj6lkEdUgF5sISENri9UnkpQDIFakAsX9x1iMUCsvo5LYS4O0XK2S3ikeKHSNmIqYkR5rxKGwxQAqR4FxdRBJ0OblK2WxZJrdnwN/Q1a9bXwlRGYMQFE0r9ENko8yFWBA/Gz5xyEeDdExtf4fc6WxlA5vsxTxplzgvaCwY92ZPLZLsozzSrj7jcgGa5HRLUpP6H4TI0EE3kWe0lgD+QijgonhvaHzCIljgzY4dFMpKSbeq0820YCNU+Wdi86lSFSlWSCktn/FolvGykheeIFHoVJuLlB/H2X+v03LBe1uAFNFvHDpq613aJibNSZtJDitprnrzDgWKuCNdrIw=&u=U2FsdGVkX19O0861w4tbmlghFm5m0L3iT/61pAjAwvk=&y=U2FsdGVkX1+HEFtLHySyy/B5wqtPQL3Uxwwgk3HRQLM= HTTP/1.1" 200 2287
186.102.39.163 - - [01/Jul/2023:18:33:08 -0500] "GET /kwssiamovil/sm/acme/s?s=U2FsdGVkX19GIAEFhRgVTdf2IXbH/Wt0VeRPLlv1FMrOmNsxIhcRGMp+q1qIwmUvTFFXMollMvzgtXrKTMUo/GjrQ38BB93U0SrbXZUPtplacNTr5+vmIs2jUegKaoSpYMWq3q6OCvetf0eBtEMOYiHpYVIkmfOvgek+sDRUc+Dyu2yPh/Ao0v5V0ud9wLJ9RMFZKfeYeGb6xctc9KHx0gZmv6JJvQQk2WxCeoW+8q+gtWVlkxU6BJoMFv2BKPkRzEPjykY4MgPAGXbICrXEd2neM2+LrrOEn3alUiZh+Y/ooC39eJHw+FKU6eMCMlW4MNaK/W8lM83kuxon8hO+igAuVdXgdMXZkg1al/8Lm03rULIXImmqH1dnr0wU4Uq9klbt1IOBI9UtFXLSs5N4kZ0TIsXnB2jqbAopf7cJgL63NNxVU2zvE7ovalQPEuMgwA7bwU9KPvmXtXq+GIPrHTfGgiiBrWzNxhTgYpgvCEwdNZ3CzbxpQAeFSZxRJCtnz6bDbmUiUG7HFFKXNdXROwUP5DnsBW7+Mk+FOgv7GCCined7KxlkIZN7HVwN5ehb4AeuliT683wwCM1ZNlQAUOQ7iXeoqz/LptnRjVaUukcwcQtKC3M+ePVGGc2L4xnfnH6rZc/GRvJcGQ5Qc1efcaf2BrC2wxOzY40++TRXE6BBb2Hy+Z7bNO27wV5q3DWoo/BksNcuahPld+XSjC5CBXeCW0FtS0jbnM0/NiVbyph3mfT49OzKLFUdG8EiD2FQ&u=U2FsdGVkX19O0861w4tbmlghFm5m0L3iT/61pAjAwvk=&y=U2FsdGVkX1+HEFtLHySyy/B5wqtPQL3Uxwwgk3HRQLM= HTTP/1.1" 200 208
186.102.39.163 - - [01/Jul/2023:18:33:08 -0500] "GET /kwssiamovil/sm/cjson/pre?f=1&x=U2FsdGVkX1/6hjihYaNoNF9CTqGMYU4hf24gg55KGFlgfQlXo6Ag092D+TcfJ38m HTTP/1.1" 200 31032
216.245.221.92 - - [01/Jul/2023:18:34:23 -0500] "HEAD / HTTP/1.1" 200 -
66.249.70.196 - - [01/Jul/2023:18:34:37 -0500] "-" 408 -
172.22.2.4 - - [01/Jul/2023:18:33:18 -0500] "GET /BLA/boletinlegal/ HTTP/1.1" 200 61779
172.22.2.4 - - [01/Jul/2023:18:37:14 -0500] "GET /BLA/boletinlegal/Circulares/2019/.pdf HTTP/1.1" 404 1218
172.22.2.4 - - [01/Jul/2023:18:37:23 -0500] "GET /BLA/boletinlegal/Circulares/2012/Circular%20No.%2010%20del%2026%20de%20Enero%20de%202012.pdf HTTP/1.1" 404 1218
201.245.192.253 - - [01/Jul/2023:18:37:54 -0500] "POST /kwsrmcab/Wsrmcab  HTTP/1.1" 200 213
172.22.2.4 - - [01/Jul/2023:18:36:21 -0500] "HEAD /BLA/boletinlegal/ HTTP/1.1" 200 -
172.22.2.4 - - [01/Jul/2023:18:37:12 -0500] "GET /BLA/boletinlegal/ HTTP/1.1" 200 57272
216.245.221.92 - - [01/Jul/2023:18:39:23 -0500] "HEAD / HTTP/1.1" 200 -
201.245.192.253 - - [01/Jul/2023:18:40:16 -0500] "POST /kwsrmcab/Wsrmcab HTTP/1.1" 200 43053
201.245.192.253 - - [01/Jul/2023:18:40:19 -0500] "POST /kwsrmcab/Wsrmcab HTTP/1.1" 200 43356
190.146.110.182 - - [01/Jul/2023:18:41:22 -0500] "GET /BLA/resoluciones/ HTTP/1.1" 200 13502
190.146.110.182 - - [01/Jul/2023:18:41:24 -0500] "GET /BLA/resoluciones/index.php?dir=AUTOS+2014%2F HTTP/1.1" 200 65483
190.146.110.182 - - [01/Jul/2023:18:41:24 -0500] "GET /BLA/resoluciones/index.php?dir=AUTOS+2014%2F HTTP/1.1" 200 890036
190.146.110.182 - - [01/Jul/2023:18:41:27 -0500] "GET /BLA/resoluciones/dlf/unknown.png HTTP/1.1" 200 266
201.245.192.253 - - [01/Jul/2023:18:42:53 -0500] "POST /kwsrmcab/Wsrmcab  HTTP/1.1" 200 213
40.77.167.177 - - [01/Jul/2023:18:43:11 -0500] "GET /images/plantacion-jbb-semana-ambiental-5-junio.jpg HTTP/1.1" 200 90990
66.249.70.196 - - [01/Jul/2023:18:43:22 -0500] "-" 408 -
186.102.39.163 - - [01/Jul/2023:18:43:39 -0500] "OPTIONS /kwssiamovil/sm/setfile/f? HTTP/1.1" 200 13
186.102.39.163 - - [01/Jul/2023:18:43:39 -0500] "POST /kwssiamovil/sm/setfile/f? HTTP/1.1" 200 381
186.102.39.163 - - [01/Jul/2023:18:43:41 -0500] "OPTIONS /kwssiamovil/sm/setfile/f? HTTP/1.1" 200 13
186.102.39.163 - - [01/Jul/2023:18:43:41 -0500] "POST /kwssiamovil/sm/setfile/f? HTTP/1.1" 200 381
172.22.2.4 - - [01/Jul/2023:18:42:11 -0500] "HEAD /BLA/boletinlegal/ HTTP/1.1" 200 -
216.245.221.92 - - [01/Jul/2023:18:44:23 -0500] "HEAD / HTTP/1.1" 200 -
172.22.2.4 - - [01/Jul/2023:18:43:02 -0500] "GET /BLA/boletinlegal/ HTTP/1.1" 200 58825
186.102.39.163 - - [01/Jul/2023:18:47:03 -0500] "GET /kwssiamovil/sm/acme/a?s=U2FsdGVkX1+L8/dpgh+CmPp1FZiN7AeiCzr9z+EH4MQfuN6xRra29lrev3RM90CwXjZ6yvjPDklW5bdYgJ4RBPcSm6f+1+VjFFG3ydYUHHRo/BTYxB5mg4h3tFRo4E8ues6dMXZeaoOjFWz1cPAMmVMBiw9aAVYJYAOaG1iq2QpWkjiszcXfjDYgkS2rsM4KOJKh/t1JdGN60KzU/zzsbIC92/4w1oga8DI5xMIKr1T6jrLF1LggKo4n3qRAVBALv3xi9wUizZb+CebVUg6zRA==&u=U2FsdGVkX19O0861w4tbmlghFm5m0L3iT/61pAjAwvk=&y=U2FsdGVkX1+HEFtLHySyy/B5wqtPQL3Uxwwgk3HRQLM= HTTP/1.1" 200 26
186.102.39.163 - - [01/Jul/2023:18:47:03 -0500] "GET /kwssiamovil/sm/acme/a?s=U2FsdGVkX1+TpeWjnwXkFH5k9eGMKOHXbiplsKjL9zhN+2Vdo2TgZkdZ7+vFTE+m3prT5AfFvEK9aR3EES2Tsk54W4dzksPpSlsRN4oehXMNFV47fxX4xbvTjx1ro2ZRBub9m0ug5748ivnx9Jd84BUnYZg4uKyOcs82Chnh4D+9U3HPHBUMhGG0hgdWORNrY4mfyvPyELPOedcQ21/sES8wv7A8dbJPYf8cjKS/woJwXsIlskiObkx7BgTXkV06cSQ1Lmq7G8Bjg6f86Kxw+g2QA2NhKPBRAggmdu1LXcTcIoMskYPbYyaMvTfERsMR7xG44eJLSSyP8q0xBb1k38RyW8/Fygy8bJryPNX/sNOh1OMnPPwlTzqHgDT92qceYSq0XPSRgnPLZ8uDcgkdU/pBuqsNaIhgL0y2y2OWxlUMRrxFZ9fXT0hoxvHdSlOZFNjBOuxsHaw8QnE2NO1RZw3VKixA3RzYCWnYrhtub6h/t74NBW2GzjO6afc5UZtOlQAQUxfJrOo2N7JcNnrZGM8FlpQVLiUhMe3aW0MMTjKfqjqmW89CjiERihkAUQ8eqNOXB8IDysAhmmlOqv/q6LXPFxhVj0P0uWIVllTAyocM6Qe61IH0rPowi77cPgbaFl3jPX2uhfnqdKcXrODDkNoisllB4JGfvAz0MceuoKctGKL9IEC5SXyIUhZOwbzhtyaRA0nDq+J/26Nx5aNCCGxSDg+WTIMZHqKVQPD/w1+ARAL8lw/Vk8hbsLl0sEk6xKrMqyx2Ff9A/Sba5cX1jidYVB1oW4X0nQ5Bm/SBc8hpgfzRAmJJmZ9qDWf7rQzzFYu7dx8PSk1m8lhb4YnY7Qxgqm2s0JwhXAKgHBMIWI1gatgk/jLt0BsVIADSvU72WJchwS9cRY3nyjb2O95c1BrI3QeJZpssG6TWoYgVCrzyGRAtiuBcv+HsmwFHd/pHaYQUEQXg2H0Nj34ZUKMnWk/TdPrqSNnDUHjy5X5Cv2mQz+DukEcoObsj3lf5amp7Lxl2Ebbzx93nzKDE8spGeqlcwYcRmbcb8oVCJjn+pVeZa8BJ9OhY/yC83sulNcK8dyIfysWxS+rAJqlmQK0qpyY8DJOhcH3IR905hKzknpQtdacSXa2P7ziKUGopXLOyiX6KM5IltsCzJtGS7C2ivTJBRmU0LKXb4+dPkQ9IBXJl7tnPq2vYRDeHAwXFBautba4MDvqzX5iEORO0Me7Rl7KxeioNL2+RtsiadYlxeHm8lr4Z1QmFeZ0/vIg7pcWxJSd3hDy13tDu78XAFNVOYAyeluNh0NCwf+UT/fLYEX7a5dhqPmAkDsXk1Rc/xgMWESq3dhPJyElOgLL+fYlmw+hIc4CCeWrhKgbxWGYUMKTbinlD3ocGZ9IzW52bO9x3pfsZNO9IJabcb2f+hzW5848n+9GL0FsOtls6y3PVNflfXsJGCGu3f3UEHOjsF94nEjAspEA5LbJHCzZSqCvffq8XYW/SXOmj4IXJynrHEw6WnkT6e3qPQO6RzAdQjW2Hm+TWEsZvuWUMj+O+1NKtv4AdJkRTeVNdaatd18CuNypYJGR1x74FYaxyWvoUHqESOJ8TMHLfcSDPJFV+ohszJ/YyALDkDtv5StU85iaumbxjgAOUXryjffaFmQDilEuKy6ORX1qAjPBYfQc0hmnaJp9I0qBJ0asJDb6SSLad8X04umwfg+qq0oqbinTihJOLV7WwaMRNvUMi2ai941mq4SxImvLY3gOu6WPsBtrcyuwCTQ7wzyPd9/xCPmvNE23PyoLCGcWMJxEZ2Fy1or16wlWTSGfa8fwcqYtAHBthlN46UCV1TJYic3f2KRrRAfEbOnX4X7X6C7QD4zZFPg9rUfez/ehRiknpb/6IO0rh8SMhbcipSaAmL0ABTn6XGfaLnkKXFY/fZSBuHGENVx9HUGgx1NvwGhE8LxRNCBETK1w968jE2kRnFkr1yhnJlNo2ZodfOaDFlqi/CCyuw6eAVgEtmso+FVLFusaDWwzeLuPFWjyfo1TBSr5lcB5kcrBZs+wQcYcWoZqlDML1KHTch0kgvgzqVrB1wbet6h76408gcKXea9rRi3L5S8GBKMIe0m6lhnrQY4NPboc2S2IMUeG9a/3rslgvGgYrMO/EYrAhFgFnhnDa37Nyfse9WqLDwDNYiFhgQfmislYE96yFFt6McNxwiv76zx41OuLWPZLu/jeHMW2sDaMtJ60TpA3lFB/RpSmPa7irW7Retz+0+Ke8fitZiJbE4ILa/DhcbEojluTeJ3v+1DkfL+7bXByQDldILaFhv91C2eXhU9wfdFms5lx5FoTbhzlvjAtOnrBRShGe8VY49f0ayuVVqXRAlCtsUfpnlp5qx86ArsW0pZkhpw4Et6hnQ7j2yNkMYBpBtH7uR4LOHVR42vlEaR4Z/LoAwrVDWcwyVHkyx6au+A==&u=U2FsdGVkX19O0861w4tbmlghFm5m0L3iT/61pAjAwvk=&y=U2FsdGVkX1+HEFtLHySyy/B5wqtPQL3Uxwwgk3HRQLM= HTTP/1.1" 200 26
186.102.39.163 - - [01/Jul/2023:18:47:03 -0500] "GET /kwssiamovil/sm/acme/a?s=U2FsdGVkX19zpZIR7Z7cDitsa078UljYOEIga5CvukbN0WyuT3mzPwo3By+vg8r8t7JON+c+v59Ce+JsIy/Y7S2DBML/DYkjBYNFepiIx1eQB+a8rvnSzR4l1U9hzFtRJBJCkFlkuPczzB/W59jeeX2Ig7S/EYZWZWaYAEyYNBg=&u=U2FsdGVkX19O0861w4tbmlghFm5m0L3iT/61pAjAwvk=&y=U2FsdGVkX1+HEFtLHySyy/B5wqtPQL3Uxwwgk3HRQLM= HTTP/1.1" 200 26
186.102.39.163 - - [01/Jul/2023:18:47:03 -0500] "GET /kwssiamovil/sm/acme/a?s=U2FsdGVkX1/o7InHLxSb2CvYfNTwlGX6pEsEACcn9v+DFiQjAjQnYwX8g8WyTTraBr6fQG/OJU0+K5v9vHDMTzu30tSKjBZaT90ctPo8jFhXj5UNWBvLaRi4LTSC3AgNnc99s5/n8+yjqUmp8IhR7U90Yl7UAo2WLKuP+Y6aYcU=&u=U2FsdGVkX19O0861w4tbmlghFm5m0L3iT/61pAjAwvk=&y=U2FsdGVkX1+HEFtLHySyy/B5wqtPQL3Uxwwgk3HRQLM= HTTP/1.1" 200 26
186.102.39.163 - - [01/Jul/2023:18:47:04 -0500] "GET /kwssiamovil/sm/acme/a?s=U2FsdGVkX19+ddqGTjW0FyA0al1Z7sqpcPPfNAIm7DZ9pnZwdEBWMmTSEdoYu8qltYU8lblHGGYqDJZwUUMkGOimCo21IFZW74M8cU121HrhEuDVy6mX3djK5g+Qobe2uEt1tWaTdJFtmzVnmxDE2+kadhrkLZXtAOp/shZfmTs=&u=U2FsdGVkX19O0861w4tbmlghFm5m0L3iT/61pAjAwvk=&y=U2FsdGVkX1+HEFtLHySyy/B5wqtPQL3Uxwwgk3HRQLM= HTTP/1.1" 200 26
186.102.39.163 - - [01/Jul/2023:18:47:04 -0500] "GET /kwssiamovil/sm/acme/a?s=U2FsdGVkX18ieOdWbbl4oje7TQnacsMtnJWcbyQ/MMbZvmsHYjfcNBkP+La98ayD4j/X6GOkB6icurZP2pWZIFsafilNU7hGx4Rf+Ahw4NNfOuCED/B8Pvg9axZgo+2Gc0IswVlQXrfXLKED6rAckV6TNcnMtc4jvHCTAL+R1pr/yChhIsf7LpBz5hNcY2zN&u=U2FsdGVkX19O0861w4tbmlghFm5m0L3iT/61pAjAwvk=&y=U2FsdGVkX1+HEFtLHySyy/B5wqtPQL3Uxwwgk3HRQLM= HTTP/1.1" 200 26
186.102.39.163 - - [01/Jul/2023:18:47:04 -0500] "GET /kwssiamovil/sm/acme/a?s=U2FsdGVkX1/lC86qJPLdLN7RStFZEkBC4TspOZQVwyFsmiY0oKmsmXX5WHe9gPWlEKxxFE5aToc1qbScb//SqUIEIwl8FukyvXMXQhoMJIXC8Mld8i/Dd2Cqdr+8OtogfNiuz8AwopAjnHl3UW2qSDiPDRICOtRT4jgIdk40atSG9dhq4TZDGZ3ufD3eLLT2iKvVWoeAhV5HaP6nEujGHQ==&u=U2FsdGVkX19O0861w4tbmlghFm5m0L3iT/61pAjAwvk=&y=U2FsdGVkX1+HEFtLHySyy/B5wqtPQL3Uxwwgk3HRQLM= HTTP/1.1" 200 26
186.102.39.163 - - [01/Jul/2023:18:47:04 -0500] "GET /kwssiamovil/sm/acme/a?s=U2FsdGVkX18pmfVGXfzl10dD6JogHbmLT3tHA5qdg2O3AFZvkWh2LWuGFmCt1X7pMEG9HVR6cRvjQpfEtxtdrWKSNzDyABc34abpSs93ghWiVotY6nzpcbaa8aK1DD+maP5Flwiu7ZIr1OptoK5pRpwnHGgtsJ477tV4ISPeEsBGSYZwPeLaJthgDQznR7sY/9nbtBK3UOavYmfVLzgyl83LQQvtJZY+1FBDzJ7Ibo7q1VaJWmg5vdF9zrx1qmnjcJGLu1JhjLDt63Z0nHhttTQET9WrPw+R+TRv/6e0U3qjxINn6VupiPMwVgZlPX/nK8W+EFGry8MYSuxWfX1zbpvGb89N7OMtP3lr7Fc93tuZJuu9CFg2UDpnSTUQfGhQaXTNjZ+wU0HiF7K+tX5b4tuCWZ7afAtJDiKIbDBVmurXnsxBORkJJLeJyvuHoZhxf1RYxLNnElnZslqNfWzvo1Sjl3Kdlt/k0MY0yqeZ0IaoZxlBZDszpiPZHRJcqn+Jy+uG5fnaAi0TJbnShCYpBQ==&u=U2FsdGVkX19O0861w4tbmlghFm5m0L3iT/61pAjAwvk=&y=U2FsdGVkX1+HEFtLHySyy/B5wqtPQL3Uxwwgk3HRQLM= HTTP/1.1" 200 25
186.102.39.163 - - [01/Jul/2023:18:47:04 -0500] "GET /kwssiamovil/sm/acme/a?s=U2FsdGVkX1+T60AbcspvGkqJlqeO73aijXSJQzSZulrrJrJvfKoEWOyoOEutTFP/2kmks8wdM+beEuFWasCOq6e3K+gr3wi1VcqLMWFN9st7ddSDsXMZSgnQ7qPmLn7FdW8pmAiQj9c+Ase9rlrIk1mryx9vsDhoMjAlysDOwazpWFvdgAC9zIw+5zHgsvHg&u=U2FsdGVkX19O0861w4tbmlghFm5m0L3iT/61pAjAwvk=&y=U2FsdGVkX1+HEFtLHySyy/B5wqtPQL3Uxwwgk3HRQLM= HTTP/1.1" 200 26
186.102.39.163 - - [01/Jul/2023:18:47:05 -0500] "GET /kwssiamovil/sm/acme/a?s=U2FsdGVkX18/r9gMsafWsFjAsSCgu7Mi9h80VhGl8dMI2cpyOo8ovQu7HlAejyQsuH/8mLSOBXtammYp9n9Y0fvMuC8dvyslOizAKPDDThJGntk9g/60M8jlX90YYSfh9NntPFOBsCMsvVpZkzf+45bqG6unWxB9KSvk/jBwkE0sT3/CjarYPZyxTVe3zDAEKinO2ZQIIC7dBf3mPYhiHHURWRWnDM/i0JeY0cZMu9S0vSfrTv3pEWCAq+8ZvuLCZE/G20KDMhIxbYJXba10KLnJ1Se3nIFyMKbAvy29strePazFxSWvLO9WUoza4GaD1DvUiQE7lIWeE8NPqscJ4jAJ7myhlvlsGoWkHdaghLsF94Y155PrXAcqSEf3MRcrVyChpX8ixcLBR+ou+hHkt9oZXymE8u71fDxJ55gXlVw49V9ia8yh45sNvBAVl1rNEQI5Z2aH03WIimHIpRF57qCDwcERicAVcpLfAakrs5c=&u=U2FsdGVkX19O0861w4tbmlghFm5m0L3iT/61pAjAwvk=&y=U2FsdGVkX1+HEFtLHySyy/B5wqtPQL3Uxwwgk3HRQLM= HTTP/1.1" 200 25
201.245.192.253 - - [01/Jul/2023:18:47:51 -0500] "POST /kwsrmcab/Wsrmcab  HTTP/1.1" 200 213
17.22.253.13 - - [01/Jul/2023:18:48:07 -0500] "-" 408 -
216.245.221.92 - - [01/Jul/2023:18:49:23 -0500] "HEAD / HTTP/1.1" 200 -
172.22.2.4 - - [01/Jul/2023:18:48:01 -0500] "HEAD /BLA/boletinlegal/ HTTP/1.1" 200 -
190.60.254.233 - - [01/Jul/2023:18:50:05 -0500] "GET /sipse/faces/index.xhtml HTTP/1.1" 200 677
190.60.254.233 - - [01/Jul/2023:18:50:06 -0500] "GET /sipse/faces/javax.faces.resource/theme.css?ln=primefaces-sipse HTTP/1.1" 304 -
190.60.254.233 - - [01/Jul/2023:18:50:06 -0500] "GET /sipse/faces/faces/autenticacion.xhtml HTTP/1.1" 200 12178
190.60.254.233 - - [01/Jul/2023:18:50:06 -0500] "GET /sipse/faces/javax.faces.resource/theme.css?ln=primefaces-sipse HTTP/1.1" 304 -
190.60.254.233 - - [01/Jul/2023:18:50:06 -0500] "GET /sipse/faces/javax.faces.resource/layout/layout.css?ln=primefaces&v=4.0 HTTP/1.1" 304 -
190.60.254.233 - - [01/Jul/2023:18:50:06 -0500] "GET /sipse/faces/javax.faces.resource/primefaces.css?ln=primefaces&v=4.0 HTTP/1.1" 304 -
190.60.254.233 - - [01/Jul/2023:18:50:06 -0500] "GET /sipse/faces/javax.faces.resource/jquery/jquery-plugins.js?ln=primefaces&v=4.0 HTTP/1.1" 304 -
190.60.254.233 - - [01/Jul/2023:18:50:06 -0500] "GET /sipse/faces/javax.faces.resource/primefaces.js?ln=primefaces&v=4.0 HTTP/1.1" 304 -
190.60.254.233 - - [01/Jul/2023:18:50:06 -0500] "GET /sipse/faces/javax.faces.resource/jquery/jquery.js?ln=primefaces&v=4.0 HTTP/1.1" 304 -
190.60.254.233 - - [01/Jul/2023:18:50:06 -0500] "GET /sipse/faces/javax.faces.resource/layout/layout.js?ln=primefaces&v=4.0 HTTP/1.1" 304 -
190.60.254.233 - - [01/Jul/2023:18:50:07 -0500] "GET /sipse/faces/javax.faces.resource/images/ui-icons_898989_256x240.png?ln=primefaces-aristo HTTP/1.1" 304 -
172.22.2.4 - - [01/Jul/2023:18:48:52 -0500] "GET /BLA/boletinlegal/ HTTP/1.1" 200 57272
66.249.70.196 - - [01/Jul/2023:18:50:37 -0500] "-" 408 -
190.60.254.233 - - [01/Jul/2023:18:51:27 -0500] "POST /sipse/faces/autenticacion.xhtml HTTP/1.1" 200 2224
190.60.254.233 - - [01/Jul/2023:18:51:27 -0500] "GET /sipse/faces/javax.faces.resource/messages/messages.png?ln=primefaces&v=4.0 HTTP/1.1" 304 -
190.60.254.233 - - [01/Jul/2023:18:51:29 -0500] "POST /sipse/faces/autenticacion.xhtml HTTP/1.1" 200 16328
190.60.254.233 - - [01/Jul/2023:18:51:29 -0500] "GET /sipse/faces/javax.faces.resource/theme.css?ln=primefaces-sipse HTTP/1.1" 304 -
190.60.254.233 - - [01/Jul/2023:18:51:29 -0500] "GET /sipse/faces/javax.faces.resource/primefaces.css?ln=primefaces&v=4.0 HTTP/1.1" 304 -
190.60.254.233 - - [01/Jul/2023:18:51:29 -0500] "GET /sipse/faces/javax.faces.resource/layout/layout.css?ln=primefaces&v=4.0 HTTP/1.1" 304 -
190.60.254.233 - - [01/Jul/2023:18:51:30 -0500] "GET /sipse/faces/javax.faces.resource/jquery/jquery.js?ln=primefaces&v=4.0 HTTP/1.1" 304 -
190.60.254.233 - - [01/Jul/2023:18:51:30 -0500] "GET /sipse/faces/javax.faces.resource/jquery/jquery-plugins.js?ln=primefaces&v=4.0 HTTP/1.1" 304 -
190.60.254.233 - - [01/Jul/2023:18:51:30 -0500] "GET /sipse/faces/javax.faces.resource/primefaces.js?ln=primefaces&v=4.0 HTTP/1.1" 304 -
190.60.254.233 - - [01/Jul/2023:18:51:30 -0500] "GET /sipse/faces/javax.faces.resource/layout/layout.js?ln=primefaces&v=4.0 HTTP/1.1" 304 -
190.60.254.233 - - [01/Jul/2023:18:51:30 -0500] "GET /sipse/css/imagen/contrasena.png HTTP/1.1" 404 383
190.60.254.233 - - [01/Jul/2023:18:51:33 -0500] "GET /sipse/faces/javax.faces.resource/images/ui-bg_flat_0_2d5972_40x100.png?ln=primefaces-aristo HTTP/1.1" 304 -
190.60.254.233 - - [01/Jul/2023:18:51:33 -0500] "POST /sipse/faces/bienvenido.xhtml HTTP/1.1" 200 2658
190.60.254.233 - - [01/Jul/2023:18:51:34 -0500] "POST /sipse/faces/bienvenido.xhtml HTTP/1.1" 200 64691
190.60.254.233 - - [01/Jul/2023:18:51:35 -0500] "GET /sipse/faces/javax.faces.resource/theme.css?ln=primefaces-sipse HTTP/1.1" 304 -
190.60.254.233 - - [01/Jul/2023:18:51:35 -0500] "GET /sipse/faces/javax.faces.resource/primefaces.css?ln=primefaces&v=4.0 HTTP/1.1" 304 -
190.60.254.233 - - [01/Jul/2023:18:51:35 -0500] "GET /sipse/faces/javax.faces.resource/layout/layout.css?ln=primefaces&v=4.0 HTTP/1.1" 304 -
190.60.254.233 - - [01/Jul/2023:18:51:35 -0500] "GET /sipse/faces/javax.faces.resource/jquery/jquery.js?ln=primefaces&v=4.0 HTTP/1.1" 304 -
190.60.254.233 - - [01/Jul/2023:18:51:35 -0500] "GET /sipse/faces/javax.faces.resource/jquery/jquery-plugins.js?ln=primefaces&v=4.0 HTTP/1.1" 304 -
190.60.254.233 - - [01/Jul/2023:18:51:35 -0500] "GET /sipse/faces/javax.faces.resource/primefaces.js?ln=primefaces&v=4.0 HTTP/1.1" 304 -
190.60.254.233 - - [01/Jul/2023:18:51:35 -0500] "GET /sipse/faces/javax.faces.resource/layout/layout.js?ln=primefaces&v=4.0 HTTP/1.1" 304 -
190.60.254.233 - - [01/Jul/2023:18:51:36 -0500] "POST /sipse/faces/presentacion/financiero/solicitudProceso/listarSolicitudProceso.xhtml HTTP/1.1" 200 1556
190.60.254.233 - - [01/Jul/2023:18:51:40 -0500] "POST /sipse/faces/presentacion/financiero/solicitudProceso/listarSolicitudProceso.xhtml HTTP/1.1" 200 26138
190.60.254.233 - - [01/Jul/2023:18:52:13 -0500] "POST /sipse/faces/presentacion/financiero/solicitudProceso/listarSolicitudProceso.xhtml HTTP/1.1" 200 148769
190.60.254.233 - - [01/Jul/2023:18:52:15 -0500] "GET /sipse/faces/javax.faces.resource/theme.css?ln=primefaces-sipse HTTP/1.1" 304 -
190.60.254.233 - - [01/Jul/2023:18:52:15 -0500] "GET /sipse/faces/javax.faces.resource/primefaces.css?ln=primefaces&v=4.0 HTTP/1.1" 304 -
190.60.254.233 - - [01/Jul/2023:18:52:15 -0500] "GET /sipse/faces/javax.faces.resource/layout/layout.css?ln=primefaces&v=4.0 HTTP/1.1" 304 -
190.60.254.233 - - [01/Jul/2023:18:52:15 -0500] "GET /sipse/faces/javax.faces.resource/jquery/jquery.js?ln=primefaces&v=4.0 HTTP/1.1" 304 -
190.60.254.233 - - [01/Jul/2023:18:52:15 -0500] "GET /sipse/faces/javax.faces.resource/jquery/jquery-plugins.js?ln=primefaces&v=4.0 HTTP/1.1" 304 -
190.60.254.233 - - [01/Jul/2023:18:52:15 -0500] "GET /sipse/faces/javax.faces.resource/primefaces.js?ln=primefaces&v=4.0 HTTP/1.1" 304 -
190.60.254.233 - - [01/Jul/2023:18:52:15 -0500] "GET /sipse/faces/javax.faces.resource/layout/layout.js?ln=primefaces&v=4.0 HTTP/1.1" 304 -
201.245.192.253 - - [01/Jul/2023:18:52:49 -0500] "POST /kwsrmcab/Wsrmcab  HTTP/1.1" 200 213
52.167.144.152 - - [01/Jul/2023:18:53:47 -0500] "GET /portaldeninos/2021/07/11/asi-monitoreamos-las-condiciones-y-caracteristicas-de-algunos-animales/ HTTP/1.1" 200 101617
216.245.221.92 - - [01/Jul/2023:18:54:23 -0500] "HEAD / HTTP/1.1" 200 -
172.22.2.4 - - [01/Jul/2023:18:53:51 -0500] "HEAD /BLA/boletinlegal/ HTTP/1.1" 200 -
172.22.2.4 - - [01/Jul/2023:18:54:41 -0500] "GET /BLA/boletinlegal/ HTTP/1.1" 200 58825
66.249.70.196 - - [01/Jul/2023:18:56:44 -0500] "-" 408 -
201.245.192.253 - - [01/Jul/2023:18:57:49 -0500] "POST /kwsrmcab/Wsrmcab  HTTP/1.1" 200 213
172.22.2.4 - - [01/Jul/2023:18:56:16 -0500] "GET /BLA/boletinlegal/ HTTP/1.1" 200 61404
172.22.2.4 - - [01/Jul/2023:18:57:59 -0500] "GET /BLA/boletinlegal/js/jquery.js HTTP/1.1" 200 57254
216.245.221.92 - - [01/Jul/2023:18:59:23 -0500] "HEAD / HTTP/1.1" 200 -
54.251.28.249 - - [01/Jul/2023:19:01:15 -0500] "GET /galeria/nivo-slider/demo/convocatorias.html? HTTP/1.1" 200 3464
54.251.28.249 - - [01/Jul/2023:19:01:16 -0500] "GET /galeria/nivo-slider/demo/images/bannerconvocatoriaacercar.jpg HTTP/1.1" 200 91528
172.22.2.4 - - [01/Jul/2023:18:59:41 -0500] "HEAD /BLA/boletinlegal/ HTTP/1.1" 200 -
162.55.175.141 - - [01/Jul/2023:19:01:28 -0500] "GET / HTTP/1.1" 200 319
162.55.175.141 - - [01/Jul/2023:19:01:30 -0500] "GET / HTTP/1.1" 200 4720
172.22.2.4 - - [01/Jul/2023:19:00:32 -0500] "GET /BLA/boletinlegal/ HTTP/1.1" 200 55739
66.249.70.197 - - [01/Jul/2023:19:02:43 -0500] "-" 408 -
201.245.192.253 - - [01/Jul/2023:19:02:48 -0500] "POST /kwsrmcab/Wsrmcab  HTTP/1.1" 200 213
216.245.221.92 - - [01/Jul/2023:19:04:23 -0500] "HEAD / HTTP/1.1" 200 -
172.22.2.4 - - [01/Jul/2023:19:05:31 -0500] "HEAD /BLA/boletinlegal/ HTTP/1.1" 200 -
201.245.192.253 - - [01/Jul/2023:19:07:47 -0500] "POST /kwsrmcab/Wsrmcab  HTTP/1.1" 200 213
172.22.2.4 - - [01/Jul/2023:19:06:22 -0500] "GET /BLA/boletinlegal/ HTTP/1.1" 200 59192
66.249.70.196 - - [01/Jul/2023:19:08:28 -0500] "-" 408 -
95.108.213.88 - - [01/Jul/2023:19:09:10 -0500] "-" 408 -
216.245.221.92 - - [01/Jul/2023:19:09:23 -0500] "HEAD / HTTP/1.1" 200 -
201.245.192.253 - - [01/Jul/2023:19:12:46 -0500] "POST /kwsrmcab/Wsrmcab  HTTP/1.1" 200 213
172.22.2.4 - - [01/Jul/2023:19:11:21 -0500] "HEAD /BLA/boletinlegal/ HTTP/1.1" 200 -
172.22.2.4 - - [01/Jul/2023:19:12:12 -0500] "GET /BLA/boletinlegal/ HTTP/1.1" 200 57680
216.245.221.92 - - [01/Jul/2023:19:14:23 -0500] "HEAD / HTTP/1.1" 200 -
190.25.124.209 - - [01/Jul/2023:19:16:17 -0500] "GET /en-junio-conectate-con-la-naturaleza-y-el-medioambiente-a-traves-de-estas-caminatas-ecologicas.html HTTP/1.1" 200 900
190.60.254.233 - - [01/Jul/2023:19:17:17 -0500] "POST /sipse/faces/presentacion/financiero/solicitudProceso/consultarSolicitudProceso.xhtml HTTP/1.1" 200 148586
201.245.192.253 - - [01/Jul/2023:19:17:45 -0500] "POST /kwsrmcab/Wsrmcab  HTTP/1.1" 200 213
172.22.2.4 - - [01/Jul/2023:19:17:11 -0500] "HEAD /BLA/boletinlegal/ HTTP/1.1" 200 -
216.245.221.92 - - [01/Jul/2023:19:19:23 -0500] "HEAD / HTTP/1.1" 200 -
172.22.2.4 - - [01/Jul/2023:19:18:01 -0500] "GET /BLA/boletinlegal/ HTTP/1.1" 200 57272
52.167.144.152 - - [01/Jul/2023:19:19:50 -0500] "GET /cuatro-animales-silvestres-fueron-recuperados-en-usme-usaquen-y-el-aeropuerto-el-dorado.html HTTP/1.1" 200 733
201.245.192.253 - - [01/Jul/2023:19:20:15 -0500] "POST /kwsrmcab/Wsrmcab HTTP/1.1" 200 43047
201.245.192.253 - - [01/Jul/2023:19:20:18 -0500] "GET /kwsrmcab/Wsrmcab?wsdl HTTP/1.1" 200 6948
201.245.192.253 - - [01/Jul/2023:19:20:18 -0500] "POST /kwsrmcab/Wsrmcab HTTP/1.1" 200 43356
186.145.197.50 - - [01/Jul/2023:19:21:04 -0500] "GET /proyecto-avantia-con-la-union-europea-busca-especialista-en-cambio-climatico.html HTTP/1.1" 200 814
201.245.192.253 - - [01/Jul/2023:19:22:44 -0500] "POST /kwsrmcab/Wsrmcab  HTTP/1.1" 200 213
69.171.251.120 - - [01/Jul/2023:19:23:59 -0500] "GET /ruta-de-la-libertad-mas-de-400-animales-silvestres-fueron-liberados-por-la-secretaria-de-ambiente-en-el-cesar.html HTTP/1.1" 200 853
216.245.221.92 - - [01/Jul/2023:19:24:23 -0500] "HEAD / HTTP/1.1" 200 -
172.22.2.4 - - [01/Jul/2023:19:23:01 -0500] "HEAD /BLA/boletinlegal/ HTTP/1.1" 200 -
172.22.2.4 - - [01/Jul/2023:19:23:51 -0500] "GET /BLA/boletinlegal/ HTTP/1.1" 200 56816
201.245.192.253 - - [01/Jul/2023:19:27:42 -0500] "POST /kwsrmcab/Wsrmcab  HTTP/1.1" 200 213
52.167.144.46 - - [01/Jul/2023:19:28:15 -0500] "GET /BLA/resoluciones/RESOLUCIONES%202023/0232.pdf HTTP/1.1" 200 435164
172.22.2.4 - - [01/Jul/2023:19:29:10 -0500] "GET /BLA/boletinlegal/jurisprudencia/analisis/AnalisisT-606-15.docx HTTP/1.1" 200 26698
172.22.2.4 - - [01/Jul/2023:19:29:12 -0500] "GET /BLA/boletinlegal/apple-touch-icon-120x120-precomposed.png HTTP/1.1" 404 1140
172.22.2.4 - - [01/Jul/2023:19:29:12 -0500] "GET /BLA/boletinlegal/apple-touch-icon-120x120.png HTTP/1.1" 404 1140
172.22.2.4 - - [01/Jul/2023:19:29:12 -0500] "GET /BLA/boletinlegal/apple-touch-icon-precomposed.png HTTP/1.1" 404 1140
172.22.2.4 - - [01/Jul/2023:19:29:12 -0500] "GET /BLA/boletinlegal/apple-touch-icon.png HTTP/1.1" 404 1140
172.22.2.4 - - [01/Jul/2023:19:29:12 -0500] "GET /BLA/boletinlegal/favicon.ico HTTP/1.1" 404 1140
172.22.2.4 - - [01/Jul/2023:19:29:12 -0500] "GET /BLA/boletinlegal/apple-touch-icon-120x120-precomposed.png HTTP/1.1" 404 1140
172.22.2.4 - - [01/Jul/2023:19:29:12 -0500] "GET /BLA/boletinlegal/apple-touch-icon-120x120.png HTTP/1.1" 404 1140
172.22.2.4 - - [01/Jul/2023:19:29:12 -0500] "GET /BLA/boletinlegal/apple-touch-icon-precomposed.png HTTP/1.1" 404 1140
172.22.2.4 - - [01/Jul/2023:19:29:12 -0500] "GET /BLA/boletinlegal/apple-touch-icon.png HTTP/1.1" 404 1140
172.22.2.4 - - [01/Jul/2023:19:29:12 -0500] "GET /BLA/boletinlegal/favicon.ico HTTP/1.1" 404 1140
216.245.221.92 - - [01/Jul/2023:19:29:23 -0500] "HEAD / HTTP/1.1" 200 -
201.245.192.253 - - [01/Jul/2023:19:30:16 -0500] "POST /kwsrmcab/Wsrmcab HTTP/1.1" 200 43047
201.245.192.253 - - [01/Jul/2023:19:30:19 -0500] "POST /kwsrmcab/Wsrmcab HTTP/1.1" 200 43356
172.22.2.4 - - [01/Jul/2023:19:28:51 -0500] "HEAD /BLA/boletinlegal/ HTTP/1.1" 200 -
172.22.2.4 - - [01/Jul/2023:19:29:41 -0500] "GET /BLA/boletinlegal/ HTTP/1.1" 200 57680
201.245.192.253 - - [01/Jul/2023:19:32:40 -0500] "POST /kwsrmcab/Wsrmcab  HTTP/1.1" 200 213
216.245.221.92 - - [01/Jul/2023:19:34:23 -0500] "HEAD / HTTP/1.1" 200 -
172.22.2.4 - - [01/Jul/2023:19:33:37 -0500] "GET /BLA/boletinlegal/ HTTP/1.1" 200 58079
172.22.2.4 - - [01/Jul/2023:19:34:41 -0500] "HEAD /BLA/boletinlegal/ HTTP/1.1" 200 -
172.22.2.4 - - [01/Jul/2023:19:35:31 -0500] "GET /BLA/boletinlegal/ HTTP/1.1" 200 58079
172.22.2.4 - - [01/Jul/2023:19:37:31 -0500] "GET /BLA/boletinlegal/Circulares/2019/.pdf HTTP/1.1" 404 1218
201.245.192.253 - - [01/Jul/2023:19:37:39 -0500] "POST /kwsrmcab/Wsrmcab  HTTP/1.1" 200 213
172.22.2.4 - - [01/Jul/2023:19:37:44 -0500] "GET /BLA/boletinlegal/favicon.ico HTTP/1.1" 404 1018
172.22.2.4 - - [01/Jul/2023:19:37:29 -0500] "GET /BLA/boletinlegal/ HTTP/1.1" 200 32715
216.245.221.92 - - [01/Jul/2023:19:39:23 -0500] "HEAD / HTTP/1.1" 200 -
190.146.110.182 - - [01/Jul/2023:19:39:38 -0500] "GET /BLA/resoluciones/index.php?dir=AUTOS+2022%2F HTTP/1.1" 200 498837
201.245.192.253 - - [01/Jul/2023:19:40:15 -0500] "POST /kwsrmcab/Wsrmcab HTTP/1.1" 200 43047
201.245.192.253 - - [01/Jul/2023:19:40:18 -0500] "POST /kwsrmcab/Wsrmcab HTTP/1.1" 200 43356
66.249.70.196 - - [01/Jul/2023:19:41:22 -0500] "-" 408 -
172.22.2.4 - - [01/Jul/2023:19:40:31 -0500] "HEAD /BLA/boletinlegal/ HTTP/1.1" 200 -
201.245.192.253 - - [01/Jul/2023:19:42:38 -0500] "POST /kwsrmcab/Wsrmcab  HTTP/1.1" 200 213
172.22.2.4 - - [01/Jul/2023:19:41:21 -0500] "GET /BLA/boletinlegal/ HTTP/1.1" 200 57272
216.245.221.92 - - [01/Jul/2023:19:44:23 -0500] "HEAD / HTTP/1.1" 200 -
186.102.39.163 - - [01/Jul/2023:19:44:49 -0500] "OPTIONS /kwssiamovil/sm/setfile/f? HTTP/1.1" 200 13
186.102.39.163 - - [01/Jul/2023:19:44:49 -0500] "POST /kwssiamovil/sm/setfile/f? HTTP/1.1" 200 381
186.102.39.163 - - [01/Jul/2023:19:46:12 -0500] "GET /kwssiamovil/sm/acme/a?s=U2FsdGVkX19kQyM70XiAgpe6DaPug2Tw2C2X1pmtGx3jvVTQhTS5JYTFR7jqal7vLwTk5/Y0fRNlhPx76tcNmq2VS5H7qbgV5btiwZ2VEOHgsoXr82HnhjIjYCLfMQCuiaXpstrTEXvOLfETFqwhb82NYydApXZnIqcTCFHjpl2Gf7dvB6HD6Hv4HcXXodq1eVY9KnF/LgtA3yHPjK9r/Geg0U5GnRgPzdCWBNDdqqlCxfMBmya4wQlZ5lac/rJPJZqN2C1coRHO1wuNHwCQaQ==&u=U2FsdGVkX19O0861w4tbmlghFm5m0L3iT/61pAjAwvk=&y=U2FsdGVkX1+HEFtLHySyy/B5wqtPQL3Uxwwgk3HRQLM= HTTP/1.1" 200 26
186.102.39.163 - - [01/Jul/2023:19:46:13 -0500] "GET /kwssiamovil/sm/acme/a?s=U2FsdGVkX19WiIaAW6Nyoe+ezowCd1Y8J46H1smajyot9Ftvr+qme3Jgg4aNp0NX6+UOQUUzI162Xv+MvNggwttBxMjZA9R3tHjG/1JJbUEBN+HYVLsbyzHPLyWFxpnuo5ti9SqWo5I4Fp6zHQn2IjhRlOAFtQJRuh5N3xBeAV7KVaJRQYyRoV+0uTVBaitBfEyq1zP/tcvmArhBEVn/xOcowUd1yrX1cd4Ct9lggYUShlWSjF7MvCP4fHZeY2QEpZ9TOyt6iCLh2yYAlrZ9lhWnHPYbin1zQQ+oJMb3Gb0i46NcsHv60E48ApEWruiXzqdF7eL9FwT0XSNm9epNwX08QduIeQuKYcXC3FkQNzFKkyUw9kb8Vh1y8gPXhl/cUjc9a3hJ/nQUSmVU8dwH6pX3ILupwxZeQNEKg0iBzV6f79aXNGbkAyL7y7idqzBZHtPftCfAltpovtmcEjcEwuCKOjOhWlcm3L3WpHN9N49HpCPu99OyII7/0/8e9cGnGh4y6SAJDiI1HSSB5qqUVWHcpYIG+lobYFlmmVL+PfD+NgclOL6F8Wb1suONW+J18RMqjrRkTb1t5P7dJxG/QmBsW0d4GNliqun3uan9O1CUbAU0LHnam7OEjjL8zhixU0zcKStcC8IVNGhj9QzbgTiEvFgGOUmMJpjMF+zun7eNRUgYQlSros4q3SfP7XdnKkh+uMsLmL+pABpYxZCokyqsLpQ5b0EnZv2YJkrFeGDBeqYtUEE0DtVyfrKE1YLtrCgu+HfN4xFRFPCeGV5vPRcVTq1hfrmnxOZSZkEPitY2cajNpzFHn/k5oBIoaezvLhE0rpkRkAISw+BqvwqX2pO0DHQW+GcwmYgRrT1lOe1Riu7rpvhI27AcUSe5cyjYDO5KAMLPh3Rh/hG+iP4KTrqgI9ZZP0fwnYdSobYCRgiloPBcjfp6bKEqmszHfByi22pUh386DZh4l6apuHVcpM4f1JskogvAnFmDZSEw3Y6aagqS/hzIx2RykM8VElHwD56dE9IArVQmBfUGzaLNx5Jx0/dH/VFPic5Gw8knMWP3q7wZ1M+Pwe0UUq80xDBAA7HBeoik2vkhe4GR/AoArnW+rLmQoVgw5pdNTYVcUQUSgSMvyarePsvmqhp6HIV7a7udPWZY4ENMfLCNG/mVA32jKPkLoY/Q6DC40mlplKl9yilEgB4WY9zwH5YLr8pyVnV1LYsGC7IHeshXRHvXHaQ5zEQBZukzr8oHbCqmn4aL9/zESqyZo4yW8AyToSn1/gktGaXO5p+yvaXYEyNP/xhfjrRxWZkTDiyP56SQCDXCRZPVPZug62iq2Watfvk10iCLkBnNCl9E94mQ52UWCg6IJES1VoAlgInkXU6bVt1rpy2j2tSTBBOqnKaY8BMCec7FIJ4POjS7vAQZY59n+V6VYD2QgGsI61WXLuYRfjvPXPmKRYpXPhI57oA/AbYICSqKpN1saYgv01Q+KYvZV5aozg4zNDN8F34FsPXMzlJgjLvji7DOxfv26Ev1RtHctKu+w+ePnhOOEsKDbVuaKiZJPCe3nbmYyv0KpcBEv4/yWSsgGctSsMi2BP5/ngANnIqmeyIxrDhiQyecm7OcI4jM9KSDEmLTNAuQqw1Sd3T+5j5zKke97Vu2H/1BvhzqOg2WPh7z8YgCVPRTE8e1HDQ3lHDVu54daLAs9Q2zYbFSXV3IjPi26Ubt1/LeVObpEwD+3X8o7s+GKxAPHPk3+HPljqI2w6klsY/hvlx33Z06y2lG5K3WKKHCMZZMnxDCB0gOBFUpTilASVLmpKi/ocKlxG88wREwDM0GZwfi8Rd7SKwfRc7Nb+l84i0JHpAYcHqGI1K0yQhqeG9v8OKErqmgUmiGoDZ1cE8XX2xBCJJSHbWPUT7g4iSF+MgRClgWEMUUsY5UEtNUgyDuJXqLsYYmCNB7NkVDN/NZwvuyTh4=&u=U2FsdGVkX19O0861w4tbmlghFm5m0L3iT/61pAjAwvk=&y=U2FsdGVkX1+HEFtLHySyy/B5wqtPQL3Uxwwgk3HRQLM= HTTP/1.1" 200 26
186.102.39.163 - - [01/Jul/2023:19:46:14 -0500] "GET /kwssiamovil/sm/acme/a?s=U2FsdGVkX19IBKL8b+JnK+LVk41M4u11QzP8WnP2f90tHNWF6DjN8DVuHokWGoS8fukBoqKG/eGfkBkGoWJNfY90LyEN4Xpo5Fcw0XYjeVPnIfh4zrLPKXpRhimgN4Z3DucLufTaH7Bd85TobTKrpijDPBKpO1DiQKC59K2L4XE=&u=U2FsdGVkX19O0861w4tbmlghFm5m0L3iT/61pAjAwvk=&y=U2FsdGVkX1+HEFtLHySyy/B5wqtPQL3Uxwwgk3HRQLM= HTTP/1.1" 200 26
186.102.39.163 - - [01/Jul/2023:19:46:14 -0500] "GET /kwssiamovil/sm/acme/a?s=U2FsdGVkX1+TqL5s/AjC28bpbrqxvhbhwrFUtoAM9098PKFZrW4yDgrOWXpN3o8TFk1prBEa1beKl8kjAz7a6YRkwKev1KxAp4TY0Hf8vw1JpSQCJRC4CZMUO6Z9ch443RODM/d4HNIAZSkHwDizg5CkR164D0NO5r1pKtnp9D4=&u=U2FsdGVkX19O0861w4tbmlghFm5m0L3iT/61pAjAwvk=&y=U2FsdGVkX1+HEFtLHySyy/B5wqtPQL3Uxwwgk3HRQLM= HTTP/1.1" 200 26
186.102.39.163 - - [01/Jul/2023:19:46:14 -0500] "GET /kwssiamovil/sm/acme/a?s=U2FsdGVkX1+jirL/FhqJksu2bZH3dNF+SubJy4VtLiiayVwZmlv3MerNz9cEpcL8MSA2JL23WHtaeL0wtFs0qEr9MgUw/NaCYjUvHUYSo6tAEanJagyvSGbRoO9cl9WeIFk6fCu/Br6kuYlUPXJZgPLptJOCkRzT1fGpiM7Si7w=&u=U2FsdGVkX19O0861w4tbmlghFm5m0L3iT/61pAjAwvk=&y=U2FsdGVkX1+HEFtLHySyy/B5wqtPQL3Uxwwgk3HRQLM= HTTP/1.1" 200 26
186.102.39.163 - - [01/Jul/2023:19:46:14 -0500] "GET /kwssiamovil/sm/acme/a?s=U2FsdGVkX18IiTDmjj9w6WdVz0Bw5t4l/NH6Yw3mlLbsBIj2Zc+y5z0IqrkDqIxsJeRBoefBsGx+QHHo3f08JlF6QOLk+DZVdZueKE9p1f8XX1BPTBGCVGskYfhBDJCwRgn9q2lIUX1r8TBTtMW5C+m7Gh3Bnfzji2piPANbpyKt9/gdShNLLw6ChJyTh2VA&u=U2FsdGVkX19O0861w4tbmlghFm5m0L3iT/61pAjAwvk=&y=U2FsdGVkX1+HEFtLHySyy/B5wqtPQL3Uxwwgk3HRQLM= HTTP/1.1" 200 26
186.102.39.163 - - [01/Jul/2023:19:46:14 -0500] "GET /kwssiamovil/sm/acme/a?s=U2FsdGVkX18/HagsjT6ltlfxl7E3cpEncNsdkfO/2T7B4UBMPxJcFnRLw3YqJut577UUAMUxYFlUvJNK82Dw7Jx6WUAGeC9CwknGhjJLZcBQwO9pAudcd6tr2e5UtwMCLNElftnNJsooBYHXzX5ObSWJp0W/5/YywKKOuWaOSt39L4FlER7cA3IzCIijm7Z9v2nPb8sHI+PnXKeZwkXo4g==&u=U2FsdGVkX19O0861w4tbmlghFm5m0L3iT/61pAjAwvk=&y=U2FsdGVkX1+HEFtLHySyy/B5wqtPQL3Uxwwgk3HRQLM= HTTP/1.1" 200 26
186.102.39.163 - - [01/Jul/2023:19:46:15 -0500] "GET /kwssiamovil/sm/acme/a?s=U2FsdGVkX1/tbwHzrIoV3L/opJmZnxDl+zxHCEwWvgfIp8CcdiGKxQfqVQ5Hs8liY4RSrnAj4dDXocPvKYKmt9fhxfaQkQhU3bW+5I/vTfWehpf7Ln5JQNhQOyIMyOMsStSUynTdIOYH1fK0b6WrG0t4RB4r+VF1cosqzMl/PJnpTKR3ofSxSysv1LM+MNRd&u=U2FsdGVkX19O0861w4tbmlghFm5m0L3iT/61pAjAwvk=&y=U2FsdGVkX1+HEFtLHySyy/B5wqtPQL3Uxwwgk3HRQLM= HTTP/1.1" 200 26
201.245.192.253 - - [01/Jul/2023:19:47:36 -0500] "POST /kwsrmcab/Wsrmcab  HTTP/1.1" 200 213
172.22.2.4 - - [01/Jul/2023:19:46:21 -0500] "HEAD /BLA/boletinlegal/ HTTP/1.1" 200 -
172.22.2.4 - - [01/Jul/2023:19:47:09 -0500] "HEAD /BLA/boletinlegal/ HTTP/1.1" 200 -
172.22.2.4 - - [01/Jul/2023:19:47:11 -0500] "GET /BLA/boletinlegal/ HTTP/1.1" 200 50801
216.245.221.92 - - [01/Jul/2023:19:49:23 -0500] "HEAD / HTTP/1.1" 200 -
190.60.254.233 - - [01/Jul/2023:19:52:18 -0500] "POST /sipse/faces/presentacion/financiero/solicitudProceso/consultarSolicitudProceso.xhtml HTTP/1.1" 200 64691
190.60.254.233 - - [01/Jul/2023:19:52:19 -0500] "GET /sipse/css/custom_css_sg.css HTTP/1.1" 304 -
190.60.254.233 - - [01/Jul/2023:19:52:20 -0500] "GET /sipse/js/disable_browser_buttons.js HTTP/1.1" 304 -
190.60.254.233 - - [01/Jul/2023:19:52:20 -0500] "GET /sipse/css/custom_css_sg_prime.css HTTP/1.1" 304 -
190.60.254.233 - - [01/Jul/2023:19:52:20 -0500] "GET /sipse/faces/javax.faces.resource/primefaces.css?ln=primefaces&v=4.0 HTTP/1.1" 304 -
190.60.254.233 - - [01/Jul/2023:19:52:20 -0500] "GET /sipse/faces/javax.faces.resource/layout/layout.css?ln=primefaces&v=4.0 HTTP/1.1" 304 -
190.60.254.233 - - [01/Jul/2023:19:52:20 -0500] "GET /sipse/faces/javax.faces.resource/theme.css?ln=primefaces-sipse HTTP/1.1" 304 -
190.60.254.233 - - [01/Jul/2023:19:52:20 -0500] "GET /sipse/js/jquery.min.js HTTP/1.1" 304 -
190.60.254.233 - - [01/Jul/2023:19:52:20 -0500] "GET /sipse/js/funciones.js HTTP/1.1" 304 -
190.60.254.233 - - [01/Jul/2023:19:52:20 -0500] "GET /sipse/faces/javax.faces.resource/jquery/jquery.js?ln=primefaces&v=4.0 HTTP/1.1" 304 -
190.60.254.233 - - [01/Jul/2023:19:52:20 -0500] "GET /sipse/faces/javax.faces.resource/jquery/jquery-plugins.js?ln=primefaces&v=4.0 HTTP/1.1" 304 -
190.60.254.233 - - [01/Jul/2023:19:52:20 -0500] "GET /sipse/faces/javax.faces.resource/primefaces.js?ln=primefaces&v=4.0 HTTP/1.1" 304 -
190.60.254.233 - - [01/Jul/2023:19:52:20 -0500] "GET /sipse/faces/javax.faces.resource/layout/layout.js?ln=primefaces&v=4.0 HTTP/1.1" 304 -
190.60.254.233 - - [01/Jul/2023:19:52:21 -0500] "POST /sipse/faces/presentacion/financiero/solicitudProceso/listarSolicitudProceso.xhtml HTTP/1.1" 200 58089
190.60.254.233 - - [01/Jul/2023:19:52:22 -0500] "POST /sipse/faces/presentacion/financiero/solicitudProceso/listarSolicitudProceso.xhtml HTTP/1.1" 200 58089
190.60.254.233 - - [01/Jul/2023:19:52:23 -0500] "POST /sipse/faces/presentacion/financiero/solicitudProceso/listarSolicitudProceso.xhtml HTTP/1.1" 200 1556
190.60.254.233 - - [01/Jul/2023:19:52:23 -0500] "POST /sipse/faces/presentacion/financiero/solicitudProceso/listarSolicitudProceso.xhtml HTTP/1.1" 200 1560
