190.60.254.233 - - [01/Jul/2023:19:52:23 -0500] "POST /sipse/faces/presentacion/financiero/solicitudProceso/listarSolicitudProceso.xhtml HTTP/1.1" 200 1560
190.60.254.233 - - [01/Jul/2023:19:52:31 -0500] "POST /sipse/faces/presentacion/financiero/solicitudProceso/listarSolicitudProceso.xhtml HTTP/1.1" 200 26138
201.245.192.253 - - [01/Jul/2023:19:52:34 -0500] "POST /kwsrmcab/Wsrmcab  HTTP/1.1" 200 213
172.22.2.4 - - [01/Jul/2023:19:52:57 -0500] "GET /BLA/boletinlegal/Directivas/2011/Directiva%20No.%206%20del%208%20de%20Septiembre%20de%202011.pdf HTTP/1.1" 200 996625
190.60.254.233 - - [01/Jul/2023:19:53:01 -0500] "POST /sipse/faces/presentacion/financiero/solicitudProceso/listarSolicitudProceso.xhtml HTTP/1.1" 200 118039
190.60.254.233 - - [01/Jul/2023:19:53:02 -0500] "GET /sipse/faces/javax.faces.resource/theme.css?ln=primefaces-sipse HTTP/1.1" 304 -
190.60.254.233 - - [01/Jul/2023:19:53:03 -0500] "GET /sipse/faces/javax.faces.resource/jquery/jquery.js?ln=primefaces&v=4.0 HTTP/1.1" 304 -
190.60.254.233 - - [01/Jul/2023:19:53:03 -0500] "GET /sipse/faces/javax.faces.resource/layout/layout.css?ln=primefaces&v=4.0 HTTP/1.1" 304 -
190.60.254.233 - - [01/Jul/2023:19:53:03 -0500] "GET /sipse/faces/javax.faces.resource/primefaces.css?ln=primefaces&v=4.0 HTTP/1.1" 304 -
190.60.254.233 - - [01/Jul/2023:19:53:03 -0500] "GET /sipse/faces/javax.faces.resource/jquery/jquery-plugins.js?ln=primefaces&v=4.0 HTTP/1.1" 304 -
190.60.254.233 - - [01/Jul/2023:19:53:03 -0500] "GET /sipse/faces/javax.faces.resource/primefaces.js?ln=primefaces&v=4.0 HTTP/1.1" 304 -
190.60.254.233 - - [01/Jul/2023:19:53:03 -0500] "GET /sipse/faces/javax.faces.resource/layout/layout.js?ln=primefaces&v=4.0 HTTP/1.1" 304 -
173.252.107.1 - - [01/Jul/2023:19:53:19 -0500] "GET /cerrados-los-caminos-de-los-cerros-orientales-por-jornada-electoral.html HTTP/1.1" 200 809
173.252.107.10 - - [01/Jul/2023:19:53:19 -0500] "GET /cerrados-los-caminos-de-los-cerros-orientales-por-jornada-electoral.html HTTP/1.1" 200 809
190.60.254.233 - - [01/Jul/2023:19:53:28 -0500] "POST /sipse/faces/presentacion/financiero/solicitudProceso/consultarSolicitudProceso.xhtml HTTP/1.1" 200 64691
190.60.254.233 - - [01/Jul/2023:19:53:29 -0500] "GET /sipse/faces/javax.faces.resource/theme.css?ln=primefaces-sipse HTTP/1.1" 304 -
190.60.254.233 - - [01/Jul/2023:19:53:29 -0500] "GET /sipse/faces/javax.faces.resource/layout/layout.css?ln=primefaces&v=4.0 HTTP/1.1" 304 -
190.60.254.233 - - [01/Jul/2023:19:53:30 -0500] "GET /sipse/faces/javax.faces.resource/primefaces.css?ln=primefaces&v=4.0 HTTP/1.1" 304 -
190.60.254.233 - - [01/Jul/2023:19:53:30 -0500] "GET /sipse/faces/javax.faces.resource/jquery/jquery.js?ln=primefaces&v=4.0 HTTP/1.1" 304 -
190.60.254.233 - - [01/Jul/2023:19:53:30 -0500] "GET /sipse/faces/javax.faces.resource/jquery/jquery-plugins.js?ln=primefaces&v=4.0 HTTP/1.1" 304 -
190.60.254.233 - - [01/Jul/2023:19:53:30 -0500] "GET /sipse/faces/javax.faces.resource/primefaces.js?ln=primefaces&v=4.0 HTTP/1.1" 304 -
190.60.254.233 - - [01/Jul/2023:19:53:30 -0500] "GET /sipse/faces/javax.faces.resource/layout/layout.js?ln=primefaces&v=4.0 HTTP/1.1" 304 -
190.60.254.233 - - [01/Jul/2023:19:53:30 -0500] "POST /sipse/faces/presentacion/financiero/solicitudProceso/listarSolicitudProceso.xhtml HTTP/1.1" 200 58089
190.60.254.233 - - [01/Jul/2023:19:53:31 -0500] "POST /sipse/faces/presentacion/financiero/solicitudProceso/listarSolicitudProceso.xhtml HTTP/1.1" 200 58089
190.60.254.233 - - [01/Jul/2023:19:53:32 -0500] "POST /sipse/faces/presentacion/financiero/solicitudProceso/listarSolicitudProceso.xhtml HTTP/1.1" 200 58089
190.60.254.233 - - [01/Jul/2023:19:53:33 -0500] "POST /sipse/faces/presentacion/financiero/solicitudProceso/listarSolicitudProceso.xhtml HTTP/1.1" 200 58089
190.60.254.233 - - [01/Jul/2023:19:53:34 -0500] "POST /sipse/faces/presentacion/financiero/solicitudProceso/listarSolicitudProceso.xhtml HTTP/1.1" 200 1556
190.60.254.233 - - [01/Jul/2023:19:53:34 -0500] "POST /sipse/faces/presentacion/financiero/solicitudProceso/listarSolicitudProceso.xhtml HTTP/1.1" 200 1560
190.60.254.233 - - [01/Jul/2023:19:53:34 -0500] "POST /sipse/faces/presentacion/financiero/solicitudProceso/listarSolicitudProceso.xhtml HTTP/1.1" 200 1560
190.60.254.233 - - [01/Jul/2023:19:53:35 -0500] "POST /sipse/faces/presentacion/financiero/solicitudProceso/listarSolicitudProceso.xhtml HTTP/1.1" 200 1564
190.60.254.233 - - [01/Jul/2023:19:53:35 -0500] "POST /sipse/faces/presentacion/financiero/solicitudProceso/listarSolicitudProceso.xhtml HTTP/1.1" 200 1556
172.22.2.4 - - [01/Jul/2023:19:52:11 -0500] "HEAD /BLA/boletinlegal/ HTTP/1.1" 200 -
216.245.221.92 - - [01/Jul/2023:19:54:23 -0500] "HEAD / HTTP/1.1" 200 -
69.63.184.120 - - [01/Jul/2023:19:54:38 -0500] "GET /images/la-vieja-mayo-24.jpg HTTP/1.1" 200 58217
172.22.2.4 - - [01/Jul/2023:19:53:01 -0500] "GET /BLA/boletinlegal/ HTTP/1.1" 200 56452
179.43.190.98 - - [01/Jul/2023:19:55:50 -0500] "POST /boaform/admin/formLogin HTTP/1.1" 404 1186
173.252.79.3 - - [01/Jul/2023:19:56:30 -0500] "GET /images/Senderos1.jpeg HTTP/1.1" 200 172777
69.63.184.5 - - [01/Jul/2023:19:57:09 -0500] "GET /distrito-declara-alerta-preventiva-en-el-suroccidente-de-la-ciudad-por-mala-calidad-del-aire.html HTTP/1.1" 200 1065
201.245.192.253 - - [01/Jul/2023:19:57:34 -0500] "POST /kwsrmcab/Wsrmcab  HTTP/1.1" 200 213
216.245.221.92 - - [01/Jul/2023:19:59:23 -0500] "HEAD / HTTP/1.1" 200 -
172.22.2.4 - - [01/Jul/2023:19:58:01 -0500] "HEAD /BLA/boletinlegal/ HTTP/1.1" 200 -
172.22.2.4 - - [01/Jul/2023:19:58:51 -0500] "GET /BLA/boletinlegal/ HTTP/1.1" 200 57272
201.245.192.253 - - [01/Jul/2023:20:02:33 -0500] "POST /kwsrmcab/Wsrmcab  HTTP/1.1" 200 213
69.63.184.119 - - [01/Jul/2023:20:02:51 -0500] "GET /distrito-levanta-alerta-ambiental-fase-1-por-calidad-del-aire.html HTTP/1.1" 200 921
190.60.254.233 - - [01/Jul/2023:20:03:29 -0500] "POST /sipse/faces/presentacion/financiero/solicitudProceso/listarSolicitudProceso.xhtml HTTP/1.1" 200 26138
216.245.221.92 - - [01/Jul/2023:20:04:23 -0500] "HEAD / HTTP/1.1" 200 -
172.22.2.4 - - [01/Jul/2023:20:03:51 -0500] "HEAD /BLA/boletinlegal/ HTTP/1.1" 200 -
172.22.2.4 - - [01/Jul/2023:20:04:41 -0500] "GET /BLA/boletinlegal/ HTTP/1.1" 200 57272
52.167.144.152 - - [01/Jul/2023:20:07:14 -0500] "GET /calidad-del-aire-consulta-el-borrador-de-decreto-para-la-construccion-de-las-zonas-urbanas-por-un-mejor-aire-zuma.html HTTP/1.1" 200 981
201.245.192.253 - - [01/Jul/2023:20:07:32 -0500] "POST /kwsrmcab/Wsrmcab  HTTP/1.1" 200 213
216.245.221.92 - - [01/Jul/2023:20:09:23 -0500] "HEAD / HTTP/1.1" 200 -
173.252.127.8 - - [01/Jul/2023:20:10:52 -0500] "GET /entrenubes-raton-de-montana-se-alimenta-de-hongos-presentes-en-este-ecosistema-del-suroriente-de-bogota.html?fbclid=IwAR2IWoRPO-lIo5zFffu9ltZhLJjuGBg4rP8giQs5XUb3b4wag9Nc7-3EK8w HTTP/1.1" 200 843
172.22.2.4 - - [01/Jul/2023:20:09:41 -0500] "HEAD /BLA/boletinlegal/ HTTP/1.1" 200 -
20.15.133.191 - - [01/Jul/2023:20:11:28 -0500] "GET /bla/resoluciones/autos%202021/4848.pdf HTTP/1.1" 200 365145
172.22.2.4 - - [01/Jul/2023:20:10:31 -0500] "GET /BLA/boletinlegal/ HTTP/1.1" 200 57272
201.245.192.253 - - [01/Jul/2023:20:12:32 -0500] "POST /kwsrmcab/Wsrmcab  HTTP/1.1" 200 213
190.60.254.233 - - [01/Jul/2023:20:13:41 -0500] "POST /sipse/faces/presentacion/financiero/solicitudProceso/listarSolicitudProceso.xhtml HTTP/1.1" 200 150283
190.60.254.233 - - [01/Jul/2023:20:13:42 -0500] "GET /sipse/faces/javax.faces.resource/theme.css?ln=primefaces-sipse HTTP/1.1" 304 -
190.60.254.233 - - [01/Jul/2023:20:13:42 -0500] "GET /sipse/faces/javax.faces.resource/primefaces.css?ln=primefaces&v=4.0 HTTP/1.1" 304 -
190.60.254.233 - - [01/Jul/2023:20:13:42 -0500] "GET /sipse/faces/javax.faces.resource/layout/layout.css?ln=primefaces&v=4.0 HTTP/1.1" 304 -
190.60.254.233 - - [01/Jul/2023:20:13:42 -0500] "GET /sipse/faces/javax.faces.resource/jquery/jquery.js?ln=primefaces&v=4.0 HTTP/1.1" 304 -
190.60.254.233 - - [01/Jul/2023:20:13:42 -0500] "GET /sipse/faces/javax.faces.resource/jquery/jquery-plugins.js?ln=primefaces&v=4.0 HTTP/1.1" 304 -
190.60.254.233 - - [01/Jul/2023:20:13:42 -0500] "GET /sipse/faces/javax.faces.resource/primefaces.js?ln=primefaces&v=4.0 HTTP/1.1" 304 -
190.60.254.233 - - [01/Jul/2023:20:13:42 -0500] "GET /sipse/faces/javax.faces.resource/layout/layout.js?ln=primefaces&v=4.0 HTTP/1.1" 304 -
52.77.52.198 - - [01/Jul/2023:20:13:46 -0500] "GET /transparencia/financiera/Desagregado%20con%20modificaciones/? HTTP/1.1" 404 1490
66.249.70.196 - - [01/Jul/2023:20:14:12 -0500] "-" 408 -
216.245.221.92 - - [01/Jul/2023:20:14:23 -0500] "HEAD / HTTP/1.1" 200 -
172.22.2.4 - - [01/Jul/2023:20:15:31 -0500] "HEAD /BLA/boletinlegal/ HTTP/1.1" 200 -
201.245.192.253 - - [01/Jul/2023:20:17:30 -0500] "POST /kwsrmcab/Wsrmcab  HTTP/1.1" 200 213
172.22.2.4 - - [01/Jul/2023:20:16:21 -0500] "GET /BLA/boletinlegal/ HTTP/1.1" 200 53643
216.245.221.92 - - [01/Jul/2023:20:19:23 -0500] "HEAD / HTTP/1.1" 200 -
186.29.47.195 - - [01/Jul/2023:20:19:24 -0500] "GET /reverdeciendo-bogota-mas-de-100-arboles-se-plantaron-en-el-humedal-capellania.html HTTP/1.1" 304 -
201.245.192.253 - - [01/Jul/2023:20:20:15 -0500] "POST /kwsrmcab/Wsrmcab HTTP/1.1" 200 42699
201.245.192.253 - - [01/Jul/2023:20:20:18 -0500] "POST /kwsrmcab/Wsrmcab HTTP/1.1" 200 43329
201.245.192.253 - - [01/Jul/2023:20:22:28 -0500] "POST /kwsrmcab/Wsrmcab  HTTP/1.1" 200 213
172.22.2.4 - - [01/Jul/2023:20:21:21 -0500] "HEAD /BLA/boletinlegal/ HTTP/1.1" 200 -
172.22.2.4 - - [01/Jul/2023:20:22:11 -0500] "GET /BLA/boletinlegal/ HTTP/1.1" 200 58474
34.141.141.223 - - [01/Jul/2023:20:24:15 -0500] "GET /en-junio-conectate-con-la-naturaleza-y-el-medioambiente-a-traves-de-estas-caminatas-ecologicas.html HTTP/1.1" 200 900
216.245.221.92 - - [01/Jul/2023:20:24:23 -0500] "HEAD / HTTP/1.1" 200 -
168.151.197.37 - - [01/Jul/2023:20:25:06 -0500] "GET /ruta-de-la-libertad-mas-de-400-animales-silvestres-fueron-liberados-por-la-secretaria-de-ambiente-en-el-cesar.html HTTP/1.1" 200 853
172.22.2.4 - - [01/Jul/2023:20:26:16 -0500] "GET /BLA/boletinlegal/Circulares/2022/CIRCULAR%20No.%2000004%20DEL%2019%20DE%20MAYO%20DEL%202022.pdf HTTP/1.1" 304 -
66.249.70.196 - - [01/Jul/2023:20:27:10 -0500] "-" 408 -
18.142.1.56 - - [01/Jul/2023:20:27:25 -0500] "GET /galeria/nivo-slider/demo/images/Banner%20canales%20virtuales.jpg HTTP/1.1" 200 209438
201.245.192.253 - - [01/Jul/2023:20:27:26 -0500] "POST /kwsrmcab/Wsrmcab  HTTP/1.1" 200 213
172.22.2.4 - - [01/Jul/2023:20:27:11 -0500] "HEAD /BLA/boletinlegal/ HTTP/1.1" 200 -
52.167.144.152 - - [01/Jul/2023:20:29:15 -0500] "GET /images/calidad-del-aire-suroccidental_optimized.jpeg HTTP/1.1" 200 175446
216.245.221.92 - - [01/Jul/2023:20:29:23 -0500] "HEAD / HTTP/1.1" 200 -
172.22.2.4 - - [01/Jul/2023:20:28:01 -0500] "GET /BLA/boletinlegal/ HTTP/1.1" 200 56816
186.102.1.163 - - [01/Jul/2023:20:30:06 -0500] "OPTIONS /kwssiamovil/sm/setfile/f? HTTP/1.1" 200 13
186.102.1.163 - - [01/Jul/2023:20:30:07 -0500] "POST /kwssiamovil/sm/setfile/f? HTTP/1.1" 200 381
201.245.192.253 - - [01/Jul/2023:20:30:15 -0500] "POST /kwsrmcab/Wsrmcab HTTP/1.1" 200 42699
201.245.192.253 - - [01/Jul/2023:20:30:18 -0500] "POST /kwsrmcab/Wsrmcab HTTP/1.1" 200 43329
186.102.1.163 - - [01/Jul/2023:20:30:20 -0500] "GET /kwssiamovil/sm/acme/a?s=U2FsdGVkX18NqJgbKpX93KY49ILSCdeK2suytsIB34/mtBao+3SfiuBpB5Z8eVaShjx2JzIU53O62eK2UFoSb/LFzj15Nz9t77W9F1HV+Q6W8r8JZe5totxyEerPnRgh2LmIJqQdXJGQ0uC79vQmE5XOFD7Ev/d1jlHK5dB2TklQO5Cn0uamAgIISy8gOaqdFKndM7adIirbx8Na9PunHuNAMggDT+SmHRmxU4nmZiG5ZEqVQ+dD0xNW5MRVkDQekGhEC0xljtJ/ab0X7e/t7g==&u=U2FsdGVkX19O0861w4tbmlghFm5m0L3iT/61pAjAwvk=&y=U2FsdGVkX1+HEFtLHySyy/B5wqtPQL3Uxwwgk3HRQLM= HTTP/1.1" 200 26
186.102.1.163 - - [01/Jul/2023:20:30:21 -0500] "GET /kwssiamovil/sm/acme/a?s=U2FsdGVkX1/oFfgsk1kAOrv50ICI3BhET+nLqPipmeX6Tp/zJz4BSmyeeh8ONeXmMy84+T3yWpji0EyT0RsUm8YEjdGvnYATeis/CjIq2TvXkZDgRUh7BTMR4szweL0HigVfilHzFzJI8HWegG1FgCbeGXxvkVBiBYQ15XEE1ce3ZvZusktr96HD38+U5Ev3JjCEbCA7jgdlK/IGc7W5Qwq+cZkpmgVQyk/tKT3Qx8t9JvSZE4yko2M9nNHdHiyJ2upKrvHV45BMEJAGT6KY2oBs5hV1dX98PWFzThUEPg78d0kJhwR6JDcfdiUXFHMhW9rap8re1/Ws8cFGQGauxK8crHtJLhqv0oJhefFrhiCXsmBbqCmugKIxoexbsvvuG4syY9ZTbh9nWmpi9xdNAmQhG3FjRhffaEzJyuJbVP9F73smzIMLId8LlCfsrLHcbnx20IRg6CjdevCCnD1F6wwVLB8IrGV6qiRovcA0CbIUk8Ky0eEV4+xBX3Pkb/wDJ/zC6gSKwK9D3zt8o33Qzfe9gwK48MueR+ERpe9KY9axAQi+4x82t/RbyMmAXxUcl6ogxqNb1tVmAtWFfjL7Ge5wEOclXUZN8iZMPYoR2UkJrtsRa33zGigVc/3iZRFrscDe89lf1IX90NO4/QIlb+EJCrUozRH2Q8Gd9eQTIUU8dpX+QHTAiaObt/9ECYbA+A07t2IXEm+9m19iPSYljLf1+GX2XsXT+n/Ttg3zAs+vfKUO4Ot1pVnKrzGApfg6jcWO8SfiZR0zZz13uHhUSZtXYgueXeDfLLSoSkye2vdcwzT9Ua2h3ucWtoaTWFYniFAT3fDYUEDKFn7oj26eHPUsLbWnxNB9hKuNfT5Y4PAQi03sXNV4QNK7pogg09REBpJ+85saP0XIabvOzeCfKE50354iFuU3XeTNRCuiZ4wNZWKOZeUdTZ5UGdwBcKRvTOiHj4ZYfNVtHyOv1Ig9JE6/7bXCYhLTaceAmbyvsg6x4JXGGhsVnAPATDOWho82FYe9j+uN3SagB6JZ7l6C39JfKOzjvsaYfMTmjpf8xS5Bmbgx3bE5COZSgRpQp426mx3GFn4O8ux+ShO18BQSMxN3YxlOHLHeNnZkXKn99Fl3QPzv3zQNZx1kg4SU5ZQoYoD3lc+mrlSUksfthcjrnBSWAcKwsaijO3OFtodA/cRJz3PPfLSH780O8iNAWylJGKRrpWpakZO5atDubSMzzJFlHVp+sSRdTHsPopp7bd0Rj56xWZuwl3ObmPEjxr9rQgxpkCLBk5+RoJzs7tuL1mJFj4SGfHJuxFV0c+nRjWJDIaVRLhLy9FoTmJKc9ABg/aRE8v9C/AEMhW5O3zAs3hB22S62NvLqd3vOrSfgVBS6oyO2oM2BnuIE8W1Z2yMKVGbwv5TdeSS90vnUOTx13++H7oycj39ihW2lyU/qw9BpF2PyBXqsHwT+UJiMbWr9eI35gpXkhMa1qX0Xv8vwNSQ3JDTDgpl2gtGwmwGRz15kPyakShPihixPObJOzcZbHhJQEXb4tw9sz9hXQpvWpdT1auqNN5vvqc8XcTaODSrstutlUAoPNgoQFCUyioijfZm+/KckDjtFALC20rGCE0uv7a81tApqaXQUbS81O3sJXachxz9ri5cLAHaA2zYDcOJdea4abCyen6/hsQ+WJYzoSY8bH+Jj+FhijSaGcO0pYb+XkQxOz0HpO0sa56k3i+guwZuE0smL91SOyoF3hDqf8lCeqjPNmIGoAbjohoWrWsjMfM8c+Wt7L8+/MKvKqlZJW0j/qrjYmmVcH//PepG0WLEkGMhLfUdNsGe0XTijME6sjr8VvfCPYTAI3UEhRrMgvN8iMfzzO6ntrBCfIuuvZFlHOhijimamWeOQyOAraI8zQ0B3d6+xfCgbmAAM&u=U2FsdGVkX19O0861w4tbmlghFm5m0L3iT/61pAjAwvk=&y=U2FsdGVkX1+HEFtLHySyy/B5wqtPQL3Uxwwgk3HRQLM= HTTP/1.1" 200 26
186.102.1.163 - - [01/Jul/2023:20:30:22 -0500] "GET /kwssiamovil/sm/acme/a?s=U2FsdGVkX18y44Lboepx9ZzULvhgswC7LwYEUieubDYJfEElL5CUW3wfscetlDt4VNaljPI8+rlSyLoA5WE8te1sECzplOWLHtL87hs1pDCa02sc25InnH4Yjit990tj0qni2y7jwcYEGAON8ccYRfORsQXjZAhCpfMrJeT6l7c=&u=U2FsdGVkX19O0861w4tbmlghFm5m0L3iT/61pAjAwvk=&y=U2FsdGVkX1+HEFtLHySyy/B5wqtPQL3Uxwwgk3HRQLM= HTTP/1.1" 200 26
186.102.1.163 - - [01/Jul/2023:20:30:22 -0500] "GET /kwssiamovil/sm/acme/a?s=U2FsdGVkX18FCwM3XnFQJMAbP0eQ1VSlNsnaGQ13lO79Lul/UGk21MB9qbFXCtQrwhBGVM/YYjEE/p6zJrtjYcLlVghOth7H1ZUYzNfg3obVzmzb6JcA9y7FwuMK35H7BAwLk5PmgK1rIa0icyRZCuHhElNRuuSgIAHI3/t+AIY=&u=U2FsdGVkX19O0861w4tbmlghFm5m0L3iT/61pAjAwvk=&y=U2FsdGVkX1+HEFtLHySyy/B5wqtPQL3Uxwwgk3HRQLM= HTTP/1.1" 200 26
186.102.1.163 - - [01/Jul/2023:20:30:22 -0500] "GET /kwssiamovil/sm/acme/a?s=U2FsdGVkX19GvV6n2aEO9dW8tKP0kz+bF90ERAeZzknL/nEF/3b9f/z+l9u7I38TGUIFMcYgqrxseXEC3hyfm/Iw0CcD6OMOv96hrlY3LiYyHMr/YPZcpFG2IiviNqwVbY9Orkt7tGXbKziUEIkQElK0F///Idfp4POKETkif1w=&u=U2FsdGVkX19O0861w4tbmlghFm5m0L3iT/61pAjAwvk=&y=U2FsdGVkX1+HEFtLHySyy/B5wqtPQL3Uxwwgk3HRQLM= HTTP/1.1" 200 26
186.102.1.163 - - [01/Jul/2023:20:30:22 -0500] "GET /kwssiamovil/sm/acme/a?s=U2FsdGVkX180araWhZnY5St851k4n51K+NrtWTYXaXZv1xYLogPsNAEH/R+GgdNYlUr9IMwCD5CvIfhOcxHqieI7pX6UsCwZIW3Vzyf7SLiUfxwfkKoCw+V/8K0vARH6pQvQ0xuyzzsRFOFerz4KqOZrReVAZKc156CryqcHpi0jlmYunU68TTXLjvv5ogJt&u=U2FsdGVkX19O0861w4tbmlghFm5m0L3iT/61pAjAwvk=&y=U2FsdGVkX1+HEFtLHySyy/B5wqtPQL3Uxwwgk3HRQLM= HTTP/1.1" 200 26
186.102.1.163 - - [01/Jul/2023:20:30:22 -0500] "GET /kwssiamovil/sm/acme/a?s=U2FsdGVkX18v8NWrfmHaMyTB6y2W+qZjOfA9i41del47+vZrWO6FzXuqFNzOaFew3kR32NBNClbo3vYAfShBiWo+mI0/3b+ZQ1rvpKn28hmZvaXOoO800dTgjmwIolns6AvRQ+mrZKp+Nr9y+78OEUCpfVdBnVutHbhH/EDKp7qqruYv/m0jdd2ueh5Ib5KFnol8yQ4XACUb9GjRr+0T5g==&u=U2FsdGVkX19O0861w4tbmlghFm5m0L3iT/61pAjAwvk=&y=U2FsdGVkX1+HEFtLHySyy/B5wqtPQL3Uxwwgk3HRQLM= HTTP/1.1" 200 26
186.102.1.163 - - [01/Jul/2023:20:30:23 -0500] "GET /kwssiamovil/sm/acme/a?s=U2FsdGVkX1/+TI6w3sryaVZsTBZ5U5HkPBiYd2ee/Y4arzKB/3Mjf7U6SoGO4XT4WOeOsHbuzkGAqQVCCxOSDiyApGFtxs64MPT1GE/OEuUJ7alnntJstOc4zyintUgE2/W+qm/Zt4A5aEUJ6bjoS1HeFDsz7y/Ku9DGZt8810+UZV8Xadyu27pdhnOIPDfC&u=U2FsdGVkX19O0861w4tbmlghFm5m0L3iT/61pAjAwvk=&y=U2FsdGVkX1+HEFtLHySyy/B5wqtPQL3Uxwwgk3HRQLM= HTTP/1.1" 200 26
190.27.177.114 - - [01/Jul/2023:20:32:23 -0500] "GET /mujeres-que-reverdecen-y-sistema-de-cuidado-ejemplo-de-que-ambiente-y-cuidado-trabajan-juntos.html HTTP/1.1" 200 893
201.245.192.253 - - [01/Jul/2023:20:32:25 -0500] "POST /kwsrmcab/Wsrmcab  HTTP/1.1" 200 213
216.245.221.92 - - [01/Jul/2023:20:34:23 -0500] "HEAD / HTTP/1.1" 200 -
45.156.129.37 - - [01/Jul/2023:20:34:27 -0500] "GET / HTTP/1.1" 200 319
173.252.87.4 - - [01/Jul/2023:20:34:29 -0500] "GET /entrenubes-raton-de-montana-se-alimenta-de-hongos-presentes-en-este-ecosistema-del-suroriente-de-bogota.html HTTP/1.1" 200 843
172.22.2.4 - - [01/Jul/2023:20:33:01 -0500] "HEAD /BLA/boletinlegal/ HTTP/1.1" 200 -
172.22.2.4 - - [01/Jul/2023:20:33:27 -0500] "GET /BLA/boletinlegal/ HTTP/1.1" 200 50283
179.19.57.192 - - [01/Jul/2023:20:35:25 -0500] "GET /BLA/resoluciones/index.php?dir=AUTOS+2020%2F HTTP/1.1" 200 329101
172.22.2.4 - - [01/Jul/2023:20:33:51 -0500] "GET /BLA/boletinlegal/ HTTP/1.1" 200 52149
172.22.2.4 - - [01/Jul/2023:20:37:19 -0500] "GET /BLA/boletinlegal/Circulares/2019/.pdf HTTP/1.1" 404 1218
201.245.192.253 - - [01/Jul/2023:20:37:24 -0500] "POST /kwsrmcab/Wsrmcab  HTTP/1.1" 200 213
216.245.221.92 - - [01/Jul/2023:20:39:23 -0500] "HEAD / HTTP/1.1" 200 -
186.102.1.163 - - [01/Jul/2023:20:39:24 -0500] "GET /kwssiamovil/sm/acme/u?s=U2FsdGVkX1+ptiFALF4ZtHveyDupvZ6/z+pieNXjRYW3R04qKb3imdKBPP/7dyvhd8oQdepj1Iskb0cq/cCin0bCt/1nQc5tfVZbWmYog+zyTmBZzrSf4Ri1+3dv9eZ7o0UC5jBftZhp/2C8Qx2sK8WkO9o8AbiHJYLv1cTFEyw=&u=U2FsdGVkX19O0861w4tbmlghFm5m0L3iT/61pAjAwvk=&y=U2FsdGVkX1+HEFtLHySyy/B5wqtPQL3Uxwwgk3HRQLM= HTTP/1.1" 200 60
35.203.210.56 - - [01/Jul/2023:20:39:25 -0500] "GET / HTTP/1.1" 200 319
201.245.192.253 - - [01/Jul/2023:20:40:15 -0500] "POST /kwsrmcab/Wsrmcab HTTP/1.1" 200 42699
201.245.192.253 - - [01/Jul/2023:20:40:18 -0500] "POST /kwsrmcab/Wsrmcab HTTP/1.1" 200 43329
172.22.2.4 - - [01/Jul/2023:20:38:51 -0500] "HEAD /BLA/boletinlegal/ HTTP/1.1" 200 -
172.22.2.4 - - [01/Jul/2023:20:39:41 -0500] "GET /BLA/boletinlegal/ HTTP/1.1" 200 52495
66.249.70.196 - - [01/Jul/2023:20:42:10 -0500] "-" 408 -
201.245.192.253 - - [01/Jul/2023:20:42:23 -0500] "POST /kwsrmcab/Wsrmcab  HTTP/1.1" 200 213
216.245.221.92 - - [01/Jul/2023:20:44:23 -0500] "HEAD / HTTP/1.1" 200 -
172.22.2.4 - - [01/Jul/2023:20:44:41 -0500] "HEAD /BLA/boletinlegal/ HTTP/1.1" 200 -
172.22.2.4 - - [01/Jul/2023:20:45:31 -0500] "GET /BLA/boletinlegal/ HTTP/1.1" 200 56452
186.29.33.217 - - [01/Jul/2023:20:47:17 -0500] "GET /proyecto-avantia-con-la-union-europea-busca-especialista-en-cambio-climatico.html HTTP/1.1" 200 814
201.245.192.253 - - [01/Jul/2023:20:47:21 -0500] "POST /kwsrmcab/Wsrmcab  HTTP/1.1" 200 213
216.245.221.92 - - [01/Jul/2023:20:49:23 -0500] "HEAD / HTTP/1.1" 200 -
162.55.165.184 - - [01/Jul/2023:20:49:34 -0500] "GET / HTTP/1.1" 200 319
162.55.165.184 - - [01/Jul/2023:20:49:36 -0500] "GET / HTTP/1.1" 200 4720
34.174.152.29 - - [01/Jul/2023:20:51:32 -0500] "HEAD /BLA/resoluciones/RESOLUCIONES%202017/0520.pdf HTTP/1.1" 200 -
66.220.149.3 - - [01/Jul/2023:20:52:02 -0500] "GET /images/animales-silvestres-cesar.jpeg HTTP/1.1" 200 102021
69.171.231.10 - - [01/Jul/2023:20:52:04 -0500] "GET /ruta-de-la-libertad-mas-de-400-animales-silvestres-fueron-liberados-por-la-secretaria-de-ambiente-en-el-cesar.html HTTP/1.1" 200 853
172.22.2.4 - - [01/Jul/2023:20:50:31 -0500] "HEAD /BLA/boletinlegal/ HTTP/1.1" 200 -
201.245.192.253 - - [01/Jul/2023:20:52:20 -0500] "POST /kwsrmcab/Wsrmcab  HTTP/1.1" 200 213
172.22.2.4 - - [01/Jul/2023:20:51:21 -0500] "GET /BLA/boletinlegal/ HTTP/1.1" 200 57272
186.84.90.243 - - [01/Jul/2023:20:54:13 -0500] "GET /PruebasSTORM/StormSDA_pruebas/StormUser21.jarjnlp HTTP/1.1" 404 1018
186.84.90.243 - - [01/Jul/2023:20:54:13 -0500] "GET /PruebasSTORM/StormSDA_pruebas/StormUser21.jarjnlp HTTP/1.1" 404 1018
186.84.90.243 - - [01/Jul/2023:20:54:14 -0500] "GET /PruebasSTORM/StormSDA_pruebas/StormUser21.jarjnlp HTTP/1.1" 404 1018
216.245.221.92 - - [01/Jul/2023:20:54:23 -0500] "HEAD / HTTP/1.1" 200 -
173.252.111.6 - - [01/Jul/2023:20:55:04 -0500] "GET /images/Acuerdos%2001%20(1)%20(1).jpeg HTTP/1.1" 200 32884
66.249.70.196 - - [01/Jul/2023:20:56:22 -0500] "-" 408 -
201.245.192.253 - - [01/Jul/2023:20:57:19 -0500] "POST /kwsrmcab/Wsrmcab  HTTP/1.1" 200 213
172.22.2.4 - - [01/Jul/2023:20:56:21 -0500] "HEAD /BLA/boletinlegal/ HTTP/1.1" 200 -
172.22.2.4 - - [01/Jul/2023:20:57:11 -0500] "GET /BLA/boletinlegal/ HTTP/1.1" 200 59192
69.171.251.13 - - [01/Jul/2023:20:59:17 -0500] "GET /ruta-de-la-libertad-mas-de-400-animales-silvestres-fueron-liberados-por-la-secretaria-de-ambiente-en-el-cesar.html?fbclid=IwAR2uXa0Z5R4rH0Cq0P9NehF1Pm9X6W8M32y6BwpaFEyUuf7XUG2PbTZfKRk HTTP/1.1" 200 853
216.245.221.92 - - [01/Jul/2023:20:59:23 -0500] "HEAD / HTTP/1.1" 200 -
172.22.2.4 - - [01/Jul/2023:21:00:15 -0500] "GET /BLA/boletinlegal/robots.txt HTTP/1.1" 404 1038
172.22.2.4 - - [01/Jul/2023:21:00:26 -0500] "GET /BLA/boletinlegal/Directivas/2011/Directiva%20No.%206%20del%208%20de%20Septiembre%20de%202011.pdf HTTP/1.1" 304 -
172.22.2.4 - - [01/Jul/2023:21:00:16 -0500] "GET /BLA/boletinlegal/index.php HTTP/1.1" 200 61779
201.245.192.253 - - [01/Jul/2023:21:02:18 -0500] "POST /kwsrmcab/Wsrmcab  HTTP/1.1" 200 213
172.22.2.4 - - [01/Jul/2023:21:02:11 -0500] "HEAD /BLA/boletinlegal/ HTTP/1.1" 200 -
3.15.208.45 - - [01/Jul/2023:21:04:04 -0500] "GET /ai.txt?t=1688259856.489165 HTTP/1.1" 404 1018
3.15.208.45 - - [01/Jul/2023:21:04:04 -0500] "GET /.well-known/ai.txt?t=1688259856.489165 HTTP/1.1" 404 1018
216.245.221.92 - - [01/Jul/2023:21:04:23 -0500] "HEAD / HTTP/1.1" 200 -
172.22.2.4 - - [01/Jul/2023:21:03:01 -0500] "GET /BLA/boletinlegal/ HTTP/1.1" 200 57272
186.84.90.243 - - [01/Jul/2023:21:04:56 -0500] "GET /PruebasSTORM/StormSDA_pruebas/StormUser21.jarjnlp HTTP/1.1" 404 1018
186.84.90.243 - - [01/Jul/2023:21:04:56 -0500] "GET /PruebasSTORM/StormSDA_pruebas/StormUser21.jarjnlp HTTP/1.1" 404 1018
186.84.90.243 - - [01/Jul/2023:21:04:56 -0500] "GET /PruebasSTORM/StormSDA_pruebas/StormUser21.jarjnlp HTTP/1.1" 404 1018
201.245.192.253 - - [01/Jul/2023:21:07:17 -0500] "POST /kwsrmcab/Wsrmcab  HTTP/1.1" 200 213
168.119.51.200 - - [01/Jul/2023:21:07:52 -0500] "GET / HTTP/1.1" 200 319
168.119.51.200 - - [01/Jul/2023:21:07:53 -0500] "GET / HTTP/1.1" 200 4720
157.55.39.216 - - [01/Jul/2023:21:09:19 -0500] "GET /ofensiva-conta-el-trafico-de-fauna-silvestre-durante-la-semana-ambiental-en-bogota.html HTTP/1.1" 304 -
216.245.221.92 - - [01/Jul/2023:21:09:23 -0500] "HEAD / HTTP/1.1" 200 -
172.22.2.4 - - [01/Jul/2023:21:08:01 -0500] "HEAD /BLA/boletinlegal/ HTTP/1.1" 200 -
172.22.2.4 - - [01/Jul/2023:21:08:51 -0500] "GET /BLA/boletinlegal/ HTTP/1.1" 200 57272
66.249.70.196 - - [01/Jul/2023:21:12:10 -0500] "-" 408 -
201.245.192.253 - - [01/Jul/2023:21:12:16 -0500] "POST /kwsrmcab/Wsrmcab  HTTP/1.1" 200 213
66.220.149.17 - - [01/Jul/2023:21:14:17 -0500] "GET /images/negocios-verdes-mayo-2022.jpg HTTP/1.1" 200 48000
216.245.221.92 - - [01/Jul/2023:21:14:23 -0500] "HEAD / HTTP/1.1" 200 -
52.167.144.152 - - [01/Jul/2023:21:14:59 -0500] "GET /images/camino-cerros-orientales-guadalupe.jpg HTTP/1.1" 200 68101
186.102.39.163 - - [01/Jul/2023:21:15:01 -0500] "OPTIONS /kwssiamovil/sm/setfile/f? HTTP/1.1" 200 13
186.102.39.163 - - [01/Jul/2023:21:15:01 -0500] "POST /kwssiamovil/sm/setfile/f? HTTP/1.1" 200 381
186.102.39.163 - - [01/Jul/2023:21:15:04 -0500] "OPTIONS /kwssiamovil/sm/setfile/f? HTTP/1.1" 200 13
186.102.39.163 - - [01/Jul/2023:21:15:04 -0500] "POST /kwssiamovil/sm/setfile/f? HTTP/1.1" 200 381
52.167.144.39 - - [01/Jul/2023:21:15:15 -0500] "GET /BLA/resoluciones/RESOLUCIONES%202018/0345.pdf HTTP/1.1" 200 405054
172.22.2.4 - - [01/Jul/2023:21:13:51 -0500] "HEAD /BLA/boletinlegal/ HTTP/1.1" 200 -
186.102.39.163 - - [01/Jul/2023:21:15:51 -0500] "GET /kwssiamovil/sm/acme/a?s=U2FsdGVkX19q753gmlT4BvXlJFfIKwfRrTD2unAX+wOa3Voodk+1axOcaG/wSB/zy9U3OLfAw2+3RrFt5Mti8dvLr6kNufsxCSuFnrr6A158haF0szXb4kBwh8DhIQq+IqqyvfCHApqs112Ip0r6dh2Ke39gwiUmGsOxnU/TeuYHQ4PbWTn1Z7vq4iJQWkm/52JziTLZHyks73EhbnK2xouFss3ENjAnAV7h79XTwCtU10xdZlH49BWbj59EMnTyJ0qobAeUtmWWwA5Rpeh/KA==&u=U2FsdGVkX19O0861w4tbmlghFm5m0L3iT/61pAjAwvk=&y=U2FsdGVkX1+HEFtLHySyy/B5wqtPQL3Uxwwgk3HRQLM= HTTP/1.1" 200 70
172.22.2.4 - - [01/Jul/2023:21:14:41 -0500] "GET /BLA/boletinlegal/ HTTP/1.1" 200 57272
201.245.192.253 - - [01/Jul/2023:21:17:15 -0500] "POST /kwsrmcab/Wsrmcab  HTTP/1.1" 200 213
216.245.221.92 - - [01/Jul/2023:21:19:23 -0500] "HEAD / HTTP/1.1" 200 -
201.245.192.253 - - [01/Jul/2023:21:20:15 -0500] "POST /kwsrmcab/Wsrmcab HTTP/1.1" 200 42530
201.245.192.253 - - [01/Jul/2023:21:20:18 -0500] "POST /kwsrmcab/Wsrmcab HTTP/1.1" 200 43326
40.77.167.177 - - [01/Jul/2023:21:20:27 -0500] "GET /secretaria-de-ambiente-impone-medidas-preventivas-a-un-privado-que-utilizaba-un-area-protegida-para-promocionar-proyectos.html HTTP/1.1" 200 866
173.252.107.6 - - [01/Jul/2023:21:20:50 -0500] "GET /bogota-celebra-la-semana-de-los-insectos.html HTTP/1.1" 200 717
172.22.2.4 - - [01/Jul/2023:21:20:56 -0500] "GET /BLA/boletinlegal/actos.php HTTP/1.1" 200 9682
172.22.2.4 - - [01/Jul/2023:21:19:41 -0500] "HEAD /BLA/boletinlegal/ HTTP/1.1" 200 -
172.22.2.4 - - [01/Jul/2023:21:20:31 -0500] "GET /BLA/boletinlegal/ HTTP/1.1" 200 57272
201.245.192.253 - - [01/Jul/2023:21:22:14 -0500] "POST /kwsrmcab/Wsrmcab  HTTP/1.1" 200 213
66.249.70.196 - - [01/Jul/2023:21:23:55 -0500] "-" 408 -
168.119.253.69 - - [01/Jul/2023:21:24:12 -0500] "GET / HTTP/1.1" 200 319
168.119.253.69 - - [01/Jul/2023:21:24:12 -0500] "GET / HTTP/1.1" 200 4720
216.245.221.92 - - [01/Jul/2023:21:24:23 -0500] "HEAD / HTTP/1.1" 200 -
186.102.39.163 - - [01/Jul/2023:21:25:07 -0500] "GET /kwssiamovil/sm/ldap/au?x=U2FsdGVkX1+TnysO6QHzFsoa0iMNDBwYImEaZNQTQj3+wSsNAFlsXEPm0zEdiLfx&y=U2FsdGVkX18xp6grAEsm+T8dF5WagrG8CtoUizgj/CA= HTTP/1.1" 200 30
186.102.39.163 - - [01/Jul/2023:21:25:07 -0500] "GET /kwssiamovil/sm/acme/s?s=U2FsdGVkX1+8+fhgHYhlIAB5rHAOGjmt6mY8tR8wYu7wk8fW/NMBRPcnhXFV3hlnTIKM54Z20EfViWlnzUFaYAZkxDeMg74+IXHzYpQXGT0=&u=U2FsdGVkX19cL+BlxFzBZsK3Lk3YU3OPwn1gwQyaOas=&y=U2FsdGVkX18xp6grAEsm+T8dF5WagrG8CtoUizgj/CA= HTTP/1.1" 200 97
186.102.39.163 - - [01/Jul/2023:21:25:07 -0500] "GET /kwssiamovil/sm/acme/s?s=U2FsdGVkX18BT5ASWXNwrCl05cAi8Epy3wJ4s1gLwcl3h4/HDdRpop9lOJ+glirfp4m8v+BbA96MnNj39xWPpuPQN/j+0h00re/MlmRu8PvgFYMXJe59pRyH2bn/yth20Plin0Eyn0MshpOcUQvmHj6oU/xO6mowxko/6kAVtyMUd8o0B7iyKLcu+aDPiD20270cJOZ0dbp6t+zNyU60ds0bB8gN5rDuMLc3hJGEw9IVIN40zStvysbiGrohBQ3tPaxOdUmD28uebWu2MJ/8bvGJmjVT2zBo1oftgpbvlYth3wl0zOODGF3gWd3je6EIi2wlp9dfK2svXarQ8tH0iXKCbqXya/fbXdUDj+tBdy3XGdFw7Au4zGIKrK+PBuQV0jKB5+frLMRxuAgpy7pCPUNnxwxHy4EJQhIEUH9wKZbRVC1YEHDBjshWqa1/COFkFte1PaJzP9uRDuucAE+222aP9pA7iADu14Vs521tVE/9f2HZABtQ+Oha186RfeO68ZkEs9mzpxB3ECkVqOxNBEoVrPRckSqlQnkENC+HCXf1nzJHAmJbbSJBFwYN9s0uZSDFkb2JOkegkv3nXRtV4Ti5wmo0OEjx1dRUAYDIYNimcqD3lxDEIStlkb97GUjhu6/RrFRNsKlB8oIMkoejGYiTCUnw9kolNCK8a1YTqVHU6ey6LTULCzVrfsWc3iuxp6MbbejU2dtWGP2tWvZfncuwDBQDYI33hYxlUyqkpP56zYkJcaH7l2LAZTo9dpeTbrKlwpXgU9vrufbOqEbhAmBJqdCxB/68Iv6yiYlVNKJH0RbWO2ucg0e0c95GzxE+71yd0ojHS90KP0ZaR8gTDayx2eDOEmPfb6f99rFQ4e1WgoanEIiGI3Fhe4s6M1XvIZ2b4AaFTK3poUh2BsPUP4pY5/u7C9LHig3kQ9puLyImJaXNiJZ3ySHj1ftv/j+3Za2qUyjKIIdH3q7HvmODn8KOtrKYBAMWf89hY8y1leUUqB47gJZOCr/zKgqCe5oNumfJ52tBkxHFdiDPABkbnk5DgaD9r0q74guTpaVVGLTazi6RmujmMz8ahJJnrbjageRUZt57/ndLY4vOkJ8Dhym4Lez3HEC1VHPKNhYfDJafIYzGmD65AF4HHy1QptmmYJRVw6qxC2CZdHeKnquF5NGm1TEOfX1C1oL+5GLHREndOTRC9oQKidYikfxyp9gKOGuVPmfZRRVdD8JlEr94S/cAixbtFVUmajahw88SIHeph2mKgFe0Er3Pvx5yasGnrM/PPmJvd/uU+V0OIREZ5j02Z8uuRnfLsd++3ktCHQsZ3y8EwZix0vQu0akWilR49ccdMnlIJKLtr4ZsqVGHgFBMgEI/empNP9xFIC/wJCAxC22BUt316RdLyWjI/fXJGxTBp/pqbdUpcRMifN6aYCDd2BeoGrX3y5JpFR89bmYwPC5KCVj1U3xkjQeMpEScrnbMnbOe9vuTDMMGF4FvlKQlx9wyL8m+9Trl/jma2MBeN2wi5JxRpTR4ScdEmiG4RTJ+QY/B61wMQNxrFPEICBVZCKytVOFz/LrG/4ef15JjOMkFMqOnm0lt7SYjSArff4draMHElfEh02n7CuTIYBjIG2TlflNPotQ9L9t3/+eIMkLmWItP0EqOVTEgdX7ry3ZJixaHW5D2GqVf8/ajUl+kgKcLhPZGiOSt3Ctydp8MhyG+3MmmTSVRw0rbES2aPX/oyzLR5leLDTiMhd7tMum42TPvFzoHvrJN3bNLcbo=&u=U2FsdGVkX19cL+BlxFzBZsK3Lk3YU3OPwn1gwQyaOas=&y=U2FsdGVkX18xp6grAEsm+T8dF5WagrG8CtoUizgj/CA= HTTP/1.1" 200 2064
186.102.39.163 - - [01/Jul/2023:21:25:08 -0500] "GET /kwssiamovil/sm/acme/s?s=U2FsdGVkX19HSjuceVsBhNrolGcTzEJz23s+uYpWSt+b3+denGwEcwtxhU+JdOJ/eGAskgvkc0f9foKNCnIfqK+jGrdvneCb6MBRUJcfIvaAfn+iri5weeHBgDZRGu1lQvm1eNmbTqDSrp9+OCi9+e/uCxDu30eq8gHdGXOsb4WSMnE7r/aYMzC8AZmcOG1BqwungYiyaJ7PU8gb+AZUvJxlE4dkRhLZyupX6DPu4y5OmU8AxvgnYUn38YlZCe37ozVZIcXNV5AtBIb+pXt0MwVeI7wrevQTEaJAsch4DbujvVUy+FwcVQ0KzX7454ku6bBmY6YLc1BFE6wwbjqTuX2OPY8Dp3ulBpYxQiwh8uxYkxZIdlHdxGEHRkmlWYYHSIh/0AubqQC/rxcJL4hTwZMTw8YwdLqpgLqW6eICi0MlbQGw9wzNiWjOlRVkszJOyQNHEaixtjtcpiUD2D0OXSgi/FD+/QU+yXwEPXTmaXUhxWOVSLRDZHTvNtcqwUSfZY1Rm8ut1iIX06bEHjPbHBxVJ0RUHUQ+5bhoq86zpe6FHV/LG9ua4nwh7DF7UI8lm376V1OuEiXo406THCs+AlXHgbo995S6EmGI6dq7qI/idr8E0386d61KsNhlnXQviJx0Z1Uscoh5FuXoAqZQ7Zn61Z/vA4Swamzth73E95+4gvNGEmictrHpQFwtfJk0qviaIczlj0hfdE8FGF+/OjtW9GzbNBrBAak5775NyQtTc3X8j3hNhHCXPzFA00Ye&u=U2FsdGVkX19cL+BlxFzBZsK3Lk3YU3OPwn1gwQyaOas=&y=U2FsdGVkX18xp6grAEsm+T8dF5WagrG8CtoUizgj/CA= HTTP/1.1" 200 208
186.102.39.163 - - [01/Jul/2023:21:25:08 -0500] "GET /kwssiamovil/sm/cjson/pre?f=1&x=U2FsdGVkX1+TnysO6QHzFsoa0iMNDBwYImEaZNQTQj3+wSsNAFlsXEPm0zEdiLfx HTTP/1.1" 200 31032
186.102.39.163 - - [01/Jul/2023:21:25:33 -0500] "GET /kwssiamovil/sm/acme/a?s=U2FsdGVkX19VRypCSeMZZ2MnoA4SBd99+COSSXSsD/6JLydIJT8lpqqQ8jEFEx4jDoYQ6mu0kxlZPJrTuUoRlAz9UqA/Q2QyrBT/z+Vjkm/xSkm3MsETYSvEmIEAkiF/uCLu3QQ0yuQTxXzT6eF4XvG9UOZLgO+TFhNMwuheGfqH6SmmUBFNtFP2LJ8TnC5Csrsk2VJIWkjY9sWJH6g0T5RSiH/LlLYZMIp6dvFn7d3BUmOsTcfyjyvuTSMYh7C8QL7pn60TLn3pruNtKlvdzw==&u=U2FsdGVkX19cL+BlxFzBZsK3Lk3YU3OPwn1gwQyaOas=&y=U2FsdGVkX18xp6grAEsm+T8dF5WagrG8CtoUizgj/CA= HTTP/1.1" 200 26
186.102.39.163 - - [01/Jul/2023:21:25:33 -0500] "GET /kwssiamovil/sm/acme/a?s=U2FsdGVkX1816CkqEj2ZW2OXtYbkPXo1iqsRNa9jYtwedrnGIRb0NT0dndb7J9vY3OmA7MXc0TQuqrs4J4YG8OKVtPAuvhWCn3XW5nxEy2WNm2/m/pgkNt6bSDl01T0IbQWZvddev9I5dgJcmaMMxGyIsDCmQeBiu42wjRmJmKbPghNQdNllmAKbi9ouQB/p2IPccGsEOybTVyb1XpUUFVii08qAbsrJqnSSSX7noI5YyJEpWvofZrqJGOBSrOjNZ8NJah3jpDuanbV2TCgdhz8DisQYCY1jr/8EAgU8ANzYIeKNnnGqEvhWdVc9KLkUqUMUhd+HKktRO2ZJDjjwr1JIzOwP0pZwhWwszvObmOMKpXTUDnu/kf5Eg3dGuHA+Dfp2mrVZ7t3cz3Bnt6aqQ8HrXKHPBl4FkQhugZmDvg9RbFzCulyAwqM620eTko0GuTSou79O2S5TQsPvqIkcYLGhq/BoqKh+GRlOQD09GPsodSo/lyyjRxgpiB8D37DMKHwuSmb8rZJ2nwoDq4jTs7YgOyk3rx9rTgmQ8DVORt525L9K7WyxNjhBCUbii6doIGk5fn7P19hAAzIVp/PwZ/b2qdFomAa0yiUOfaRSHAUjfIFjcf/Ne5PEvfuxjc/iPrzc2au86h+9GYkJiV96YrgUIz3F3zIJSbCef1r+229QjEBiPr9jP8KaWVii9MIbOsKWLeqUHm4FGapdcIMmx4IUTiF1qQbe07rdf5cgUr0poYK1Wei+dwyB+d/hDKaZUYCO0Uxfbb6pls/2mtxZQ095oFqIv/k0UgyHgrdf2lOcXMm4rcNahO7dNPrxFgO2eevIODBt31RJOSxQHpQUj50eEmy0FeO2/YILq4wWA6jHzKLpy/CcUrw1IQ5aEtoHAIlruZrwII5Lx0qCyaklx2BZZZ96llmnboApj1ZVV/Vuaidh6v0QnMZ55CM+sqGkECrVPeO4H7AQFhAws9/mY0fA0HgE+X2/dtZfo9yitr740nuTRg8t4GmIA7kavh9qxIfkONZa+Ym0liWHlTl7gOH6z3QfzYs/NpcVVq6f5brIkM8yllHPc83sryp9jGj39OT1fg/N7ExRngsjPPd97pAF1HXltySP6ghzOu6v7DY5pxwk16TOHHmzrHRI2g9WFKdRO7GFlk3PH5BFCoRDJXGfb7Y6uXoN9vnPcRKZ5Cu3RVorUK47uZgZ3aQ+hNVLmY/Y4veEHT9NaxgvSgHXBFf0h3Gh2SoRs0oPOAXEXF9qu5Mc9nUQZGBfslgRrpU0s5z9LkGMwXSoK4IF+lKhBIfbyrYsOU2sUKTom3XPXiei1NQRHoWNik+YuZZir71BABRxGebO5xVsPytbEj0AXg1kuCUi2oXb5hC33hGcXlSEw41R7ma9sfUVoK5BXWrs3lgMMw/lcAq9yoJ+yItp2Wo29iijbOdr6uqKPO4y40XBuazSfkshGVEqiyXZaYEu1wwxt0f+aMmfjD49/iDwTc8Oa/4vYJ/q2Hx6cD7COMDhrdGz9hnx8hJmkwytZ19aBAkL4N7fwebtD1jZGJeKBsriPF3RsyAJxB9lamt21w4k+9CEf1BOCFhBkydsqxp8FwXi1L/6CRzPFWeoehdNuOJDZocLW19MQQ3iWwkvvGPXf1hY9XWq9lOLs5gMimh5lUREA8E9p4Di643mSVBTiiMrA79Et/ivZR7zokRPMCDYRZ6sMZ+2GAyGSqWNU5cI4AgtXEKiJLNPkDn0JNUTuZA2+k7MzL1WPC6FnECDngkBA+w4Tb6Uwon6cmXx3i0y/VMnaX1WJAuVaKtudHXhjfebZyHcZwgfX9ZD1fHcN3/+Kw0i670rrYgWyVV12HED3DvCV829W2NlTnCFXNSHN1Y/yc2ncW3WIg7+hOVoF9J1WIObmdXSErG+nx3s4iaC8+WZj9iCN+49FPceOJWfMoYmX95v7xVfnGixjJ9sZpy/6SwYMcOCjvtYdnTcrYuABeObOOQ/UwM+98Q1vmDDvG513yTP4PrHIxcFAyD+o++p00NoeF4TsmR0UU617PDPvvAKQr0G+HxG6w5nAxbiSnShiH3GAOp79B7NiSRf2zgsu3Ds/oOugGqr/9m2qAWNwCx+3MfZqsxbQ/yDtLb+Ps3GmrkxjQ3zKaxR90Vp2Bjk/I9hcwKw0HTV03mv4HoPQtMEnxyFkPLRi5NnNxTjYdkpFD3L8JPtiegAbcnKarJ/E5vLWk58rJr7W3bAvT7PFQVlyCjtmCgoYWdNxYLTZh6/oW/6Lq7aVvUwJ0OjU6/olPKIy0TYMiGqRbG2ckx12L/tNPk5gVchjF4RGA8iRg==&u=U2FsdGVkX19cL+BlxFzBZsK3Lk3YU3OPwn1gwQyaOas=&y=U2FsdGVkX18xp6grAEsm+T8dF5WagrG8CtoUizgj/CA= HTTP/1.1" 200 26
186.102.39.163 - - [01/Jul/2023:21:25:33 -0500] "GET /kwssiamovil/sm/acme/a?s=U2FsdGVkX19wJJl2j1HRPWcTh37w+woQ7kgjAacWSv0gwkEKBYFD4uhG+FIObmTcxIYONXozJKjAdaFj0eI8sjZ+7bJGd7841szNvoDAUvbDBS3hrfoi/HpsxszsahnBXDEAJ0Kz8Eeryt4sZWAsbq708ubGvFQHWXZUpKBaSok=&u=U2FsdGVkX19cL+BlxFzBZsK3Lk3YU3OPwn1gwQyaOas=&y=U2FsdGVkX18xp6grAEsm+T8dF5WagrG8CtoUizgj/CA= HTTP/1.1" 200 26
186.102.39.163 - - [01/Jul/2023:21:25:34 -0500] "GET /kwssiamovil/sm/acme/a?s=U2FsdGVkX19OqMTun0TLaaV7/PnysCyn7g2DDalYPe7+EZwsmiftcePkykC8hy8oP5XWoW7lbEKdOgnUznJgKuQx7anzLAYLlna9Sw6E17GexYak0lHsgFoDY2gXZSKjV4qdW+sGDUO3BZRfwqhOxlQZaA+3GoUJdcezJbAAVbw=&u=U2FsdGVkX19cL+BlxFzBZsK3Lk3YU3OPwn1gwQyaOas=&y=U2FsdGVkX18xp6grAEsm+T8dF5WagrG8CtoUizgj/CA= HTTP/1.1" 200 26
186.102.39.163 - - [01/Jul/2023:21:25:34 -0500] "GET /kwssiamovil/sm/acme/a?s=U2FsdGVkX197+1bwnVJfi7Va0qOffleZACfLYvdSHONJrhH3+R9IJsm3U0Hmptqva2OZTRpFoLgE1r5CIyj03WBg67RRi9/tT5lyxlrQxf325KdAP+/sccuNFkK/Cug9JgYUAe7SUO/vDjlICFky/dc5HLxs8ekm/ZY9LR3hJ/E=&u=U2FsdGVkX19cL+BlxFzBZsK3Lk3YU3OPwn1gwQyaOas=&y=U2FsdGVkX18xp6grAEsm+T8dF5WagrG8CtoUizgj/CA= HTTP/1.1" 200 26
186.102.39.163 - - [01/Jul/2023:21:25:34 -0500] "GET /kwssiamovil/sm/acme/a?s=U2FsdGVkX19rM3Hrf0Weej72PkhB5pSjW7sgskdKp0Mhp7CxJ3QmYFg8AGNGGeBx9zY8ALK9O9t4/5oowM1FkRkGySie8VpD4FoQP6ZdBdioFS/Rvj0C4aCDpcS1R3J8/eMIOfqaxER0dkoR8i1eSazkZSDNnS9oVHz1BoNm3hzOtN1hxx1eWfdyI8Oifohj&u=U2FsdGVkX19cL+BlxFzBZsK3Lk3YU3OPwn1gwQyaOas=&y=U2FsdGVkX18xp6grAEsm+T8dF5WagrG8CtoUizgj/CA= HTTP/1.1" 200 26
186.102.39.163 - - [01/Jul/2023:21:25:34 -0500] "GET /kwssiamovil/sm/acme/a?s=U2FsdGVkX1/LwuGCc9MRjcYoTV9abriZ3r7p/foHdbI3fUMnFei1qehNd34GJYiuzjw4AaacAYkGc1aPoOhTxb9NWI7oYm4fM8Kd5LFxP0l7kzIeL5jcbpBsoLHwG2BpgF5Jk/QGxP1jl+wd3D+zPAOLS0A0kHGsTcNbjYUQ0hSYVcJn8pfc6FiGPS7A8u3KO/O045gpC5vjWAi86VU8Lg==&u=U2FsdGVkX19cL+BlxFzBZsK3Lk3YU3OPwn1gwQyaOas=&y=U2FsdGVkX18xp6grAEsm+T8dF5WagrG8CtoUizgj/CA= HTTP/1.1" 200 26
186.102.39.163 - - [01/Jul/2023:21:25:34 -0500] "GET /kwssiamovil/sm/acme/a?s=U2FsdGVkX18EVzr/gMRr/t9Na4NI8iNmsP9YrlxT9qrOJ9RSyOjFvOxL7aZVwvCKllXcss2rskyChDWoqQgNynhrWxcSy5TawXveBjuoPPKAS4wCC2/s6IP4zZQUJ/d+k7v8oscGJuMqJvZheMjCBM1TdEDSDfn0NGXaT2IP8esDRVXOJ9oVFWQA8oLqxPGPcwSrXsIsjhN75zN+1VtLvcII7CujSj7VuK0Qp3O2LepMaCEkg58IUFHhDuFmEM3sndPrN7iScMQSBlJP94W2TtNCkn9f+VDaONqBO19FG1cWC+ffYLJAaNsUfFP7UAXj5oa0xbn9cl3FwVyJ1QDi16EO8j7MC/M8T+CO4u82qzDzEda3P1r3wF7S8fb4kN3sOvWsa+x+L6qH3usU/kY0BVDcHqUrBLRoee6vkTMF833K7XS/Ep4cTlrUNdrthTIv&u=U2FsdGVkX19cL+BlxFzBZsK3Lk3YU3OPwn1gwQyaOas=&y=U2FsdGVkX18xp6grAEsm+T8dF5WagrG8CtoUizgj/CA= HTTP/1.1" 200 25
186.102.39.163 - - [01/Jul/2023:21:25:35 -0500] "GET /kwssiamovil/sm/acme/a?s=U2FsdGVkX1/o9pHhNKvYVv4295BeXVoQng7ik4GA3XxNo7BEQw067INvbHtD8s2Czn3bjYUbF+oKOO4njWPeHQLCQ/Er2fpauJJgXrUq2XcaVI5elgnPBFOydQ0+Fb9jHCCRxafm3gslUzQhjsl+lDL1Nn7x1dM0hYruZ16FliDzLoSKwJiQdwp/7wNowqeM&u=U2FsdGVkX19cL+BlxFzBZsK3Lk3YU3OPwn1gwQyaOas=&y=U2FsdGVkX18xp6grAEsm+T8dF5WagrG8CtoUizgj/CA= HTTP/1.1" 200 26
186.102.39.163 - - [01/Jul/2023:21:25:35 -0500] "GET /kwssiamovil/sm/acme/a?s=U2FsdGVkX18bSw/J6pK/UrS5ZNiJTi1PvxYQjTx0GweCzIr2/hUuQ24ZBEI7AVzq65/80NoRsfr6hpywOyK8QdhwUhYfp0gx1po2oxMYykprpkag/Hw5A6n636ga/iKqJ8V5FT0eGy1ITaihOrg9zMCgx9XV3kj0iWJE+WYtgejEtm5FclwV7880Wu/Yx1FAEqJ2wSsBlUFMDNjdDY0KmmbO/HUvXPYV4ePNDlwdqoOKepK/6jDVt95sqRkCFpifhbfy0hJ/8Cq5vybVEmWmuCCmsP4XysXhDHUvff2Qtgnob8QgOfZytmnDgG3yC7ZNQtT0Fk+K9adzPy91Bl+QCfShu/PxaykW1E28FxKhc9UrcK6jd+GuJlGj1zIVUwnh2WJxB1Yxs3FCAr1gujGSEg==&u=U2FsdGVkX19cL+BlxFzBZsK3Lk3YU3OPwn1gwQyaOas=&y=U2FsdGVkX18xp6grAEsm+T8dF5WagrG8CtoUizgj/CA= HTTP/1.1" 200 25
172.22.2.4 - - [01/Jul/2023:21:25:31 -0500] "HEAD /BLA/boletinlegal/ HTTP/1.1" 200 -
201.245.192.253 - - [01/Jul/2023:21:27:13 -0500] "POST /kwsrmcab/Wsrmcab  HTTP/1.1" 200 213
172.22.2.4 - - [01/Jul/2023:21:26:21 -0500] "GET /BLA/boletinlegal/ HTTP/1.1" 200 57272
216.245.221.92 - - [01/Jul/2023:21:29:23 -0500] "HEAD / HTTP/1.1" 200 -
201.245.192.253 - - [01/Jul/2023:21:30:15 -0500] "POST /kwsrmcab/Wsrmcab HTTP/1.1" 200 42530
201.245.192.253 - - [01/Jul/2023:21:30:18 -0500] "POST /kwsrmcab/Wsrmcab HTTP/1.1" 200 43326
201.245.192.253 - - [01/Jul/2023:21:32:12 -0500] "POST /kwsrmcab/Wsrmcab  HTTP/1.1" 200 213
172.22.2.4 - - [01/Jul/2023:21:31:21 -0500] "HEAD /BLA/boletinlegal/ HTTP/1.1" 200 -
190.60.254.233 - - [01/Jul/2023:21:33:50 -0500] "GET /sipse/faces/javax.faces.resource/images/ui-bg_flat_0_2d5972_40x100.png?ln=primefaces-aristo HTTP/1.1" 304 -
190.60.254.233 - - [01/Jul/2023:21:33:50 -0500] "POST /sipse/faces/presentacion/financiero/solicitudProceso/consultarSolicitudProceso.xhtml HTTP/1.1" 200 64691
172.22.2.4 - - [01/Jul/2023:21:32:12 -0500] "GET /BLA/boletinlegal/ HTTP/1.1" 200 54079
190.60.254.233 - - [01/Jul/2023:21:34:05 -0500] "GET /sipse/faces/javax.faces.resource/theme.css?ln=primefaces-sipse HTTP/1.1" 304 -
190.60.254.233 - - [01/Jul/2023:21:34:05 -0500] "GET /sipse/faces/javax.faces.resource/jquery/jquery.js?ln=primefaces&v=4.0 HTTP/1.1" 304 -
190.60.254.233 - - [01/Jul/2023:21:34:05 -0500] "GET /sipse/faces/javax.faces.resource/jquery/jquery-plugins.js?ln=primefaces&v=4.0 HTTP/1.1" 304 -
190.60.254.233 - - [01/Jul/2023:21:34:07 -0500] "GET /sipse/faces/javax.faces.resource/primefaces.js?ln=primefaces&v=4.0 HTTP/1.1" 304 -
190.60.254.233 - - [01/Jul/2023:21:34:07 -0500] "GET /sipse/faces/javax.faces.resource/layout/layout.js?ln=primefaces&v=4.0 HTTP/1.1" 304 -
190.60.254.233 - - [01/Jul/2023:21:34:08 -0500] "GET /sipse/faces/javax.faces.resource/primefaces.css?ln=primefaces&v=4.0 HTTP/1.1" 304 -
190.60.254.233 - - [01/Jul/2023:21:34:08 -0500] "GET /sipse/faces/javax.faces.resource/layout/layout.css?ln=primefaces&v=4.0 HTTP/1.1" 304 -
190.60.254.233 - - [01/Jul/2023:21:34:07 -0500] "POST /sipse/faces/presentacion/financiero/solicitudProceso/listarSolicitudProceso.xhtml HTTP/1.1" 200 58089
216.245.221.92 - - [01/Jul/2023:21:34:23 -0500] "HEAD / HTTP/1.1" 200 -
122.161.95.207 - - [01/Jul/2023:21:34:29 -0500] "GET /oauth/idp/logout?post_logout_redirect_uri=%0d%0a%0d%0a<script>alert(document.domain)</script> HTTP/1.1" 404 1049
190.60.254.233 - - [01/Jul/2023:21:34:30 -0500] "GET /sipse/faces/index.xhtml HTTP/1.1" 200 677
190.60.254.233 - - [01/Jul/2023:21:34:33 -0500] "GET /sipse/faces/javax.faces.resource/theme.css?ln=primefaces-sipse HTTP/1.1" 304 -
190.60.254.233 - - [01/Jul/2023:21:34:34 -0500] "GET /sipse/faces/faces/autenticacion.xhtml HTTP/1.1" 200 12187
190.60.254.233 - - [01/Jul/2023:21:34:34 -0500] "GET /sipse/faces/javax.faces.resource/theme.css?ln=primefaces-sipse HTTP/1.1" 304 -
190.60.254.233 - - [01/Jul/2023:21:34:34 -0500] "GET /sipse/faces/javax.faces.resource/primefaces.css?ln=primefaces&v=4.0 HTTP/1.1" 304 -
190.60.254.233 - - [01/Jul/2023:21:34:34 -0500] "GET /sipse/faces/javax.faces.resource/layout/layout.css?ln=primefaces&v=4.0 HTTP/1.1" 304 -
190.60.254.233 - - [01/Jul/2023:21:34:34 -0500] "GET /sipse/css/custom_css_sg_prime_login.css HTTP/1.1" 304 -
190.60.254.233 - - [01/Jul/2023:21:34:34 -0500] "GET /sipse/faces/javax.faces.resource/jquery/jquery.js?ln=primefaces&v=4.0 HTTP/1.1" 304 -
190.60.254.233 - - [01/Jul/2023:21:34:34 -0500] "GET /sipse/faces/javax.faces.resource/jquery/jquery-plugins.js?ln=primefaces&v=4.0 HTTP/1.1" 304 -
190.60.254.233 - - [01/Jul/2023:21:34:34 -0500] "GET /sipse/faces/javax.faces.resource/primefaces.js?ln=primefaces&v=4.0 HTTP/1.1" 304 -
190.60.254.233 - - [01/Jul/2023:21:34:34 -0500] "GET /sipse/faces/javax.faces.resource/layout/layout.js?ln=primefaces&v=4.0 HTTP/1.1" 304 -
190.60.254.233 - - [01/Jul/2023:21:34:34 -0500] "GET /sipse/css/imagen/logoSDG.png HTTP/1.1" 304 -
190.60.254.233 - - [01/Jul/2023:21:34:34 -0500] "GET /sipse/css/imagen/loginimg.png HTTP/1.1" 304 -
190.60.254.233 - - [01/Jul/2023:21:34:34 -0500] "GET /sipse/faces/javax.faces.resource/images/ui-icons_898989_256x240.png?ln=primefaces-aristo HTTP/1.1" 304 -
190.60.254.233 - - [01/Jul/2023:21:34:42 -0500] "POST /sipse/faces/autenticacion.xhtml HTTP/1.1" 200 2224
190.60.254.233 - - [01/Jul/2023:21:34:42 -0500] "GET /sipse/faces/javax.faces.resource/messages/messages.png?ln=primefaces&v=4.0 HTTP/1.1" 304 -
190.60.254.233 - - [01/Jul/2023:21:34:44 -0500] "POST /sipse/faces/autenticacion.xhtml HTTP/1.1" 200 16360
190.60.254.233 - - [01/Jul/2023:21:34:44 -0500] "GET /sipse/faces/javax.faces.resource/theme.css?ln=primefaces-sipse HTTP/1.1" 304 -
190.60.254.233 - - [01/Jul/2023:21:34:44 -0500] "GET /sipse/faces/javax.faces.resource/primefaces.css?ln=primefaces&v=4.0 HTTP/1.1" 304 -
190.60.254.233 - - [01/Jul/2023:21:34:44 -0500] "GET /sipse/faces/javax.faces.resource/layout/layout.css?ln=primefaces&v=4.0 HTTP/1.1" 304 -
190.60.254.233 - - [01/Jul/2023:21:34:44 -0500] "GET /sipse/faces/javax.faces.resource/jquery/jquery.js?ln=primefaces&v=4.0 HTTP/1.1" 304 -
190.60.254.233 - - [01/Jul/2023:21:34:44 -0500] "GET /sipse/faces/javax.faces.resource/jquery/jquery-plugins.js?ln=primefaces&v=4.0 HTTP/1.1" 304 -
190.60.254.233 - - [01/Jul/2023:21:34:44 -0500] "GET /sipse/faces/javax.faces.resource/primefaces.js?ln=primefaces&v=4.0 HTTP/1.1" 304 -
190.60.254.233 - - [01/Jul/2023:21:34:45 -0500] "GET /sipse/faces/javax.faces.resource/layout/layout.js?ln=primefaces&v=4.0 HTTP/1.1" 304 -
190.60.254.233 - - [01/Jul/2023:21:34:45 -0500] "GET /sipse/css/v_mergente.css HTTP/1.1" 304 -
190.60.254.233 - - [01/Jul/2023:21:34:45 -0500] "GET /sipse/imagenes/logoAplicacion.jpg HTTP/1.1" 304 -
190.60.254.233 - - [01/Jul/2023:21:34:45 -0500] "GET /sipse/imagenes/cargando.gif HTTP/1.1" 304 -
190.60.254.233 - - [01/Jul/2023:21:34:45 -0500] "GET /sipse/css/imagen/contrasena.png HTTP/1.1" 404 383
190.60.254.233 - - [01/Jul/2023:21:34:46 -0500] "GET /sipse/faces/javax.faces.resource/images/ui-bg_flat_0_2d5972_40x100.png?ln=primefaces-aristo HTTP/1.1" 304 -
190.60.254.233 - - [01/Jul/2023:21:34:46 -0500] "POST /sipse/faces/bienvenido.xhtml HTTP/1.1" 200 2658
190.60.254.233 - - [01/Jul/2023:21:34:48 -0500] "POST /sipse/faces/bienvenido.xhtml HTTP/1.1" 200 64691
190.60.254.233 - - [01/Jul/2023:21:34:49 -0500] "GET /sipse/faces/javax.faces.resource/theme.css?ln=primefaces-sipse HTTP/1.1" 304 -
190.60.254.233 - - [01/Jul/2023:21:34:49 -0500] "GET /sipse/faces/javax.faces.resource/primefaces.css?ln=primefaces&v=4.0 HTTP/1.1" 304 -
190.60.254.233 - - [01/Jul/2023:21:34:49 -0500] "GET /sipse/faces/javax.faces.resource/layout/layout.css?ln=primefaces&v=4.0 HTTP/1.1" 304 -
190.60.254.233 - - [01/Jul/2023:21:34:49 -0500] "GET /sipse/faces/javax.faces.resource/jquery/jquery.js?ln=primefaces&v=4.0 HTTP/1.1" 304 -
190.60.254.233 - - [01/Jul/2023:21:34:49 -0500] "GET /sipse/faces/javax.faces.resource/jquery/jquery-plugins.js?ln=primefaces&v=4.0 HTTP/1.1" 304 -
190.60.254.233 - - [01/Jul/2023:21:34:49 -0500] "GET /sipse/faces/javax.faces.resource/primefaces.js?ln=primefaces&v=4.0 HTTP/1.1" 304 -
190.60.254.233 - - [01/Jul/2023:21:34:49 -0500] "GET /sipse/faces/javax.faces.resource/layout/layout.js?ln=primefaces&v=4.0 HTTP/1.1" 304 -
190.60.254.233 - - [01/Jul/2023:21:34:50 -0500] "POST /sipse/faces/presentacion/financiero/solicitudProceso/listarSolicitudProceso.xhtml HTTP/1.1" 200 1556
190.60.254.233 - - [01/Jul/2023:21:34:53 -0500] "POST /sipse/faces/presentacion/financiero/solicitudProceso/listarSolicitudProceso.xhtml HTTP/1.1" 200 26138
172.22.2.4 - - [01/Jul/2023:21:33:20 -0500] "GET /BLA/boletinlegal/ HTTP/1.1" 200 59192
190.60.254.233 - - [01/Jul/2023:21:35:02 -0500] "POST /sipse/faces/presentacion/financiero/solicitudProceso/listarSolicitudProceso.xhtml HTTP/1.1" 200 148509
190.60.254.233 - - [01/Jul/2023:21:35:04 -0500] "GET /sipse/faces/javax.faces.resource/theme.css?ln=primefaces-sipse HTTP/1.1" 304 -
190.60.254.233 - - [01/Jul/2023:21:35:04 -0500] "GET /sipse/faces/javax.faces.resource/primefaces.css?ln=primefaces&v=4.0 HTTP/1.1" 304 -
190.60.254.233 - - [01/Jul/2023:21:35:04 -0500] "GET /sipse/faces/javax.faces.resource/layout/layout.css?ln=primefaces&v=4.0 HTTP/1.1" 304 -
190.60.254.233 - - [01/Jul/2023:21:35:04 -0500] "GET /sipse/faces/javax.faces.resource/jquery/jquery.js?ln=primefaces&v=4.0 HTTP/1.1" 304 -
190.60.254.233 - - [01/Jul/2023:21:35:04 -0500] "GET /sipse/faces/javax.faces.resource/jquery/jquery-plugins.js?ln=primefaces&v=4.0 HTTP/1.1" 304 -
190.60.254.233 - - [01/Jul/2023:21:35:04 -0500] "GET /sipse/faces/javax.faces.resource/primefaces.js?ln=primefaces&v=4.0 HTTP/1.1" 304 -
190.60.254.233 - - [01/Jul/2023:21:35:04 -0500] "GET /sipse/faces/javax.faces.resource/layout/layout.js?ln=primefaces&v=4.0 HTTP/1.1" 304 -
190.60.254.233 - - [01/Jul/2023:21:35:20 -0500] "POST /sipse/faces/presentacion/financiero/solicitudProceso/consultarSolicitudProceso.xhtml HTTP/1.1" 200 148328
201.245.192.253 - - [01/Jul/2023:21:37:11 -0500] "POST /kwsrmcab/Wsrmcab  HTTP/1.1" 200 213
172.22.2.4 - - [01/Jul/2023:21:37:16 -0500] "GET /BLA/boletinlegal/Circulares/2019/.pdf HTTP/1.1" 404 1218
172.22.2.4 - - [01/Jul/2023:21:37:24 -0500] "GET /BLA/boletinlegal/Circulares/2012/Circular%20No.%2010%20del%2026%20de%20Enero%20de%202012.pdf HTTP/1.1" 404 1218
172.22.2.4 - - [01/Jul/2023:21:38:10 -0500] "GET /BLA/boletinlegal/favicon.ico HTTP/1.1" 404 1018
172.22.2.4 - - [01/Jul/2023:21:37:55 -0500] "GET /BLA/boletinlegal/ HTTP/1.1" 200 20427
173.252.107.117 - - [01/Jul/2023:21:38:33 -0500] "GET /aprende-a-conocer-el-boletin-legal-ambiental.html HTTP/1.1" 200 892
173.252.107.9 - - [01/Jul/2023:21:38:33 -0500] "GET /la-forma-en-la-que-estamos-definiendo-la-estructura-ecologica-principal-esta-pensada-para-enfrentar-la-emergencia-climatica-secretaria-de-ambiente-carolina-urrutia.html HTTP/1.1" 200 1164
173.252.107.8 - - [01/Jul/2023:21:38:33 -0500] "GET /aprende-a-conocer-el-boletin-legal-ambiental.html HTTP/1.1" 200 892
173.252.127.2 - - [01/Jul/2023:21:38:35 -0500] "GET /images/Cabildo1.jpeg HTTP/1.1" 200 32341
69.171.249.4 - - [01/Jul/2023:21:38:35 -0500] "GET /images/pieza-grafica-noviembre-17.jpg HTTP/1.1" 200 48558
172.22.2.4 - - [01/Jul/2023:21:37:11 -0500] "HEAD /BLA/boletinlegal/ HTTP/1.1" 200 -
172.22.2.4 - - [01/Jul/2023:21:37:55 -0500] "GET /BLA/boletinlegal/ HTTP/1.1" 200 32715
216.245.221.92 - - [01/Jul/2023:21:39:23 -0500] "HEAD / HTTP/1.1" 200 -
172.22.2.4 - - [01/Jul/2023:21:38:01 -0500] "GET /BLA/boletinlegal/ HTTP/1.1" 200 54079
172.22.2.4 - - [01/Jul/2023:21:39:58 -0500] "GET /BLA/boletinlegal/actuator/health HTTP/1.1" 404 1018
190.60.254.233 - - [01/Jul/2023:21:39:59 -0500] "POST /sipse/faces/presentacion/financiero/solicitudProceso/consultarSolicitudProceso.xhtml HTTP/1.1" 200 911
201.245.192.253 - - [01/Jul/2023:21:40:14 -0500] "POST /kwsrmcab/Wsrmcab HTTP/1.1" 200 42530
201.245.192.253 - - [01/Jul/2023:21:40:17 -0500] "POST /kwsrmcab/Wsrmcab HTTP/1.1" 200 43326
172.22.2.4 - - [01/Jul/2023:21:40:30 -0500] "GET /BLA/boletinlegal/jurisprudencia.php HTTP/1.1" 200 17583
201.245.192.253 - - [01/Jul/2023:21:42:10 -0500] "POST /kwsrmcab/Wsrmcab  HTTP/1.1" 200 213
216.245.221.92 - - [01/Jul/2023:21:44:23 -0500] "HEAD / HTTP/1.1" 200 -
172.22.2.4 - - [01/Jul/2023:21:43:01 -0500] "HEAD /BLA/boletinlegal/ HTTP/1.1" 200 -
172.22.2.4 - - [01/Jul/2023:21:43:51 -0500] "GET /BLA/boletinlegal/ HTTP/1.1" 200 58825
201.245.192.253 - - [01/Jul/2023:21:47:09 -0500] "POST /kwsrmcab/Wsrmcab  HTTP/1.1" 200 213
172.105.128.13 - - [01/Jul/2023:21:47:31 -0500] "\x16\x03\x01" 400 226
69.63.189.7 - - [01/Jul/2023:21:47:56 -0500] "GET /images/aire-bogota.jpeg HTTP/1.1" 200 169194
69.63.189.4 - - [01/Jul/2023:21:47:56 -0500] "GET /images/serpiente-sabanera.jpeg HTTP/1.1" 200 167272
69.63.189.7 - - [01/Jul/2023:21:47:56 -0500] "GET /images/camara-trampa.jpeg HTTP/1.1" 200 77809
69.63.189.6 - - [01/Jul/2023:21:47:56 -0500] "GET /images/stand-secretaria-ambiente-fima.jpg HTTP/1.1" 200 42537
69.63.189.5 - - [01/Jul/2023:21:48:12 -0500] "GET /images/manos-reparadoras-plaza-americas-1.jpg HTTP/1.1" 200 47593
69.63.189.117 - - [01/Jul/2023:21:48:12 -0500] "GET /images/liberacion-animales-silvestres.jpg HTTP/1.1" 200 57397
216.245.221.92 - - [01/Jul/2023:21:49:23 -0500] "HEAD / HTTP/1.1" 200 -
172.22.2.4 - - [01/Jul/2023:21:50:20 -0500] "GET /BLA/boletinlegal/Circulares/2018/Circular%20No.%2010%20del%2021%20de%20Septiembre%20de%202018.pdf HTTP/1.1" 200 163426
172.22.2.4 - - [01/Jul/2023:21:48:51 -0500] "HEAD /BLA/boletinlegal/ HTTP/1.1" 200 -
20.15.133.162 - - [01/Jul/2023:21:51:14 -0500] "-" 408 -
172.22.2.4 - - [01/Jul/2023:21:49:41 -0500] "GET /BLA/boletinlegal/ HTTP/1.1" 200 55739
201.245.192.253 - - [01/Jul/2023:21:52:07 -0500] "POST /kwsrmcab/Wsrmcab  HTTP/1.1" 200 213
216.245.221.92 - - [01/Jul/2023:21:54:23 -0500] "HEAD / HTTP/1.1" 200 -
172.22.2.4 - - [01/Jul/2023:21:55:40 -0500] "GET /BLA/boletinlegal/.git/config HTTP/1.1" 404 1018
172.22.2.4 - - [01/Jul/2023:21:56:02 -0500] "GET /BLA/boletinlegal/jurisprudencia/analisis/AnalisisT-606-15.docx HTTP/1.1" 200 26698
172.22.2.4 - - [01/Jul/2023:21:56:03 -0500] "GET /BLA/boletinlegal/apple-touch-icon-120x120-precomposed.png HTTP/1.1" 404 1140
172.22.2.4 - - [01/Jul/2023:21:56:03 -0500] "GET /BLA/boletinlegal/apple-touch-icon-120x120.png HTTP/1.1" 404 1140
172.22.2.4 - - [01/Jul/2023:21:56:03 -0500] "GET /BLA/boletinlegal/apple-touch-icon-precomposed.png HTTP/1.1" 404 1140
172.22.2.4 - - [01/Jul/2023:21:56:03 -0500] "GET /BLA/boletinlegal/apple-touch-icon.png HTTP/1.1" 404 1140
172.22.2.4 - - [01/Jul/2023:21:56:03 -0500] "GET /BLA/boletinlegal/favicon.ico HTTP/1.1" 404 1140
172.22.2.4 - - [01/Jul/2023:21:56:03 -0500] "GET /BLA/boletinlegal/apple-touch-icon-120x120-precomposed.png HTTP/1.1" 404 1140
172.22.2.4 - - [01/Jul/2023:21:56:03 -0500] "GET /BLA/boletinlegal/apple-touch-icon-120x120.png HTTP/1.1" 404 1140
172.22.2.4 - - [01/Jul/2023:21:56:03 -0500] "GET /BLA/boletinlegal/apple-touch-icon-precomposed.png HTTP/1.1" 404 1140
172.22.2.4 - - [01/Jul/2023:21:56:03 -0500] "GET /BLA/boletinlegal/apple-touch-icon.png HTTP/1.1" 404 1140
172.22.2.4 - - [01/Jul/2023:21:56:03 -0500] "GET /BLA/boletinlegal/favicon.ico HTTP/1.1" 404 1140
