161.18.141.162 - - [03/Jul/2023:19:30:08 -0500] "GET /sipse/faces/javax.faces.resource/jquery/jquery.js?ln=primefaces&v=4.0 HTTP/1.1" 304 -
161.18.141.162 - - [03/Jul/2023:19:30:08 -0500] "GET /sipse/faces/javax.faces.resource/jquery/jquery-plugins.js?ln=primefaces&v=4.0 HTTP/1.1" 304 -
161.18.141.162 - - [03/Jul/2023:19:30:08 -0500] "GET /sipse/faces/javax.faces.resource/primefaces.js?ln=primefaces&v=4.0 HTTP/1.1" 304 -
161.18.141.162 - - [03/Jul/2023:19:30:08 -0500] "GET /sipse/faces/javax.faces.resource/layout/layout.js?ln=primefaces&v=4.0 HTTP/1.1" 304 -
161.18.141.162 - - [03/Jul/2023:19:30:08 -0500] "GET /sipse/css/v_mergente.css HTTP/1.1" 200 1505
161.18.141.162 - - [03/Jul/2023:19:30:08 -0500] "GET /sipse/css/imagen/contrasena.png HTTP/1.1" 404 383
201.245.192.253 - - [03/Jul/2023:19:30:06 -0500] "POST /kwsrmcab/Wsrmcab HTTP/1.1" 200 43198
161.18.141.162 - - [03/Jul/2023:19:30:08 -0500] "GET /sipse/imagenes/cargando.gif HTTP/1.1" 200 36959
161.18.141.162 - - [03/Jul/2023:19:30:08 -0500] "GET /sipse/imagenes/logoAplicacion.jpg HTTP/1.1" 200 155084
201.245.192.253 - - [03/Jul/2023:19:30:09 -0500] "POST /kwsrmcab/Wsrmcab HTTP/1.1" 200 40199
172.22.2.4 - - [03/Jul/2023:19:28:35 -0500] "GET /BLA/boletinlegal/index.php HTTP/1.1" 200 61779
173.252.107.120 - - [03/Jul/2023:19:31:16 -0500] "GET /inscribete-y-participa-en-las-caminatas-ecologicas-de-marzo.html HTTP/1.1" 200 924
173.252.107.3 - - [03/Jul/2023:19:31:16 -0500] "GET /inscribete-y-participa-en-las-caminatas-ecologicas-de-marzo.html HTTP/1.1" 200 924
173.252.95.5 - - [03/Jul/2023:19:31:18 -0500] "GET /images/caminatas-ecol\xc3\xb3gicas-marzo---1920x1080_optimized.jpg HTTP/1.1" 404 1034
201.245.192.253 - - [03/Jul/2023:19:31:39 -0500] "POST /kwsrmcab/Wsrmcab  HTTP/1.1" 200 213
172.22.2.4 - - [03/Jul/2023:19:30:29 -0500] "HEAD /BLA/boletinlegal/ HTTP/1.1" 200 -
52.167.144.88 - - [03/Jul/2023:19:32:16 -0500] "GET /images/cronica-amanda-rodriguez-30-abril.jpg HTTP/1.1" 200 26304
52.167.144.38 - - [03/Jul/2023:19:32:34 -0500] "GET /BLA/resoluciones/RESOLUCIONES%202014/0053.pdf HTTP/1.1" 200 753736
172.22.2.4 - - [03/Jul/2023:19:31:20 -0500] "GET /BLA/boletinlegal/ HTTP/1.1" 200 56816
66.249.75.110 - - [03/Jul/2023:19:33:05 -0500] "-" 408 -
216.245.221.92 - - [03/Jul/2023:19:34:16 -0500] "HEAD / HTTP/1.1" 200 -
172.22.2.4 - - [03/Jul/2023:19:35:12 -0500] "POST /BLA/boletinlegal/admin/actos/ingresar.php HTTP/1.1" 200 7302
172.22.2.4 - - [03/Jul/2023:19:35:26 -0500] "GET /BLA/boletinlegal/consulta_actos.php?tipo=resoluciones&no=0625&usuario=&sector=&fecha=2023&resuelve= HTTP/1.1" 200 1125
172.22.2.4 - - [03/Jul/2023:19:33:54 -0500] "GET /BLA/boletinlegal/ HTTP/1.1" 200 57272
201.245.192.253 - - [03/Jul/2023:19:36:38 -0500] "POST /kwsrmcab/Wsrmcab  HTTP/1.1" 200 213
64.124.8.162 - - [03/Jul/2023:19:37:04 -0500] "GET /Isolucionsda/PaginaLogin.aspx HTTP/1.1" 404 1018
172.22.2.4 - - [03/Jul/2023:19:36:19 -0500] "HEAD /BLA/boletinlegal/ HTTP/1.1" 200 -
172.22.2.4 - - [03/Jul/2023:19:38:17 -0500] "GET /BLA/boletinlegal/Circulares/2019/.pdf HTTP/1.1" 404 1218
172.22.2.4 - - [03/Jul/2023:19:37:10 -0500] "GET /BLA/boletinlegal/ HTTP/1.1" 200 58474
216.245.221.92 - - [03/Jul/2023:19:39:16 -0500] "HEAD / HTTP/1.1" 200 -
201.245.192.253 - - [03/Jul/2023:19:40:05 -0500] "POST /kwsrmcab/Wsrmcab HTTP/1.1" 200 43198
201.245.192.253 - - [03/Jul/2023:19:40:08 -0500] "POST /kwsrmcab/Wsrmcab HTTP/1.1" 200 40199
166.0.218.40 - - [03/Jul/2023:19:41:23 -0500] "GET / HTTP/1.1" 200 319
201.245.192.253 - - [03/Jul/2023:19:41:37 -0500] "POST /kwsrmcab/Wsrmcab  HTTP/1.1" 200 213
190.84.43.231 - - [03/Jul/2023:19:43:38 -0500] "GET /sipse/faces/index.xhtml HTTP/1.1" 200 677
190.84.43.231 - - [03/Jul/2023:19:43:38 -0500] "GET /sipse/faces/javax.faces.resource/theme.css?ln=primefaces-sipse HTTP/1.1" 304 -
190.84.43.231 - - [03/Jul/2023:19:43:38 -0500] "GET /sipse/faces/faces/autenticacion.xhtml HTTP/1.1" 200 12176
190.84.43.231 - - [03/Jul/2023:19:43:39 -0500] "GET /sipse/faces/javax.faces.resource/theme.css?ln=primefaces-sipse HTTP/1.1" 304 -
190.84.43.231 - - [03/Jul/2023:19:43:39 -0500] "GET /sipse/faces/javax.faces.resource/primefaces.js?ln=primefaces&v=4.0 HTTP/1.1" 304 -
190.84.43.231 - - [03/Jul/2023:19:43:39 -0500] "GET /sipse/faces/javax.faces.resource/primefaces.css?ln=primefaces&v=4.0 HTTP/1.1" 304 -
190.84.43.231 - - [03/Jul/2023:19:43:39 -0500] "GET /sipse/faces/javax.faces.resource/jquery/jquery.js?ln=primefaces&v=4.0 HTTP/1.1" 304 -
190.84.43.231 - - [03/Jul/2023:19:43:39 -0500] "GET /sipse/faces/javax.faces.resource/layout/layout.css?ln=primefaces&v=4.0 HTTP/1.1" 304 -
190.84.43.231 - - [03/Jul/2023:19:43:39 -0500] "GET /sipse/faces/javax.faces.resource/jquery/jquery-plugins.js?ln=primefaces&v=4.0 HTTP/1.1" 304 -
190.84.43.231 - - [03/Jul/2023:19:43:39 -0500] "GET /sipse/faces/javax.faces.resource/layout/layout.js?ln=primefaces&v=4.0 HTTP/1.1" 304 -
190.84.43.231 - - [03/Jul/2023:19:43:39 -0500] "GET /sipse/faces/javax.faces.resource/images/ui-icons_898989_256x240.png?ln=primefaces-aristo HTTP/1.1" 304 -
190.84.43.231 - - [03/Jul/2023:19:43:43 -0500] "POST /sipse/faces/autenticacion.xhtml HTTP/1.1" 200 16165
190.84.43.231 - - [03/Jul/2023:19:43:44 -0500] "GET /sipse/faces/javax.faces.resource/theme.css?ln=primefaces-sipse HTTP/1.1" 304 -
190.84.43.231 - - [03/Jul/2023:19:43:44 -0500] "GET /sipse/faces/javax.faces.resource/primefaces.css?ln=primefaces&v=4.0 HTTP/1.1" 304 -
190.84.43.231 - - [03/Jul/2023:19:43:44 -0500] "GET /sipse/faces/javax.faces.resource/layout/layout.css?ln=primefaces&v=4.0 HTTP/1.1" 304 -
190.84.43.231 - - [03/Jul/2023:19:43:44 -0500] "GET /sipse/faces/javax.faces.resource/jquery/jquery.js?ln=primefaces&v=4.0 HTTP/1.1" 304 -
190.84.43.231 - - [03/Jul/2023:19:43:44 -0500] "GET /sipse/faces/javax.faces.resource/jquery/jquery-plugins.js?ln=primefaces&v=4.0 HTTP/1.1" 304 -
190.84.43.231 - - [03/Jul/2023:19:43:44 -0500] "GET /sipse/faces/javax.faces.resource/primefaces.js?ln=primefaces&v=4.0 HTTP/1.1" 304 -
190.84.43.231 - - [03/Jul/2023:19:43:44 -0500] "GET /sipse/faces/javax.faces.resource/layout/layout.js?ln=primefaces&v=4.0 HTTP/1.1" 304 -
190.84.43.231 - - [03/Jul/2023:19:43:44 -0500] "GET /sipse/css/imagen/contrasena.png HTTP/1.1" 404 383
190.84.43.231 - - [03/Jul/2023:19:43:44 -0500] "GET /sipse/faces/javax.faces.resource/messages/messages.png?ln=primefaces&v=4.0 HTTP/1.1" 304 -
190.84.43.231 - - [03/Jul/2023:19:43:46 -0500] "GET /sipse/faces/javax.faces.resource/images/ui-bg_flat_0_2d5972_40x100.png?ln=primefaces-aristo HTTP/1.1" 304 -
190.84.43.231 - - [03/Jul/2023:19:43:46 -0500] "POST /sipse/faces/bienvenido.xhtml HTTP/1.1" 200 1471
190.84.43.231 - - [03/Jul/2023:19:43:47 -0500] "POST /sipse/faces/bienvenido.xhtml HTTP/1.1" 200 46431
190.84.43.231 - - [03/Jul/2023:19:43:47 -0500] "GET /sipse/faces/javax.faces.resource/theme.css?ln=primefaces-sipse HTTP/1.1" 304 -
190.84.43.231 - - [03/Jul/2023:19:43:47 -0500] "GET /sipse/faces/javax.faces.resource/primefaces.css?ln=primefaces&v=4.0 HTTP/1.1" 304 -
190.84.43.231 - - [03/Jul/2023:19:43:47 -0500] "GET /sipse/faces/javax.faces.resource/layout/layout.css?ln=primefaces&v=4.0 HTTP/1.1" 304 -
190.84.43.231 - - [03/Jul/2023:19:43:47 -0500] "GET /sipse/faces/javax.faces.resource/jquery/jquery.js?ln=primefaces&v=4.0 HTTP/1.1" 304 -
190.84.43.231 - - [03/Jul/2023:19:43:47 -0500] "GET /sipse/faces/javax.faces.resource/jquery/jquery-plugins.js?ln=primefaces&v=4.0 HTTP/1.1" 304 -
190.84.43.231 - - [03/Jul/2023:19:43:48 -0500] "GET /sipse/faces/javax.faces.resource/primefaces.js?ln=primefaces&v=4.0 HTTP/1.1" 304 -
190.84.43.231 - - [03/Jul/2023:19:43:48 -0500] "GET /sipse/faces/javax.faces.resource/layout/layout.js?ln=primefaces&v=4.0 HTTP/1.1" 304 -
172.22.2.4 - - [03/Jul/2023:19:42:09 -0500] "HEAD /BLA/boletinlegal/ HTTP/1.1" 200 -
190.84.43.231 - - [03/Jul/2023:19:43:49 -0500] "POST /sipse/faces/presentacion/financiero/solicitudProceso/listarSolicitudProceso.xhtml HTTP/1.1" 200 1480
190.84.43.231 - - [03/Jul/2023:19:43:51 -0500] "POST /sipse/faces/presentacion/financiero/solicitudProceso/listarSolicitudProceso.xhtml HTTP/1.1" 200 4675
190.84.43.231 - - [03/Jul/2023:19:43:53 -0500] "POST /sipse/faces/presentacion/financiero/solicitudProceso/listarSolicitudProceso.xhtml HTTP/1.1" 200 154834
190.84.43.231 - - [03/Jul/2023:19:43:55 -0500] "GET /sipse/faces/javax.faces.resource/theme.css?ln=primefaces-sipse HTTP/1.1" 304 -
190.84.43.231 - - [03/Jul/2023:19:43:55 -0500] "GET /sipse/faces/javax.faces.resource/primefaces.css?ln=primefaces&v=4.0 HTTP/1.1" 304 -
190.84.43.231 - - [03/Jul/2023:19:43:55 -0500] "GET /sipse/faces/javax.faces.resource/layout/layout.css?ln=primefaces&v=4.0 HTTP/1.1" 304 -
190.84.43.231 - - [03/Jul/2023:19:43:55 -0500] "GET /sipse/faces/javax.faces.resource/jquery/jquery.js?ln=primefaces&v=4.0 HTTP/1.1" 304 -
190.84.43.231 - - [03/Jul/2023:19:43:55 -0500] "GET /sipse/faces/javax.faces.resource/jquery/jquery-plugins.js?ln=primefaces&v=4.0 HTTP/1.1" 304 -
190.84.43.231 - - [03/Jul/2023:19:43:55 -0500] "GET /sipse/faces/javax.faces.resource/primefaces.js?ln=primefaces&v=4.0 HTTP/1.1" 304 -
190.84.43.231 - - [03/Jul/2023:19:43:55 -0500] "GET /sipse/faces/javax.faces.resource/layout/layout.js?ln=primefaces&v=4.0 HTTP/1.1" 304 -
216.245.221.92 - - [03/Jul/2023:19:44:16 -0500] "HEAD / HTTP/1.1" 200 -
172.22.2.4 - - [03/Jul/2023:19:42:59 -0500] "GET /BLA/boletinlegal/ HTTP/1.1" 200 57272
190.84.43.231 - - [03/Jul/2023:19:44:41 -0500] "POST /sipse/faces/presentacion/financiero/solicitudProceso/consultarSolicitudProceso.xhtml HTTP/1.1" 200 70429
190.84.43.231 - - [03/Jul/2023:19:44:42 -0500] "POST /sipse/faces/presentacion/financiero/solicitudProceso/consultarSolicitudProceso.xhtml HTTP/1.1" 200 276765
172.22.2.4 - - [03/Jul/2023:19:44:56 -0500] "POST /BLA/boletinlegal/admin/actos/ingresar.php HTTP/1.1" 200 7302
172.22.2.4 - - [03/Jul/2023:19:45:05 -0500] "GET /BLA/boletinlegal/consulta_actos.php?tipo=resoluciones&no=0577&usuario=&sector=&fecha=2023&resuelve= HTTP/1.1" 200 1083
190.84.43.231 - - [03/Jul/2023:19:45:57 -0500] "POST /sipse/faces/presentacion/financiero/solicitudProceso/consultarSolicitudProceso.xhtml HTTP/1.1" 200 1961896
52.167.144.38 - - [03/Jul/2023:19:46:36 -0500] "GET /BLA/resoluciones/index.php?dir=AUTOS+2020%2F HTTP/1.1" 200 329101
201.245.192.253 - - [03/Jul/2023:19:46:36 -0500] "POST /kwsrmcab/Wsrmcab  HTTP/1.1" 200 213
190.84.43.231 - - [03/Jul/2023:19:46:57 -0500] "POST /sipse/faces/presentacion/financiero/solicitudProceso/consultarSolicitudProceso.xhtml HTTP/1.1" 200 15342
190.84.43.231 - - [03/Jul/2023:19:47:07 -0500] "POST /sipse/faces/presentacion/financiero/solicitudProceso/consultarSolicitudProceso.xhtml HTTP/1.1" 200 19134
199.16.157.181 - - [03/Jul/2023:19:48:03 -0500] "GET /secretaria-de-ambiente-y-universidad-de-la-salle-firman-acuerdo-de-conservacion-en-17-hectareas.html HTTP/1.1" 200 990
199.16.157.181 - - [03/Jul/2023:19:48:03 -0500] "GET /images/Acuerdos%2001%20(1)%20(1).jpeg HTTP/1.1" 200 32884
216.245.221.92 - - [03/Jul/2023:19:49:16 -0500] "HEAD / HTTP/1.1" 200 -
172.22.2.4 - - [03/Jul/2023:19:47:59 -0500] "HEAD /BLA/boletinlegal/ HTTP/1.1" 200 -
128.14.209.162 - - [03/Jul/2023:19:49:44 -0500] "GET / HTTP/1.1" 200 319
172.22.2.4 - - [03/Jul/2023:19:48:50 -0500] "GET /BLA/boletinlegal/ HTTP/1.1" 200 52495
64.124.8.162 - - [03/Jul/2023:19:51:15 -0500] "GET /IsolucionSDA/BancoConocimiento/R/Resolucion4287Diciembre29de2007/Resolucion4287Diciembre29de2007.asp HTTP/1.1" 404 5012
201.245.192.253 - - [03/Jul/2023:19:51:35 -0500] "POST /kwsrmcab/Wsrmcab  HTTP/1.1" 200 213
181.57.18.194 - - [03/Jul/2023:19:52:59 -0500] "GET /forms/frmservlet?config=sai HTTP/1.1" 200 4042
181.57.18.194 - - [03/Jul/2023:19:53:00 -0500] "GET /favicon.ico HTTP/1.1" 200 7782
181.57.18.194 - - [03/Jul/2023:19:53:00 -0500] "GET /forms/java/oracle/forms/registry/Registry.dat HTTP/1.1" 200 4213
181.57.18.194 - - [03/Jul/2023:19:53:00 -0500] "GET /forms/java/oracle/forms/registry/default.dat HTTP/1.1" 404 350
181.57.18.194 - - [03/Jul/2023:19:53:00 -0500] "GET /forms/frmservlet?config=sai&acceptLanguage=es-CO,es;q=0.5&ifcmd=startsession HTTP/1.1" 200 119
181.57.18.194 - - [03/Jul/2023:19:53:00 -0500] "GET /forms/lservlet;jsessionid=ac16012b30d6ee0daf1504c24649b609c880a8aea096.e3iSbxaKaheRe34Ma3yMbN0Rbhf0n6jAmljGr5XDqQLvpAe?ifcmd=getinfo&ifhost=A1DGCAC7ST8&ifip=192.168.173.122 HTTP/1.1" 200 8
181.57.18.194 - - [03/Jul/2023:19:53:00 -0500] "POST /forms/lservlet;jsessionid=ac16012b30d6ee0daf1504c24649b609c880a8aea096.e3iSbxaKaheRe34Ma3yMbN0Rbhf0n6jAmljGr5XDqQLvpAe HTTP/1.1" 200 8
181.57.18.194 - - [03/Jul/2023:19:53:01 -0500] "POST /forms/lservlet;jsessionid=ac16012b30d6ee0daf1504c24649b609c880a8aea096.e3iSbxaKaheRe34Ma3yMbN0Rbhf0n6jAmljGr5XDqQLvpAe HTTP/1.1" 200 14
181.57.18.194 - - [03/Jul/2023:19:53:02 -0500] "POST /forms/lservlet;jsessionid=ac16012b30d6ee0daf1504c24649b609c880a8aea096.e3iSbxaKaheRe34Ma3yMbN0Rbhf0n6jAmljGr5XDqQLvpAe HTTP/1.1" 200 2728
181.57.18.194 - - [03/Jul/2023:19:53:03 -0500] "POST /forms/lservlet;jsessionid=ac16012b30d6ee0daf1504c24649b609c880a8aea096.e3iSbxaKaheRe34Ma3yMbN0Rbhf0n6jAmljGr5XDqQLvpAe HTTP/1.1" 200 2
181.57.18.194 - - [03/Jul/2023:19:53:10 -0500] "POST /forms/lservlet;jsessionid=ac16012b30d6ee0daf1504c24649b609c880a8aea096.e3iSbxaKaheRe34Ma3yMbN0Rbhf0n6jAmljGr5XDqQLvpAe HTTP/1.1" 200 3396
181.57.18.194 - - [03/Jul/2023:19:53:11 -0500] "POST /forms/lservlet;jsessionid=ac16012b30d6ee0daf1504c24649b609c880a8aea096.e3iSbxaKaheRe34Ma3yMbN0Rbhf0n6jAmljGr5XDqQLvpAe HTTP/1.1" 200 7
181.57.18.194 - - [03/Jul/2023:19:53:11 -0500] "POST /forms/lservlet;jsessionid=ac16012b30d6ee0daf1504c24649b609c880a8aea096.e3iSbxaKaheRe34Ma3yMbN0Rbhf0n6jAmljGr5XDqQLvpAe HTTP/1.1" 200 2
181.57.18.194 - - [03/Jul/2023:19:53:11 -0500] "POST /forms/lservlet;jsessionid=ac16012b30d6ee0daf1504c24649b609c880a8aea096.e3iSbxaKaheRe34Ma3yMbN0Rbhf0n6jAmljGr5XDqQLvpAe HTTP/1.1" 200 2
181.57.18.194 - - [03/Jul/2023:19:53:11 -0500] "POST /forms/lservlet;jsessionid=ac16012b30d6ee0daf1504c24649b609c880a8aea096.e3iSbxaKaheRe34Ma3yMbN0Rbhf0n6jAmljGr5XDqQLvpAe HTTP/1.1" 200 2
181.57.18.194 - - [03/Jul/2023:19:53:11 -0500] "POST /forms/lservlet;jsessionid=ac16012b30d6ee0daf1504c24649b609c880a8aea096.e3iSbxaKaheRe34Ma3yMbN0Rbhf0n6jAmljGr5XDqQLvpAe HTTP/1.1" 200 2
181.57.18.194 - - [03/Jul/2023:19:53:13 -0500] "POST /forms/lservlet;jsessionid=ac16012b30d6ee0daf1504c24649b609c880a8aea096.e3iSbxaKaheRe34Ma3yMbN0Rbhf0n6jAmljGr5XDqQLvpAe HTTP/1.1" 200 20042
181.57.18.194 - - [03/Jul/2023:19:53:14 -0500] "POST /forms/lservlet;jsessionid=ac16012b30d6ee0daf1504c24649b609c880a8aea096.e3iSbxaKaheRe34Ma3yMbN0Rbhf0n6jAmljGr5XDqQLvpAe HTTP/1.1" 200 10
181.57.18.194 - - [03/Jul/2023:19:53:15 -0500] "POST /forms/lservlet;jsessionid=ac16012b30d6ee0daf1504c24649b609c880a8aea096.e3iSbxaKaheRe34Ma3yMbN0Rbhf0n6jAmljGr5XDqQLvpAe HTTP/1.1" 200 24
181.57.18.194 - - [03/Jul/2023:19:53:23 -0500] "POST /forms/lservlet;jsessionid=ac16012b30d6ee0daf1504c24649b609c880a8aea096.e3iSbxaKaheRe34Ma3yMbN0Rbhf0n6jAmljGr5XDqQLvpAe HTTP/1.1" 200 2551
181.57.18.194 - - [03/Jul/2023:19:53:26 -0500] "POST /forms/lservlet;jsessionid=ac16012b30d6ee0daf1504c24649b609c880a8aea096.e3iSbxaKaheRe34Ma3yMbN0Rbhf0n6jAmljGr5XDqQLvpAe HTTP/1.1" 200 7
181.57.18.194 - - [03/Jul/2023:19:53:38 -0500] "POST /forms/lservlet;jsessionid=ac16012b30d6ee0daf1504c24649b609c880a8aea096.e3iSbxaKaheRe34Ma3yMbN0Rbhf0n6jAmljGr5XDqQLvpAe HTTP/1.1" 200 786
181.57.18.194 - - [03/Jul/2023:19:53:52 -0500] "POST /forms/lservlet;jsessionid=ac16012b30d6ee0daf1504c24649b609c880a8aea096.e3iSbxaKaheRe34Ma3yMbN0Rbhf0n6jAmljGr5XDqQLvpAe HTTP/1.1" 200 13619
181.57.18.194 - - [03/Jul/2023:19:53:52 -0500] "POST /forms/lservlet;jsessionid=ac16012b30d6ee0daf1504c24649b609c880a8aea096.e3iSbxaKaheRe34Ma3yMbN0Rbhf0n6jAmljGr5XDqQLvpAe HTTP/1.1" 200 10
181.57.18.194 - - [03/Jul/2023:19:53:55 -0500] "POST /forms/lservlet;jsessionid=ac16012b30d6ee0daf1504c24649b609c880a8aea096.e3iSbxaKaheRe34Ma3yMbN0Rbhf0n6jAmljGr5XDqQLvpAe HTTP/1.1" 200 13
181.57.18.194 - - [03/Jul/2023:19:53:57 -0500] "POST /forms/lservlet;jsessionid=ac16012b30d6ee0daf1504c24649b609c880a8aea096.e3iSbxaKaheRe34Ma3yMbN0Rbhf0n6jAmljGr5XDqQLvpAe HTTP/1.1" 200 1375
181.57.18.194 - - [03/Jul/2023:19:53:58 -0500] "POST /forms/lservlet;jsessionid=ac16012b30d6ee0daf1504c24649b609c880a8aea096.e3iSbxaKaheRe34Ma3yMbN0Rbhf0n6jAmljGr5XDqQLvpAe HTTP/1.1" 200 13
216.245.221.92 - - [03/Jul/2023:19:54:16 -0500] "HEAD / HTTP/1.1" 200 -
181.57.18.194 - - [03/Jul/2023:19:55:01 -0500] "POST /forms/lservlet;jsessionid=ac16012b30d6ee0daf1504c24649b609c880a8aea096.e3iSbxaKaheRe34Ma3yMbN0Rbhf0n6jAmljGr5XDqQLvpAe HTTP/1.1" 200 2
66.249.75.96 - - [03/Jul/2023:19:55:04 -0500] "-" 408 -
161.18.141.162 - - [03/Jul/2023:19:55:22 -0500] "GET /sipse/faces/javax.faces.resource/images/ui-bg_flat_0_2d5972_40x100.png?ln=primefaces-aristo HTTP/1.1" 200 183
161.18.141.162 - - [03/Jul/2023:19:55:22 -0500] "POST /sipse/faces/bienvenido.xhtml HTTP/1.1" 200 2658
161.18.141.162 - - [03/Jul/2023:19:55:24 -0500] "POST /sipse/faces/bienvenido.xhtml HTTP/1.1" 200 65351
161.18.141.162 - - [03/Jul/2023:19:55:27 -0500] "GET /sipse/faces/javax.faces.resource/theme.css?ln=primefaces-sipse HTTP/1.1" 304 -
161.18.141.162 - - [03/Jul/2023:19:55:27 -0500] "GET /sipse/faces/javax.faces.resource/primefaces.css?ln=primefaces&v=4.0 HTTP/1.1" 304 -
161.18.141.162 - - [03/Jul/2023:19:55:27 -0500] "GET /sipse/faces/javax.faces.resource/layout/layout.css?ln=primefaces&v=4.0 HTTP/1.1" 304 -
161.18.141.162 - - [03/Jul/2023:19:55:28 -0500] "GET /sipse/faces/javax.faces.resource/jquery/jquery.js?ln=primefaces&v=4.0 HTTP/1.1" 304 -
161.18.141.162 - - [03/Jul/2023:19:55:28 -0500] "GET /sipse/faces/javax.faces.resource/jquery/jquery-plugins.js?ln=primefaces&v=4.0 HTTP/1.1" 304 -
161.18.141.162 - - [03/Jul/2023:19:55:28 -0500] "GET /sipse/faces/javax.faces.resource/primefaces.js?ln=primefaces&v=4.0 HTTP/1.1" 304 -
161.18.141.162 - - [03/Jul/2023:19:55:28 -0500] "GET /sipse/faces/javax.faces.resource/layout/layout.js?ln=primefaces&v=4.0 HTTP/1.1" 304 -
172.22.2.4 - - [03/Jul/2023:19:53:49 -0500] "HEAD /BLA/boletinlegal/ HTTP/1.1" 200 -
161.18.141.162 - - [03/Jul/2023:19:55:29 -0500] "POST /sipse/faces/presentacion/financiero/solicitudProceso/listarSolicitudProceso.xhtml HTTP/1.1" 200 1556
3.250.31.120 - - [03/Jul/2023:19:55:46 -0500] "GET /.git/config HTTP/1.1" 404 1018
161.18.141.162 - - [03/Jul/2023:19:56:16 -0500] "POST /sipse/faces/presentacion/financiero/solicitudProceso/listarSolicitudProceso.xhtml HTTP/1.1" 200 17799
172.22.2.4 - - [03/Jul/2023:19:54:39 -0500] "GET /BLA/boletinlegal/ HTTP/1.1" 200 56452
161.18.141.162 - - [03/Jul/2023:19:56:32 -0500] "POST /sipse/faces/presentacion/financiero/solicitudProceso/listarSolicitudProceso.xhtml HTTP/1.1" 200 181408
161.18.141.162 - - [03/Jul/2023:19:56:34 -0500] "GET /sipse/faces/javax.faces.resource/theme.css?ln=primefaces-sipse HTTP/1.1" 304 -
161.18.141.162 - - [03/Jul/2023:19:56:34 -0500] "GET /sipse/faces/javax.faces.resource/primefaces.css?ln=primefaces&v=4.0 HTTP/1.1" 304 -
161.18.141.162 - - [03/Jul/2023:19:56:34 -0500] "GET /sipse/faces/javax.faces.resource/layout/layout.css?ln=primefaces&v=4.0 HTTP/1.1" 304 -
161.18.141.162 - - [03/Jul/2023:19:56:34 -0500] "GET /sipse/faces/javax.faces.resource/jquery/jquery.js?ln=primefaces&v=4.0 HTTP/1.1" 304 -
161.18.141.162 - - [03/Jul/2023:19:56:34 -0500] "GET /sipse/faces/javax.faces.resource/jquery/jquery-plugins.js?ln=primefaces&v=4.0 HTTP/1.1" 304 -
161.18.141.162 - - [03/Jul/2023:19:56:34 -0500] "GET /sipse/faces/javax.faces.resource/primefaces.js?ln=primefaces&v=4.0 HTTP/1.1" 304 -
161.18.141.162 - - [03/Jul/2023:19:56:35 -0500] "GET /sipse/faces/javax.faces.resource/layout/layout.js?ln=primefaces&v=4.0 HTTP/1.1" 304 -
201.245.192.253 - - [03/Jul/2023:19:56:34 -0500] "POST /kwsrmcab/Wsrmcab  HTTP/1.1" 200 213
181.57.18.194 - - [03/Jul/2023:19:57:01 -0500] "POST /forms/lservlet;jsessionid=ac16012b30d6ee0daf1504c24649b609c880a8aea096.e3iSbxaKaheRe34Ma3yMbN0Rbhf0n6jAmljGr5XDqQLvpAe HTTP/1.1" 200 2
161.18.141.162 - - [03/Jul/2023:19:57:10 -0500] "POST /sipse/faces/presentacion/financiero/solicitudProceso/consultarSolicitudProceso.xhtml HTTP/1.1" 200 79590
181.57.18.194 - - [03/Jul/2023:19:57:24 -0500] "POST /forms/lservlet;jsessionid=ac16012b30d6ee0daf1504c24649b609c880a8aea096.e3iSbxaKaheRe34Ma3yMbN0Rbhf0n6jAmljGr5XDqQLvpAe HTTP/1.1" 200 61
181.57.18.194 - - [03/Jul/2023:19:57:24 -0500] "POST /forms/lservlet;jsessionid=ac16012b30d6ee0daf1504c24649b609c880a8aea096.e3iSbxaKaheRe34Ma3yMbN0Rbhf0n6jAmljGr5XDqQLvpAe HTTP/1.1" 200 18
181.57.18.194 - - [03/Jul/2023:19:57:25 -0500] "POST /forms/lservlet;jsessionid=ac16012b30d6ee0daf1504c24649b609c880a8aea096.e3iSbxaKaheRe34Ma3yMbN0Rbhf0n6jAmljGr5XDqQLvpAe HTTP/1.1" 200 155
181.57.18.194 - - [03/Jul/2023:19:57:25 -0500] "POST /forms/lservlet;jsessionid=ac16012b30d6ee0daf1504c24649b609c880a8aea096.e3iSbxaKaheRe34Ma3yMbN0Rbhf0n6jAmljGr5XDqQLvpAe HTTP/1.1" 200 2
181.57.18.194 - - [03/Jul/2023:19:57:26 -0500] "POST /forms/lservlet;jsessionid=ac16012b30d6ee0daf1504c24649b609c880a8aea096.e3iSbxaKaheRe34Ma3yMbN0Rbhf0n6jAmljGr5XDqQLvpAe HTTP/1.1" 200 7
181.57.18.194 - - [03/Jul/2023:19:57:27 -0500] "POST /forms/lservlet;jsessionid=ac16012b30d6ee0daf1504c24649b609c880a8aea096.e3iSbxaKaheRe34Ma3yMbN0Rbhf0n6jAmljGr5XDqQLvpAe HTTP/1.1" 200 23
181.57.18.194 - - [03/Jul/2023:19:57:28 -0500] "POST /forms/lservlet;jsessionid=ac16012b30d6ee0daf1504c24649b609c880a8aea096.e3iSbxaKaheRe34Ma3yMbN0Rbhf0n6jAmljGr5XDqQLvpAe HTTP/1.1" 200 15
181.57.18.194 - - [03/Jul/2023:19:57:28 -0500] "POST /forms/lservlet;jsessionid=ac16012b30d6ee0daf1504c24649b609c880a8aea096.e3iSbxaKaheRe34Ma3yMbN0Rbhf0n6jAmljGr5XDqQLvpAe HTTP/1.1" 200 18
181.57.18.194 - - [03/Jul/2023:19:57:29 -0500] "POST /forms/lservlet;jsessionid=ac16012b30d6ee0daf1504c24649b609c880a8aea096.e3iSbxaKaheRe34Ma3yMbN0Rbhf0n6jAmljGr5XDqQLvpAe HTTP/1.1" 200 1534
181.57.18.194 - - [03/Jul/2023:19:57:30 -0500] "POST /forms/lservlet;jsessionid=ac16012b30d6ee0daf1504c24649b609c880a8aea096.e3iSbxaKaheRe34Ma3yMbN0Rbhf0n6jAmljGr5XDqQLvpAe HTTP/1.1" 200 10
181.57.18.194 - - [03/Jul/2023:19:57:30 -0500] "GET /imagenes/rt_save.gif HTTP/1.1" 200 903
181.57.18.194 - - [03/Jul/2023:19:57:30 -0500] "GET /imagenes/rt_rdel.gif HTTP/1.1" 200 899
181.57.18.194 - - [03/Jul/2023:19:57:30 -0500] "GET /imagenes/rt_radd.gif HTTP/1.1" 200 907
181.57.18.194 - - [03/Jul/2023:19:57:31 -0500] "POST /forms/lservlet;jsessionid=ac16012b30d6ee0daf1504c24649b609c880a8aea096.e3iSbxaKaheRe34Ma3yMbN0Rbhf0n6jAmljGr5XDqQLvpAe HTTP/1.1" 200 24
181.57.18.194 - - [03/Jul/2023:19:57:34 -0500] "POST /forms/lservlet;jsessionid=ac16012b30d6ee0daf1504c24649b609c880a8aea096.e3iSbxaKaheRe34Ma3yMbN0Rbhf0n6jAmljGr5XDqQLvpAe HTTP/1.1" 200 2595
181.57.18.194 - - [03/Jul/2023:19:57:36 -0500] "POST /forms/lservlet;jsessionid=ac16012b30d6ee0daf1504c24649b609c880a8aea096.e3iSbxaKaheRe34Ma3yMbN0Rbhf0n6jAmljGr5XDqQLvpAe HTTP/1.1" 200 7
181.57.18.194 - - [03/Jul/2023:19:57:40 -0500] "POST /forms/lservlet;jsessionid=ac16012b30d6ee0daf1504c24649b609c880a8aea096.e3iSbxaKaheRe34Ma3yMbN0Rbhf0n6jAmljGr5XDqQLvpAe HTTP/1.1" 200 35
181.57.18.194 - - [03/Jul/2023:19:57:41 -0500] "POST /forms/lservlet;jsessionid=ac16012b30d6ee0daf1504c24649b609c880a8aea096.e3iSbxaKaheRe34Ma3yMbN0Rbhf0n6jAmljGr5XDqQLvpAe HTTP/1.1" 200 117
181.57.18.194 - - [03/Jul/2023:19:57:41 -0500] "POST /forms/lservlet;jsessionid=ac16012b30d6ee0daf1504c24649b609c880a8aea096.e3iSbxaKaheRe34Ma3yMbN0Rbhf0n6jAmljGr5XDqQLvpAe HTTP/1.1" 200 2
181.57.18.194 - - [03/Jul/2023:19:57:42 -0500] "POST /forms/lservlet;jsessionid=ac16012b30d6ee0daf1504c24649b609c880a8aea096.e3iSbxaKaheRe34Ma3yMbN0Rbhf0n6jAmljGr5XDqQLvpAe HTTP/1.1" 200 916
181.57.18.194 - - [03/Jul/2023:19:57:43 -0500] "POST /forms/lservlet;jsessionid=ac16012b30d6ee0daf1504c24649b609c880a8aea096.e3iSbxaKaheRe34Ma3yMbN0Rbhf0n6jAmljGr5XDqQLvpAe HTTP/1.1" 200 10
181.57.18.194 - - [03/Jul/2023:19:57:43 -0500] "POST /forms/lservlet;jsessionid=ac16012b30d6ee0daf1504c24649b609c880a8aea096.e3iSbxaKaheRe34Ma3yMbN0Rbhf0n6jAmljGr5XDqQLvpAe HTTP/1.1" 200 13
181.57.18.194 - - [03/Jul/2023:19:57:46 -0500] "POST /forms/lservlet;jsessionid=ac16012b30d6ee0daf1504c24649b609c880a8aea096.e3iSbxaKaheRe34Ma3yMbN0Rbhf0n6jAmljGr5XDqQLvpAe HTTP/1.1" 200 1475
161.18.141.162 - - [03/Jul/2023:19:58:32 -0500] "POST /sipse/faces/presentacion/financiero/solicitudProceso/consultarSolicitudProceso.xhtml HTTP/1.1" 200 79590
181.57.18.194 - - [03/Jul/2023:19:58:36 -0500] "POST /forms/lservlet;jsessionid=ac16012b30d6ee0daf1504c24649b609c880a8aea096.e3iSbxaKaheRe34Ma3yMbN0Rbhf0n6jAmljGr5XDqQLvpAe HTTP/1.1" 200 944
181.57.18.194 - - [03/Jul/2023:19:58:39 -0500] "POST /forms/lservlet;jsessionid=ac16012b30d6ee0daf1504c24649b609c880a8aea096.e3iSbxaKaheRe34Ma3yMbN0Rbhf0n6jAmljGr5XDqQLvpAe HTTP/1.1" 200 1368
181.57.18.194 - - [03/Jul/2023:19:58:40 -0500] "POST /forms/lservlet;jsessionid=ac16012b30d6ee0daf1504c24649b609c880a8aea096.e3iSbxaKaheRe34Ma3yMbN0Rbhf0n6jAmljGr5XDqQLvpAe HTTP/1.1" 200 139
181.57.18.194 - - [03/Jul/2023:19:58:40 -0500] "POST /forms/lservlet;jsessionid=ac16012b30d6ee0daf1504c24649b609c880a8aea096.e3iSbxaKaheRe34Ma3yMbN0Rbhf0n6jAmljGr5XDqQLvpAe HTTP/1.1" 200 2
181.57.18.194 - - [03/Jul/2023:19:58:41 -0500] "POST /forms/lservlet;jsessionid=ac16012b30d6ee0daf1504c24649b609c880a8aea096.e3iSbxaKaheRe34Ma3yMbN0Rbhf0n6jAmljGr5XDqQLvpAe HTTP/1.1" 200 938
181.57.18.194 - - [03/Jul/2023:19:58:41 -0500] "POST /forms/lservlet;jsessionid=ac16012b30d6ee0daf1504c24649b609c880a8aea096.e3iSbxaKaheRe34Ma3yMbN0Rbhf0n6jAmljGr5XDqQLvpAe HTTP/1.1" 200 11
181.57.18.194 - - [03/Jul/2023:19:58:44 -0500] "POST /forms/lservlet;jsessionid=ac16012b30d6ee0daf1504c24649b609c880a8aea096.e3iSbxaKaheRe34Ma3yMbN0Rbhf0n6jAmljGr5XDqQLvpAe HTTP/1.1" 200 1378
181.57.18.194 - - [03/Jul/2023:19:58:55 -0500] "POST /forms/lservlet;jsessionid=ac16012b30d6ee0daf1504c24649b609c880a8aea096.e3iSbxaKaheRe34Ma3yMbN0Rbhf0n6jAmljGr5XDqQLvpAe HTTP/1.1" 200 13
181.57.18.194 - - [03/Jul/2023:19:59:01 -0500] "POST /forms/lservlet;jsessionid=ac16012b30d6ee0daf1504c24649b609c880a8aea096.e3iSbxaKaheRe34Ma3yMbN0Rbhf0n6jAmljGr5XDqQLvpAe HTTP/1.1" 200 2
181.57.18.194 - - [03/Jul/2023:19:59:02 -0500] "POST /forms/lservlet;jsessionid=ac16012b30d6ee0daf1504c24649b609c880a8aea096.e3iSbxaKaheRe34Ma3yMbN0Rbhf0n6jAmljGr5XDqQLvpAe HTTP/1.1" 200 7
181.57.18.194 - - [03/Jul/2023:19:59:03 -0500] "POST /forms/lservlet;jsessionid=ac16012b30d6ee0daf1504c24649b609c880a8aea096.e3iSbxaKaheRe34Ma3yMbN0Rbhf0n6jAmljGr5XDqQLvpAe HTTP/1.1" 200 22
181.57.18.194 - - [03/Jul/2023:19:59:03 -0500] "POST /forms/lservlet;jsessionid=ac16012b30d6ee0daf1504c24649b609c880a8aea096.e3iSbxaKaheRe34Ma3yMbN0Rbhf0n6jAmljGr5XDqQLvpAe HTTP/1.1" 200 15
181.57.18.194 - - [03/Jul/2023:19:59:03 -0500] "POST /forms/lservlet;jsessionid=ac16012b30d6ee0daf1504c24649b609c880a8aea096.e3iSbxaKaheRe34Ma3yMbN0Rbhf0n6jAmljGr5XDqQLvpAe HTTP/1.1" 200 18
181.57.18.194 - - [03/Jul/2023:19:59:04 -0500] "POST /forms/lservlet;jsessionid=ac16012b30d6ee0daf1504c24649b609c880a8aea096.e3iSbxaKaheRe34Ma3yMbN0Rbhf0n6jAmljGr5XDqQLvpAe HTTP/1.1" 200 1328
181.57.18.194 - - [03/Jul/2023:19:59:04 -0500] "POST /forms/lservlet;jsessionid=ac16012b30d6ee0daf1504c24649b609c880a8aea096.e3iSbxaKaheRe34Ma3yMbN0Rbhf0n6jAmljGr5XDqQLvpAe HTTP/1.1" 200 10
181.57.18.194 - - [03/Jul/2023:19:59:05 -0500] "POST /forms/lservlet;jsessionid=ac16012b30d6ee0daf1504c24649b609c880a8aea096.e3iSbxaKaheRe34Ma3yMbN0Rbhf0n6jAmljGr5XDqQLvpAe HTTP/1.1" 200 24
173.252.107.6 - - [03/Jul/2023:19:59:09 -0500] "GET /entrenubes-raton-de-montana-se-alimenta-de-hongos-presentes-en-este-ecosistema-del-suroriente-de-bogota.html HTTP/1.1" 200 843
181.57.18.194 - - [03/Jul/2023:19:59:12 -0500] "POST /forms/lservlet;jsessionid=ac16012b30d6ee0daf1504c24649b609c880a8aea096.e3iSbxaKaheRe34Ma3yMbN0Rbhf0n6jAmljGr5XDqQLvpAe HTTP/1.1" 200 2189
216.245.221.92 - - [03/Jul/2023:19:59:16 -0500] "HEAD / HTTP/1.1" 200 -
181.57.18.194 - - [03/Jul/2023:20:00:02 -0500] "POST /forms/lservlet;jsessionid=ac16012b30d6ee0daf1504c24649b609c880a8aea096.e3iSbxaKaheRe34Ma3yMbN0Rbhf0n6jAmljGr5XDqQLvpAe HTTP/1.1" 200 1323
181.57.18.194 - - [03/Jul/2023:20:00:03 -0500] "POST /forms/lservlet;jsessionid=ac16012b30d6ee0daf1504c24649b609c880a8aea096.e3iSbxaKaheRe34Ma3yMbN0Rbhf0n6jAmljGr5XDqQLvpAe HTTP/1.1" 200 24
181.57.18.194 - - [03/Jul/2023:20:00:31 -0500] "POST /forms/lservlet;jsessionid=ac16012b30d6ee0daf1504c24649b609c880a8aea096.e3iSbxaKaheRe34Ma3yMbN0Rbhf0n6jAmljGr5XDqQLvpAe HTTP/1.1" 200 2674
181.57.18.194 - - [03/Jul/2023:20:00:48 -0500] "POST /forms/lservlet;jsessionid=ac16012b30d6ee0daf1504c24649b609c880a8aea096.e3iSbxaKaheRe34Ma3yMbN0Rbhf0n6jAmljGr5XDqQLvpAe HTTP/1.1" 200 7
181.57.18.194 - - [03/Jul/2023:20:01:02 -0500] "POST /forms/lservlet;jsessionid=ac16012b30d6ee0daf1504c24649b609c880a8aea096.e3iSbxaKaheRe34Ma3yMbN0Rbhf0n6jAmljGr5XDqQLvpAe HTTP/1.1" 200 2
172.22.2.4 - - [03/Jul/2023:19:59:39 -0500] "HEAD /BLA/boletinlegal/ HTTP/1.1" 200 -
181.57.18.194 - - [03/Jul/2023:20:01:20 -0500] "POST /forms/lservlet;jsessionid=ac16012b30d6ee0daf1504c24649b609c880a8aea096.e3iSbxaKaheRe34Ma3yMbN0Rbhf0n6jAmljGr5XDqQLvpAe HTTP/1.1" 200 7
201.245.192.253 - - [03/Jul/2023:20:01:33 -0500] "POST /kwsrmcab/Wsrmcab  HTTP/1.1" 200 213
172.22.2.4 - - [03/Jul/2023:20:00:29 -0500] "GET /BLA/boletinlegal/ HTTP/1.1" 200 56452
161.18.141.162 - - [03/Jul/2023:20:02:42 -0500] "POST /sipse/faces/presentacion/financiero/solicitudProceso/consultarSolicitudProceso.xhtml HTTP/1.1" 200 370644
181.57.18.194 - - [03/Jul/2023:20:03:02 -0500] "POST /forms/lservlet;jsessionid=ac16012b30d6ee0daf1504c24649b609c880a8aea096.e3iSbxaKaheRe34Ma3yMbN0Rbhf0n6jAmljGr5XDqQLvpAe HTTP/1.1" 200 2
181.57.18.194 - - [03/Jul/2023:20:03:42 -0500] "POST /forms/lservlet;jsessionid=ac16012b30d6ee0daf1504c24649b609c880a8aea096.e3iSbxaKaheRe34Ma3yMbN0Rbhf0n6jAmljGr5XDqQLvpAe HTTP/1.1" 200 1320
181.57.18.194 - - [03/Jul/2023:20:03:42 -0500] "POST /forms/lservlet;jsessionid=ac16012b30d6ee0daf1504c24649b609c880a8aea096.e3iSbxaKaheRe34Ma3yMbN0Rbhf0n6jAmljGr5XDqQLvpAe HTTP/1.1" 200 10
181.57.18.194 - - [03/Jul/2023:20:03:42 -0500] "POST /forms/lservlet;jsessionid=ac16012b30d6ee0daf1504c24649b609c880a8aea096.e3iSbxaKaheRe34Ma3yMbN0Rbhf0n6jAmljGr5XDqQLvpAe HTTP/1.1" 200 24
181.57.18.194 - - [03/Jul/2023:20:03:44 -0500] "POST /forms/lservlet;jsessionid=ac16012b30d6ee0daf1504c24649b609c880a8aea096.e3iSbxaKaheRe34Ma3yMbN0Rbhf0n6jAmljGr5XDqQLvpAe HTTP/1.1" 200 2505
181.57.18.194 - - [03/Jul/2023:20:03:48 -0500] "POST /forms/lservlet;jsessionid=ac16012b30d6ee0daf1504c24649b609c880a8aea096.e3iSbxaKaheRe34Ma3yMbN0Rbhf0n6jAmljGr5XDqQLvpAe HTTP/1.1" 200 7
161.18.141.162 - - [03/Jul/2023:20:03:46 -0500] "POST /sipse/faces/presentacion/financiero/solicitudProceso/consultarSolicitudProceso.xhtml HTTP/1.1" 200 407398
66.249.77.10 - - [03/Jul/2023:20:04:02 -0500] "GET /acuerdos-de-conservacion-camaras-trampa-registran-fauna-en-la-reserva-umbral-cultural-horizontes.html HTTP/1.1" 200 818
216.245.221.92 - - [03/Jul/2023:20:04:16 -0500] "HEAD / HTTP/1.1" 200 -
172.22.2.4 - - [03/Jul/2023:20:04:53 -0500] "GET /BLA/boletinlegal/images/body_bg.jpg HTTP/1.1" 200 1601
172.22.2.4 - - [03/Jul/2023:20:04:53 -0500] "GET /BLA/boletinlegal/images/menu_lft.gif HTTP/1.1" 200 1713
172.22.2.4 - - [03/Jul/2023:20:04:53 -0500] "GET /BLA/boletinlegal/images/bg_top.jpg HTTP/1.1" 200 522
172.22.2.4 - - [03/Jul/2023:20:04:53 -0500] "GET /BLA/boletinlegal/images/menu_rght.gif HTTP/1.1" 200 1627
172.22.2.4 - - [03/Jul/2023:20:04:53 -0500] "GET /BLA/boletinlegal/images/menu_bg.jpg HTTP/1.1" 200 620
172.22.2.4 - - [03/Jul/2023:20:04:53 -0500] "GET /BLA/boletinlegal/images/text.jpg HTTP/1.1" 200 568
172.22.2.4 - - [03/Jul/2023:20:04:53 -0500] "GET /BLA/boletinlegal/images/hover.jpg HTTP/1.1" 200 640
172.22.2.4 - - [03/Jul/2023:20:04:54 -0500] "GET /BLA/boletinlegal/actos.php HTTP/1.1" 200 9682
172.22.2.4 - - [03/Jul/2023:20:04:54 -0500] "GET /BLA/boletinlegal/js/ajax_actos.js HTTP/1.1" 200 1322
172.22.2.4 - - [03/Jul/2023:20:04:54 -0500] "GET /BLA/boletinlegal/niceforms.js HTTP/1.1" 200 22876
172.22.2.4 - - [03/Jul/2023:20:04:54 -0500] "GET /BLA/boletinlegal/js/popup.js HTTP/1.1" 200 1270
172.22.2.4 - - [03/Jul/2023:20:04:54 -0500] "GET /BLA/boletinlegal/js/lib.js HTTP/1.1" 200 6474
172.22.2.4 - - [03/Jul/2023:20:04:54 -0500] "GET /BLA/boletinlegal/niceforms-default.css HTTP/1.1" 200 6694
172.22.2.4 - - [03/Jul/2023:20:04:54 -0500] "GET /BLA/boletinlegal/js/jquery1.js HTTP/1.1" 200 29846
172.22.2.4 - - [03/Jul/2023:20:04:54 -0500] "GET /BLA/boletinlegal/images/green-yellow-blue-pink-th.png HTTP/1.1" 200 7394
172.22.2.4 - - [03/Jul/2023:20:04:54 -0500] "GET /BLA/boletinlegal/images/tel.png HTTP/1.1" 200 14477
172.22.2.4 - - [03/Jul/2023:20:04:54 -0500] "GET /BLA/boletinlegal/images/icono-email.png HTTP/1.1" 200 5544
172.22.2.4 - - [03/Jul/2023:20:04:54 -0500] "GET /BLA/boletinlegal/images/footer_bg.jpg HTTP/1.1" 200 586
172.22.2.4 - - [03/Jul/2023:20:04:54 -0500] "GET /BLA/boletinlegal/images/footer_bg_l.jpg HTTP/1.1" 200 776
172.22.2.4 - - [03/Jul/2023:20:04:54 -0500] "GET /BLA/boletinlegal/img/0.png HTTP/1.1" 200 110
172.22.2.4 - - [03/Jul/2023:20:04:54 -0500] "GET /BLA/boletinlegal/img/select-left.png HTTP/1.1" 200 263
172.22.2.4 - - [03/Jul/2023:20:04:54 -0500] "GET /BLA/boletinlegal/img/button-left.png HTTP/1.1" 200 57071
172.22.2.4 - - [03/Jul/2023:20:04:54 -0500] "GET /BLA/boletinlegal/img/select-right.png HTTP/1.1" 200 44019
172.22.2.4 - - [03/Jul/2023:20:04:54 -0500] "GET /BLA/boletinlegal/img/button.png HTTP/1.1" 200 43241
172.22.2.4 - - [03/Jul/2023:20:04:54 -0500] "GET /BLA/boletinlegal/img/button-right.png HTTP/1.1" 200 57878
173.252.111.8 - - [03/Jul/2023:20:04:59 -0500] "GET /images/aire-bogota.jpeg HTTP/1.1" 200 169194
173.252.111.2 - - [03/Jul/2023:20:05:00 -0500] "GET /images/stand-secretaria-ambiente-fima.jpg HTTP/1.1" 200 42537
181.57.18.194 - - [03/Jul/2023:20:05:00 -0500] "POST /forms/lservlet;jsessionid=ac16012b30d6ee0daf1504c24649b609c880a8aea096.e3iSbxaKaheRe34Ma3yMbN0Rbhf0n6jAmljGr5XDqQLvpAe HTTP/1.1" 200 1812
181.57.18.194 - - [03/Jul/2023:20:05:01 -0500] "POST /forms/lservlet;jsessionid=ac16012b30d6ee0daf1504c24649b609c880a8aea096.e3iSbxaKaheRe34Ma3yMbN0Rbhf0n6jAmljGr5XDqQLvpAe HTTP/1.1" 200 10
181.57.18.194 - - [03/Jul/2023:20:05:02 -0500] "POST /forms/lservlet;jsessionid=ac16012b30d6ee0daf1504c24649b609c880a8aea096.e3iSbxaKaheRe34Ma3yMbN0Rbhf0n6jAmljGr5XDqQLvpAe HTTP/1.1" 200 2
181.57.18.194 - - [03/Jul/2023:20:05:02 -0500] "POST /forms/lservlet;jsessionid=ac16012b30d6ee0daf1504c24649b609c880a8aea096.e3iSbxaKaheRe34Ma3yMbN0Rbhf0n6jAmljGr5XDqQLvpAe HTTP/1.1" 200 24
181.57.18.194 - - [03/Jul/2023:20:05:04 -0500] "POST /forms/lservlet;jsessionid=ac16012b30d6ee0daf1504c24649b609c880a8aea096.e3iSbxaKaheRe34Ma3yMbN0Rbhf0n6jAmljGr5XDqQLvpAe HTTP/1.1" 200 2353
181.57.18.194 - - [03/Jul/2023:20:05:07 -0500] "POST /forms/lservlet;jsessionid=ac16012b30d6ee0daf1504c24649b609c880a8aea096.e3iSbxaKaheRe34Ma3yMbN0Rbhf0n6jAmljGr5XDqQLvpAe HTTP/1.1" 200 7
172.22.2.4 - - [03/Jul/2023:20:05:07 -0500] "GET /BLA/boletinlegal/images/pdf.gif HTTP/1.1" 200 567
172.22.2.4 - - [03/Jul/2023:20:05:07 -0500] "GET /BLA/boletinlegal/consulta_actos.php?tipo=autos&no=4742&usuario=&sector=&fecha=2015&resuelve= HTTP/1.1" 200 1043
181.57.18.194 - - [03/Jul/2023:20:05:15 -0500] "POST /forms/lservlet;jsessionid=ac16012b30d6ee0daf1504c24649b609c880a8aea096.e3iSbxaKaheRe34Ma3yMbN0Rbhf0n6jAmljGr5XDqQLvpAe HTTP/1.1" 200 156
173.252.111.2 - - [03/Jul/2023:20:05:15 -0500] "GET /images/liberacion-animales-silvestres.jpg HTTP/1.1" 200 57397
181.57.18.194 - - [03/Jul/2023:20:05:15 -0500] "POST /forms/lservlet;jsessionid=ac16012b30d6ee0daf1504c24649b609c880a8aea096.e3iSbxaKaheRe34Ma3yMbN0Rbhf0n6jAmljGr5XDqQLvpAe HTTP/1.1" 200 2
181.57.18.194 - - [03/Jul/2023:20:05:16 -0500] "POST /forms/lservlet;jsessionid=ac16012b30d6ee0daf1504c24649b609c880a8aea096.e3iSbxaKaheRe34Ma3yMbN0Rbhf0n6jAmljGr5XDqQLvpAe HTTP/1.1" 200 930
181.57.18.194 - - [03/Jul/2023:20:05:17 -0500] "POST /forms/lservlet;jsessionid=ac16012b30d6ee0daf1504c24649b609c880a8aea096.e3iSbxaKaheRe34Ma3yMbN0Rbhf0n6jAmljGr5XDqQLvpAe HTTP/1.1" 200 13
181.57.18.194 - - [03/Jul/2023:20:05:20 -0500] "POST /forms/lservlet;jsessionid=ac16012b30d6ee0daf1504c24649b609c880a8aea096.e3iSbxaKaheRe34Ma3yMbN0Rbhf0n6jAmljGr5XDqQLvpAe HTTP/1.1" 200 1350
172.22.2.4 - - [03/Jul/2023:20:05:28 -0500] "GET /BLA/boletinlegal/consulta_actos.php?tipo=autos&no=4772&usuario=&sector=&fecha=2015&resuelve= HTTP/1.1" 200 1111
181.55.68.56 - - [03/Jul/2023:20:05:31 -0500] "GET /BLA/resoluciones/AUTOS%202015/4772.pdf HTTP/1.1" 200 602792
172.22.2.4 - - [03/Jul/2023:20:04:51 -0500] "GET /BLA/boletinlegal/ HTTP/1.1" 200 55739
201.245.192.253 - - [03/Jul/2023:20:06:32 -0500] "POST /kwsrmcab/Wsrmcab  HTTP/1.1" 200 213
181.57.18.194 - - [03/Jul/2023:20:07:02 -0500] "POST /forms/lservlet;jsessionid=ac16012b30d6ee0daf1504c24649b609c880a8aea096.e3iSbxaKaheRe34Ma3yMbN0Rbhf0n6jAmljGr5XDqQLvpAe HTTP/1.1" 200 2
172.22.2.4 - - [03/Jul/2023:20:05:29 -0500] "HEAD /BLA/boletinlegal/ HTTP/1.1" 200 -
172.22.2.4 - - [03/Jul/2023:20:06:19 -0500] "GET /BLA/boletinlegal/ HTTP/1.1" 200 52495
181.57.18.194 - - [03/Jul/2023:20:09:02 -0500] "POST /forms/lservlet;jsessionid=ac16012b30d6ee0daf1504c24649b609c880a8aea096.e3iSbxaKaheRe34Ma3yMbN0Rbhf0n6jAmljGr5XDqQLvpAe HTTP/1.1" 200 2
216.245.221.92 - - [03/Jul/2023:20:09:16 -0500] "HEAD / HTTP/1.1" 200 -
181.57.18.194 - - [03/Jul/2023:20:11:02 -0500] "POST /forms/lservlet;jsessionid=ac16012b30d6ee0daf1504c24649b609c880a8aea096.e3iSbxaKaheRe34Ma3yMbN0Rbhf0n6jAmljGr5XDqQLvpAe HTTP/1.1" 200 2
172.22.2.4 - - [03/Jul/2023:20:11:27 -0500] "GET /BLA/boletinlegal/actos.php HTTP/1.1" 200 9682
186.30.172.207 - - [03/Jul/2023:20:11:30 -0500] "GET /BLA/resoluciones/ HTTP/1.1" 200 13502
201.245.192.253 - - [03/Jul/2023:20:11:31 -0500] "POST /kwsrmcab/Wsrmcab  HTTP/1.1" 200 213
191.111.20.200 - - [03/Jul/2023:20:11:42 -0500] "GET /BLA/resoluciones/index.php HTTP/1.1" 200 13502
191.111.20.200 - - [03/Jul/2023:20:11:44 -0500] "GET /BLA/resoluciones/index.php?dir=AUTOS+2022%2F HTTP/1.1" 200 499000
186.102.46.4 - - [03/Jul/2023:20:12:21 -0500] "GET /kwssiamovil/sm/ldap/au?x=U2FsdGVkX18v+RMDoBT8umI/68c6No27b1UXAlGt5u7V2ETdZsXNfST1sEifCOig&y=U2FsdGVkX1/LSTzz6U149BH6ZvxJ3LIBNzWTzHiCbNjkBMhC3viAWUlQuK2vn/W6 HTTP/1.1" 200 30
186.102.46.4 - - [03/Jul/2023:20:12:21 -0500] "GET /kwssiamovil/sm/acme/s?s=U2FsdGVkX18Xc/JbIt09qzozSVnyPIVfG/8yp7YPIwCq117NekVpQoIBbFzwEkyp6g0f3vjF7U2P9F5PGDGngyEB24QbGAmpSsesTBhVK3c=&u=U2FsdGVkX184FDULRCESBXsTz9qrFGPb+OByEhFrTtE=&y=U2FsdGVkX1/LSTzz6U149BH6ZvxJ3LIBNzWTzHiCbNjkBMhC3viAWUlQuK2vn/W6 HTTP/1.1" 200 97
186.102.46.4 - - [03/Jul/2023:20:12:21 -0500] "GET /kwssiamovil/sm/acme/s?s=U2FsdGVkX1908k0FeTPWvs40YnPS5ZDGpPPgFG2y85tKvKqw5h1F4RIT6G2UGxawUycd2y7O9plYF1ohLZfbyjn9Vik8zThCPCJWtwvmAxTEN6CrSbHq3IWauw24e0beZkk1H/giF6N1nwojJSB7WZV9aqgV0mhh2Y0r0NGgaQ/0P9sfzP/t2ZW5XbofCqT6wAiQagDbty0WTKLO99J23SIZFMAkObFSE6QOkSHXdKYA4v6MG/dSTgTSWbmKFbKMEis1NADqkODvTlL/s8GAQKR6oZ1DgYFBsdHPEoGCLcW4i5WGZrkAegeI7R/5E/37xeiuEwfxYrY8iaTJNO/ZyD4LxUpEavC7D+TeFcb3hDwnYp1cBWtnTnFq4xTambLurGSd84obQ3hgjGA1DPipDZ/vln7zJKl76bHTQFH54OaEXhnG0tdgIBu4sEBg0TJhUAFBu46wDzIAEpr5fkfz8uyrjaEa6M1xAwUmjwbtZAlFohxJEfPAjSMpMnt+luZ+rPASsqvmObbSJFQdYJQkJZF/xdtdzdVygYt6iDetPjTFCiPYBUbOxBLmsJ2HGs7KS7K4YNV1pdz3E5cdc72bctrBUP8RHaa/bS/3P3fgqlZjKJMjuKcEHPX23ZGWwNDJaArZH5Ux4XLxEM3g4OYQGQC4/3QNCR3hq8gS08BUImhhzmjRnMhvBT8qF1CNEVk48endGIbrCBzv54GVCIfzRnDK5ZnQVzvWC5ucO38GOf9rzbfDr6YgbvCZpSeTYw8tzFQxIcfAu82w4d5Ag/y7NmUd5RtbTGuXqic4dwH74OOXmglbBNFjyeFfUdQy/oyynEH/2dr+xjHF/ljwtT4BY/fNZ1qbFWejPIT1RtKQWe0RvRdnZM0t9GnlLAYXBT0fhz9Jyz1dCz4gqkrT8ATFKpkXbrMTlH5v19i0/cKhE6kddFU8ZNdtMIqW6QI2Y4RC2Y1TX9rmZksqc948k5MMhWbMTif6m/WGKrYnbFbqgkdfrKzpn8APpTEITzdgDroUye6kREH/aYYMz+55vWFgUTo9IrnRljYV3Y/kPWP59Va76n9pZRU2WkS/795BBsjsczN6hlvuhDIfm6egP8IIWqOc0CsLm48L2I7zQZYembnyfsd5ElqniKP0zJGwNuIZoGxl7Gl6Na3RR6Bd7kzMLyFbn87jVRhGdAR12SEcWCSq3Yi2BHOAoJwRVceTM5ryuiZvu1eHAH4tE5lO8nfSR4+kkqbrpvk8Iq5xAg9Q/r1cz5te9f2DqSxLBkoiitFsH4BZYIhh39fqlz0qy7VIRGrkUgSAob5owOQ5x4tX3mWIi/JuduVBmGjGmjrbSTDXWGhL7MkH1858XuTKYN3aTn/5RzmZZqu3Cojz2TSrxvg4Tl1ttVMDoX9DSB7Di7zl/1npn59TeYE2FbKyd8Or+niPQtTHyZwGpcV97fc7Nrk=&u=U2FsdGVkX184FDULRCESBXsTz9qrFGPb+OByEhFrTtE=&y=U2FsdGVkX1/LSTzz6U149BH6ZvxJ3LIBNzWTzHiCbNjkBMhC3viAWUlQuK2vn/W6 HTTP/1.1" 200 358
186.102.46.4 - - [03/Jul/2023:20:12:21 -0500] "GET /kwssiamovil/sm/acme/s?s=U2FsdGVkX181Bj1i/tgMq50Us9jqsPxiq92BDCJQz8iAWQvv2HSA65kUL3+aCQZB+9+qyhNdYkMgnTlSErP8hkleGY08AYUJDxsayrAUnsyUV3IP39ShEw4dYAK97bt4BxSyNb6PBkFnx6fU1wGgcJ7maVOKG/9CpzZ+KWr2IA2cgeizK0cR5NIETLQiv7XEUVz6GXhr9vgXfuLzzLw7CJmbHO1hfIx9ME7CuOn1ec/IQoTBCFe+GfHASnmacY82He/i8YPmikf1lvwVY0Ey3+yMn3iX6w9u+sB5oeumslQhmPe/Nj1CLkhFpB8nAiO7HXjmm67VC7fLCAZpSF3jkw==&u=U2FsdGVkX184FDULRCESBXsTz9qrFGPb+OByEhFrTtE=&y=U2FsdGVkX1/LSTzz6U149BH6ZvxJ3LIBNzWTzHiCbNjkBMhC3viAWUlQuK2vn/W6 HTTP/1.1" 200 196
186.102.46.4 - - [03/Jul/2023:20:12:22 -0500] "GET /kwssiamovil/sm/cjson/pre?f=1&x=U2FsdGVkX18v+RMDoBT8umI/68c6No27b1UXAlGt5u7V2ETdZsXNfST1sEifCOig HTTP/1.1" 200 31032
186.30.172.207 - - [03/Jul/2023:20:12:48 -0500] "GET /BLA/resoluciones/index.php?dir=AUTOS+2023%2F HTTP/1.1" 200 133336
172.22.2.4 - - [03/Jul/2023:20:11:19 -0500] "HEAD /BLA/boletinlegal/ HTTP/1.1" 200 -
181.57.18.194 - - [03/Jul/2023:20:13:02 -0500] "POST /forms/lservlet;jsessionid=ac16012b30d6ee0daf1504c24649b609c880a8aea096.e3iSbxaKaheRe34Ma3yMbN0Rbhf0n6jAmljGr5XDqQLvpAe HTTP/1.1" 200 2
172.22.2.4 - - [03/Jul/2023:20:12:10 -0500] "GET /BLA/boletinlegal/ HTTP/1.1" 200 59192
66.249.77.10 - - [03/Jul/2023:20:13:50 -0500] "GET /ruta-de-la-libertad-mas-de-400-animales-silvestres-fueron-liberados-por-la-secretaria-de-ambiente-en-el-cesar.html HTTP/1.1" 200 853
216.245.221.92 - - [03/Jul/2023:20:14:16 -0500] "HEAD / HTTP/1.1" 200 -
186.30.13.43 - - [03/Jul/2023:20:14:19 -0500] "GET /galeria/galeria/jquery.fancybox.css?v=2.1.5 HTTP/1.1" 200 4895
186.30.13.43 - - [03/Jul/2023:20:14:19 -0500] "GET /BLA/boletinlegal/js/jquery.scrollShow.js HTTP/1.1" 200 4586
186.30.13.43 - - [03/Jul/2023:20:14:20 -0500] "GET /galeria/galeria/jquery.fancybox.js?v=2.1.5 HTTP/1.1" 200 48706
186.30.13.43 - - [03/Jul/2023:20:14:20 -0500] "GET /galeria/carrusel/Carrusel/jquery.thumbnailScroller.css HTTP/1.1" 200 2066
186.30.13.43 - - [03/Jul/2023:20:14:21 -0500] "GET /galeria/carrusel/Carrusel/jquery-ui-1.8.13.custom.min.js HTTP/1.1" 200 10800
186.30.13.43 - - [03/Jul/2023:20:14:21 -0500] "GET /galeria/nivo-slider/demo/banner.html HTTP/1.1" 200 5446
186.30.13.43 - - [03/Jul/2023:20:14:21 -0500] "GET /galeria/carrusel/Carrusel/jquery.thumbnailScroller.js HTTP/1.1" 200 8157
186.30.13.43 - - [03/Jul/2023:20:14:21 -0500] "GET /galeria/nivo-slider/themes/default/default.css HTTP/1.1" 200 1569
186.30.13.43 - - [03/Jul/2023:20:14:21 -0500] "GET /galeria/nivo-slider/themes/pascal/pascal.css HTTP/1.1" 200 2258
186.30.13.43 - - [03/Jul/2023:20:14:22 -0500] "GET /galeria/nivo-slider/themes/orman/orman.css HTTP/1.1" 200 2152
186.30.13.43 - - [03/Jul/2023:20:14:23 -0500] "GET /galeria/nivo-slider/nivo-slider.css HTTP/1.1" 200 1507
186.30.13.43 - - [03/Jul/2023:20:14:23 -0500] "GET /galeria/nivo-slider/demo/style.css HTTP/1.1" 200 2222
186.30.13.43 - - [03/Jul/2023:20:14:23 -0500] "GET /galeria/nivo-slider/demo/scripts/jquery-1.7.1.min.js HTTP/1.1" 200 93868
186.30.13.43 - - [03/Jul/2023:20:14:23 -0500] "GET /galeria/nivo-slider/jquery.nivo.slider.pack.js HTTP/1.1" 200 11561
186.30.13.43 - - [03/Jul/2023:20:14:23 -0500] "GET /galeria/nivo-slider/demo/images/bannertortuga_optimized.jpg HTTP/1.1" 200 39066
186.30.13.43 - - [03/Jul/2023:20:14:23 -0500] "GET /galeria/nivo-slider/demo/images/Bannermujeresquereverdecen.jpg HTTP/1.1" 200 46558
186.30.13.43 - - [03/Jul/2023:20:14:23 -0500] "GET /galeria/nivo-slider/demo/images/bannertrafico_optimized.jpg HTTP/1.1" 200 42578
186.30.13.43 - - [03/Jul/2023:20:14:23 -0500] "GET /galeria/nivo-slider/demo/images/Bannersedeelectronica.jpg HTTP/1.1" 200 40383
186.30.13.43 - - [03/Jul/2023:20:14:23 -0500] "GET /galeria/nivo-slider/demo/images/bannerrutaesperanza.jpg HTTP/1.1" 200 55560
186.30.13.43 - - [03/Jul/2023:20:14:23 -0500] "GET /galeria/nivo-slider/demo/images/banneraire2021.jpg HTTP/1.1" 200 265101
186.30.13.43 - - [03/Jul/2023:20:14:23 -0500] "GET /galeria/nivo-slider/demo/images/Bannerplasticosseptiembre.jpg HTTP/1.1" 200 45633
186.30.13.43 - - [03/Jul/2023:20:14:23 -0500] "GET /galeria/nivo-slider/demo/images/bannerresiduoshospitalariosagosto.jpg HTTP/1.1" 200 36499
186.30.13.43 - - [03/Jul/2023:20:14:23 -0500] "GET /galeria/nivo-slider/demo/images/banneraccionpopularcrr68.jpg HTTP/1.1" 200 51887
186.30.13.43 - - [03/Jul/2023:20:14:23 -0500] "GET /galeria/nivo-slider/demo/images/banneraccionpopular.jpeg HTTP/1.1" 200 41707
186.30.13.43 - - [03/Jul/2023:20:14:24 -0500] "GET /galeria/nivo-slider/demo/images/bannerclases2021.jpg HTTP/1.1" 200 68230
186.30.13.43 - - [03/Jul/2023:20:14:24 -0500] "GET /galeria/nivo-slider/demo/images/bannercapacitacionesbogota.jpg HTTP/1.1" 200 42416
186.30.13.43 - - [03/Jul/2023:20:14:24 -0500] "GET /galeria/nivo-slider/demo/images/Bannerenvases.jpg HTTP/1.1" 200 37316
186.30.13.43 - - [03/Jul/2023:20:14:24 -0500] "GET /galeria/nivo-slider/demo/images/Bannervirtualescanales.jpg HTTP/1.1" 200 174544
186.30.13.43 - - [03/Jul/2023:20:14:24 -0500] "GET /galeria/nivo-slider/themes/default/loading.gif HTTP/1.1" 200 1737
181.57.18.194 - - [03/Jul/2023:20:15:02 -0500] "POST /forms/lservlet;jsessionid=ac16012b30d6ee0daf1504c24649b609c880a8aea096.e3iSbxaKaheRe34Ma3yMbN0Rbhf0n6jAmljGr5XDqQLvpAe HTTP/1.1" 200 2
186.30.13.43 - - [03/Jul/2023:20:15:47 -0500] "GET /galeria/nivo-slider/demo/scripts/jquery-1.7.1.min.js HTTP/1.1" 200 93868
186.30.13.43 - - [03/Jul/2023:20:15:47 -0500] "GET /galeria/nivo-slider/themes/pascal/pascal.css HTTP/1.1" 200 2258
186.30.13.43 - - [03/Jul/2023:20:15:47 -0500] "GET /galeria/nivo-slider/themes/orman/orman.css HTTP/1.1" 200 2152
186.30.13.43 - - [03/Jul/2023:20:15:47 -0500] "GET /galeria/nivo-slider/jquery.nivo.slider.pack.js HTTP/1.1" 200 11561
186.30.13.43 - - [03/Jul/2023:20:15:47 -0500] "GET /galeria/nivo-slider/nivo-slider.css HTTP/1.1" 200 1507
186.30.13.43 - - [03/Jul/2023:20:15:47 -0500] "GET /galeria/nivo-slider/demo/style.css HTTP/1.1" 200 2222
186.30.13.43 - - [03/Jul/2023:20:15:48 -0500] "GET /galeria/nivo-slider/themes/default/loading.gif HTTP/1.1" 200 1737
186.30.13.43 - - [03/Jul/2023:20:15:48 -0500] "GET /galeria/nivo-slider/demo/images/bannertortuga_optimized.jpg HTTP/1.1" 200 39066
186.30.13.43 - - [03/Jul/2023:20:15:48 -0500] "GET /galeria/nivo-slider/demo/images/Bannermujeresquereverdecen.jpg HTTP/1.1" 200 46558
186.30.13.43 - - [03/Jul/2023:20:15:48 -0500] "GET /galeria/nivo-slider/demo/images/bannertrafico_optimized.jpg HTTP/1.1" 200 42578
186.30.13.43 - - [03/Jul/2023:20:15:48 -0500] "GET /galeria/nivo-slider/demo/images/4Simple_Slider.png HTTP/1.1" 200 11722
186.30.13.43 - - [03/Jul/2023:20:15:48 -0500] "GET /galeria/nivo-slider/demo/images/Bannersedeelectronica.jpg HTTP/1.1" 200 40383
186.30.13.43 - - [03/Jul/2023:20:15:48 -0500] "GET /galeria/nivo-slider/demo/images/bannerrutaesperanza.jpg HTTP/1.1" 200 55560
186.30.13.43 - - [03/Jul/2023:20:15:48 -0500] "GET /galeria/nivo-slider/demo/images/banneraire2021.jpg HTTP/1.1" 200 265101
186.30.13.43 - - [03/Jul/2023:20:15:48 -0500] "GET /galeria/nivo-slider/demo/images/Bannerplasticosseptiembre.jpg HTTP/1.1" 200 45633
186.30.13.43 - - [03/Jul/2023:20:15:48 -0500] "GET /galeria/nivo-slider/demo/images/bannerresiduoshospitalariosagosto.jpg HTTP/1.1" 200 36499
186.30.13.43 - - [03/Jul/2023:20:15:48 -0500] "GET /galeria/nivo-slider/demo/images/banneraccionpopularcrr68.jpg HTTP/1.1" 200 51887
186.30.13.43 - - [03/Jul/2023:20:15:48 -0500] "GET /galeria/nivo-slider/demo/images/banneraccionpopular.jpeg HTTP/1.1" 200 41707
186.30.13.43 - - [03/Jul/2023:20:15:48 -0500] "GET /galeria/nivo-slider/demo/images/bannerclases2021.jpg HTTP/1.1" 200 68230
186.30.13.43 - - [03/Jul/2023:20:15:48 -0500] "GET /galeria/nivo-slider/demo/images/bannercapacitacionesbogota.jpg HTTP/1.1" 200 42416
186.30.13.43 - - [03/Jul/2023:20:15:48 -0500] "GET /galeria/nivo-slider/demo/images/Bannerenvases.jpg HTTP/1.1" 200 37316
186.30.13.43 - - [03/Jul/2023:20:15:48 -0500] "GET /galeria/nivo-slider/demo/images/Bannervirtualescanales.jpg HTTP/1.1" 200 174544
186.30.13.43 - - [03/Jul/2023:20:15:48 -0500] "GET /galeria/nivo-slider/demo/images/bannertortuga_optimized.jpg HTTP/1.1" 200 39066
186.30.13.43 - - [03/Jul/2023:20:15:48 -0500] "GET /galeria/nivo-slider/themes/default/bullets.png HTTP/1.1" 200 1281
186.30.13.43 - - [03/Jul/2023:20:15:48 -0500] "GET /galeria/nivo-slider/themes/default/arrows.png HTTP/1.1" 200 824
186.30.13.43 - - [03/Jul/2023:20:15:58 -0500] "GET /galeria/nivo-slider/demo/images/Bannermujeresquereverdecen.jpg HTTP/1.1" 200 46558
201.245.192.253 - - [03/Jul/2023:20:16:29 -0500] "POST /kwsrmcab/Wsrmcab  HTTP/1.1" 200 213
181.57.18.194 - - [03/Jul/2023:20:17:02 -0500] "POST /forms/lservlet;jsessionid=ac16012b30d6ee0daf1504c24649b609c880a8aea096.e3iSbxaKaheRe34Ma3yMbN0Rbhf0n6jAmljGr5XDqQLvpAe HTTP/1.1" 200 2
52.167.144.46 - - [03/Jul/2023:20:17:06 -0500] "GET /galeria/galeria/jquery.fancybox.js?v=2.1.5 HTTP/1.1" 200 48706
186.29.158.219 - - [03/Jul/2023:20:17:30 -0500] "GET /kwssiamovil/sm/acme/a?s=U2FsdGVkX18vTEWPQ1M9rG9YBO0MxzHL6k4FaBuPZmk7kMDgH0Ulip2lCbgshr7ujLCC1Lc9N+udPVE3bns3JZZGH2wPOWaEv3L47KdCwmLFeRMTJlwIr/Ty9HiJC57wZEW5Vo8DJcT/e5NLy18NYq9yGpr+DtzKENnwi7rKeCgGJsR+FYtqoBiWiMpVQqENicdCqzGfxsiBbGfqQbexIrM38TMs7vOKTLFVB7TDNOKiWCT1Ovoy9BYlqJXdQtQxJWc/0rgAwAOvnSJqZpg5Ug==&u=U2FsdGVkX18l9dVIxaAHfPnjG91bQTSdvzBnEjLqy3X7cMhOiOCjZstNoI88NxBs&y=U2FsdGVkX19S1AnYk7qQU41xZCODqRSky6TCJW3xndMYpc6K5H7DZVbbdqo5I2cb HTTP/1.1" 200 26
