186.29.158.219 - - [03/Jul/2023:20:17:31 -0500] "GET /kwssiamovil/sm/acme/a?s=U2FsdGVkX18K//veFfJaHBaSHsJWIx9hhKcpGjzuOkl2NPgrQZesDo1M26tAgPvUuewQLQzsFEaHK3ROu+e6qnuJo9fnfEuYydwxpgVmKN7ZkfIPcevLqCluj8KO2TFHtdct201ETFCLIoqNaMNst2Y3k/SUqOpgjTA2WPc0xZ3Fmwh5RVO+YUUOfOrlfwVY4/oz1/VuUOgvqi7Jltz2wEPtp45CNpbwUx8nlrgD/CmpK/aD4u+ywRmBfJ3f/z7OsrqbYFhyXscgsKU8Cmb/YEsUdmIMbj/lM/UQA5B3w3OqYxc7BLUZtltWJU1SQKBjFjg2snspNF/M/LfNF49b6jFD9OXqXP8ziyRHD/nuTDXsVuq5Nrj0Gz4rOuZoX5l31DIz/gTG7siUKHbvpy8UYqs+/7n9D+Ql+oggSBHKGEAfIlP5AJ8wUdf9R0dMewSs7vnKimg7ztfupfQwztp+JyC311lvO2rFNUBbQwxZG849EGzeFc53P1ADGPcWk3cCBCCBW4iY73z0IOToEm8CvnBwGeaVZ3eda/5khIza4kHmaYhMwtZ/z7VUG8KVbC5rGJUuVcKi/Ss8kTawoqUpdu5VWszApMIsS4J07+A70C6ET+ZQ69aAZR8FnTi/aeP7EmHtSX+ooDsi7SExCclwM9W208+baYYjO3inbsBk8R68z74Fz4EgTTteJncdwcEJbOwYnt+biJwpdDT3tn5t9+W5L/Ruud+CGcR/QJNN/2RbyiDL/VYHYRn4Aado/f+dBL0wFhknonQ951KzB3gLRubPuCOGg4ZAP/+1MNyjPtskc5a/wgoKuwxPEWG9wlStxeNlz9ZVqQnO58CA8OGwa5EsCe+fFGVPgTaiLvm6ZXHX2707su8Yc7i6gkKP83wo/lE8qEVJqu+hf26L/x6hOEHUMdoIevqEqhGQ+uYldrS/zcWHXcG4kCqfl/ojIhOfrDPMFkZ3yLBS9vt1KsIDcR+21skZC1iDadEFMYg67IeaeTmS2qe2Skk1cbT3FdJYQ4ABOellb4w7RF2bvndDfsUong39zvYlorE75i69zJnvgh+4DCIgFfjLhVRE+X2vexcwD5xw3Y9NRlgBXwwgJUTZXHyOEW20I5iqY2iAK5CPjVtYLr/2wUoo5hpQoFno5XZIguMLiJF20jskfNYhUsbeYM7/DaP7dN791TaGN7x5GH9M2INmJodwy1G0/6Z3Fdt2rhLEbyK4XEwfgbfidLpB+CkHySS+pUHoNF1JwWfKYoNHLY9mkxwjl0u+7+BxbejD6CNt520ni1ArpRkYQpePUJX3hwU9LG8NaHYvGww4QjeSNdUmFuAROSCrpF8aKYKLoYhRiDJilVDZympQKn4wkJCmiyEdQfIj875dcD/g2pwyjIX9a8mkKHkuhn4IEUQfwDJz0rv6c66kmZATL3glkh+iExbCoAvkxy3K9hqeud3GzrtELxZiK5hT26F7pC0oYQvTIT1xZUBOekxwcWR/zBaYy/o7nBwmJxi8PBuSlUJVIfJsdpObCRdC4bRkKmjHUlyF3VDYuoSAZDhmmJ4IWbDkvZyfrsZsy4+j3vxgfssixIsA4NqcFdHRxxQdW1f17uIdRZikkkvjFy7mSQ==&u=U2FsdGVkX18l9dVIxaAHfPnjG91bQTSdvzBnEjLqy3X7cMhOiOCjZstNoI88NxBs&y=U2FsdGVkX19S1AnYk7qQU41xZCODqRSky6TCJW3xndMYpc6K5H7DZVbbdqo5I2cb HTTP/1.1" 200 26
186.29.158.219 - - [03/Jul/2023:20:17:31 -0500] "GET /kwssiamovil/sm/acme/a?s=U2FsdGVkX1+BMppBYJSySXRKHNrSqDAL7lsqc4JQ+JtNYn8CvM+/ZleG0LsyHBzE34ReL2J1FPctPCdPNNN2eBbcTMIQkFOEptQWOx09HtiH5MsnMS/mkNp7aKDbcmhyuI8A/x2FKxF3owWTBAEOixu4QHQYJXtIXM8zsmjAksA=&u=U2FsdGVkX18l9dVIxaAHfPnjG91bQTSdvzBnEjLqy3X7cMhOiOCjZstNoI88NxBs&y=U2FsdGVkX19S1AnYk7qQU41xZCODqRSky6TCJW3xndMYpc6K5H7DZVbbdqo5I2cb HTTP/1.1" 200 26
186.29.158.219 - - [03/Jul/2023:20:17:32 -0500] "GET /kwssiamovil/sm/acme/a?s=U2FsdGVkX195VixVhIlP8ziKUZpUz0FkpEyuGk1BznxqKZNefJxUruT3qVsJYwTG5lqGRxcCssNfzH2uJhCm0fl7FP16QLoJ3oTi8uGZbdkusbZl6iRQDqUMLkfjhpU8f+mrGbFcZV9t+M77mqhktqrl01h/iIENXvCnHOodeH8=&u=U2FsdGVkX18l9dVIxaAHfPnjG91bQTSdvzBnEjLqy3X7cMhOiOCjZstNoI88NxBs&y=U2FsdGVkX19S1AnYk7qQU41xZCODqRSky6TCJW3xndMYpc6K5H7DZVbbdqo5I2cb HTTP/1.1" 200 26
186.29.158.219 - - [03/Jul/2023:20:17:32 -0500] "GET /kwssiamovil/sm/acme/a?s=U2FsdGVkX1/YhQi3q32LR89ne64/S4kSyDc6JiyjlhurzHNqWLCTAH/mzLshv3suGaZZ3j+HiHJp1JKtFq9Bce45scw6AwrcMpd3VbFAoFk+PjCPwC2qRySEcxlYdpDwpe1xQSho6Ti1uNpejJTnG2dZvo3ejV9XOqCEasMavMg=&u=U2FsdGVkX18l9dVIxaAHfPnjG91bQTSdvzBnEjLqy3X7cMhOiOCjZstNoI88NxBs&y=U2FsdGVkX19S1AnYk7qQU41xZCODqRSky6TCJW3xndMYpc6K5H7DZVbbdqo5I2cb HTTP/1.1" 200 26
186.29.158.219 - - [03/Jul/2023:20:17:32 -0500] "GET /kwssiamovil/sm/acme/a?s=U2FsdGVkX1+wDx7uDV4rWPaGQT6InA9ZYLPAsRHdcFB7jD8m1WFd/mzxQTZ/m34f8Z2JLkKgUO4W8W4y6txoaiAZGlfNi9hGcFG6PIAqu6BtYqf8oY5xPVVabodyaNVdy+92L+gyviugwoAzkT5LyTIz7k745v7tPJYlbuJnTVB/AEtfQZHS4ww6s4FN8vFJD7Yl8VFtxskydisXaJ3Lpw==&u=U2FsdGVkX18l9dVIxaAHfPnjG91bQTSdvzBnEjLqy3X7cMhOiOCjZstNoI88NxBs&y=U2FsdGVkX19S1AnYk7qQU41xZCODqRSky6TCJW3xndMYpc6K5H7DZVbbdqo5I2cb HTTP/1.1" 200 26
172.22.2.4 - - [03/Jul/2023:20:17:58 -0500] "POST /BLA/boletinlegal/admin/actos/ingresar.php HTTP/1.1" 200 7302
172.22.2.4 - - [03/Jul/2023:20:18:11 -0500] "GET /BLA/boletinlegal/consulta_actos.php?tipo=resoluciones&no=1328&usuario=&sector=&fecha=2022&resuelve= HTTP/1.1" 200 1172
173.252.83.9 - - [03/Jul/2023:20:18:39 -0500] "GET /images/caminatas-ecol\xc3\xb3gicas-marzo---1920x1080_optimized.jpg HTTP/1.1" 404 1034
186.102.46.4 - - [03/Jul/2023:20:18:48 -0500] "GET /kwssiamovil/sm/acme/a?s=U2FsdGVkX1/TW1cTOCThFQkag7kDz3l39rUWm4pA7p07PhLL0npw5b+J11hC1L6tbGrL6JKJiZHAe1lDOPxrC5rsX8KLBZAKo90vjLVcQLaijNARTrHjzKNRtiqcURnReddrHug4MJNvawEsXj7A6YK+/69vG32NmIH3Lb7pC40fg7Wn2mQ161zhALGrPxhcGgwMbZqsY/IfQjm2QDOiH83IA6MHGisv4MQmk9+BHYtohLjhH5YM4SrpcownOtq2fKLSsjhX6Lgcd+uPQCJw+w==&u=U2FsdGVkX184FDULRCESBXsTz9qrFGPb+OByEhFrTtE=&y=U2FsdGVkX1/LSTzz6U149BH6ZvxJ3LIBNzWTzHiCbNjkBMhC3viAWUlQuK2vn/W6 HTTP/1.1" 200 26
186.102.46.4 - - [03/Jul/2023:20:18:48 -0500] "GET /kwssiamovil/sm/acme/a?s=U2FsdGVkX1+oXxqXsgKm+/JahOE0oUI6Rb0xBqc2bcmAja9w9Si1aYqTpZWSGKz6bmSb0TpY1Ph7jjn7TtidYWp+SFac4uv7UdICJqX2nPdwMWyzKMxyWpF4QVDFGKEWFQyCMEVjstd7slpOSXcRsu2dUhm0TT/ITu8f3ajBclhLCXyZ5dm6YFThFX3DK9CInptVdeTfqgowb000wxV+sdjDVjDZLZihJ3CnKqDhtTNmKsHbB6zPOHN69yR+305dt54Tp/shsH1L/ULXoonjY0yHL/VRdppP1+jq73xDEnG08LVXnW82QCCgGTuad+7iBnAZl5iyVSYHwJSOKBIGOJOklwq9l1oGCXYZ0h3UBp1rI0s307D37nkmCRKZva+0BNRowK2CdJwfHYQiIT/bJwNAH8sGUSRIf7TjQM0tvHtNVDUo35BNCb4q0UT0oSaymGDk+hT17hbCkYA6yN/dyTNJ4s1rV4rb1X/UbU9RTskh4Wvw9P1ggcxlLJBwNGgcJgC/E8qLioCdnGn5YfU5P81YMnBRAAfMMxYkD/+bCaBqBvIMHaD/6f/ZRRxpBxl3oLnl8/c6TkmQQwqeYCEVFkOcnnu2v780gNxmB2Ja09WKTL6zwve4dmcKpVhwTKonNd0NR5eQgWJJPK2pD8kfQxrWi8PYcuoNHelymlb/OpWtw9pp2CcwEYcmw/VSkDAWQwCHwqSTV/JPX86rQEFb54bizDwp13+cjejWoQxTtCKU+PgSWP45+t1DsclSTiAJeRarM/kjDQuNvtb6xIN4W4UQGaH7DED7G6kXAhQ7NTbDr+q1MjgS0vjgSP1VHTn1DuuwLnAE6rHK0XIw3kxUwE3TEX1aCZdMtga79onsPXTDJHj8Ux3jNIgdfx0/8x47o9sk66FFUM5zEbo8dky1dmTq+eiXR1ns4SSqtxqV3x7mhxtiH2FdcRVBsTAqn/suIa0EDVnnNB0j6pUAdhT+SgkCByh5DhiHFCuPXM+awjxOfoXpQAAKyIJCQwOqM/UcfyY7AIUDZmNuGzWReqWiQAWNSCocFpjzx5ARGBWHczvi2nVMv4wxENaghqHq5A410gCL/2fLjXO8yGq1oD3U9DCLbehaMPM1zSdltBP6ao1nXH2tQADIaBI8rdjWMXv6v7XPHNAhEpZa2QW2Sg1l6sch/PrZHOM9yjy0TXJDDOzAfVmLitDKPGvDGwEuY6IKQ82meS1XIzeXabOwVv7H6Ik4m0IO/pwcuztoYxiPgb8OdJkqHI9LutPTY2l7yI7grKWMOJNPJve9gC0dmbffw5ZaEPE2JOzG7i0X8UlUiTpUXVYuUkSvPbFU4cTyYk6KS/2YZBobM1vTSAKyKDIQpf9PcmYgft7JX70ltxeEy1PPYQ2c5o3nJaghQDUXYIWfpGqGYChDfOQg+963OkWrQs0HeHFVI35dIDs0UNlswL3thaGz4+i0N3NspCgNxj7A&u=U2FsdGVkX184FDULRCESBXsTz9qrFGPb+OByEhFrTtE=&y=U2FsdGVkX1/LSTzz6U149BH6ZvxJ3LIBNzWTzHiCbNjkBMhC3viAWUlQuK2vn/W6 HTTP/1.1" 200 26
186.102.46.4 - - [03/Jul/2023:20:18:49 -0500] "GET /kwssiamovil/sm/acme/a?s=U2FsdGVkX19nlNl4JoWKJCPV04wFFA6GB6PteBKCdpEjXiR4F/kiMf3AJ5TUOAUAwVID9M6JKAQxNEkuyWVpkaNgwbc3qPPhUoVpd8EaF2H17lwJAppvGBgbBAzk9OdWvj574xL8Zvb1+RLtcrCGqpI7S8gKqLbIYrP46e8S8tQ=&u=U2FsdGVkX184FDULRCESBXsTz9qrFGPb+OByEhFrTtE=&y=U2FsdGVkX1/LSTzz6U149BH6ZvxJ3LIBNzWTzHiCbNjkBMhC3viAWUlQuK2vn/W6 HTTP/1.1" 200 26
186.102.46.4 - - [03/Jul/2023:20:18:49 -0500] "GET /kwssiamovil/sm/acme/a?s=U2FsdGVkX185wUqpXUTAeltV8j405lkdJle/BELDuhLC50IM3IGI6AkYLTc7IfD4A350aKnW+3CtmZCZTNqJPUUKjWTgejjLF48aMqYDVIJEEvYj+6/YuwgjpDudONe8rV3ffVX7nVbSb3XWFZw+c6eCqFEYoAbWwuEkKy9NpY0=&u=U2FsdGVkX184FDULRCESBXsTz9qrFGPb+OByEhFrTtE=&y=U2FsdGVkX1/LSTzz6U149BH6ZvxJ3LIBNzWTzHiCbNjkBMhC3viAWUlQuK2vn/W6 HTTP/1.1" 200 26
172.22.2.4 - - [03/Jul/2023:20:17:09 -0500] "HEAD /BLA/boletinlegal/ HTTP/1.1" 200 -
186.102.46.4 - - [03/Jul/2023:20:18:49 -0500] "GET /kwssiamovil/sm/acme/a?s=U2FsdGVkX1+h2ccsMIPiBNNtxoOUzEqd9jNVxoFQhG6InUSedC7fjNEjjuoZTHsdZWcj8Q2x+2xQR1QEJPQfDqR6SnPSOCvaoE2IvBtP3NnmWz6Oszav+s/5MkHQbfvxRhKCoKaSWTFFgjsnMTzgyouNMkefA0Lu+PGCbUtzKSo=&u=U2FsdGVkX184FDULRCESBXsTz9qrFGPb+OByEhFrTtE=&y=U2FsdGVkX1/LSTzz6U149BH6ZvxJ3LIBNzWTzHiCbNjkBMhC3viAWUlQuK2vn/W6 HTTP/1.1" 200 26
186.102.46.4 - - [03/Jul/2023:20:18:49 -0500] "GET /kwssiamovil/sm/acme/a?s=U2FsdGVkX18yCfR5Zj8itlrlHExnpQ7XowhLg86RDwncOGtMQJq/HNsq2WG3djbm/u85fdjxkI+10u9CaLcwLcWqmpUQb5NAhpkhjCvYzxO02SHZIdIgaI04USX1QM+lIZIgYqFyq7fTedGoEPoNvHjth9RNHbJtPf3j1DYHhkUCrkc4bA3UlisQaRVgTz6S&u=U2FsdGVkX184FDULRCESBXsTz9qrFGPb+OByEhFrTtE=&y=U2FsdGVkX1/LSTzz6U149BH6ZvxJ3LIBNzWTzHiCbNjkBMhC3viAWUlQuK2vn/W6 HTTP/1.1" 200 26
172.22.2.4 - - [03/Jul/2023:20:19:01 -0500] "GET /BLA/boletinlegal/actos.php HTTP/1.1" 200 9682
181.57.18.194 - - [03/Jul/2023:20:19:02 -0500] "POST /forms/lservlet;jsessionid=ac16012b30d6ee0daf1504c24649b609c880a8aea096.e3iSbxaKaheRe34Ma3yMbN0Rbhf0n6jAmljGr5XDqQLvpAe HTTP/1.1" 200 2
172.22.2.4 - - [03/Jul/2023:20:19:13 -0500] "GET /BLA/boletinlegal/consulta_actos.php?tipo=resoluciones&no=0846&usuario=&sector=&fecha=2013&resuelve= HTTP/1.1" 200 1086
216.245.221.92 - - [03/Jul/2023:20:19:16 -0500] "HEAD / HTTP/1.1" 200 -
181.55.68.56 - - [03/Jul/2023:20:19:16 -0500] "GET /BLA/resoluciones/RESOLUCIONES%202013/0846.pdf HTTP/1.1" 200 11556435
172.22.2.4 - - [03/Jul/2023:20:17:59 -0500] "GET /BLA/boletinlegal/ HTTP/1.1" 200 59192
201.245.192.253 - - [03/Jul/2023:20:20:06 -0500] "POST /kwsrmcab/Wsrmcab HTTP/1.1" 200 43195
201.245.192.253 - - [03/Jul/2023:20:20:08 -0500] "POST /kwsrmcab/Wsrmcab HTTP/1.1" 200 40181
181.57.18.194 - - [03/Jul/2023:20:21:02 -0500] "POST /forms/lservlet;jsessionid=ac16012b30d6ee0daf1504c24649b609c880a8aea096.e3iSbxaKaheRe34Ma3yMbN0Rbhf0n6jAmljGr5XDqQLvpAe HTTP/1.1" 200 2
201.245.192.253 - - [03/Jul/2023:20:21:29 -0500] "POST /kwsrmcab/Wsrmcab  HTTP/1.1" 200 213
181.57.18.194 - - [03/Jul/2023:20:23:02 -0500] "POST /forms/lservlet;jsessionid=ac16012b30d6ee0daf1504c24649b609c880a8aea096.e3iSbxaKaheRe34Ma3yMbN0Rbhf0n6jAmljGr5XDqQLvpAe HTTP/1.1" 200 2
190.24.58.13 - - [03/Jul/2023:20:23:30 -0500] "GET /galeria/galeria/jquery.fancybox.css?v=2.1.5 HTTP/1.1" 200 4895
172.22.2.4 - - [03/Jul/2023:20:24:07 -0500] "POST /BLA/boletinlegal/admin/actos/ingresar.php HTTP/1.1" 200 7302
216.245.221.92 - - [03/Jul/2023:20:24:16 -0500] "HEAD / HTTP/1.1" 200 -
172.22.2.4 - - [03/Jul/2023:20:24:18 -0500] "GET /BLA/boletinlegal/consulta_actos.php?tipo=resoluciones&no=1329&usuario=&sector=&fecha=2022&resuelve= HTTP/1.1" 200 1260
172.22.2.4 - - [03/Jul/2023:20:22:59 -0500] "HEAD /BLA/boletinlegal/ HTTP/1.1" 200 -
181.57.18.194 - - [03/Jul/2023:20:25:02 -0500] "POST /forms/lservlet;jsessionid=ac16012b30d6ee0daf1504c24649b609c880a8aea096.e3iSbxaKaheRe34Ma3yMbN0Rbhf0n6jAmljGr5XDqQLvpAe HTTP/1.1" 200 2
172.22.2.4 - - [03/Jul/2023:20:23:49 -0500] "GET /BLA/boletinlegal/ HTTP/1.1" 200 57272
201.245.192.253 - - [03/Jul/2023:20:26:27 -0500] "POST /kwsrmcab/Wsrmcab  HTTP/1.1" 200 213
181.57.18.194 - - [03/Jul/2023:20:27:02 -0500] "POST /forms/lservlet;jsessionid=ac16012b30d6ee0daf1504c24649b609c880a8aea096.e3iSbxaKaheRe34Ma3yMbN0Rbhf0n6jAmljGr5XDqQLvpAe HTTP/1.1" 200 2
172.22.2.4 - - [03/Jul/2023:20:27:08 -0500] "GET /BLA/boletinlegal/actos.php HTTP/1.1" 200 9682
172.22.2.4 - - [03/Jul/2023:20:27:08 -0500] "GET /BLA/boletinlegal/js/ajax_actos.js HTTP/1.1" 200 1322
172.22.2.4 - - [03/Jul/2023:20:27:08 -0500] "GET /BLA/boletinlegal/niceforms-default.css HTTP/1.1" 200 6694
172.22.2.4 - - [03/Jul/2023:20:27:08 -0500] "GET /BLA/boletinlegal/style.css HTTP/1.1" 200 9406
172.22.2.4 - - [03/Jul/2023:20:27:08 -0500] "GET /BLA/boletinlegal/niceforms.js HTTP/1.1" 200 22876
172.22.2.4 - - [03/Jul/2023:20:27:08 -0500] "GET /BLA/boletinlegal/styles2.css HTTP/1.1" 200 1838
172.22.2.4 - - [03/Jul/2023:20:27:08 -0500] "GET /BLA/boletinlegal/js/lib.js HTTP/1.1" 200 6474
172.22.2.4 - - [03/Jul/2023:20:27:08 -0500] "GET /BLA/boletinlegal/js/jquery1.js HTTP/1.1" 200 29846
172.22.2.4 - - [03/Jul/2023:20:27:08 -0500] "GET /BLA/boletinlegal/js/popup.js HTTP/1.1" 200 1270
172.22.2.4 - - [03/Jul/2023:20:27:08 -0500] "GET /BLA/boletinlegal/images/cabezote%20BLEGAL.jpg HTTP/1.1" 200 118164
172.22.2.4 - - [03/Jul/2023:20:27:08 -0500] "GET /BLA/boletinlegal/images/subscribe-icon-big.png HTTP/1.1" 200 47702
172.22.2.4 - - [03/Jul/2023:20:27:08 -0500] "GET /BLA/boletinlegal/images/historia.png HTTP/1.1" 200 52775
172.22.2.4 - - [03/Jul/2023:20:27:08 -0500] "GET /BLA/boletinlegal/images/registro-usuarios.png HTTP/1.1" 200 8106
172.22.2.4 - - [03/Jul/2023:20:27:08 -0500] "GET /BLA/boletinlegal/images/green-yellow-blue-pink-th.png HTTP/1.1" 200 7394
172.22.2.4 - - [03/Jul/2023:20:27:08 -0500] "GET /BLA/boletinlegal/images/tel.png HTTP/1.1" 200 14477
172.22.2.4 - - [03/Jul/2023:20:27:08 -0500] "GET /BLA/boletinlegal/images/icono-email.png HTTP/1.1" 200 5544
172.22.2.4 - - [03/Jul/2023:20:27:08 -0500] "GET /BLA/boletinlegal/images/body_bg.jpg HTTP/1.1" 200 1601
172.22.2.4 - - [03/Jul/2023:20:27:08 -0500] "GET /BLA/boletinlegal/images/menu_rght.gif HTTP/1.1" 200 1627
172.22.2.4 - - [03/Jul/2023:20:27:08 -0500] "GET /BLA/boletinlegal/images/menu_lft.gif HTTP/1.1" 200 1713
172.22.2.4 - - [03/Jul/2023:20:27:08 -0500] "GET /BLA/boletinlegal/images/bg_top.jpg HTTP/1.1" 200 522
172.22.2.4 - - [03/Jul/2023:20:27:08 -0500] "GET /BLA/boletinlegal/images/menu_bg.jpg HTTP/1.1" 200 620
172.22.2.4 - - [03/Jul/2023:20:27:08 -0500] "GET /BLA/boletinlegal/images/hover.jpg HTTP/1.1" 200 640
172.22.2.4 - - [03/Jul/2023:20:27:08 -0500] "GET /BLA/boletinlegal/images/footer_bg.jpg HTTP/1.1" 200 586
172.22.2.4 - - [03/Jul/2023:20:27:08 -0500] "GET /BLA/boletinlegal/images/text.jpg HTTP/1.1" 200 568
172.22.2.4 - - [03/Jul/2023:20:27:08 -0500] "GET /BLA/boletinlegal/images/footer_bg_l.jpg HTTP/1.1" 200 776
172.22.2.4 - - [03/Jul/2023:20:27:08 -0500] "GET /BLA/boletinlegal/img/0.png HTTP/1.1" 200 110
172.22.2.4 - - [03/Jul/2023:20:27:08 -0500] "GET /BLA/boletinlegal/img/select-left.png HTTP/1.1" 200 263
172.22.2.4 - - [03/Jul/2023:20:27:08 -0500] "GET /BLA/boletinlegal/img/select-right.png HTTP/1.1" 200 44019
172.22.2.4 - - [03/Jul/2023:20:27:08 -0500] "GET /BLA/boletinlegal/img/button-left.png HTTP/1.1" 200 57071
172.22.2.4 - - [03/Jul/2023:20:27:08 -0500] "GET /BLA/boletinlegal/img/button.png HTTP/1.1" 200 43241
172.22.2.4 - - [03/Jul/2023:20:27:08 -0500] "GET /BLA/boletinlegal/img/button-right.png HTTP/1.1" 200 57878
172.22.2.4 - - [03/Jul/2023:20:27:08 -0500] "GET /BLA/boletinlegal/favicon.ico HTTP/1.1" 404 1326
172.22.2.4 - - [03/Jul/2023:20:27:20 -0500] "GET /BLA/boletinlegal/consulta_actos.php?tipo=resoluciones&no=3158&usuario=&sector=&fecha=2021&resuelve= HTTP/1.1" 200 1285
172.22.2.4 - - [03/Jul/2023:20:27:20 -0500] "GET /BLA/boletinlegal/images/pdf.gif HTTP/1.1" 200 567
186.154.97.109 - - [03/Jul/2023:20:27:27 -0500] "GET /BLA/resoluciones/RESOLUCIONES%202021/3158.pdf HTTP/1.1" 200 521630
198.235.24.51 - - [03/Jul/2023:20:27:41 -0500] "GET / HTTP/1.0" 200 319
172.22.2.4 - - [03/Jul/2023:20:28:44 -0500] "GET /BLA/boletinlegal/admin/admin.php HTTP/1.1" 302 -
172.22.2.4 - - [03/Jul/2023:20:28:45 -0500] "GET /BLA/boletinlegal/admin/index.php HTTP/1.1" 200 5686
172.22.2.4 - - [03/Jul/2023:20:29:02 -0500] "GET /BLA/boletinlegal/admin/index_files/index_files/tback.gif HTTP/1.1" 404 1362
181.57.18.194 - - [03/Jul/2023:20:29:02 -0500] "POST /forms/lservlet;jsessionid=ac16012b30d6ee0daf1504c24649b609c880a8aea096.e3iSbxaKaheRe34Ma3yMbN0Rbhf0n6jAmljGr5XDqQLvpAe HTTP/1.1" 200 2
186.29.131.97 - - [03/Jul/2023:20:29:04 -0500] "GET /BLA/boletinlegal/js/jquery.scrollShow.js HTTP/1.1" 200 4586
186.29.131.97 - - [03/Jul/2023:20:29:04 -0500] "GET /galeria/galeria/jquery.fancybox.css?v=2.1.5 HTTP/1.1" 200 4895
186.29.131.97 - - [03/Jul/2023:20:29:04 -0500] "GET /galeria/galeria/jquery.fancybox.js?v=2.1.5 HTTP/1.1" 200 48706
172.22.2.4 - - [03/Jul/2023:20:29:06 -0500] "GET /BLA/boletinlegal/admin/usuarios/process.php HTTP/1.1" 302 -
172.22.2.4 - - [03/Jul/2023:20:29:07 -0500] "GET /BLA/boletinlegal/admin/index.php HTTP/1.1" 200 2324
216.245.221.92 - - [03/Jul/2023:20:29:16 -0500] "HEAD / HTTP/1.1" 200 -
201.245.192.253 - - [03/Jul/2023:20:30:05 -0500] "POST /kwsrmcab/Wsrmcab HTTP/1.1" 200 43195
201.245.192.253 - - [03/Jul/2023:20:30:08 -0500] "POST /kwsrmcab/Wsrmcab HTTP/1.1" 200 40181
172.22.2.4 - - [03/Jul/2023:20:28:49 -0500] "HEAD /BLA/boletinlegal/ HTTP/1.1" 200 -
181.57.18.194 - - [03/Jul/2023:20:31:02 -0500] "POST /forms/lservlet;jsessionid=ac16012b30d6ee0daf1504c24649b609c880a8aea096.e3iSbxaKaheRe34Ma3yMbN0Rbhf0n6jAmljGr5XDqQLvpAe HTTP/1.1" 200 2
64.124.8.162 - - [03/Jul/2023:20:31:15 -0500] "GET /BLA/boletinlegal/jurisprudencia/analisis/ANALISIST-672-14.docx HTTP/1.1" 304 -
172.22.2.4 - - [03/Jul/2023:20:29:40 -0500] "GET /BLA/boletinlegal/ HTTP/1.1" 200 59192
201.245.192.253 - - [03/Jul/2023:20:31:26 -0500] "POST /kwsrmcab/Wsrmcab  HTTP/1.1" 200 213
172.22.2.4 - - [03/Jul/2023:20:32:23 -0500] "GET /BLA/boletinlegal/actos.php HTTP/1.1" 200 9682
181.56.64.186 - - [03/Jul/2023:20:32:50 -0500] "GET /BLA/resoluciones/ HTTP/1.1" 200 13502
181.56.64.186 - - [03/Jul/2023:20:32:59 -0500] "GET /BLA/resoluciones/dlf/unknown.png HTTP/1.1" 200 266
181.56.64.186 - - [03/Jul/2023:20:32:59 -0500] "GET /BLA/resoluciones/index.php?dir=AUTOS+2021%2F HTTP/1.1" 200 397891
181.57.18.194 - - [03/Jul/2023:20:33:03 -0500] "POST /forms/lservlet;jsessionid=ac16012b30d6ee0daf1504c24649b609c880a8aea096.e3iSbxaKaheRe34Ma3yMbN0Rbhf0n6jAmljGr5XDqQLvpAe HTTP/1.1" 200 2
216.245.221.92 - - [03/Jul/2023:20:34:16 -0500] "HEAD / HTTP/1.1" 200 -
52.167.144.38 - - [03/Jul/2023:20:34:40 -0500] "GET /BLA/resoluciones/RESOLUCIONES%202018/0345.pdf HTTP/1.1" 200 405054
172.22.2.4 - - [03/Jul/2023:20:33:19 -0500] "GET /BLA/boletinlegal/ HTTP/1.1" 200 59824
181.57.18.194 - - [03/Jul/2023:20:35:03 -0500] "POST /forms/lservlet;jsessionid=ac16012b30d6ee0daf1504c24649b609c880a8aea096.e3iSbxaKaheRe34Ma3yMbN0Rbhf0n6jAmljGr5XDqQLvpAe HTTP/1.1" 200 2
69.171.231.1 - - [03/Jul/2023:20:35:54 -0500] "GET /images/calidaddeaire1.png HTTP/1.1" 200 158614
172.22.2.4 - - [03/Jul/2023:20:34:39 -0500] "HEAD /BLA/boletinlegal/ HTTP/1.1" 200 -
201.245.192.253 - - [03/Jul/2023:20:36:25 -0500] "POST /kwsrmcab/Wsrmcab  HTTP/1.1" 200 213
181.57.18.194 - - [03/Jul/2023:20:37:03 -0500] "POST /forms/lservlet;jsessionid=ac16012b30d6ee0daf1504c24649b609c880a8aea096.e3iSbxaKaheRe34Ma3yMbN0Rbhf0n6jAmljGr5XDqQLvpAe HTTP/1.1" 200 2
172.22.2.4 - - [03/Jul/2023:20:35:29 -0500] "GET /BLA/boletinlegal/ HTTP/1.1" 200 59192
173.252.79.118 - - [03/Jul/2023:20:37:11 -0500] "GET /entrenubes-raton-de-montana-se-alimenta-de-hongos-presentes-en-este-ecosistema-del-suroriente-de-bogota.html HTTP/1.1" 200 843
172.22.2.4 - - [03/Jul/2023:20:37:12 -0500] "GET /BLA/boletinlegal/Circulares/2019/.pdf HTTP/1.1" 404 1218
172.22.2.4 - - [03/Jul/2023:20:37:22 -0500] "GET /BLA/boletinlegal/Circulares/2012/Circular%20No.%2010%20del%2026%20de%20Enero%20de%202012.pdf HTTP/1.1" 404 1218
172.22.2.4 - - [03/Jul/2023:20:37:32 -0500] "GET /BLA/boletinlegal/robots.txt HTTP/1.1" 404 1038
172.22.2.4 - - [03/Jul/2023:20:37:39 -0500] "GET /BLA/boletinlegal/actos.php HTTP/1.1" 200 9682
173.252.83.10 - - [03/Jul/2023:20:37:44 -0500] "GET /images/camara-trampa.jpeg HTTP/1.1" 200 77809
69.171.251.11 - - [03/Jul/2023:20:37:49 -0500] "GET /images/aire-bogota.jpeg HTTP/1.1" 200 169194
66.220.149.7 - - [03/Jul/2023:20:37:49 -0500] "GET /images/stand-secretaria-ambiente-fima.jpg HTTP/1.1" 200 42537
181.56.64.186 - - [03/Jul/2023:20:37:55 -0500] "GET /BLA/resoluciones/ HTTP/1.1" 200 13502
181.56.64.186 - - [03/Jul/2023:20:37:59 -0500] "GET /BLA/resoluciones/index.php?dir=AUTOS+2020%2F HTTP/1.1" 200 329101
172.22.2.4 - - [03/Jul/2023:20:39:02 -0500] "GET /BLA/boletinlegal/style.css HTTP/1.1" 200 9406
172.22.2.4 - - [03/Jul/2023:20:39:02 -0500] "GET /BLA/boletinlegal/styles2.css HTTP/1.1" 200 1838
172.22.2.4 - - [03/Jul/2023:20:39:02 -0500] "GET /BLA/boletinlegal/js/jquery.js HTTP/1.1" 200 57254
172.22.2.4 - - [03/Jul/2023:20:39:02 -0500] "GET /BLA/boletinlegal/js/jquery.scrollTo-min.js HTTP/1.1" 200 1150
172.22.2.4 - - [03/Jul/2023:20:39:02 -0500] "GET /BLA/boletinlegal/js/jquery.scrollShow.js HTTP/1.1" 200 4586
172.22.2.4 - - [03/Jul/2023:20:39:02 -0500] "GET /BLA/boletinlegal/images/cabezote%20BLEGAL.jpg HTTP/1.1" 200 118164
172.22.2.4 - - [03/Jul/2023:20:39:02 -0500] "GET /BLA/boletinlegal/images/subscribe-icon-big.png HTTP/1.1" 200 47702
172.22.2.4 - - [03/Jul/2023:20:39:02 -0500] "GET /BLA/boletinlegal/images/registro-usuarios.png HTTP/1.1" 200 8106
172.22.2.4 - - [03/Jul/2023:20:39:02 -0500] "GET /BLA/boletinlegal/images/historia.png HTTP/1.1" 200 52775
172.22.2.4 - - [03/Jul/2023:20:39:02 -0500] "GET /BLA/boletinlegal/images/arr_l.jpg HTTP/1.1" 200 1979
172.22.2.4 - - [03/Jul/2023:20:39:02 -0500] "GET /BLA/boletinlegal/images/screen_1.png HTTP/1.1" 200 202547
172.22.2.4 - - [03/Jul/2023:20:39:02 -0500] "GET /BLA/boletinlegal/images/launch.jpg HTTP/1.1" 200 14577
172.22.2.4 - - [03/Jul/2023:20:39:02 -0500] "GET /BLA/boletinlegal/images/body_bg.jpg HTTP/1.1" 200 1601
172.22.2.4 - - [03/Jul/2023:20:39:02 -0500] "GET /BLA/boletinlegal/images/menu_rght.gif HTTP/1.1" 200 1627
172.22.2.4 - - [03/Jul/2023:20:39:02 -0500] "GET /BLA/boletinlegal/images/menu_lft.gif HTTP/1.1" 200 1713
172.22.2.4 - - [03/Jul/2023:20:39:02 -0500] "GET /BLA/boletinlegal/images/bg_top.jpg HTTP/1.1" 200 522
172.22.2.4 - - [03/Jul/2023:20:39:02 -0500] "GET /BLA/boletinlegal/images/menu_bg.jpg HTTP/1.1" 200 620
172.22.2.4 - - [03/Jul/2023:20:39:02 -0500] "GET /BLA/boletinlegal/images/hover.jpg HTTP/1.1" 200 640
172.22.2.4 - - [03/Jul/2023:20:39:02 -0500] "GET /BLA/boletinlegal/images/text.jpg HTTP/1.1" 200 568
181.57.18.194 - - [03/Jul/2023:20:39:03 -0500] "POST /forms/lservlet;jsessionid=ac16012b30d6ee0daf1504c24649b609c880a8aea096.e3iSbxaKaheRe34Ma3yMbN0Rbhf0n6jAmljGr5XDqQLvpAe HTTP/1.1" 200 2
172.22.2.4 - - [03/Jul/2023:20:39:06 -0500] "GET /BLA/boletinlegal/styles2.css HTTP/1.1" 200 1838
172.22.2.4 - - [03/Jul/2023:20:39:06 -0500] "GET /BLA/boletinlegal/style.css HTTP/1.1" 200 9406
172.22.2.4 - - [03/Jul/2023:20:39:06 -0500] "GET /BLA/boletinlegal/js/jquery.js HTTP/1.1" 200 57254
172.22.2.4 - - [03/Jul/2023:20:39:06 -0500] "GET /BLA/boletinlegal/js/jquery.scrollShow.js HTTP/1.1" 200 4586
172.22.2.4 - - [03/Jul/2023:20:39:06 -0500] "GET /BLA/boletinlegal/js/jquery.scrollTo-min.js HTTP/1.1" 200 1150
172.22.2.4 - - [03/Jul/2023:20:39:10 -0500] "GET /BLA/boletinlegal/images/cabezote%20BLEGAL.jpg HTTP/1.1" 200 118164
172.22.2.4 - - [03/Jul/2023:20:39:10 -0500] "GET /BLA/boletinlegal/images/subscribe-icon-big.png HTTP/1.1" 200 47702
172.22.2.4 - - [03/Jul/2023:20:39:11 -0500] "GET /BLA/boletinlegal/images/historia.png HTTP/1.1" 200 52775
216.245.221.92 - - [03/Jul/2023:20:39:16 -0500] "HEAD / HTTP/1.1" 200 -
201.245.192.253 - - [03/Jul/2023:20:40:06 -0500] "POST /kwsrmcab/Wsrmcab HTTP/1.1" 200 43195
201.245.192.253 - - [03/Jul/2023:20:40:09 -0500] "POST /kwsrmcab/Wsrmcab HTTP/1.1" 200 40181
172.22.2.4 - - [03/Jul/2023:20:39:02 -0500] "GET /BLA/boletinlegal/ HTTP/1.1" 200 55739
172.22.2.4 - - [03/Jul/2023:20:39:02 -0500] "GET /BLA/boletinlegal/ HTTP/1.1" 200 55337
172.22.2.4 - - [03/Jul/2023:20:40:42 -0500] "GET /BLA/boletinlegal/Circulares/2023/CIRCULAR%20No.%2000005%20DEL%2013%20DE%20JUNIO%20DEL%202023.pdf HTTP/1.1" 200 3638854
181.57.18.194 - - [03/Jul/2023:20:41:03 -0500] "POST /forms/lservlet;jsessionid=ac16012b30d6ee0daf1504c24649b609c880a8aea096.e3iSbxaKaheRe34Ma3yMbN0Rbhf0n6jAmljGr5XDqQLvpAe HTTP/1.1" 200 2
172.22.2.4 - - [03/Jul/2023:20:41:11 -0500] "GET /BLA/boletinlegal/Circulares/2023/CIRCULAR%20No.%2000005%20DEL%2013%20DE%20JUNIO%20DEL%202023.pdf HTTP/1.1" 200 3638854
172.22.2.4 - - [03/Jul/2023:20:41:12 -0500] "GET /BLA/boletinlegal/favicon.ico HTTP/1.1" 404 1498
201.245.192.253 - - [03/Jul/2023:20:41:23 -0500] "POST /kwsrmcab/Wsrmcab  HTTP/1.1" 200 213
172.22.2.4 - - [03/Jul/2023:20:40:29 -0500] "HEAD /BLA/boletinlegal/ HTTP/1.1" 200 -
172.22.2.4 - - [03/Jul/2023:20:41:19 -0500] "GET /BLA/boletinlegal/ HTTP/1.1" 200 57272
181.57.18.194 - - [03/Jul/2023:20:43:03 -0500] "POST /forms/lservlet;jsessionid=ac16012b30d6ee0daf1504c24649b609c880a8aea096.e3iSbxaKaheRe34Ma3yMbN0Rbhf0n6jAmljGr5XDqQLvpAe HTTP/1.1" 200 2
172.22.2.4 - - [03/Jul/2023:20:43:18 -0500] "GET /BLA/boletinlegal/jurisprudencia/analisis/Analisis%20Jurisprudencia%20Sent%202000-00005-01.doc HTTP/1.1" 304 -
216.245.221.92 - - [03/Jul/2023:20:44:16 -0500] "HEAD / HTTP/1.1" 200 -
199.16.157.182 - - [03/Jul/2023:20:44:30 -0500] "GET /secretaria-de-ambiente-impone-medidas-preventivas-a-un-privado-que-utilizaba-un-area-protegida-para-promocionar-proyectos.html HTTP/1.1" 200 866
199.16.157.183 - - [03/Jul/2023:20:44:31 -0500] "GET /images/Sello%201%20-2-2.jpg HTTP/1.1" 200 81559
173.252.107.119 - - [03/Jul/2023:20:44:38 -0500] "GET /te-contamos-como-instalar-un-contenedor-para-baterias-de-litio-en-tu-establecimiento.html HTTP/1.1" 200 892
181.57.18.194 - - [03/Jul/2023:20:45:03 -0500] "POST /forms/lservlet;jsessionid=ac16012b30d6ee0daf1504c24649b609c880a8aea096.e3iSbxaKaheRe34Ma3yMbN0Rbhf0n6jAmljGr5XDqQLvpAe HTTP/1.1" 200 2
161.18.112.82 - - [03/Jul/2023:20:45:16 -0500] "GET /BLA/resoluciones/ HTTP/1.1" 200 13502
161.18.112.82 - - [03/Jul/2023:20:45:18 -0500] "GET /BLA/resoluciones/index.php?dir=AUTOS+2023%2F HTTP/1.1" 200 133336
161.18.112.82 - - [03/Jul/2023:20:45:25 -0500] "GET /BLA/resoluciones/AUTOS%202023/0908.pdf HTTP/1.1" 200 1352257
201.245.192.253 - - [03/Jul/2023:20:46:22 -0500] "POST /kwsrmcab/Wsrmcab  HTTP/1.1" 200 213
161.18.112.82 - - [03/Jul/2023:20:46:56 -0500] "GET /BLA/resoluciones/ HTTP/1.1" 200 13502
161.18.112.82 - - [03/Jul/2023:20:46:57 -0500] "GET /BLA/resoluciones/index.php?dir=AUTOS+2023%2F HTTP/1.1" 200 133336
181.57.18.194 - - [03/Jul/2023:20:47:03 -0500] "POST /forms/lservlet;jsessionid=ac16012b30d6ee0daf1504c24649b609c880a8aea096.e3iSbxaKaheRe34Ma3yMbN0Rbhf0n6jAmljGr5XDqQLvpAe HTTP/1.1" 200 2
172.22.2.4 - - [03/Jul/2023:20:46:19 -0500] "HEAD /BLA/boletinlegal/ HTTP/1.1" 200 -
69.63.189.118 - - [03/Jul/2023:20:48:21 -0500] "GET /entrenubes-raton-de-montana-se-alimenta-de-hongos-presentes-en-este-ecosistema-del-suroriente-de-bogota.html HTTP/1.1" 200 843
172.22.2.4 - - [03/Jul/2023:20:47:09 -0500] "GET /BLA/boletinlegal/ HTTP/1.1" 200 56452
181.57.18.194 - - [03/Jul/2023:20:49:03 -0500] "POST /forms/lservlet;jsessionid=ac16012b30d6ee0daf1504c24649b609c880a8aea096.e3iSbxaKaheRe34Ma3yMbN0Rbhf0n6jAmljGr5XDqQLvpAe HTTP/1.1" 200 2
216.245.221.92 - - [03/Jul/2023:20:49:16 -0500] "HEAD / HTTP/1.1" 200 -
172.22.2.4 - - [03/Jul/2023:20:50:35 -0500] "GET /BLA/boletinlegal/Circulares/2023/CIRCULAR%20No.%2000005%20DEL%2013%20DE%20JUNIO%20DEL%202023.pdf HTTP/1.1" 206 1
172.22.2.4 - - [03/Jul/2023:20:50:36 -0500] "GET /BLA/boletinlegal/favicon.ico HTTP/1.1" 404 1498
172.22.2.4 - - [03/Jul/2023:20:50:36 -0500] "GET /BLA/boletinlegal/Circulares/2023/CIRCULAR%20No.%2000005%20DEL%2013%20DE%20JUNIO%20DEL%202023.pdf HTTP/1.1" 206 1606
181.57.18.194 - - [03/Jul/2023:20:51:03 -0500] "POST /forms/lservlet;jsessionid=ac16012b30d6ee0daf1504c24649b609c880a8aea096.e3iSbxaKaheRe34Ma3yMbN0Rbhf0n6jAmljGr5XDqQLvpAe HTTP/1.1" 200 2
52.167.144.46 - - [03/Jul/2023:20:51:21 -0500] "GET /BLA/boletinlegal/images/signo-mas.gif HTTP/1.1" 200 13689
201.245.192.253 - - [03/Jul/2023:20:51:21 -0500] "POST /kwsrmcab/Wsrmcab  HTTP/1.1" 200 213
201.244.242.5 - - [03/Jul/2023:20:51:53 -0500] "GET /en-junio-conectate-con-la-naturaleza-y-el-medioambiente-a-traves-de-estas-caminatas-ecologicas.html HTTP/1.1" 200 900
181.57.18.194 - - [03/Jul/2023:20:53:03 -0500] "POST /forms/lservlet;jsessionid=ac16012b30d6ee0daf1504c24649b609c880a8aea096.e3iSbxaKaheRe34Ma3yMbN0Rbhf0n6jAmljGr5XDqQLvpAe HTTP/1.1" 200 2
45.156.129.37 - - [03/Jul/2023:20:53:17 -0500] "GET / HTTP/1.1" 200 319
172.22.2.4 - - [03/Jul/2023:20:52:09 -0500] "HEAD /BLA/boletinlegal/ HTTP/1.1" 200 -
216.245.221.92 - - [03/Jul/2023:20:54:16 -0500] "HEAD / HTTP/1.1" 200 -
172.22.2.4 - - [03/Jul/2023:20:52:59 -0500] "GET /BLA/boletinlegal/ HTTP/1.1" 200 59192
181.57.18.194 - - [03/Jul/2023:20:55:03 -0500] "POST /forms/lservlet;jsessionid=ac16012b30d6ee0daf1504c24649b609c880a8aea096.e3iSbxaKaheRe34Ma3yMbN0Rbhf0n6jAmljGr5XDqQLvpAe HTTP/1.1" 200 2
201.245.192.253 - - [03/Jul/2023:20:56:20 -0500] "POST /kwsrmcab/Wsrmcab  HTTP/1.1" 200 213
181.57.18.194 - - [03/Jul/2023:20:57:03 -0500] "POST /forms/lservlet;jsessionid=ac16012b30d6ee0daf1504c24649b609c880a8aea096.e3iSbxaKaheRe34Ma3yMbN0Rbhf0n6jAmljGr5XDqQLvpAe HTTP/1.1" 200 2
64.124.8.162 - - [03/Jul/2023:20:57:41 -0500] "-" 408 -
181.57.18.194 - - [03/Jul/2023:20:59:03 -0500] "POST /forms/lservlet;jsessionid=ac16012b30d6ee0daf1504c24649b609c880a8aea096.e3iSbxaKaheRe34Ma3yMbN0Rbhf0n6jAmljGr5XDqQLvpAe HTTP/1.1" 200 2
216.245.221.92 - - [03/Jul/2023:20:59:16 -0500] "HEAD / HTTP/1.1" 200 -
172.22.2.4 - - [03/Jul/2023:20:57:59 -0500] "HEAD /BLA/boletinlegal/ HTTP/1.1" 200 -
172.22.2.4 - - [03/Jul/2023:20:58:49 -0500] "GET /BLA/boletinlegal/ HTTP/1.1" 200 57680
181.57.18.194 - - [03/Jul/2023:21:01:03 -0500] "POST /forms/lservlet;jsessionid=ac16012b30d6ee0daf1504c24649b609c880a8aea096.e3iSbxaKaheRe34Ma3yMbN0Rbhf0n6jAmljGr5XDqQLvpAe HTTP/1.1" 200 2
201.245.192.253 - - [03/Jul/2023:21:01:11 -0500] "POST /sipse/faces/presentacion/proyectos/proyecto/actividad/consultarActividadSolicitud.xhtml HTTP/1.1" 302 -
201.245.192.253 - - [03/Jul/2023:21:01:11 -0500] "GET /sipse/faces/autenticacion.xhtml HTTP/1.1" 200 12176
201.245.192.253 - - [03/Jul/2023:21:01:11 -0500] "GET /sipse/faces/javax.faces.resource/layout/layout.css?ln=primefaces&v=4.0 HTTP/1.1" 200 542
201.245.192.253 - - [03/Jul/2023:21:01:11 -0500] "GET /sipse/faces/javax.faces.resource/jquery/jquery.js?ln=primefaces&v=4.0 HTTP/1.1" 304 -
201.245.192.253 - - [03/Jul/2023:21:01:11 -0500] "GET /sipse/faces/javax.faces.resource/primefaces.css?ln=primefaces&v=4.0 HTTP/1.1" 200 53295
201.245.192.253 - - [03/Jul/2023:21:01:11 -0500] "GET /sipse/faces/javax.faces.resource/theme.css?ln=primefaces-sipse HTTP/1.1" 200 50058
201.245.192.253 - - [03/Jul/2023:21:01:11 -0500] "GET /sipse/faces/javax.faces.resource/jquery/jquery-plugins.js?ln=primefaces&v=4.0 HTTP/1.1" 304 -
201.245.192.253 - - [03/Jul/2023:21:01:11 -0500] "GET /sipse/faces/javax.faces.resource/primefaces.js?ln=primefaces&v=4.0 HTTP/1.1" 304 -
201.245.192.253 - - [03/Jul/2023:21:01:11 -0500] "GET /sipse/faces/javax.faces.resource/layout/layout.js?ln=primefaces&v=4.0 HTTP/1.1" 304 -
201.245.192.253 - - [03/Jul/2023:21:01:11 -0500] "GET /sipse/faces/javax.faces.resource/images/ui-icons_898989_256x240.png?ln=primefaces-aristo HTTP/1.1" 200 5355
201.245.192.253 - - [03/Jul/2023:21:01:11 -0500] "GET /favicon.ico HTTP/1.1" 200 7782
201.245.192.253 - - [03/Jul/2023:21:01:14 -0500] "POST /sipse/faces/autenticacion.xhtml HTTP/1.1" 200 11967
201.245.192.253 - - [03/Jul/2023:21:01:14 -0500] "GET /sipse/faces/javax.faces.resource/jquery/jquery.js?ln=primefaces&v=4.0 HTTP/1.1" 304 -
201.245.192.253 - - [03/Jul/2023:21:01:14 -0500] "GET /sipse/faces/javax.faces.resource/jquery/jquery-plugins.js?ln=primefaces&v=4.0 HTTP/1.1" 304 -
201.245.192.253 - - [03/Jul/2023:21:01:14 -0500] "GET /sipse/faces/javax.faces.resource/primefaces.js?ln=primefaces&v=4.0 HTTP/1.1" 304 -
201.245.192.253 - - [03/Jul/2023:21:01:14 -0500] "GET /sipse/faces/javax.faces.resource/layout/layout.js?ln=primefaces&v=4.0 HTTP/1.1" 304 -
201.245.192.253 - - [03/Jul/2023:21:01:14 -0500] "GET /sipse/faces/javax.faces.resource/messages/messages.png?ln=primefaces&v=4.0 HTTP/1.1" 200 27209
201.245.192.253 - - [03/Jul/2023:21:01:19 -0500] "POST /kwsrmcab/Wsrmcab  HTTP/1.1" 200 213
201.245.192.253 - - [03/Jul/2023:21:01:29 -0500] "POST /sipse/faces/presentacion/sistema/seguridad/seleccionRol.xhtml HTTP/1.1" 200 6403
201.245.192.253 - - [03/Jul/2023:21:01:30 -0500] "POST /sipse/faces/presentacion/sistema/seguridad/seleccionRol.xhtml HTTP/1.1" 200 18778
201.245.192.253 - - [03/Jul/2023:21:01:30 -0500] "GET /sipse/faces/javax.faces.resource/jquery/jquery.js?ln=primefaces&v=4.0 HTTP/1.1" 304 -
201.245.192.253 - - [03/Jul/2023:21:01:30 -0500] "GET /sipse/faces/javax.faces.resource/jquery/jquery-plugins.js?ln=primefaces&v=4.0 HTTP/1.1" 304 -
201.245.192.253 - - [03/Jul/2023:21:01:30 -0500] "GET /sipse/faces/javax.faces.resource/primefaces.js?ln=primefaces&v=4.0 HTTP/1.1" 304 -
201.245.192.253 - - [03/Jul/2023:21:01:31 -0500] "GET /sipse/faces/javax.faces.resource/layout/layout.js?ln=primefaces&v=4.0 HTTP/1.1" 304 -
201.245.192.253 - - [03/Jul/2023:21:01:31 -0500] "GET /sipse/imagenes/logoAplicacion.jpg HTTP/1.1" 200 155084
201.245.192.253 - - [03/Jul/2023:21:01:33 -0500] "GET /sipse/faces/javax.faces.resource/images/ui-bg_flat_0_2d5972_40x100.png?ln=primefaces-aristo HTTP/1.1" 200 183
201.245.192.253 - - [03/Jul/2023:21:01:33 -0500] "POST /sipse/faces/bienvenido.xhtml HTTP/1.1" 200 3887
201.245.192.253 - - [03/Jul/2023:21:01:36 -0500] "POST /sipse/faces/bienvenido.xhtml HTTP/1.1" 200 43231
201.245.192.253 - - [03/Jul/2023:21:01:36 -0500] "GET /sipse/faces/javax.faces.resource/jquery/jquery.js?ln=primefaces&v=4.0 HTTP/1.1" 304 -
201.245.192.253 - - [03/Jul/2023:21:01:36 -0500] "GET /sipse/faces/javax.faces.resource/jquery/jquery-plugins.js?ln=primefaces&v=4.0 HTTP/1.1" 304 -
201.245.192.253 - - [03/Jul/2023:21:01:36 -0500] "GET /sipse/faces/javax.faces.resource/primefaces.js?ln=primefaces&v=4.0 HTTP/1.1" 304 -
201.245.192.253 - - [03/Jul/2023:21:01:37 -0500] "GET /sipse/faces/javax.faces.resource/layout/layout.js?ln=primefaces&v=4.0 HTTP/1.1" 304 -
201.245.192.253 - - [03/Jul/2023:21:01:39 -0500] "POST /sipse/faces/presentacion/financiero/solicitudProceso/consultar.xhtml HTTP/1.1" 200 12654
201.245.192.253 - - [03/Jul/2023:21:01:42 -0500] "POST /sipse/faces/presentacion/financiero/solicitudProceso/consultar.xhtml HTTP/1.1" 200 124688
201.245.192.253 - - [03/Jul/2023:21:01:42 -0500] "GET /sipse/faces/javax.faces.resource/jquery/jquery.js?ln=primefaces&v=4.0 HTTP/1.1" 304 -
201.245.192.253 - - [03/Jul/2023:21:01:43 -0500] "GET /sipse/faces/javax.faces.resource/jquery/jquery-plugins.js?ln=primefaces&v=4.0 HTTP/1.1" 304 -
201.245.192.253 - - [03/Jul/2023:21:01:43 -0500] "GET /sipse/faces/javax.faces.resource/primefaces.js?ln=primefaces&v=4.0 HTTP/1.1" 304 -
201.245.192.253 - - [03/Jul/2023:21:01:43 -0500] "GET /sipse/faces/javax.faces.resource/layout/layout.js?ln=primefaces&v=4.0 HTTP/1.1" 304 -
201.245.244.168 - - [03/Jul/2023:21:02:38 -0500] "GET /proyecto-avantia-con-la-union-europea-busca-especialista-en-cambio-climatico.html HTTP/1.1" 200 814
181.57.18.194 - - [03/Jul/2023:21:03:03 -0500] "POST /forms/lservlet;jsessionid=ac16012b30d6ee0daf1504c24649b609c880a8aea096.e3iSbxaKaheRe34Ma3yMbN0Rbhf0n6jAmljGr5XDqQLvpAe HTTP/1.1" 200 2
201.245.192.253 - - [03/Jul/2023:21:04:14 -0500] "POST /sipse/faces/presentacion/financiero/solicitudProceso/consultarSolicitudProceso.xhtml HTTP/1.1" 200 44993
201.245.192.253 - - [03/Jul/2023:21:04:15 -0500] "GET /sipse/faces/javax.faces.resource/jquery/jquery.js?ln=primefaces&v=4.0 HTTP/1.1" 304 -
201.245.192.253 - - [03/Jul/2023:21:04:15 -0500] "GET /sipse/faces/javax.faces.resource/jquery/jquery-plugins.js?ln=primefaces&v=4.0 HTTP/1.1" 304 -
201.245.192.253 - - [03/Jul/2023:21:04:15 -0500] "GET /sipse/faces/javax.faces.resource/primefaces.js?ln=primefaces&v=4.0 HTTP/1.1" 304 -
201.245.192.253 - - [03/Jul/2023:21:04:15 -0500] "GET /sipse/faces/javax.faces.resource/layout/layout.css?ln=primefaces&v=4.0 HTTP/1.1" 200 542
201.245.192.253 - - [03/Jul/2023:21:04:15 -0500] "GET /sipse/faces/javax.faces.resource/layout/layout.js?ln=primefaces&v=4.0 HTTP/1.1" 304 -
201.245.192.253 - - [03/Jul/2023:21:04:15 -0500] "GET /sipse/faces/javax.faces.resource/theme.css?ln=primefaces-sipse HTTP/1.1" 200 50058
201.245.192.253 - - [03/Jul/2023:21:04:15 -0500] "GET /sipse/faces/javax.faces.resource/primefaces.css?ln=primefaces&v=4.0 HTTP/1.1" 200 53295
201.245.192.253 - - [03/Jul/2023:21:04:15 -0500] "GET /sipse/faces/javax.faces.resource/images/ui-icons_898989_256x240.png?ln=primefaces-aristo HTTP/1.1" 200 5355
201.245.192.253 - - [03/Jul/2023:21:04:15 -0500] "GET /favicon.ico HTTP/1.1" 200 7782
216.245.221.92 - - [03/Jul/2023:21:04:16 -0500] "HEAD / HTTP/1.1" 200 -
201.245.192.253 - - [03/Jul/2023:21:04:18 -0500] "POST /sipse/faces/presentacion/financiero/solicitudProceso/consultarHistorialSolProceso.xhtml HTTP/1.1" 200 169714
201.245.192.253 - - [03/Jul/2023:21:04:18 -0500] "GET /sipse/faces/javax.faces.resource/theme.css?ln=primefaces-sipse HTTP/1.1" 304 -
201.245.192.253 - - [03/Jul/2023:21:04:18 -0500] "GET /sipse/faces/javax.faces.resource/primefaces.css?ln=primefaces&v=4.0 HTTP/1.1" 304 -
201.245.192.253 - - [03/Jul/2023:21:04:18 -0500] "GET /sipse/faces/javax.faces.resource/layout/layout.css?ln=primefaces&v=4.0 HTTP/1.1" 304 -
201.245.192.253 - - [03/Jul/2023:21:04:18 -0500] "GET /sipse/faces/javax.faces.resource/jquery/jquery-plugins.js?ln=primefaces&v=4.0 HTTP/1.1" 304 -
201.245.192.253 - - [03/Jul/2023:21:04:18 -0500] "GET /sipse/faces/javax.faces.resource/primefaces.js?ln=primefaces&v=4.0 HTTP/1.1" 304 -
201.245.192.253 - - [03/Jul/2023:21:04:18 -0500] "GET /sipse/faces/javax.faces.resource/jquery/jquery.js?ln=primefaces&v=4.0 HTTP/1.1" 304 -
201.245.192.253 - - [03/Jul/2023:21:04:18 -0500] "GET /sipse/faces/javax.faces.resource/layout/layout.js?ln=primefaces&v=4.0 HTTP/1.1" 304 -
201.245.192.253 - - [03/Jul/2023:21:04:18 -0500] "GET /sipse/faces/javax.faces.resource/images/ui-icons_898989_256x240.png?ln=primefaces-aristo HTTP/1.1" 304 -
3.143.237.210 - - [03/Jul/2023:21:04:27 -0500] "GET /ai.txt?t=1688432653.44605 HTTP/1.1" 404 1018
3.143.237.210 - - [03/Jul/2023:21:04:27 -0500] "GET /.well-known/ai.txt?t=1688432653.44605 HTTP/1.1" 404 1018
181.57.18.194 - - [03/Jul/2023:21:05:03 -0500] "POST /forms/lservlet;jsessionid=ac16012b30d6ee0daf1504c24649b609c880a8aea096.e3iSbxaKaheRe34Ma3yMbN0Rbhf0n6jAmljGr5XDqQLvpAe HTTP/1.1" 200 2
172.22.2.4 - - [03/Jul/2023:21:03:49 -0500] "HEAD /BLA/boletinlegal/ HTTP/1.1" 200 -
201.245.192.253 - - [03/Jul/2023:21:05:07 -0500] "POST /sipse/faces/presentacion/financiero/solicitudProceso/consultarSolicitudProceso.xhtml HTTP/1.1" 200 23371
201.245.192.253 - - [03/Jul/2023:21:05:38 -0500] "GET /sipse/faces/javax.faces.resource/layout/layout.css?ln=primefaces&v=4.0 HTTP/1.1" 200 542
201.245.192.253 - - [03/Jul/2023:21:05:38 -0500] "GET /sipse/faces/javax.faces.resource/primefaces.js?ln=primefaces&v=4.0 HTTP/1.1" 304 -
201.245.192.253 - - [03/Jul/2023:21:05:38 -0500] "GET /sipse/faces/javax.faces.resource/jquery/jquery.js?ln=primefaces&v=4.0 HTTP/1.1" 304 -
201.245.192.253 - - [03/Jul/2023:21:05:38 -0500] "GET /sipse/faces/javax.faces.resource/jquery/jquery-plugins.js?ln=primefaces&v=4.0 HTTP/1.1" 304 -
201.245.192.253 - - [03/Jul/2023:21:05:38 -0500] "GET /sipse/faces/javax.faces.resource/layout/layout.js?ln=primefaces&v=4.0 HTTP/1.1" 304 -
201.245.192.253 - - [03/Jul/2023:21:05:38 -0500] "GET /sipse/faces/javax.faces.resource/theme.css?ln=primefaces-sipse HTTP/1.1" 200 50058
201.245.192.253 - - [03/Jul/2023:21:05:38 -0500] "GET /sipse/faces/javax.faces.resource/primefaces.css?ln=primefaces&v=4.0 HTTP/1.1" 200 53295
201.245.192.253 - - [03/Jul/2023:21:05:38 -0500] "GET /sipse/faces/javax.faces.resource/spacer/dot_clear.gif?ln=primefaces&v=4.0 HTTP/1.1" 200 42
201.245.192.253 - - [03/Jul/2023:21:05:38 -0500] "GET /favicon.ico HTTP/1.1" 200 7782
201.245.192.253 - - [03/Jul/2023:21:05:38 -0500] "GET /sipse/faces/javax.faces.resource/images/ui-icons_898989_256x240.png?ln=primefaces-aristo HTTP/1.1" 200 5355
201.245.192.253 - - [03/Jul/2023:21:05:50 -0500] "GET /sipse/faces/javax.faces.resource/jquery/jquery-plugins.js?ln=primefaces&v=4.0 HTTP/1.1" 304 -
201.245.192.253 - - [03/Jul/2023:21:05:50 -0500] "GET /sipse/faces/javax.faces.resource/jquery/jquery.js?ln=primefaces&v=4.0 HTTP/1.1" 304 -
201.245.192.253 - - [03/Jul/2023:21:05:50 -0500] "GET /sipse/faces/javax.faces.resource/layout/layout.css?ln=primefaces&v=4.0 HTTP/1.1" 200 542
201.245.192.253 - - [03/Jul/2023:21:05:50 -0500] "GET /sipse/faces/javax.faces.resource/primefaces.js?ln=primefaces&v=4.0 HTTP/1.1" 304 -
201.245.192.253 - - [03/Jul/2023:21:05:50 -0500] "GET /sipse/faces/javax.faces.resource/layout/layout.js?ln=primefaces&v=4.0 HTTP/1.1" 304 -
201.245.192.253 - - [03/Jul/2023:21:05:49 -0500] "POST /sipse/faces/presentacion/proyectos/proyecto/actividad/consultarActividadSolicitud.xhtml HTTP/1.1" 200 169714
201.245.192.253 - - [03/Jul/2023:21:05:50 -0500] "GET /sipse/faces/javax.faces.resource/theme.css?ln=primefaces-sipse HTTP/1.1" 200 50058
201.245.192.253 - - [03/Jul/2023:21:05:50 -0500] "GET /sipse/faces/javax.faces.resource/primefaces.css?ln=primefaces&v=4.0 HTTP/1.1" 200 53295
201.245.192.253 - - [03/Jul/2023:21:05:50 -0500] "GET /sipse/faces/javax.faces.resource/images/ui-icons_898989_256x240.png?ln=primefaces-aristo HTTP/1.1" 200 5355
201.245.192.253 - - [03/Jul/2023:21:05:50 -0500] "GET /favicon.ico HTTP/1.1" 200 7782
201.245.192.253 - - [03/Jul/2023:21:05:52 -0500] "GET /sipse/faces/javax.faces.resource/images/ui-bg_flat_0_2d5972_40x100.png?ln=primefaces-aristo HTTP/1.1" 200 183
201.245.192.253 - - [03/Jul/2023:21:05:52 -0500] "POST /sipse/faces/presentacion/financiero/solicitudProceso/consultarSolicitudProceso.xhtml HTTP/1.1" 200 46106
201.245.192.253 - - [03/Jul/2023:21:05:53 -0500] "GET /sipse/faces/javax.faces.resource/jquery/jquery.js?ln=primefaces&v=4.0 HTTP/1.1" 304 -
201.245.192.253 - - [03/Jul/2023:21:05:53 -0500] "GET /sipse/faces/javax.faces.resource/jquery/jquery-plugins.js?ln=primefaces&v=4.0 HTTP/1.1" 304 -
201.245.192.253 - - [03/Jul/2023:21:05:53 -0500] "GET /sipse/faces/javax.faces.resource/primefaces.js?ln=primefaces&v=4.0 HTTP/1.1" 304 -
201.245.192.253 - - [03/Jul/2023:21:05:53 -0500] "GET /sipse/faces/javax.faces.resource/layout/layout.js?ln=primefaces&v=4.0 HTTP/1.1" 304 -
201.245.192.253 - - [03/Jul/2023:21:05:59 -0500] "POST /sipse/faces/presentacion/financiero/solicitudProceso/consultar.xhtml HTTP/1.1" 200 12777
201.245.192.253 - - [03/Jul/2023:21:06:02 -0500] "POST /sipse/faces/presentacion/financiero/solicitudProceso/consultar.xhtml HTTP/1.1" 200 153008
201.245.192.253 - - [03/Jul/2023:21:06:03 -0500] "GET /sipse/faces/javax.faces.resource/jquery/jquery.js?ln=primefaces&v=4.0 HTTP/1.1" 304 -
201.245.192.253 - - [03/Jul/2023:21:06:03 -0500] "GET /sipse/faces/javax.faces.resource/jquery/jquery-plugins.js?ln=primefaces&v=4.0 HTTP/1.1" 304 -
201.245.192.253 - - [03/Jul/2023:21:06:03 -0500] "GET /sipse/faces/javax.faces.resource/primefaces.js?ln=primefaces&v=4.0 HTTP/1.1" 304 -
201.245.192.253 - - [03/Jul/2023:21:06:03 -0500] "GET /sipse/faces/javax.faces.resource/layout/layout.js?ln=primefaces&v=4.0 HTTP/1.1" 304 -
172.22.2.4 - - [03/Jul/2023:21:06:08 -0500] "GET /BLA/boletinlegal/style.css HTTP/1.1" 200 9406
172.22.2.4 - - [03/Jul/2023:21:06:08 -0500] "GET /BLA/boletinlegal/styles2.css HTTP/1.1" 200 1838
172.22.2.4 - - [03/Jul/2023:21:06:08 -0500] "GET /BLA/boletinlegal/js/jquery.js HTTP/1.1" 200 57254
172.22.2.4 - - [03/Jul/2023:21:06:08 -0500] "GET /BLA/boletinlegal/js/jquery.scrollTo-min.js HTTP/1.1" 200 1150
172.22.2.4 - - [03/Jul/2023:21:06:08 -0500] "GET /BLA/boletinlegal/js/jquery.scrollShow.js HTTP/1.1" 200 4586
172.22.2.4 - - [03/Jul/2023:21:06:08 -0500] "GET /BLA/boletinlegal/images/cabezote%20BLEGAL.jpg HTTP/1.1" 200 118164
172.22.2.4 - - [03/Jul/2023:21:06:09 -0500] "GET /BLA/boletinlegal/images/screen_1.png HTTP/1.1" 200 202547
172.22.2.4 - - [03/Jul/2023:21:06:09 -0500] "GET /BLA/boletinlegal/images/historia.png HTTP/1.1" 200 52775
172.22.2.4 - - [03/Jul/2023:21:06:09 -0500] "GET /BLA/boletinlegal/images/subscribe-icon-big.png HTTP/1.1" 200 47702
172.22.2.4 - - [03/Jul/2023:21:06:09 -0500] "GET /BLA/boletinlegal/images/registro-usuarios.png HTTP/1.1" 200 8106
172.22.2.4 - - [03/Jul/2023:21:06:09 -0500] "GET /BLA/boletinlegal/images/arr_l.jpg HTTP/1.1" 200 1979
172.22.2.4 - - [03/Jul/2023:21:06:09 -0500] "GET /BLA/boletinlegal/images/launch.jpg HTTP/1.1" 200 14577
172.22.2.4 - - [03/Jul/2023:21:06:09 -0500] "GET /BLA/boletinlegal/images/menu_rght.gif HTTP/1.1" 200 1627
172.22.2.4 - - [03/Jul/2023:21:06:09 -0500] "GET /BLA/boletinlegal/images/body_bg.jpg HTTP/1.1" 200 1601
172.22.2.4 - - [03/Jul/2023:21:06:09 -0500] "GET /BLA/boletinlegal/images/bg_top.jpg HTTP/1.1" 200 522
172.22.2.4 - - [03/Jul/2023:21:06:09 -0500] "GET /BLA/boletinlegal/images/menu_bg.jpg HTTP/1.1" 200 620
172.22.2.4 - - [03/Jul/2023:21:06:09 -0500] "GET /BLA/boletinlegal/images/hover.jpg HTTP/1.1" 200 640
172.22.2.4 - - [03/Jul/2023:21:06:09 -0500] "GET /BLA/boletinlegal/images/text.jpg HTTP/1.1" 200 568
172.22.2.4 - - [03/Jul/2023:21:06:09 -0500] "GET /BLA/boletinlegal/images/menu_lft.gif HTTP/1.1" 200 1713
172.22.2.4 - - [03/Jul/2023:21:06:14 -0500] "GET /BLA/boletinlegal/actos.php HTTP/1.1" 200 9682
172.22.2.4 - - [03/Jul/2023:21:06:15 -0500] "GET /BLA/boletinlegal/js/ajax_actos.js HTTP/1.1" 200 1322
172.22.2.4 - - [03/Jul/2023:21:06:15 -0500] "GET /BLA/boletinlegal/niceforms.js HTTP/1.1" 200 22876
172.22.2.4 - - [03/Jul/2023:21:06:15 -0500] "GET /BLA/boletinlegal/niceforms-default.css HTTP/1.1" 200 6694
172.22.2.4 - - [03/Jul/2023:21:06:15 -0500] "GET /BLA/boletinlegal/js/lib.js HTTP/1.1" 200 6474
172.22.2.4 - - [03/Jul/2023:21:06:15 -0500] "GET /BLA/boletinlegal/js/popup.js HTTP/1.1" 200 1270
172.22.2.4 - - [03/Jul/2023:21:06:15 -0500] "GET /BLA/boletinlegal/js/jquery1.js HTTP/1.1" 200 29846
172.22.2.4 - - [03/Jul/2023:21:06:15 -0500] "GET /BLA/boletinlegal/images/green-yellow-blue-pink-th.png HTTP/1.1" 200 7394
172.22.2.4 - - [03/Jul/2023:21:06:15 -0500] "GET /BLA/boletinlegal/images/icono-email.png HTTP/1.1" 200 5544
172.22.2.4 - - [03/Jul/2023:21:06:15 -0500] "GET /BLA/boletinlegal/images/tel.png HTTP/1.1" 200 14477
172.22.2.4 - - [03/Jul/2023:21:06:15 -0500] "GET /BLA/boletinlegal/images/footer_bg.jpg HTTP/1.1" 200 586
172.22.2.4 - - [03/Jul/2023:21:06:15 -0500] "GET /BLA/boletinlegal/images/footer_bg_l.jpg HTTP/1.1" 200 776
172.22.2.4 - - [03/Jul/2023:21:06:15 -0500] "GET /BLA/boletinlegal/img/0.png HTTP/1.1" 200 110
172.22.2.4 - - [03/Jul/2023:21:06:15 -0500] "GET /BLA/boletinlegal/img/select-left.png HTTP/1.1" 200 263
172.22.2.4 - - [03/Jul/2023:21:06:15 -0500] "GET /BLA/boletinlegal/img/button.png HTTP/1.1" 200 43241
172.22.2.4 - - [03/Jul/2023:21:06:15 -0500] "GET /BLA/boletinlegal/img/select-right.png HTTP/1.1" 200 44019
172.22.2.4 - - [03/Jul/2023:21:06:15 -0500] "GET /BLA/boletinlegal/img/button-left.png HTTP/1.1" 200 57071
172.22.2.4 - - [03/Jul/2023:21:06:15 -0500] "GET /BLA/boletinlegal/img/button-right.png HTTP/1.1" 200 57878
172.22.2.4 - - [03/Jul/2023:21:06:16 -0500] "GET /BLA/boletinlegal/favicon.ico HTTP/1.1" 404 1326
172.22.2.4 - - [03/Jul/2023:21:04:39 -0500] "GET /BLA/boletinlegal/ HTTP/1.1" 200 56100
201.245.192.253 - - [03/Jul/2023:21:06:18 -0500] "POST /kwsrmcab/Wsrmcab  HTTP/1.1" 200 213
172.22.2.4 - - [03/Jul/2023:21:06:27 -0500] "GET /BLA/boletinlegal/consulta_actos.php?tipo=resoluciones&no=0787&usuario=&sector=&fecha=2021&resuelve= HTTP/1.1" 200 1101
172.22.2.4 - - [03/Jul/2023:21:06:27 -0500] "GET /BLA/boletinlegal/images/pdf.gif HTTP/1.1" 200 567
191.104.122.172 - - [03/Jul/2023:21:06:29 -0500] "GET /BLA/resoluciones/RESOLUCIONES%202021/0787.pdf HTTP/1.1" 200 585293
191.104.122.172 - - [03/Jul/2023:21:06:30 -0500] "GET /favicon.ico HTTP/1.1" 200 7782
172.22.2.4 - - [03/Jul/2023:21:06:06 -0500] "GET /BLA/boletinlegal/ HTTP/1.1" 200 24523
181.57.18.194 - - [03/Jul/2023:21:07:03 -0500] "POST /forms/lservlet;jsessionid=ac16012b30d6ee0daf1504c24649b609c880a8aea096.e3iSbxaKaheRe34Ma3yMbN0Rbhf0n6jAmljGr5XDqQLvpAe HTTP/1.1" 200 2
201.245.192.253 - - [03/Jul/2023:21:08:17 -0500] "POST /sipse/faces/presentacion/financiero/solicitudProceso/consultarSolicitudProceso.xhtml HTTP/1.1" 200 23503
201.245.192.253 - - [03/Jul/2023:21:08:18 -0500] "GET /sipse/faces/javax.faces.resource/jquery/jquery.js?ln=primefaces&v=4.0 HTTP/1.1" 304 -
201.245.192.253 - - [03/Jul/2023:21:08:18 -0500] "GET /sipse/faces/javax.faces.resource/theme.css?ln=primefaces-sipse HTTP/1.1" 304 -
201.245.192.253 - - [03/Jul/2023:21:08:18 -0500] "GET /sipse/faces/javax.faces.resource/layout/layout.css?ln=primefaces&v=4.0 HTTP/1.1" 304 -
201.245.192.253 - - [03/Jul/2023:21:08:18 -0500] "GET /sipse/faces/javax.faces.resource/layout/layout.js?ln=primefaces&v=4.0 HTTP/1.1" 304 -
201.245.192.253 - - [03/Jul/2023:21:08:18 -0500] "GET /sipse/faces/javax.faces.resource/primefaces.css?ln=primefaces&v=4.0 HTTP/1.1" 304 -
201.245.192.253 - - [03/Jul/2023:21:08:18 -0500] "GET /sipse/faces/javax.faces.resource/jquery/jquery-plugins.js?ln=primefaces&v=4.0 HTTP/1.1" 304 -
201.245.192.253 - - [03/Jul/2023:21:08:18 -0500] "GET /sipse/faces/javax.faces.resource/primefaces.js?ln=primefaces&v=4.0 HTTP/1.1" 304 -
201.245.192.253 - - [03/Jul/2023:21:08:18 -0500] "GET /sipse/faces/javax.faces.resource/spacer/dot_clear.gif?ln=primefaces&v=4.0 HTTP/1.1" 200 42
201.245.192.253 - - [03/Jul/2023:21:08:18 -0500] "GET /favicon.ico HTTP/1.1" 200 7782
201.245.192.253 - - [03/Jul/2023:21:08:18 -0500] "GET /sipse/faces/javax.faces.resource/images/ui-icons_898989_256x240.png?ln=primefaces-aristo HTTP/1.1" 200 5355
181.57.18.194 - - [03/Jul/2023:21:09:04 -0500] "POST /forms/lservlet;jsessionid=ac16012b30d6ee0daf1504c24649b609c880a8aea096.e3iSbxaKaheRe34Ma3yMbN0Rbhf0n6jAmljGr5XDqQLvpAe HTTP/1.1" 200 2
216.245.221.92 - - [03/Jul/2023:21:09:16 -0500] "HEAD / HTTP/1.1" 200 -
173.252.107.7 - - [03/Jul/2023:21:09:24 -0500] "GET /distrito-levanta-alerta-ambiental-fase-1-por-calidad-del-aire.html HTTP/1.1" 200 921
69.171.251.120 - - [03/Jul/2023:21:09:37 -0500] "GET /reverdeciendo-bogota-mas-de-100-arboles-se-plantaron-en-el-humedal-capellania.html HTTP/1.1" 200 811
201.245.192.253 - - [03/Jul/2023:21:10:20 -0500] "GET /sipse/faces/javax.faces.resource/layout/layout.css?ln=primefaces&v=4.0 HTTP/1.1" 200 542
201.245.192.253 - - [03/Jul/2023:21:10:20 -0500] "GET /sipse/faces/javax.faces.resource/jquery/jquery.js?ln=primefaces&v=4.0 HTTP/1.1" 304 -
201.245.192.253 - - [03/Jul/2023:21:10:20 -0500] "GET /sipse/faces/javax.faces.resource/jquery/jquery-plugins.js?ln=primefaces&v=4.0 HTTP/1.1" 304 -
201.245.192.253 - - [03/Jul/2023:21:10:20 -0500] "GET /sipse/faces/javax.faces.resource/primefaces.js?ln=primefaces&v=4.0 HTTP/1.1" 304 -
201.245.192.253 - - [03/Jul/2023:21:10:20 -0500] "GET /sipse/faces/javax.faces.resource/layout/layout.js?ln=primefaces&v=4.0 HTTP/1.1" 304 -
201.245.192.253 - - [03/Jul/2023:21:10:20 -0500] "POST /sipse/faces/presentacion/proyectos/proyecto/actividad/consultarActividadSolicitud.xhtml HTTP/1.1" 200 198850
201.245.192.253 - - [03/Jul/2023:21:10:20 -0500] "GET /sipse/faces/javax.faces.resource/primefaces.css?ln=primefaces&v=4.0 HTTP/1.1" 200 53295
201.245.192.253 - - [03/Jul/2023:21:10:20 -0500] "GET /sipse/faces/javax.faces.resource/theme.css?ln=primefaces-sipse HTTP/1.1" 200 50058
