172.22.2.4 - - [04/Jul/2023:03:13:56 -0500] "GET /BLA/boletinlegal/img/button-left.png HTTP/1.1" 200 57071
172.22.2.4 - - [04/Jul/2023:03:13:56 -0500] "GET /BLA/boletinlegal/favicon.ico HTTP/1.1" 404 1230
172.22.2.4 - - [04/Jul/2023:03:14:05 -0500] "GET /BLA/boletinlegal/consulta_actos.php?tipo=resoluciones&no=&usuario=&sector=&fecha=2023&resuelve= HTTP/1.1" 200 114897
172.22.2.4 - - [04/Jul/2023:03:14:05 -0500] "GET /BLA/boletinlegal/images/pdf.gif HTTP/1.1" 200 567
172.22.2.4 - - [04/Jul/2023:03:14:05 -0500] "GET /BLA/boletinlegal/images/background.gif HTTP/1.1" 200 -
216.245.221.92 - - [04/Jul/2023:03:14:15 -0500] "HEAD / HTTP/1.1" 200 -
107.189.14.109 - - [04/Jul/2023:03:14:35 -0500] "POST /cgi-bin/file_transfer.cgi HTTP/1.1" 404 1018
201.245.192.253 - - [04/Jul/2023:03:14:53 -0500] "POST /kwsrmcab/Wsrmcab  HTTP/1.1" 200 213
181.61.208.239 - - [04/Jul/2023:03:15:05 -0500] "GET /BLA/resoluciones/RESOLUCIONES%202023/0886.pdf HTTP/1.1" 200 1084887
181.61.208.239 - - [04/Jul/2023:03:15:06 -0500] "GET /favicon.ico HTTP/1.1" 200 7782
181.48.255.197 - - [04/Jul/2023:03:15:06 -0500] "GET /BLA/resoluciones/RESOLUCIONES%202023/0886.pdf HTTP/1.1" 200 1084887
181.57.18.194 - - [04/Jul/2023:03:15:14 -0500] "POST /forms/lservlet;jsessionid=ac16012b30d6ee0daf1504c24649b609c880a8aea096.e3iSbxaKaheRe34Ma3yMbN0Rbhf0n6jAmljGr5XDqQLvpAe HTTP/1.1" 200 2
107.189.14.109 - - [04/Jul/2023:03:15:29 -0500] "-" 408 -
69.171.231.5 - - [04/Jul/2023:03:15:37 -0500] "GET /images/Acuerdos%2001%20(1)%20(1).jpeg HTTP/1.1" 200 32884
181.57.18.194 - - [04/Jul/2023:03:17:14 -0500] "POST /forms/lservlet;jsessionid=ac16012b30d6ee0daf1504c24649b609c880a8aea096.e3iSbxaKaheRe34Ma3yMbN0Rbhf0n6jAmljGr5XDqQLvpAe HTTP/1.1" 200 2
181.61.208.239 - - [04/Jul/2023:03:17:14 -0500] "GET /BLA/resoluciones/RESOLUCIONES%202023/0559.pdf HTTP/1.1" 200 358757
181.61.208.239 - - [04/Jul/2023:03:18:15 -0500] "GET /BLA/resoluciones/RESOLUCIONES%202022/3464.pdf HTTP/1.1" 200 593951
172.22.2.4 - - [04/Jul/2023:03:18:30 -0500] "GET /BLA/boletinlegal/consulta_actos.php?tipo=resoluciones&no=&usuario=&sector=&fecha=2023&resuelve= HTTP/1.1" 200 114897
172.22.2.4 - - [04/Jul/2023:03:17:08 -0500] "HEAD /BLA/boletinlegal/ HTTP/1.1" 200 -
181.57.18.194 - - [04/Jul/2023:03:19:14 -0500] "POST /forms/lservlet;jsessionid=ac16012b30d6ee0daf1504c24649b609c880a8aea096.e3iSbxaKaheRe34Ma3yMbN0Rbhf0n6jAmljGr5XDqQLvpAe HTTP/1.1" 200 2
216.245.221.92 - - [04/Jul/2023:03:19:15 -0500] "HEAD / HTTP/1.1" 200 -
181.61.208.239 - - [04/Jul/2023:03:19:24 -0500] "GET /BLA/resoluciones/RESOLUCIONES%202023/0407.pdf HTTP/1.1" 200 396700
172.22.2.4 - - [04/Jul/2023:03:17:58 -0500] "GET /BLA/boletinlegal/ HTTP/1.1" 200 58079
201.245.192.253 - - [04/Jul/2023:03:19:52 -0500] "POST /kwsrmcab/Wsrmcab  HTTP/1.1" 200 213
201.245.192.253 - - [04/Jul/2023:03:20:04 -0500] "POST /kwsrmcab/Wsrmcab HTTP/1.1" 200 42603
201.245.192.253 - - [04/Jul/2023:03:20:07 -0500] "POST /kwsrmcab/Wsrmcab HTTP/1.1" 200 39929
181.57.18.194 - - [04/Jul/2023:03:21:14 -0500] "POST /forms/lservlet;jsessionid=ac16012b30d6ee0daf1504c24649b609c880a8aea096.e3iSbxaKaheRe34Ma3yMbN0Rbhf0n6jAmljGr5XDqQLvpAe HTTP/1.1" 200 2
172.22.2.4 - - [04/Jul/2023:03:21:19 -0500] "GET /BLA/boletinlegal/robots.txt HTTP/1.1" 404 1038
172.22.2.4 - - [04/Jul/2023:03:21:21 -0500] "GET /BLA/boletinlegal/jurisprudencia/analisis/Analisis%20Sentencia%20T-1077,%202%20corregida.doc HTTP/1.1" 304 -
181.61.208.239 - - [04/Jul/2023:03:22:14 -0500] "GET /BLA/resoluciones/RESOLUCIONES%202023/0249.pdf HTTP/1.1" 200 382679
181.57.18.194 - - [04/Jul/2023:03:23:14 -0500] "POST /forms/lservlet;jsessionid=ac16012b30d6ee0daf1504c24649b609c880a8aea096.e3iSbxaKaheRe34Ma3yMbN0Rbhf0n6jAmljGr5XDqQLvpAe HTTP/1.1" 200 2
181.61.208.239 - - [04/Jul/2023:03:23:52 -0500] "GET /BLA/resoluciones/RESOLUCIONES%202023/0012.pdf HTTP/1.1" 200 536579
216.245.221.92 - - [04/Jul/2023:03:24:15 -0500] "HEAD / HTTP/1.1" 200 -
172.22.2.4 - - [04/Jul/2023:03:22:58 -0500] "HEAD /BLA/boletinlegal/ HTTP/1.1" 200 -
201.245.192.253 - - [04/Jul/2023:03:24:51 -0500] "POST /kwsrmcab/Wsrmcab  HTTP/1.1" 200 213
181.57.18.194 - - [04/Jul/2023:03:25:14 -0500] "POST /forms/lservlet;jsessionid=ac16012b30d6ee0daf1504c24649b609c880a8aea096.e3iSbxaKaheRe34Ma3yMbN0Rbhf0n6jAmljGr5XDqQLvpAe HTTP/1.1" 200 2
172.22.2.4 - - [04/Jul/2023:03:23:48 -0500] "GET /BLA/boletinlegal/ HTTP/1.1" 200 58825
181.57.18.194 - - [04/Jul/2023:03:27:14 -0500] "POST /forms/lservlet;jsessionid=ac16012b30d6ee0daf1504c24649b609c880a8aea096.e3iSbxaKaheRe34Ma3yMbN0Rbhf0n6jAmljGr5XDqQLvpAe HTTP/1.1" 200 2
64.124.8.186 - - [04/Jul/2023:03:29:00 -0500] "GET /transparencia/financiera/Ejecucion%20Presupuestal/Vigencia%20actual HTTP/1.1" 404 1018
181.57.18.194 - - [04/Jul/2023:03:29:14 -0500] "POST /forms/lservlet;jsessionid=ac16012b30d6ee0daf1504c24649b609c880a8aea096.e3iSbxaKaheRe34Ma3yMbN0Rbhf0n6jAmljGr5XDqQLvpAe HTTP/1.1" 200 2
216.245.221.92 - - [04/Jul/2023:03:29:15 -0500] "HEAD / HTTP/1.1" 200 -
201.245.192.253 - - [04/Jul/2023:03:29:49 -0500] "POST /kwsrmcab/Wsrmcab  HTTP/1.1" 200 213
201.245.192.253 - - [04/Jul/2023:03:30:04 -0500] "POST /kwsrmcab/Wsrmcab HTTP/1.1" 200 42603
201.245.192.253 - - [04/Jul/2023:03:30:07 -0500] "POST /kwsrmcab/Wsrmcab HTTP/1.1" 200 39929
168.119.49.52 - - [04/Jul/2023:03:30:16 -0500] "GET / HTTP/1.1" 200 319
168.119.49.52 - - [04/Jul/2023:03:30:18 -0500] "GET / HTTP/1.1" 200 4720
172.22.2.4 - - [04/Jul/2023:03:28:48 -0500] "HEAD /BLA/boletinlegal/ HTTP/1.1" 200 -
181.57.18.194 - - [04/Jul/2023:03:31:14 -0500] "POST /forms/lservlet;jsessionid=ac16012b30d6ee0daf1504c24649b609c880a8aea096.e3iSbxaKaheRe34Ma3yMbN0Rbhf0n6jAmljGr5XDqQLvpAe HTTP/1.1" 200 2
172.22.2.4 - - [04/Jul/2023:03:29:38 -0500] "GET /BLA/boletinlegal/ HTTP/1.1" 200 58825
199.16.157.181 - - [04/Jul/2023:03:32:12 -0500] "GET /images/imagen-palomas_optimized.jpg HTTP/1.1" 200 184069
199.16.157.180 - - [04/Jul/2023:03:32:13 -0500] "GET /distrito-realiza-las-primeras-vasectomias-a-palomas-de-plaza.html HTTP/1.1" 200 958
181.57.18.194 - - [04/Jul/2023:03:33:14 -0500] "POST /forms/lservlet;jsessionid=ac16012b30d6ee0daf1504c24649b609c880a8aea096.e3iSbxaKaheRe34Ma3yMbN0Rbhf0n6jAmljGr5XDqQLvpAe HTTP/1.1" 200 2
216.245.221.92 - - [04/Jul/2023:03:34:15 -0500] "HEAD / HTTP/1.1" 200 -
66.249.77.9 - - [04/Jul/2023:03:34:41 -0500] "-" 408 -
201.245.192.253 - - [04/Jul/2023:03:34:49 -0500] "POST /kwsrmcab/Wsrmcab  HTTP/1.1" 200 213
181.57.18.194 - - [04/Jul/2023:03:35:14 -0500] "POST /forms/lservlet;jsessionid=ac16012b30d6ee0daf1504c24649b609c880a8aea096.e3iSbxaKaheRe34Ma3yMbN0Rbhf0n6jAmljGr5XDqQLvpAe HTTP/1.1" 200 2
172.22.2.4 - - [04/Jul/2023:03:34:38 -0500] "HEAD /BLA/boletinlegal/ HTTP/1.1" 200 -
172.22.2.4 - - [04/Jul/2023:03:35:55 -0500] "GET /BLA/boletinlegal/ HTTP/1.1" 200 20427
172.22.2.4 - - [04/Jul/2023:03:35:28 -0500] "GET /BLA/boletinlegal/ HTTP/1.1" 200 56100
181.57.18.194 - - [04/Jul/2023:03:37:14 -0500] "POST /forms/lservlet;jsessionid=ac16012b30d6ee0daf1504c24649b609c880a8aea096.e3iSbxaKaheRe34Ma3yMbN0Rbhf0n6jAmljGr5XDqQLvpAe HTTP/1.1" 200 2
64.124.8.186 - - [04/Jul/2023:03:37:26 -0500] "GET /galeria/nivo-slider/demo/convocatorias.html HTTP/1.1" 304 -
181.57.18.194 - - [04/Jul/2023:03:39:14 -0500] "POST /forms/lservlet;jsessionid=ac16012b30d6ee0daf1504c24649b609c880a8aea096.e3iSbxaKaheRe34Ma3yMbN0Rbhf0n6jAmljGr5XDqQLvpAe HTTP/1.1" 200 2
216.245.221.92 - - [04/Jul/2023:03:39:15 -0500] "HEAD / HTTP/1.1" 200 -
172.22.2.4 - - [04/Jul/2023:03:39:00 -0500] "GET /BLA/boletinlegal/ HTTP/1.1" 200 32715
201.245.192.253 - - [04/Jul/2023:03:39:48 -0500] "POST /kwsrmcab/Wsrmcab  HTTP/1.1" 200 213
201.245.192.253 - - [04/Jul/2023:03:40:04 -0500] "POST /kwsrmcab/Wsrmcab HTTP/1.1" 200 42603
201.245.192.253 - - [04/Jul/2023:03:40:07 -0500] "POST /kwsrmcab/Wsrmcab HTTP/1.1" 200 39929
52.167.144.88 - - [04/Jul/2023:03:41:11 -0500] "GET /portaldeninos/gestion-del-riesgo-incendios-forestales/ HTTP/1.1" 200 86825
181.57.18.194 - - [04/Jul/2023:03:41:14 -0500] "POST /forms/lservlet;jsessionid=ac16012b30d6ee0daf1504c24649b609c880a8aea096.e3iSbxaKaheRe34Ma3yMbN0Rbhf0n6jAmljGr5XDqQLvpAe HTTP/1.1" 200 2
172.22.2.4 - - [04/Jul/2023:03:40:28 -0500] "HEAD /BLA/boletinlegal/ HTTP/1.1" 200 -
172.22.2.4 - - [04/Jul/2023:03:41:18 -0500] "GET /BLA/boletinlegal/ HTTP/1.1" 200 55337
181.57.18.194 - - [04/Jul/2023:03:43:14 -0500] "POST /forms/lservlet;jsessionid=ac16012b30d6ee0daf1504c24649b609c880a8aea096.e3iSbxaKaheRe34Ma3yMbN0Rbhf0n6jAmljGr5XDqQLvpAe HTTP/1.1" 200 2
66.249.77.8 - - [04/Jul/2023:03:43:55 -0500] "-" 408 -
216.245.221.92 - - [04/Jul/2023:03:44:15 -0500] "HEAD / HTTP/1.1" 200 -
172.22.2.4 - - [04/Jul/2023:03:44:26 -0500] "GET /BLA/boletinlegal/jurisprudencia/analisis/AnalisisC-035-16.docx HTTP/1.1" 304 -
201.245.192.253 - - [04/Jul/2023:03:44:46 -0500] "POST /kwsrmcab/Wsrmcab  HTTP/1.1" 200 213
64.124.8.186 - - [04/Jul/2023:03:45:14 -0500] "GET /siipev/Diseno%20de%20Elementos%20de%20Mobiliario%20Urbano/Acciones%20Populares/AccionesPopulares.html HTTP/1.1" 304 -
181.57.18.194 - - [04/Jul/2023:03:45:14 -0500] "POST /forms/lservlet;jsessionid=ac16012b30d6ee0daf1504c24649b609c880a8aea096.e3iSbxaKaheRe34Ma3yMbN0Rbhf0n6jAmljGr5XDqQLvpAe HTTP/1.1" 200 2
181.57.18.194 - - [04/Jul/2023:03:47:15 -0500] "POST /forms/lservlet;jsessionid=ac16012b30d6ee0daf1504c24649b609c880a8aea096.e3iSbxaKaheRe34Ma3yMbN0Rbhf0n6jAmljGr5XDqQLvpAe HTTP/1.1" 200 2
172.22.2.4 - - [04/Jul/2023:03:46:18 -0500] "HEAD /BLA/boletinlegal/ HTTP/1.1" 200 -
172.22.2.4 - - [04/Jul/2023:03:47:08 -0500] "GET /BLA/boletinlegal/ HTTP/1.1" 200 56100
181.57.18.194 - - [04/Jul/2023:03:49:15 -0500] "POST /forms/lservlet;jsessionid=ac16012b30d6ee0daf1504c24649b609c880a8aea096.e3iSbxaKaheRe34Ma3yMbN0Rbhf0n6jAmljGr5XDqQLvpAe HTTP/1.1" 200 2
216.245.221.92 - - [04/Jul/2023:03:49:15 -0500] "HEAD / HTTP/1.1" 200 -
201.245.192.253 - - [04/Jul/2023:03:49:45 -0500] "POST /kwsrmcab/Wsrmcab  HTTP/1.1" 200 213
52.11.65.100 - - [04/Jul/2023:03:50:42 -0500] "GET / HTTP/1.1" 200 319
181.57.18.194 - - [04/Jul/2023:03:51:15 -0500] "POST /forms/lservlet;jsessionid=ac16012b30d6ee0daf1504c24649b609c880a8aea096.e3iSbxaKaheRe34Ma3yMbN0Rbhf0n6jAmljGr5XDqQLvpAe HTTP/1.1" 200 2
52.167.144.88 - - [04/Jul/2023:03:51:32 -0500] "GET /BLA/resoluciones/RESOLUCIONES%202021/4048.pdf HTTP/1.1" 304 -
34.216.60.87 - - [04/Jul/2023:03:52:08 -0500] "GET / HTTP/1.1" 200 319
181.57.18.194 - - [04/Jul/2023:03:53:15 -0500] "POST /forms/lservlet;jsessionid=ac16012b30d6ee0daf1504c24649b609c880a8aea096.e3iSbxaKaheRe34Ma3yMbN0Rbhf0n6jAmljGr5XDqQLvpAe HTTP/1.1" 200 2
172.22.2.4 - - [04/Jul/2023:03:52:08 -0500] "HEAD /BLA/boletinlegal/ HTTP/1.1" 200 -
216.245.221.92 - - [04/Jul/2023:03:54:15 -0500] "HEAD / HTTP/1.1" 200 -
172.22.2.4 - - [04/Jul/2023:03:52:58 -0500] "GET /BLA/boletinlegal/ HTTP/1.1" 200 54079
172.22.2.4 - - [04/Jul/2023:03:54:13 -0500] "GET /BLA/boletinlegal/ HTTP/1.1" 200 20427
201.245.192.253 - - [04/Jul/2023:03:54:44 -0500] "POST /kwsrmcab/Wsrmcab  HTTP/1.1" 200 213
181.57.18.194 - - [04/Jul/2023:03:55:15 -0500] "POST /forms/lservlet;jsessionid=ac16012b30d6ee0daf1504c24649b609c880a8aea096.e3iSbxaKaheRe34Ma3yMbN0Rbhf0n6jAmljGr5XDqQLvpAe HTTP/1.1" 200 2
162.55.165.184 - - [04/Jul/2023:03:56:33 -0500] "GET / HTTP/1.1" 200 319
162.55.165.184 - - [04/Jul/2023:03:56:35 -0500] "GET / HTTP/1.1" 200 4720
181.57.18.194 - - [04/Jul/2023:03:57:15 -0500] "POST /forms/lservlet;jsessionid=ac16012b30d6ee0daf1504c24649b609c880a8aea096.e3iSbxaKaheRe34Ma3yMbN0Rbhf0n6jAmljGr5XDqQLvpAe HTTP/1.1" 200 2
172.22.2.4 - - [04/Jul/2023:03:57:34 -0500] "GET /BLA/boletinlegal/style.css HTTP/1.1" 200 9406
172.22.2.4 - - [04/Jul/2023:03:57:35 -0500] "GET /BLA/boletinlegal/styles2.css HTTP/1.1" 200 1838
172.22.2.4 - - [04/Jul/2023:03:57:35 -0500] "GET /BLA/boletinlegal/js/jquery.scrollTo-min.js HTTP/1.1" 200 1150
172.22.2.4 - - [04/Jul/2023:03:57:35 -0500] "GET /BLA/boletinlegal/js/jquery.js HTTP/1.1" 200 57254
172.22.2.4 - - [04/Jul/2023:03:57:35 -0500] "GET /BLA/boletinlegal/js/jquery.scrollShow.js HTTP/1.1" 200 4586
172.22.2.4 - - [04/Jul/2023:03:57:35 -0500] "GET /BLA/boletinlegal/images/cabezote%20BLEGAL.jpg HTTP/1.1" 200 118164
172.22.2.4 - - [04/Jul/2023:03:57:35 -0500] "GET /BLA/boletinlegal/images/subscribe-icon-big.png HTTP/1.1" 200 47702
172.22.2.4 - - [04/Jul/2023:03:57:35 -0500] "GET /BLA/boletinlegal/images/historia.png HTTP/1.1" 200 52775
172.22.2.4 - - [04/Jul/2023:03:57:35 -0500] "GET /BLA/boletinlegal/images/registro-usuarios.png HTTP/1.1" 200 8106
172.22.2.4 - - [04/Jul/2023:03:57:36 -0500] "GET /BLA/boletinlegal/images/arr_l.jpg HTTP/1.1" 200 1979
172.22.2.4 - - [04/Jul/2023:03:57:36 -0500] "GET /BLA/boletinlegal/images/screen_1.png HTTP/1.1" 200 202547
172.22.2.4 - - [04/Jul/2023:03:57:36 -0500] "GET /BLA/boletinlegal/images/launch.jpg HTTP/1.1" 200 14577
172.22.2.4 - - [04/Jul/2023:03:57:36 -0500] "GET /BLA/boletinlegal/images/menu_rght.gif HTTP/1.1" 200 1627
172.22.2.4 - - [04/Jul/2023:03:57:36 -0500] "GET /BLA/boletinlegal/images/body_bg.jpg HTTP/1.1" 200 1601
172.22.2.4 - - [04/Jul/2023:03:57:36 -0500] "GET /BLA/boletinlegal/images/menu_lft.gif HTTP/1.1" 200 1713
172.22.2.4 - - [04/Jul/2023:03:57:36 -0500] "GET /BLA/boletinlegal/images/bg_top.jpg HTTP/1.1" 200 522
172.22.2.4 - - [04/Jul/2023:03:57:36 -0500] "GET /BLA/boletinlegal/images/menu_bg.jpg HTTP/1.1" 200 620
172.22.2.4 - - [04/Jul/2023:03:57:36 -0500] "GET /BLA/boletinlegal/images/text.jpg HTTP/1.1" 200 568
172.22.2.4 - - [04/Jul/2023:03:57:36 -0500] "GET /BLA/boletinlegal/images/hover.jpg HTTP/1.1" 200 640
172.22.2.4 - - [04/Jul/2023:03:57:43 -0500] "GET /BLA/boletinlegal/images/screen_2.png HTTP/1.1" 200 362502
172.22.2.4 - - [04/Jul/2023:03:57:44 -0500] "GET /BLA/boletinlegal/images/screen_3.png HTTP/1.1" 200 210620
172.22.2.4 - - [04/Jul/2023:03:57:44 -0500] "GET /BLA/boletinlegal/images/screen_5.png HTTP/1.1" 200 368876
172.22.2.4 - - [04/Jul/2023:03:57:45 -0500] "GET /BLA/boletinlegal/images/arr_r.jpg HTTP/1.1" 200 1998
172.22.2.4 - - [04/Jul/2023:03:57:47 -0500] "GET /BLA/boletinlegal/images/footer_bg.jpg HTTP/1.1" 200 586
172.22.2.4 - - [04/Jul/2023:03:57:54 -0500] "GET /BLA/boletinlegal/images/pdf.gif HTTP/1.1" 200 567
66.249.77.8 - - [04/Jul/2023:03:58:04 -0500] "-" 408 -
34.220.138.45 - - [04/Jul/2023:03:58:04 -0500] "GET /favicon.ico HTTP/1.1" 200 7782
172.22.2.4 - - [04/Jul/2023:03:57:14 -0500] "GET /BLA/boletinlegal/ HTTP/1.1" 200 36811
172.22.2.4 - - [04/Jul/2023:03:58:40 -0500] "GET /BLA/boletinlegal/images/background.gif HTTP/1.1" 200 -
172.22.2.4 - - [04/Jul/2023:03:57:34 -0500] "GET /BLA/boletinlegal/ HTTP/1.1" 200 52149
216.245.221.92 - - [04/Jul/2023:03:59:15 -0500] "HEAD / HTTP/1.1" 200 -
181.57.18.194 - - [04/Jul/2023:03:59:15 -0500] "POST /forms/lservlet;jsessionid=ac16012b30d6ee0daf1504c24649b609c880a8aea096.e3iSbxaKaheRe34Ma3yMbN0Rbhf0n6jAmljGr5XDqQLvpAe HTTP/1.1" 200 2
172.22.2.4 - - [04/Jul/2023:03:57:58 -0500] "HEAD /BLA/boletinlegal/ HTTP/1.1" 200 -
201.245.192.253 - - [04/Jul/2023:03:59:43 -0500] "POST /kwsrmcab/Wsrmcab  HTTP/1.1" 200 213
172.22.2.4 - - [04/Jul/2023:03:58:48 -0500] "GET /BLA/boletinlegal/ HTTP/1.1" 200 54453
181.57.18.194 - - [04/Jul/2023:04:01:15 -0500] "POST /forms/lservlet;jsessionid=ac16012b30d6ee0daf1504c24649b609c880a8aea096.e3iSbxaKaheRe34Ma3yMbN0Rbhf0n6jAmljGr5XDqQLvpAe HTTP/1.1" 200 2
34.219.183.250 - - [04/Jul/2023:04:03:10 -0500] "GET /favicon.ico HTTP/1.1" 200 7782
181.57.18.194 - - [04/Jul/2023:04:03:15 -0500] "POST /forms/lservlet;jsessionid=ac16012b30d6ee0daf1504c24649b609c880a8aea096.e3iSbxaKaheRe34Ma3yMbN0Rbhf0n6jAmljGr5XDqQLvpAe HTTP/1.1" 200 2
34.215.233.222 - - [04/Jul/2023:04:03:29 -0500] "GET /favicon.ico HTTP/1.1" 200 7782
216.245.221.92 - - [04/Jul/2023:04:04:15 -0500] "HEAD / HTTP/1.1" 200 -
201.245.192.253 - - [04/Jul/2023:04:04:42 -0500] "POST /kwsrmcab/Wsrmcab  HTTP/1.1" 200 213
181.57.18.194 - - [04/Jul/2023:04:05:15 -0500] "POST /forms/lservlet;jsessionid=ac16012b30d6ee0daf1504c24649b609c880a8aea096.e3iSbxaKaheRe34Ma3yMbN0Rbhf0n6jAmljGr5XDqQLvpAe HTTP/1.1" 200 2
172.22.2.4 - - [04/Jul/2023:04:03:48 -0500] "HEAD /BLA/boletinlegal/ HTTP/1.1" 200 -
45.79.181.104 - - [04/Jul/2023:04:06:18 -0500] "GET / HTTP/1.1" 200 319
172.22.2.4 - - [04/Jul/2023:04:04:38 -0500] "GET /BLA/boletinlegal/ HTTP/1.1" 200 56452
181.57.18.194 - - [04/Jul/2023:04:07:15 -0500] "POST /forms/lservlet;jsessionid=ac16012b30d6ee0daf1504c24649b609c880a8aea096.e3iSbxaKaheRe34Ma3yMbN0Rbhf0n6jAmljGr5XDqQLvpAe HTTP/1.1" 200 2
66.249.77.8 - - [04/Jul/2023:04:08:25 -0500] "-" 408 -
52.167.144.46 - - [04/Jul/2023:04:08:41 -0500] "GET /BLA/resoluciones/AUTOS%202022/1420.pdf HTTP/1.1" 304 -
216.245.221.92 - - [04/Jul/2023:04:09:15 -0500] "HEAD / HTTP/1.1" 200 -
181.57.18.194 - - [04/Jul/2023:04:09:15 -0500] "POST /forms/lservlet;jsessionid=ac16012b30d6ee0daf1504c24649b609c880a8aea096.e3iSbxaKaheRe34Ma3yMbN0Rbhf0n6jAmljGr5XDqQLvpAe HTTP/1.1" 200 2
201.245.192.253 - - [04/Jul/2023:04:09:41 -0500] "POST /kwsrmcab/Wsrmcab  HTTP/1.1" 200 213
181.57.18.194 - - [04/Jul/2023:04:11:15 -0500] "POST /forms/lservlet;jsessionid=ac16012b30d6ee0daf1504c24649b609c880a8aea096.e3iSbxaKaheRe34Ma3yMbN0Rbhf0n6jAmljGr5XDqQLvpAe HTTP/1.1" 200 2
172.22.2.4 - - [04/Jul/2023:04:09:38 -0500] "HEAD /BLA/boletinlegal/ HTTP/1.1" 200 -
172.22.2.4 - - [04/Jul/2023:04:10:28 -0500] "GET /BLA/boletinlegal/ HTTP/1.1" 200 57272
64.124.8.58 - - [04/Jul/2023:04:13:15 -0500] "GET /portaldeninos/2021/07/11/asi-monitoreamos-las-condiciones-y-caracteristicas-de-algunos-animales/feed/ HTTP/1.1" 304 -
181.57.18.194 - - [04/Jul/2023:04:13:15 -0500] "POST /forms/lservlet;jsessionid=ac16012b30d6ee0daf1504c24649b609c880a8aea096.e3iSbxaKaheRe34Ma3yMbN0Rbhf0n6jAmljGr5XDqQLvpAe HTTP/1.1" 200 2
216.245.221.92 - - [04/Jul/2023:04:14:14 -0500] "HEAD / HTTP/1.1" 200 -
201.245.192.253 - - [04/Jul/2023:04:14:40 -0500] "POST /kwsrmcab/Wsrmcab  HTTP/1.1" 200 213
181.57.18.194 - - [04/Jul/2023:04:15:15 -0500] "POST /forms/lservlet;jsessionid=ac16012b30d6ee0daf1504c24649b609c880a8aea096.e3iSbxaKaheRe34Ma3yMbN0Rbhf0n6jAmljGr5XDqQLvpAe HTTP/1.1" 200 2
172.22.2.4 - - [04/Jul/2023:04:15:28 -0500] "HEAD /BLA/boletinlegal/ HTTP/1.1" 200 -
181.57.18.194 - - [04/Jul/2023:04:17:15 -0500] "POST /forms/lservlet;jsessionid=ac16012b30d6ee0daf1504c24649b609c880a8aea096.e3iSbxaKaheRe34Ma3yMbN0Rbhf0n6jAmljGr5XDqQLvpAe HTTP/1.1" 200 2
172.22.2.4 - - [04/Jul/2023:04:16:18 -0500] "GET /BLA/boletinlegal/ HTTP/1.1" 200 55739
52.167.144.88 - - [04/Jul/2023:04:18:45 -0500] "GET / HTTP/1.1" 200 319
66.249.77.8 - - [04/Jul/2023:04:19:02 -0500] "-" 408 -
216.245.221.92 - - [04/Jul/2023:04:19:15 -0500] "HEAD / HTTP/1.1" 200 -
181.57.18.194 - - [04/Jul/2023:04:19:15 -0500] "POST /forms/lservlet;jsessionid=ac16012b30d6ee0daf1504c24649b609c880a8aea096.e3iSbxaKaheRe34Ma3yMbN0Rbhf0n6jAmljGr5XDqQLvpAe HTTP/1.1" 200 2
201.245.192.253 - - [04/Jul/2023:04:19:38 -0500] "POST /kwsrmcab/Wsrmcab  HTTP/1.1" 200 213
201.245.192.253 - - [04/Jul/2023:04:20:04 -0500] "POST /kwsrmcab/Wsrmcab HTTP/1.1" 200 42597
201.245.192.253 - - [04/Jul/2023:04:20:07 -0500] "POST /kwsrmcab/Wsrmcab HTTP/1.1" 200 39932
64.62.197.106 - - [04/Jul/2023:04:20:16 -0500] "GET /portaldeninos/ HTTP/1.1" 200 88121
181.57.18.194 - - [04/Jul/2023:04:21:15 -0500] "POST /forms/lservlet;jsessionid=ac16012b30d6ee0daf1504c24649b609c880a8aea096.e3iSbxaKaheRe34Ma3yMbN0Rbhf0n6jAmljGr5XDqQLvpAe HTTP/1.1" 200 2
172.22.2.4 - - [04/Jul/2023:04:21:18 -0500] "HEAD /BLA/boletinlegal/ HTTP/1.1" 200 -
181.57.18.194 - - [04/Jul/2023:04:23:16 -0500] "POST /forms/lservlet;jsessionid=ac16012b30d6ee0daf1504c24649b609c880a8aea096.e3iSbxaKaheRe34Ma3yMbN0Rbhf0n6jAmljGr5XDqQLvpAe HTTP/1.1" 200 2
172.22.2.4 - - [04/Jul/2023:04:22:08 -0500] "GET /BLA/boletinlegal/ HTTP/1.1" 200 59192
216.245.221.92 - - [04/Jul/2023:04:24:15 -0500] "HEAD / HTTP/1.1" 200 -
201.245.192.253 - - [04/Jul/2023:04:24:37 -0500] "POST /kwsrmcab/Wsrmcab  HTTP/1.1" 200 213
181.57.18.194 - - [04/Jul/2023:04:25:16 -0500] "POST /forms/lservlet;jsessionid=ac16012b30d6ee0daf1504c24649b609c880a8aea096.e3iSbxaKaheRe34Ma3yMbN0Rbhf0n6jAmljGr5XDqQLvpAe HTTP/1.1" 200 2
108.174.2.214 - - [04/Jul/2023:04:25:27 -0500] "GET /se-viene-la-reciclaton-empresarial-%C3%82%C2%A1inscribete-y-participa.html HTTP/1.1" 206 993
181.57.18.194 - - [04/Jul/2023:04:27:16 -0500] "POST /forms/lservlet;jsessionid=ac16012b30d6ee0daf1504c24649b609c880a8aea096.e3iSbxaKaheRe34Ma3yMbN0Rbhf0n6jAmljGr5XDqQLvpAe HTTP/1.1" 200 2
52.167.144.46 - - [04/Jul/2023:04:28:12 -0500] "GET /BLA/resoluciones/AUTOS%202021/2761.pdf HTTP/1.1" 304 -
172.22.2.4 - - [04/Jul/2023:04:27:08 -0500] "HEAD /BLA/boletinlegal/ HTTP/1.1" 200 -
216.245.221.92 - - [04/Jul/2023:04:29:14 -0500] "HEAD / HTTP/1.1" 200 -
181.57.18.194 - - [04/Jul/2023:04:29:16 -0500] "POST /forms/lservlet;jsessionid=ac16012b30d6ee0daf1504c24649b609c880a8aea096.e3iSbxaKaheRe34Ma3yMbN0Rbhf0n6jAmljGr5XDqQLvpAe HTTP/1.1" 200 2
201.245.192.253 - - [04/Jul/2023:04:29:35 -0500] "POST /kwsrmcab/Wsrmcab  HTTP/1.1" 200 213
172.22.2.4 - - [04/Jul/2023:04:27:58 -0500] "GET /BLA/boletinlegal/ HTTP/1.1" 200 57272
201.245.192.253 - - [04/Jul/2023:04:30:04 -0500] "POST /kwsrmcab/Wsrmcab HTTP/1.1" 200 42597
201.245.192.253 - - [04/Jul/2023:04:30:07 -0500] "POST /kwsrmcab/Wsrmcab HTTP/1.1" 200 39932
181.57.18.194 - - [04/Jul/2023:04:31:16 -0500] "POST /forms/lservlet;jsessionid=ac16012b30d6ee0daf1504c24649b609c880a8aea096.e3iSbxaKaheRe34Ma3yMbN0Rbhf0n6jAmljGr5XDqQLvpAe HTTP/1.1" 200 2
64.124.8.58 - - [04/Jul/2023:04:31:28 -0500] "GET /portaldeninos/aulas-ambientales-2/parque-ecologico-distrital-de-montana-entrenubes/ HTTP/1.1" 200 90406
181.57.18.194 - - [04/Jul/2023:04:33:16 -0500] "POST /forms/lservlet;jsessionid=ac16012b30d6ee0daf1504c24649b609c880a8aea096.e3iSbxaKaheRe34Ma3yMbN0Rbhf0n6jAmljGr5XDqQLvpAe HTTP/1.1" 200 2
66.249.77.8 - - [04/Jul/2023:04:33:41 -0500] "-" 408 -
216.245.221.92 - - [04/Jul/2023:04:34:15 -0500] "HEAD / HTTP/1.1" 200 -
201.245.192.253 - - [04/Jul/2023:04:34:34 -0500] "POST /kwsrmcab/Wsrmcab  HTTP/1.1" 200 213
172.22.2.4 - - [04/Jul/2023:04:32:58 -0500] "HEAD /BLA/boletinlegal/ HTTP/1.1" 200 -
181.57.18.194 - - [04/Jul/2023:04:35:16 -0500] "POST /forms/lservlet;jsessionid=ac16012b30d6ee0daf1504c24649b609c880a8aea096.e3iSbxaKaheRe34Ma3yMbN0Rbhf0n6jAmljGr5XDqQLvpAe HTTP/1.1" 200 2
64.124.8.149 - - [04/Jul/2023:04:35:25 -0500] "GET /BLA/boletinlegal/jurisprudencia/analisis/CUADRO%20ANALISIS%20SENTENCIA%20C-554%20DE%202007.doc HTTP/1.1" 200 35328
172.22.2.4 - - [04/Jul/2023:04:33:48 -0500] "GET /BLA/boletinlegal/ HTTP/1.1" 200 57272
64.124.8.58 - - [04/Jul/2023:04:36:40 -0500] "GET /portaldeninos/2021/07/11/asi-monitoreamos-las-condiciones-y-caracteristicas-de-algunos-animales/ HTTP/1.1" 200 101617
18.142.214.2 - - [04/Jul/2023:04:37:08 -0500] "GET /galeria/nivo-slider/demo/convocatorias.html? HTTP/1.1" 200 3464
18.142.214.2 - - [04/Jul/2023:04:37:09 -0500] "GET /galeria/nivo-slider/nivo-slider.css HTTP/1.1" 200 1507
18.142.214.2 - - [04/Jul/2023:04:37:09 -0500] "GET /galeria/nivo-slider/demo/images/bannerconvocatoriaacercar.jpg HTTP/1.1" 200 91528
181.57.18.194 - - [04/Jul/2023:04:37:16 -0500] "POST /forms/lservlet;jsessionid=ac16012b30d6ee0daf1504c24649b609c880a8aea096.e3iSbxaKaheRe34Ma3yMbN0Rbhf0n6jAmljGr5XDqQLvpAe HTTP/1.1" 200 2
216.245.221.92 - - [04/Jul/2023:04:39:14 -0500] "HEAD / HTTP/1.1" 200 -
181.57.18.194 - - [04/Jul/2023:04:39:16 -0500] "POST /forms/lservlet;jsessionid=ac16012b30d6ee0daf1504c24649b609c880a8aea096.e3iSbxaKaheRe34Ma3yMbN0Rbhf0n6jAmljGr5XDqQLvpAe HTTP/1.1" 200 2
201.245.192.253 - - [04/Jul/2023:04:39:32 -0500] "POST /kwsrmcab/Wsrmcab  HTTP/1.1" 200 213
201.245.192.253 - - [04/Jul/2023:04:40:03 -0500] "POST /kwsrmcab/Wsrmcab HTTP/1.1" 200 42597
201.245.192.253 - - [04/Jul/2023:04:40:06 -0500] "POST /kwsrmcab/Wsrmcab HTTP/1.1" 200 39932
172.22.2.4 - - [04/Jul/2023:04:38:48 -0500] "HEAD /BLA/boletinlegal/ HTTP/1.1" 200 -
172.22.2.4 - - [04/Jul/2023:04:40:39 -0500] "GET /BLA/boletinlegal/robots.txt HTTP/1.1" 404 1038
181.57.18.194 - - [04/Jul/2023:04:41:16 -0500] "POST /forms/lservlet;jsessionid=ac16012b30d6ee0daf1504c24649b609c880a8aea096.e3iSbxaKaheRe34Ma3yMbN0Rbhf0n6jAmljGr5XDqQLvpAe HTTP/1.1" 200 2
172.22.2.4 - - [04/Jul/2023:04:39:38 -0500] "GET /BLA/boletinlegal/ HTTP/1.1" 200 54079
66.249.77.8 - - [04/Jul/2023:04:42:00 -0500] "-" 408 -
172.22.2.4 - - [04/Jul/2023:04:40:40 -0500] "GET /BLA/boletinlegal/ HTTP/1.1" 200 59824
66.249.75.97 - - [04/Jul/2023:04:43:10 -0500] "-" 408 -
181.57.18.194 - - [04/Jul/2023:04:43:16 -0500] "POST /forms/lservlet;jsessionid=ac16012b30d6ee0daf1504c24649b609c880a8aea096.e3iSbxaKaheRe34Ma3yMbN0Rbhf0n6jAmljGr5XDqQLvpAe HTTP/1.1" 200 2
216.245.221.92 - - [04/Jul/2023:04:44:14 -0500] "HEAD / HTTP/1.1" 200 -
201.245.192.253 - - [04/Jul/2023:04:44:31 -0500] "POST /kwsrmcab/Wsrmcab  HTTP/1.1" 200 213
181.57.18.194 - - [04/Jul/2023:04:45:16 -0500] "POST /forms/lservlet;jsessionid=ac16012b30d6ee0daf1504c24649b609c880a8aea096.e3iSbxaKaheRe34Ma3yMbN0Rbhf0n6jAmljGr5XDqQLvpAe HTTP/1.1" 200 2
172.22.2.4 - - [04/Jul/2023:04:44:38 -0500] "HEAD /BLA/boletinlegal/ HTTP/1.1" 200 -
172.22.2.4 - - [04/Jul/2023:04:45:28 -0500] "GET /BLA/boletinlegal/ HTTP/1.1" 200 59192
181.57.18.194 - - [04/Jul/2023:04:47:16 -0500] "POST /forms/lservlet;jsessionid=ac16012b30d6ee0daf1504c24649b609c880a8aea096.e3iSbxaKaheRe34Ma3yMbN0Rbhf0n6jAmljGr5XDqQLvpAe HTTP/1.1" 200 2
66.249.77.8 - - [04/Jul/2023:04:48:17 -0500] "-" 408 -
216.245.221.92 - - [04/Jul/2023:04:49:14 -0500] "HEAD / HTTP/1.1" 200 -
181.57.18.194 - - [04/Jul/2023:04:49:16 -0500] "POST /forms/lservlet;jsessionid=ac16012b30d6ee0daf1504c24649b609c880a8aea096.e3iSbxaKaheRe34Ma3yMbN0Rbhf0n6jAmljGr5XDqQLvpAe HTTP/1.1" 200 2
201.245.192.253 - - [04/Jul/2023:04:49:30 -0500] "POST /kwsrmcab/Wsrmcab  HTTP/1.1" 200 213
181.57.18.194 - - [04/Jul/2023:04:51:16 -0500] "POST /forms/lservlet;jsessionid=ac16012b30d6ee0daf1504c24649b609c880a8aea096.e3iSbxaKaheRe34Ma3yMbN0Rbhf0n6jAmljGr5XDqQLvpAe HTTP/1.1" 200 2
172.22.2.4 - - [04/Jul/2023:04:50:28 -0500] "HEAD /BLA/boletinlegal/ HTTP/1.1" 200 -
172.22.2.4 - - [04/Jul/2023:04:51:18 -0500] "GET /BLA/boletinlegal/ HTTP/1.1" 200 57680
181.57.18.194 - - [04/Jul/2023:04:53:16 -0500] "POST /forms/lservlet;jsessionid=ac16012b30d6ee0daf1504c24649b609c880a8aea096.e3iSbxaKaheRe34Ma3yMbN0Rbhf0n6jAmljGr5XDqQLvpAe HTTP/1.1" 200 2
162.55.37.148 - - [04/Jul/2023:04:53:57 -0500] "GET / HTTP/1.1" 200 4720
162.55.37.148 - - [04/Jul/2023:04:54:00 -0500] "GET / HTTP/1.1" 200 319
216.245.221.92 - - [04/Jul/2023:04:54:14 -0500] "HEAD / HTTP/1.1" 200 -
201.245.192.253 - - [04/Jul/2023:04:54:29 -0500] "POST /kwsrmcab/Wsrmcab  HTTP/1.1" 200 213
66.249.75.110 - - [04/Jul/2023:04:54:45 -0500] "-" 408 -
181.57.18.194 - - [04/Jul/2023:04:55:16 -0500] "POST /forms/lservlet;jsessionid=ac16012b30d6ee0daf1504c24649b609c880a8aea096.e3iSbxaKaheRe34Ma3yMbN0Rbhf0n6jAmljGr5XDqQLvpAe HTTP/1.1" 200 2
172.22.2.4 - - [04/Jul/2023:04:56:27 -0500] "GET /BLA/boletinlegal/Directivas/2017/Directiva%20No.%2004%20del%2028%20de%20Abril%20de%202017.pdf HTTP/1.1" 200 8194919
181.57.18.194 - - [04/Jul/2023:04:57:16 -0500] "POST /forms/lservlet;jsessionid=ac16012b30d6ee0daf1504c24649b609c880a8aea096.e3iSbxaKaheRe34Ma3yMbN0Rbhf0n6jAmljGr5XDqQLvpAe HTTP/1.1" 200 2
172.22.2.4 - - [04/Jul/2023:04:56:18 -0500] "HEAD /BLA/boletinlegal/ HTTP/1.1" 200 -
66.249.77.8 - - [04/Jul/2023:04:58:34 -0500] "-" 408 -
172.22.2.4 - - [04/Jul/2023:04:57:08 -0500] "GET /BLA/boletinlegal/ HTTP/1.1" 200 57680
216.245.221.92 - - [04/Jul/2023:04:59:14 -0500] "HEAD / HTTP/1.1" 200 -
181.57.18.194 - - [04/Jul/2023:04:59:17 -0500] "POST /forms/lservlet;jsessionid=ac16012b30d6ee0daf1504c24649b609c880a8aea096.e3iSbxaKaheRe34Ma3yMbN0Rbhf0n6jAmljGr5XDqQLvpAe HTTP/1.1" 200 2
201.245.192.253 - - [04/Jul/2023:04:59:28 -0500] "POST /kwsrmcab/Wsrmcab  HTTP/1.1" 200 213
172.22.2.4 - - [04/Jul/2023:04:59:41 -0500] "POST /BLA/boletinlegal/Autodiscover/Autodiscover.xml HTTP/1.1" 404 1018
181.57.18.194 - - [04/Jul/2023:05:01:17 -0500] "POST /forms/lservlet;jsessionid=ac16012b30d6ee0daf1504c24649b609c880a8aea096.e3iSbxaKaheRe34Ma3yMbN0Rbhf0n6jAmljGr5XDqQLvpAe HTTP/1.1" 200 2
66.249.75.110 - - [04/Jul/2023:05:01:57 -0500] "-" 408 -
181.57.18.194 - - [04/Jul/2023:05:03:17 -0500] "POST /forms/lservlet;jsessionid=ac16012b30d6ee0daf1504c24649b609c880a8aea096.e3iSbxaKaheRe34Ma3yMbN0Rbhf0n6jAmljGr5XDqQLvpAe HTTP/1.1" 200 2
172.22.2.4 - - [04/Jul/2023:05:02:07 -0500] "HEAD /BLA/boletinlegal/ HTTP/1.1" 200 -
216.245.221.92 - - [04/Jul/2023:05:04:14 -0500] "HEAD / HTTP/1.1" 200 -
201.245.192.253 - - [04/Jul/2023:05:04:27 -0500] "POST /kwsrmcab/Wsrmcab  HTTP/1.1" 200 213
172.22.2.4 - - [04/Jul/2023:05:02:58 -0500] "GET /BLA/boletinlegal/ HTTP/1.1" 200 56816
181.57.18.194 - - [04/Jul/2023:05:05:17 -0500] "POST /forms/lservlet;jsessionid=ac16012b30d6ee0daf1504c24649b609c880a8aea096.e3iSbxaKaheRe34Ma3yMbN0Rbhf0n6jAmljGr5XDqQLvpAe HTTP/1.1" 200 2
172.22.2.4 - - [04/Jul/2023:05:05:23 -0500] "GET /BLA/boletinlegal/Directivas/2016/Directiva%20No.%2003%20del%2026%20de%20Julio%20de%202016.pdf HTTP/1.1" 304 -
181.57.18.194 - - [04/Jul/2023:05:07:17 -0500] "POST /forms/lservlet;jsessionid=ac16012b30d6ee0daf1504c24649b609c880a8aea096.e3iSbxaKaheRe34Ma3yMbN0Rbhf0n6jAmljGr5XDqQLvpAe HTTP/1.1" 200 2
52.167.144.38 - - [04/Jul/2023:05:08:36 -0500] "GET /Autoliquidacion/index.php?dir=Grupo+Forestal+-+Silvicultura%2F HTTP/1.1" 200 2759
52.167.144.46 - - [04/Jul/2023:05:08:45 -0500] "GET /Autoliquidacion/dlf/styles.css HTTP/1.1" 200 3045
64.124.8.186 - - [04/Jul/2023:05:08:55 -0500] "-" 408 -
216.245.221.92 - - [04/Jul/2023:05:09:14 -0500] "HEAD / HTTP/1.1" 200 -
181.57.18.194 - - [04/Jul/2023:05:09:17 -0500] "POST /forms/lservlet;jsessionid=ac16012b30d6ee0daf1504c24649b609c880a8aea096.e3iSbxaKaheRe34Ma3yMbN0Rbhf0n6jAmljGr5XDqQLvpAe HTTP/1.1" 200 2
201.245.192.253 - - [04/Jul/2023:05:09:26 -0500] "POST /kwsrmcab/Wsrmcab  HTTP/1.1" 200 213
172.22.2.4 - - [04/Jul/2023:05:07:57 -0500] "HEAD /BLA/boletinlegal/ HTTP/1.1" 200 -
52.167.144.38 - - [04/Jul/2023:05:09:46 -0500] "GET /appsia/controlador HTTP/1.1" 200 4799
172.22.2.4 - - [04/Jul/2023:05:08:48 -0500] "GET /BLA/boletinlegal/ HTTP/1.1" 200 56816
66.249.75.110 - - [04/Jul/2023:05:10:34 -0500] "-" 408 -
181.57.18.194 - - [04/Jul/2023:05:11:17 -0500] "POST /forms/lservlet;jsessionid=ac16012b30d6ee0daf1504c24649b609c880a8aea096.e3iSbxaKaheRe34Ma3yMbN0Rbhf0n6jAmljGr5XDqQLvpAe HTTP/1.1" 200 2
172.22.2.4 - - [04/Jul/2023:05:13:07 -0500] "GET /BLA/boletinlegal/Circulares/2015/Circular%20No.%201%20del%2010%20de%20Febrero%20de%202015.pdf HTTP/1.1" 200 660637
181.57.18.194 - - [04/Jul/2023:05:13:17 -0500] "POST /forms/lservlet;jsessionid=ac16012b30d6ee0daf1504c24649b609c880a8aea096.e3iSbxaKaheRe34Ma3yMbN0Rbhf0n6jAmljGr5XDqQLvpAe HTTP/1.1" 200 2
172.22.2.4 - - [04/Jul/2023:05:12:33 -0500] "GET /BLA/boletinlegal/ HTTP/1.1" 200 59192
216.245.221.92 - - [04/Jul/2023:05:14:14 -0500] "HEAD / HTTP/1.1" 200 -
201.245.192.253 - - [04/Jul/2023:05:14:24 -0500] "POST /kwsrmcab/Wsrmcab  HTTP/1.1" 200 213
172.22.2.4 - - [04/Jul/2023:05:15:08 -0500] "GET /BLA/boletinlegal/Circulares/2012/Circular%20No.%207%20del%2008%20de%20Agosto%20de%202012.pdf HTTP/1.1" 200 972955
172.22.2.4 - - [04/Jul/2023:05:15:08 -0500] "GET /BLA/boletinlegal/Circulares/2012/Circular%20No.%206%20del%2025%20de%20Mayo%20de%202012.pdf HTTP/1.1" 200 387391
172.22.2.4 - - [04/Jul/2023:05:15:08 -0500] "GET /BLA/boletinlegal/Circulares/2013/Circular%20No.%208%20del%201%20de%20Noviembre%20de%202013.pdf HTTP/1.1" 200 385156
172.22.2.4 - - [04/Jul/2023:05:15:09 -0500] "GET /BLA/boletinlegal/Circulares/2012/Circular%20No.%204%20del%2019%20de%20abril%20de%202012.pdf HTTP/1.1" 200 253045
172.22.2.4 - - [04/Jul/2023:05:15:09 -0500] "GET /BLA/boletinlegal/Circulares/2012/Circular%20No.%2011%20del%2027%20de%20Agosto%20de%202012.pdf HTTP/1.1" 200 526945
172.22.2.4 - - [04/Jul/2023:05:15:11 -0500] "GET /BLA/boletinlegal/Circulares/2012/Circular%20No.%2012%20del%2028%20de%20Agosto%20de%202012.pdf HTTP/1.1" 200 369945
172.22.2.4 - - [04/Jul/2023:05:15:11 -0500] "GET /BLA/boletinlegal/Circulares/2013/Circular%20No.%205%20del%2013%20de%20junio%20de%202013.pdf HTTP/1.1" 200 110904
172.22.2.4 - - [04/Jul/2023:05:15:11 -0500] "GET /BLA/boletinlegal/Circulares/2014/Circular%20No.%202%20del%2021%20de%20septiembre%20de%202014.pdf HTTP/1.1" 200 143376
172.22.2.4 - - [04/Jul/2023:05:15:12 -0500] "GET /BLA/boletinlegal/Circulares/2013/Circular%20No.%201%20del%2014%20de%20enero%20de%202013.pdf HTTP/1.1" 200 1298384
172.22.2.4 - - [04/Jul/2023:05:15:12 -0500] "GET /BLA/boletinlegal/Circulares/2013/Circular%20No.%203%20del%2005%20de%20abril%20de%202013.pdf HTTP/1.1" 200 93580
172.22.2.4 - - [04/Jul/2023:05:15:12 -0500] "GET /BLA/boletinlegal/Circulares/2012/Circular%20No.%205%20del%2027%20de%20Abril%20de%202012.pdf HTTP/1.1" 200 216613
172.22.2.4 - - [04/Jul/2023:05:15:12 -0500] "GET /BLA/boletinlegal/Circulares/2013/Circular%20No.%202%20del%2022%20de%20enero%20de%202013.pdf HTTP/1.1" 200 85466
172.22.2.4 - - [04/Jul/2023:05:15:12 -0500] "GET /BLA/boletinlegal/Circulares/2012/Circular%20No.%202%20del%2014%20de%20Marzo%20de%202012.pdf HTTP/1.1" 200 113666
172.22.2.4 - - [04/Jul/2023:05:15:13 -0500] "GET /BLA/boletinlegal/Circulares/2013/Circular%20No.%204%20del%2005%20de%20junio%20de%202013.pdf HTTP/1.1" 200 130461
181.57.18.194 - - [04/Jul/2023:05:15:17 -0500] "POST /forms/lservlet;jsessionid=ac16012b30d6ee0daf1504c24649b609c880a8aea096.e3iSbxaKaheRe34Ma3yMbN0Rbhf0n6jAmljGr5XDqQLvpAe HTTP/1.1" 200 2
172.22.2.4 - - [04/Jul/2023:05:13:47 -0500] "HEAD /BLA/boletinlegal/ HTTP/1.1" 200 -
172.22.2.4 - - [04/Jul/2023:05:14:38 -0500] "GET /BLA/boletinlegal/ HTTP/1.1" 200 59192
191.95.60.44 - - [04/Jul/2023:05:17:03 -0500] "GET /agendate-para-participar-en-las-caminatas-ecologicas-de-febrero.html HTTP/1.1" 200 830
181.57.18.194 - - [04/Jul/2023:05:17:17 -0500] "POST /forms/lservlet;jsessionid=ac16012b30d6ee0daf1504c24649b609c880a8aea096.e3iSbxaKaheRe34Ma3yMbN0Rbhf0n6jAmljGr5XDqQLvpAe HTTP/1.1" 200 2
64.124.8.186 - - [04/Jul/2023:05:17:21 -0500] "-" 408 -
66.249.75.110 - - [04/Jul/2023:05:19:06 -0500] "-" 408 -
216.245.221.92 - - [04/Jul/2023:05:19:14 -0500] "HEAD / HTTP/1.1" 200 -
181.57.18.194 - - [04/Jul/2023:05:19:17 -0500] "POST /forms/lservlet;jsessionid=ac16012b30d6ee0daf1504c24649b609c880a8aea096.e3iSbxaKaheRe34Ma3yMbN0Rbhf0n6jAmljGr5XDqQLvpAe HTTP/1.1" 200 2
201.245.192.253 - - [04/Jul/2023:05:19:22 -0500] "POST /kwsrmcab/Wsrmcab  HTTP/1.1" 200 213
104.152.52.15 - - [04/Jul/2023:05:19:46 -0500] "GET / HTTP/1.0" 200 319
201.245.192.253 - - [04/Jul/2023:05:20:04 -0500] "POST /kwsrmcab/Wsrmcab HTTP/1.1" 200 42745
201.245.192.253 - - [04/Jul/2023:05:20:07 -0500] "POST /kwsrmcab/Wsrmcab HTTP/1.1" 200 39915
181.57.18.194 - - [04/Jul/2023:05:21:17 -0500] "POST /forms/lservlet;jsessionid=ac16012b30d6ee0daf1504c24649b609c880a8aea096.e3iSbxaKaheRe34Ma3yMbN0Rbhf0n6jAmljGr5XDqQLvpAe HTTP/1.1" 200 2
172.22.2.4 - - [04/Jul/2023:05:19:37 -0500] "HEAD /BLA/boletinlegal/ HTTP/1.1" 200 -
172.22.2.4 - - [04/Jul/2023:05:20:28 -0500] "GET /BLA/boletinlegal/ HTTP/1.1" 200 54942
181.57.18.194 - - [04/Jul/2023:05:23:17 -0500] "POST /forms/lservlet;jsessionid=ac16012b30d6ee0daf1504c24649b609c880a8aea096.e3iSbxaKaheRe34Ma3yMbN0Rbhf0n6jAmljGr5XDqQLvpAe HTTP/1.1" 200 2
216.245.221.92 - - [04/Jul/2023:05:24:14 -0500] "HEAD / HTTP/1.1" 200 -
66.249.77.10 - - [04/Jul/2023:05:24:16 -0500] "-" 408 -
201.245.192.253 - - [04/Jul/2023:05:24:21 -0500] "POST /kwsrmcab/Wsrmcab  HTTP/1.1" 200 213
173.252.107.9 - - [04/Jul/2023:05:25:04 -0500] "GET /en-junio-conectate-con-la-naturaleza-y-el-medioambiente-a-traves-de-estas-caminatas-ecologicas.html HTTP/1.1" 200 900
64.124.8.186 - - [04/Jul/2023:05:25:09 -0500] "-" 408 -
181.57.18.194 - - [04/Jul/2023:05:25:17 -0500] "POST /forms/lservlet;jsessionid=ac16012b30d6ee0daf1504c24649b609c880a8aea096.e3iSbxaKaheRe34Ma3yMbN0Rbhf0n6jAmljGr5XDqQLvpAe HTTP/1.1" 200 2
66.249.75.110 - - [04/Jul/2023:05:26:32 -0500] "-" 408 -
172.22.2.4 - - [04/Jul/2023:05:25:27 -0500] "HEAD /BLA/boletinlegal/ HTTP/1.1" 200 -
181.57.18.194 - - [04/Jul/2023:05:27:17 -0500] "POST /forms/lservlet;jsessionid=ac16012b30d6ee0daf1504c24649b609c880a8aea096.e3iSbxaKaheRe34Ma3yMbN0Rbhf0n6jAmljGr5XDqQLvpAe HTTP/1.1" 200 2
172.22.2.4 - - [04/Jul/2023:05:26:18 -0500] "GET /BLA/boletinlegal/ HTTP/1.1" 200 59192
216.245.221.92 - - [04/Jul/2023:05:29:14 -0500] "HEAD / HTTP/1.1" 200 -
181.57.18.194 - - [04/Jul/2023:05:29:17 -0500] "POST /forms/lservlet;jsessionid=ac16012b30d6ee0daf1504c24649b609c880a8aea096.e3iSbxaKaheRe34Ma3yMbN0Rbhf0n6jAmljGr5XDqQLvpAe HTTP/1.1" 200 2
201.245.192.253 - - [04/Jul/2023:05:29:20 -0500] "POST /kwsrmcab/Wsrmcab  HTTP/1.1" 200 213
201.245.192.253 - - [04/Jul/2023:05:30:03 -0500] "POST /kwsrmcab/Wsrmcab HTTP/1.1" 200 42745
201.245.192.253 - - [04/Jul/2023:05:30:06 -0500] "POST /kwsrmcab/Wsrmcab HTTP/1.1" 200 39915
181.57.18.194 - - [04/Jul/2023:05:31:17 -0500] "POST /forms/lservlet;jsessionid=ac16012b30d6ee0daf1504c24649b609c880a8aea096.e3iSbxaKaheRe34Ma3yMbN0Rbhf0n6jAmljGr5XDqQLvpAe HTTP/1.1" 200 2
66.249.77.8 - - [04/Jul/2023:05:32:49 -0500] "-" 408 -
172.22.2.4 - - [04/Jul/2023:05:31:17 -0500] "HEAD /BLA/boletinlegal/ HTTP/1.1" 200 -
66.249.75.110 - - [04/Jul/2023:05:33:01 -0500] "-" 408 -
181.57.18.194 - - [04/Jul/2023:05:33:17 -0500] "POST /forms/lservlet;jsessionid=ac16012b30d6ee0daf1504c24649b609c880a8aea096.e3iSbxaKaheRe34Ma3yMbN0Rbhf0n6jAmljGr5XDqQLvpAe HTTP/1.1" 200 2
172.22.2.4 - - [04/Jul/2023:05:32:08 -0500] "GET /BLA/boletinlegal/ HTTP/1.1" 200 57680
172.22.2.4 - - [04/Jul/2023:05:33:54 -0500] "GET /BLA/boletinlegal/robots.txt HTTP/1.1" 404 1038
172.22.2.4 - - [04/Jul/2023:05:34:03 -0500] "POST /BLA/boletinlegal/vendor/phpunit/phpunit/src/Util/PHP/eval-stdin.php HTTP/1.1" 404 1018
216.245.221.92 - - [04/Jul/2023:05:34:14 -0500] "HEAD / HTTP/1.1" 200 -
201.245.192.253 - - [04/Jul/2023:05:34:18 -0500] "POST /kwsrmcab/Wsrmcab  HTTP/1.1" 200 213
181.57.18.194 - - [04/Jul/2023:05:35:17 -0500] "POST /forms/lservlet;jsessionid=ac16012b30d6ee0daf1504c24649b609c880a8aea096.e3iSbxaKaheRe34Ma3yMbN0Rbhf0n6jAmljGr5XDqQLvpAe HTTP/1.1" 200 2
172.22.2.4 - - [04/Jul/2023:05:35:21 -0500] "GET /BLA/boletinlegal/actos.php HTTP/1.1" 200 9682
172.22.2.4 - - [04/Jul/2023:05:35:21 -0500] "GET /BLA/boletinlegal/js/ajax_actos.js HTTP/1.1" 200 1322
172.22.2.4 - - [04/Jul/2023:05:35:21 -0500] "GET /BLA/boletinlegal/niceforms-default.css HTTP/1.1" 200 6694
172.22.2.4 - - [04/Jul/2023:05:35:21 -0500] "GET /BLA/boletinlegal/style.css HTTP/1.1" 200 9406
172.22.2.4 - - [04/Jul/2023:05:35:21 -0500] "GET /BLA/boletinlegal/niceforms.js HTTP/1.1" 200 22876
172.22.2.4 - - [04/Jul/2023:05:35:21 -0500] "GET /BLA/boletinlegal/js/lib.js HTTP/1.1" 200 6474
172.22.2.4 - - [04/Jul/2023:05:35:21 -0500] "GET /BLA/boletinlegal/js/popup.js HTTP/1.1" 200 1270
172.22.2.4 - - [04/Jul/2023:05:35:21 -0500] "GET /BLA/boletinlegal/styles2.css HTTP/1.1" 200 1838
172.22.2.4 - - [04/Jul/2023:05:35:21 -0500] "GET /BLA/boletinlegal/js/jquery1.js HTTP/1.1" 200 29846
172.22.2.4 - - [04/Jul/2023:05:35:21 -0500] "GET /BLA/boletinlegal/images/cabezote%20BLEGAL.jpg HTTP/1.1" 200 118164
172.22.2.4 - - [04/Jul/2023:05:35:21 -0500] "GET /BLA/boletinlegal/images/subscribe-icon-big.png HTTP/1.1" 200 47702
172.22.2.4 - - [04/Jul/2023:05:35:21 -0500] "GET /BLA/boletinlegal/images/historia.png HTTP/1.1" 200 52775
172.22.2.4 - - [04/Jul/2023:05:35:21 -0500] "GET /BLA/boletinlegal/images/registro-usuarios.png HTTP/1.1" 200 8106
172.22.2.4 - - [04/Jul/2023:05:35:21 -0500] "GET /BLA/boletinlegal/images/tel.png HTTP/1.1" 200 14477
172.22.2.4 - - [04/Jul/2023:05:35:21 -0500] "GET /BLA/boletinlegal/images/green-yellow-blue-pink-th.png HTTP/1.1" 200 7394
172.22.2.4 - - [04/Jul/2023:05:35:21 -0500] "GET /BLA/boletinlegal/images/icono-email.png HTTP/1.1" 200 5544
172.22.2.4 - - [04/Jul/2023:05:35:21 -0500] "GET /BLA/boletinlegal/images/body_bg.jpg HTTP/1.1" 200 1601
172.22.2.4 - - [04/Jul/2023:05:35:21 -0500] "GET /BLA/boletinlegal/images/menu_lft.gif HTTP/1.1" 200 1713
172.22.2.4 - - [04/Jul/2023:05:35:21 -0500] "GET /BLA/boletinlegal/images/menu_rght.gif HTTP/1.1" 200 1627
172.22.2.4 - - [04/Jul/2023:05:35:21 -0500] "GET /BLA/boletinlegal/images/bg_top.jpg HTTP/1.1" 200 522
172.22.2.4 - - [04/Jul/2023:05:35:21 -0500] "GET /BLA/boletinlegal/images/text.jpg HTTP/1.1" 200 568
172.22.2.4 - - [04/Jul/2023:05:35:21 -0500] "GET /BLA/boletinlegal/images/menu_bg.jpg HTTP/1.1" 200 620
172.22.2.4 - - [04/Jul/2023:05:35:21 -0500] "GET /BLA/boletinlegal/images/hover.jpg HTTP/1.1" 200 640
172.22.2.4 - - [04/Jul/2023:05:35:21 -0500] "GET /BLA/boletinlegal/images/footer_bg.jpg HTTP/1.1" 200 586
172.22.2.4 - - [04/Jul/2023:05:35:21 -0500] "GET /BLA/boletinlegal/images/footer_bg_l.jpg HTTP/1.1" 200 776
172.22.2.4 - - [04/Jul/2023:05:35:22 -0500] "GET /BLA/boletinlegal/img/0.png HTTP/1.1" 200 110
172.22.2.4 - - [04/Jul/2023:05:35:22 -0500] "GET /BLA/boletinlegal/img/select-left.png HTTP/1.1" 200 263
172.22.2.4 - - [04/Jul/2023:05:35:22 -0500] "GET /BLA/boletinlegal/img/select-right.png HTTP/1.1" 200 44019
172.22.2.4 - - [04/Jul/2023:05:35:22 -0500] "GET /BLA/boletinlegal/img/button-left.png HTTP/1.1" 200 57071
172.22.2.4 - - [04/Jul/2023:05:35:22 -0500] "GET /BLA/boletinlegal/img/button.png HTTP/1.1" 200 43241
172.22.2.4 - - [04/Jul/2023:05:35:22 -0500] "GET /BLA/boletinlegal/img/button-right.png HTTP/1.1" 200 57878
172.22.2.4 - - [04/Jul/2023:05:35:22 -0500] "GET /BLA/boletinlegal/favicon.ico HTTP/1.1" 404 1326
172.22.2.4 - - [04/Jul/2023:05:33:56 -0500] "GET /BLA/boletinlegal/index.php HTTP/1.1" 200 55337
200.75.48.35 - - [04/Jul/2023:05:35:44 -0500] "GET /BLA/resoluciones/ HTTP/1.1" 200 13502
200.75.48.35 - - [04/Jul/2023:05:35:45 -0500] "GET /BLA/resoluciones/dlf/styles.css HTTP/1.1" 200 3049
200.75.48.35 - - [04/Jul/2023:05:35:45 -0500] "GET /BLA/resoluciones/dlf/folder.png HTTP/1.1" 200 410
200.75.48.35 - - [04/Jul/2023:05:35:45 -0500] "GET /BLA/resoluciones/dlf/bg.gif HTTP/1.1" 200 54
200.75.48.35 - - [04/Jul/2023:05:35:45 -0500] "GET /favicon.ico HTTP/1.1" 200 7782
200.75.48.35 - - [04/Jul/2023:05:35:47 -0500] "GET /BLA/resoluciones/index.php?dir=AUTOS+2018%2F HTTP/1.1" 200 460572
200.75.48.35 - - [04/Jul/2023:05:35:47 -0500] "GET /BLA/resoluciones/dlf/dirup.png HTTP/1.1" 200 644
200.75.48.35 - - [04/Jul/2023:05:35:47 -0500] "GET /BLA/resoluciones/dlf/pdf.gif HTTP/1.1" 200 272
200.75.48.35 - - [04/Jul/2023:05:35:48 -0500] "GET /BLA/resoluciones/dlf/archive.png HTTP/1.1" 200 632
172.22.2.4 - - [04/Jul/2023:05:34:22 -0500] "GET /BLA/boletinlegal/ HTTP/1.1" 200 49099
200.75.48.35 - - [04/Jul/2023:05:36:16 -0500] "GET /BLA/resoluciones/ HTTP/1.1" 200 13502
200.75.48.35 - - [04/Jul/2023:05:36:18 -0500] "GET /BLA/resoluciones/index.php?dir=AUTOS+2020%2F HTTP/1.1" 200 329101
181.57.18.194 - - [04/Jul/2023:05:37:17 -0500] "POST /forms/lservlet;jsessionid=ac16012b30d6ee0daf1504c24649b609c880a8aea096.e3iSbxaKaheRe34Ma3yMbN0Rbhf0n6jAmljGr5XDqQLvpAe HTTP/1.1" 200 2
172.22.2.4 - - [04/Jul/2023:05:37:07 -0500] "HEAD /BLA/boletinlegal/ HTTP/1.1" 200 -
216.245.221.92 - - [04/Jul/2023:05:39:14 -0500] "HEAD / HTTP/1.1" 200 -
181.57.18.194 - - [04/Jul/2023:05:39:18 -0500] "POST /forms/lservlet;jsessionid=ac16012b30d6ee0daf1504c24649b609c880a8aea096.e3iSbxaKaheRe34Ma3yMbN0Rbhf0n6jAmljGr5XDqQLvpAe HTTP/1.1" 200 2
201.245.192.253 - - [04/Jul/2023:05:39:16 -0500] "POST /kwsrmcab/Wsrmcab  HTTP/1.1" 200 213
172.22.2.4 - - [04/Jul/2023:05:37:58 -0500] "GET /BLA/boletinlegal/ HTTP/1.1" 200 59192
201.245.192.253 - - [04/Jul/2023:05:40:04 -0500] "POST /kwsrmcab/Wsrmcab HTTP/1.1" 200 42745
201.245.192.253 - - [04/Jul/2023:05:40:07 -0500] "POST /kwsrmcab/Wsrmcab HTTP/1.1" 200 39915
181.57.18.194 - - [04/Jul/2023:05:41:18 -0500] "POST /forms/lservlet;jsessionid=ac16012b30d6ee0daf1504c24649b609c880a8aea096.e3iSbxaKaheRe34Ma3yMbN0Rbhf0n6jAmljGr5XDqQLvpAe HTTP/1.1" 200 2
216.245.221.92 - - [04/Jul/2023:05:44:14 -0500] "HEAD / HTTP/1.1" 200 -
201.245.192.253 - - [04/Jul/2023:05:44:15 -0500] "POST /kwsrmcab/Wsrmcab  HTTP/1.1" 200 213
172.22.2.4 - - [04/Jul/2023:05:42:57 -0500] "HEAD /BLA/boletinlegal/ HTTP/1.1" 200 -
172.22.2.4 - - [04/Jul/2023:05:43:48 -0500] "GET /BLA/boletinlegal/ HTTP/1.1" 200 57680
52.167.144.46 - - [04/Jul/2023:05:46:20 -0500] "GET /BLA/resoluciones/RESOLUCIONES%202018/1072.pdf HTTP/1.1" 200 315843
216.245.221.92 - - [04/Jul/2023:05:49:14 -0500] "HEAD / HTTP/1.1" 200 -
201.245.192.253 - - [04/Jul/2023:05:49:15 -0500] "POST /kwsrmcab/Wsrmcab  HTTP/1.1" 200 213
52.167.144.88 - - [04/Jul/2023:05:50:13 -0500] "GET /Publicaciones/2023EE120138.pdf HTTP/1.1" 404 228
172.22.2.4 - - [04/Jul/2023:05:48:47 -0500] "HEAD /BLA/boletinlegal/ HTTP/1.1" 200 -
172.22.2.4 - - [04/Jul/2023:05:49:38 -0500] "GET /BLA/boletinlegal/ HTTP/1.1" 200 57272
64.124.8.58 - - [04/Jul/2023:05:53:10 -0500] "-" 408 -
216.245.221.92 - - [04/Jul/2023:05:54:14 -0500] "HEAD / HTTP/1.1" 200 -
201.245.192.253 - - [04/Jul/2023:05:54:14 -0500] "POST /kwsrmcab/Wsrmcab  HTTP/1.1" 200 213
172.22.2.4 - - [04/Jul/2023:05:54:37 -0500] "HEAD /BLA/boletinlegal/ HTTP/1.1" 200 -
172.22.2.4 - - [04/Jul/2023:05:55:28 -0500] "GET /BLA/boletinlegal/ HTTP/1.1" 200 56100
216.245.221.92 - - [04/Jul/2023:05:59:14 -0500] "HEAD / HTTP/1.1" 200 -
201.245.192.253 - - [04/Jul/2023:05:59:13 -0500] "POST /kwsrmcab/Wsrmcab  HTTP/1.1" 200 213
34.147.52.161 - - [04/Jul/2023:05:59:26 -0500] "GET /en-junio-conectate-con-la-naturaleza-y-el-medioambiente-a-traves-de-estas-caminatas-ecologicas.html HTTP/1.1" 200 900
185.244.21.136 - - [04/Jul/2023:06:00:47 -0500] "GET / HTTP/1.0" 200 319
69.63.184.10 - - [04/Jul/2023:06:01:14 -0500] "GET /entrenubes-raton-de-montana-se-alimenta-de-hongos-presentes-en-este-ecosistema-del-suroriente-de-bogota.html HTTP/1.1" 200 843
172.22.2.4 - - [04/Jul/2023:06:00:27 -0500] "HEAD /BLA/boletinlegal/ HTTP/1.1" 200 -
172.22.2.4 - - [04/Jul/2023:06:01:18 -0500] "GET /BLA/boletinlegal/ HTTP/1.1" 200 59192
201.245.192.253 - - [04/Jul/2023:06:04:11 -0500] "POST /kwsrmcab/Wsrmcab  HTTP/1.1" 200 213
216.245.221.92 - - [04/Jul/2023:06:04:14 -0500] "HEAD / HTTP/1.1" 200 -
52.167.144.88 - - [04/Jul/2023:06:05:34 -0500] "GET /siipev/Diseno%20de%20Elementos%20de%20Mobiliario%20Urbano/Parte2.html? HTTP/1.1" 200 21566
172.22.2.4 - - [04/Jul/2023:06:06:17 -0500] "HEAD /BLA/boletinlegal/ HTTP/1.1" 200 -
172.22.2.4 - - [04/Jul/2023:06:07:08 -0500] "GET /BLA/boletinlegal/ HTTP/1.1" 200 58079
201.245.192.253 - - [04/Jul/2023:06:09:10 -0500] "POST /kwsrmcab/Wsrmcab  HTTP/1.1" 200 213
216.245.221.92 - - [04/Jul/2023:06:09:14 -0500] "HEAD / HTTP/1.1" 200 -
64.124.8.58 - - [04/Jul/2023:06:09:45 -0500] "GET /portaldeninos/2021/06/05/celebracion-del-dia-mundial-del-medio-ambiente-comenzo-desde-uno-de-los-pulmones-de-bogota/feed/ HTTP/1.1" 304 -
69.171.231.9 - - [04/Jul/2023:06:10:52 -0500] "GET /entrenubes-raton-de-montana-se-alimenta-de-hongos-presentes-en-este-ecosistema-del-suroriente-de-bogota.html HTTP/1.1" 200 843
64.124.8.58 - - [04/Jul/2023:06:11:24 -0500] "-" 408 -
172.22.2.4 - - [04/Jul/2023:06:12:07 -0500] "HEAD /BLA/boletinlegal/ HTTP/1.1" 200 -
201.245.192.253 - - [04/Jul/2023:06:14:09 -0500] "POST /kwsrmcab/Wsrmcab  HTTP/1.1" 200 213
216.245.221.92 - - [04/Jul/2023:06:14:14 -0500] "HEAD / HTTP/1.1" 200 -
172.22.2.4 - - [04/Jul/2023:06:12:58 -0500] "GET /BLA/boletinlegal/ HTTP/1.1" 200 57272
31.13.103.112 - - [04/Jul/2023:06:14:39 -0500] "GET /tinguas-azules-secretaria-de-ambiente-atiende-alto-numero-de-reportes-de-aves-migratorias.html HTTP/1.1" 200 923
31.13.103.2 - - [04/Jul/2023:06:14:39 -0500] "GET /tinguas-azules-secretaria-de-ambiente-atiende-alto-numero-de-reportes-de-aves-migratorias.html HTTP/1.1" 200 923
69.171.249.5 - - [04/Jul/2023:06:14:40 -0500] "GET /images/foto%202.jpg HTTP/1.1" 200 63300
64.124.8.149 - - [04/Jul/2023:06:15:21 -0500] "-" 408 -
52.167.144.46 - - [04/Jul/2023:06:16:23 -0500] "GET /BLA/resoluciones/RESOLUCIONES%202023/0232.pdf HTTP/1.1" 200 435164
64.124.8.58 - - [04/Jul/2023:06:16:35 -0500] "-" 408 -
173.252.79.118 - - [04/Jul/2023:06:17:34 -0500] "GET /entrenubes-raton-de-montana-se-alimenta-de-hongos-presentes-en-este-ecosistema-del-suroriente-de-bogota.html HTTP/1.1" 200 843
69.171.249.8 - - [04/Jul/2023:06:19:05 -0500] "GET /images/camara-trampa.jpeg HTTP/1.1" 200 77809
69.171.249.8 - - [04/Jul/2023:06:19:07 -0500] "GET /images/stand-secretaria-ambiente-fima.jpg HTTP/1.1" 200 42537
201.245.192.253 - - [04/Jul/2023:06:19:08 -0500] "POST /kwsrmcab/Wsrmcab  HTTP/1.1" 200 213
216.245.221.92 - - [04/Jul/2023:06:19:14 -0500] "HEAD / HTTP/1.1" 200 -
69.171.249.6 - - [04/Jul/2023:06:19:20 -0500] "GET /images/liberacion-animales-silvestres.jpg HTTP/1.1" 200 57397
69.171.249.118 - - [04/Jul/2023:06:19:20 -0500] "GET /images/manos-reparadoras-plaza-americas-1.jpg HTTP/1.1" 200 47593
172.22.2.4 - - [04/Jul/2023:06:17:57 -0500] "HEAD /BLA/boletinlegal/ HTTP/1.1" 200 -
201.245.192.253 - - [04/Jul/2023:06:20:04 -0500] "POST /kwsrmcab/Wsrmcab HTTP/1.1" 200 42774
201.245.192.253 - - [04/Jul/2023:06:20:07 -0500] "POST /kwsrmcab/Wsrmcab HTTP/1.1" 200 39922
172.22.2.4 - - [04/Jul/2023:06:18:48 -0500] "GET /BLA/boletinlegal/ HTTP/1.1" 200 57272
172.22.2.4 - - [04/Jul/2023:06:20:54 -0500] "GET /BLA/boletinlegal/ecp/Current/exporttool/microsoft.exchange.ediscovery.exporttool.application HTTP/1.1" 404 1018
172.22.2.4 - - [04/Jul/2023:06:23:01 -0500] "GET /BLA/boletinlegal/owa/auth/logon.aspx HTTP/1.1" 404 1018
201.245.192.253 - - [04/Jul/2023:06:24:07 -0500] "POST /kwsrmcab/Wsrmcab  HTTP/1.1" 200 213
216.245.221.92 - - [04/Jul/2023:06:24:14 -0500] "HEAD / HTTP/1.1" 200 -
172.22.2.4 - - [04/Jul/2023:06:23:47 -0500] "HEAD /BLA/boletinlegal/ HTTP/1.1" 200 -
172.22.2.4 - - [04/Jul/2023:06:24:38 -0500] "GET /BLA/boletinlegal/ HTTP/1.1" 200 54453
66.249.77.10 - - [04/Jul/2023:06:28:39 -0500] "-" 408 -
201.245.192.253 - - [04/Jul/2023:06:29:05 -0500] "POST /kwsrmcab/Wsrmcab  HTTP/1.1" 200 213
216.245.221.92 - - [04/Jul/2023:06:29:14 -0500] "HEAD / HTTP/1.1" 200 -
201.245.192.253 - - [04/Jul/2023:06:30:03 -0500] "POST /kwsrmcab/Wsrmcab HTTP/1.1" 200 42774
201.245.192.253 - - [04/Jul/2023:06:30:06 -0500] "POST /kwsrmcab/Wsrmcab HTTP/1.1" 200 39922
