172.22.2.4 - - [04/Jul/2023:06:29:37 -0500] "HEAD /BLA/boletinlegal/ HTTP/1.1" 200 -
172.22.2.4 - - [04/Jul/2023:06:31:39 -0500] "GET /BLA/boletinlegal/owa/auth/x.js HTTP/1.1" 404 1018
172.22.2.4 - - [04/Jul/2023:06:30:28 -0500] "GET /BLA/boletinlegal/ HTTP/1.1" 200 57272
66.249.75.96 - - [04/Jul/2023:06:32:15 -0500] "-" 408 -
201.245.192.253 - - [04/Jul/2023:06:34:04 -0500] "POST /kwsrmcab/Wsrmcab  HTTP/1.1" 200 213
216.245.221.92 - - [04/Jul/2023:06:34:14 -0500] "HEAD / HTTP/1.1" 200 -
66.249.77.8 - - [04/Jul/2023:06:35:03 -0500] "-" 408 -
172.22.2.4 - - [04/Jul/2023:06:35:27 -0500] "HEAD /BLA/boletinlegal/ HTTP/1.1" 200 -
172.22.2.4 - - [04/Jul/2023:06:36:18 -0500] "GET /BLA/boletinlegal/ HTTP/1.1" 200 57272
13.215.127.187 - - [04/Jul/2023:06:38:35 -0500] "GET /galeria/nivo-slider/demo/convocatorias.html? HTTP/1.1" 200 3464
13.215.127.187 - - [04/Jul/2023:06:38:37 -0500] "GET /galeria/nivo-slider/demo/images/bannerconvocatoriaacercar.jpg HTTP/1.1" 200 91528
66.249.75.110 - - [04/Jul/2023:06:38:43 -0500] "-" 408 -
201.245.192.253 - - [04/Jul/2023:06:39:03 -0500] "POST /kwsrmcab/Wsrmcab  HTTP/1.1" 200 213
216.245.221.92 - - [04/Jul/2023:06:39:14 -0500] "HEAD / HTTP/1.1" 200 -
108.174.2.214 - - [04/Jul/2023:06:39:21 -0500] "GET /images/acuerdos-c1_optimized.jpg HTTP/1.1" 200 228032
173.252.107.1 - - [04/Jul/2023:06:40:00 -0500] "GET /acuerdos-de-conservacion-camaras-trampa-registran-fauna-en-la-reserva-umbral-cultural-horizontes.html HTTP/1.1" 200 818
201.245.192.253 - - [04/Jul/2023:06:40:03 -0500] "POST /kwsrmcab/Wsrmcab HTTP/1.1" 200 42774
201.245.192.253 - - [04/Jul/2023:06:40:06 -0500] "POST /kwsrmcab/Wsrmcab HTTP/1.1" 200 39922
172.22.2.4 - - [04/Jul/2023:06:41:17 -0500] "HEAD /BLA/boletinlegal/ HTTP/1.1" 200 -
172.22.2.4 - - [04/Jul/2023:06:42:08 -0500] "GET /BLA/boletinlegal/ HTTP/1.1" 200 56452
201.245.192.253 - - [04/Jul/2023:06:44:02 -0500] "POST /kwsrmcab/Wsrmcab  HTTP/1.1" 200 213
216.245.221.92 - - [04/Jul/2023:06:44:14 -0500] "HEAD / HTTP/1.1" 200 -
66.249.75.110 - - [04/Jul/2023:06:45:31 -0500] "-" 408 -
172.22.2.4 - - [04/Jul/2023:06:47:07 -0500] "HEAD /BLA/boletinlegal/ HTTP/1.1" 200 -
201.245.192.253 - - [04/Jul/2023:06:49:01 -0500] "POST /kwsrmcab/Wsrmcab  HTTP/1.1" 200 213
186.148.187.162 - - [04/Jul/2023:06:49:08 -0500] "GET /kwssiamovil/sm/ldap/au?x=U2FsdGVkX19f2gkIQ74v3QiQkYop0sLds7w6dwAyAfEw/ujipiomhd6pezj5XcjA&y=U2FsdGVkX1/A2CmguObspX6Uoo91Jwd1LhtLAbGY9pADUcr0hME/S9GAduPZNHVO HTTP/1.1" 200 30
186.148.187.162 - - [04/Jul/2023:06:49:09 -0500] "GET /kwssiamovil/sm/acme/s?s=U2FsdGVkX18FbUxQbRvQ8DmuwSX4/Iz1hOCjLIU0H29/RaU1a1SWfDWJ78yvRjgf5KIPNXv3ZNaKgXCp2JA6AMiCUi88y5zlY6CusOM1D1c=&u=U2FsdGVkX1/Px5AzP45s4u3Bpfp9g5Je8nySKrzb+SwIkbIXpR2mLYPIuTPuEt9C&y=U2FsdGVkX1/A2CmguObspX6Uoo91Jwd1LhtLAbGY9pADUcr0hME/S9GAduPZNHVO HTTP/1.1" 200 97
186.148.187.162 - - [04/Jul/2023:06:49:09 -0500] "GET /kwssiamovil/sm/acme/s?s=U2FsdGVkX1+VjJLtEtNcl1QNBMmmJ9Ba51ogRQMh30ufr2Kax8Uk0wFoieDmlF5lDe2e7uIrt2CYQlS5ZfZ45FJO92OKNergUKvTsx2CocvhQVH22nA9A8QBwr1VGalLlOwpOrm1LTwoBb6I5Tq8+M6pdLyRcbqiO+GYHzb/Mm5U7dsr8bAt8OMnBnetBY+Sumq2I8rBNGsG2afXjE+98HjY+snt2o5N7AB9bFZ5D6vhIP093NyMK5YMACiGaXvupS4EcpvPDTtRPj4VoNyglH2pYvBVDvlG0GSp8CYq55VpHbALSjIFKRNZ+1FR013669hIkF5SK0fYnYFX5EGKdmJYXpWuYzuzZq58MMsp/Bty15lnhN526qaNUEUT/DutsCNm9S3ncWi4ZtHvIgQxhMJe3jLZ78yZrXfcXosrQmRun7ZjSVnJC2jgwzNv+6E5p8v1Wu8x3z1pJA81SrTPvJUDcaNL1IwFUz/EkUStE2EChTfxBDS13xS5SMsPhqvwvQ37NBTOgBVGN1MBHSnzDIgY7jbqJInUiowv7jEfy7IWw5auNs3etM4L+GnDFIcBYNTgoHkmwuCyQRzmIlJFwRKmIe3DXtBhzNfm23hrx4e7WS1NRiacb2RREH4fbeNyNqYs6GPAC+P1/gdxaJKQzDT9xEPEpflxL2YC6a48WfE9zo+qZynp33meSJ1lLTiMRO7wUfC1K/vzn/JAbk7xh6nQotdjufEP7A0kWZqe1O7f/574J/tuP+h2KrxdLEfNKV8GRbTYKfqL0Y06zmPUW0h+RXO/mD6quoeN7WZ9MdaFPOi8hiygJrNIdlnCg1mrtzrw+OSU7ItUrH8k8uh5eDEOT3uHLeXnXalMfhwxq3SrUOMOn0f274eBrNAjaXh2IOZwFmCyCQVY69QpvsH5mxHL0GyU4Nfyr6xspvfxPAepRaNu3iipNE5Lhf/5xYYxl2Ukt7NrLwH19PoRKNsTpk8e+Y6anesWrNC8nY9Hj0UYbhv3ROxAvYfX+6WbsTSFNa5x/IjND+pWqev0p6kls6fwJAmLYyYbHt7IGiFNQalYjayK7LIsGu8YAy0LJPmp0BveXkA+9mEvjVOwULt7uqvDoKpjRhYJ5yldPlhBZIN2fSw82sxuM/l0yaxrv7U4CPBUx2pjg5Ww0lx5M3RGHGo2rZEHU4g+u6AjoU58I5lUJUmdvLZvq4tH8i/iN9xy2CwrK/rMs2UNhKxkrKcJ3uQ/XioayFoKT5t1zVMkAQbLop60+SCgP8187P79lmRN6EvKeAlfgp63/CMRW5MFuEgi9AM3IutTNyuEYsnIM+L4aDg51ktCJqt68SklPUO+NuKmLsU7suK/CFgBS7bKrMhklcu7S+m3as2Qzi8EEWx6XNHUeUuqPReIUbc4+p23/a3CutSEbUSlvkKfqmhgfx1XJCHBGfrAAjhVbCdbGQGac4GPkkMnQStqCye/urWuZMkHp6nepjpXQZBGoRM7afr1DnbF8faJRkZnwcb1t7IXpW1CYckgJxVkagAoD9TyqkUToermPWUlRYilNYzbZ9piJVXEZBBo8syohnawxtoWz9pl0u3Yme1oYyw4rtIxWegcRpMpADCbVb8gGLSagN2vCjAUssKdOuH2m7TTsaNdol3z9bqXyj0KS4cqVNsudmG8b+tN+tQ6P8cnZu26PWG+2Bis/vZbNAVhGWhi4BqWS9ADPDR8MDplhDc3R1AgwWLGiXRoMSxfFRb8Aoske3sH2PPt+FpiyEBjrFbw673BUBzUcax8HDl63dU4qK5x&u=U2FsdGVkX1/Px5AzP45s4u3Bpfp9g5Je8nySKrzb+SwIkbIXpR2mLYPIuTPuEt9C&y=U2FsdGVkX1/A2CmguObspX6Uoo91Jwd1LhtLAbGY9pADUcr0hME/S9GAduPZNHVO HTTP/1.1" 200 3671
186.148.187.162 - - [04/Jul/2023:06:49:09 -0500] "GET /kwssiamovil/sm/acme/s?s=U2FsdGVkX1837fDjsyknfVEbOy9t3JMIES8O6n6ecMxjpUKAtt52659GodXp9oKvoBAAUxhuP99nmAg3naPgQ18Yrh9bqvrc8YtwN3Psj7g4wKfdxb+o+6iWYy2Tu/Vu3K/6B3Rx7LFfBBFwTXoOdMbM4lZ57JJqvRv75L099B9Ev4IZFvIs9uLCb3ecUpksz6be/wwzLPa3MFQNtKgZlhDgabuyp9iuhqcQv+rjN/Y3BRsI8et6kklRijwqfiYdlq+qoJayBqCAvC3aKYOaPiPCsPxR/DlFZwWNtoYf7nQFypjfHF4LN14n2tvmydQP8ksTop2U4GTBRHa4OdpXbJ18Tdjl7uHg7lwZkCibreZ0JuH4r2NrQoNDeI0za1f3kwwwNCdjM1c+bxDFSlG3eMkJtibygazl0HpDikLmMhgaWIvgigHq33xv/OOJEnsEIlZvTA7W9l6TMGQogRAeYSyEoNRtuimR7nDfl+hoWMRwKS1nM1IkVPYBEfMIwph3ceyRP6R5htk44KEydrl+a+1t73qB8uwb1vVq8qGhRPqzAKOHnXnS5VAmtIz9dO/11Xi53rgh/8cZBlTdmbzWnQmWq08bH404qIjjGUuLgmzp5/nzVmde1ddPkOhVbGrOYLGoTR8EfOFm5MaOxhdvhs3wJwtimShbUEEy+z1PvxUJsmod/KnLtKOxMvVsq97E3btkEa3U9X+ZFlfwsjoTbq1XHKxmbt5sbpyeG5MjedIY7KH9V8lIDfIiJDOqT5hl59SAmnDiu4PBTT32hJQ7Zw==&u=U2FsdGVkX1/Px5AzP45s4u3Bpfp9g5Je8nySKrzb+SwIkbIXpR2mLYPIuTPuEt9C&y=U2FsdGVkX1/A2CmguObspX6Uoo91Jwd1LhtLAbGY9pADUcr0hME/S9GAduPZNHVO HTTP/1.1" 200 208
186.148.187.162 - - [04/Jul/2023:06:49:09 -0500] "GET /kwssiamovil/sm/cjson/pre?f=1&x=U2FsdGVkX19f2gkIQ74v3QiQkYop0sLds7w6dwAyAfEw/ujipiomhd6pezj5XcjA HTTP/1.1" 200 31032
216.245.221.92 - - [04/Jul/2023:06:49:14 -0500] "HEAD / HTTP/1.1" 200 -
172.22.2.4 - - [04/Jul/2023:06:47:58 -0500] "GET /BLA/boletinlegal/ HTTP/1.1" 200 57680
66.249.73.67 - - [04/Jul/2023:06:50:21 -0500] "-" 408 -
66.249.75.110 - - [04/Jul/2023:06:53:20 -0500] "-" 408 -
201.245.192.253 - - [04/Jul/2023:06:53:59 -0500] "POST /kwsrmcab/Wsrmcab  HTTP/1.1" 200 213
216.245.221.92 - - [04/Jul/2023:06:54:14 -0500] "HEAD / HTTP/1.1" 200 -
172.22.2.4 - - [04/Jul/2023:06:52:57 -0500] "HEAD /BLA/boletinlegal/ HTTP/1.1" 200 -
66.249.70.196 - - [04/Jul/2023:06:55:00 -0500] "-" 408 -
172.22.2.4 - - [04/Jul/2023:06:53:48 -0500] "GET /BLA/boletinlegal/ HTTP/1.1" 200 59192
201.245.192.253 - - [04/Jul/2023:06:58:58 -0500] "POST /kwsrmcab/Wsrmcab  HTTP/1.1" 200 213
216.245.221.92 - - [04/Jul/2023:06:59:14 -0500] "HEAD / HTTP/1.1" 200 -
172.22.2.4 - - [04/Jul/2023:06:58:47 -0500] "HEAD /BLA/boletinlegal/ HTTP/1.1" 200 -
204.12.255.242 - - [04/Jul/2023:07:00:45 -0500] "GET /portaldeninos/wp-content/uploads/2021/06/titulo-videos-ni%C3%B1os.png HTTP/1.1" 200 10502
66.249.70.196 - - [04/Jul/2023:07:01:16 -0500] "-" 408 -
172.22.2.4 - - [04/Jul/2023:06:59:38 -0500] "GET /BLA/boletinlegal/ HTTP/1.1" 200 57272
201.245.192.253 - - [04/Jul/2023:07:03:57 -0500] "POST /kwsrmcab/Wsrmcab  HTTP/1.1" 200 213
216.245.221.92 - - [04/Jul/2023:07:04:14 -0500] "HEAD / HTTP/1.1" 200 -
186.148.187.162 - - [04/Jul/2023:07:05:03 -0500] "OPTIONS /kwssiamovil/sm/setfile/f? HTTP/1.1" 200 13
186.148.187.162 - - [04/Jul/2023:07:05:03 -0500] "POST /kwssiamovil/sm/setfile/f? HTTP/1.1" 200 381
154.16.49.86 - - [04/Jul/2023:07:05:13 -0500] "GET /wp-login.php HTTP/1.1" 404 1018
186.148.187.162 - - [04/Jul/2023:07:05:15 -0500] "GET /kwssiamovil/sm/acme/a?s=U2FsdGVkX1/1A1/DsfrohGZ9I6W1QRyZWMm6aqtUNayCCktsUvTlh4lpNGsvrivTQd4fLqpI1f2C2rdpL/xRdbfcewJ6YWlK3sO0U+hSXBwjYStSOukiNUoqw2x+c/2ICSzvFtwDbWNbIT5V6OB1z47bjKow6V/QoBT3PgxTe3f74b6qAnTEDvRp5whlJiaeUvWcEQrUheNGUsjsYeKtJONcyCnumOh3BjSIE40w7wh3O+yvl5lAON4Hk80ynTwHPxms7tA3/dCOMo0Lk2lTIA==&u=U2FsdGVkX1/Px5AzP45s4u3Bpfp9g5Je8nySKrzb+SwIkbIXpR2mLYPIuTPuEt9C&y=U2FsdGVkX1/A2CmguObspX6Uoo91Jwd1LhtLAbGY9pADUcr0hME/S9GAduPZNHVO HTTP/1.1" 200 26
186.148.187.162 - - [04/Jul/2023:07:05:16 -0500] "GET /kwssiamovil/sm/acme/a?s=U2FsdGVkX1+oqwDuyFscEWEVw0Cl5/0Sx0ogYk9+K3JO/0660PDmhfSuDeWMKU3noKxr4hBCIUZSenzsSPkgadvye+Nz0SwOBWr4sCh1olHPoqB4+5/VtLUQxqR1ortpzoTfiCDxo8kF3KB5N0XsF61hh7NzlI9Dyn3Ej1xOeBqg18YCFOwgytliYTRxb41HFapshl4zw42Uwwe7Fr0IrxPij2A80hGjoOrXWnZjmIji7n+L43AfcXLFuSIdR7vq2U1frtf5nq2RWlMKew0/ZuO6i4qCnZTYmfyHoxP3GzpAHRt8ZVzA12m2DSO4gFx9A0cq5+St+2+RKnZkPO3wHS1xMNLzK0dSYwilwDWOKF0A4lBWUzjZ6uf8HrYlYoKN/s58EDOXamrZQDIf4pldclFxDUjPYbvttjLrlFgVuU+Z75Cyfq/SItXYmQd/M1ZuVEjOlKcAIdTVttDlBy9cHrpTz7i/EdrVV7XNkea4LjSUuLpttyWfGIuqUWVv8lEmIdU3rhbzGwx8beeUjcRcG5VvEGjelFvqoGjLgpDaFfKRK/Iu9yA3V2yVcJLJstp3lXFQLMDHPePYGDlH8dlrcXTRLJrWH5ODyr2WdvNSg+15p6VwTdFz0jhLQXK08RAWfhkd/gi5urBxSZamlK4+NrmoNBe+sxB+oMWh0TPHrzN8PuRpEZ/sH37P/fpx39A4ghEZcjLZUdkbwC2ZLXEWHcmv/tGRXWNTCjzHl0PVqpw/T2kVaRRIog5C40uN+vFu+vdzb2ql4waZfE77aPIEekO75rH7GHPFWP2pUR+ExTz5Jfk/ldc+2MxE+y5S0Z58lIpIROjk9h0UMtOdbrstkmpJ7EdVqqpHtK1hfTyyRlYpcipVdFGa6Dx3urT0slIeI8FlcJ7yLv3pnUzrhQaRPYTJYZRy4NZIuvta5fZdLColQvT+21Lj+pU5/gfWyZhRXhOj2aH4GBcRfVxYdMGLAZWyW/ydsj8ppRcFQDwnGyBjJoUnRfpCoROMh1GLklYbUELAQZbEwcZnZ6wRG/VaDBYj8ogckOfLJRYx7hPA8TjSdaxFCch7SNwg2MlBNq+Yzz4tQtnCJT1TziJKABNC9O2OwZQM50oQg/ci7a989FmH3h9rRfPUewix4/JJqiypL1LhNYp6mjHGZGPbTlp/2y533SftQcuk54omsUx5rjSuKnRIA5zJe+FLnmsFKq7CE9DV6sxL4XhW7xNA+QKYlSsezHoSGAwAKBAFXS0iG3Tn29wjGgDp7KQJyoPbdVAhKCt4LuLJ+14hB/gRqO5UiGq9Rl1Mofb3k2hcqAnOWf4iOycRxNUOeOGylEqYhvO7DwaOO4aoDW/Q8PRS/tfpmli3h1KP0lOKvXMkkTcvs8AM5v3tBnKOUiKf4BJA9ty9WeC4+5JXDVRA3FpDhNWZjODwuCSZel0RAe9zgdcIR+T0nzYiL7RMDSj2KStfEIPlcL5moF6hnebbYkNi44iMRf3ubAx9jy4Tv+LapRUsItrTAJnf/kzxLKFZDb1pwaHuHNFULJIBjP1yLbBj2wSSvw==&u=U2FsdGVkX1/Px5AzP45s4u3Bpfp9g5Je8nySKrzb+SwIkbIXpR2mLYPIuTPuEt9C&y=U2FsdGVkX1/A2CmguObspX6Uoo91Jwd1LhtLAbGY9pADUcr0hME/S9GAduPZNHVO HTTP/1.1" 200 26
186.148.187.162 - - [04/Jul/2023:07:05:16 -0500] "GET /kwssiamovil/sm/acme/a?s=U2FsdGVkX19yu5hE0fLwidSKXdPuz6q5Dtn4N4zZ3dyQ0/NuWFkCaDcEfpJxzNv1zWL98btNNefeLFCPQJ+zXrgj6gIDMrBJBwoZQAZrrm6vJKjkafHueRkiqcuG4P+vwG9X1osZ9jk/r7151VwjUWHgou8WwxIns5MBWRH1+gU=&u=U2FsdGVkX1/Px5AzP45s4u3Bpfp9g5Je8nySKrzb+SwIkbIXpR2mLYPIuTPuEt9C&y=U2FsdGVkX1/A2CmguObspX6Uoo91Jwd1LhtLAbGY9pADUcr0hME/S9GAduPZNHVO HTTP/1.1" 200 26
186.148.187.162 - - [04/Jul/2023:07:05:17 -0500] "GET /kwssiamovil/sm/acme/a?s=U2FsdGVkX1/bBIRHp5dlo48yOYt/HeZY+/wSCJDu1lP8xH5IbdyQR+fUT9Mx/2zFuS35qbAGi3CqOW+wW/VQeDhT/wUgq+kumKP9OT9rtimpie1APJZRvfsbkdFjUNLo7L43K28kAtZglm7zVTRmnSmiOHZD5dqh0dv57hxmBl4=&u=U2FsdGVkX1/Px5AzP45s4u3Bpfp9g5Je8nySKrzb+SwIkbIXpR2mLYPIuTPuEt9C&y=U2FsdGVkX1/A2CmguObspX6Uoo91Jwd1LhtLAbGY9pADUcr0hME/S9GAduPZNHVO HTTP/1.1" 200 26
186.148.187.162 - - [04/Jul/2023:07:05:17 -0500] "GET /kwssiamovil/sm/acme/a?s=U2FsdGVkX1/CC0zLRE/5LiueeKp650L5L0Ry9QIiEVJFjA4b+iOrBeCkuGUFQQCIvdbaNW7y3WNuauBeEBh3iAtOq2X664TPq9OFdKwhF04TfuKrP/8eRBlNR+4m78FQlmsOoMvug3UsmZ4Wvd5yc7C7xPcsoN3czgfGo0HCb0Q=&u=U2FsdGVkX1/Px5AzP45s4u3Bpfp9g5Je8nySKrzb+SwIkbIXpR2mLYPIuTPuEt9C&y=U2FsdGVkX1/A2CmguObspX6Uoo91Jwd1LhtLAbGY9pADUcr0hME/S9GAduPZNHVO HTTP/1.1" 200 26
186.148.187.162 - - [04/Jul/2023:07:05:17 -0500] "GET /kwssiamovil/sm/acme/a?s=U2FsdGVkX1+IYunt/is11QvWLUn2nKhTSOqW/2cnhUZqt06HhEV9ortVITw/Lbbb1BDTFcNs8Ro+vIpS9maunTgngaRUAOMiakPBLChzrfRkCccCJigd/DBnFLe8sOsw2jTTXmDvnQwwctF5xnkuMb+l9VmZ0L9ctGRzKifowNgdY1KR8UlLdv+mTrKD7pGZ2oX+Unqw+iP2YbmWXADUdQ==&u=U2FsdGVkX1/Px5AzP45s4u3Bpfp9g5Je8nySKrzb+SwIkbIXpR2mLYPIuTPuEt9C&y=U2FsdGVkX1/A2CmguObspX6Uoo91Jwd1LhtLAbGY9pADUcr0hME/S9GAduPZNHVO HTTP/1.1" 200 26
186.148.187.162 - - [04/Jul/2023:07:05:18 -0500] "GET /kwssiamovil/sm/acme/a?s=U2FsdGVkX18CZdMtAPzdZ2/wzyZ/7lzlJbOx1iWn5r2usCPs50Iueml19/tVBsF/hYOejQzjVLMYXGiiRQzBzesxPP54uhqkrmpOCHKb/VEEBItPmpEnR+81VPqso3qfIzs9sElqPpS5ez7COMTyI92udA+uMWlaj6HhT5gbULGFdkWDSP4+KS4Ype4La6f85ifG3icgmwcK7rLu/dgMnA==&u=U2FsdGVkX1/Px5AzP45s4u3Bpfp9g5Je8nySKrzb+SwIkbIXpR2mLYPIuTPuEt9C&y=U2FsdGVkX1/A2CmguObspX6Uoo91Jwd1LhtLAbGY9pADUcr0hME/S9GAduPZNHVO HTTP/1.1" 200 26
186.148.187.162 - - [04/Jul/2023:07:05:18 -0500] "GET /kwssiamovil/sm/acme/a?s=U2FsdGVkX19/gWsRxWtJ9DaqwAtwRvGpWL5jpn0LQEfTvahxzdzw06Bgyvn3aIPY9pCwpMfHKN0ZPFa6rgAtNAi+6qZTe0SToJLjW8LUqOuMJQyECh2elckbVjiqTOu8fGtlm+7sTas/3dcZLz7Mw/yyDL32m2wYRgOFe+IapVBBN+lw/23ut8f73xWvWFnZ&u=U2FsdGVkX1/Px5AzP45s4u3Bpfp9g5Je8nySKrzb+SwIkbIXpR2mLYPIuTPuEt9C&y=U2FsdGVkX1/A2CmguObspX6Uoo91Jwd1LhtLAbGY9pADUcr0hME/S9GAduPZNHVO HTTP/1.1" 200 26
172.22.2.4 - - [04/Jul/2023:07:04:37 -0500] "HEAD /BLA/boletinlegal/ HTTP/1.1" 200 -
172.22.2.4 - - [04/Jul/2023:07:05:28 -0500] "GET /BLA/boletinlegal/ HTTP/1.1" 200 58474
201.245.192.253 - - [04/Jul/2023:07:08:56 -0500] "POST /kwsrmcab/Wsrmcab  HTTP/1.1" 200 213
216.245.221.92 - - [04/Jul/2023:07:09:14 -0500] "HEAD / HTTP/1.1" 200 -
66.249.70.196 - - [04/Jul/2023:07:09:49 -0500] "-" 408 -
173.252.107.116 - - [04/Jul/2023:07:11:24 -0500] "GET /entrenubes-raton-de-montana-se-alimenta-de-hongos-presentes-en-este-ecosistema-del-suroriente-de-bogota.html HTTP/1.1" 200 843
172.22.2.4 - - [04/Jul/2023:07:10:27 -0500] "HEAD /BLA/boletinlegal/ HTTP/1.1" 200 -
40.77.167.189 - - [04/Jul/2023:07:12:12 -0500] "GET /images/caminatas-ecologicas-junio_optimized.jpg HTTP/1.1" 200 42068
172.22.2.4 - - [04/Jul/2023:07:11:18 -0500] "GET /BLA/boletinlegal/ HTTP/1.1" 200 59192
69.63.189.116 - - [04/Jul/2023:07:13:45 -0500] "GET /entrenubes-raton-de-montana-se-alimenta-de-hongos-presentes-en-este-ecosistema-del-suroriente-de-bogota.html HTTP/1.1" 200 843
201.245.192.253 - - [04/Jul/2023:07:13:54 -0500] "POST /kwsrmcab/Wsrmcab  HTTP/1.1" 200 213
216.245.221.92 - - [04/Jul/2023:07:14:14 -0500] "HEAD / HTTP/1.1" 200 -
201.245.192.253 - - [04/Jul/2023:07:14:25 -0500] "POST /sipse/faces/presentacion/financiero/solicitudProceso/consultarSolicitudProceso.xhtml HTTP/1.1" 302 -
201.245.192.253 - - [04/Jul/2023:07:14:25 -0500] "GET /sipse/faces/javax.faces.resource/images/ui-bg_flat_0_2d5972_40x100.png?ln=primefaces-aristo HTTP/1.1" 304 -
201.245.192.253 - - [04/Jul/2023:07:14:26 -0500] "GET /sipse/faces/autenticacion.xhtml HTTP/1.1" 200 1099
201.245.192.253 - - [04/Jul/2023:07:14:35 -0500] "POST /sipse/faces/presentacion/financiero/solicitudProceso/consultarSolicitudProceso.xhtml HTTP/1.1" 302 -
201.245.192.253 - - [04/Jul/2023:07:14:35 -0500] "GET /sipse/faces/autenticacion.xhtml HTTP/1.1" 200 1099
34.90.45.124 - - [04/Jul/2023:07:14:51 -0500] "GET /en-junio-conectate-con-la-naturaleza-y-el-medioambiente-a-traves-de-estas-caminatas-ecologicas.html HTTP/1.1" 200 900
172.22.2.4 - - [04/Jul/2023:07:14:10 -0500] "GET /BLA/boletinlegal/index.php?s=/Index/\\think\\app/invokefunction&function=call_user_func_array&vars[0]=md5&vars[1][]=HelloThinkPHP21 HTTP/1.1" 200 36811
66.249.70.196 - - [04/Jul/2023:07:15:54 -0500] "-" 408 -
173.252.95.14 - - [04/Jul/2023:07:16:47 -0500] "GET /entrenubes-raton-de-montana-se-alimenta-de-hongos-presentes-en-este-ecosistema-del-suroriente-de-bogota.html HTTP/1.1" 200 843
172.22.2.4 - - [04/Jul/2023:07:16:17 -0500] "HEAD /BLA/boletinlegal/ HTTP/1.1" 200 -
52.167.144.88 - - [04/Jul/2023:07:18:10 -0500] "GET /BLA/resoluciones/RESOLUCIONES%202018/2566.pdf HTTP/1.1" 304 -
172.22.2.4 - - [04/Jul/2023:07:17:08 -0500] "GET /BLA/boletinlegal/ HTTP/1.1" 200 57272
201.245.192.253 - - [04/Jul/2023:07:18:52 -0500] "POST /kwsrmcab/Wsrmcab  HTTP/1.1" 200 213
172.22.2.4 - - [04/Jul/2023:07:19:07 -0500] "GET /BLA/boletinlegal/actos.php HTTP/1.1" 200 9682
172.22.2.4 - - [04/Jul/2023:07:19:08 -0500] "GET /BLA/boletinlegal/styles2.css HTTP/1.1" 200 1838
172.22.2.4 - - [04/Jul/2023:07:19:08 -0500] "GET /BLA/boletinlegal/js/ajax_actos.js HTTP/1.1" 200 1322
172.22.2.4 - - [04/Jul/2023:07:19:08 -0500] "GET /BLA/boletinlegal/niceforms-default.css HTTP/1.1" 200 6694
172.22.2.4 - - [04/Jul/2023:07:19:08 -0500] "GET /BLA/boletinlegal/style.css HTTP/1.1" 200 9406
172.22.2.4 - - [04/Jul/2023:07:19:08 -0500] "GET /BLA/boletinlegal/niceforms.js HTTP/1.1" 200 22876
172.22.2.4 - - [04/Jul/2023:07:19:08 -0500] "GET /BLA/boletinlegal/js/lib.js HTTP/1.1" 200 6474
172.22.2.4 - - [04/Jul/2023:07:19:08 -0500] "GET /BLA/boletinlegal/js/popup.js HTTP/1.1" 200 1270
172.22.2.4 - - [04/Jul/2023:07:19:08 -0500] "GET /BLA/boletinlegal/js/jquery1.js HTTP/1.1" 200 29846
172.22.2.4 - - [04/Jul/2023:07:19:08 -0500] "GET /BLA/boletinlegal/images/cabezote%20BLEGAL.jpg HTTP/1.1" 200 118164
172.22.2.4 - - [04/Jul/2023:07:19:08 -0500] "GET /BLA/boletinlegal/images/subscribe-icon-big.png HTTP/1.1" 200 47702
172.22.2.4 - - [04/Jul/2023:07:19:09 -0500] "GET /BLA/boletinlegal/images/historia.png HTTP/1.1" 200 52775
172.22.2.4 - - [04/Jul/2023:07:19:09 -0500] "GET /BLA/boletinlegal/images/green-yellow-blue-pink-th.png HTTP/1.1" 200 7394
172.22.2.4 - - [04/Jul/2023:07:19:09 -0500] "GET /BLA/boletinlegal/images/registro-usuarios.png HTTP/1.1" 200 8106
172.22.2.4 - - [04/Jul/2023:07:19:09 -0500] "GET /BLA/boletinlegal/images/tel.png HTTP/1.1" 200 14477
172.22.2.4 - - [04/Jul/2023:07:19:09 -0500] "GET /BLA/boletinlegal/images/icono-email.png HTTP/1.1" 200 5544
172.22.2.4 - - [04/Jul/2023:07:19:09 -0500] "GET /BLA/boletinlegal/images/body_bg.jpg HTTP/1.1" 200 1601
172.22.2.4 - - [04/Jul/2023:07:19:09 -0500] "GET /BLA/boletinlegal/images/menu_lft.gif HTTP/1.1" 200 1713
172.22.2.4 - - [04/Jul/2023:07:19:09 -0500] "GET /BLA/boletinlegal/images/menu_rght.gif HTTP/1.1" 200 1627
172.22.2.4 - - [04/Jul/2023:07:19:09 -0500] "GET /BLA/boletinlegal/images/footer_bg.jpg HTTP/1.1" 200 586
172.22.2.4 - - [04/Jul/2023:07:19:09 -0500] "GET /BLA/boletinlegal/images/bg_top.jpg HTTP/1.1" 200 522
172.22.2.4 - - [04/Jul/2023:07:19:09 -0500] "GET /BLA/boletinlegal/images/menu_bg.jpg HTTP/1.1" 200 620
172.22.2.4 - - [04/Jul/2023:07:19:09 -0500] "GET /BLA/boletinlegal/images/text.jpg HTTP/1.1" 200 568
172.22.2.4 - - [04/Jul/2023:07:19:09 -0500] "GET /BLA/boletinlegal/images/footer_bg_l.jpg HTTP/1.1" 200 776
172.22.2.4 - - [04/Jul/2023:07:19:09 -0500] "GET /BLA/boletinlegal/images/hover.jpg HTTP/1.1" 200 640
172.22.2.4 - - [04/Jul/2023:07:19:09 -0500] "GET /BLA/boletinlegal/img/0.png HTTP/1.1" 200 110
172.22.2.4 - - [04/Jul/2023:07:19:09 -0500] "GET /BLA/boletinlegal/img/select-left.png HTTP/1.1" 200 263
172.22.2.4 - - [04/Jul/2023:07:19:09 -0500] "GET /BLA/boletinlegal/img/select-right.png HTTP/1.1" 200 44019
172.22.2.4 - - [04/Jul/2023:07:19:09 -0500] "GET /BLA/boletinlegal/img/button-right.png HTTP/1.1" 200 57878
172.22.2.4 - - [04/Jul/2023:07:19:09 -0500] "GET /BLA/boletinlegal/img/button.png HTTP/1.1" 200 43241
172.22.2.4 - - [04/Jul/2023:07:19:09 -0500] "GET /BLA/boletinlegal/img/button-left.png HTTP/1.1" 200 57071
172.22.2.4 - - [04/Jul/2023:07:19:09 -0500] "GET /BLA/boletinlegal/favicon.ico HTTP/1.1" 404 1326
216.245.221.92 - - [04/Jul/2023:07:19:14 -0500] "HEAD / HTTP/1.1" 200 -
172.22.2.4 - - [04/Jul/2023:07:19:20 -0500] "GET /BLA/boletinlegal/consulta_actos.php?tipo=autos&no=&usuario=&sector=&fecha=2023&resuelve= HTTP/1.1" 200 383243
172.22.2.4 - - [04/Jul/2023:07:19:20 -0500] "GET /BLA/boletinlegal/images/pdf.gif HTTP/1.1" 200 567
172.22.2.4 - - [04/Jul/2023:07:19:20 -0500] "GET /BLA/boletinlegal/images/background.gif HTTP/1.1" 200 -
172.22.2.4 - - [04/Jul/2023:07:19:22 -0500] "GET /BLA/boletinlegal/consulta_actos.php?tipo=autos&no=&usuario=&sector=&fecha=2023&resuelve= HTTP/1.1" 200 383243
207.46.13.215 - - [04/Jul/2023:07:19:26 -0500] "GET /images/portada.jpg HTTP/1.1" 200 95488
190.26.216.120 - - [04/Jul/2023:07:19:30 -0500] "GET /BLA/resoluciones/AUTOS%202023/3105.pdf HTTP/1.1" 200 412194
190.26.216.120 - - [04/Jul/2023:07:19:31 -0500] "GET /favicon.ico HTTP/1.1" 304 -
201.245.192.253 - - [04/Jul/2023:07:20:04 -0500] "POST /kwsrmcab/Wsrmcab HTTP/1.1" 200 42502
201.245.192.253 - - [04/Jul/2023:07:20:07 -0500] "POST /kwsrmcab/Wsrmcab HTTP/1.1" 200 39964
172.22.2.4 - - [04/Jul/2023:07:20:53 -0500] "GET /BLA/boletinlegal/consulta_actos.php?tipo=resoluciones&no=&usuario=&sector=&fecha=2023&resuelve= HTTP/1.1" 200 114897
201.245.192.253 - - [04/Jul/2023:07:21:38 -0500] "GET /sipse/faces/faces/autenticacion.xhtml HTTP/1.1" 200 12177
201.245.192.253 - - [04/Jul/2023:07:21:39 -0500] "GET /sipse/js/disable_browser_buttons.js HTTP/1.1" 304 -
201.245.192.253 - - [04/Jul/2023:07:21:39 -0500] "GET /sipse/css/custom_css_sg.css HTTP/1.1" 304 -
201.245.192.253 - - [04/Jul/2023:07:21:39 -0500] "GET /sipse/css/custom_css_sg_prime_login.css HTTP/1.1" 304 -
201.245.192.253 - - [04/Jul/2023:07:21:39 -0500] "GET /sipse/js/funciones.js HTTP/1.1" 304 -
201.245.192.253 - - [04/Jul/2023:07:21:39 -0500] "GET /sipse/faces/javax.faces.resource/jquery/jquery.js?ln=primefaces&v=4.0 HTTP/1.1" 304 -
201.245.192.253 - - [04/Jul/2023:07:21:39 -0500] "GET /sipse/faces/javax.faces.resource/layout/layout.css?ln=primefaces&v=4.0 HTTP/1.1" 200 542
201.245.192.253 - - [04/Jul/2023:07:21:39 -0500] "GET /sipse/faces/javax.faces.resource/theme.css?ln=primefaces-sipse HTTP/1.1" 304 -
201.245.192.253 - - [04/Jul/2023:07:21:39 -0500] "GET /sipse/faces/javax.faces.resource/jquery/jquery-plugins.js?ln=primefaces&v=4.0 HTTP/1.1" 304 -
201.245.192.253 - - [04/Jul/2023:07:21:39 -0500] "GET /sipse/faces/javax.faces.resource/layout/layout.js?ln=primefaces&v=4.0 HTTP/1.1" 304 -
201.245.192.253 - - [04/Jul/2023:07:21:39 -0500] "GET /sipse/faces/javax.faces.resource/primefaces.js?ln=primefaces&v=4.0 HTTP/1.1" 304 -
201.245.192.253 - - [04/Jul/2023:07:21:39 -0500] "GET /sipse/faces/javax.faces.resource/primefaces.css?ln=primefaces&v=4.0 HTTP/1.1" 200 53295
201.245.192.253 - - [04/Jul/2023:07:21:39 -0500] "GET /sipse/faces/javax.faces.resource/images/ui-icons_898989_256x240.png?ln=primefaces-aristo HTTP/1.1" 200 5355
201.245.192.253 - - [04/Jul/2023:07:21:39 -0500] "GET /sipse/css/imagen/logoSDG.png HTTP/1.1" 200 53064
201.245.192.253 - - [04/Jul/2023:07:21:39 -0500] "GET /sipse/css/imagen/loginimg.png HTTP/1.1" 200 71635
201.245.192.253 - - [04/Jul/2023:07:21:39 -0500] "GET /favicon.ico HTTP/1.1" 200 7782
201.245.192.253 - - [04/Jul/2023:07:21:39 -0500] "GET /sipse/faces/faces/index.xhtml HTTP/1.1" 200 677
201.245.192.253 - - [04/Jul/2023:07:21:39 -0500] "GET /sipse/faces/javax.faces.resource/theme.css?ln=primefaces-sipse HTTP/1.1" 304 -
201.245.192.253 - - [04/Jul/2023:07:21:39 -0500] "GET /sipse/faces/faces/faces/autenticacion.xhtml HTTP/1.1" 200 12177
201.245.192.253 - - [04/Jul/2023:07:21:39 -0500] "GET /sipse/faces/javax.faces.resource/theme.css?ln=primefaces-sipse HTTP/1.1" 304 -
201.245.192.253 - - [04/Jul/2023:07:21:39 -0500] "GET /sipse/faces/javax.faces.resource/primefaces.css?ln=primefaces&v=4.0 HTTP/1.1" 304 -
201.245.192.253 - - [04/Jul/2023:07:21:39 -0500] "GET /sipse/faces/javax.faces.resource/jquery/jquery.js?ln=primefaces&v=4.0 HTTP/1.1" 304 -
201.245.192.253 - - [04/Jul/2023:07:21:39 -0500] "GET /sipse/faces/javax.faces.resource/layout/layout.css?ln=primefaces&v=4.0 HTTP/1.1" 304 -
201.245.192.253 - - [04/Jul/2023:07:21:39 -0500] "GET /sipse/faces/javax.faces.resource/primefaces.js?ln=primefaces&v=4.0 HTTP/1.1" 304 -
201.245.192.253 - - [04/Jul/2023:07:21:39 -0500] "GET /sipse/faces/javax.faces.resource/jquery/jquery-plugins.js?ln=primefaces&v=4.0 HTTP/1.1" 304 -
201.245.192.253 - - [04/Jul/2023:07:21:39 -0500] "GET /sipse/faces/javax.faces.resource/layout/layout.js?ln=primefaces&v=4.0 HTTP/1.1" 304 -
201.245.192.253 - - [04/Jul/2023:07:21:39 -0500] "GET /sipse/faces/javax.faces.resource/images/ui-icons_898989_256x240.png?ln=primefaces-aristo HTTP/1.1" 304 -
190.26.216.120 - - [04/Jul/2023:07:21:43 -0500] "GET /BLA/resoluciones/RESOLUCIONES%202023/1017.pdf HTTP/1.1" 200 434659
201.245.192.253 - - [04/Jul/2023:07:21:53 -0500] "POST /sipse/faces/autenticacion.xhtml HTTP/1.1" 200 11968
201.245.192.253 - - [04/Jul/2023:07:21:54 -0500] "GET /sipse/css/custom_css_sg_prime.css HTTP/1.1" 200 5201
201.245.192.253 - - [04/Jul/2023:07:21:54 -0500] "GET /sipse/faces/javax.faces.resource/jquery/jquery.js?ln=primefaces&v=4.0 HTTP/1.1" 304 -
201.245.192.253 - - [04/Jul/2023:07:21:54 -0500] "GET /sipse/faces/javax.faces.resource/jquery/jquery-plugins.js?ln=primefaces&v=4.0 HTTP/1.1" 304 -
201.245.192.253 - - [04/Jul/2023:07:21:54 -0500] "GET /sipse/faces/javax.faces.resource/primefaces.js?ln=primefaces&v=4.0 HTTP/1.1" 304 -
201.245.192.253 - - [04/Jul/2023:07:21:54 -0500] "GET /sipse/faces/javax.faces.resource/layout/layout.js?ln=primefaces&v=4.0 HTTP/1.1" 304 -
201.245.192.253 - - [04/Jul/2023:07:21:54 -0500] "GET /sipse/faces/javax.faces.resource/messages/messages.png?ln=primefaces&v=4.0 HTTP/1.1" 200 27209
201.245.192.253 - - [04/Jul/2023:07:21:57 -0500] "POST /sipse/faces/presentacion/sistema/seguridad/seleccionRol.xhtml HTTP/1.1" 200 6403
201.245.192.253 - - [04/Jul/2023:07:21:57 -0500] "POST /sipse/faces/presentacion/sistema/seguridad/seleccionRol.xhtml HTTP/1.1" 200 18779
201.245.192.253 - - [04/Jul/2023:07:21:58 -0500] "GET /sipse/js/jquery.min.js HTTP/1.1" 304 -
201.245.192.253 - - [04/Jul/2023:07:21:58 -0500] "GET /sipse/faces/javax.faces.resource/jquery/jquery.js?ln=primefaces&v=4.0 HTTP/1.1" 304 -
201.245.192.253 - - [04/Jul/2023:07:21:58 -0500] "GET /sipse/faces/javax.faces.resource/jquery/jquery-plugins.js?ln=primefaces&v=4.0 HTTP/1.1" 304 -
201.245.192.253 - - [04/Jul/2023:07:21:58 -0500] "GET /sipse/faces/javax.faces.resource/primefaces.js?ln=primefaces&v=4.0 HTTP/1.1" 304 -
201.245.192.253 - - [04/Jul/2023:07:21:58 -0500] "GET /sipse/faces/javax.faces.resource/layout/layout.js?ln=primefaces&v=4.0 HTTP/1.1" 304 -
201.245.192.253 - - [04/Jul/2023:07:21:58 -0500] "GET /sipse/css/v_mergente.css HTTP/1.1" 200 1505
201.245.192.253 - - [04/Jul/2023:07:21:58 -0500] "GET /sipse/imagenes/cargando.gif HTTP/1.1" 200 36959
201.245.192.253 - - [04/Jul/2023:07:21:58 -0500] "GET /sipse/css/imagen/contrasena.png HTTP/1.1" 404 383
201.245.192.253 - - [04/Jul/2023:07:21:58 -0500] "GET /sipse/imagenes/logoAplicacion.jpg HTTP/1.1" 200 155084
201.245.192.253 - - [04/Jul/2023:07:22:00 -0500] "GET /sipse/faces/javax.faces.resource/images/ui-bg_flat_0_2d5972_40x100.png?ln=primefaces-aristo HTTP/1.1" 200 183
201.245.192.253 - - [04/Jul/2023:07:22:00 -0500] "POST /sipse/faces/bienvenido.xhtml HTTP/1.1" 200 2652
201.245.192.253 - - [04/Jul/2023:07:22:01 -0500] "POST /sipse/faces/bienvenido.xhtml HTTP/1.1" 200 35570
201.245.192.253 - - [04/Jul/2023:07:22:01 -0500] "GET /sipse/faces/javax.faces.resource/jquery/jquery.js?ln=primefaces&v=4.0 HTTP/1.1" 304 -
201.245.192.253 - - [04/Jul/2023:07:22:01 -0500] "GET /sipse/faces/javax.faces.resource/jquery/jquery-plugins.js?ln=primefaces&v=4.0 HTTP/1.1" 304 -
201.245.192.253 - - [04/Jul/2023:07:22:01 -0500] "GET /sipse/faces/javax.faces.resource/primefaces.js?ln=primefaces&v=4.0 HTTP/1.1" 304 -
201.245.192.253 - - [04/Jul/2023:07:22:01 -0500] "GET /sipse/faces/javax.faces.resource/layout/layout.js?ln=primefaces&v=4.0 HTTP/1.1" 304 -
201.245.192.253 - - [04/Jul/2023:07:22:04 -0500] "POST /sipse/faces/presentacion/contratacion/contrato/listarContrato.xhtml HTTP/1.1" 200 70429
201.245.192.253 - - [04/Jul/2023:07:22:15 -0500] "POST /sipse/faces/presentacion/contratacion/contrato/listarContrato.xhtml HTTP/1.1" 200 11105
201.245.192.253 - - [04/Jul/2023:07:22:17 -0500] "POST /sipse/faces/presentacion/contratacion/contrato/listarContrato.xhtml HTTP/1.1" 200 112365
201.245.192.253 - - [04/Jul/2023:07:22:18 -0500] "GET /sipse/faces/javax.faces.resource/jquery/jquery.js?ln=primefaces&v=4.0 HTTP/1.1" 304 -
201.245.192.253 - - [04/Jul/2023:07:22:18 -0500] "GET /sipse/faces/javax.faces.resource/jquery/jquery-plugins.js?ln=primefaces&v=4.0 HTTP/1.1" 304 -
201.245.192.253 - - [04/Jul/2023:07:22:19 -0500] "GET /sipse/faces/javax.faces.resource/primefaces.js?ln=primefaces&v=4.0 HTTP/1.1" 304 -
201.245.192.253 - - [04/Jul/2023:07:22:19 -0500] "GET /sipse/faces/javax.faces.resource/layout/layout.js?ln=primefaces&v=4.0 HTTP/1.1" 304 -
66.249.70.196 - - [04/Jul/2023:07:22:44 -0500] "-" 408 -
172.22.2.4 - - [04/Jul/2023:07:22:07 -0500] "HEAD /BLA/boletinlegal/ HTTP/1.1" 200 -
201.245.192.253 - - [04/Jul/2023:07:23:50 -0500] "POST /kwsrmcab/Wsrmcab  HTTP/1.1" 200 213
216.245.221.92 - - [04/Jul/2023:07:24:14 -0500] "HEAD / HTTP/1.1" 200 -
52.167.144.46 - - [04/Jul/2023:07:24:29 -0500] "GET /Publicaciones/2023EE125329.pdf HTTP/1.1" 404 228
172.22.2.4 - - [04/Jul/2023:07:22:58 -0500] "GET /BLA/boletinlegal/ HTTP/1.1" 200 57680
52.167.144.46 - - [04/Jul/2023:07:24:59 -0500] "GET /BLA/resoluciones/RESOLUCIONES%202023/0333.pdf HTTP/1.1" 200 1688981
201.245.192.253 - - [04/Jul/2023:07:26:34 -0500] "POST /sipse/faces/presentacion/contratacion/contrato/consultarContrato.xhtml HTTP/1.1" 200 6085
66.249.73.69 - - [04/Jul/2023:07:26:37 -0500] "-" 408 -
172.22.2.4 - - [04/Jul/2023:07:27:17 -0500] "GET /BLA/boletinlegal/actos.php HTTP/1.1" 200 9682
200.75.48.35 - - [04/Jul/2023:07:27:28 -0500] "GET /BLA/resoluciones/ HTTP/1.1" 200 13502
200.75.48.35 - - [04/Jul/2023:07:27:30 -0500] "GET /BLA/resoluciones/index.php?dir=AUTOS+2018%2F HTTP/1.1" 200 460572
201.245.192.253 - - [04/Jul/2023:07:27:30 -0500] "POST /sipse/faces/presentacion/contratacion/contrato/consultarContrato.xhtml HTTP/1.1" 200 46165
201.245.192.253 - - [04/Jul/2023:07:27:31 -0500] "GET /sipse/faces/javax.faces.resource/layout/layout.css?ln=primefaces&v=4.0 HTTP/1.1" 200 542
201.245.192.253 - - [04/Jul/2023:07:27:31 -0500] "GET /sipse/faces/javax.faces.resource/jquery/jquery.js?ln=primefaces&v=4.0 HTTP/1.1" 304 -
201.245.192.253 - - [04/Jul/2023:07:27:31 -0500] "GET /sipse/faces/javax.faces.resource/primefaces.js?ln=primefaces&v=4.0 HTTP/1.1" 304 -
201.245.192.253 - - [04/Jul/2023:07:27:31 -0500] "GET /sipse/faces/javax.faces.resource/jquery/jquery-plugins.js?ln=primefaces&v=4.0 HTTP/1.1" 304 -
201.245.192.253 - - [04/Jul/2023:07:27:31 -0500] "GET /sipse/faces/javax.faces.resource/layout/layout.js?ln=primefaces&v=4.0 HTTP/1.1" 304 -
201.245.192.253 - - [04/Jul/2023:07:27:31 -0500] "GET /sipse/faces/javax.faces.resource/theme.css?ln=primefaces-sipse HTTP/1.1" 200 50058
201.245.192.253 - - [04/Jul/2023:07:27:31 -0500] "GET /sipse/faces/javax.faces.resource/primefaces.css?ln=primefaces&v=4.0 HTTP/1.1" 200 53295
201.245.192.253 - - [04/Jul/2023:07:27:31 -0500] "GET /favicon.ico HTTP/1.1" 200 7782
201.245.192.253 - - [04/Jul/2023:07:27:31 -0500] "GET /sipse/faces/javax.faces.resource/images/ui-icons_898989_256x240.png?ln=primefaces-aristo HTTP/1.1" 200 5355
201.245.192.253 - - [04/Jul/2023:07:27:35 -0500] "GET /sipse/faces/javax.faces.resource/images/ui-bg_flat_0_2d5972_40x100.png?ln=primefaces-aristo HTTP/1.1" 200 183
201.245.192.253 - - [04/Jul/2023:07:27:35 -0500] "POST /sipse/faces/presentacion/contratacion/contrato/listarContrato.xhtml HTTP/1.1" 200 115310
201.245.192.253 - - [04/Jul/2023:07:27:36 -0500] "GET /sipse/faces/javax.faces.resource/jquery/jquery.js?ln=primefaces&v=4.0 HTTP/1.1" 304 -
201.245.192.253 - - [04/Jul/2023:07:27:36 -0500] "GET /sipse/faces/javax.faces.resource/jquery/jquery-plugins.js?ln=primefaces&v=4.0 HTTP/1.1" 304 -
201.245.192.253 - - [04/Jul/2023:07:27:36 -0500] "GET /sipse/faces/javax.faces.resource/primefaces.js?ln=primefaces&v=4.0 HTTP/1.1" 304 -
201.245.192.253 - - [04/Jul/2023:07:27:36 -0500] "GET /sipse/faces/javax.faces.resource/layout/layout.js?ln=primefaces&v=4.0 HTTP/1.1" 304 -
52.77.124.219 - - [04/Jul/2023:07:28:01 -0500] "GET /galeria/nivo-slider/demo/images/Banner%20canales%20virtuales.jpg HTTP/1.1" 200 209438
201.245.192.253 - - [04/Jul/2023:07:28:09 -0500] "POST /sipse/faces/presentacion/contratacion/contrato/consultarContrato.xhtml HTTP/1.1" 200 4295
84.54.50.144 - - [04/Jul/2023:07:28:18 -0500] "GET / HTTP/1.1" 200 319
201.245.192.253 - - [04/Jul/2023:07:28:10 -0500] "POST /sipse/faces/presentacion/contratacion/contrato/consultarContrato.xhtml HTTP/1.1" 200 87499
201.245.192.253 - - [04/Jul/2023:07:28:42 -0500] "GET /sipse/faces/javax.faces.resource/jquery/jquery.js?ln=primefaces&v=4.0 HTTP/1.1" 304 -
201.245.192.253 - - [04/Jul/2023:07:28:42 -0500] "GET /sipse/faces/javax.faces.resource/jquery/jquery-plugins.js?ln=primefaces&v=4.0 HTTP/1.1" 304 -
201.245.192.253 - - [04/Jul/2023:07:28:42 -0500] "GET /sipse/faces/javax.faces.resource/primefaces.js?ln=primefaces&v=4.0 HTTP/1.1" 304 -
201.245.192.253 - - [04/Jul/2023:07:28:43 -0500] "GET /sipse/faces/javax.faces.resource/layout/layout.js?ln=primefaces&v=4.0 HTTP/1.1" 304 -
201.245.192.253 - - [04/Jul/2023:07:28:43 -0500] "POST /sipse/faces/presentacion/proyectos/proyecto/listarProyecto.xhtml HTTP/1.1" 200 80924
201.245.192.253 - - [04/Jul/2023:07:28:48 -0500] "POST /kwsrmcab/Wsrmcab  HTTP/1.1" 200 213
216.245.221.92 - - [04/Jul/2023:07:29:14 -0500] "HEAD / HTTP/1.1" 200 -
172.22.2.4 - - [04/Jul/2023:07:27:57 -0500] "HEAD /BLA/boletinlegal/ HTTP/1.1" 200 -
66.249.70.196 - - [04/Jul/2023:07:29:57 -0500] "-" 408 -
201.245.192.253 - - [04/Jul/2023:07:30:03 -0500] "POST /kwsrmcab/Wsrmcab HTTP/1.1" 200 42502
201.245.192.253 - - [04/Jul/2023:07:30:06 -0500] "POST /kwsrmcab/Wsrmcab HTTP/1.1" 200 39964
172.22.2.4 - - [04/Jul/2023:07:28:48 -0500] "GET /BLA/boletinlegal/ HTTP/1.1" 200 56452
201.245.192.253 - - [04/Jul/2023:07:30:47 -0500] "POST /forms/lservlet;jsessionid=ac16012b30d6ee0daf1504c24649b609c880a8aea096.e3iSbxaKaheRe34Ma3yMbN0Rbhf0n6jAmljGr5XDqQLvpAe HTTP/1.1" 200 13
201.245.192.253 - - [04/Jul/2023:07:30:48 -0500] "POST /forms/lservlet;jsessionid=ac16012b30d6ee0daf1504c24649b609c880a8aea096.e3iSbxaKaheRe34Ma3yMbN0Rbhf0n6jAmljGr5XDqQLvpAe HTTP/1.1" 200 13
201.245.192.253 - - [04/Jul/2023:07:30:49 -0500] "POST /forms/lservlet;jsessionid=ac16012b30d6ee0daf1504c24649b609c880a8aea096.e3iSbxaKaheRe34Ma3yMbN0Rbhf0n6jAmljGr5XDqQLvpAe HTTP/1.1" 200 13
201.245.192.253 - - [04/Jul/2023:07:30:50 -0500] "POST /forms/lservlet;jsessionid=ac16012b30d6ee0daf1504c24649b609c880a8aea096.e3iSbxaKaheRe34Ma3yMbN0Rbhf0n6jAmljGr5XDqQLvpAe HTTP/1.1" 200 13
201.245.192.253 - - [04/Jul/2023:07:30:51 -0500] "POST /forms/lservlet;jsessionid=ac16012b30d6ee0daf1504c24649b609c880a8aea096.e3iSbxaKaheRe34Ma3yMbN0Rbhf0n6jAmljGr5XDqQLvpAe HTTP/1.1" 200 13
201.245.192.253 - - [04/Jul/2023:07:30:52 -0500] "POST /forms/lservlet;jsessionid=ac16012b30d6ee0daf1504c24649b609c880a8aea096.e3iSbxaKaheRe34Ma3yMbN0Rbhf0n6jAmljGr5XDqQLvpAe HTTP/1.1" 200 13
201.245.192.253 - - [04/Jul/2023:07:33:48 -0500] "POST /kwsrmcab/Wsrmcab  HTTP/1.1" 200 213
216.245.221.92 - - [04/Jul/2023:07:34:14 -0500] "HEAD / HTTP/1.1" 200 -
172.22.2.4 - - [04/Jul/2023:07:33:47 -0500] "HEAD /BLA/boletinlegal/ HTTP/1.1" 200 -
191.111.46.40 - - [04/Jul/2023:07:36:14 -0500] "GET /sipse/faces/presentacion/financiero/solicitudProceso/consultarHistorialSolProceso.xhtml HTTP/1.1" 302 -
191.111.46.40 - - [04/Jul/2023:07:36:16 -0500] "GET /sipse/js/disable_browser_buttons.js HTTP/1.1" 304 -
191.111.46.40 - - [04/Jul/2023:07:36:16 -0500] "GET /sipse/js/funciones.js HTTP/1.1" 304 -
191.111.46.40 - - [04/Jul/2023:07:36:16 -0500] "GET /sipse/css/custom_css_sg.css HTTP/1.1" 304 -
191.111.46.40 - - [04/Jul/2023:07:36:16 -0500] "GET /sipse/css/custom_css_sg_prime_login.css HTTP/1.1" 304 -
191.111.46.40 - - [04/Jul/2023:07:36:16 -0500] "GET /sipse/faces/javax.faces.resource/primefaces.css?ln=primefaces&v=4.0 HTTP/1.1" 304 -
191.111.46.40 - - [04/Jul/2023:07:36:16 -0500] "GET /sipse/faces/javax.faces.resource/theme.css?ln=primefaces-sipse HTTP/1.1" 304 -
191.111.46.40 - - [04/Jul/2023:07:36:16 -0500] "GET /sipse/faces/javax.faces.resource/layout/layout.css?ln=primefaces&v=4.0 HTTP/1.1" 304 -
191.111.46.40 - - [04/Jul/2023:07:36:16 -0500] "GET /sipse/faces/javax.faces.resource/jquery/jquery.js?ln=primefaces&v=4.0 HTTP/1.1" 304 -
191.111.46.40 - - [04/Jul/2023:07:36:16 -0500] "GET /sipse/faces/javax.faces.resource/jquery/jquery-plugins.js?ln=primefaces&v=4.0 HTTP/1.1" 304 -
191.111.46.40 - - [04/Jul/2023:07:36:16 -0500] "GET /sipse/faces/javax.faces.resource/primefaces.js?ln=primefaces&v=4.0 HTTP/1.1" 304 -
191.111.46.40 - - [04/Jul/2023:07:36:16 -0500] "GET /sipse/faces/javax.faces.resource/layout/layout.js?ln=primefaces&v=4.0 HTTP/1.1" 304 -
191.111.46.40 - - [04/Jul/2023:07:36:16 -0500] "GET /sipse/css/imagen/logoSDG.png HTTP/1.1" 304 -
191.111.46.40 - - [04/Jul/2023:07:36:16 -0500] "GET /sipse/css/imagen/loginimg.png HTTP/1.1" 304 -
191.111.46.40 - - [04/Jul/2023:07:36:16 -0500] "GET /sipse/faces/javax.faces.resource/images/ui-icons_898989_256x240.png?ln=primefaces-aristo HTTP/1.1" 304 -
191.111.46.40 - - [04/Jul/2023:07:36:17 -0500] "GET /sipse/faces/index.xhtml HTTP/1.1" 200 677
191.111.46.40 - - [04/Jul/2023:07:36:17 -0500] "GET /sipse/faces/javax.faces.resource/theme.css?ln=primefaces-sipse HTTP/1.1" 304 -
191.111.46.40 - - [04/Jul/2023:07:36:17 -0500] "GET /sipse/faces/faces/autenticacion.xhtml HTTP/1.1" 200 12177
191.111.46.40 - - [04/Jul/2023:07:36:18 -0500] "GET /sipse/faces/javax.faces.resource/theme.css?ln=primefaces-sipse HTTP/1.1" 304 -
191.111.46.40 - - [04/Jul/2023:07:36:18 -0500] "GET /sipse/faces/javax.faces.resource/primefaces.css?ln=primefaces&v=4.0 HTTP/1.1" 304 -
191.111.46.40 - - [04/Jul/2023:07:36:18 -0500] "GET /sipse/faces/javax.faces.resource/layout/layout.css?ln=primefaces&v=4.0 HTTP/1.1" 304 -
191.111.46.40 - - [04/Jul/2023:07:36:18 -0500] "GET /sipse/faces/javax.faces.resource/jquery/jquery.js?ln=primefaces&v=4.0 HTTP/1.1" 304 -
191.111.46.40 - - [04/Jul/2023:07:36:18 -0500] "GET /sipse/faces/javax.faces.resource/jquery/jquery-plugins.js?ln=primefaces&v=4.0 HTTP/1.1" 304 -
191.111.46.40 - - [04/Jul/2023:07:36:18 -0500] "GET /sipse/faces/javax.faces.resource/layout/layout.js?ln=primefaces&v=4.0 HTTP/1.1" 304 -
191.111.46.40 - - [04/Jul/2023:07:36:18 -0500] "GET /sipse/faces/javax.faces.resource/primefaces.js?ln=primefaces&v=4.0 HTTP/1.1" 304 -
172.22.2.4 - - [04/Jul/2023:07:34:38 -0500] "GET /BLA/boletinlegal/ HTTP/1.1" 200 54079
52.167.144.88 - - [04/Jul/2023:07:37:22 -0500] "GET /galeria/galeria/fotos/1humedal-Burro1G.jpg HTTP/1.1" 200 132804
201.245.192.253 - - [04/Jul/2023:07:38:46 -0500] "POST /kwsrmcab/Wsrmcab  HTTP/1.1" 200 213
216.245.221.92 - - [04/Jul/2023:07:39:14 -0500] "HEAD / HTTP/1.1" 200 -
201.245.192.253 - - [04/Jul/2023:07:40:03 -0500] "POST /kwsrmcab/Wsrmcab HTTP/1.1" 200 42502
201.245.192.253 - - [04/Jul/2023:07:40:06 -0500] "POST /kwsrmcab/Wsrmcab HTTP/1.1" 200 39964
172.22.2.4 - - [04/Jul/2023:07:39:37 -0500] "HEAD /BLA/boletinlegal/ HTTP/1.1" 200 -
94.62.254.84 - - [04/Jul/2023:07:41:34 -0500] "GET /sipse/faces/faces/index.xhtml HTTP/1.1" 200 677
94.62.254.84 - - [04/Jul/2023:07:41:34 -0500] "GET /apple-touch-icon-120x120-precomposed.png HTTP/1.1" 404 1120
94.62.254.84 - - [04/Jul/2023:07:41:35 -0500] "GET /apple-touch-icon-120x120.png HTTP/1.1" 404 1120
94.62.254.84 - - [04/Jul/2023:07:41:35 -0500] "GET /apple-touch-icon-precomposed.png HTTP/1.1" 404 1120
94.62.254.84 - - [04/Jul/2023:07:41:35 -0500] "GET /apple-touch-icon.png HTTP/1.1" 404 1120
94.62.254.84 - - [04/Jul/2023:07:41:35 -0500] "GET /favicon.ico HTTP/1.1" 200 7782
201.245.192.253 - - [04/Jul/2023:07:41:51 -0500] "GET /forms/frmservlet?config=sai HTTP/1.1" 200 4042
201.245.192.253 - - [04/Jul/2023:07:41:51 -0500] "GET /favicon.ico HTTP/1.1" 200 7782
201.245.192.253 - - [04/Jul/2023:07:41:51 -0500] "GET /favicon.ico HTTP/1.1" 200 7782
201.245.192.253 - - [04/Jul/2023:07:41:51 -0500] "GET /forms/java/oracle/forms/registry/Registry.dat HTTP/1.1" 200 4213
201.245.192.253 - - [04/Jul/2023:07:41:51 -0500] "GET /forms/java/oracle/forms/registry/default.dat HTTP/1.1" 404 350
201.245.192.253 - - [04/Jul/2023:07:41:51 -0500] "GET /forms/frmservlet?config=sai&acceptLanguage=es-CO,es;q=0.5&ifcmd=startsession HTTP/1.1" 200 119
201.245.192.253 - - [04/Jul/2023:07:41:52 -0500] "GET /forms/lservlet;jsessionid=ac16012b30d607d09cd6992c4a30a4ffefe8118489a1.e3iSbxaKaheRe34Ma3yMbN0Rbhf0n6jAmljGr5XDqQLvpAe?ifcmd=getinfo&ifhost=A1DGCAC7ST8&ifip=192.168.173.122 HTTP/1.1" 200 8
201.245.192.253 - - [04/Jul/2023:07:41:52 -0500] "POST /forms/lservlet;jsessionid=ac16012b30d607d09cd6992c4a30a4ffefe8118489a1.e3iSbxaKaheRe34Ma3yMbN0Rbhf0n6jAmljGr5XDqQLvpAe HTTP/1.1" 200 8
201.245.192.253 - - [04/Jul/2023:07:41:53 -0500] "POST /forms/lservlet;jsessionid=ac16012b30d607d09cd6992c4a30a4ffefe8118489a1.e3iSbxaKaheRe34Ma3yMbN0Rbhf0n6jAmljGr5XDqQLvpAe HTTP/1.1" 200 2728
201.245.192.253 - - [04/Jul/2023:07:41:53 -0500] "POST /forms/lservlet;jsessionid=ac16012b30d607d09cd6992c4a30a4ffefe8118489a1.e3iSbxaKaheRe34Ma3yMbN0Rbhf0n6jAmljGr5XDqQLvpAe HTTP/1.1" 200 2
201.245.192.253 - - [04/Jul/2023:07:42:01 -0500] "POST /forms/lservlet;jsessionid=ac16012b30d607d09cd6992c4a30a4ffefe8118489a1.e3iSbxaKaheRe34Ma3yMbN0Rbhf0n6jAmljGr5XDqQLvpAe HTTP/1.1" 200 3396
201.245.192.253 - - [04/Jul/2023:07:42:01 -0500] "POST /forms/lservlet;jsessionid=ac16012b30d607d09cd6992c4a30a4ffefe8118489a1.e3iSbxaKaheRe34Ma3yMbN0Rbhf0n6jAmljGr5XDqQLvpAe HTTP/1.1" 200 7
201.245.192.253 - - [04/Jul/2023:07:42:01 -0500] "POST /forms/lservlet;jsessionid=ac16012b30d607d09cd6992c4a30a4ffefe8118489a1.e3iSbxaKaheRe34Ma3yMbN0Rbhf0n6jAmljGr5XDqQLvpAe HTTP/1.1" 200 2
201.245.192.253 - - [04/Jul/2023:07:42:01 -0500] "POST /forms/lservlet;jsessionid=ac16012b30d607d09cd6992c4a30a4ffefe8118489a1.e3iSbxaKaheRe34Ma3yMbN0Rbhf0n6jAmljGr5XDqQLvpAe HTTP/1.1" 200 2
201.245.192.253 - - [04/Jul/2023:07:42:01 -0500] "POST /forms/lservlet;jsessionid=ac16012b30d607d09cd6992c4a30a4ffefe8118489a1.e3iSbxaKaheRe34Ma3yMbN0Rbhf0n6jAmljGr5XDqQLvpAe HTTP/1.1" 200 2
201.245.192.253 - - [04/Jul/2023:07:42:01 -0500] "POST /forms/lservlet;jsessionid=ac16012b30d607d09cd6992c4a30a4ffefe8118489a1.e3iSbxaKaheRe34Ma3yMbN0Rbhf0n6jAmljGr5XDqQLvpAe HTTP/1.1" 200 2
201.245.192.253 - - [04/Jul/2023:07:42:05 -0500] "POST /forms/lservlet;jsessionid=ac16012b30d607d09cd6992c4a30a4ffefe8118489a1.e3iSbxaKaheRe34Ma3yMbN0Rbhf0n6jAmljGr5XDqQLvpAe HTTP/1.1" 200 20042
201.245.192.253 - - [04/Jul/2023:07:42:06 -0500] "POST /forms/lservlet;jsessionid=ac16012b30d607d09cd6992c4a30a4ffefe8118489a1.e3iSbxaKaheRe34Ma3yMbN0Rbhf0n6jAmljGr5XDqQLvpAe HTTP/1.1" 200 10
172.22.2.4 - - [04/Jul/2023:07:40:28 -0500] "GET /BLA/boletinlegal/ HTTP/1.1" 200 56100
201.245.192.253 - - [04/Jul/2023:07:42:09 -0500] "POST /forms/lservlet;jsessionid=ac16012b30d607d09cd6992c4a30a4ffefe8118489a1.e3iSbxaKaheRe34Ma3yMbN0Rbhf0n6jAmljGr5XDqQLvpAe HTTP/1.1" 200 24
201.245.192.253 - - [04/Jul/2023:07:42:12 -0500] "POST /forms/lservlet;jsessionid=ac16012b30d607d09cd6992c4a30a4ffefe8118489a1.e3iSbxaKaheRe34Ma3yMbN0Rbhf0n6jAmljGr5XDqQLvpAe HTTP/1.1" 200 2853
201.245.192.253 - - [04/Jul/2023:07:42:15 -0500] "POST /forms/lservlet;jsessionid=ac16012b30d607d09cd6992c4a30a4ffefe8118489a1.e3iSbxaKaheRe34Ma3yMbN0Rbhf0n6jAmljGr5XDqQLvpAe HTTP/1.1" 200 13
201.245.192.253 - - [04/Jul/2023:07:42:17 -0500] "POST /forms/lservlet;jsessionid=ac16012b30d607d09cd6992c4a30a4ffefe8118489a1.e3iSbxaKaheRe34Ma3yMbN0Rbhf0n6jAmljGr5XDqQLvpAe HTTP/1.1" 200 1341
201.245.192.253 - - [04/Jul/2023:07:42:17 -0500] "GET /imagenes/rt_rdel.gif HTTP/1.1" 200 899
201.245.192.253 - - [04/Jul/2023:07:42:17 -0500] "GET /imagenes/rt_radd.gif HTTP/1.1" 200 907
201.245.192.253 - - [04/Jul/2023:07:42:17 -0500] "GET /imagenes/rt_save.gif HTTP/1.1" 200 903
201.245.192.253 - - [04/Jul/2023:07:42:17 -0500] "POST /forms/lservlet;jsessionid=ac16012b30d607d09cd6992c4a30a4ffefe8118489a1.e3iSbxaKaheRe34Ma3yMbN0Rbhf0n6jAmljGr5XDqQLvpAe HTTP/1.1" 200 10
201.245.192.253 - - [04/Jul/2023:07:42:17 -0500] "POST /forms/lservlet;jsessionid=ac16012b30d607d09cd6992c4a30a4ffefe8118489a1.e3iSbxaKaheRe34Ma3yMbN0Rbhf0n6jAmljGr5XDqQLvpAe HTTP/1.1" 200 24
201.245.192.253 - - [04/Jul/2023:07:42:20 -0500] "POST /forms/lservlet;jsessionid=ac16012b30d607d09cd6992c4a30a4ffefe8118489a1.e3iSbxaKaheRe34Ma3yMbN0Rbhf0n6jAmljGr5XDqQLvpAe HTTP/1.1" 200 2440
186.102.67.27 - - [04/Jul/2023:07:42:37 -0500] "GET /kwssiamovil/sm/ldap/au?x=U2FsdGVkX1+nWvSUiI3wKd6P7JKd+TJGSnwfw2dLx6XeAv7/zHW7OrHaHBbI7yx9&y=U2FsdGVkX19pkwOfYUcFarkFROpJP6DagD/QTDXjDzk= HTTP/1.1" 200 30
186.102.67.27 - - [04/Jul/2023:07:42:37 -0500] "GET /kwssiamovil/sm/acme/s?s=U2FsdGVkX1+EJWM/oByr4iEaW7PF+Dsu73rSAdtCjzLexbYM+Q+3TC/IIDZCmBuKtjY/hgqsqJOXmmyGV7wGyeaO8iSENyla3CvrnS6QQ7M=&u=U2FsdGVkX1/7ef2hQ7aHTG1nZQAlUftYqSdx7LN29QA=&y=U2FsdGVkX19pkwOfYUcFarkFROpJP6DagD/QTDXjDzk= HTTP/1.1" 200 97
186.102.67.27 - - [04/Jul/2023:07:42:38 -0500] "GET /kwssiamovil/sm/acme/s?s=U2FsdGVkX1+2s1pnSJEd+geTw2RYWeR7DXwhQjm725OZDoraU+7NXNGhpzUqAP0G7gqOfbONMmRzAn7u0fSIBjXA9pzLhssbUY2Q550mw+Hllih+QZy+trynK6qpWAR7g2WHVXJC1lBKVHLrvT4e4a88gRwGAANpkl63buJm+04ChKSwLOrvX5ayut8jxbElE2NZL12SyQVAN5jlS0sPRSR6JgHphRi9AZuRijRPm9KhZUQDcTMBmxX9MPn8UNAO9hn9ukwRY6Z89Yak8BBuyilUynN0jCm1T7jBFIo/ztg50tedgW24lKxqHELrNCzmQs6lZq2vUEoshy0eIYbVsB34MJmm0pvbVimfiWEuNeSjt89ZoB8TWe2VA4CPEq30e8N8jsujL8coFEs3UfNW+ZMoh2DKRN6awna8J5WPSdaGxJN9arKurmhpxLDFwWInkJTH/+d5mtRZ9bS1sCZhLvLylpNXFdt9QMFELFwVleh45pleAq607Jje3HQASIKPZWBYjgfYuRSR4dDhnNocdhh8EkZYfsLkm6xjgWUR0ciua3EIL5dU5TSl1I0/n5V/ugWbQ4lLlXOFj51n0OADlvwiak8hDHJEAPdQ1QCdUFdm3RQ2Z8oQycZ04FgYIlACAPZuCxinjOIX/G8+H4jMDyeD8YFfZO2/zn3a2qD4UpnEk/dXAYlJmaxg9UWMBFgFv8Eh0BwiZw7WzYJ1HR8L6b8uh5TCW1QddB9KN1U7Y6RtiGTNLMZ/Zl2l/I7l4XDNJNJVMkHj50ruqfZ3Fn1s2A0w9oiu01CJtAQyqiQs3WhpueY6LDieWy/cbh0lSei/mRx7BPnd5rittSsyrDNm0H5Ogj+gD2A/ObC+zmdUJ4GJnxfEGiWHcc8qH8RUQaJRnqK9h55GL9AiMs4liEwr3fgRW5avxLsMx6jPc+LvMG7O5kVqyhhUkzsLJkQaWSuzj3YXqURErEswrfPTwMfJP2Sihpfud643qL6LrmtED3hhFPQ/MwtL2hnvtnT7SjIp3Gn0WL1VEATZygi5BFch0X2z/gvqXGex+OIK0wMojojKk0yMcsdHFNrlh8Un/BmkjGKbCaoNWz/tf1Yvckmx1VncMrcHsg1x6zrMybpKvQRXFMSlNA7PPZzJWLy2KynVa2bF89JlxOI32EjRRL1s0wAjwKprcowoSwtMoMWLaSPHxa2rfNjJvQSMwe9NuaFA4ySHStwR3/P4D2lQ6beqWAc4spLtRX391y6N5qhRwm3aSmXBPGqRlawctEZQ0eEsg47Sgj9ETWhgUSlblryYB1ALpD0+o0tj182zoZ6lJx5afVmXctaZCKKQ590tN5rZIFLG+twkRDL9bkFrYnczzR4ADo7vYB5XliX0su77cbcPEuSgFeVHdyt+B6StlQNydNS9Zd1YEZpP9mkWKqNlqt6zo3R0e9zZgQCYqitkDz/8XMgfBNNwWBT8VwnJuxiZOgGkdpgYLsmGhNNji08dSk2c66MNl4kZfP8Rup3jkeYFUSkCocmztVyxmZyGgK16PVS+cOC3RBwjHS6bxJuiMMMNMs1bfqvLyUDU6MHg87Q0pUr5WElAj3wtcY+ra5qW8vvjNV3y8x4RV7w754aH3zAEBOnYH1pMPow9BtbOO5qkPa2SbwQh/vrgHF8ggF3+wh/o71GZO5mPyddZ6789oR6eDDc0byM2SN4v+FWEKJUcUZ2aTw1KetppmD5sB6iaV6ncWHmfr5szZ3my6KmVN3MGe8YWUMxy5xlviTpFJ1Y=&u=U2FsdGVkX1/7ef2hQ7aHTG1nZQAlUftYqSdx7LN29QA=&y=U2FsdGVkX19pkwOfYUcFarkFROpJP6DagD/QTDXjDzk= HTTP/1.1" 200 1908
186.102.67.27 - - [04/Jul/2023:07:42:38 -0500] "GET /kwssiamovil/sm/acme/s?s=U2FsdGVkX1/aYXtzBayr6M9VLNjpHcl4/y09TaZN41yq7T28/exHmUqxkkumk/jyde+Fi1UEgH8l81LZ7poqPHPzyGVx4I5q0xlKaUHv/aJuv6JOEdTM05m1XhAMunfZKKeGtcqoJGr2kz3chR3U/SDDxpDiWhSQvbQClMNwbQFJCRjUMdgVmnzgd7cdyXon8kHoQhBnrQ2JgWbqFQ/LHAxEF4LYQqhQSsILJji6y7gnUI+RhTsqmDHUkobMUFo4VsHO+vMY8ojlY1Qq2zgnwr+rC+EAIU1quOLJDyucvz5fPTEMVp/XKLCwlp6vNq9B04KYg8WzBkQxboKq+tIwtjhQTtyQLkpIFPiZzd9w+cgpuS0DQqcEeQtOKJkQAaFSRUjvZ+RE9edQNSOhHg6Y1B30PXbwIkZRxAdJ8uDLng/B1jRHhT54eyUHW0dg90hkPr+/V666Sa++8MfXwRm18RIqQNwx7UyBfcv8pU27ba670rJlFoQLuIJ9Oy/+BOUkjRr0VX8W97bag1U6UVRjUvCpb121EFQHnv8TfzO0ieSsxPHXHMmXFC6/GNi2bnzCFouECLrtU2BGaGquBUoRpTJqNde9W5nCMBpuUMlOk6HHUl/gJI+nSxXohzoc3zMq65UyG8Pku7UxaEUnHSBgJdAisxAfSLCdCdL3YMjBgtY0eVhA5yJnIOBFn1icoS99Tgtsz1V4jY8ZdYyfkYf1EaUOKY8iTGPdQ2SDshZtG+B51iPmiizSse/TzTXi/i5T&u=U2FsdGVkX1/7ef2hQ7aHTG1nZQAlUftYqSdx7LN29QA=&y=U2FsdGVkX19pkwOfYUcFarkFROpJP6DagD/QTDXjDzk= HTTP/1.1" 200 352
186.102.67.27 - - [04/Jul/2023:07:42:38 -0500] "GET /kwssiamovil/sm/cjson/pre?f=9&x=U2FsdGVkX1+nWvSUiI3wKd6P7JKd+TJGSnwfw2dLx6XeAv7/zHW7OrHaHBbI7yx9 HTTP/1.1" 200 25142
186.102.67.27 - - [04/Jul/2023:07:42:38 -0500] "GET /kwssiamovil/sm/cjson/pre?f=18&x=U2FsdGVkX1+nWvSUiI3wKd6P7JKd+TJGSnwfw2dLx6XeAv7/zHW7OrHaHBbI7yx9 HTTP/1.1" 200 32849
201.245.192.253 - - [04/Jul/2023:07:43:45 -0500] "POST /kwsrmcab/Wsrmcab  HTTP/1.1" 200 213
201.245.192.253 - - [04/Jul/2023:07:43:53 -0500] "POST /forms/lservlet;jsessionid=ac16012b30d607d09cd6992c4a30a4ffefe8118489a1.e3iSbxaKaheRe34Ma3yMbN0Rbhf0n6jAmljGr5XDqQLvpAe HTTP/1.1" 200 2
216.245.221.92 - - [04/Jul/2023:07:44:14 -0500] "HEAD / HTTP/1.1" 200 -
52.167.144.38 - - [04/Jul/2023:07:44:20 -0500] "GET /forest/ HTTP/1.1" 200 12041
201.245.192.253 - - [04/Jul/2023:07:45:53 -0500] "POST /forms/lservlet;jsessionid=ac16012b30d607d09cd6992c4a30a4ffefe8118489a1.e3iSbxaKaheRe34Ma3yMbN0Rbhf0n6jAmljGr5XDqQLvpAe HTTP/1.1" 200 2
201.245.192.253 - - [04/Jul/2023:07:46:33 -0500] "GET /appsia/controlador HTTP/1.1" 200 4799
201.245.192.253 - - [04/Jul/2023:07:46:33 -0500] "GET /appsia/scripts/validarIngreso.js HTTP/1.1" 200 851
201.245.192.253 - - [04/Jul/2023:07:46:33 -0500] "GET /appsia/css/estilos.css HTTP/1.1" 200 4804
201.245.192.253 - - [04/Jul/2023:07:46:33 -0500] "GET /appsia/images/cabezoteHojaVida.png HTTP/1.1" 200 32493
201.245.192.253 - - [04/Jul/2023:07:46:34 -0500] "GET /appsia/images/logo_bogota_p.png HTTP/1.1" 200 14951
201.245.192.253 - - [04/Jul/2023:07:46:34 -0500] "GET /favicon.ico HTTP/1.1" 200 7782
201.245.192.253 - - [04/Jul/2023:07:46:59 -0500] "POST /appsia/controlador HTTP/1.1" 200 5437
201.245.192.253 - - [04/Jul/2023:07:47:03 -0500] "POST /appsia/controlador HTTP/1.1" 200 13360
201.245.192.253 - - [04/Jul/2023:07:47:03 -0500] "GET /appsia/images/logo_escudo.png HTTP/1.1" 200 36965
172.22.2.4 - - [04/Jul/2023:07:45:27 -0500] "HEAD /BLA/boletinlegal/ HTTP/1.1" 200 -
52.167.144.46 - - [04/Jul/2023:07:47:31 -0500] "GET /BLA/resoluciones/AUTOS%202021/5984.pdf HTTP/1.1" 304 -
64.124.8.186 - - [04/Jul/2023:07:47:42 -0500] "GET /CertificadoAportes/ HTTP/1.1" 404 1018
201.245.192.253 - - [04/Jul/2023:07:47:53 -0500] "POST /forms/lservlet;jsessionid=ac16012b30d607d09cd6992c4a30a4ffefe8118489a1.e3iSbxaKaheRe34Ma3yMbN0Rbhf0n6jAmljGr5XDqQLvpAe HTTP/1.1" 200 2
172.22.2.4 - - [04/Jul/2023:07:46:18 -0500] "GET /BLA/boletinlegal/ HTTP/1.1" 200 57680
201.245.192.253 - - [04/Jul/2023:07:48:19 -0500] "POST /forms/lservlet;jsessionid=ac16012b30d607d09cd6992c4a30a4ffefe8118489a1.e3iSbxaKaheRe34Ma3yMbN0Rbhf0n6jAmljGr5XDqQLvpAe HTTP/1.1" 200 2
201.245.192.253 - - [04/Jul/2023:07:48:19 -0500] "POST /forms/lservlet;jsessionid=ac16012b30d607d09cd6992c4a30a4ffefe8118489a1.e3iSbxaKaheRe34Ma3yMbN0Rbhf0n6jAmljGr5XDqQLvpAe HTTP/1.1" 200 2
201.245.192.253 - - [04/Jul/2023:07:48:20 -0500] "POST /forms/lservlet;jsessionid=ac16012b30d607d09cd6992c4a30a4ffefe8118489a1.e3iSbxaKaheRe34Ma3yMbN0Rbhf0n6jAmljGr5XDqQLvpAe HTTP/1.1" 200 19
