!C99Shell v. 1.0 pre-release build #13!

Software: Apache. PHP/5.5.15 

uname -a: Windows NT SVR-DMZ 6.1 build 7600 (Windows Server 2008 R2 Enterprise Edition) i586 

SYSTEM 

Safe-mode: OFF (not secure)

E:\nuevo\apache\logs\   drwxrwxrwx
Free 9.41 GB of 239.26 GB (3.93%)
Detected drives: [ a ] [ c ] [ d ] [ e ] [ f ]
Home    Back    Forward    UPDIR    Refresh    Search    Buffer    Encoder    Tools    Proc.    FTP brute    Sec.    SQL    PHP-code    Update    Feedback    Self remove    Logout    


Viewing file:     access.2023.07.05.log (2.4 MB)      -rw-rw-rw-
Select action/file-type:
(+) | (+) | (+) | Code (+) | Session (+) | (+) | SDB (+) | (+) | (+) | (+) | (+) | (+) |
186.84.21.166 - - [05/Jul/2023:00:00:04 -0500] "POST /sipse/faces/presentacion/financiero/solicitudProceso/consultarSolicitudProceso.xhtml HTTP/1.1" 200 244531
201.245.192.253 - - [05/Jul/2023:00:00:03 -0500] "POST /kwsrmcab/Wsrmcab  HTTP/1.1" 200 213
173.252.79.4 - - [05/Jul/2023:00:00:29 -0500] "GET /images/foto%202.jpg HTTP/1.1" 200 63300
172.22.2.4 - - [04/Jul/2023:23:59:40 -0500] "HEAD /BLA/boletinlegal/ HTTP/1.1" 200 -
186.84.21.166 - - [05/Jul/2023:00:01:20 -0500] "POST /sipse/faces/presentacion/financiero/solicitudProceso/consultarSolicitudProceso.xhtml HTTP/1.1" 200 44128
186.84.21.166 - - [05/Jul/2023:00:01:20 -0500] "GET /sipse/faces/javax.faces.resource/theme.css?ln=primefaces-sipse HTTP/1.1" 304 -
186.84.21.166 - - [05/Jul/2023:00:01:20 -0500] "GET /sipse/faces/javax.faces.resource/layout/layout.css?ln=primefaces&v=4.0 HTTP/1.1" 304 -
186.84.21.166 - - [05/Jul/2023:00:01:20 -0500] "GET /sipse/faces/javax.faces.resource/primefaces.css?ln=primefaces&v=4.0 HTTP/1.1" 304 -
186.84.21.166 - - [05/Jul/2023:00:01:20 -0500] "GET /sipse/faces/javax.faces.resource/jquery/jquery.js?ln=primefaces&v=4.0 HTTP/1.1" 304 -
186.84.21.166 - - [05/Jul/2023:00:01:21 -0500] "GET /sipse/faces/javax.faces.resource/jquery/jquery-plugins.js?ln=primefaces&v=4.0 HTTP/1.1" 304 -
186.84.21.166 - - [05/Jul/2023:00:01:21 -0500] "GET /sipse/faces/javax.faces.resource/primefaces.js?ln=primefaces&v=4.0 HTTP/1.1" 304 -
186.84.21.166 - - [05/Jul/2023:00:01:21 -0500] "GET /sipse/faces/javax.faces.resource/layout/layout.js?ln=primefaces&v=4.0 HTTP/1.1" 304 -
186.84.21.166 - - [05/Jul/2023:00:01:21 -0500] "POST /sipse/faces/presentacion/financiero/solicitudProceso/consultar.xhtml HTTP/1.1" 200 37529
186.84.21.166 - - [05/Jul/2023:00:01:21 -0500] "POST /sipse/faces/presentacion/financiero/solicitudProceso/consultar.xhtml HTTP/1.1" 200 37529
186.84.21.166 - - [05/Jul/2023:00:01:21 -0500] "POST /sipse/faces/presentacion/financiero/solicitudProceso/consultar.xhtml HTTP/1.1" 200 37529
186.84.21.166 - - [05/Jul/2023:00:01:21 -0500] "POST /sipse/faces/presentacion/financiero/solicitudProceso/consultar.xhtml HTTP/1.1" 200 37529
186.84.21.166 - - [05/Jul/2023:00:01:21 -0500] "POST /sipse/faces/presentacion/financiero/solicitudProceso/consultar.xhtml HTTP/1.1" 200 37529
186.84.21.166 - - [05/Jul/2023:00:01:22 -0500] "POST /sipse/faces/presentacion/financiero/solicitudProceso/consultar.xhtml HTTP/1.1" 200 37529
186.84.21.166 - - [05/Jul/2023:00:01:22 -0500] "POST /sipse/faces/presentacion/financiero/solicitudProceso/consultar.xhtml HTTP/1.1" 200 37529
186.84.21.166 - - [05/Jul/2023:00:01:22 -0500] "POST /sipse/faces/presentacion/financiero/solicitudProceso/consultar.xhtml HTTP/1.1" 200 37529
186.84.21.166 - - [05/Jul/2023:00:01:22 -0500] "POST /sipse/faces/presentacion/financiero/solicitudProceso/consultar.xhtml HTTP/1.1" 200 37529
186.84.21.166 - - [05/Jul/2023:00:01:22 -0500] "POST /sipse/faces/presentacion/financiero/solicitudProceso/consultar.xhtml HTTP/1.1" 200 37529
186.84.21.166 - - [05/Jul/2023:00:01:23 -0500] "POST /sipse/faces/presentacion/financiero/solicitudProceso/consultar.xhtml HTTP/1.1" 200 37529
186.84.21.166 - - [05/Jul/2023:00:01:23 -0500] "POST /sipse/faces/presentacion/financiero/solicitudProceso/consultar.xhtml HTTP/1.1" 200 37529
186.84.21.166 - - [05/Jul/2023:00:01:27 -0500] "POST /sipse/faces/presentacion/financiero/solicitudProceso/consultar.xhtml HTTP/1.1" 200 13173
186.84.21.166 - - [05/Jul/2023:00:01:31 -0500] "POST /sipse/faces/presentacion/financiero/solicitudProceso/consultar.xhtml HTTP/1.1" 200 162282
186.84.21.166 - - [05/Jul/2023:00:01:32 -0500] "GET /sipse/faces/javax.faces.resource/theme.css?ln=primefaces-sipse HTTP/1.1" 304 -
186.84.21.166 - - [05/Jul/2023:00:01:32 -0500] "GET /sipse/faces/javax.faces.resource/layout/layout.css?ln=primefaces&v=4.0 HTTP/1.1" 304 -
186.84.21.166 - - [05/Jul/2023:00:01:32 -0500] "GET /sipse/faces/javax.faces.resource/primefaces.css?ln=primefaces&v=4.0 HTTP/1.1" 304 -
186.84.21.166 - - [05/Jul/2023:00:01:32 -0500] "GET /sipse/faces/javax.faces.resource/jquery/jquery.js?ln=primefaces&v=4.0 HTTP/1.1" 304 -
186.84.21.166 - - [05/Jul/2023:00:01:32 -0500] "GET /sipse/faces/javax.faces.resource/jquery/jquery-plugins.js?ln=primefaces&v=4.0 HTTP/1.1" 304 -
186.84.21.166 - - [05/Jul/2023:00:01:32 -0500] "GET /sipse/faces/javax.faces.resource/primefaces.js?ln=primefaces&v=4.0 HTTP/1.1" 304 -
186.84.21.166 - - [05/Jul/2023:00:01:32 -0500] "GET /sipse/faces/javax.faces.resource/layout/layout.js?ln=primefaces&v=4.0 HTTP/1.1" 304 -
186.84.21.166 - - [05/Jul/2023:00:01:35 -0500] "POST /sipse/faces/presentacion/financiero/solicitudProceso/consultarSolicitudProceso.xhtml HTTP/1.1" 200 245121
172.22.2.4 - - [05/Jul/2023:00:00:30 -0500] "GET /BLA/boletinlegal/ HTTP/1.1" 200 58825
186.84.21.166 - - [05/Jul/2023:00:02:36 -0500] "POST /sipse/faces/presentacion/financiero/solicitudProceso/consultarSolicitudProceso.xhtml HTTP/1.1" 200 44142
186.84.21.166 - - [05/Jul/2023:00:02:37 -0500] "GET /sipse/faces/javax.faces.resource/theme.css?ln=primefaces-sipse HTTP/1.1" 304 -
186.84.21.166 - - [05/Jul/2023:00:02:37 -0500] "GET /sipse/faces/javax.faces.resource/layout/layout.css?ln=primefaces&v=4.0 HTTP/1.1" 304 -
186.84.21.166 - - [05/Jul/2023:00:02:37 -0500] "GET /sipse/faces/javax.faces.resource/primefaces.css?ln=primefaces&v=4.0 HTTP/1.1" 304 -
186.84.21.166 - - [05/Jul/2023:00:02:37 -0500] "GET /sipse/faces/javax.faces.resource/jquery/jquery.js?ln=primefaces&v=4.0 HTTP/1.1" 304 -
186.84.21.166 - - [05/Jul/2023:00:02:37 -0500] "GET /sipse/faces/javax.faces.resource/jquery/jquery-plugins.js?ln=primefaces&v=4.0 HTTP/1.1" 304 -
186.84.21.166 - - [05/Jul/2023:00:02:37 -0500] "GET /sipse/faces/javax.faces.resource/primefaces.js?ln=primefaces&v=4.0 HTTP/1.1" 304 -
186.84.21.166 - - [05/Jul/2023:00:02:37 -0500] "GET /sipse/faces/javax.faces.resource/layout/layout.js?ln=primefaces&v=4.0 HTTP/1.1" 304 -
186.84.21.166 - - [05/Jul/2023:00:02:37 -0500] "POST /sipse/faces/presentacion/financiero/solicitudProceso/consultar.xhtml HTTP/1.1" 200 37543
186.84.21.166 - - [05/Jul/2023:00:02:37 -0500] "POST /sipse/faces/presentacion/financiero/solicitudProceso/consultar.xhtml HTTP/1.1" 200 37543
186.84.21.166 - - [05/Jul/2023:00:02:37 -0500] "POST /sipse/faces/presentacion/financiero/solicitudProceso/consultar.xhtml HTTP/1.1" 200 37543
186.84.21.166 - - [05/Jul/2023:00:02:37 -0500] "POST /sipse/faces/presentacion/financiero/solicitudProceso/consultar.xhtml HTTP/1.1" 200 37543
186.84.21.166 - - [05/Jul/2023:00:02:38 -0500] "POST /sipse/faces/presentacion/financiero/solicitudProceso/consultar.xhtml HTTP/1.1" 200 37543
186.84.21.166 - - [05/Jul/2023:00:02:38 -0500] "POST /sipse/faces/presentacion/financiero/solicitudProceso/consultar.xhtml HTTP/1.1" 200 37543
186.84.21.166 - - [05/Jul/2023:00:02:38 -0500] "POST /sipse/faces/presentacion/financiero/solicitudProceso/consultar.xhtml HTTP/1.1" 200 37543
186.84.21.166 - - [05/Jul/2023:00:02:38 -0500] "POST /sipse/faces/presentacion/financiero/solicitudProceso/consultar.xhtml HTTP/1.1" 200 37543
186.84.21.166 - - [05/Jul/2023:00:02:39 -0500] "POST /sipse/faces/presentacion/financiero/solicitudProceso/consultar.xhtml HTTP/1.1" 200 37543
186.84.21.166 - - [05/Jul/2023:00:02:39 -0500] "POST /sipse/faces/presentacion/financiero/solicitudProceso/consultar.xhtml HTTP/1.1" 200 37543
186.84.21.166 - - [05/Jul/2023:00:02:39 -0500] "POST /sipse/faces/presentacion/financiero/solicitudProceso/consultar.xhtml HTTP/1.1" 200 37543
186.84.21.166 - - [05/Jul/2023:00:02:39 -0500] "POST /sipse/faces/presentacion/financiero/solicitudProceso/consultar.xhtml HTTP/1.1" 200 37543
186.84.21.166 - - [05/Jul/2023:00:02:39 -0500] "POST /sipse/faces/presentacion/financiero/solicitudProceso/consultar.xhtml HTTP/1.1" 200 37543
186.84.21.166 - - [05/Jul/2023:00:02:40 -0500] "POST /sipse/faces/presentacion/financiero/solicitudProceso/consultar.xhtml HTTP/1.1" 200 37543
186.84.21.166 - - [05/Jul/2023:00:02:43 -0500] "POST /sipse/faces/presentacion/financiero/solicitudProceso/consultar.xhtml HTTP/1.1" 200 13158
186.84.21.166 - - [05/Jul/2023:00:02:46 -0500] "POST /sipse/faces/presentacion/financiero/solicitudProceso/consultar.xhtml HTTP/1.1" 200 160708
186.84.21.166 - - [05/Jul/2023:00:02:47 -0500] "GET /sipse/faces/javax.faces.resource/theme.css?ln=primefaces-sipse HTTP/1.1" 304 -
186.84.21.166 - - [05/Jul/2023:00:02:47 -0500] "GET /sipse/faces/javax.faces.resource/layout/layout.css?ln=primefaces&v=4.0 HTTP/1.1" 304 -
186.84.21.166 - - [05/Jul/2023:00:02:47 -0500] "GET /sipse/faces/javax.faces.resource/primefaces.css?ln=primefaces&v=4.0 HTTP/1.1" 304 -
186.84.21.166 - - [05/Jul/2023:00:02:47 -0500] "GET /sipse/faces/javax.faces.resource/jquery/jquery.js?ln=primefaces&v=4.0 HTTP/1.1" 304 -
186.84.21.166 - - [05/Jul/2023:00:02:47 -0500] "GET /sipse/faces/javax.faces.resource/jquery/jquery-plugins.js?ln=primefaces&v=4.0 HTTP/1.1" 304 -
186.84.21.166 - - [05/Jul/2023:00:02:47 -0500] "GET /sipse/faces/javax.faces.resource/primefaces.js?ln=primefaces&v=4.0 HTTP/1.1" 304 -
186.84.21.166 - - [05/Jul/2023:00:02:47 -0500] "GET /sipse/faces/javax.faces.resource/layout/layout.js?ln=primefaces&v=4.0 HTTP/1.1" 304 -
66.249.70.196 - - [05/Jul/2023:00:03:29 -0500] "-" 408 -
191.95.53.178 - - [05/Jul/2023:00:03:39 -0500] "GET /sipse/faces/faces/index.xhtml HTTP/1.1" 200 677
191.95.53.178 - - [05/Jul/2023:00:03:39 -0500] "GET /sipse/faces/javax.faces.resource/theme.css?ln=primefaces-sipse HTTP/1.1" 304 -
186.84.21.166 - - [05/Jul/2023:00:03:40 -0500] "POST /sipse/faces/presentacion/financiero/solicitudProceso/consultarSolicitudProceso.xhtml HTTP/1.1" 200 253202
66.249.73.67 - - [05/Jul/2023:00:03:41 -0500] "-" 408 -
191.95.53.178 - - [05/Jul/2023:00:03:48 -0500] "GET /sipse/faces/faces/index.xhtml HTTP/1.1" 200 677
191.95.53.178 - - [05/Jul/2023:00:03:48 -0500] "GET /sipse/faces/javax.faces.resource/theme.css?ln=primefaces-sipse HTTP/1.1" 304 -
181.133.226.3 - - [05/Jul/2023:00:04:07 -0500] "GET /galeria/galeria/jquery.fancybox.css?v=2.1.5 HTTP/1.1" 200 4895
181.133.226.3 - - [05/Jul/2023:00:04:07 -0500] "GET /BLA/boletinlegal/js/jquery.scrollShow.js HTTP/1.1" 200 4586
181.133.226.3 - - [05/Jul/2023:00:04:07 -0500] "GET /galeria/galeria/jquery.fancybox.js?v=2.1.5 HTTP/1.1" 200 48706
216.245.221.92 - - [05/Jul/2023:00:04:12 -0500] "HEAD / HTTP/1.1" 200 -
186.84.21.166 - - [05/Jul/2023:00:04:36 -0500] "POST /sipse/faces/presentacion/financiero/solicitudProceso/consultarSolicitudProceso.xhtml HTTP/1.1" 200 44127
186.84.21.166 - - [05/Jul/2023:00:04:37 -0500] "GET /sipse/faces/javax.faces.resource/theme.css?ln=primefaces-sipse HTTP/1.1" 304 -
186.84.21.166 - - [05/Jul/2023:00:04:37 -0500] "GET /sipse/faces/javax.faces.resource/primefaces.css?ln=primefaces&v=4.0 HTTP/1.1" 304 -
186.84.21.166 - - [05/Jul/2023:00:04:37 -0500] "GET /sipse/faces/javax.faces.resource/layout/layout.css?ln=primefaces&v=4.0 HTTP/1.1" 304 -
186.84.21.166 - - [05/Jul/2023:00:04:37 -0500] "GET /sipse/faces/javax.faces.resource/jquery/jquery.js?ln=primefaces&v=4.0 HTTP/1.1" 304 -
186.84.21.166 - - [05/Jul/2023:00:04:37 -0500] "GET /sipse/faces/javax.faces.resource/jquery/jquery-plugins.js?ln=primefaces&v=4.0 HTTP/1.1" 304 -
186.84.21.166 - - [05/Jul/2023:00:04:37 -0500] "GET /sipse/faces/javax.faces.resource/primefaces.js?ln=primefaces&v=4.0 HTTP/1.1" 304 -
186.84.21.166 - - [05/Jul/2023:00:04:37 -0500] "GET /sipse/faces/javax.faces.resource/layout/layout.js?ln=primefaces&v=4.0 HTTP/1.1" 304 -
186.84.21.166 - - [05/Jul/2023:00:04:37 -0500] "POST /sipse/faces/presentacion/financiero/solicitudProceso/consultar.xhtml HTTP/1.1" 200 37528
186.84.21.166 - - [05/Jul/2023:00:04:37 -0500] "POST /sipse/faces/presentacion/financiero/solicitudProceso/consultar.xhtml HTTP/1.1" 200 37528
186.84.21.166 - - [05/Jul/2023:00:04:37 -0500] "POST /sipse/faces/presentacion/financiero/solicitudProceso/consultar.xhtml HTTP/1.1" 200 37528
186.84.21.166 - - [05/Jul/2023:00:04:38 -0500] "POST /sipse/faces/presentacion/financiero/solicitudProceso/consultar.xhtml HTTP/1.1" 200 37528
186.84.21.166 - - [05/Jul/2023:00:04:38 -0500] "POST /sipse/faces/presentacion/financiero/solicitudProceso/consultar.xhtml HTTP/1.1" 200 37528
186.84.21.166 - - [05/Jul/2023:00:04:38 -0500] "POST /sipse/faces/presentacion/financiero/solicitudProceso/consultar.xhtml HTTP/1.1" 200 37528
186.84.21.166 - - [05/Jul/2023:00:04:38 -0500] "POST /sipse/faces/presentacion/financiero/solicitudProceso/consultar.xhtml HTTP/1.1" 200 37528
186.84.21.166 - - [05/Jul/2023:00:04:39 -0500] "POST /sipse/faces/presentacion/financiero/solicitudProceso/consultar.xhtml HTTP/1.1" 200 37528
186.84.21.166 - - [05/Jul/2023:00:04:39 -0500] "POST /sipse/faces/presentacion/financiero/solicitudProceso/consultar.xhtml HTTP/1.1" 200 37528
186.84.21.166 - - [05/Jul/2023:00:04:39 -0500] "POST /sipse/faces/presentacion/financiero/solicitudProceso/consultar.xhtml HTTP/1.1" 200 37528
186.84.21.166 - - [05/Jul/2023:00:04:39 -0500] "POST /sipse/faces/presentacion/financiero/solicitudProceso/consultar.xhtml HTTP/1.1" 200 37528
186.84.21.166 - - [05/Jul/2023:00:04:40 -0500] "POST /sipse/faces/presentacion/financiero/solicitudProceso/consultar.xhtml HTTP/1.1" 200 37528
186.84.21.166 - - [05/Jul/2023:00:04:40 -0500] "POST /sipse/faces/presentacion/financiero/solicitudProceso/consultar.xhtml HTTP/1.1" 200 37528
186.84.21.166 - - [05/Jul/2023:00:04:40 -0500] "POST /sipse/faces/presentacion/financiero/solicitudProceso/consultar.xhtml HTTP/1.1" 200 37528
186.84.21.166 - - [05/Jul/2023:00:04:41 -0500] "POST /sipse/faces/presentacion/financiero/solicitudProceso/consultar.xhtml HTTP/1.1" 200 37528
186.84.21.166 - - [05/Jul/2023:00:04:41 -0500] "POST /sipse/faces/presentacion/financiero/solicitudProceso/consultar.xhtml HTTP/1.1" 200 37528
186.84.21.166 - - [05/Jul/2023:00:04:46 -0500] "POST /sipse/faces/presentacion/financiero/solicitudProceso/consultar.xhtml HTTP/1.1" 200 13012
186.84.21.166 - - [05/Jul/2023:00:04:48 -0500] "POST /sipse/faces/presentacion/financiero/solicitudProceso/consultar.xhtml HTTP/1.1" 200 154750
186.84.21.166 - - [05/Jul/2023:00:04:50 -0500] "GET /sipse/faces/javax.faces.resource/layout/layout.css?ln=primefaces&v=4.0 HTTP/1.1" 304 -
186.84.21.166 - - [05/Jul/2023:00:04:50 -0500] "GET /sipse/faces/javax.faces.resource/primefaces.css?ln=primefaces&v=4.0 HTTP/1.1" 304 -
186.84.21.166 - - [05/Jul/2023:00:04:50 -0500] "GET /sipse/faces/javax.faces.resource/theme.css?ln=primefaces-sipse HTTP/1.1" 304 -
186.84.21.166 - - [05/Jul/2023:00:04:50 -0500] "GET /sipse/faces/javax.faces.resource/jquery/jquery.js?ln=primefaces&v=4.0 HTTP/1.1" 304 -
186.84.21.166 - - [05/Jul/2023:00:04:50 -0500] "GET /sipse/faces/javax.faces.resource/jquery/jquery-plugins.js?ln=primefaces&v=4.0 HTTP/1.1" 304 -
186.84.21.166 - - [05/Jul/2023:00:04:50 -0500] "GET /sipse/faces/javax.faces.resource/primefaces.js?ln=primefaces&v=4.0 HTTP/1.1" 304 -
186.84.21.166 - - [05/Jul/2023:00:04:50 -0500] "GET /sipse/faces/javax.faces.resource/layout/layout.js?ln=primefaces&v=4.0 HTTP/1.1" 304 -
201.245.192.253 - - [05/Jul/2023:00:05:02 -0500] "POST /kwsrmcab/Wsrmcab  HTTP/1.1" 200 213
186.84.21.166 - - [05/Jul/2023:00:05:39 -0500] "POST /sipse/faces/presentacion/financiero/solicitudProceso/consultarSolicitudProceso.xhtml HTTP/1.1" 200 258326
186.84.21.166 - - [05/Jul/2023:00:07:07 -0500] "POST /sipse/faces/presentacion/financiero/solicitudProceso/consultarSolicitudProceso.xhtml HTTP/1.1" 200 43981
186.84.21.166 - - [05/Jul/2023:00:07:07 -0500] "GET /sipse/faces/javax.faces.resource/theme.css?ln=primefaces-sipse HTTP/1.1" 304 -
186.84.21.166 - - [05/Jul/2023:00:07:07 -0500] "GET /sipse/faces/javax.faces.resource/layout/layout.css?ln=primefaces&v=4.0 HTTP/1.1" 304 -
186.84.21.166 - - [05/Jul/2023:00:07:07 -0500] "GET /sipse/faces/javax.faces.resource/primefaces.css?ln=primefaces&v=4.0 HTTP/1.1" 304 -
186.84.21.166 - - [05/Jul/2023:00:07:07 -0500] "GET /sipse/faces/javax.faces.resource/jquery/jquery.js?ln=primefaces&v=4.0 HTTP/1.1" 304 -
186.84.21.166 - - [05/Jul/2023:00:07:07 -0500] "GET /sipse/faces/javax.faces.resource/jquery/jquery-plugins.js?ln=primefaces&v=4.0 HTTP/1.1" 304 -
186.84.21.166 - - [05/Jul/2023:00:07:07 -0500] "GET /sipse/faces/javax.faces.resource/primefaces.js?ln=primefaces&v=4.0 HTTP/1.1" 304 -
186.84.21.166 - - [05/Jul/2023:00:07:08 -0500] "GET /sipse/faces/javax.faces.resource/layout/layout.js?ln=primefaces&v=4.0 HTTP/1.1" 304 -
186.84.21.166 - - [05/Jul/2023:00:07:08 -0500] "POST /sipse/faces/presentacion/financiero/solicitudProceso/consultar.xhtml HTTP/1.1" 200 37382
186.84.21.166 - - [05/Jul/2023:00:07:08 -0500] "POST /sipse/faces/presentacion/financiero/solicitudProceso/consultar.xhtml HTTP/1.1" 200 37382
186.84.21.166 - - [05/Jul/2023:00:07:08 -0500] "POST /sipse/faces/presentacion/financiero/solicitudProceso/consultar.xhtml HTTP/1.1" 200 37382
186.84.21.166 - - [05/Jul/2023:00:07:08 -0500] "POST /sipse/faces/presentacion/financiero/solicitudProceso/consultar.xhtml HTTP/1.1" 200 37382
186.84.21.166 - - [05/Jul/2023:00:07:08 -0500] "POST /sipse/faces/presentacion/financiero/solicitudProceso/consultar.xhtml HTTP/1.1" 200 37382
186.84.21.166 - - [05/Jul/2023:00:07:09 -0500] "POST /sipse/faces/presentacion/financiero/solicitudProceso/consultar.xhtml HTTP/1.1" 200 37382
186.84.21.166 - - [05/Jul/2023:00:07:09 -0500] "POST /sipse/faces/presentacion/financiero/solicitudProceso/consultar.xhtml HTTP/1.1" 200 37382
186.84.21.166 - - [05/Jul/2023:00:07:09 -0500] "POST /sipse/faces/presentacion/financiero/solicitudProceso/consultar.xhtml HTTP/1.1" 200 37382
186.84.21.166 - - [05/Jul/2023:00:07:09 -0500] "POST /sipse/faces/presentacion/financiero/solicitudProceso/consultar.xhtml HTTP/1.1" 200 37382
186.84.21.166 - - [05/Jul/2023:00:07:09 -0500] "POST /sipse/faces/presentacion/financiero/solicitudProceso/consultar.xhtml HTTP/1.1" 200 37382
186.84.21.166 - - [05/Jul/2023:00:07:09 -0500] "POST /sipse/faces/presentacion/financiero/solicitudProceso/consultar.xhtml HTTP/1.1" 200 37382
172.22.2.4 - - [05/Jul/2023:00:05:30 -0500] "HEAD /BLA/boletinlegal/ HTTP/1.1" 200 -
186.84.21.166 - - [05/Jul/2023:00:07:10 -0500] "POST /sipse/faces/presentacion/financiero/solicitudProceso/consultar.xhtml HTTP/1.1" 200 37382
186.84.21.166 - - [05/Jul/2023:00:07:10 -0500] "POST /sipse/faces/presentacion/financiero/solicitudProceso/consultar.xhtml HTTP/1.1" 200 37382
186.84.21.166 - - [05/Jul/2023:00:07:10 -0500] "POST /sipse/faces/presentacion/financiero/solicitudProceso/consultar.xhtml HTTP/1.1" 200 37382
186.84.21.166 - - [05/Jul/2023:00:07:10 -0500] "POST /sipse/faces/presentacion/financiero/solicitudProceso/consultar.xhtml HTTP/1.1" 200 37382
186.84.21.166 - - [05/Jul/2023:00:07:10 -0500] "POST /sipse/faces/presentacion/financiero/solicitudProceso/consultar.xhtml HTTP/1.1" 200 37382
186.84.21.166 - - [05/Jul/2023:00:07:11 -0500] "POST /sipse/faces/presentacion/financiero/solicitudProceso/consultar.xhtml HTTP/1.1" 200 37382
186.84.21.166 - - [05/Jul/2023:00:07:11 -0500] "POST /sipse/faces/presentacion/financiero/solicitudProceso/consultar.xhtml HTTP/1.1" 200 37382
186.84.21.166 - - [05/Jul/2023:00:07:16 -0500] "POST /sipse/faces/presentacion/financiero/solicitudProceso/consultar.xhtml HTTP/1.1" 200 12827
186.84.21.166 - - [05/Jul/2023:00:07:19 -0500] "POST /sipse/faces/presentacion/financiero/solicitudProceso/consultar.xhtml HTTP/1.1" 200 133659
186.84.21.166 - - [05/Jul/2023:00:07:20 -0500] "GET /sipse/faces/javax.faces.resource/theme.css?ln=primefaces-sipse HTTP/1.1" 304 -
186.84.21.166 - - [05/Jul/2023:00:07:20 -0500] "GET /sipse/faces/javax.faces.resource/primefaces.css?ln=primefaces&v=4.0 HTTP/1.1" 304 -
186.84.21.166 - - [05/Jul/2023:00:07:20 -0500] "GET /sipse/faces/javax.faces.resource/layout/layout.css?ln=primefaces&v=4.0 HTTP/1.1" 304 -
186.84.21.166 - - [05/Jul/2023:00:07:20 -0500] "GET /sipse/faces/javax.faces.resource/jquery/jquery.js?ln=primefaces&v=4.0 HTTP/1.1" 304 -
186.84.21.166 - - [05/Jul/2023:00:07:20 -0500] "GET /sipse/faces/javax.faces.resource/jquery/jquery-plugins.js?ln=primefaces&v=4.0 HTTP/1.1" 304 -
186.84.21.166 - - [05/Jul/2023:00:07:20 -0500] "GET /sipse/faces/javax.faces.resource/primefaces.js?ln=primefaces&v=4.0 HTTP/1.1" 304 -
186.84.21.166 - - [05/Jul/2023:00:07:20 -0500] "GET /sipse/faces/javax.faces.resource/layout/layout.js?ln=primefaces&v=4.0 HTTP/1.1" 304 -
186.84.21.166 - - [05/Jul/2023:00:07:25 -0500] "POST /sipse/faces/presentacion/financiero/solicitudProceso/consultarSolicitudProceso.xhtml HTTP/1.1" 200 44223
186.84.21.166 - - [05/Jul/2023:00:07:26 -0500] "GET /sipse/faces/javax.faces.resource/theme.css?ln=primefaces-sipse HTTP/1.1" 304 -
186.84.21.166 - - [05/Jul/2023:00:07:26 -0500] "GET /sipse/faces/javax.faces.resource/layout/layout.css?ln=primefaces&v=4.0 HTTP/1.1" 304 -
186.84.21.166 - - [05/Jul/2023:00:07:26 -0500] "GET /sipse/faces/javax.faces.resource/primefaces.css?ln=primefaces&v=4.0 HTTP/1.1" 304 -
186.84.21.166 - - [05/Jul/2023:00:07:26 -0500] "GET /sipse/faces/javax.faces.resource/jquery/jquery.js?ln=primefaces&v=4.0 HTTP/1.1" 304 -
186.84.21.166 - - [05/Jul/2023:00:07:26 -0500] "GET /sipse/faces/javax.faces.resource/jquery/jquery-plugins.js?ln=primefaces&v=4.0 HTTP/1.1" 304 -
186.84.21.166 - - [05/Jul/2023:00:07:26 -0500] "GET /sipse/faces/javax.faces.resource/primefaces.js?ln=primefaces&v=4.0 HTTP/1.1" 304 -
186.84.21.166 - - [05/Jul/2023:00:07:26 -0500] "GET /sipse/faces/javax.faces.resource/layout/layout.js?ln=primefaces&v=4.0 HTTP/1.1" 304 -
186.84.21.166 - - [05/Jul/2023:00:07:58 -0500] "GET /sipse/faces/javax.faces.resource/theme.css?ln=primefaces-sipse HTTP/1.1" 304 -
186.84.21.166 - - [05/Jul/2023:00:07:58 -0500] "GET /sipse/faces/javax.faces.resource/primefaces.js?ln=primefaces&v=4.0 HTTP/1.1" 304 -
186.84.21.166 - - [05/Jul/2023:00:07:58 -0500] "GET /sipse/faces/javax.faces.resource/layout/layout.css?ln=primefaces&v=4.0 HTTP/1.1" 304 -
186.84.21.166 - - [05/Jul/2023:00:07:58 -0500] "GET /sipse/faces/javax.faces.resource/jquery/jquery-plugins.js?ln=primefaces&v=4.0 HTTP/1.1" 304 -
186.84.21.166 - - [05/Jul/2023:00:07:58 -0500] "GET /sipse/faces/javax.faces.resource/primefaces.css?ln=primefaces&v=4.0 HTTP/1.1" 304 -
186.84.21.166 - - [05/Jul/2023:00:07:58 -0500] "GET /sipse/faces/javax.faces.resource/jquery/jquery.js?ln=primefaces&v=4.0 HTTP/1.1" 304 -
186.84.21.166 - - [05/Jul/2023:00:07:58 -0500] "GET /sipse/faces/javax.faces.resource/layout/layout.js?ln=primefaces&v=4.0 HTTP/1.1" 304 -
186.84.21.166 - - [05/Jul/2023:00:07:58 -0500] "POST /sipse/faces/presentacion/financiero/solicitudProceso/consultarHistorialSolProceso.xhtml HTTP/1.1" 200 179021
172.22.2.4 - - [05/Jul/2023:00:06:20 -0500] "GET /BLA/boletinlegal/ HTTP/1.1" 200 57272
186.84.21.166 - - [05/Jul/2023:00:08:09 -0500] "POST /sipse/faces/presentacion/financiero/solicitudProceso/consultarSolicitudProceso.xhtml HTTP/1.1" 200 148340
186.102.89.179 - - [05/Jul/2023:00:09:09 -0500] "GET /kwssiamovil/sm/acme/a?s=U2FsdGVkX18GwketnprxKoKw9XyoZnpkFm4HBz0Tj6zEW3tl32UXINpu1MRspiExH1CzEQsTqXq40fVLcCpRumJs0oJ39+chvzjn0H59CQQs2Pfi9J+RyKZI2eVbq7wRDKudYWv3ygil/eC2R9n8vTttYOZrJOTZaxJka+1tsPHayxKzYodKed+bpI9hVrzj2sczQSxjWypAPoQxBiZEZ9AIf6iDYlY6r+1Czy5OgzXnif62P9bEciygsz8PBJ8Hc+9AzHdzSOI4GLBrUAAzCgXoJo/gL59G3HjsoW3Dr+o=&u=U2FsdGVkX191+vdoQEjVH/h9i+CVynbr8TeiLoBwAorTwYQqYvCf5WGnErUOJRzj&y=U2FsdGVkX19Shft+1zc8t+g4T0DfYsEKU2NbjsQWhgzUgq3SspiUjYt+OXlS1gEZ HTTP/1.1" 200 26
186.102.89.179 - - [05/Jul/2023:00:09:09 -0500] "GET /kwssiamovil/sm/acme/a?s=U2FsdGVkX18XjAQjcgITawY6cr1GNf7IxG73akrFMN2GlMU+YxWlPuHRkhxDjm6JMXq2VIjxm3JyAr+mpgaJFoHeHtt8rXXAyv9KcZYh9Hw8wcUbvH9LoVUDpmtAWArtFlRZGE6cjbCxuIiqapwcp8YP6xCUs/z1qMLWclXIoGGXNkFVnn90tn3/VtoiD6CbAy2gEMmS4HJkUkcutod+gihtB9ursTEwpicHmdpabwrgcFKrdGMmlD7G7CUddBd5FBhPc26oPi/pc5DAZHO3W34xF1Oui/RsafIyBp1zIo64lnqx5pg7Z33gQPBjbLyXnyvLyxedrjqhT26OyR7dDMZmAKULVD0H8lzOIoi4KrcL4xbfBvA97nA6EzkQcg4ItnsJkoVsurbGg+4WGUfFdVi/BWoEOqEE2rfEZItPAH/XbdIV6TCDgU1E+IrGvoTqJB0fL2yFMWBxfsj/iEVDPUIGEJOaQBNvrm8RrJ3RSpGUFOeNEYU6u3MuBUSnZPkXepEqgzPY2rW+ug9Hb1+ulyNGfRDFT4TOyTad9FgryG2/DowaZyp3pcmQUYpAu3BwLTE2UKXLCYz5Y3psYHje1BkrhVA07uaPWHv8y4G4SzgFv2DXkSmExKyAM3d18PQmKZnyGWP4AGUHCoTClgxObncdNa2f+oTP1MyPprHGIkfqtD5bCkr0DEPU3iHc0KvUOo+Z7xu0efn3Kdj5Z/uiSh//4xlNJoD93w+Qnp/XW5tIcS3C2qPc9dES6/ZuZhDnKUVTXsCLIsMrk7qDBkYRtVEuhpjZ7OkZqgcy5AKrA9ZlWkO9rlKpfxOs10KQVeARyI+Ee5MVR9Oj7r4bdv4E2sfe82NiSj1JOxsOTbagH648lizbuL//Nyw23Sv/cH7f+e+o+C7TDhV1vbCS8VrXIG1yxp7r42nrH9faCQpSV+VKxW3kx3tETAOqzFdVBKc506s0eCwrcyef197nmSecFVMVCAoK5ZMHxcCpG4J3RWzh5SKm0p8ntXqUIdl9m3y9g/KkPBe4dEA8nOPX1oE39jPffa5fRvHpEiAeVwe8MMocph/44KVLIN5wLvkzOIQRaZyJl788sP9uxYV0P8KSyiXltqrwhpMaFu6ailxB4io=&u=U2FsdGVkX191+vdoQEjVH/h9i+CVynbr8TeiLoBwAorTwYQqYvCf5WGnErUOJRzj&y=U2FsdGVkX19Shft+1zc8t+g4T0DfYsEKU2NbjsQWhgzUgq3SspiUjYt+OXlS1gEZ HTTP/1.1" 200 26
186.102.89.179 - - [05/Jul/2023:00:09:10 -0500] "GET /kwssiamovil/sm/acme/a?s=U2FsdGVkX18C/E+wUxzAW4RiHdH1ZY677cOxEltCNxFakUfaiAhMAdaWcMDquA/fB775EXHe88uOWtDdQyUIxGNKFapiMNyD7UV4xjGzBTTzKemjch1tuQx8XluHr4xVuNfqKWTa3VHDkBAfTwDiTC7UUK1ny53/nlfyjkvAtp0=&u=U2FsdGVkX191+vdoQEjVH/h9i+CVynbr8TeiLoBwAorTwYQqYvCf5WGnErUOJRzj&y=U2FsdGVkX19Shft+1zc8t+g4T0DfYsEKU2NbjsQWhgzUgq3SspiUjYt+OXlS1gEZ HTTP/1.1" 200 26
186.102.89.179 - - [05/Jul/2023:00:09:10 -0500] "GET /kwssiamovil/sm/acme/a?s=U2FsdGVkX1+Fdv9u8WO8i8DSa56hEs6u/Cl7ST4CaF3anPUXX252z0olqSe0/oxZnkg2RzbSkQorwmdANh3GvFPgfafUs6AaXSixjd5d4y0gV5EVC3LaPPMsIF9W5kgWEcHPsJ4JMdY9h0O/BqwFK/ICw9uzG0RbFbQ6Z7CRYSw=&u=U2FsdGVkX191+vdoQEjVH/h9i+CVynbr8TeiLoBwAorTwYQqYvCf5WGnErUOJRzj&y=U2FsdGVkX19Shft+1zc8t+g4T0DfYsEKU2NbjsQWhgzUgq3SspiUjYt+OXlS1gEZ HTTP/1.1" 200 26
186.102.89.179 - - [05/Jul/2023:00:09:10 -0500] "GET /kwssiamovil/sm/acme/a?s=U2FsdGVkX18H+WLKuKzEkVDBTvFPvpchTF7AwWRod3LCYgW/+fFYimV79QAOpi20i8VZiQhvToWVlHgMZLC+9o4iEFncgAoypLvh6yF+zAU6xc8nJgFzVrmNC95b+uPD+RHVlDBNTpFDlvPWnDH7YvCU6qTmLaEUSbFU2JpJCC8=&u=U2FsdGVkX191+vdoQEjVH/h9i+CVynbr8TeiLoBwAorTwYQqYvCf5WGnErUOJRzj&y=U2FsdGVkX19Shft+1zc8t+g4T0DfYsEKU2NbjsQWhgzUgq3SspiUjYt+OXlS1gEZ HTTP/1.1" 200 26
186.102.89.179 - - [05/Jul/2023:00:09:11 -0500] "GET /kwssiamovil/sm/acme/a?s=U2FsdGVkX1/mL6iYZxLblslk6KBP9kHduVUWbCOmJ/R2AQe0x76i99yL0K+YKDZSKwjSkcoB70SDWSN7r9rv7Bh0che3nZGxKl+mTDSX4U0uvCLcaL9bewya5Hp9eauIfeBXrLW9F8d6BvvKH3+3XtfK5icJWS9lotLPZcE79obxzUiyHw1d59KaKRvgMgXtu8qKpVAb0wpQIQ13OkRYsQ==&u=U2FsdGVkX191+vdoQEjVH/h9i+CVynbr8TeiLoBwAorTwYQqYvCf5WGnErUOJRzj&y=U2FsdGVkX19Shft+1zc8t+g4T0DfYsEKU2NbjsQWhgzUgq3SspiUjYt+OXlS1gEZ HTTP/1.1" 200 26
216.245.221.92 - - [05/Jul/2023:00:09:12 -0500] "HEAD / HTTP/1.1" 200 -
172.22.2.4 - - [05/Jul/2023:00:09:47 -0500] "GET /BLA/boletinlegal/actos.php HTTP/1.1" 200 9682
172.22.2.4 - - [05/Jul/2023:00:09:47 -0500] "GET /BLA/boletinlegal/js/ajax_actos.js HTTP/1.1" 200 1322
172.22.2.4 - - [05/Jul/2023:00:09:47 -0500] "GET /BLA/boletinlegal/styles2.css HTTP/1.1" 200 1838
172.22.2.4 - - [05/Jul/2023:00:09:47 -0500] "GET /BLA/boletinlegal/niceforms-default.css HTTP/1.1" 200 6694
172.22.2.4 - - [05/Jul/2023:00:09:47 -0500] "GET /BLA/boletinlegal/style.css HTTP/1.1" 200 9406
172.22.2.4 - - [05/Jul/2023:00:09:47 -0500] "GET /BLA/boletinlegal/niceforms.js HTTP/1.1" 200 22876
172.22.2.4 - - [05/Jul/2023:00:09:47 -0500] "GET /BLA/boletinlegal/js/popup.js HTTP/1.1" 200 1270
172.22.2.4 - - [05/Jul/2023:00:09:47 -0500] "GET /BLA/boletinlegal/js/lib.js HTTP/1.1" 200 6474
172.22.2.4 - - [05/Jul/2023:00:09:47 -0500] "GET /BLA/boletinlegal/js/jquery1.js HTTP/1.1" 200 29846
172.22.2.4 - - [05/Jul/2023:00:09:47 -0500] "GET /BLA/boletinlegal/images/cabezote%20BLEGAL.jpg HTTP/1.1" 200 118164
172.22.2.4 - - [05/Jul/2023:00:09:47 -0500] "GET /BLA/boletinlegal/images/subscribe-icon-big.png HTTP/1.1" 200 47702
172.22.2.4 - - [05/Jul/2023:00:09:47 -0500] "GET /BLA/boletinlegal/images/historia.png HTTP/1.1" 200 52775
172.22.2.4 - - [05/Jul/2023:00:09:47 -0500] "GET /BLA/boletinlegal/images/registro-usuarios.png HTTP/1.1" 200 8106
172.22.2.4 - - [05/Jul/2023:00:09:47 -0500] "GET /BLA/boletinlegal/images/green-yellow-blue-pink-th.png HTTP/1.1" 200 7394
172.22.2.4 - - [05/Jul/2023:00:09:47 -0500] "GET /BLA/boletinlegal/images/tel.png HTTP/1.1" 200 14477
172.22.2.4 - - [05/Jul/2023:00:09:47 -0500] "GET /BLA/boletinlegal/images/body_bg.jpg HTTP/1.1" 200 1601
172.22.2.4 - - [05/Jul/2023:00:09:47 -0500] "GET /BLA/boletinlegal/images/menu_lft.gif HTTP/1.1" 200 1713
172.22.2.4 - - [05/Jul/2023:00:09:47 -0500] "GET /BLA/boletinlegal/images/icono-email.png HTTP/1.1" 200 5544
172.22.2.4 - - [05/Jul/2023:00:09:47 -0500] "GET /BLA/boletinlegal/images/menu_rght.gif HTTP/1.1" 200 1627
172.22.2.4 - - [05/Jul/2023:00:09:47 -0500] "GET /BLA/boletinlegal/images/bg_top.jpg HTTP/1.1" 200 522
172.22.2.4 - - [05/Jul/2023:00:09:47 -0500] "GET /BLA/boletinlegal/images/menu_bg.jpg HTTP/1.1" 200 620
172.22.2.4 - - [05/Jul/2023:00:09:47 -0500] "GET /BLA/boletinlegal/images/hover.jpg HTTP/1.1" 200 640
172.22.2.4 - - [05/Jul/2023:00:09:47 -0500] "GET /BLA/boletinlegal/images/footer_bg.jpg HTTP/1.1" 200 586
172.22.2.4 - - [05/Jul/2023:00:09:47 -0500] "GET /BLA/boletinlegal/images/footer_bg_l.jpg HTTP/1.1" 200 776
172.22.2.4 - - [05/Jul/2023:00:09:47 -0500] "GET /BLA/boletinlegal/images/text.jpg HTTP/1.1" 200 568
172.22.2.4 - - [05/Jul/2023:00:09:48 -0500] "GET /BLA/boletinlegal/img/0.png HTTP/1.1" 200 110
172.22.2.4 - - [05/Jul/2023:00:09:48 -0500] "GET /BLA/boletinlegal/img/select-left.png HTTP/1.1" 200 263
172.22.2.4 - - [05/Jul/2023:00:09:48 -0500] "GET /BLA/boletinlegal/img/button-left.png HTTP/1.1" 200 57071
172.22.2.4 - - [05/Jul/2023:00:09:48 -0500] "GET /BLA/boletinlegal/img/button-right.png HTTP/1.1" 200 57878
172.22.2.4 - - [05/Jul/2023:00:09:48 -0500] "GET /BLA/boletinlegal/img/button.png HTTP/1.1" 200 43241
172.22.2.4 - - [05/Jul/2023:00:09:48 -0500] "GET /BLA/boletinlegal/img/select-right.png HTTP/1.1" 200 44019
172.22.2.4 - - [05/Jul/2023:00:09:48 -0500] "GET /BLA/boletinlegal/favicon.ico HTTP/1.1" 404 1326
201.245.192.253 - - [05/Jul/2023:00:10:01 -0500] "POST /kwsrmcab/Wsrmcab  HTTP/1.1" 200 213
66.249.73.67 - - [05/Jul/2023:00:10:06 -0500] "-" 408 -
172.22.2.4 - - [05/Jul/2023:00:10:17 -0500] "GET /BLA/boletinlegal/consulta_actos.php?tipo=resoluciones&no=0494&usuario=&sector=&fecha=2022&resuelve= HTTP/1.1" 200 1126
172.22.2.4 - - [05/Jul/2023:00:10:17 -0500] "GET /BLA/boletinlegal/images/pdf.gif HTTP/1.1" 200 567
181.54.168.101 - - [05/Jul/2023:00:10:21 -0500] "GET /BLA/resoluciones/RESOLUCIONES%202022/0494.pdf HTTP/1.1" 200 483316
181.54.168.101 - - [05/Jul/2023:00:10:22 -0500] "GET /favicon.ico HTTP/1.1" 200 7782
66.249.70.196 - - [05/Jul/2023:00:11:07 -0500] "-" 408 -
52.167.144.88 - - [05/Jul/2023:00:11:33 -0500] "GET /BLA/resoluciones/AUTOS%202021/0306.pdf HTTP/1.1" 304 -
162.55.162.137 - - [05/Jul/2023:00:12:48 -0500] "GET / HTTP/1.1" 200 319
162.55.162.137 - - [05/Jul/2023:00:12:52 -0500] "GET / HTTP/1.1" 200 4720
172.22.2.4 - - [05/Jul/2023:00:11:20 -0500] "HEAD /BLA/boletinlegal/ HTTP/1.1" 200 -
172.22.2.4 - - [05/Jul/2023:00:12:10 -0500] "GET /BLA/boletinlegal/ HTTP/1.1" 200 57272
216.245.221.92 - - [05/Jul/2023:00:14:12 -0500] "HEAD / HTTP/1.1" 200 -
201.245.192.253 - - [05/Jul/2023:00:14:58 -0500] "POST /kwsrmcab/Wsrmcab  HTTP/1.1" 200 213
191.95.27.207 - - [05/Jul/2023:00:15:07 -0500] "GET /proyecto-avantia-con-la-union-europea-busca-especialista-en-cambio-climatico.html HTTP/1.1" 200 814
172.22.2.4 - - [05/Jul/2023:00:15:20 -0500] "GET /BLA/boletinlegal/Directivas/2019/Directiva%20008%20del%2001%20de%20noviembre%20de%202019.pdf HTTP/1.1" 200 1382642
186.84.21.166 - - [05/Jul/2023:00:16:02 -0500] "POST /sipse/faces/presentacion/financiero/solicitudProceso/consultarSolicitudProceso.xhtml HTTP/1.1" 200 43796
186.84.21.166 - - [05/Jul/2023:00:16:02 -0500] "GET /sipse/faces/javax.faces.resource/theme.css?ln=primefaces-sipse HTTP/1.1" 304 -
186.84.21.166 - - [05/Jul/2023:00:16:02 -0500] "GET /sipse/faces/javax.faces.resource/primefaces.css?ln=primefaces&v=4.0 HTTP/1.1" 304 -
186.84.21.166 - - [05/Jul/2023:00:16:02 -0500] "GET /sipse/faces/javax.faces.resource/layout/layout.css?ln=primefaces&v=4.0 HTTP/1.1" 304 -
186.84.21.166 - - [05/Jul/2023:00:16:02 -0500] "GET /sipse/faces/javax.faces.resource/jquery/jquery.js?ln=primefaces&v=4.0 HTTP/1.1" 304 -
186.84.21.166 - - [05/Jul/2023:00:16:02 -0500] "GET /sipse/faces/javax.faces.resource/jquery/jquery-plugins.js?ln=primefaces&v=4.0 HTTP/1.1" 304 -
186.84.21.166 - - [05/Jul/2023:00:16:02 -0500] "GET /sipse/faces/javax.faces.resource/primefaces.js?ln=primefaces&v=4.0 HTTP/1.1" 304 -
186.84.21.166 - - [05/Jul/2023:00:16:02 -0500] "GET /sipse/faces/javax.faces.resource/layout/layout.js?ln=primefaces&v=4.0 HTTP/1.1" 304 -
186.84.21.166 - - [05/Jul/2023:00:16:08 -0500] "POST /sipse/faces/presentacion/financiero/solicitudProceso/consultar.xhtml HTTP/1.1" 200 12925
186.84.21.166 - - [05/Jul/2023:00:16:11 -0500] "POST /sipse/faces/presentacion/financiero/solicitudProceso/consultar.xhtml HTTP/1.1" 200 155420
186.84.21.166 - - [05/Jul/2023:00:16:12 -0500] "GET /sipse/faces/javax.faces.resource/theme.css?ln=primefaces-sipse HTTP/1.1" 304 -
186.84.21.166 - - [05/Jul/2023:00:16:12 -0500] "GET /sipse/faces/javax.faces.resource/primefaces.css?ln=primefaces&v=4.0 HTTP/1.1" 304 -
186.84.21.166 - - [05/Jul/2023:00:16:12 -0500] "GET /sipse/faces/javax.faces.resource/layout/layout.css?ln=primefaces&v=4.0 HTTP/1.1" 304 -
186.84.21.166 - - [05/Jul/2023:00:16:12 -0500] "GET /sipse/faces/javax.faces.resource/jquery/jquery.js?ln=primefaces&v=4.0 HTTP/1.1" 304 -
186.84.21.166 - - [05/Jul/2023:00:16:13 -0500] "GET /sipse/faces/javax.faces.resource/jquery/jquery-plugins.js?ln=primefaces&v=4.0 HTTP/1.1" 304 -
186.84.21.166 - - [05/Jul/2023:00:16:13 -0500] "GET /sipse/faces/javax.faces.resource/primefaces.js?ln=primefaces&v=4.0 HTTP/1.1" 304 -
186.84.21.166 - - [05/Jul/2023:00:16:13 -0500] "GET /sipse/faces/javax.faces.resource/layout/layout.js?ln=primefaces&v=4.0 HTTP/1.1" 304 -
66.249.70.196 - - [05/Jul/2023:00:18:16 -0500] "-" 408 -
172.22.2.4 - - [05/Jul/2023:00:17:10 -0500] "HEAD /BLA/boletinlegal/ HTTP/1.1" 200 -
216.245.221.92 - - [05/Jul/2023:00:19:12 -0500] "HEAD / HTTP/1.1" 200 -
152.61.192.232 - - [05/Jul/2023:00:19:25 -0500] "GET / HTTP/1.1" 200 319
172.22.2.4 - - [05/Jul/2023:00:18:00 -0500] "GET /BLA/boletinlegal/ HTTP/1.1" 200 59192
201.245.192.253 - - [05/Jul/2023:00:19:58 -0500] "POST /kwsrmcab/Wsrmcab  HTTP/1.1" 200 213
201.245.192.253 - - [05/Jul/2023:00:20:00 -0500] "POST /kwsrmcab/Wsrmcab HTTP/1.1" 200 41970
201.245.192.253 - - [05/Jul/2023:00:20:03 -0500] "POST /kwsrmcab/Wsrmcab HTTP/1.1" 200 43053
66.249.73.67 - - [05/Jul/2023:00:23:57 -0500] "-" 408 -
216.245.221.92 - - [05/Jul/2023:00:24:12 -0500] "HEAD / HTTP/1.1" 200 -
172.22.2.4 - - [05/Jul/2023:00:23:00 -0500] "HEAD /BLA/boletinlegal/ HTTP/1.1" 200 -
201.245.192.253 - - [05/Jul/2023:00:24:55 -0500] "POST /kwsrmcab/Wsrmcab  HTTP/1.1" 200 213
66.249.70.196 - - [05/Jul/2023:00:24:58 -0500] "-" 408 -
52.167.144.88 - - [05/Jul/2023:00:25:24 -0500] "GET /BLA/resoluciones/index.php?dir=AUTOS+2007%2F HTTP/1.1" 200 628423
172.22.2.4 - - [05/Jul/2023:00:23:50 -0500] "GET /BLA/boletinlegal/ HTTP/1.1" 200 57272
216.245.221.92 - - [05/Jul/2023:00:29:12 -0500] "HEAD / HTTP/1.1" 200 -
201.245.192.253 - - [05/Jul/2023:00:29:55 -0500] "POST /kwsrmcab/Wsrmcab  HTTP/1.1" 200 213
201.245.192.253 - - [05/Jul/2023:00:29:59 -0500] "POST /kwsrmcab/Wsrmcab HTTP/1.1" 200 41970
201.245.192.253 - - [05/Jul/2023:00:30:02 -0500] "POST /kwsrmcab/Wsrmcab HTTP/1.1" 200 43053
172.22.2.4 - - [05/Jul/2023:00:28:50 -0500] "HEAD /BLA/boletinlegal/ HTTP/1.1" 200 -
66.249.70.196 - - [05/Jul/2023:00:30:58 -0500] "-" 408 -
172.22.2.4 - - [05/Jul/2023:00:29:40 -0500] "GET /BLA/boletinlegal/ HTTP/1.1" 200 54453
152.61.128.50 - - [05/Jul/2023:00:33:58 -0500] "GET / HTTP/1.1" 200 319
216.245.221.92 - - [05/Jul/2023:00:34:11 -0500] "HEAD / HTTP/1.1" 200 -
201.245.192.253 - - [05/Jul/2023:00:34:54 -0500] "POST /kwsrmcab/Wsrmcab  HTTP/1.1" 200 213
66.249.73.67 - - [05/Jul/2023:00:35:48 -0500] "-" 408 -
172.22.2.4 - - [05/Jul/2023:00:34:40 -0500] "HEAD /BLA/boletinlegal/ HTTP/1.1" 200 -
66.249.70.196 - - [05/Jul/2023:00:36:58 -0500] "-" 408 -
172.22.2.4 - - [05/Jul/2023:00:35:30 -0500] "GET /BLA/boletinlegal/ HTTP/1.1" 200 56816
216.245.221.92 - - [05/Jul/2023:00:39:12 -0500] "HEAD / HTTP/1.1" 200 -
52.167.144.38 - - [05/Jul/2023:00:39:53 -0500] "GET /BLA/resoluciones/RESOLUCIONES%202022/5531.pdf HTTP/1.1" 304 -
201.245.192.253 - - [05/Jul/2023:00:39:53 -0500] "POST /kwsrmcab/Wsrmcab  HTTP/1.1" 200 213
201.245.192.253 - - [05/Jul/2023:00:40:00 -0500] "POST /kwsrmcab/Wsrmcab HTTP/1.1" 200 41970
201.245.192.253 - - [05/Jul/2023:00:40:03 -0500] "POST /kwsrmcab/Wsrmcab HTTP/1.1" 200 43053
172.22.2.4 - - [05/Jul/2023:00:40:30 -0500] "HEAD /BLA/boletinlegal/ HTTP/1.1" 200 -
66.249.70.196 - - [05/Jul/2023:00:42:58 -0500] "-" 408 -
172.22.2.4 - - [05/Jul/2023:00:41:20 -0500] "GET /BLA/boletinlegal/ HTTP/1.1" 200 57272
172.22.2.4 - - [05/Jul/2023:00:43:49 -0500] "GET /BLA/boletinlegal/actos.php HTTP/1.1" 200 9682
216.245.221.92 - - [05/Jul/2023:00:44:12 -0500] "HEAD / HTTP/1.1" 200 -
201.245.192.253 - - [05/Jul/2023:00:44:53 -0500] "POST /kwsrmcab/Wsrmcab  HTTP/1.1" 200 213
69.171.251.120 - - [05/Jul/2023:00:45:09 -0500] "GET /images/humedal-agua-lluvias-bogota-18-marzo.jpg HTTP/1.1" 200 146923
172.22.2.4 - - [05/Jul/2023:00:46:20 -0500] "HEAD /BLA/boletinlegal/ HTTP/1.1" 200 -
172.22.2.4 - - [05/Jul/2023:00:48:01 -0500] "GET /BLA/boletinlegal/conceptos.php HTTP/1.1" 200 7496
172.22.2.4 - - [05/Jul/2023:00:48:01 -0500] "GET /BLA/boletinlegal/js/ajax_conceptos.js HTTP/1.1" 200 1326
172.22.2.4 - - [05/Jul/2023:00:47:10 -0500] "GET /BLA/boletinlegal/ HTTP/1.1" 200 57272
66.249.70.196 - - [05/Jul/2023:00:48:58 -0500] "-" 408 -
216.245.221.92 - - [05/Jul/2023:00:49:12 -0500] "HEAD / HTTP/1.1" 200 -
201.245.192.253 - - [05/Jul/2023:00:49:51 -0500] "POST /kwsrmcab/Wsrmcab  HTTP/1.1" 200 213
152.61.192.232 - - [05/Jul/2023:00:52:27 -0500] "GET /arcgis/services/Calidad_del_Agua_WQI/MapServer/WMSServer?request=GetCapabilities&service=WMS HTTP/1.1" 503 1020
152.61.192.232 - - [05/Jul/2023:00:52:29 -0500] "GET /arcgis/services/Calidad_del_Agua_WQI/MapServer/WMSServer?SERVICE=WMS&REQUEST=GetCapabilities HTTP/1.1" 503 1020
152.61.192.232 - - [05/Jul/2023:00:52:29 -0500] "GET /arcgis/services/Calidad_del_Agua_WQI/MapServer/WMSServer?WMTVER=1.0.0&REQUEST=capabilities HTTP/1.1" 503 1020
172.22.2.4 - - [05/Jul/2023:00:53:19 -0500] "GET /BLA/boletinlegal/consulta_conceptos.php?no=3937&solicitante=&radicado_entrada=&fecha_concepto=2015&objeto= HTTP/1.1" 200 570
172.22.2.4 - - [05/Jul/2023:00:53:43 -0500] "GET /BLA/boletinlegal/consulta_conceptos.php?no=3937&solicitante=&radicado_entrada=&fecha_concepto=2015&objeto= HTTP/1.1" 200 570
172.22.2.4 - - [05/Jul/2023:00:53:44 -0500] "GET /BLA/boletinlegal/consulta_conceptos.php?no=3937&solicitante=&radicado_entrada=&fecha_concepto=2015&objeto= HTTP/1.1" 200 570
172.22.2.4 - - [05/Jul/2023:00:53:44 -0500] "GET /BLA/boletinlegal/consulta_conceptos.php?no=3937&solicitante=&radicado_entrada=&fecha_concepto=2015&objeto= HTTP/1.1" 200 570
172.22.2.4 - - [05/Jul/2023:00:53:44 -0500] "GET /BLA/boletinlegal/consulta_conceptos.php?no=3937&solicitante=&radicado_entrada=&fecha_concepto=2015&objeto= HTTP/1.1" 200 570
172.22.2.4 - - [05/Jul/2023:00:53:45 -0500] "GET /BLA/boletinlegal/consulta_conceptos.php?no=3937&solicitante=&radicado_entrada=&fecha_concepto=2015&objeto= HTTP/1.1" 200 570
172.22.2.4 - - [05/Jul/2023:00:53:45 -0500] "GET /BLA/boletinlegal/consulta_conceptos.php?no=3937&solicitante=&radicado_entrada=&fecha_concepto=2015&objeto= HTTP/1.1" 200 570
172.22.2.4 - - [05/Jul/2023:00:52:10 -0500] "HEAD /BLA/boletinlegal/ HTTP/1.1" 200 -
216.245.221.92 - - [05/Jul/2023:00:54:12 -0500] "HEAD / HTTP/1.1" 200 -
66.249.70.196 - - [05/Jul/2023:00:54:39 -0500] "-" 408 -
172.22.2.4 - - [05/Jul/2023:00:53:00 -0500] "GET /BLA/boletinlegal/ HTTP/1.1" 200 59192
201.245.192.253 - - [05/Jul/2023:00:54:50 -0500] "POST /kwsrmcab/Wsrmcab  HTTP/1.1" 200 213
172.22.2.4 - - [05/Jul/2023:00:57:38 -0500] "GET /BLA/boletinlegal/consulta_conceptos.php?no=3937&solicitante=&radicado_entrada=&fecha_concepto=2015&objeto= HTTP/1.1" 200 570
216.245.221.92 - - [05/Jul/2023:00:59:11 -0500] "HEAD / HTTP/1.1" 200 -
172.22.2.4 - - [05/Jul/2023:00:58:00 -0500] "HEAD /BLA/boletinlegal/ HTTP/1.1" 200 -
201.245.192.253 - - [05/Jul/2023:00:59:49 -0500] "POST /kwsrmcab/Wsrmcab  HTTP/1.1" 200 213
172.22.2.4 - - [05/Jul/2023:00:58:50 -0500] "GET /BLA/boletinlegal/ HTTP/1.1" 200 58474
66.249.70.196 - - [05/Jul/2023:01:00:58 -0500] "-" 408 -
40.77.167.189 - - [05/Jul/2023:01:02:10 -0500] "GET /760-llantas-fueron-recolectadas-en-el-primer-dia-de-llantaton-en-bogota.html HTTP/1.1" 200 768
66.249.73.69 - - [05/Jul/2023:01:02:35 -0500] "-" 408 -
52.167.144.88 - - [05/Jul/2023:01:03:28 -0500] "GET /Publicaciones/2023EE96479.pdf HTTP/1.1" 404 227
216.245.221.92 - - [05/Jul/2023:01:04:11 -0500] "HEAD / HTTP/1.1" 200 -
201.245.192.253 - - [05/Jul/2023:01:04:48 -0500] "POST /kwsrmcab/Wsrmcab  HTTP/1.1" 200 213
172.22.2.4 - - [05/Jul/2023:01:03:50 -0500] "HEAD /BLA/boletinlegal/ HTTP/1.1" 200 -
172.22.2.4 - - [05/Jul/2023:01:04:40 -0500] "GET /BLA/boletinlegal/ HTTP/1.1" 200 59192
66.249.70.196 - - [05/Jul/2023:01:06:58 -0500] "-" 408 -
172.22.2.4 - - [05/Jul/2023:01:07:35 -0500] "GET /BLA/boletinlegal/robots.txt HTTP/1.1" 404 1038
216.245.221.92 - - [05/Jul/2023:01:09:11 -0500] "HEAD / HTTP/1.1" 200 -
172.22.2.4 - - [05/Jul/2023:01:07:37 -0500] "GET /BLA/boletinlegal/index.php HTTP/1.1" 200 61779
20.15.133.191 - - [05/Jul/2023:01:09:27 -0500] "GET /transparencia/New%20folder/3.%20EJECUCION%20VIGENCIA%20MARZO%202020.pdf HTTP/1.1" 304 -
172.22.2.4 - - [05/Jul/2023:01:09:36 -0500] "GET /BLA/boletinlegal/Directivas/2013/Directiva%20No.%201%20del%2004%20de%20Abril%20de%202013.pdf HTTP/1.1" 304 -
69.63.184.118 - - [05/Jul/2023:01:09:48 -0500] "GET /florecio-la-herrania-en-el-tropicario-distrital-una-planta-nativa-de-la-amazonia-colombiana.html HTTP/1.1" 200 935
201.245.192.253 - - [05/Jul/2023:01:09:47 -0500] "POST /kwsrmcab/Wsrmcab  HTTP/1.1" 200 213
172.22.2.4 - - [05/Jul/2023:01:09:39 -0500] "HEAD /BLA/boletinlegal/ HTTP/1.1" 200 -
207.46.13.215 - - [05/Jul/2023:01:12:07 -0500] "GET /images/moda-circular-secretaria-19-mayo.jpg HTTP/1.1" 200 35092
172.22.2.4 - - [05/Jul/2023:01:10:30 -0500] "GET /BLA/boletinlegal/ HTTP/1.1" 200 59192
170.64.173.68 - - [05/Jul/2023:01:12:17 -0500] "GET /portaldeninos/ HTTP/1.1" 200 110197
66.249.70.196 - - [05/Jul/2023:01:12:43 -0500] "-" 408 -
94.102.61.80 - - [05/Jul/2023:01:13:54 -0500] "GET /portaldeninos/ HTTP/1.1" 200 110197
216.245.221.92 - - [05/Jul/2023:01:14:11 -0500] "HEAD / HTTP/1.1" 200 -
201.245.192.253 - - [05/Jul/2023:01:14:46 -0500] "POST /kwsrmcab/Wsrmcab  HTTP/1.1" 200 213
172.22.2.4 - - [05/Jul/2023:01:15:30 -0500] "HEAD /BLA/boletinlegal/ HTTP/1.1" 200 -
52.167.144.38 - - [05/Jul/2023:01:17:36 -0500] "GET /BLA/ HTTP/1.1" 200 538
172.22.2.4 - - [05/Jul/2023:01:16:20 -0500] "GET /BLA/boletinlegal/ HTTP/1.1" 200 56452
216.245.221.92 - - [05/Jul/2023:01:19:11 -0500] "HEAD / HTTP/1.1" 200 -
52.167.144.88 - - [05/Jul/2023:01:17:48 -0500] "GET /BLA/boletinlegal/index.php HTTP/1.1" 200 60612
201.245.192.253 - - [05/Jul/2023:01:19:45 -0500] "POST /kwsrmcab/Wsrmcab  HTTP/1.1" 200 213
201.245.192.253 - - [05/Jul/2023:01:19:59 -0500] "POST /kwsrmcab/Wsrmcab HTTP/1.1" 200 41806
201.245.192.253 - - [05/Jul/2023:01:20:02 -0500] "POST /kwsrmcab/Wsrmcab HTTP/1.1" 200 42888
172.22.2.4 - - [05/Jul/2023:01:21:20 -0500] "HEAD /BLA/boletinlegal/ HTTP/1.1" 200 -
172.22.2.4 - - [05/Jul/2023:01:22:10 -0500] "GET /BLA/boletinlegal/ HTTP/1.1" 200 59192
216.245.221.92 - - [05/Jul/2023:01:24:11 -0500] "HEAD / HTTP/1.1" 200 -
152.61.128.50 - - [05/Jul/2023:01:24:23 -0500] "GET /arcgis/services/Calidad_del_Agua_WQI/MapServer/WMSServer?request=GetCapabilities&service=WMS HTTP/1.1" 503 1020
152.61.128.50 - - [05/Jul/2023:01:24:24 -0500] "GET /arcgis/services/Calidad_del_Agua_WQI/MapServer/WMSServer?SERVICE=WMS&REQUEST=GetCapabilities HTTP/1.1" 503 1020
152.61.128.50 - - [05/Jul/2023:01:24:25 -0500] "GET /arcgis/services/Calidad_del_Agua_WQI/MapServer/WMSServer?WMTVER=1.0.0&REQUEST=capabilities HTTP/1.1" 503 1020
66.249.70.196 - - [05/Jul/2023:01:24:39 -0500] "-" 408 -
201.245.192.253 - - [05/Jul/2023:01:24:44 -0500] "POST /kwsrmcab/Wsrmcab  HTTP/1.1" 200 213
200.118.60.119 - - [05/Jul/2023:01:28:04 -0500] "GET /BLA/resoluciones/dlf/styles.css HTTP/1.1" 200 3049
200.118.60.119 - - [05/Jul/2023:01:28:04 -0500] "GET /BLA/resoluciones/dlf/dirup.png HTTP/1.1" 200 644
200.118.60.119 - - [05/Jul/2023:01:28:04 -0500] "GET /BLA/resoluciones/dlf/pdf.gif HTTP/1.1" 200 272
200.118.60.119 - - [05/Jul/2023:01:28:04 -0500] "GET /BLA/resoluciones/dlf/bg.gif HTTP/1.1" 200 54
200.118.60.119 - - [05/Jul/2023:01:28:03 -0500] "GET /BLA/resoluciones/index.php?dir=AUTOS+2014%2F HTTP/1.1" 200 890036
200.118.60.119 - - [05/Jul/2023:01:28:06 -0500] "GET /BLA/resoluciones/dlf/unknown.png HTTP/1.1" 200 266
200.118.60.119 - - [05/Jul/2023:01:28:06 -0500] "GET /favicon.ico HTTP/1.1" 200 7782
200.118.60.119 - - [05/Jul/2023:01:28:06 -0500] "GET /BLA/resoluciones/ HTTP/1.1" 200 13502
200.118.60.119 - - [05/Jul/2023:01:28:06 -0500] "GET /BLA/resoluciones/dlf/folder.png HTTP/1.1" 200 410
200.118.60.119 - - [05/Jul/2023:01:28:10 -0500] "GET /BLA/resoluciones/index.php?dir=AUTOS+2012%2F HTTP/1.1" 200 276152
68.66.233.59 - - [05/Jul/2023:01:28:17 -0500] "GET / HTTP/1.1" 200 319
172.22.2.4 - - [05/Jul/2023:01:27:09 -0500] "HEAD /BLA/boletinlegal/ HTTP/1.1" 200 -
216.245.221.92 - - [05/Jul/2023:01:29:11 -0500] "HEAD / HTTP/1.1" 200 -
172.22.2.4 - - [05/Jul/2023:01:28:00 -0500] "GET /BLA/boletinlegal/ HTTP/1.1" 200 57680
200.118.60.119 - - [05/Jul/2023:01:29:41 -0500] "GET /BLA/resoluciones/index.php?dir=AUTOS+2012%2F HTTP/1.1" 200 276152
201.245.192.253 - - [05/Jul/2023:01:29:43 -0500] "POST /kwsrmcab/Wsrmcab  HTTP/1.1" 200 213
201.245.192.253 - - [05/Jul/2023:01:30:00 -0500] "POST /kwsrmcab/Wsrmcab HTTP/1.1" 200 41806
201.245.192.253 - - [05/Jul/2023:01:30:02 -0500] "POST /kwsrmcab/Wsrmcab HTTP/1.1" 200 42888
172.22.2.4 - - [05/Jul/2023:01:29:16 -0500] "GET /BLA/boletinlegal/ HTTP/1.1" 200 60185
185.106.94.35 - - [05/Jul/2023:01:32:25 -0500] "GET /appsia/controlador HTTP/1.1" 200 4799
52.167.144.88 - - [05/Jul/2023:01:33:31 -0500] "GET /secretaria-de-ambiente-presenta-cartilla-con-el-protocolo-para-el-manejo-y-control-de-la-langostilla-de-rio.html HTTP/1.1" 200 857
40.77.190.91 - - [05/Jul/2023:01:33:46 -0500] "GET /BLA/boletinlegal/style.css HTTP/1.1" 200 9406
40.77.189.87 - - [05/Jul/2023:01:33:46 -0500] "GET /BLA/boletinlegal/js/jquery.js HTTP/1.1" 200 57254
40.77.189.178 - - [05/Jul/2023:01:33:46 -0500] "GET /BLA/boletinlegal/styles2.css HTTP/1.1" 200 1838
40.77.189.171 - - [05/Jul/2023:01:33:46 -0500] "GET /BLA/boletinlegal/js/jquery.scrollTo-min.js HTTP/1.1" 200 1150
186.84.21.166 - - [05/Jul/2023:01:33:53 -0500] "GET /sipse/faces/javax.faces.resource/theme.css?ln=primefaces-sipse HTTP/1.1" 304 -
186.84.21.166 - - [05/Jul/2023:01:33:53 -0500] "GET /sipse/faces/faces/autenticacion.xhtml HTTP/1.1" 200 12190
186.84.21.166 - - [05/Jul/2023:01:33:53 -0500] "GET /sipse/faces/javax.faces.resource/theme.css?ln=primefaces-sipse HTTP/1.1" 304 -
186.84.21.166 - - [05/Jul/2023:01:33:53 -0500] "GET /sipse/faces/javax.faces.resource/primefaces.css?ln=primefaces&v=4.0 HTTP/1.1" 304 -
186.84.21.166 - - [05/Jul/2023:01:33:53 -0500] "GET /sipse/faces/javax.faces.resource/layout/layout.css?ln=primefaces&v=4.0 HTTP/1.1" 304 -
186.84.21.166 - - [05/Jul/2023:01:33:53 -0500] "GET /sipse/faces/javax.faces.resource/jquery/jquery.js?ln=primefaces&v=4.0 HTTP/1.1" 304 -
186.84.21.166 - - [05/Jul/2023:01:33:53 -0500] "GET /sipse/faces/javax.faces.resource/primefaces.js?ln=primefaces&v=4.0 HTTP/1.1" 304 -
186.84.21.166 - - [05/Jul/2023:01:33:53 -0500] "GET /sipse/faces/javax.faces.resource/layout/layout.js?ln=primefaces&v=4.0 HTTP/1.1" 304 -
186.84.21.166 - - [05/Jul/2023:01:33:53 -0500] "GET /sipse/faces/javax.faces.resource/jquery/jquery-plugins.js?ln=primefaces&v=4.0 HTTP/1.1" 304 -
186.84.21.166 - - [05/Jul/2023:01:33:54 -0500] "GET /sipse/faces/javax.faces.resource/images/ui-icons_898989_256x240.png?ln=primefaces-aristo HTTP/1.1" 304 -
216.245.221.92 - - [05/Jul/2023:01:34:11 -0500] "HEAD / HTTP/1.1" 200 -
172.22.2.4 - - [05/Jul/2023:01:32:59 -0500] "HEAD /BLA/boletinlegal/ HTTP/1.1" 200 -
201.245.192.253 - - [05/Jul/2023:01:34:42 -0500] "POST /kwsrmcab/Wsrmcab  HTTP/1.1" 200 213
172.22.2.4 - - [05/Jul/2023:01:33:50 -0500] "GET /BLA/boletinlegal/ HTTP/1.1" 200 56816
87.236.176.39 - - [05/Jul/2023:01:35:55 -0500] "GET /portaldeninos/ HTTP/1.1" 200 110197
216.245.221.92 - - [05/Jul/2023:01:39:11 -0500] "HEAD / HTTP/1.1" 200 -
66.249.70.196 - - [05/Jul/2023:01:39:38 -0500] "-" 408 -
201.245.192.253 - - [05/Jul/2023:01:39:40 -0500] "POST /kwsrmcab/Wsrmcab  HTTP/1.1" 200 213
201.245.192.253 - - [05/Jul/2023:01:40:00 -0500] "POST /kwsrmcab/Wsrmcab HTTP/1.1" 200 41806
201.245.192.253 - - [05/Jul/2023:01:40:03 -0500] "POST /kwsrmcab/Wsrmcab HTTP/1.1" 200 42888
172.22.2.4 - - [05/Jul/2023:01:38:49 -0500] "HEAD /BLA/boletinlegal/ HTTP/1.1" 200 -
172.22.2.4 - - [05/Jul/2023:01:39:40 -0500] "GET /BLA/boletinlegal/ HTTP/1.1" 200 58474
66.249.73.68 - - [05/Jul/2023:01:42:12 -0500] "-" 408 -
216.245.221.92 - - [05/Jul/2023:01:44:11 -0500] "HEAD / HTTP/1.1" 200 -
