!C99Shell v. 1.0 pre-release build #13!

Software: Apache. PHP/5.5.15 

uname -a: Windows NT SVR-DMZ 6.1 build 7600 (Windows Server 2008 R2 Enterprise Edition) i586 

SYSTEM 

Safe-mode: OFF (not secure)

E:\nuevo\apache\logs\   drwxrwxrwx
Free 8.02 GB of 239.26 GB (3.35%)
Detected drives: [ a ] [ c ] [ d ] [ e ] [ f ]
Home    Back    Forward    UPDIR    Refresh    Search    Buffer    Encoder    Tools    Proc.    FTP brute    Sec.    SQL    PHP-code    Update    Feedback    Self remove    Logout    


Viewing file:     access.2023.07.08.log (821.95 KB)      -rw-rw-rw-
Select action/file-type:
(+) | (+) | (+) | Code (+) | Session (+) | (+) | SDB (+) | (+) | (+) | (+) | (+) | (+) |
186.116.212.70 - - [08/Jul/2023:00:00:58 -0500] "GET /calidad-del-aire-distrito-avanza-unido-por-un-nuevo-aire.html?utm_source=Meta_DIGI&utm_medium=CPMa&utm_campaign=Aire&utm_id=Julio_2023 HTTP/1.1" 200 783
186.102.3.172 - - [08/Jul/2023:00:01:41 -0500] "GET /kwssiamovil/sm/acme/a?s=U2FsdGVkX1+914lJxlId3rS722hB0Qy+mW1hgpjbSN4xQf12UhZvGNagonebGIwT2EDDaNCzlMBmGcFN3KjENbE7NT5DbCxYcms0L40kTbK1CUCyLERQxoj7v61uGAUBUBjVG04iOIBI1QuyjH8k2A4xXYEB5AubVCOeTBxkZXWkRSarzGTq5HZkH2miEDq8wB91K6Mgzp4FzUgIvoT0I2W6OTC17eCkBSBB+RXTnm5/BwudcQQh9mEkkpE3LNbYCR17IBcMOmpxv9kiG8JKog==&u=U2FsdGVkX18wQBKZZeZvwk0HqWIBTBA8GQuvLBfe1mI=&y=U2FsdGVkX1/pm5MwtVqZ9DqmFspsZYDrMjmz/6yiX2nES4tuw6mDhhoFPjXoUVXy HTTP/1.1" 200 26
186.102.3.172 - - [08/Jul/2023:00:01:42 -0500] "GET /kwssiamovil/sm/acme/a?s=U2FsdGVkX19hLJgKryj5Pu+F9qQHWK4PYXrGEP4bXYQG1rKvw5O8HfbGqdLJ6ERjvwNIk77GUeX1V1ZKyqMP/zfwQK2iQZBRQAhZCouRchuVFdX2i6MLBn5sA351/3jPYBH8AV4ttRt8YT7/LYo8mtqps9KPNKRaWROUKase2tCJTGanrR4tjpCKM8O0pHK0H0CwPtYrOGkEhBaj5K34thIeZZRlQCdp8wfHuyvxVzTw01M92pAQ6ue0jevxGH+kb2wDklqk+pVozxLlpsETDSdFw3nAns+KHreH5olRH3qfyOuQOG1FtXNbu62EQ2zZ0moMI80Gf9Yxho29XoLnmcW6ZY6WejH2A9vbk2zD3lkl1corMSRL8qil8xkYhEKuwcd4BlZNa7WY6IrSjIv4fEQj4eTpDhPrHm6enSGdAkt33Xq8B+xFRHxZ0LeLzYaHqxq8e7kTjj2eBFgIJinAT6+BxHuuI9i2zssUeRIpLDsXW6h24gueQAqUm2ua8tuUSKrKyIBaWrpcxoRkakLuch7Jrr91j46pePBBI6Mgx+CHy5yHiaYEIAmjE2u+x2NoZEuU84Y2TdyITHhLRNf1upcNuk7asx/NP/9U5Y/lr3wfPXUr8Wt61qJiT7GZ2RW69xZO+TtXNiAW8zqlp5ZkYHsVfiUc0okIQ7cCS6pDNe4wLok3Nw+xdR3Q/JA5znza+NmNtgYq7cQvNR76dQHzNXoYsdzBrwG87byHRbcLYmxhvVBwYPEmDa9i8qNNyH365S63AE9xSSrKuRIbA7HCNytEK79/Jf4aB1Uv5jQgA27j9hrDKxqpj/nTxACxtCTr51h91J19WvSKPMmNZKUHHYaU+p0tIf2Tfq+yLwruIKpr9Iqte7myihZJ16hYOGEmn1oQ3myHI/ZJaVuuYPNOJYJYkTPLgDwZwp+Si4VEIMkqO2EPUFM67W+1S1jM4nFhUW0j+6Ffm65X1B/Y46YbS1g+D11QFN3SfucJreGHDyhotVlU6EfdAwMGt/dhPj458m/bhWhpqdQ4zp5ZgsC8FxeOfpNpanrPVCbgxZwuNgtbK80iF9H5kpqhCt4sU7GcnV4p5xsOr9KzySUlAlRoX/GySJ62nxWjd5KTBrBs06JWm3LyIgNaAQJzaD6N+PdkQcONG7rhKxGFzhW8w1B/r1wrHcAEjVrVJCI1HPAcSVQr4hfKivA2OZCFHBlsx2LXIfGSQ5jTXJEkHUWRdeWWu1MuKY4l8NdnECOOtBAFFGQbnSMx/lNuJjuMUZ6MLHbALGZpk4r1PhHm2R3rMVuSuxhaQOUQdO2V8/MjUe2koMPgnbXqOR/OL3cCWi9UtDeg&u=U2FsdGVkX18wQBKZZeZvwk0HqWIBTBA8GQuvLBfe1mI=&y=U2FsdGVkX1/pm5MwtVqZ9DqmFspsZYDrMjmz/6yiX2nES4tuw6mDhhoFPjXoUVXy HTTP/1.1" 200 26
186.102.3.172 - - [08/Jul/2023:00:01:42 -0500] "GET /kwssiamovil/sm/acme/a?s=U2FsdGVkX18eHjUxl8YWFpyhuxPb4Uh38kKcaFrT+LWIpGg56RNGFNX0SwoyTrreVGePgt79F/jKd5ab+ehKXlG5+Ywms6CbHiIhltI9r9XHt3Yjm8YQozus29Eu3ZaYWUtct2kEd7XNcvPGqnjxD9WJjIQdoM/c72+AC0U15q0=&u=U2FsdGVkX18wQBKZZeZvwk0HqWIBTBA8GQuvLBfe1mI=&y=U2FsdGVkX1/pm5MwtVqZ9DqmFspsZYDrMjmz/6yiX2nES4tuw6mDhhoFPjXoUVXy HTTP/1.1" 200 26
186.102.3.172 - - [08/Jul/2023:00:01:43 -0500] "GET /kwssiamovil/sm/acme/a?s=U2FsdGVkX1+pKTolizXLAYd+N7RIZxGo+oteCPX9+W0sKi5Ck2wNxg6yOewFMlCKn2n7cTspmHF0V04MkvcaIajCH8GgW3/4HUy4iv0hmQRu+a0j8uX/GvafK/RyquB+Qs2eN4x1Sgwh2+3ruD+4ah9q7pxR8k89dw/8jeSR3UQ=&u=U2FsdGVkX18wQBKZZeZvwk0HqWIBTBA8GQuvLBfe1mI=&y=U2FsdGVkX1/pm5MwtVqZ9DqmFspsZYDrMjmz/6yiX2nES4tuw6mDhhoFPjXoUVXy HTTP/1.1" 200 26
186.102.3.172 - - [08/Jul/2023:00:01:43 -0500] "GET /kwssiamovil/sm/acme/a?s=U2FsdGVkX19gFVe8KPGdx21A9xjMBF7jrIXUj1oqIHmZupweEC7iDbijgtiM8dKYg2K4VFeNH1F6M48jk18kLdwLoc8sSvQ2+JeQ5hxLUiJK4hl9zquLsZJVb/862ZtOFgMoTM8qiYHeDMGNvpW7AcqzOTg9KjkJ1MfXsK3LCt4=&u=U2FsdGVkX18wQBKZZeZvwk0HqWIBTBA8GQuvLBfe1mI=&y=U2FsdGVkX1/pm5MwtVqZ9DqmFspsZYDrMjmz/6yiX2nES4tuw6mDhhoFPjXoUVXy HTTP/1.1" 200 26
186.102.3.172 - - [08/Jul/2023:00:01:43 -0500] "GET /kwssiamovil/sm/acme/a?s=U2FsdGVkX1+3DSHXJrWt7JYO8Ji5ndjidW1XMeuurPo2jX0fBxb75CBFNkXbqh260mbwwY2p9x3yyU/Gq+TDRmZRfud9QAsGaypEcPR50JpDMkm+pT4H+lAPRZurw/Z0cWrFbUAvIWk7+6xSbFvqfJRhglOgMDvYM/3zeg5vVg2DBPRTqiXOuoMDPNCjg4lMMmh50HhnE+ZHYbLYasRugg==&u=U2FsdGVkX18wQBKZZeZvwk0HqWIBTBA8GQuvLBfe1mI=&y=U2FsdGVkX1/pm5MwtVqZ9DqmFspsZYDrMjmz/6yiX2nES4tuw6mDhhoFPjXoUVXy HTTP/1.1" 200 26
172.22.2.4 - - [08/Jul/2023:00:02:10 -0500] "GET /BLA/boletinlegal/.env HTTP/1.1" 404 1018
172.22.2.4 - - [08/Jul/2023:00:02:11 -0500] "POST /BLA/boletinlegal/ HTTP/1.1" 200 24523
40.77.167.230 - - [08/Jul/2023:00:03:32 -0500] "GET /calidad-del-aire-distrito-avanza-unido-por-un-nuevo-aire.html HTTP/1.1" 200 783
172.22.2.4 - - [08/Jul/2023:00:01:59 -0500] "HEAD /BLA/boletinlegal/ HTTP/1.1" 200 -
201.245.192.253 - - [08/Jul/2023:00:03:51 -0500] "POST /kwsrmcab/Wsrmcab  HTTP/1.1" 200 213
216.245.221.92 - - [08/Jul/2023:00:04:01 -0500] "HEAD / HTTP/1.1" 200 -
172.22.2.4 - - [08/Jul/2023:00:02:50 -0500] "GET /BLA/boletinlegal/ HTTP/1.1" 200 57272
40.77.167.161 - - [08/Jul/2023:00:04:31 -0500] "GET /BLA/resoluciones/AUTOS%202022/2126.pdf HTTP/1.1" 304 -
207.46.13.209 - - [08/Jul/2023:00:06:43 -0500] "GET /images/camino-cerros-orientales-guadalupe.jpg HTTP/1.1" 200 68101
186.102.84.10 - - [08/Jul/2023:00:07:53 -0500] "GET /calidad-del-aire-distrito-avanza-unido-por-un-nuevo-aire.html?utm_source=Meta_DIGI&utm_medium=CPMa&utm_campaign=Aire&utm_id=Julio_2023 HTTP/1.1" 200 783
201.245.192.253 - - [08/Jul/2023:00:08:50 -0500] "POST /kwsrmcab/Wsrmcab  HTTP/1.1" 200 213
216.245.221.92 - - [08/Jul/2023:00:09:01 -0500] "HEAD / HTTP/1.1" 200 -
88.99.250.124 - - [08/Jul/2023:00:09:18 -0500] "GET /BLA/boletinlegal/actos.php HTTP/1.1" 200 9682
172.22.2.4 - - [08/Jul/2023:00:07:49 -0500] "HEAD /BLA/boletinlegal/ HTTP/1.1" 200 -
88.99.250.124 - - [08/Jul/2023:00:09:41 -0500] "GET /BLA/boletinlegal/jurisprudencia.php HTTP/1.1" 200 17583
88.99.250.124 - - [08/Jul/2023:00:10:04 -0500] "GET /BLA/boletinlegal/norma_menu.php HTTP/1.1" 200 6328
172.22.2.4 - - [08/Jul/2023:00:08:40 -0500] "GET /BLA/boletinlegal/ HTTP/1.1" 200 59192
88.99.250.124 - - [08/Jul/2023:00:10:29 -0500] "GET /bla/boletinlegal/actos.php HTTP/1.1" 200 9682
34.79.188.107 - - [08/Jul/2023:00:10:55 -0500] "GET /bla/boletinlegal/sugerencias.php HTTP/1.1" 200 8615
88.99.250.124 - - [08/Jul/2023:00:10:56 -0500] "GET /bla/boletinlegal/jurisprudencia.php HTTP/1.1" 200 17583
88.99.250.124 - - [08/Jul/2023:00:11:21 -0500] "GET /bla/boletinlegal/norma_menu.php HTTP/1.1" 200 6328
186.29.246.66 - - [08/Jul/2023:00:12:53 -0500] "GET /calidad-del-aire-distrito-avanza-unido-por-un-nuevo-aire.html?utm_source=Meta_DIGI&utm_medium=CPMa&utm_campaign=Aire&utm_id=Julio_2023 HTTP/1.1" 200 783
186.29.246.66 - - [08/Jul/2023:00:12:53 -0500] "GET /favicon.ico HTTP/1.1" 404 1470
186.84.89.5 - - [08/Jul/2023:00:13:40 -0500] "-" 408 -
201.245.192.253 - - [08/Jul/2023:00:13:49 -0500] "POST /kwsrmcab/Wsrmcab  HTTP/1.1" 200 213
216.245.221.92 - - [08/Jul/2023:00:14:01 -0500] "HEAD / HTTP/1.1" 200 -
152.61.192.232 - - [08/Jul/2023:00:14:06 -0500] "GET / HTTP/1.1" 200 319
191.156.48.11 - - [08/Jul/2023:00:15:12 -0500] "GET /calidad-del-aire-distrito-avanza-unido-por-un-nuevo-aire.html?utm_source=Meta_DIGI&utm_medium=CPMa&utm_campaign=Aire&utm_id=Julio_2023 HTTP/1.1" 200 783
172.22.2.4 - - [08/Jul/2023:00:13:39 -0500] "HEAD /BLA/boletinlegal/ HTTP/1.1" 200 -
190.26.187.50 - - [08/Jul/2023:00:16:02 -0500] "GET /calidad-del-aire-distrito-avanza-unido-por-un-nuevo-aire.html?utm_source=Meta_DIGI&utm_medium=CPMa&utm_campaign=Aire&utm_id=Julio_2023 HTTP/1.1" 200 783
172.22.2.4 - - [08/Jul/2023:00:14:30 -0500] "GET /BLA/boletinlegal/ HTTP/1.1" 200 57272
66.249.70.198 - - [08/Jul/2023:00:17:04 -0500] "-" 408 -
201.245.192.253 - - [08/Jul/2023:00:18:48 -0500] "POST /kwsrmcab/Wsrmcab  HTTP/1.1" 200 213
216.245.221.92 - - [08/Jul/2023:00:19:01 -0500] "HEAD / HTTP/1.1" 200 -
201.245.192.253 - - [08/Jul/2023:00:19:45 -0500] "POST /kwsrmcab/Wsrmcab HTTP/1.1" 200 39505
201.245.192.253 - - [08/Jul/2023:00:19:48 -0500] "POST /kwsrmcab/Wsrmcab HTTP/1.1" 200 43386
172.22.2.4 - - [08/Jul/2023:00:19:29 -0500] "HEAD /BLA/boletinlegal/ HTTP/1.1" 200 -
172.22.2.4 - - [08/Jul/2023:00:20:20 -0500] "GET /BLA/boletinlegal/ HTTP/1.1" 200 57272
66.249.70.196 - - [08/Jul/2023:00:22:51 -0500] "-" 408 -
201.245.192.253 - - [08/Jul/2023:00:23:48 -0500] "POST /kwsrmcab/Wsrmcab  HTTP/1.1" 200 213
216.245.221.92 - - [08/Jul/2023:00:24:01 -0500] "HEAD / HTTP/1.1" 200 -
66.249.66.192 - - [08/Jul/2023:00:24:20 -0500] "GET /images/Carolina-Urrutia-en-usaquen.jpg HTTP/1.1" 200 36355
191.96.227.221 - - [08/Jul/2023:00:24:44 -0500] "GET / HTTP/1.1" 200 319
152.61.128.50 - - [08/Jul/2023:00:24:54 -0500] "GET / HTTP/1.1" 200 319
18.219.24.217 - - [08/Jul/2023:00:25:30 -0500] "GET /ai.txt?t=1688778251.258415 HTTP/1.1" 404 1035
18.219.24.217 - - [08/Jul/2023:00:25:30 -0500] "GET /.well-known/ai.txt?t=1688778251.258415 HTTP/1.1" 404 1035
207.46.13.209 - - [08/Jul/2023:00:25:45 -0500] "GET /portaldeninos/2021/05/11/secretaria-de-ambiente-recuerda-a-comerciantes-implementar-o-actualizar-el-programa-de-uso-racional-de-bolsas-plasticas/ HTTP/1.1" 200 103956
52.167.144.23 - - [08/Jul/2023:00:26:01 -0500] "GET /portaldeninos/wp-includes/js/wp-emoji-release.min.js?ver=4.9.8 HTTP/1.1" 200 12026
40.77.167.107 - - [08/Jul/2023:00:26:05 -0500] "GET /portaldeninos/wp-content/themes/betheme/assets/animations/animations.min.css?ver=20.9.6 HTTP/1.1" 200 58508
173.252.83.117 - - [08/Jul/2023:00:26:38 -0500] "GET /images/calidad-aire-2-marzo-1_optimized.jpeg HTTP/1.1" 200 51562
31.13.103.4 - - [08/Jul/2023:00:26:51 -0500] "GET /en-julio-programate-para-asistir-a-las-caminatas-ecologicas-y-conectarte-con-la-naturaleza.html HTTP/1.1" 200 773
173.252.83.120 - - [08/Jul/2023:00:26:54 -0500] "GET /images/Caminatas-ecologicas-julio.jpg HTTP/1.1" 200 480557
172.22.2.4 - - [08/Jul/2023:00:25:19 -0500] "HEAD /BLA/boletinlegal/ HTTP/1.1" 200 -
172.22.2.4 - - [08/Jul/2023:00:26:10 -0500] "GET /BLA/boletinlegal/ HTTP/1.1" 200 57272
34.91.76.3 - - [08/Jul/2023:00:27:50 -0500] "GET /mujeres-que-reverdecen-secretaria-de-ambiente-anuncia-el-inicio-de-la-tercera-fase.html HTTP/1.1" 200 954
201.245.192.253 - - [08/Jul/2023:00:28:46 -0500] "POST /kwsrmcab/Wsrmcab  HTTP/1.1" 200 213
69.171.249.7 - - [08/Jul/2023:00:28:53 -0500] "GET /autoridades-ambientales-de-bogota-y-cundinamarca-y-proteccion-animal-unidas-por-el-cuidado-de-los-animales-en-esta-navidad.html HTTP/1.1" 200 1029
216.245.221.92 - - [08/Jul/2023:00:29:01 -0500] "HEAD / HTTP/1.1" 200 -
66.249.70.196 - - [08/Jul/2023:00:29:46 -0500] "-" 408 -
201.245.192.253 - - [08/Jul/2023:00:29:45 -0500] "POST /kwsrmcab/Wsrmcab HTTP/1.1" 200 39505
201.245.192.253 - - [08/Jul/2023:00:29:48 -0500] "POST /kwsrmcab/Wsrmcab HTTP/1.1" 200 43386
172.22.2.4 - - [08/Jul/2023:00:28:20 -0500] "GET /BLA/boletinlegal/ HTTP/1.1" 200 57291
173.252.83.9 - - [08/Jul/2023:00:30:46 -0500] "GET /images/mercados-campesinos-5-mayo.jpg HTTP/1.1" 200 95848
172.22.2.4 - - [08/Jul/2023:00:31:09 -0500] "HEAD /BLA/boletinlegal/ HTTP/1.1" 200 -
172.22.2.4 - - [08/Jul/2023:00:32:00 -0500] "GET /BLA/boletinlegal/ HTTP/1.1" 200 59192
201.245.192.253 - - [08/Jul/2023:00:33:45 -0500] "POST /kwsrmcab/Wsrmcab  HTTP/1.1" 200 213
216.245.221.92 - - [08/Jul/2023:00:34:01 -0500] "HEAD / HTTP/1.1" 200 -
173.252.107.119 - - [08/Jul/2023:00:35:03 -0500] "GET /caminos-de-los-cerros-habilitados-en-esta-semana-santa-2022.html HTTP/1.1" 200 832
66.220.149.13 - - [08/Jul/2023:00:35:03 -0500] "GET /images/caminos-cerros-orientales-7-abril.jpg HTTP/1.1" 200 80138
173.252.79.117 - - [08/Jul/2023:00:35:05 -0500] "GET /images/culebra-sabanera-bogota-26-marzo.jpg HTTP/1.1" 200 22555
69.171.249.10 - - [08/Jul/2023:00:35:13 -0500] "GET /caminos-de-los-cerros-habilitados-en-esta-semana-santa-2022.html HTTP/1.1" 200 832
69.171.249.1 - - [08/Jul/2023:00:35:13 -0500] "GET /en-el-diamundialdelmedioambiente-distrito-ejercito-nacional-y-comunidad-plantaron-120-arboles-en-parque-nacional.html HTTP/1.1" 200 838
172.22.2.4 - - [08/Jul/2023:00:35:53 -0500] "GET /BLA/boletinlegal/index.php?s=/Index/\\think\\app/invokefunction&function=call_user_func_array&vars[0]=md5&vars[1][]=HelloThinkPHP21 HTTP/1.1" 200 36811
172.22.2.4 - - [08/Jul/2023:00:36:59 -0500] "HEAD /BLA/boletinlegal/ HTTP/1.1" 200 -
66.249.70.196 - - [08/Jul/2023:00:38:42 -0500] "-" 408 -
201.245.192.253 - - [08/Jul/2023:00:38:44 -0500] "POST /kwsrmcab/Wsrmcab  HTTP/1.1" 200 213
216.245.221.92 - - [08/Jul/2023:00:39:01 -0500] "HEAD / HTTP/1.1" 200 -
172.22.2.4 - - [08/Jul/2023:00:37:49 -0500] "GET /BLA/boletinlegal/ HTTP/1.1" 200 59192
152.203.153.240 - - [08/Jul/2023:00:39:35 -0500] "GET /BLA/resoluciones/index.php?dir= HTTP/1.1" 200 13502
152.203.153.240 - - [08/Jul/2023:00:39:37 -0500] "GET /BLA/resoluciones/index.php?dir=RESOLUCIONES+2020%2F HTTP/1.1" 200 168722
152.203.153.240 - - [08/Jul/2023:00:39:41 -0500] "GET /BLA/resoluciones/RESOLUCIONES%202020/1009.pdf HTTP/1.1" 200 367123
201.245.192.253 - - [08/Jul/2023:00:39:46 -0500] "POST /kwsrmcab/Wsrmcab HTTP/1.1" 200 39505
201.245.192.253 - - [08/Jul/2023:00:39:50 -0500] "POST /kwsrmcab/Wsrmcab HTTP/1.1" 200 43386
181.50.57.249 - - [08/Jul/2023:00:40:11 -0500] "GET /calidad-del-aire-distrito-avanza-unido-por-un-nuevo-aire.html?utm_source=Meta_DIGI&utm_medium=CPMa&utm_campaign=Aire&utm_id=Julio_2023 HTTP/1.1" 200 783
66.249.92.194 - - [08/Jul/2023:00:40:16 -0500] "GET /calidad-del-aire-distrito-avanza-unido-por-un-nuevo-aire.html?utm_source=Meta_DIGI&utm_medium=CPMa&utm_campaign=Aire&utm_id=Julio_2023 HTTP/1.1" 200 783
207.46.13.209 - - [08/Jul/2023:00:40:26 -0500] "GET /images/acuerdo-de-conservacion-biodiversidad.jpg HTTP/1.1" 200 76340
152.203.153.240 - - [08/Jul/2023:00:40:42 -0500] "GET /BLA/resoluciones/RESOLUCIONES%202020/0919.pdf HTTP/1.1" 200 352653
88.99.250.124 - - [08/Jul/2023:00:42:35 -0500] "GET /bla/boletinlegal/doctrina.php HTTP/1.1" 200 5614
88.99.250.124 - - [08/Jul/2023:00:43:08 -0500] "GET /bla/boletinlegal/index.php HTTP/1.1" 200 16331
191.156.150.210 - - [08/Jul/2023:00:43:37 -0500] "-" 408 -
88.99.250.124 - - [08/Jul/2023:00:43:37 -0500] "GET /bla/boletinlegal/jurisprudencia/analisis/null HTTP/1.1" 404 1049
201.245.192.253 - - [08/Jul/2023:00:43:42 -0500] "POST /kwsrmcab/Wsrmcab  HTTP/1.1" 200 213
216.245.221.92 - - [08/Jul/2023:00:44:01 -0500] "HEAD / HTTP/1.1" 200 -
88.99.250.124 - - [08/Jul/2023:00:44:05 -0500] "GET /bla/boletinlegal/normativa.php HTTP/1.1" 200 8343
66.249.70.196 - - [08/Jul/2023:00:44:21 -0500] "-" 408 -
172.22.2.4 - - [08/Jul/2023:00:42:49 -0500] "HEAD /BLA/boletinlegal/ HTTP/1.1" 200 -
88.99.250.124 - - [08/Jul/2023:00:44:32 -0500] "GET /bla/boletinlegal/sugerencias.php HTTP/1.1" 200 8615
88.99.250.124 - - [08/Jul/2023:00:44:57 -0500] "GET /bla/boletinlegal/conceptos.php HTTP/1.1" 200 7496
172.22.2.4 - - [08/Jul/2023:00:45:04 -0500] "GET /BLA/boletinlegal/favicon.ico HTTP/1.1" 404 1018
172.22.2.4 - - [08/Jul/2023:00:45:07 -0500] "HEAD /BLA/boletinlegal/favicon/favicon.ico HTTP/1.1" 404 -
172.22.2.4 - - [08/Jul/2023:00:43:40 -0500] "GET /BLA/boletinlegal/ HTTP/1.1" 200 57272
88.99.250.124 - - [08/Jul/2023:00:45:24 -0500] "GET /BLA/boletinlegal/sugerencias.php HTTP/1.1" 200 8615
88.99.250.124 - - [08/Jul/2023:00:45:51 -0500] "GET /BLA/boletinlegal/conceptos.php HTTP/1.1" 200 7496
88.99.250.124 - - [08/Jul/2023:00:46:18 -0500] "GET /BLA/boletinlegal/normativa.php HTTP/1.1" 200 8343
88.99.250.124 - - [08/Jul/2023:00:46:44 -0500] "GET /BLA/boletinlegal/jurisprudencia/analisis/null HTTP/1.1" 404 1049
34.91.76.3 - - [08/Jul/2023:00:47:40 -0500] "GET /mujeres-que-reverdecen-secretaria-de-ambiente-anuncia-el-inicio-de-la-tercera-fase.html HTTP/1.1" 200 954
172.22.2.4 - - [08/Jul/2023:00:48:02 -0500] "GET /BLA/boletinlegal/ab2g HTTP/1.1" 404 1018
172.22.2.4 - - [08/Jul/2023:00:48:03 -0500] "GET /BLA/boletinlegal/ab2h HTTP/1.1" 404 1018
172.22.2.4 - - [08/Jul/2023:00:48:20 -0500] "GET /BLA/boletinlegal/t4 HTTP/1.1" 404 1018
201.245.192.253 - - [08/Jul/2023:00:48:42 -0500] "POST /kwsrmcab/Wsrmcab  HTTP/1.1" 200 213
88.99.250.124 - - [08/Jul/2023:00:48:46 -0500] "GET /BLA/boletinlegal/doctrina.php HTTP/1.1" 200 5614
88.99.250.124 - - [08/Jul/2023:00:47:11 -0500] "GET /BLA/boletinlegal/index.php HTTP/1.1" 200 57291
216.245.221.92 - - [08/Jul/2023:00:49:01 -0500] "HEAD / HTTP/1.1" 200 -
172.22.2.4 - - [08/Jul/2023:00:48:08 -0500] "GET /BLA/boletinlegal/ HTTP/1.1" 200 32715
186.102.77.126 - - [08/Jul/2023:00:49:03 -0500] "GET /calidad-del-aire-distrito-avanza-unido-por-un-nuevo-aire.html?utm_source=Meta_DIGI&utm_medium=CPMa&utm_campaign=Aire&utm_id=Julio_2023 HTTP/1.1" 200 783
157.55.39.207 - - [08/Jul/2023:00:49:32 -0500] "GET /BLA/resoluciones/AUTOS%202021/2758.pdf HTTP/1.1" 304 -
191.156.182.223 - - [08/Jul/2023:00:49:39 -0500] "GET /calidad-del-aire-distrito-avanza-unido-por-un-nuevo-aire.html?utm_source=Meta_DIGI&utm_medium=CPMa&utm_campaign=Aire&utm_id=Julio_2023&fbclid=IwAR0Y0C_V8mTrtFl_CUnO9VEDCli5hjqTxI_vvSVpJIbBZz-5qwQI-wHdMUI_aem_AXyeiwi3lETP7ZcYNWteKhrSSfKrIIqxblnl8GiXLQeq_nFKwjaoboYXhpSG_MZdsOgmv1tSMG2CVbNb7nkNHwTO HTTP/1.1" 200 783
179.19.156.215 - - [08/Jul/2023:00:49:54 -0500] "GET /calidad-del-aire-distrito-avanza-unido-por-un-nuevo-aire.html?utm_source=Meta_DIGI&utm_medium=CPMa&utm_campaign=Aire&utm_id=Julio_2023 HTTP/1.1" 200 783
199.16.157.182 - - [08/Jul/2023:00:50:11 -0500] "-" 408 -
172.22.2.4 - - [08/Jul/2023:00:48:39 -0500] "HEAD /BLA/boletinlegal/ HTTP/1.1" 200 -
66.249.70.196 - - [08/Jul/2023:00:51:00 -0500] "-" 408 -
172.22.2.4 - - [08/Jul/2023:00:49:30 -0500] "GET /BLA/boletinlegal/ HTTP/1.1" 200 54453
152.61.192.232 - - [08/Jul/2023:00:51:24 -0500] "GET /arcgis/services/Calidad_del_Agua_WQI/MapServer/WMSServer?request=GetCapabilities&service=WMS HTTP/1.1" 503 1020
152.61.192.232 - - [08/Jul/2023:00:51:25 -0500] "GET /arcgis/services/Calidad_del_Agua_WQI/MapServer/WMSServer?SERVICE=WMS&REQUEST=GetCapabilities HTTP/1.1" 503 1020
152.61.192.232 - - [08/Jul/2023:00:51:25 -0500] "GET /arcgis/services/Calidad_del_Agua_WQI/MapServer/WMSServer?WMTVER=1.0.0&REQUEST=capabilities HTTP/1.1" 503 1020
201.245.192.253 - - [08/Jul/2023:00:53:40 -0500] "POST /kwsrmcab/Wsrmcab  HTTP/1.1" 200 213
216.245.221.92 - - [08/Jul/2023:00:54:01 -0500] "HEAD / HTTP/1.1" 200 -
168.119.253.6 - - [08/Jul/2023:00:54:33 -0500] "GET / HTTP/1.1" 200 4720
168.119.253.6 - - [08/Jul/2023:00:54:33 -0500] "GET / HTTP/1.1" 200 319
191.156.48.47 - - [08/Jul/2023:00:55:55 -0500] "GET /calidad-del-aire-distrito-avanza-unido-por-un-nuevo-aire.html?utm_source=Meta_DIGI&utm_medium=CPMa&utm_campaign=Aire&utm_id=Julio_2023 HTTP/1.1" 200 783
172.22.2.4 - - [08/Jul/2023:00:54:29 -0500] "HEAD /BLA/boletinlegal/ HTTP/1.1" 200 -
172.22.2.4 - - [08/Jul/2023:00:55:20 -0500] "GET /BLA/boletinlegal/ HTTP/1.1" 200 57272
66.249.70.196 - - [08/Jul/2023:00:57:13 -0500] "-" 408 -
201.245.192.253 - - [08/Jul/2023:00:58:39 -0500] "POST /kwsrmcab/Wsrmcab  HTTP/1.1" 200 213
216.245.221.92 - - [08/Jul/2023:00:59:01 -0500] "HEAD / HTTP/1.1" 200 -
66.220.149.5 - - [08/Jul/2023:01:00:19 -0500] "GET /calidad-del-aire-distrito-avanza-unido-por-un-nuevo-aire.html?utm_id=Julio_2023 HTTP/1.1" 206 783
66.220.149.11 - - [08/Jul/2023:01:00:25 -0500] "GET /calidad-del-aire-distrito-avanza-unido-por-un-nuevo-aire.html?utm_id=Julio_2023 HTTP/1.1" 206 783
172.22.2.4 - - [08/Jul/2023:01:00:19 -0500] "HEAD /BLA/boletinlegal/ HTTP/1.1" 200 -
172.22.2.4 - - [08/Jul/2023:01:01:09 -0500] "GET /BLA/boletinlegal/ HTTP/1.1" 200 57680
66.249.70.196 - - [08/Jul/2023:01:03:39 -0500] "-" 408 -
201.245.192.253 - - [08/Jul/2023:01:03:38 -0500] "POST /kwsrmcab/Wsrmcab  HTTP/1.1" 200 213
172.22.2.4 - - [08/Jul/2023:01:03:45 -0500] "GET /BLA/boletinlegal/jurisprudencia/analisis/G__Jurisp.%20Junio%202014_ANALISIS%20JURISPRUDENCIA%20C-634-12%20DECOMISO.docx HTTP/1.1" 304 -
216.245.221.92 - - [08/Jul/2023:01:04:01 -0500] "HEAD / HTTP/1.1" 200 -
157.55.39.216 - - [08/Jul/2023:01:04:53 -0500] "GET /portaldeninos/2021/07/01/en-fotos-conoce-algunos-de-los-lugares-mas-biodiversos-de-bogota/ HTTP/1.1" 200 100987
40.77.167.107 - - [08/Jul/2023:01:05:14 -0500] "GET /portaldeninos/wp-content/plugins/gallery-videos/JS/Total-Soft-Gallery-Video-Widget.js?ver=4.9.8 HTTP/1.1" 200 80264
172.22.2.4 - - [08/Jul/2023:01:05:05 -0500] "GET /BLA/boletinlegal/?XDEBUG_SESSION_START=phpstorm HTTP/1.1" 200 36811
3.248.77.100 - - [08/Jul/2023:01:06:17 -0500] "GET /BLA/resoluciones/RESOLUCIONES%202013/0715.pdf HTTP/1.1" 200 497969
172.22.2.4 - - [08/Jul/2023:01:06:09 -0500] "HEAD /BLA/boletinlegal/ HTTP/1.1" 200 -
201.245.192.253 - - [08/Jul/2023:01:08:37 -0500] "POST /kwsrmcab/Wsrmcab  HTTP/1.1" 200 213
172.22.2.4 - - [08/Jul/2023:01:06:59 -0500] "GET /BLA/boletinlegal/ HTTP/1.1" 200 57272
157.55.39.216 - - [08/Jul/2023:01:08:43 -0500] "GET /images/mejora-la-calidad-del-aire-en-bogota-5-abril.jpeg HTTP/1.1" 200 44341
216.245.221.92 - - [08/Jul/2023:01:09:01 -0500] "HEAD / HTTP/1.1" 200 -
66.249.70.196 - - [08/Jul/2023:01:09:28 -0500] "-" 408 -
201.245.192.253 - - [08/Jul/2023:01:13:35 -0500] "POST /kwsrmcab/Wsrmcab  HTTP/1.1" 200 213
172.22.2.4 - - [08/Jul/2023:01:11:59 -0500] "HEAD /BLA/boletinlegal/ HTTP/1.1" 200 -
216.245.221.92 - - [08/Jul/2023:01:14:01 -0500] "HEAD / HTTP/1.1" 200 -
181.225.68.28 - - [08/Jul/2023:01:14:22 -0500] "GET /calidad-del-aire-distrito-avanza-unido-por-un-nuevo-aire.html?utm_source=Meta_DIGI&utm_medium=CPMa&utm_campaign=Aire&utm_id=Julio_2023 HTTP/1.1" 200 783
172.22.2.4 - - [08/Jul/2023:01:12:50 -0500] "GET /BLA/boletinlegal/ HTTP/1.1" 200 57272
52.167.144.38 - - [08/Jul/2023:01:15:33 -0500] "GET /galeria/galeria/fotos/Entrenube2G.jpg HTTP/1.1" 200 111422
217.182.175.162 - - [08/Jul/2023:01:16:38 -0500] "HEAD /en-julio-programate-para-asistir-a-las-caminatas-ecologicas-y-conectarte-con-la-naturaleza.html HTTP/1.1" 200 -
217.182.175.162 - - [08/Jul/2023:01:16:38 -0500] "HEAD /industria-audiovisual-recibio-capacitacion-sobre-el-manejo-adecuado-de-textiles-y-aceite-vegetal.html HTTP/1.1" 200 -
217.182.175.162 - - [08/Jul/2023:01:16:38 -0500] "HEAD /este-10-y-11-de-julio-ciudadania-de-martires-podra-participar-en-la-feria-de-servicios-ambientales.html HTTP/1.1" 200 -
69.171.231.3 - - [08/Jul/2023:01:16:45 -0500] "GET /calidad-del-aire-distrito-avanza-unido-por-un-nuevo-aire.html?utm_id=Julio_2023 HTTP/1.1" 200 783
162.55.175.158 - - [08/Jul/2023:01:17:38 -0500] "GET / HTTP/1.1" 200 319
152.61.128.50 - - [08/Jul/2023:01:17:37 -0500] "GET /arcgis/services/Calidad_del_Agua_WQI/MapServer/WMSServer?request=GetCapabilities&service=WMS HTTP/1.1" 503 1020
162.55.175.158 - - [08/Jul/2023:01:17:38 -0500] "GET / HTTP/1.1" 200 4720
152.61.128.50 - - [08/Jul/2023:01:17:38 -0500] "GET /arcgis/services/Calidad_del_Agua_WQI/MapServer/WMSServer?SERVICE=WMS&REQUEST=GetCapabilities HTTP/1.1" 503 1020
152.61.128.50 - - [08/Jul/2023:01:17:38 -0500] "GET /arcgis/services/Calidad_del_Agua_WQI/MapServer/WMSServer?WMTVER=1.0.0&REQUEST=capabilities HTTP/1.1" 503 1020
201.245.192.253 - - [08/Jul/2023:01:18:34 -0500] "POST /kwsrmcab/Wsrmcab  HTTP/1.1" 200 213
216.245.221.92 - - [08/Jul/2023:01:19:01 -0500] "HEAD / HTTP/1.1" 200 -
172.22.2.4 - - [08/Jul/2023:01:17:49 -0500] "HEAD /BLA/boletinlegal/ HTTP/1.1" 200 -
201.245.192.253 - - [08/Jul/2023:01:19:45 -0500] "POST /kwsrmcab/Wsrmcab HTTP/1.1" 200 39348
201.245.192.253 - - [08/Jul/2023:01:19:48 -0500] "POST /kwsrmcab/Wsrmcab HTTP/1.1" 200 43087
207.46.13.209 - - [08/Jul/2023:01:20:10 -0500] "GET /empresas-del-sector-de-san-benito-reciben-reconocimiento-por-impulsar-la-economia-circular-en-la-industria-del-cuero.html HTTP/1.1" 200 817
172.22.2.4 - - [08/Jul/2023:01:18:39 -0500] "GET /BLA/boletinlegal/ HTTP/1.1" 200 58474
172.22.2.4 - - [08/Jul/2023:01:21:10 -0500] "GET /BLA/boletinlegal/docs/qgis/instalacion/ HTTP/1.1" 404 1037
201.245.192.253 - - [08/Jul/2023:01:23:33 -0500] "POST /kwsrmcab/Wsrmcab  HTTP/1.1" 200 213
216.245.221.92 - - [08/Jul/2023:01:24:01 -0500] "HEAD / HTTP/1.1" 200 -
172.22.2.4 - - [08/Jul/2023:01:24:39 -0500] "GET /BLA/boletinlegal/jurisprudencia/analisis/AnalisisT-606-15.docx HTTP/1.1" 200 26698
172.22.2.4 - - [08/Jul/2023:01:24:39 -0500] "GET /BLA/boletinlegal/apple-touch-icon-120x120-precomposed.png HTTP/1.1" 404 1140
172.22.2.4 - - [08/Jul/2023:01:24:40 -0500] "GET /BLA/boletinlegal/apple-touch-icon-120x120.png HTTP/1.1" 404 1140
172.22.2.4 - - [08/Jul/2023:01:24:40 -0500] "GET /BLA/boletinlegal/apple-touch-icon-precomposed.png HTTP/1.1" 404 1140
172.22.2.4 - - [08/Jul/2023:01:24:40 -0500] "GET /BLA/boletinlegal/apple-touch-icon.png HTTP/1.1" 404 1140
172.22.2.4 - - [08/Jul/2023:01:24:40 -0500] "GET /BLA/boletinlegal/favicon.ico HTTP/1.1" 404 1140
172.22.2.4 - - [08/Jul/2023:01:24:40 -0500] "GET /BLA/boletinlegal/apple-touch-icon-120x120-precomposed.png HTTP/1.1" 404 1140
172.22.2.4 - - [08/Jul/2023:01:24:40 -0500] "GET /BLA/boletinlegal/apple-touch-icon-120x120.png HTTP/1.1" 404 1140
172.22.2.4 - - [08/Jul/2023:01:24:40 -0500] "GET /BLA/boletinlegal/apple-touch-icon-precomposed.png HTTP/1.1" 404 1140
172.22.2.4 - - [08/Jul/2023:01:24:40 -0500] "GET /BLA/boletinlegal/apple-touch-icon.png HTTP/1.1" 404 1140
172.22.2.4 - - [08/Jul/2023:01:24:40 -0500] "GET /BLA/boletinlegal/favicon.ico HTTP/1.1" 404 1140
66.249.70.196 - - [08/Jul/2023:01:25:05 -0500] "-" 408 -
172.22.2.4 - - [08/Jul/2023:01:23:39 -0500] "HEAD /BLA/boletinlegal/ HTTP/1.1" 200 -
172.22.2.4 - - [08/Jul/2023:01:24:30 -0500] "GET /BLA/boletinlegal/ HTTP/1.1" 200 52855
201.245.192.253 - - [08/Jul/2023:01:28:33 -0500] "POST /kwsrmcab/Wsrmcab  HTTP/1.1" 200 213
216.245.221.92 - - [08/Jul/2023:01:29:01 -0500] "HEAD / HTTP/1.1" 200 -
201.245.192.253 - - [08/Jul/2023:01:29:45 -0500] "POST /kwsrmcab/Wsrmcab HTTP/1.1" 200 39348
201.245.192.253 - - [08/Jul/2023:01:29:48 -0500] "POST /kwsrmcab/Wsrmcab HTTP/1.1" 200 43087
172.22.2.4 - - [08/Jul/2023:01:29:29 -0500] "HEAD /BLA/boletinlegal/ HTTP/1.1" 200 -
40.77.167.161 - - [08/Jul/2023:01:31:17 -0500] "GET /BLA/resoluciones/AUTOS%202021/6371.pdf HTTP/1.1" 304 -
43.139.195.29 - - [08/Jul/2023:01:31:25 -0500] "GET /xmlrpc.php HTTP/1.1" 404 1034
172.22.2.4 - - [08/Jul/2023:01:30:19 -0500] "GET /BLA/boletinlegal/ HTTP/1.1" 200 56100
201.245.192.253 - - [08/Jul/2023:01:33:32 -0500] "POST /kwsrmcab/Wsrmcab  HTTP/1.1" 200 213
216.245.221.92 - - [08/Jul/2023:01:34:01 -0500] "HEAD / HTTP/1.1" 200 -
172.22.2.4 - - [08/Jul/2023:01:35:19 -0500] "HEAD /BLA/boletinlegal/ HTTP/1.1" 200 -
172.22.2.4 - - [08/Jul/2023:01:36:09 -0500] "GET /BLA/boletinlegal/ HTTP/1.1" 200 58825
66.249.70.196 - - [08/Jul/2023:01:38:31 -0500] "-" 408 -
201.245.192.253 - - [08/Jul/2023:01:38:32 -0500] "POST /kwsrmcab/Wsrmcab  HTTP/1.1" 200 213
216.245.221.92 - - [08/Jul/2023:01:39:01 -0500] "HEAD / HTTP/1.1" 200 -
45.133.222.237 - - [08/Jul/2023:01:39:43 -0500] "GET /calidad-del-aire-distrito-avanza-unido-por-un-nuevo-aire.html?utm_source=Meta_DIGI&utm_medium=CPMa&utm_campaign=Aire&utm_id=Julio_2023 HTTP/1.1" 200 783
201.245.192.253 - - [08/Jul/2023:01:39:45 -0500] "POST /kwsrmcab/Wsrmcab HTTP/1.1" 200 39348
201.245.192.253 - - [08/Jul/2023:01:39:48 -0500] "POST /kwsrmcab/Wsrmcab HTTP/1.1" 200 43087
52.167.144.38 - - [08/Jul/2023:01:40:06 -0500] "GET /galeria/galeria/fotos/mirador4G.jpg HTTP/1.1" 200 159827
188.166.86.36 - - [08/Jul/2023:01:40:45 -0500] "GET /files/ HTTP/1.1" 404 1018
172.22.2.4 - - [08/Jul/2023:01:41:06 -0500] "GET /BLA/boletinlegal/actos.php HTTP/1.1" 200 9682
173.252.83.5 - - [08/Jul/2023:01:41:36 -0500] "GET /images/Acuerdos%2001%20(1)%20(1).jpeg HTTP/1.1" 200 32884
157.55.39.207 - - [08/Jul/2023:01:42:28 -0500] "GET /BLA/resoluciones/RESOLUCIONES%202022/0560.pdf HTTP/1.1" 304 -
172.22.2.4 - - [08/Jul/2023:01:41:09 -0500] "HEAD /BLA/boletinlegal/ HTTP/1.1" 200 -
201.245.192.253 - - [08/Jul/2023:01:43:30 -0500] "POST /kwsrmcab/Wsrmcab  HTTP/1.1" 200 213
172.22.2.4 - - [08/Jul/2023:01:41:59 -0500] "GET /BLA/boletinlegal/ HTTP/1.1" 200 53643
216.245.221.92 - - [08/Jul/2023:01:44:01 -0500] "HEAD / HTTP/1.1" 200 -
34.147.80.191 - - [08/Jul/2023:01:46:11 -0500] "GET /mujeres-que-reverdecen-secretaria-de-ambiente-anuncia-el-inicio-de-la-tercera-fase.html HTTP/1.1" 200 954
181.54.182.125 - - [08/Jul/2023:01:46:49 -0500] "GET /galeria/galeria/jquery.fancybox.css?v=2.1.5 HTTP/1.1" 200 4895
181.54.182.125 - - [08/Jul/2023:01:46:49 -0500] "GET /BLA/boletinlegal/js/jquery.scrollShow.js HTTP/1.1" 200 4586
181.54.182.125 - - [08/Jul/2023:01:46:49 -0500] "GET /galeria/galeria/jquery.fancybox.js?v=2.1.5 HTTP/1.1" 200 48706
88.99.250.124 - - [08/Jul/2023:01:47:13 -0500] "GET /bla/boletinlegal/jurisprudencia/analisis/null HTTP/1.1" 404 1049
172.22.2.4 - - [08/Jul/2023:01:48:09 -0500] "GET /BLA/boletinlegal/favicon/favicon.ico HTTP/1.1" 404 1018
88.99.250.124 - - [08/Jul/2023:01:48:02 -0500] "GET /bla/boletinlegal/index.php HTTP/1.1" 200 16331
88.99.250.124 - - [08/Jul/2023:01:48:29 -0500] "GET /BLA/boletinlegal/jurisprudencia/analisis/null HTTP/1.1" 404 1049
201.245.192.253 - - [08/Jul/2023:01:48:29 -0500] "POST /kwsrmcab/Wsrmcab  HTTP/1.1" 200 213
172.22.2.4 - - [08/Jul/2023:01:46:59 -0500] "HEAD /BLA/boletinlegal/ HTTP/1.1" 200 -
172.22.2.4 - - [08/Jul/2023:01:48:41 -0500] "GET /BLA/boletinlegal/robots.txt HTTP/1.1" 404 1038
172.22.2.4 - - [08/Jul/2023:01:48:43 -0500] "GET /BLA/boletinlegal/jurisprudencia/analisis/AnalisisT-606-15.docx HTTP/1.1" 200 26698
216.245.221.92 - - [08/Jul/2023:01:49:01 -0500] "HEAD / HTTP/1.1" 200 -
88.99.250.124 - - [08/Jul/2023:01:49:08 -0500] "-" 408 -
172.22.2.4 - - [08/Jul/2023:01:47:49 -0500] "GET /BLA/boletinlegal/ HTTP/1.1" 200 49188
88.99.250.124 - - [08/Jul/2023:01:48:54 -0500] "GET /BLA/boletinlegal/index.php HTTP/1.1" 200 20427
34.79.188.107 - - [08/Jul/2023:01:50:44 -0500] "-" 408 -
40.77.167.161 - - [08/Jul/2023:01:53:22 -0500] "GET /BLA/resoluciones/AUTOS%202022/1289.pdf HTTP/1.1" 304 -
201.245.192.253 - - [08/Jul/2023:01:53:28 -0500] "POST /kwsrmcab/Wsrmcab  HTTP/1.1" 200 213
216.245.221.92 - - [08/Jul/2023:01:54:01 -0500] "HEAD / HTTP/1.1" 200 -
172.22.2.4 - - [08/Jul/2023:01:52:49 -0500] "HEAD /BLA/boletinlegal/ HTTP/1.1" 200 -
186.84.20.242 - - [08/Jul/2023:01:55:01 -0500] "GET /calidad-del-aire-distrito-avanza-unido-por-un-nuevo-aire.html?utm_source=Meta_DIGI&utm_medium=CPMa&utm_campaign=Aire&utm_id=Julio_2023 HTTP/1.1" 200 783
66.249.70.196 - - [08/Jul/2023:01:55:05 -0500] "-" 408 -
172.22.2.4 - - [08/Jul/2023:01:53:39 -0500] "GET /BLA/boletinlegal/ HTTP/1.1" 200 57272
157.90.244.54 - - [08/Jul/2023:01:55:49 -0500] "GET / HTTP/1.1" 200 319
157.90.244.54 - - [08/Jul/2023:01:55:52 -0500] "GET / HTTP/1.1" 200 4720
157.55.39.207 - - [08/Jul/2023:01:57:09 -0500] "GET /BLA/resoluciones/RESOLUCIONES%202021/4474.pdf HTTP/1.1" 304 -
201.245.192.253 - - [08/Jul/2023:01:58:27 -0500] "POST /kwsrmcab/Wsrmcab  HTTP/1.1" 200 213
52.221.163.233 - - [08/Jul/2023:01:58:50 -0500] "GET /galeria/nivo-slider/demo/convocatorias.html? HTTP/1.1" 200 3464
52.221.163.233 - - [08/Jul/2023:01:58:51 -0500] "GET /galeria/nivo-slider/demo/images/bannerconvocatoriaacercar.jpg HTTP/1.1" 200 91528
216.245.221.92 - - [08/Jul/2023:01:59:01 -0500] "HEAD / HTTP/1.1" 200 -
65.49.20.66 - - [08/Jul/2023:01:59:03 -0500] "GET / HTTP/1.1" 200 319
172.22.2.4 - - [08/Jul/2023:01:58:39 -0500] "HEAD /BLA/boletinlegal/ HTTP/1.1" 200 -
65.49.20.66 - - [08/Jul/2023:02:00:21 -0500] "GET /favicon.ico HTTP/1.1" 200 7782
65.49.20.66 - - [08/Jul/2023:02:00:57 -0500] "GET /geoserver/web/ HTTP/1.1" 200 2424
172.22.2.4 - - [08/Jul/2023:01:59:18 -0500] "GET /BLA/boletinlegal/ HTTP/1.1" 200 47717
172.22.2.4 - - [08/Jul/2023:01:59:29 -0500] "GET /BLA/boletinlegal/ HTTP/1.1" 200 48778
40.77.167.161 - - [08/Jul/2023:02:01:40 -0500] "GET /BLA/resoluciones/AUTOS%202021/2115.pdf HTTP/1.1" 304 -
172.22.2.4 - - [08/Jul/2023:02:01:55 -0500] "GET /BLA/boletinlegal/ HTTP/1.1" 200 61779
201.245.192.253 - - [08/Jul/2023:02:03:25 -0500] "POST /kwsrmcab/Wsrmcab  HTTP/1.1" 200 213
173.252.107.7 - - [08/Jul/2023:02:03:52 -0500] "GET /mujeres-que-reverdecen-secretaria-de-ambiente-anuncia-el-inicio-de-la-tercera-fase.html HTTP/1.1" 200 954
173.252.107.5 - - [08/Jul/2023:02:03:52 -0500] "GET /secretaria-de-ambiente-advierte-sobre-falso-mensaje-para-inscripciones-al-programa-mujeres-que-reverdecen.html HTTP/1.1" 200 1039
216.245.221.92 - - [08/Jul/2023:02:04:01 -0500] "HEAD / HTTP/1.1" 200 -
157.55.39.207 - - [08/Jul/2023:02:04:49 -0500] "GET /BLA/resoluciones/AUTOS%202018/6130.pdf HTTP/1.1" 200 258915
172.22.2.4 - - [08/Jul/2023:02:04:29 -0500] "HEAD /BLA/boletinlegal/ HTTP/1.1" 200 -
172.22.2.4 - - [08/Jul/2023:02:05:19 -0500] "GET /BLA/boletinlegal/ HTTP/1.1" 200 59192
201.245.192.253 - - [08/Jul/2023:02:08:24 -0500] "POST /kwsrmcab/Wsrmcab  HTTP/1.1" 200 213
216.245.221.92 - - [08/Jul/2023:02:09:01 -0500] "HEAD / HTTP/1.1" 200 -
172.22.2.4 - - [08/Jul/2023:02:10:19 -0500] "HEAD /BLA/boletinlegal/ HTTP/1.1" 200 -
172.22.2.4 - - [08/Jul/2023:02:11:09 -0500] "GET /BLA/boletinlegal/ HTTP/1.1" 200 58079
201.245.192.253 - - [08/Jul/2023:02:13:23 -0500] "POST /kwsrmcab/Wsrmcab  HTTP/1.1" 200 213
216.245.221.92 - - [08/Jul/2023:02:14:01 -0500] "HEAD / HTTP/1.1" 200 -
168.119.61.24 - - [08/Jul/2023:02:17:27 -0500] "GET / HTTP/1.1" 200 4720
168.119.61.24 - - [08/Jul/2023:02:17:29 -0500] "GET / HTTP/1.1" 200 319
172.22.2.4 - - [08/Jul/2023:02:16:09 -0500] "HEAD /BLA/boletinlegal/ HTTP/1.1" 200 -
201.245.192.253 - - [08/Jul/2023:02:18:22 -0500] "POST /kwsrmcab/Wsrmcab  HTTP/1.1" 200 213
172.22.2.4 - - [08/Jul/2023:02:16:59 -0500] "GET /BLA/boletinlegal/ HTTP/1.1" 200 58825
40.77.167.161 - - [08/Jul/2023:02:18:42 -0500] "GET /BLA/resoluciones/AUTOS%202021/5142.pdf HTTP/1.1" 304 -
216.245.221.92 - - [08/Jul/2023:02:19:01 -0500] "HEAD / HTTP/1.1" 200 -
201.245.192.253 - - [08/Jul/2023:02:19:45 -0500] "POST /kwsrmcab/Wsrmcab HTTP/1.1" 200 39501
201.245.192.253 - - [08/Jul/2023:02:19:48 -0500] "POST /kwsrmcab/Wsrmcab HTTP/1.1" 200 43377
69.171.249.118 - - [08/Jul/2023:02:20:49 -0500] "GET /images/camara-trampa.jpeg HTTP/1.1" 200 77809
69.171.249.5 - - [08/Jul/2023:02:20:49 -0500] "GET /images/serpiente-sabanera.jpeg HTTP/1.1" 200 167272
69.171.249.5 - - [08/Jul/2023:02:20:49 -0500] "GET /images/stand-secretaria-ambiente-fima.jpg HTTP/1.1" 200 42537
40.77.167.107 - - [08/Jul/2023:02:22:02 -0500] "GET /images/portada.jpg HTTP/1.1" 200 95488
201.245.192.253 - - [08/Jul/2023:02:23:21 -0500] "POST /kwsrmcab/Wsrmcab  HTTP/1.1" 200 213
172.22.2.4 - - [08/Jul/2023:02:21:59 -0500] "HEAD /BLA/boletinlegal/ HTTP/1.1" 200 -
216.245.221.92 - - [08/Jul/2023:02:24:01 -0500] "HEAD / HTTP/1.1" 200 -
172.22.2.4 - - [08/Jul/2023:02:22:49 -0500] "GET /BLA/boletinlegal/ HTTP/1.1" 200 55337
157.55.39.207 - - [08/Jul/2023:02:26:12 -0500] "GET /BLA/resoluciones/AUTOS%202021/4889.pdf HTTP/1.1" 200 351137
157.55.39.207 - - [08/Jul/2023:02:26:23 -0500] "GET /BLA/resoluciones/AUTOS%202022/6377.pdf HTTP/1.1" 200 1123038
18.143.240.40 - - [08/Jul/2023:02:27:41 -0500] "GET /galeria/nivo-slider/demo/convocatorias.html? HTTP/1.1" 200 3464
18.143.240.40 - - [08/Jul/2023:02:27:42 -0500] "GET /galeria/nivo-slider/demo/images/bannerconvocatoriaacercar.jpg HTTP/1.1" 200 91528
201.245.192.253 - - [08/Jul/2023:02:28:20 -0500] "POST /kwsrmcab/Wsrmcab  HTTP/1.1" 200 213
216.245.221.92 - - [08/Jul/2023:02:29:01 -0500] "HEAD / HTTP/1.1" 200 -
172.22.2.4 - - [08/Jul/2023:02:27:49 -0500] "HEAD /BLA/boletinlegal/ HTTP/1.1" 200 -
201.245.192.253 - - [08/Jul/2023:02:29:45 -0500] "POST /kwsrmcab/Wsrmcab HTTP/1.1" 200 39501
201.245.192.253 - - [08/Jul/2023:02:29:47 -0500] "POST /kwsrmcab/Wsrmcab HTTP/1.1" 200 43377
35.204.233.90 - - [08/Jul/2023:02:29:59 -0500] "GET /mujeres-que-reverdecen-secretaria-de-ambiente-anuncia-el-inicio-de-la-tercera-fase.html HTTP/1.1" 200 954
40.77.167.161 - - [08/Jul/2023:02:30:13 -0500] "GET /BLA/resoluciones/RESOLUCIONES%202022/0139.pdf HTTP/1.1" 200 793893
172.22.2.4 - - [08/Jul/2023:02:28:39 -0500] "GET /BLA/boletinlegal/ HTTP/1.1" 200 57272
201.245.192.253 - - [08/Jul/2023:02:33:19 -0500] "POST /kwsrmcab/Wsrmcab  HTTP/1.1" 200 213
216.245.221.92 - - [08/Jul/2023:02:34:01 -0500] "HEAD / HTTP/1.1" 200 -
191.95.52.216 - - [08/Jul/2023:02:34:45 -0500] "GET /calidad-del-aire-distrito-avanza-unido-por-un-nuevo-aire.html?utm_source=Meta_DIGI&utm_medium=CPMa&utm_campaign=Aire&utm_id=Julio_2023 HTTP/1.1" 200 783
172.22.2.4 - - [08/Jul/2023:02:33:39 -0500] "HEAD /BLA/boletinlegal/ HTTP/1.1" 200 -
172.22.2.4 - - [08/Jul/2023:02:34:29 -0500] "GET /BLA/boletinlegal/ HTTP/1.1" 200 55739
201.245.192.253 - - [08/Jul/2023:02:38:17 -0500] "POST /kwsrmcab/Wsrmcab  HTTP/1.1" 200 213
216.245.221.92 - - [08/Jul/2023:02:39:01 -0500] "HEAD / HTTP/1.1" 200 -
201.245.192.253 - - [08/Jul/2023:02:39:45 -0500] "POST /kwsrmcab/Wsrmcab HTTP/1.1" 200 39501
201.245.192.253 - - [08/Jul/2023:02:39:48 -0500] "POST /kwsrmcab/Wsrmcab HTTP/1.1" 200 43377
34.90.186.104 - - [08/Jul/2023:02:40:54 -0500] "GET /mujeres-que-reverdecen-secretaria-de-ambiente-anuncia-el-inicio-de-la-tercera-fase.html HTTP/1.1" 200 954
172.22.2.4 - - [08/Jul/2023:02:41:08 -0500] "POST /BLA/boletinlegal/mifs/.;/services/LogService HTTP/1.1" 404 1158
172.22.2.4 - - [08/Jul/2023:02:39:29 -0500] "HEAD /BLA/boletinlegal/ HTTP/1.1" 200 -
207.46.13.209 - - [08/Jul/2023:02:41:37 -0500] "GET /images/mujeres-por-el-cambio-climatico.jpeg HTTP/1.1" 200 199968
172.22.2.4 - - [08/Jul/2023:02:40:19 -0500] "GET /BLA/boletinlegal/ HTTP/1.1" 200 55337
200.119.62.110 - - [08/Jul/2023:02:43:00 -0500] "GET /calidad-del-aire-distrito-avanza-unido-por-un-nuevo-aire.html?utm_source=Meta_DIGI&utm_medium=CPMa&utm_campaign=Aire&utm_id=Julio_2023 HTTP/1.1" 200 783
172.22.2.4 - - [08/Jul/2023:02:42:32 -0500] "GET /BLA/boletinlegal/ HTTP/1.1" 200 24523
201.245.192.253 - - [08/Jul/2023:02:43:16 -0500] "POST /kwsrmcab/Wsrmcab  HTTP/1.1" 200 213
216.245.221.92 - - [08/Jul/2023:02:44:01 -0500] "HEAD / HTTP/1.1" 200 -
34.253.55.27 - - [08/Jul/2023:02:46:03 -0500] "-" 408 -
172.22.2.4 - - [08/Jul/2023:02:45:19 -0500] "HEAD /BLA/boletinlegal/ HTTP/1.1" 200 -
172.22.2.4 - - [08/Jul/2023:02:46:09 -0500] "GET /BLA/boletinlegal/ HTTP/1.1" 200 55337
201.245.192.253 - - [08/Jul/2023:02:48:15 -0500] "POST /kwsrmcab/Wsrmcab  HTTP/1.1" 200 213
216.245.221.92 - - [08/Jul/2023:02:49:01 -0500] "HEAD / HTTP/1.1" 200 -
20.15.133.191 - - [08/Jul/2023:02:52:26 -0500] "GET /bla/resoluciones/autos%202021/4848.pdf HTTP/1.1" 200 365145
172.22.2.4 - - [08/Jul/2023:02:51:09 -0500] "HEAD /BLA/boletinlegal/ HTTP/1.1" 200 -
201.245.192.253 - - [08/Jul/2023:02:53:14 -0500] "POST /kwsrmcab/Wsrmcab  HTTP/1.1" 200 213
172.22.2.4 - - [08/Jul/2023:02:51:59 -0500] "GET /BLA/boletinlegal/ HTTP/1.1" 200 59192
216.245.221.92 - - [08/Jul/2023:02:54:01 -0500] "HEAD / HTTP/1.1" 200 -
66.249.70.197 - - [08/Jul/2023:02:55:05 -0500] "-" 408 -
45.182.158.47 - - [08/Jul/2023:02:55:22 -0500] "GET / HTTP/1.1" 200 319
172.22.2.4 - - [08/Jul/2023:02:57:18 -0500] "GET /BLA/boletinlegal/robots.txt HTTP/1.1" 404 1038
69.171.249.10 - - [08/Jul/2023:02:57:43 -0500] "GET /en-julio-programate-para-asistir-a-las-caminatas-ecologicas-y-conectarte-con-la-naturaleza.html HTTP/1.1" 206 773
69.171.249.118 - - [08/Jul/2023:02:57:44 -0500] "GET /en-julio-programate-para-asistir-a-las-caminatas-ecologicas-y-conectarte-con-la-naturaleza.html HTTP/1.1" 206 773
69.171.249.118 - - [08/Jul/2023:02:57:44 -0500] "GET /images/Caminatas-ecologicas-julio.jpg HTTP/1.1" 200 480557
69.171.249.117 - - [08/Jul/2023:02:57:44 -0500] "GET /en-julio-programate-para-asistir-a-las-caminatas-ecologicas-y-conectarte-con-la-naturaleza.html HTTP/1.1" 200 773
69.171.249.2 - - [08/Jul/2023:02:57:47 -0500] "GET /en-julio-programate-para-asistir-a-las-caminatas-ecologicas-y-conectarte-con-la-naturaleza.html HTTP/1.1" 206 773
201.245.192.253 - - [08/Jul/2023:02:58:13 -0500] "POST /kwsrmcab/Wsrmcab  HTTP/1.1" 200 213
172.22.2.4 - - [08/Jul/2023:02:56:59 -0500] "HEAD /BLA/boletinlegal/ HTTP/1.1" 200 -
172.22.2.4 - - [08/Jul/2023:02:57:19 -0500] "GET /BLA/boletinlegal/index.php HTTP/1.1" 200 47717
216.245.221.92 - - [08/Jul/2023:02:59:01 -0500] "HEAD / HTTP/1.1" 200 -
172.22.2.4 - - [08/Jul/2023:02:57:49 -0500] "GET /BLA/boletinlegal/ HTTP/1.1" 200 49188
173.252.127.12 - - [08/Jul/2023:02:59:55 -0500] "GET /calidad-del-aire-distrito-avanza-unido-por-un-nuevo-aire.html?utm_id=Julio_2023 HTTP/1.1" 206 783
173.252.79.116 - - [08/Jul/2023:02:59:58 -0500] "GET /calidad-del-aire-distrito-avanza-unido-por-un-nuevo-aire.html?utm_id=Julio_2023 HTTP/1.1" 206 783
157.55.39.216 - - [08/Jul/2023:03:00:14 -0500] "GET /atencion-mujeres-que-reverdecen-ya-inicia-la-segunda-fase.html HTTP/1.1" 200 857
201.245.192.253 - - [08/Jul/2023:03:03:12 -0500] "POST /kwsrmcab/Wsrmcab  HTTP/1.1" 200 213
66.249.70.196 - - [08/Jul/2023:03:03:43 -0500] "-" 408 -
216.245.221.92 - - [08/Jul/2023:03:04:01 -0500] "HEAD / HTTP/1.1" 200 -
172.22.2.4 - - [08/Jul/2023:03:02:49 -0500] "HEAD /BLA/boletinlegal/ HTTP/1.1" 200 -
66.249.66.192 - - [08/Jul/2023:03:05:17 -0500] "-" 408 -
172.22.2.4 - - [08/Jul/2023:03:03:39 -0500] "GET /BLA/boletinlegal/ HTTP/1.1" 200 56816
201.245.192.253 - - [08/Jul/2023:03:08:11 -0500] "POST /kwsrmcab/Wsrmcab  HTTP/1.1" 200 213
216.245.221.92 - - [08/Jul/2023:03:09:01 -0500] "HEAD / HTTP/1.1" 200 -
172.22.2.4 - - [08/Jul/2023:03:10:10 -0500] "GET /BLA/boletinlegal/console/ HTTP/1.1" 404 1018
172.22.2.4 - - [08/Jul/2023:03:08:39 -0500] "HEAD /BLA/boletinlegal/ HTTP/1.1" 200 -
172.22.2.4 - - [08/Jul/2023:03:09:29 -0500] "GET /BLA/boletinlegal/ HTTP/1.1" 200 57680
40.77.167.107 - - [08/Jul/2023:03:11:37 -0500] "GET /images/moda-circular-secretaria-19-mayo.jpg HTTP/1.1" 200 35092
38.170.100.106 - - [08/Jul/2023:03:12:09 -0500] "GET /calidad-del-aire-distrito-avanza-unido-por-un-nuevo-aire.html?utm_source=Meta_DIGI&utm_medium=CPMa&utm_campaign=Aire&utm_id=Julio_2023 HTTP/1.1" 200 783
201.245.192.253 - - [08/Jul/2023:03:13:09 -0500] "POST /kwsrmcab/Wsrmcab  HTTP/1.1" 200 213
216.245.221.92 - - [08/Jul/2023:03:14:01 -0500] "HEAD / HTTP/1.1" 200 -
52.167.144.38 - - [08/Jul/2023:03:14:49 -0500] "GET /Publicaciones/2022EE190618.pdf HTTP/1.1" 404 228
172.22.2.4 - - [08/Jul/2023:03:14:29 -0500] "HEAD /BLA/boletinlegal/ HTTP/1.1" 200 -
172.22.2.4 - - [08/Jul/2023:03:15:22 -0500] "GET /BLA/boletinlegal/ HTTP/1.1" 200 24523
66.249.70.196 - - [08/Jul/2023:03:16:31 -0500] "-" 408 -
172.22.2.4 - - [08/Jul/2023:03:15:19 -0500] "GET /BLA/boletinlegal/ HTTP/1.1" 200 55739
201.245.192.253 - - [08/Jul/2023:03:18:08 -0500] "POST /kwsrmcab/Wsrmcab  HTTP/1.1" 200 213
216.245.221.92 - - [08/Jul/2023:03:19:01 -0500] "HEAD / HTTP/1.1" 200 -
201.245.192.253 - - [08/Jul/2023:03:19:45 -0500] "POST /kwsrmcab/Wsrmcab HTTP/1.1" 200 39495
201.245.192.253 - - [08/Jul/2023:03:19:48 -0500] "POST /kwsrmcab/Wsrmcab HTTP/1.1" 200 43395
52.167.144.38 - - [08/Jul/2023:03:20:28 -0500] "GET /BLA/resoluciones/AUTOS%202021/5795.pdf HTTP/1.1" 304 -
172.22.2.4 - - [08/Jul/2023:03:20:19 -0500] "HEAD /BLA/boletinlegal/ HTTP/1.1" 200 -
172.22.2.4 - - [08/Jul/2023:03:21:09 -0500] "GET /BLA/boletinlegal/ HTTP/1.1" 200 58825
201.245.192.253 - - [08/Jul/2023:03:23:07 -0500] "POST /kwsrmcab/Wsrmcab  HTTP/1.1" 200 213
216.245.221.92 - - [08/Jul/2023:03:24:01 -0500] "HEAD / HTTP/1.1" 200 -
35.204.41.169 - - [08/Jul/2023:03:24:58 -0500] "GET /mujeres-que-reverdecen-secretaria-de-ambiente-anuncia-el-inicio-de-la-tercera-fase.html HTTP/1.1" 200 954
66.249.70.196 - - [08/Jul/2023:03:25:05 -0500] "-" 408 -
168.119.253.69 - - [08/Jul/2023:03:25:18 -0500] "GET / HTTP/1.1" 200 319
168.119.253.69 - - [08/Jul/2023:03:25:19 -0500] "GET / HTTP/1.1" 200 4720
88.99.250.124 - - [08/Jul/2023:03:27:04 -0500] "-" 408 -
172.22.2.4 - - [08/Jul/2023:03:26:09 -0500] "HEAD /BLA/boletinlegal/ HTTP/1.1" 200 -
201.245.192.253 - - [08/Jul/2023:03:28:06 -0500] "POST /kwsrmcab/Wsrmcab  HTTP/1.1" 200 213
172.22.2.4 - - [08/Jul/2023:03:26:59 -0500] "GET /BLA/boletinlegal/ HTTP/1.1" 200 59192
34.76.96.55 - - [08/Jul/2023:03:28:46 -0500] "GET / HTTP/1.1" 200 319
216.245.221.92 - - [08/Jul/2023:03:29:01 -0500] "HEAD / HTTP/1.1" 200 -
201.245.192.253 - - [08/Jul/2023:03:29:44 -0500] "POST /kwsrmcab/Wsrmcab HTTP/1.1" 200 39495
201.245.192.253 - - [08/Jul/2023:03:29:47 -0500] "POST /kwsrmcab/Wsrmcab HTTP/1.1" 200 43395
52.167.144.38 - - [08/Jul/2023:03:31:46 -0500] "GET /calculadora/? HTTP/1.1" 200 5879
201.245.192.253 - - [08/Jul/2023:03:33:05 -0500] "POST /kwsrmcab/Wsrmcab  HTTP/1.1" 200 213
172.22.2.4 - - [08/Jul/2023:03:31:59 -0500] "HEAD /BLA/boletinlegal/ HTTP/1.1" 200 -
216.245.221.92 - - [08/Jul/2023:03:34:00 -0500] "HEAD / HTTP/1.1" 200 -
172.22.2.4 - - [08/Jul/2023:03:32:49 -0500] "GET /BLA/boletinlegal/ HTTP/1.1" 200 58825
201.245.192.253 - - [08/Jul/2023:03:38:04 -0500] "POST /kwsrmcab/Wsrmcab  HTTP/1.1" 200 213
216.245.221.92 - - [08/Jul/2023:03:39:00 -0500] "HEAD / HTTP/1.1" 200 -
172.22.2.4 - - [08/Jul/2023:03:37:49 -0500] "HEAD /BLA/boletinlegal/ HTTP/1.1" 200 -
201.245.192.253 - - [08/Jul/2023:03:39:45 -0500] "POST /kwsrmcab/Wsrmcab HTTP/1.1" 200 39495
201.245.192.253 - - [08/Jul/2023:03:39:48 -0500] "POST /kwsrmcab/Wsrmcab HTTP/1.1" 200 43395
172.22.2.4 - - [08/Jul/2023:03:38:39 -0500] "GET /BLA/boletinlegal/ HTTP/1.1" 200 59192
172.22.2.4 - - [08/Jul/2023:03:40:19 -0500] "GET /BLA/boletinlegal/ HTTP/1.1" 200 32715
186.80.52.205 - - [08/Jul/2023:03:42:38 -0500] "POST /sipse/faces/presentacion/financiero/solicitudProceso/consultarSolicitudProceso.xhtml HTTP/1.1" 302 -
186.80.52.205 - - [08/Jul/2023:03:42:38 -0500] "GET /sipse/faces/autenticacion.xhtml HTTP/1.1" 200 12178
186.80.52.205 - - [08/Jul/2023:03:42:38 -0500] "GET /sipse/faces/index.xhtml HTTP/1.1" 200 677
186.80.52.205 - - [08/Jul/2023:03:42:38 -0500] "GET /sipse/faces/javax.faces.resource/theme.css?ln=primefaces-sipse HTTP/1.1" 304 -
186.80.52.205 - - [08/Jul/2023:03:42:38 -0500] "GET /sipse/faces/faces/autenticacion.xhtml HTTP/1.1" 200 12178
186.80.52.205 - - [08/Jul/2023:03:42:38 -0500] "GET /sipse/faces/javax.faces.resource/theme.css?ln=primefaces-sipse HTTP/1.1" 304 -
186.80.52.205 - - [08/Jul/2023:03:42:38 -0500] "GET /sipse/faces/javax.faces.resource/primefaces.js?ln=primefaces&v=4.0 HTTP/1.1" 304 -
186.80.52.205 - - [08/Jul/2023:03:42:38 -0500] "GET /sipse/faces/javax.faces.resource/jquery/jquery.js?ln=primefaces&v=4.0 HTTP/1.1" 304 -
186.80.52.205 - - [08/Jul/2023:03:42:38 -0500] "GET /sipse/faces/javax.faces.resource/primefaces.css?ln=primefaces&v=4.0 HTTP/1.1" 304 -
186.80.52.205 - - [08/Jul/2023:03:42:38 -0500] "GET /sipse/faces/javax.faces.resource/layout/layout.js?ln=primefaces&v=4.0 HTTP/1.1" 304 -
186.80.52.205 - - [08/Jul/2023:03:42:38 -0500] "GET /sipse/faces/javax.faces.resource/jquery/jquery-plugins.js?ln=primefaces&v=4.0 HTTP/1.1" 304 -
186.80.52.205 - - [08/Jul/2023:03:42:38 -0500] "GET /sipse/faces/javax.faces.resource/layout/layout.css?ln=primefaces&v=4.0 HTTP/1.1" 304 -
186.80.52.205 - - [08/Jul/2023:03:42:38 -0500] "GET /sipse/faces/javax.faces.resource/images/ui-icons_898989_256x240.png?ln=primefaces-aristo HTTP/1.1" 304 -
191.95.51.175 - - [08/Jul/2023:03:42:44 -0500] "GET /calidad-del-aire-distrito-avanza-unido-por-un-nuevo-aire.html?utm_source=Meta_DIGI&utm_medium=CPMa&utm_campaign=Aire&utm_id=Julio_2023&fbclid=IwAR27pwTs-_6ku-spie5MaQCr3MQS9-O07MR7VwaITf94HhxJYXulEX66lws_aem_AR7Pia9MYzG0rEjpEuvYtjYBuBe0ywN-0NvT-wxXvQ_l5SMK5x78RbXc_iQvYAyotRwyx97k_OwyMptrOD3b_-zs HTTP/1.1" 200 783
201.245.192.253 - - [08/Jul/2023:03:43:03 -0500] "POST /kwsrmcab/Wsrmcab  HTTP/1.1" 200 213
216.245.221.92 - - [08/Jul/2023:03:44:00 -0500] "HEAD / HTTP/1.1" 200 -
207.46.13.209 - - [08/Jul/2023:03:45:04 -0500] "GET /distrito-presenta-proyecto-de-energia-solar-y-eficiencia-energetica-para-entidades-publicas-de-bogota.html HTTP/1.1" 200 908
172.22.2.4 - - [08/Jul/2023:03:43:39 -0500] "HEAD /BLA/boletinlegal/ HTTP/1.1" 200 -
66.249.70.198 - - [08/Jul/2023:03:46:02 -0500] "-" 408 -
172.22.2.4 - - [08/Jul/2023:03:44:29 -0500] "GET /BLA/boletinlegal/ HTTP/1.1" 200 56100
45.33.80.243 - - [08/Jul/2023:03:46:12 -0500] "GET / HTTP/1.1" 200 319
40.77.167.184 - - [08/Jul/2023:03:47:11 -0500] "-" 408 -
40.77.190.160 - - [08/Jul/2023:03:47:39 -0500] "GET /calculadora/fonts/Linearicons-Free-v1.0.0/icon-font.min.css HTTP/1.1" 200 7354
40.77.190.160 - - [08/Jul/2023:03:47:39 -0500] "GET /calculadora/vendor/animate/animate.css HTTP/1.1" 200 23848
40.77.190.160 - - [08/Jul/2023:03:47:39 -0500] "GET /calculadora/vendor/bootstrap/css/bootstrap.min.css HTTP/1.1" 200 124962
40.77.190.160 - - [08/Jul/2023:03:47:39 -0500] "GET /calculadora/fonts/font-awesome-4.7.0/css/font-awesome.min.css HTTP/1.1" 200 31000
40.77.190.160 - - [08/Jul/2023:03:47:39 -0500] "GET /calculadora/vendor/css-hamburgers/hamburgers.min.css HTTP/1.1" 200 19686
40.77.190.160 - - [08/Jul/2023:03:47:39 -0500] "GET /calculadora/vendor/animsition/css/animsition.min.css HTTP/1.1" 200 27478
40.77.190.160 - - [08/Jul/2023:03:47:39 -0500] "GET /calculadora/vendor/select2/select2.min.css HTTP/1.1" 200 15196
40.77.190.160 - - [08/Jul/2023:03:47:39 -0500] "GET /calculadora/vendor/daterangepicker/daterangepicker.css HTTP/1.1" 200 8163
40.77.190.160 - - [08/Jul/2023:03:47:39 -0500] "GET /calculadora/css/util.css HTTP/1.1" 200 86814
40.77.190.160 - - [08/Jul/2023:03:47:39 -0500] "GET /calculadora/css/main.css HTTP/1.1" 200 9984
40.77.190.160 - - [08/Jul/2023:03:47:39 -0500] "GET /calculadora/ajax_calculadora.js HTTP/1.1" 200 1470
40.77.190.160 - - [08/Jul/2023:03:47:39 -0500] "GET /calculadora/js/main.js HTTP/1.1" 200 1424
40.77.190.160 - - [08/Jul/2023:03:47:40 -0500] "GET /calculadora/fonts/poppins/Poppins-Regular.ttf HTTP/1.1" 200 145312
40.77.190.160 - - [08/Jul/2023:03:47:40 -0500] "GET /calculadora/fonts/montserrat/Montserrat-Bold.ttf HTTP/1.1" 200 261588
201.245.192.253 - - [08/Jul/2023:03:48:02 -0500] "POST /kwsrmcab/Wsrmcab  HTTP/1.1" 200 213
3.0.224.149 - - [08/Jul/2023:03:48:21 -0500] "GET /transparencia/financiera/Desagregado%20con%20modificaciones/? HTTP/1.1" 404 1470
