40.77.189.160 - - [13/Jul/2023:04:00:51 -0500] "GET /calculadora/vendor/css-hamburgers/hamburgers.min.css HTTP/1.1" 200 19686
40.77.188.126 - - [13/Jul/2023:04:00:51 -0500] "GET /calculadora/vendor/animsition/css/animsition.min.css HTTP/1.1" 200 27478
40.77.189.220 - - [13/Jul/2023:04:00:51 -0500] "GET /calculadora/vendor/animate/animate.css HTTP/1.1" 200 23848
40.77.190.205 - - [13/Jul/2023:04:00:51 -0500] "GET /calculadora/vendor/select2/select2.min.css HTTP/1.1" 200 15196
40.77.189.44 - - [13/Jul/2023:04:00:52 -0500] "GET /calculadora/vendor/daterangepicker/daterangepicker.css HTTP/1.1" 200 8163
40.77.189.160 - - [13/Jul/2023:04:00:52 -0500] "GET /calculadora/css/util.css HTTP/1.1" 200 86814
40.77.190.97 - - [13/Jul/2023:04:00:52 -0500] "GET /calculadora/css/main.css HTTP/1.1" 200 9984
40.77.189.160 - - [13/Jul/2023:04:00:52 -0500] "GET /calculadora/ajax_calculadora.js HTTP/1.1" 200 1470
40.77.189.220 - - [13/Jul/2023:04:00:52 -0500] "GET /calculadora/js/main.js HTTP/1.1" 200 1424
40.77.188.239 - - [13/Jul/2023:04:00:54 -0500] "GET /calculadora/fonts/montserrat/Montserrat-Bold.ttf HTTP/1.1" 200 261588
40.77.189.32 - - [13/Jul/2023:04:00:54 -0500] "GET /calculadora/fonts/poppins/Poppins-Regular.ttf HTTP/1.1" 200 145312
69.171.231.4 - - [13/Jul/2023:04:01:22 -0500] "GET /calidad-del-aire-distrito-avanza-unido-por-un-nuevo-aire.html?utm_id=Julio_2023 HTTP/1.1" 206 783
201.245.192.253 - - [13/Jul/2023:04:02:41 -0500] "POST /kwsrmcab/Wsrmcab  HTTP/1.1" 200 42295
181.61.33.66 - - [13/Jul/2023:04:02:48 -0500] "GET /calidad-del-aire-distrito-avanza-unido-por-un-nuevo-aire.html?utm_source=Meta_DIGI&utm_medium=CPMa&utm_campaign=Aire&utm_id=Julio_2023 HTTP/1.1" 200 783
40.77.167.161 - - [13/Jul/2023:04:03:04 -0500] "GET /Publicaciones/2023EE118930.pdf HTTP/1.1" 404 228
172.22.2.4 - - [13/Jul/2023:04:02:08 -0500] "HEAD /BLA/boletinlegal/ HTTP/1.1" 200 -
172.22.2.4 - - [13/Jul/2023:04:02:58 -0500] "GET /BLA/boletinlegal/ HTTP/1.1" 200 57272
216.245.221.92 - - [13/Jul/2023:04:04:57 -0500] "HEAD / HTTP/1.1" 200 -
66.249.66.77 - - [13/Jul/2023:04:05:10 -0500] "-" 408 -
172.22.2.4 - - [13/Jul/2023:04:05:11 -0500] "POST /BLA/boletinlegal/vendor/phpunit/phpunit/src/Util/PHP/eval-stdin.php HTTP/1.1" 404 1018
52.167.144.66 - - [13/Jul/2023:04:05:19 -0500] "GET /zuma-propuesta-de-pot-una-herramienta-clave-para-seguir-mejorando-la-calidad-del-aire-de-bogota.html HTTP/1.1" 200 1029
52.167.144.28 - - [13/Jul/2023:04:06:26 -0500] "GET /BLA/resoluciones/AUTOS%202021/1790.pdf HTTP/1.1" 304 -
201.245.192.253 - - [13/Jul/2023:04:07:40 -0500] "POST /kwsrmcab/Wsrmcab  HTTP/1.1" 200 42295
172.22.2.4 - - [13/Jul/2023:04:07:58 -0500] "HEAD /BLA/boletinlegal/ HTTP/1.1" 200 -
216.245.221.92 - - [13/Jul/2023:04:09:57 -0500] "HEAD / HTTP/1.1" 200 -
172.22.2.4 - - [13/Jul/2023:04:08:48 -0500] "GET /BLA/boletinlegal/ HTTP/1.1" 200 57272
66.249.70.198 - - [13/Jul/2023:04:12:15 -0500] "-" 408 -
172.22.2.4 - - [13/Jul/2023:04:10:45 -0500] "GET /BLA/boletinlegal/ HTTP/1.1" 200 61779
201.245.192.253 - - [13/Jul/2023:04:12:39 -0500] "POST /kwsrmcab/Wsrmcab  HTTP/1.1" 200 42295
181.53.12.167 - - [13/Jul/2023:04:13:34 -0500] "GET /calidad-del-aire-distrito-avanza-unido-por-un-nuevo-aire.html?utm_source=Meta_DIGI&utm_medium=CPMa&utm_campaign=Aire&utm_id=Julio_2023&fbclid=IwAR1BSiyIEZIlNVwqyeXn8qf8LL06Yp85C3WSwEfUWS1DqZOjT7dzb0_Sln0_aem_AWu4EAxheDyYIyeAr_hPbNrQ012KMgMaLwLF_caI7biRAB41c2icFP3EVm2D7NxUg8Oz2fa8GbIHT2h06CO2NqME HTTP/1.1" 200 783
66.249.66.75 - - [13/Jul/2023:04:14:11 -0500] "-" 408 -
157.90.244.54 - - [13/Jul/2023:04:14:54 -0500] "GET / HTTP/1.1" 200 319
157.90.244.54 - - [13/Jul/2023:04:14:56 -0500] "GET / HTTP/1.1" 200 4720
216.245.221.92 - - [13/Jul/2023:04:14:57 -0500] "HEAD / HTTP/1.1" 200 -
172.22.2.4 - - [13/Jul/2023:04:13:48 -0500] "HEAD /BLA/boletinlegal/ HTTP/1.1" 200 -
172.22.2.4 - - [13/Jul/2023:04:14:38 -0500] "GET /BLA/boletinlegal/ HTTP/1.1" 200 57680
201.245.192.253 - - [13/Jul/2023:04:17:38 -0500] "POST /kwsrmcab/Wsrmcab  HTTP/1.1" 200 42295
205.169.39.254 - - [13/Jul/2023:04:17:53 -0500] "GET /portaldeninos/wp-includes/js/wp-emoji-release.min.js?ver=4.9.8 HTTP/1.1" 200 12026
205.169.39.254 - - [13/Jul/2023:04:17:57 -0500] "GET /portaldeninos/wp-content/plugins/google-analytics-for-wordpress/assets/js/frontend-gtag.min.js?ver=8.5.0 HTTP/1.1" 200 11801
205.169.39.254 - - [13/Jul/2023:04:17:57 -0500] "GET /portaldeninos/wp-includes/js/jquery/jquery.js?ver=1.12.4 HTTP/1.1" 200 97184
157.55.39.216 - - [13/Jul/2023:04:17:59 -0500] "GET /dia-nacional-del-arbol-atributos-y-caracteristicas-de-las-especies-representativas-de-bogota.html HTTP/1.1" 304 -
205.169.39.254 - - [13/Jul/2023:04:17:59 -0500] "GET /portaldeninos/wp-includes/js/jquery/jquery-migrate.min.js?ver=1.4.1 HTTP/1.1" 200 10056
205.169.39.254 - - [13/Jul/2023:04:17:59 -0500] "GET /portaldeninos/wp-includes/js/jquery/ui/core.min.js?ver=1.11.4 HTTP/1.1" 200 4000
205.169.39.254 - - [13/Jul/2023:04:17:59 -0500] "GET /portaldeninos/wp-content/plugins/gallery-videos/JS/modernizr.custom.js?ver=4.9.8 HTTP/1.1" 200 9019
205.169.39.254 - - [13/Jul/2023:04:18:00 -0500] "GET /portaldeninos/wp-content/plugins/gallery-videos/JS/Total-Soft-Gallery-Video-Widget.js?ver=4.9.8 HTTP/1.1" 200 80264
205.169.39.254 - - [13/Jul/2023:04:18:00 -0500] "GET /portaldeninos/wp-includes/js/jquery/ui/widget.min.js?ver=1.11.4 HTTP/1.1" 200 6908
205.169.39.254 - - [13/Jul/2023:04:18:01 -0500] "GET /portaldeninos/wp-includes/js/jquery/ui/mouse.min.js?ver=1.11.4 HTTP/1.1" 200 3148
205.169.39.254 - - [13/Jul/2023:04:18:01 -0500] "GET /portaldeninos/wp-includes/js/jquery/ui/sortable.min.js?ver=1.11.4 HTTP/1.1" 200 24899
205.169.39.254 - - [13/Jul/2023:04:18:01 -0500] "GET /portaldeninos/wp-includes/js/jquery/ui/tabs.min.js?ver=1.11.4 HTTP/1.1" 200 12110
205.169.39.254 - - [13/Jul/2023:04:18:01 -0500] "GET /portaldeninos/wp-includes/js/jquery/ui/accordion.min.js?ver=1.11.4 HTTP/1.1" 200 8584
205.169.39.254 - - [13/Jul/2023:04:18:01 -0500] "GET /portaldeninos/wp-content/themes/betheme/js/plugins.js?ver=20.9.6 HTTP/1.1" 200 197151
205.169.39.254 - - [13/Jul/2023:04:18:03 -0500] "GET /portaldeninos/wp-content/themes/betheme/js/menu.js?ver=20.9.6 HTTP/1.1" 200 2449
205.169.39.254 - - [13/Jul/2023:04:18:04 -0500] "GET /portaldeninos/wp-content/themes/betheme/assets/animations/animations.min.js?ver=20.9.6 HTTP/1.1" 200 1896
205.169.39.254 - - [13/Jul/2023:04:18:04 -0500] "GET /portaldeninos/wp-content/themes/betheme/assets/jplayer/jplayer.min.js?ver=20.9.6 HTTP/1.1" 200 52702
205.169.39.254 - - [13/Jul/2023:04:18:04 -0500] "GET /portaldeninos/wp-content/themes/betheme/js/scripts.js?ver=20.9.6 HTTP/1.1" 200 77162
205.169.39.254 - - [13/Jul/2023:04:18:05 -0500] "GET /portaldeninos/wp-includes/js/wp-embed.min.js?ver=4.9.8 HTTP/1.1" 200 1398
40.77.167.161 - - [13/Jul/2023:04:18:58 -0500] "GET /BLA/resoluciones/AUTOS%202022/0270.pdf HTTP/1.1" 304 -
201.245.192.253 - - [13/Jul/2023:04:19:20 -0500] "POST /kwsrmcab/Wsrmcab HTTP/1.1" 200 43210
201.245.192.253 - - [13/Jul/2023:04:19:23 -0500] "POST /kwsrmcab/Wsrmcab HTTP/1.1" 200 43532
216.245.221.92 - - [13/Jul/2023:04:19:57 -0500] "HEAD / HTTP/1.1" 200 -
172.22.2.4 - - [13/Jul/2023:04:19:38 -0500] "HEAD /BLA/boletinlegal/ HTTP/1.1" 200 -
172.22.2.4 - - [13/Jul/2023:04:20:28 -0500] "GET /BLA/boletinlegal/ HTTP/1.1" 200 57272
201.245.192.253 - - [13/Jul/2023:04:22:37 -0500] "POST /kwsrmcab/Wsrmcab  HTTP/1.1" 200 42295
181.137.162.168 - - [13/Jul/2023:04:23:56 -0500] "GET /calidad-del-aire-distrito-avanza-unido-por-un-nuevo-aire.html?utm_source=Meta_DIGI&utm_medium=CPMa&utm_campaign=Aire&utm_id=Julio_2023 HTTP/1.1" 200 783
216.245.221.92 - - [13/Jul/2023:04:24:57 -0500] "HEAD / HTTP/1.1" 200 -
172.104.234.169 - - [13/Jul/2023:04:25:52 -0500] "GET / HTTP/1.1" 200 319
52.167.144.66 - - [13/Jul/2023:04:26:08 -0500] "GET /mesa-de-mitigacion-y-adaptacion-al-cambio-climatico-cambio-de-habitos-y-reverdecer-de-bogota.html HTTP/1.1" 200 837
172.22.2.4 - - [13/Jul/2023:04:25:28 -0500] "HEAD /BLA/boletinlegal/ HTTP/1.1" 200 -
186.102.37.140 - - [13/Jul/2023:04:27:08 -0500] "GET /calidad-del-aire-distrito-avanza-unido-por-un-nuevo-aire.html?utm_source=Meta_DIGI&utm_medium=CPMa&utm_campaign=Aire&utm_id=Julio_2023 HTTP/1.1" 200 783
201.245.192.253 - - [13/Jul/2023:04:27:36 -0500] "POST /kwsrmcab/Wsrmcab  HTTP/1.1" 200 42295
172.22.2.4 - - [13/Jul/2023:04:26:18 -0500] "GET /BLA/boletinlegal/ HTTP/1.1" 200 57272
201.245.192.253 - - [13/Jul/2023:04:29:20 -0500] "POST /kwsrmcab/Wsrmcab HTTP/1.1" 200 43210
201.245.192.253 - - [13/Jul/2023:04:29:23 -0500] "POST /kwsrmcab/Wsrmcab HTTP/1.1" 200 43532
216.245.221.92 - - [13/Jul/2023:04:29:57 -0500] "HEAD / HTTP/1.1" 200 -
66.249.66.77 - - [13/Jul/2023:04:32:10 -0500] "-" 408 -
201.245.192.253 - - [13/Jul/2023:04:32:35 -0500] "POST /kwsrmcab/Wsrmcab  HTTP/1.1" 200 42295
172.22.2.4 - - [13/Jul/2023:04:31:18 -0500] "HEAD /BLA/boletinlegal/ HTTP/1.1" 200 -
172.22.2.4 - - [13/Jul/2023:04:33:15 -0500] "GET /BLA/boletinlegal/vendor/phpunit/phpunit/src/Util/PHP/eval-stdin.php HTTP/1.1" 404 1018
172.22.2.4 - - [13/Jul/2023:04:32:08 -0500] "GET /BLA/boletinlegal/ HTTP/1.1" 200 57272
191.95.52.129 - - [13/Jul/2023:04:34:35 -0500] "GET /calidad-del-aire-distrito-avanza-unido-por-un-nuevo-aire.html?utm_source=Meta_DIGI&utm_medium=CPMa&utm_campaign=Aire&utm_id=Julio_2023 HTTP/1.1" 200 783
216.245.221.92 - - [13/Jul/2023:04:34:57 -0500] "HEAD / HTTP/1.1" 200 -
186.84.20.151 - - [13/Jul/2023:04:36:07 -0500] "GET /calidad-del-aire-distrito-avanza-unido-por-un-nuevo-aire.html?utm_source=Meta_DIGI&utm_medium=CPMa&utm_campaign=Aire&utm_id=Julio_2023 HTTP/1.1" 200 783
172.22.2.4 - - [13/Jul/2023:04:37:03 -0500] "GET /BLA/boletinlegal/sitemap.xml HTTP/1.1" 404 1037
201.245.192.253 - - [13/Jul/2023:04:37:34 -0500] "POST /kwsrmcab/Wsrmcab  HTTP/1.1" 200 42295
191.156.146.116 - - [13/Jul/2023:04:37:48 -0500] "GET /calidad-del-aire-distrito-avanza-unido-por-un-nuevo-aire.html?utm_source=Meta_DIGI&utm_medium=CPMa&utm_campaign=Aire&utm_id=Julio_2023&fbclid=IwAR1zA9MH_hnEed1vu361UIFG7xdiGfAiSwa5jUR8LWOUPf3AeRjp-BT6cr0_aem_AWtFlSeFJDRe1nVns6EwOBGL_WtB3-2Tnmsqp6jjTKYdNkTMiuWN4hu6LSsXukIiJ-DQup4E8f-7oj2uIZbJwxMQ HTTP/1.1" 200 783
191.156.149.174 - - [13/Jul/2023:04:38:12 -0500] "GET /calidad-del-aire-distrito-avanza-unido-por-un-nuevo-aire.html?utm_source=Meta_DIGI&utm_medium=CPMa&utm_campaign=Aire&utm_id=Julio_2023&fbclid=IwAR018lLy4SH8y8CPPZkiiuR957_bLq1gJ0CRndlWG6MC_8n5vbDA6g6L5YA_aem_AWu9MYDA_ceik0sSxlsDYcNz9wUBY6tFFTr_NGSIDXkf86y6nfMAZio_RBtGzDmNnnj_572mffTJmPkfpY90NfY5 HTTP/1.1" 200 783
65.154.226.166 - - [13/Jul/2023:04:38:30 -0500] "GET /portaldeninos/wp-content/themes/betheme/style.css?ver=20.9.6 HTTP/1.1" 200 287
65.154.226.166 - - [13/Jul/2023:04:38:30 -0500] "GET /portaldeninos/wp-content/uploads/useanyfont/uaf.css?ver=1589905315 HTTP/1.1" 200 408
65.154.226.166 - - [13/Jul/2023:04:38:30 -0500] "GET /portaldeninos/wp-content/plugins/gallery-videos/CSS/totalsoft.css?ver=4.9.8 HTTP/1.1" 200 40622
65.154.226.166 - - [13/Jul/2023:04:38:30 -0500] "GET /portaldeninos/wp-content/plugins/gallery-videos/CSS/Total-Soft-Gallery-Video-Widget.css?ver=4.9.8 HTTP/1.1" 200 51554
65.154.226.166 - - [13/Jul/2023:04:38:30 -0500] "GET /portaldeninos/wp-content/themes/betheme/css/base.css?ver=20.9.6 HTTP/1.1" 200 57283
65.154.226.166 - - [13/Jul/2023:04:38:30 -0500] "GET /portaldeninos/wp-content/themes/betheme/assets/animations/animations.min.css?ver=20.9.6 HTTP/1.1" 200 58508
65.154.226.166 - - [13/Jul/2023:04:38:30 -0500] "GET /portaldeninos/wp-content/themes/betheme/assets/ui/jquery.ui.all.css?ver=20.9.6 HTTP/1.1" 200 18765
65.154.226.166 - - [13/Jul/2023:04:38:30 -0500] "GET /portaldeninos/wp-content/themes/betheme/css/layout.css?ver=20.9.6 HTTP/1.1" 200 116639
65.154.226.166 - - [13/Jul/2023:04:38:30 -0500] "GET /portaldeninos/wp-content/themes/betheme/assets/jplayer/css/jplayer.blue.monday.css?ver=20.9.6 HTTP/1.1" 200 9834
65.154.226.166 - - [13/Jul/2023:04:38:31 -0500] "GET /portaldeninos/wp-includes/js/jquery/ui/core.min.js?ver=1.11.4 HTTP/1.1" 200 4000
65.154.226.166 - - [13/Jul/2023:04:38:31 -0500] "GET /portaldeninos/wp-includes/js/jquery/jquery-migrate.min.js?ver=1.4.1 HTTP/1.1" 200 10056
65.154.226.166 - - [13/Jul/2023:04:38:30 -0500] "GET /portaldeninos/wp-content/themes/betheme/css/shortcodes.css?ver=20.9.6 HTTP/1.1" 200 138889
65.154.226.166 - - [13/Jul/2023:04:38:31 -0500] "GET /portaldeninos/wp-content/plugins/google-analytics-for-wordpress/assets/js/frontend-gtag.min.js?ver=8.5.0 HTTP/1.1" 200 11801
65.154.226.166 - - [13/Jul/2023:04:38:30 -0500] "GET /portaldeninos/wp-content/themes/betheme/css/responsive.css?ver=20.9.6 HTTP/1.1" 200 55740
65.154.226.166 - - [13/Jul/2023:04:38:31 -0500] "GET /portaldeninos/wp-content/plugins/gallery-videos/JS/modernizr.custom.js?ver=4.9.8 HTTP/1.1" 200 9019
65.154.226.166 - - [13/Jul/2023:04:38:31 -0500] "GET /portaldeninos/wp-includes/js/jquery/ui/widget.min.js?ver=1.11.4 HTTP/1.1" 200 6908
65.154.226.166 - - [13/Jul/2023:04:38:31 -0500] "GET /portaldeninos/wp-includes/js/jquery/ui/mouse.min.js?ver=1.11.4 HTTP/1.1" 200 3148
65.154.226.166 - - [13/Jul/2023:04:38:31 -0500] "GET /portaldeninos/wp-includes/js/jquery/jquery.js?ver=1.12.4 HTTP/1.1" 200 97184
65.154.226.166 - - [13/Jul/2023:04:38:31 -0500] "GET /portaldeninos/wp-includes/js/jquery/ui/accordion.min.js?ver=1.11.4 HTTP/1.1" 200 8584
65.154.226.166 - - [13/Jul/2023:04:38:31 -0500] "GET /portaldeninos/wp-content/plugins/gallery-videos/JS/Total-Soft-Gallery-Video-Widget.js?ver=4.9.8 HTTP/1.1" 200 80264
65.154.226.166 - - [13/Jul/2023:04:38:31 -0500] "GET /portaldeninos/wp-includes/js/jquery/ui/tabs.min.js?ver=1.11.4 HTTP/1.1" 200 12110
65.154.226.166 - - [13/Jul/2023:04:38:31 -0500] "GET /portaldeninos/wp-content/themes/betheme/assets/animations/animations.min.js?ver=20.9.6 HTTP/1.1" 200 1896
65.154.226.166 - - [13/Jul/2023:04:38:31 -0500] "GET /portaldeninos/wp-includes/js/jquery/ui/sortable.min.js?ver=1.11.4 HTTP/1.1" 200 24899
65.154.226.166 - - [13/Jul/2023:04:38:31 -0500] "GET /portaldeninos/wp-includes/js/wp-embed.min.js?ver=4.9.8 HTTP/1.1" 200 1398
65.154.226.166 - - [13/Jul/2023:04:38:31 -0500] "GET /portaldeninos/wp-content/themes/betheme/js/menu.js?ver=20.9.6 HTTP/1.1" 200 2449
65.154.226.166 - - [13/Jul/2023:04:38:31 -0500] "GET /portaldeninos/wp-content/themes/betheme/assets/jplayer/jplayer.min.js?ver=20.9.6 HTTP/1.1" 200 52702
65.154.226.166 - - [13/Jul/2023:04:38:31 -0500] "GET /portaldeninos/wp-content/themes/betheme/images/box_shadow.png HTTP/1.1" 200 108
65.154.226.166 - - [13/Jul/2023:04:38:31 -0500] "GET /portaldeninos/wp-content/themes/betheme/js/scripts.js?ver=20.9.6 HTTP/1.1" 200 77162
65.154.226.166 - - [13/Jul/2023:04:38:31 -0500] "GET /portaldeninos/wp-includes/js/wp-emoji-release.min.js?ver=4.9.8 HTTP/1.1" 200 12026
65.154.226.166 - - [13/Jul/2023:04:38:31 -0500] "GET /portaldeninos/wp-content/themes/betheme/js/plugins.js?ver=20.9.6 HTTP/1.1" 200 197151
65.154.226.166 - - [13/Jul/2023:04:38:31 -0500] "GET /portaldeninos/wp-content/themes/betheme/fonts/mfn-icons.woff?93978679 HTTP/1.1" 200 80932
172.22.2.4 - - [13/Jul/2023:04:37:08 -0500] "HEAD /BLA/boletinlegal/ HTTP/1.1" 200 -
201.245.192.253 - - [13/Jul/2023:04:39:20 -0500] "POST /kwsrmcab/Wsrmcab HTTP/1.1" 200 43210
201.245.192.253 - - [13/Jul/2023:04:39:23 -0500] "POST /kwsrmcab/Wsrmcab HTTP/1.1" 200 43532
172.22.2.4 - - [13/Jul/2023:04:37:58 -0500] "GET /BLA/boletinlegal/ HTTP/1.1" 200 57272
66.249.70.198 - - [13/Jul/2023:04:39:39 -0500] "-" 408 -
216.245.221.92 - - [13/Jul/2023:04:39:57 -0500] "HEAD / HTTP/1.1" 200 -
52.167.144.56 - - [13/Jul/2023:04:40:22 -0500] "-" 408 -
191.67.134.181 - - [13/Jul/2023:04:40:35 -0500] "GET /calidad-del-aire-distrito-avanza-unido-por-un-nuevo-aire.html?utm_source=Meta_DIGI&utm_medium=CPMa&utm_campaign=Aire&utm_id=Julio_2023&fbclid=IwAR2f3fxBA8actayDc6TDuqRVS742skkpxT2h7SJW1I5gYZDULQICx1H8KyU_aem_AWsvJKNlMKzoru5Pm-Vnoqc7_9hzB3jZ-UG0k1Hj87cXw5vi7VRlGlx-BduKz-LYkwfq1LczTVHcXW03YDePINhe HTTP/1.1" 200 783
66.249.66.192 - - [13/Jul/2023:04:40:54 -0500] "GET /distrito-firma-siete-nuevos-pagos-por-servicios-ambientales-en-la-ruralidad-de-bogota-ya-van-mas-de- HTTP/1.1" 404 1034
66.249.66.75 - - [13/Jul/2023:04:41:10 -0500] "-" 408 -
181.53.13.155 - - [13/Jul/2023:04:41:13 -0500] "GET /calidad-del-aire-distrito-avanza-unido-por-un-nuevo-aire.html?utm_source=Meta_DIGI&utm_medium=CPMa&utm_campaign=Aire&utm_id=Julio_2023 HTTP/1.1" 200 783
181.53.13.155 - - [13/Jul/2023:04:41:13 -0500] "GET /favicon.ico HTTP/1.1" 404 1566
201.245.192.253 - - [13/Jul/2023:04:42:33 -0500] "POST /kwsrmcab/Wsrmcab  HTTP/1.1" 200 42295
172.22.2.4 - - [13/Jul/2023:04:42:58 -0500] "HEAD /BLA/boletinlegal/ HTTP/1.1" 200 -
216.245.221.92 - - [13/Jul/2023:04:44:57 -0500] "HEAD / HTTP/1.1" 200 -
172.22.2.4 - - [13/Jul/2023:04:43:48 -0500] "GET /BLA/boletinlegal/ HTTP/1.1" 200 54453
66.249.70.196 - - [13/Jul/2023:04:46:11 -0500] "-" 408 -
186.29.205.7 - - [13/Jul/2023:04:47:23 -0500] "GET /calidad-del-aire-distrito-avanza-unido-por-un-nuevo-aire.html?utm_source=Meta_DIGI&utm_medium=CPMa&utm_campaign=Aire&utm_id=Julio_2023&fbclid=IwAR2Xlgv_A7G8Uwi6D0O42If3RNbbpJE-D9sxw5ovDhOw5lgWqbLvdY1o5Xo_aem_AWv4V5RvJeejLhjMwTOu5Y_3AvCFWjivd-o1ffwOVDPIhm6p1YnB6Qf8FbWMNFk5AiJlOU9kaLVApuQVWcIdKoKv HTTP/1.1" 200 783
201.245.192.253 - - [13/Jul/2023:04:47:32 -0500] "POST /kwsrmcab/Wsrmcab  HTTP/1.1" 200 42295
216.245.221.92 - - [13/Jul/2023:04:49:57 -0500] "HEAD / HTTP/1.1" 200 -
191.156.148.1 - - [13/Jul/2023:04:50:26 -0500] "GET /calidad-del-aire-distrito-avanza-unido-por-un-nuevo-aire.html?utm_source=Meta_DIGI&utm_medium=CPMa&utm_campaign=Aire&utm_id=Julio_2023 HTTP/1.1" 200 783
172.22.2.4 - - [13/Jul/2023:04:48:48 -0500] "HEAD /BLA/boletinlegal/ HTTP/1.1" 200 -
172.22.2.4 - - [13/Jul/2023:04:49:38 -0500] "GET /BLA/boletinlegal/ HTTP/1.1" 200 56816
201.245.192.253 - - [13/Jul/2023:04:52:31 -0500] "POST /kwsrmcab/Wsrmcab  HTTP/1.1" 200 42295
52.167.144.100 - - [13/Jul/2023:04:54:22 -0500] "GET /BLA/resoluciones/AUTOS%202021/2023.pdf HTTP/1.1" 304 -
216.245.221.92 - - [13/Jul/2023:04:54:57 -0500] "HEAD / HTTP/1.1" 200 -
172.22.2.4 - - [13/Jul/2023:04:54:38 -0500] "HEAD /BLA/boletinlegal/ HTTP/1.1" 200 -
172.22.2.4 - - [13/Jul/2023:04:55:28 -0500] "GET /BLA/boletinlegal/ HTTP/1.1" 200 57272
201.245.192.253 - - [13/Jul/2023:04:57:30 -0500] "POST /kwsrmcab/Wsrmcab  HTTP/1.1" 200 42295
40.77.167.161 - - [13/Jul/2023:04:59:51 -0500] "GET /BLA/resoluciones/AUTOS%202021/5310.pdf HTTP/1.1" 304 -
216.245.221.92 - - [13/Jul/2023:04:59:57 -0500] "HEAD / HTTP/1.1" 200 -
66.220.149.117 - - [13/Jul/2023:05:01:10 -0500] "GET /calidad-del-aire-distrito-avanza-unido-por-un-nuevo-aire.html?utm_id=Julio_2023 HTTP/1.1" 206 783
173.252.95.118 - - [13/Jul/2023:05:01:11 -0500] "GET /calidad-del-aire-distrito-avanza-unido-por-un-nuevo-aire.html?utm_id=Julio_2023 HTTP/1.1" 206 783
172.22.2.4 - - [13/Jul/2023:05:00:28 -0500] "HEAD /BLA/boletinlegal/ HTTP/1.1" 200 -
201.245.192.253 - - [13/Jul/2023:05:02:29 -0500] "POST /kwsrmcab/Wsrmcab  HTTP/1.1" 200 42295
172.22.2.4 - - [13/Jul/2023:05:01:18 -0500] "GET /BLA/boletinlegal/ HTTP/1.1" 200 57680
216.245.221.92 - - [13/Jul/2023:05:04:57 -0500] "HEAD / HTTP/1.1" 200 -
172.22.2.4 - - [13/Jul/2023:05:03:32 -0500] "GET /BLA/boletinlegal/ HTTP/1.1" 200 61779
205.169.39.254 - - [13/Jul/2023:05:06:31 -0500] "GET /portaldeninos/wp-includes/js/wp-emoji-release.min.js?ver=4.9.8 HTTP/1.1" 200 12026
205.169.39.254 - - [13/Jul/2023:05:06:31 -0500] "GET /portaldeninos/wp-content/plugins/google-analytics-for-wordpress/assets/js/frontend-gtag.min.js?ver=8.5.0 HTTP/1.1" 200 11801
205.169.39.254 - - [13/Jul/2023:05:06:31 -0500] "GET /portaldeninos/wp-includes/js/jquery/jquery.js?ver=1.12.4 HTTP/1.1" 200 97184
205.169.39.254 - - [13/Jul/2023:05:06:32 -0500] "GET /portaldeninos/wp-includes/js/jquery/jquery-migrate.min.js?ver=1.4.1 HTTP/1.1" 200 10056
205.169.39.254 - - [13/Jul/2023:05:06:32 -0500] "GET /portaldeninos/wp-includes/js/jquery/ui/core.min.js?ver=1.11.4 HTTP/1.1" 200 4000
205.169.39.254 - - [13/Jul/2023:05:06:32 -0500] "GET /portaldeninos/wp-content/plugins/gallery-videos/JS/modernizr.custom.js?ver=4.9.8 HTTP/1.1" 200 9019
205.169.39.254 - - [13/Jul/2023:05:06:32 -0500] "GET /portaldeninos/wp-content/plugins/gallery-videos/JS/Total-Soft-Gallery-Video-Widget.js?ver=4.9.8 HTTP/1.1" 200 80264
205.169.39.254 - - [13/Jul/2023:05:06:32 -0500] "GET /portaldeninos/wp-includes/js/jquery/ui/widget.min.js?ver=1.11.4 HTTP/1.1" 200 6908
205.169.39.254 - - [13/Jul/2023:05:06:33 -0500] "GET /portaldeninos/wp-includes/js/jquery/ui/mouse.min.js?ver=1.11.4 HTTP/1.1" 200 3148
205.169.39.254 - - [13/Jul/2023:05:06:33 -0500] "GET /portaldeninos/wp-includes/js/jquery/ui/sortable.min.js?ver=1.11.4 HTTP/1.1" 200 24899
205.169.39.254 - - [13/Jul/2023:05:06:33 -0500] "GET /portaldeninos/wp-includes/js/jquery/ui/tabs.min.js?ver=1.11.4 HTTP/1.1" 200 12110
205.169.39.254 - - [13/Jul/2023:05:06:33 -0500] "GET /portaldeninos/wp-includes/js/jquery/ui/accordion.min.js?ver=1.11.4 HTTP/1.1" 200 8584
205.169.39.254 - - [13/Jul/2023:05:06:34 -0500] "GET /portaldeninos/wp-content/themes/betheme/js/plugins.js?ver=20.9.6 HTTP/1.1" 200 197151
205.169.39.254 - - [13/Jul/2023:05:06:34 -0500] "GET /portaldeninos/wp-content/themes/betheme/js/menu.js?ver=20.9.6 HTTP/1.1" 200 2449
205.169.39.254 - - [13/Jul/2023:05:06:34 -0500] "GET /portaldeninos/wp-content/themes/betheme/assets/animations/animations.min.js?ver=20.9.6 HTTP/1.1" 200 1896
205.169.39.254 - - [13/Jul/2023:05:06:35 -0500] "GET /portaldeninos/wp-content/themes/betheme/assets/jplayer/jplayer.min.js?ver=20.9.6 HTTP/1.1" 200 52702
205.169.39.254 - - [13/Jul/2023:05:06:35 -0500] "GET /portaldeninos/wp-content/themes/betheme/js/scripts.js?ver=20.9.6 HTTP/1.1" 200 77162
205.169.39.254 - - [13/Jul/2023:05:06:35 -0500] "GET /portaldeninos/wp-includes/js/wp-embed.min.js?ver=4.9.8 HTTP/1.1" 200 1398
66.249.70.198 - - [13/Jul/2023:05:06:42 -0500] "-" 408 -
3.88.221.20 - - [13/Jul/2023:05:06:42 -0500] "GET /en-julio-programate-para-asistir-a-las-caminatas-ecologicas-y-conectarte-con-la-naturaleza.html HTTP/1.1" 200 773
3.88.221.20 - - [13/Jul/2023:05:07:23 -0500] "GET /portaldeninos/ HTTP/1.1" 200 110197
172.22.2.4 - - [13/Jul/2023:05:07:27 -0500] "GET /BLA/boletinlegal/actos.php HTTP/1.1" 200 9682
201.245.192.253 - - [13/Jul/2023:05:07:28 -0500] "POST /kwsrmcab/Wsrmcab  HTTP/1.1" 200 42295
52.167.144.100 - - [13/Jul/2023:05:07:50 -0500] "GET /Publicaciones/2023EE120408.pdf HTTP/1.1" 404 228
172.22.2.4 - - [13/Jul/2023:05:06:18 -0500] "HEAD /BLA/boletinlegal/ HTTP/1.1" 200 -
172.22.2.4 - - [13/Jul/2023:05:07:08 -0500] "GET /BLA/boletinlegal/ HTTP/1.1" 200 57272
162.55.175.158 - - [13/Jul/2023:05:09:16 -0500] "GET / HTTP/1.1" 200 319
162.55.175.158 - - [13/Jul/2023:05:09:16 -0500] "GET / HTTP/1.1" 200 4720
172.22.2.4 - - [13/Jul/2023:05:09:37 -0500] "GET /BLA/boletinlegal/favicon.ico HTTP/1.1" 404 1038
216.245.221.92 - - [13/Jul/2023:05:09:57 -0500] "HEAD / HTTP/1.1" 200 -
201.245.192.253 - - [13/Jul/2023:05:12:27 -0500] "POST /kwsrmcab/Wsrmcab  HTTP/1.1" 200 42295
172.22.2.4 - - [13/Jul/2023:05:12:08 -0500] "HEAD /BLA/boletinlegal/ HTTP/1.1" 200 -
65.154.226.170 - - [13/Jul/2023:05:14:07 -0500] "GET /portaldeninos/wp-content/uploads/useanyfont/uaf.css?ver=1589905315 HTTP/1.1" 200 408
65.154.226.170 - - [13/Jul/2023:05:14:07 -0500] "GET /portaldeninos/wp-content/themes/betheme/style.css?ver=20.9.6 HTTP/1.1" 200 287
65.154.226.170 - - [13/Jul/2023:05:14:07 -0500] "GET /portaldeninos/wp-content/themes/betheme/css/layout.css?ver=20.9.6 HTTP/1.1" 200 116639
65.154.226.170 - - [13/Jul/2023:05:14:07 -0500] "GET /portaldeninos/wp-content/plugins/gallery-videos/CSS/totalsoft.css?ver=4.9.8 HTTP/1.1" 200 40622
65.154.226.170 - - [13/Jul/2023:05:14:07 -0500] "GET /portaldeninos/wp-content/themes/betheme/css/base.css?ver=20.9.6 HTTP/1.1" 200 57283
65.154.226.170 - - [13/Jul/2023:05:14:07 -0500] "GET /portaldeninos/wp-content/plugins/gallery-videos/CSS/Total-Soft-Gallery-Video-Widget.css?ver=4.9.8 HTTP/1.1" 200 51554
65.154.226.170 - - [13/Jul/2023:05:14:10 -0500] "GET /portaldeninos/wp-content/themes/betheme/assets/animations/animations.min.css?ver=20.9.6 HTTP/1.1" 200 58508
65.154.226.170 - - [13/Jul/2023:05:14:09 -0500] "GET /portaldeninos/wp-content/themes/betheme/css/shortcodes.css?ver=20.9.6 HTTP/1.1" 200 138889
65.154.226.170 - - [13/Jul/2023:05:14:11 -0500] "GET /portaldeninos/wp-content/themes/betheme/assets/ui/jquery.ui.all.css?ver=20.9.6 HTTP/1.1" 200 18765
65.154.226.170 - - [13/Jul/2023:05:14:11 -0500] "GET /portaldeninos/wp-content/themes/betheme/assets/jplayer/css/jplayer.blue.monday.css?ver=20.9.6 HTTP/1.1" 200 9834
65.154.226.170 - - [13/Jul/2023:05:14:12 -0500] "GET /portaldeninos/wp-includes/js/jquery/jquery-migrate.min.js?ver=1.4.1 HTTP/1.1" 200 10056
65.154.226.170 - - [13/Jul/2023:05:14:12 -0500] "GET /portaldeninos/wp-includes/js/jquery/ui/core.min.js?ver=1.11.4 HTTP/1.1" 200 4000
65.154.226.170 - - [13/Jul/2023:05:14:11 -0500] "GET /portaldeninos/wp-content/themes/betheme/css/responsive.css?ver=20.9.6 HTTP/1.1" 200 55740
65.154.226.170 - - [13/Jul/2023:05:14:12 -0500] "GET /portaldeninos/wp-content/plugins/gallery-videos/JS/modernizr.custom.js?ver=4.9.8 HTTP/1.1" 200 9019
65.154.226.170 - - [13/Jul/2023:05:14:12 -0500] "GET /portaldeninos/wp-content/plugins/google-analytics-for-wordpress/assets/js/frontend-gtag.min.js?ver=8.5.0 HTTP/1.1" 200 11801
65.154.226.170 - - [13/Jul/2023:05:14:12 -0500] "GET /portaldeninos/wp-includes/js/jquery/ui/widget.min.js?ver=1.11.4 HTTP/1.1" 200 6908
65.154.226.170 - - [13/Jul/2023:05:14:12 -0500] "GET /portaldeninos/wp-includes/js/jquery/ui/mouse.min.js?ver=1.11.4 HTTP/1.1" 200 3148
65.154.226.170 - - [13/Jul/2023:05:14:12 -0500] "GET /portaldeninos/wp-includes/js/jquery/ui/accordion.min.js?ver=1.11.4 HTTP/1.1" 200 8584
65.154.226.170 - - [13/Jul/2023:05:14:12 -0500] "GET /portaldeninos/wp-includes/js/jquery/ui/tabs.min.js?ver=1.11.4 HTTP/1.1" 200 12110
65.154.226.170 - - [13/Jul/2023:05:14:12 -0500] "GET /portaldeninos/wp-content/themes/betheme/js/menu.js?ver=20.9.6 HTTP/1.1" 200 2449
65.154.226.170 - - [13/Jul/2023:05:14:12 -0500] "GET /portaldeninos/wp-content/themes/betheme/assets/animations/animations.min.js?ver=20.9.6 HTTP/1.1" 200 1896
65.154.226.170 - - [13/Jul/2023:05:14:12 -0500] "GET /portaldeninos/wp-content/plugins/gallery-videos/JS/Total-Soft-Gallery-Video-Widget.js?ver=4.9.8 HTTP/1.1" 200 80264
65.154.226.170 - - [13/Jul/2023:05:14:12 -0500] "GET /portaldeninos/wp-includes/js/wp-embed.min.js?ver=4.9.8 HTTP/1.1" 200 1398
65.154.226.170 - - [13/Jul/2023:05:14:12 -0500] "GET /portaldeninos/wp-includes/js/jquery/ui/sortable.min.js?ver=1.11.4 HTTP/1.1" 200 24899
65.154.226.170 - - [13/Jul/2023:05:14:12 -0500] "GET /portaldeninos/wp-content/themes/betheme/js/scripts.js?ver=20.9.6 HTTP/1.1" 200 77162
65.154.226.170 - - [13/Jul/2023:05:14:12 -0500] "GET /portaldeninos/wp-content/themes/betheme/assets/jplayer/jplayer.min.js?ver=20.9.6 HTTP/1.1" 200 52702
65.154.226.170 - - [13/Jul/2023:05:14:12 -0500] "GET /portaldeninos/wp-includes/js/jquery/jquery.js?ver=1.12.4 HTTP/1.1" 200 97184
65.154.226.170 - - [13/Jul/2023:05:14:13 -0500] "GET /portaldeninos/wp-content/themes/betheme/images/box_shadow.png HTTP/1.1" 200 108
65.154.226.170 - - [13/Jul/2023:05:14:13 -0500] "GET /portaldeninos/wp-includes/js/wp-emoji-release.min.js?ver=4.9.8 HTTP/1.1" 200 12026
65.154.226.170 - - [13/Jul/2023:05:14:13 -0500] "GET /portaldeninos/wp-content/themes/betheme/fonts/mfn-icons.woff?93978679 HTTP/1.1" 200 80932
65.154.226.170 - - [13/Jul/2023:05:14:12 -0500] "GET /portaldeninos/wp-content/themes/betheme/js/plugins.js?ver=20.9.6 HTTP/1.1" 200 197151
172.22.2.4 - - [13/Jul/2023:05:12:58 -0500] "GET /BLA/boletinlegal/ HTTP/1.1" 200 59192
216.245.221.92 - - [13/Jul/2023:05:14:57 -0500] "HEAD / HTTP/1.1" 200 -
201.245.192.253 - - [13/Jul/2023:05:17:26 -0500] "POST /kwsrmcab/Wsrmcab  HTTP/1.1" 200 42295
201.245.192.253 - - [13/Jul/2023:05:19:20 -0500] "POST /kwsrmcab/Wsrmcab HTTP/1.1" 200 43357
201.245.192.253 - - [13/Jul/2023:05:19:23 -0500] "POST /kwsrmcab/Wsrmcab HTTP/1.1" 200 43530
172.22.2.4 - - [13/Jul/2023:05:17:58 -0500] "HEAD /BLA/boletinlegal/ HTTP/1.1" 200 -
216.245.221.92 - - [13/Jul/2023:05:19:57 -0500] "HEAD / HTTP/1.1" 200 -
172.22.2.4 - - [13/Jul/2023:05:18:48 -0500] "GET /BLA/boletinlegal/ HTTP/1.1" 200 57680
200.118.61.113 - - [13/Jul/2023:05:20:55 -0500] "GET /calidad-del-aire-distrito-avanza-unido-por-un-nuevo-aire.html?utm_source=Meta_DIGI&utm_medium=CPMa&utm_campaign=Aire&utm_id=Julio_2023 HTTP/1.1" 200 783
201.245.192.253 - - [13/Jul/2023:05:22:25 -0500] "POST /kwsrmcab/Wsrmcab  HTTP/1.1" 200 42295
216.245.221.92 - - [13/Jul/2023:05:24:57 -0500] "HEAD / HTTP/1.1" 200 -
191.156.144.179 - - [13/Jul/2023:05:25:04 -0500] "GET /calidad-del-aire-distrito-avanza-unido-por-un-nuevo-aire.html?utm_source=Meta_DIGI&utm_medium=CPMa&utm_campaign=Aire&utm_id=Julio_2023 HTTP/1.1" 200 783
191.156.145.150 - - [13/Jul/2023:05:25:19 -0500] "GET /calidad-del-aire-distrito-avanza-unido-por-un-nuevo-aire.html?utm_source=Meta_DIGI&utm_medium=CPMa&utm_campaign=Aire&utm_id=Julio_2023&fbclid=IwAR1HtUvnbj54aj3XjxxlzV6lDBEWQ0CvQaInHC1u_oBn1Sbrem_LLCgJioI_aem_AWt6JrcvGZoP1eGxINuVQYncymkEmA456Kk3OQ7As3xyiAaxeKA92xtxuw1HN_iaHaAXL9hsh6e7JrlNExY-ySFW HTTP/1.1" 200 783
172.22.2.4 - - [13/Jul/2023:05:23:48 -0500] "HEAD /BLA/boletinlegal/ HTTP/1.1" 200 -
181.61.67.201 - - [13/Jul/2023:05:25:32 -0500] "GET /calidad-del-aire-distrito-avanza-unido-por-un-nuevo-aire.html?utm_source=Meta_DIGI&utm_medium=CPMa&utm_campaign=Aire&utm_id=Julio_2023&fbclid=IwAR0iFb0JWFALAcUE4wFWW_uotat_wTHC8SqYwIEtXTyYHEz-RahNnrUADVo_aem_AWsUDhcUUVO_Xp0q1_ECYXPWuYhDa84qk6H_cstDgzThii0w4LdJi0z_f-ZM02nfnzK9ilOt6b28p7p69QzBAqI8 HTTP/1.1" 200 783
172.22.2.4 - - [13/Jul/2023:05:24:38 -0500] "GET /BLA/boletinlegal/ HTTP/1.1" 200 55337
40.77.167.161 - - [13/Jul/2023:05:27:15 -0500] "GET /BLA/resoluciones/AUTOS%202017/0280.pdf HTTP/1.1" 200 555681
201.245.192.253 - - [13/Jul/2023:05:27:24 -0500] "POST /kwsrmcab/Wsrmcab  HTTP/1.1" 200 42295
201.245.192.253 - - [13/Jul/2023:05:29:20 -0500] "POST /kwsrmcab/Wsrmcab HTTP/1.1" 200 43357
201.245.192.253 - - [13/Jul/2023:05:29:23 -0500] "POST /kwsrmcab/Wsrmcab HTTP/1.1" 200 43530
172.22.2.4 - - [13/Jul/2023:05:29:39 -0500] "GET /BLA/boletinlegal/Directivas/2017/Directiva%20No.%2001%20del%2017%20de%20Enero%20de%202017.pdf HTTP/1.1" 200 2804310
216.245.221.92 - - [13/Jul/2023:05:29:57 -0500] "HEAD / HTTP/1.1" 200 -
172.22.2.4 - - [13/Jul/2023:05:29:38 -0500] "HEAD /BLA/boletinlegal/ HTTP/1.1" 200 -
172.22.2.4 - - [13/Jul/2023:05:30:28 -0500] "GET /BLA/boletinlegal/ HTTP/1.1" 200 57272
201.245.192.253 - - [13/Jul/2023:05:32:23 -0500] "POST /kwsrmcab/Wsrmcab  HTTP/1.1" 200 42295
52.76.113.235 - - [13/Jul/2023:05:32:29 -0500] "GET /transparencia/financiera/Desagregado%20con%20modificaciones/? HTTP/1.1" 404 1464
52.76.113.235 - - [13/Jul/2023:05:32:31 -0500] "GET /transparencia/financiera/Desagregado%20con%20modificaciones/? HTTP/1.1" 404 1464
186.102.24.44 - - [13/Jul/2023:05:32:38 -0500] "GET /calidad-del-aire-distrito-avanza-unido-por-un-nuevo-aire.html?utm_source=Meta_DIGI&utm_medium=CPMa&utm_campaign=Aire&utm_id=Julio_2023 HTTP/1.1" 200 783
191.75.17.154 - - [13/Jul/2023:05:33:18 -0500] "GET /calidad-del-aire-distrito-avanza-unido-por-un-nuevo-aire.html?utm_source=Meta_DIGI&utm_medium=CPMa&utm_campaign=Aire&utm_id=Julio_2023&fbclid=IwAR1uSOo-77q7mmxHh0ykz9Xw8Pr5A_ghY6Opm9leljmmjV97QNYMpTwWLYA_aem_AWsM0_6Yi27hulXObR8HSxCogGAnALGQrQXRnjr5-CXuExg1MlIGzVoUiIrWWeELAhrGYWurmskvNiSejDLnEF8F HTTP/1.1" 200 783
52.167.144.28 - - [13/Jul/2023:05:33:34 -0500] "GET /BLA/resoluciones/AUTOS%202021/2677.pdf HTTP/1.1" 304 -
52.167.144.100 - - [13/Jul/2023:05:34:23 -0500] "GET /Publicaciones/2023EE132284.pdf HTTP/1.1" 404 228
216.245.221.92 - - [13/Jul/2023:05:34:57 -0500] "HEAD / HTTP/1.1" 200 -
198.235.24.137 - - [13/Jul/2023:05:35:07 -0500] "GET / HTTP/1.0" 200 319
173.252.107.8 - - [13/Jul/2023:05:35:40 -0500] "GET /bogota-se-la-juega-por-las-mujeres-emprendedoras-de-bogota-es-mi-huerta-y-mujeres-que-reverdecen-expusieron-sus-proyectos-productivos.html HTTP/1.1" 200 985
172.22.2.4 - - [13/Jul/2023:05:35:28 -0500] "HEAD /BLA/boletinlegal/ HTTP/1.1" 200 -
172.22.2.4 - - [13/Jul/2023:05:37:16 -0500] "GET /BLA/boletinlegal/Circulares/2012/Circular%20No.%209%20del%2021%20de%20Agosto%20de%202012.pdf HTTP/1.1" 304 -
201.245.192.253 - - [13/Jul/2023:05:37:21 -0500] "POST /kwsrmcab/Wsrmcab  HTTP/1.1" 200 42295
172.22.2.4 - - [13/Jul/2023:05:36:18 -0500] "GET /BLA/boletinlegal/ HTTP/1.1" 200 56816
172.22.2.4 - - [13/Jul/2023:05:39:02 -0500] "GET /BLA/boletinlegal/styles2.css HTTP/1.1" 200 1838
172.22.2.4 - - [13/Jul/2023:05:39:03 -0500] "GET /BLA/boletinlegal/js/popup.js HTTP/1.1" 200 1270
201.245.192.253 - - [13/Jul/2023:05:39:20 -0500] "POST /kwsrmcab/Wsrmcab HTTP/1.1" 200 43357
201.245.192.253 - - [13/Jul/2023:05:39:23 -0500] "POST /kwsrmcab/Wsrmcab HTTP/1.1" 200 43530
216.245.221.92 - - [13/Jul/2023:05:39:56 -0500] "HEAD / HTTP/1.1" 200 -
201.245.192.253 - - [13/Jul/2023:05:42:21 -0500] "POST /kwsrmcab/Wsrmcab  HTTP/1.1" 200 42295
186.29.105.59 - - [13/Jul/2023:05:42:29 -0500] "GET /calidad-del-aire-distrito-avanza-unido-por-un-nuevo-aire.html?utm_source=Meta_DIGI&utm_medium=CPMa&utm_campaign=Aire&utm_id=Julio_2023 HTTP/1.1" 200 783
191.156.148.194 - - [13/Jul/2023:05:42:36 -0500] "GET /calidad-del-aire-distrito-avanza-unido-por-un-nuevo-aire.html?utm_source=Meta_DIGI&utm_medium=CPMa&utm_campaign=Aire&utm_id=Julio_2023 HTTP/1.1" 200 783
172.22.2.4 - - [13/Jul/2023:05:41:18 -0500] "HEAD /BLA/boletinlegal/ HTTP/1.1" 200 -
205.169.39.254 - - [13/Jul/2023:05:43:28 -0500] "GET /portaldeninos/wp-includes/js/wp-emoji-release.min.js?ver=4.9.8 HTTP/1.1" 200 12026
205.169.39.254 - - [13/Jul/2023:05:43:32 -0500] "GET /portaldeninos/wp-content/plugins/google-analytics-for-wordpress/assets/js/frontend-gtag.min.js?ver=8.5.0 HTTP/1.1" 200 11801
205.169.39.254 - - [13/Jul/2023:05:43:32 -0500] "GET /portaldeninos/wp-includes/js/jquery/jquery.js?ver=1.12.4 HTTP/1.1" 200 97184
205.169.39.254 - - [13/Jul/2023:05:43:34 -0500] "GET /portaldeninos/wp-includes/js/jquery/jquery-migrate.min.js?ver=1.4.1 HTTP/1.1" 200 10056
205.169.39.254 - - [13/Jul/2023:05:43:34 -0500] "GET /portaldeninos/wp-includes/js/jquery/ui/core.min.js?ver=1.11.4 HTTP/1.1" 200 4000
205.169.39.254 - - [13/Jul/2023:05:43:35 -0500] "GET /portaldeninos/wp-content/plugins/gallery-videos/JS/modernizr.custom.js?ver=4.9.8 HTTP/1.1" 200 9019
205.169.39.254 - - [13/Jul/2023:05:43:35 -0500] "GET /portaldeninos/wp-content/plugins/gallery-videos/JS/Total-Soft-Gallery-Video-Widget.js?ver=4.9.8 HTTP/1.1" 200 80264
205.169.39.254 - - [13/Jul/2023:05:43:36 -0500] "GET /portaldeninos/wp-includes/js/jquery/ui/widget.min.js?ver=1.11.4 HTTP/1.1" 200 6908
205.169.39.254 - - [13/Jul/2023:05:43:36 -0500] "GET /portaldeninos/wp-includes/js/jquery/ui/mouse.min.js?ver=1.11.4 HTTP/1.1" 200 3148
205.169.39.254 - - [13/Jul/2023:05:43:36 -0500] "GET /portaldeninos/wp-includes/js/jquery/ui/sortable.min.js?ver=1.11.4 HTTP/1.1" 200 24899
205.169.39.254 - - [13/Jul/2023:05:43:36 -0500] "GET /portaldeninos/wp-includes/js/jquery/ui/tabs.min.js?ver=1.11.4 HTTP/1.1" 200 12110
205.169.39.254 - - [13/Jul/2023:05:43:37 -0500] "GET /portaldeninos/wp-includes/js/jquery/ui/accordion.min.js?ver=1.11.4 HTTP/1.1" 200 8584
205.169.39.254 - - [13/Jul/2023:05:43:37 -0500] "GET /portaldeninos/wp-content/themes/betheme/js/plugins.js?ver=20.9.6 HTTP/1.1" 200 197151
205.169.39.254 - - [13/Jul/2023:05:43:39 -0500] "GET /portaldeninos/wp-content/themes/betheme/js/menu.js?ver=20.9.6 HTTP/1.1" 200 2449
205.169.39.254 - - [13/Jul/2023:05:43:39 -0500] "GET /portaldeninos/wp-content/themes/betheme/assets/animations/animations.min.js?ver=20.9.6 HTTP/1.1" 200 1896
205.169.39.254 - - [13/Jul/2023:05:43:39 -0500] "GET /portaldeninos/wp-content/themes/betheme/assets/jplayer/jplayer.min.js?ver=20.9.6 HTTP/1.1" 200 52702
205.169.39.254 - - [13/Jul/2023:05:43:39 -0500] "GET /portaldeninos/wp-content/themes/betheme/js/scripts.js?ver=20.9.6 HTTP/1.1" 200 77162
205.169.39.254 - - [13/Jul/2023:05:43:40 -0500] "GET /portaldeninos/wp-includes/js/wp-embed.min.js?ver=4.9.8 HTTP/1.1" 200 1398
172.22.2.4 - - [13/Jul/2023:05:42:08 -0500] "GET /BLA/boletinlegal/ HTTP/1.1" 200 59192
216.245.221.92 - - [13/Jul/2023:05:44:57 -0500] "HEAD / HTTP/1.1" 200 -
190.27.78.211 - - [13/Jul/2023:05:44:59 -0500] "GET /calidad-del-aire-distrito-avanza-unido-por-un-nuevo-aire.html?utm_source=Meta_DIGI&utm_medium=CPMa&utm_campaign=Aire&utm_id=Julio_2023 HTTP/1.1" 200 783
201.245.192.253 - - [13/Jul/2023:05:47:20 -0500] "POST /kwsrmcab/Wsrmcab  HTTP/1.1" 200 42295
179.19.131.1 - - [13/Jul/2023:05:47:32 -0500] "GET /calidad-del-aire-distrito-avanza-unido-por-un-nuevo-aire.html?utm_source=Meta_DIGI&utm_medium=CPMa&utm_campaign=Aire&utm_id=Julio_2023 HTTP/1.1" 200 783
179.19.131.1 - - [13/Jul/2023:05:47:38 -0500] "GET /favicon.ico HTTP/1.1" 404 1566
165.1.173.142 - - [13/Jul/2023:05:48:09 -0500] "GET /galeria/nivo-slider/demo/images/febrero.jpg HTTP/1.1" 304 -
65.154.226.170 - - [13/Jul/2023:05:48:16 -0500] "GET /galeria/nivo-slider/demo/images/febrero.jpg HTTP/1.1" 200 562920
172.22.2.4 - - [13/Jul/2023:05:47:08 -0500] "HEAD /BLA/boletinlegal/ HTTP/1.1" 200 -
172.22.2.4 - - [13/Jul/2023:05:47:58 -0500] "GET /BLA/boletinlegal/ HTTP/1.1" 200 59192
216.245.221.92 - - [13/Jul/2023:05:49:57 -0500] "HEAD / HTTP/1.1" 200 -
186.102.63.216 - - [13/Jul/2023:05:50:24 -0500] "GET /calidad-del-aire-distrito-avanza-unido-por-un-nuevo-aire.html?utm_source=Meta_DIGI&utm_medium=CPMa&utm_campaign=Aire&utm_id=Julio_2023 HTTP/1.1" 200 783
35.203.211.201 - - [13/Jul/2023:05:51:33 -0500] "GET / HTTP/1.1" 200 319
172.22.2.4 - - [13/Jul/2023:05:51:49 -0500] "GET /BLA/boletinlegal/sitemap.xml HTTP/1.1" 404 1037
201.245.192.253 - - [13/Jul/2023:05:52:19 -0500] "POST /kwsrmcab/Wsrmcab  HTTP/1.1" 200 42295
172.22.2.4 - - [13/Jul/2023:05:52:58 -0500] "HEAD /BLA/boletinlegal/ HTTP/1.1" 200 -
216.245.221.92 - - [13/Jul/2023:05:54:56 -0500] "HEAD / HTTP/1.1" 200 -
172.22.2.4 - - [13/Jul/2023:05:53:48 -0500] "GET /BLA/boletinlegal/ HTTP/1.1" 200 59192
201.245.192.253 - - [13/Jul/2023:05:57:17 -0500] "POST /kwsrmcab/Wsrmcab  HTTP/1.1" 200 42295
181.155.57.7 - - [13/Jul/2023:05:57:23 -0500] "GET /calidad-del-aire-distrito-avanza-unido-por-un-nuevo-aire.html?utm_source=Meta_DIGI&utm_medium=CPMa&utm_campaign=Aire&utm_id=Julio_2023&fbclid=IwAR0_vTT4H2GR15rNwhSFxu8F8Kyi4wMa5TvUQqOSXwPsZygOWd7Ki3c17Q0_aem_AWvEL5ERnr0VkSg2dWgGPup17ye9Z6CpIESMKmOitxu4wnvhaXbv34XVytIwDR3R2gllxpz6dNhrq72C-Ghp2_Nu HTTP/1.1" 200 783
190.159.184.39 - - [13/Jul/2023:05:57:38 -0500] "GET /BLA/resoluciones/ HTTP/1.1" 200 13502
190.159.184.39 - - [13/Jul/2023:05:57:43 -0500] "GET /BLA/resoluciones/index.php?dir=AUTOS+2023%2F HTTP/1.1" 200 152774
190.159.184.39 - - [13/Jul/2023:05:57:46 -0500] "GET /BLA/resoluciones/AUTOS%202023/0093.pdf HTTP/1.1" 200 463335
216.245.221.92 - - [13/Jul/2023:05:59:57 -0500] "HEAD / HTTP/1.1" 200 -
181.54.195.208 - - [13/Jul/2023:06:00:11 -0500] "GET /calidad-del-aire-distrito-avanza-unido-por-un-nuevo-aire.html?utm_source=Meta_DIGI&utm_medium=CPMa&utm_campaign=Aire&utm_id=Julio_2023&fbclid=IwAR3n79RiF_4Y8IySWxl3o2eS2TRthg3UGyKuI5M7eYwIJUIoPIY_hMCVAiI_aem_AWt9kdHR8TzTAy-fEc5-U3sL89gugztktUYrOF3tdz1uQvhUR4ZxGMlptBGQdOtoO5kAOAMuXnIPZlrZEVRA7tsF HTTP/1.1" 200 783
181.61.209.75 - - [13/Jul/2023:06:00:13 -0500] "GET /appsia/controlador HTTP/1.1" 200 4799
181.61.209.75 - - [13/Jul/2023:06:00:14 -0500] "GET /appsia/css/estilos.css HTTP/1.1" 200 4804
181.61.209.75 - - [13/Jul/2023:06:00:14 -0500] "GET /appsia/scripts/validarIngreso.js HTTP/1.1" 200 851
181.61.209.75 - - [13/Jul/2023:06:00:14 -0500] "GET /appsia/images/logo_bogota_p.png HTTP/1.1" 200 14951
181.61.209.75 - - [13/Jul/2023:06:00:14 -0500] "GET /appsia/images/cabezoteHojaVida.png HTTP/1.1" 200 32493
191.156.237.209 - - [13/Jul/2023:06:00:14 -0500] "GET /calidad-del-aire-distrito-avanza-unido-por-un-nuevo-aire.html?utm_source=Meta_DIGI&utm_medium=CPMa&utm_campaign=Aire&utm_id=Julio_2023&fbclid=IwAR02SAYwu-0OqwHqbZBbQaEg9aE_pLv45dBnwdkws3DYysUKP9y1mMCERJ4_aem_AWv1q0MYI4NFthSH8HZxUC9OeavmDo8CB8eDqNgEuP_deHPBDd0DlSSiva5SvZNu_dAbWgC_CyW6Xh1W07sJ4hmb HTTP/1.1" 200 783
181.61.209.75 - - [13/Jul/2023:06:00:15 -0500] "GET /favicon.ico HTTP/1.1" 200 7782
172.22.2.4 - - [13/Jul/2023:05:58:48 -0500] "HEAD /BLA/boletinlegal/ HTTP/1.1" 200 -
181.61.209.75 - - [13/Jul/2023:06:00:30 -0500] "POST /appsia/controlador HTTP/1.1" 200 3603
181.61.209.75 - - [13/Jul/2023:06:00:31 -0500] "GET /appsia/jscripts/validarSolicitud.js HTTP/1.1" 404 68
181.61.209.75 - - [13/Jul/2023:06:00:31 -0500] "GET /favicon.ico HTTP/1.1" 200 7782
181.61.209.75 - - [13/Jul/2023:06:00:47 -0500] "POST /appsia/controlador HTTP/1.1" 200 4799
69.171.251.9 - - [13/Jul/2023:06:01:00 -0500] "GET /calidad-del-aire-distrito-avanza-unido-por-un-nuevo-aire.html?utm_id=Julio_2023 HTTP/1.1" 206 783
173.252.87.116 - - [13/Jul/2023:06:01:16 -0500] "GET /olga-romero-una-mujer-que-reverdece-con-corazon-inquieto-que-encontro-en-el-reciclaje-su-pasion.html?fbclid=IwAR3mYjm10N3V70LjQi1bsRmdNHjrHOXzrXmV2bCrrtRSMQpmw0z3aSkVogE HTTP/1.1" 200 798
172.22.2.4 - - [13/Jul/2023:05:59:38 -0500] "GET /BLA/boletinlegal/ HTTP/1.1" 200 58825
65.154.226.169 - - [13/Jul/2023:06:01:38 -0500] "GET /portaldeninos/wp-content/uploads/useanyfont/uaf.css?ver=1589905315 HTTP/1.1" 200 408
65.154.226.169 - - [13/Jul/2023:06:01:38 -0500] "GET /portaldeninos/wp-content/themes/betheme/style.css?ver=20.9.6 HTTP/1.1" 200 287
65.154.226.169 - - [13/Jul/2023:06:01:38 -0500] "GET /portaldeninos/wp-content/plugins/gallery-videos/CSS/Total-Soft-Gallery-Video-Widget.css?ver=4.9.8 HTTP/1.1" 200 51554
65.154.226.169 - - [13/Jul/2023:06:01:38 -0500] "GET /portaldeninos/wp-content/themes/betheme/css/base.css?ver=20.9.6 HTTP/1.1" 200 57283
65.154.226.169 - - [13/Jul/2023:06:01:38 -0500] "GET /portaldeninos/wp-content/plugins/gallery-videos/CSS/totalsoft.css?ver=4.9.8 HTTP/1.1" 200 40622
65.154.226.169 - - [13/Jul/2023:06:01:38 -0500] "GET /portaldeninos/wp-content/themes/betheme/assets/animations/animations.min.css?ver=20.9.6 HTTP/1.1" 200 58508
65.154.226.169 - - [13/Jul/2023:06:01:39 -0500] "GET /portaldeninos/wp-content/themes/betheme/assets/jplayer/css/jplayer.blue.monday.css?ver=20.9.6 HTTP/1.1" 200 9834
65.154.226.169 - - [13/Jul/2023:06:01:39 -0500] "GET /portaldeninos/wp-content/themes/betheme/assets/ui/jquery.ui.all.css?ver=20.9.6 HTTP/1.1" 200 18765
65.154.226.169 - - [13/Jul/2023:06:01:38 -0500] "GET /portaldeninos/wp-content/themes/betheme/css/layout.css?ver=20.9.6 HTTP/1.1" 200 116639
65.154.226.169 - - [13/Jul/2023:06:01:39 -0500] "GET /portaldeninos/wp-includes/js/jquery/jquery-migrate.min.js?ver=1.4.1 HTTP/1.1" 200 10056
65.154.226.169 - - [13/Jul/2023:06:01:39 -0500] "GET /portaldeninos/wp-content/themes/betheme/css/responsive.css?ver=20.9.6 HTTP/1.1" 200 55740
65.154.226.169 - - [13/Jul/2023:06:01:38 -0500] "GET /portaldeninos/wp-content/themes/betheme/css/shortcodes.css?ver=20.9.6 HTTP/1.1" 200 138889
65.154.226.169 - - [13/Jul/2023:06:01:39 -0500] "GET /portaldeninos/wp-content/plugins/google-analytics-for-wordpress/assets/js/frontend-gtag.min.js?ver=8.5.0 HTTP/1.1" 200 11801
65.154.226.169 - - [13/Jul/2023:06:01:39 -0500] "GET /portaldeninos/wp-includes/js/jquery/ui/core.min.js?ver=1.11.4 HTTP/1.1" 200 4000
65.154.226.169 - - [13/Jul/2023:06:01:39 -0500] "GET /portaldeninos/wp-content/plugins/gallery-videos/JS/modernizr.custom.js?ver=4.9.8 HTTP/1.1" 200 9019
65.154.226.169 - - [13/Jul/2023:06:01:39 -0500] "GET /portaldeninos/wp-includes/js/jquery/ui/mouse.min.js?ver=1.11.4 HTTP/1.1" 200 3148
65.154.226.169 - - [13/Jul/2023:06:01:39 -0500] "GET /portaldeninos/wp-includes/js/jquery/ui/widget.min.js?ver=1.11.4 HTTP/1.1" 200 6908
65.154.226.169 - - [13/Jul/2023:06:01:39 -0500] "GET /portaldeninos/wp-includes/js/jquery/jquery.js?ver=1.12.4 HTTP/1.1" 200 97184
65.154.226.169 - - [13/Jul/2023:06:01:39 -0500] "GET /portaldeninos/wp-includes/js/jquery/ui/accordion.min.js?ver=1.11.4 HTTP/1.1" 200 8584
65.154.226.169 - - [13/Jul/2023:06:01:39 -0500] "GET /portaldeninos/wp-includes/js/jquery/ui/tabs.min.js?ver=1.11.4 HTTP/1.1" 200 12110
65.154.226.169 - - [13/Jul/2023:06:01:39 -0500] "GET /portaldeninos/wp-content/themes/betheme/js/menu.js?ver=20.9.6 HTTP/1.1" 200 2449
65.154.226.169 - - [13/Jul/2023:06:01:39 -0500] "GET /portaldeninos/wp-content/plugins/gallery-videos/JS/Total-Soft-Gallery-Video-Widget.js?ver=4.9.8 HTTP/1.1" 200 80264
65.154.226.169 - - [13/Jul/2023:06:01:39 -0500] "GET /portaldeninos/wp-includes/js/jquery/ui/sortable.min.js?ver=1.11.4 HTTP/1.1" 200 24899
65.154.226.169 - - [13/Jul/2023:06:01:39 -0500] "GET /portaldeninos/wp-content/themes/betheme/assets/animations/animations.min.js?ver=20.9.6 HTTP/1.1" 200 1896
65.154.226.169 - - [13/Jul/2023:06:01:39 -0500] "GET /portaldeninos/wp-includes/js/wp-embed.min.js?ver=4.9.8 HTTP/1.1" 200 1398
65.154.226.169 - - [13/Jul/2023:06:01:39 -0500] "GET /portaldeninos/wp-content/themes/betheme/assets/jplayer/jplayer.min.js?ver=20.9.6 HTTP/1.1" 200 52702
65.154.226.169 - - [13/Jul/2023:06:01:39 -0500] "GET /portaldeninos/wp-content/themes/betheme/js/scripts.js?ver=20.9.6 HTTP/1.1" 200 77162
65.154.226.169 - - [13/Jul/2023:06:01:39 -0500] "GET /portaldeninos/wp-content/themes/betheme/js/plugins.js?ver=20.9.6 HTTP/1.1" 200 197151
65.154.226.169 - - [13/Jul/2023:06:01:40 -0500] "GET /portaldeninos/wp-includes/js/wp-emoji-release.min.js?ver=4.9.8 HTTP/1.1" 200 12026
65.154.226.169 - - [13/Jul/2023:06:01:40 -0500] "GET /portaldeninos/wp-content/themes/betheme/images/box_shadow.png HTTP/1.1" 200 108
65.154.226.169 - - [13/Jul/2023:06:01:40 -0500] "GET /portaldeninos/wp-content/themes/betheme/fonts/mfn-icons.woff?93978679 HTTP/1.1" 200 80932
201.245.192.253 - - [13/Jul/2023:06:02:16 -0500] "POST /kwsrmcab/Wsrmcab  HTTP/1.1" 200 42295
181.61.209.75 - - [13/Jul/2023:06:02:26 -0500] "POST /appsia/controlador HTTP/1.1" 200 3603
181.61.209.75 - - [13/Jul/2023:06:02:27 -0500] "GET /appsia/jscripts/validarSolicitud.js HTTP/1.1" 404 68
181.61.209.75 - - [13/Jul/2023:06:02:47 -0500] "POST /appsia/controlador HTTP/1.1" 200 4799
66.249.70.198 - - [13/Jul/2023:06:03:33 -0500] "-" 408 -
181.61.209.75 - - [13/Jul/2023:06:03:50 -0500] "POST /appsia/controlador HTTP/1.1" 200 5437
181.61.209.75 - - [13/Jul/2023:06:03:51 -0500] "GET /appsia/css/estilos.css HTTP/1.1" 200 4804
172.22.2.4 - - [13/Jul/2023:06:03:20 -0500] "GET /BLA/boletinlegal/index.php?s=/Index/\\think\\app/invokefunction&function=call_user_func_array&vars[0]=md5&vars[1][]=HelloThinkPHP21 HTTP/1.1" 200 24523
181.61.209.75 - - [13/Jul/2023:06:04:01 -0500] "POST /appsia/controlador HTTP/1.1" 200 7793
181.61.209.75 - - [13/Jul/2023:06:04:13 -0500] "POST /appsia/controlador HTTP/1.1" 200 6658
181.61.209.75 - - [13/Jul/2023:06:04:20 -0500] "POST /appsia/controlador HTTP/1.1" 200 12111
3.208.10.181 - - [13/Jul/2023:06:04:42 -0500] "GET / HTTP/1.1" 200 319
216.245.221.92 - - [13/Jul/2023:06:04:56 -0500] "HEAD / HTTP/1.1" 200 -
52.167.144.100 - - [13/Jul/2023:06:05:26 -0500] "GET /Publicaciones/2023EE111304.pdf HTTP/1.1" 404 228
172.22.2.4 - - [13/Jul/2023:06:04:38 -0500] "HEAD /BLA/boletinlegal/ HTTP/1.1" 200 -
172.22.2.4 - - [13/Jul/2023:06:05:28 -0500] "GET /BLA/boletinlegal/ HTTP/1.1" 200 59192
201.245.192.253 - - [13/Jul/2023:06:07:14 -0500] "POST /kwsrmcab/Wsrmcab  HTTP/1.1" 200 42295
191.156.48.183 - - [13/Jul/2023:06:07:41 -0500] "GET /calidad-del-aire-distrito-avanza-unido-por-un-nuevo-aire.html?utm_source=Meta_DIGI&utm_medium=CPMa&utm_campaign=Aire&utm_id=Julio_2023 HTTP/1.1" 200 783
216.245.221.92 - - [13/Jul/2023:06:09:56 -0500] "HEAD / HTTP/1.1" 200 -
190.27.75.106 - - [13/Jul/2023:06:10:36 -0500] "GET /calidad-del-aire-distrito-avanza-unido-por-un-nuevo-aire.html?utm_source=Meta_DIGI&utm_medium=CPMa&utm_campaign=Aire&utm_id=Julio_2023 HTTP/1.1" 200 783
66.249.66.193 - - [13/Jul/2023:06:10:53 -0500] "GET /el-ejemplo-comienza-por-casa-alcaldia-de-bogota-expide-decreto-para-reducir-plasticos-de-un-solo-uso-en-las-entidades-del-distrito.html HTTP/1.1" 304 -
69.171.249.1 - - [13/Jul/2023:06:11:23 -0500] "GET /secretaria-de-ambiente-impone-medida-preventiva-de-suspension-de-actividades-por-disposicion-ilegal-de-residuos-de-construccion.html HTTP/1.1" 200 1012
52.167.144.28 - - [13/Jul/2023:06:12:05 -0500] "GET /BLA/resoluciones/AUTOS%202019/3580.pdf HTTP/1.1" 304 -
172.22.2.4 - - [13/Jul/2023:06:10:28 -0500] "HEAD /BLA/boletinlegal/ HTTP/1.1" 200 -
201.245.192.253 - - [13/Jul/2023:06:12:14 -0500] "POST /kwsrmcab/Wsrmcab  HTTP/1.1" 200 42295
172.22.2.4 - - [13/Jul/2023:06:11:18 -0500] "GET /BLA/boletinlegal/ HTTP/1.1" 200 56816
191.156.252.118 - - [13/Jul/2023:06:13:46 -0500] "GET /calidad-del-aire-distrito-avanza-unido-por-un-nuevo-aire.html?utm_source=Meta_DIGI&utm_medium=CPMa&utm_campaign=Aire&utm_id=Julio_2023&fbclid=IwAR2Sad8XP6b4j9eylydSWfbGnc1PODkP9J1KfxI0_u41QkA92Y5-OAQUGdE_aem_AWtMSJhNMUJ4dT-Wq1r4w4i6erz9JtLLGC4jNQ-cvxv8qvSrahhO_c5ZM6i6i_JTJXwBZNlbRSnXd79kZ34RzRtA HTTP/1.1" 200 783
52.221.44.141 - - [13/Jul/2023:06:14:15 -0500] "GET /galeria/nivo-slider/demo/images/Banner%20canales%20virtuales.jpg HTTP/1.1" 200 209438
216.245.221.92 - - [13/Jul/2023:06:14:56 -0500] "HEAD / HTTP/1.1" 200 -
147.12.250.66 - - [13/Jul/2023:06:15:03 -0500] "GET /calidad-del-aire-distrito-avanza-unido-por-un-nuevo-aire.html?utm_source=Meta_DIGI&utm_medium=CPMa&utm_campaign=Aire&utm_id=Julio_2023&fbclid=IwAR1e0-tHF9AmhYw5yb7qhFBk5IDA7SGGdp8KSkV6YrUv0-lshD58eD345jM_aem_AWvQl2rXebqodMPrTUiZHHSHTQGZ9TtwDxttThxgFtSHn0dRWr05O3FRY2jr3kJH41elBUB05deKFgZ45thJKixw HTTP/1.1" 200 783
172.22.2.4 - - [13/Jul/2023:06:16:55 -0500] "GET /BLA/boletinlegal/ecp/Current/exporttool/microsoft.exchange.ediscovery.exporttool.application HTTP/1.1" 404 1018
181.61.209.75 - - [13/Jul/2023:06:17:07 -0500] "GET /appsia/scripts/validarIngreso.js HTTP/1.1" 200 851
201.245.192.253 - - [13/Jul/2023:06:17:12 -0500] "POST /kwsrmcab/Wsrmcab  HTTP/1.1" 200 42295
