172.22.2.4 - - [16/Jul/2023:11:06:06 -0500] "GET /BLA/boletinlegal/consulta_actos.php?tipo=resoluciones&no=2307&usuario=&sector=&fecha=2008&resuelve= HTTP/1.1" 200 1049
172.22.2.4 - - [16/Jul/2023:11:06:06 -0500] "GET /BLA/boletinlegal/images/pdf.gif HTTP/1.1" 200 567
181.53.12.199 - - [16/Jul/2023:11:06:11 -0500] "GET /BLA/resoluciones/RESOLUCIONES%202008/2307.pdf HTTP/1.1" 200 354504
181.53.12.199 - - [16/Jul/2023:11:06:12 -0500] "GET /BLA/resoluciones/RESOLUCIONES%202008/2307.pdf HTTP/1.1" 206 1025
181.53.12.199 - - [16/Jul/2023:11:06:12 -0500] "GET /BLA/resoluciones/RESOLUCIONES%202008/2307.pdf HTTP/1.1" 200 354504
216.245.221.92 - - [16/Jul/2023:11:06:35 -0500] "HEAD / HTTP/1.1" 200 -
172.22.2.4 - - [16/Jul/2023:11:05:32 -0500] "HEAD /BLA/boletinlegal/ HTTP/1.1" 200 -
111.225.148.168 - - [16/Jul/2023:11:07:41 -0500] "GET /BLA/resoluciones/AUTOS%202019/4937.pdf HTTP/1.1" 200 667659
172.22.2.4 - - [16/Jul/2023:11:06:22 -0500] "GET /BLA/boletinlegal/ HTTP/1.1" 200 56816
191.156.58.4 - - [16/Jul/2023:11:08:26 -0500] "GET /calidad-del-aire-distrito-avanza-unido-por-un-nuevo-aire.html?utm_source=Meta_DIGI&utm_medium=CPMa&utm_campaign=Aire&utm_id=Julio_2023&gclid=EAIaIQobChMIy8DGhM6TgAMVC7HsCh25BwHeEAEYASAAEgL9Q_D_BwE HTTP/1.1" 200 783
201.245.192.253 - - [16/Jul/2023:11:08:55 -0500] "POST /kwsrmcab/Wsrmcab  HTTP/1.1" 200 42295
186.84.180.143 - - [16/Jul/2023:11:09:07 -0500] "GET /calidad-del-aire-distrito-avanza-unido-por-un-nuevo-aire.html?utm_source=Meta_DIGI&utm_medium=CPMa&utm_campaign=Aire&utm_id=Julio_2023&gclid=EAIaIQobChMIjsmx7M2TgAMVfh7QBB0wkgFAEAEYASAAEgIeRfD_BwE HTTP/1.1" 200 783
186.84.180.143 - - [16/Jul/2023:11:09:13 -0500] "GET /favicon.ico HTTP/1.1" 404 1690
173.252.107.5 - - [16/Jul/2023:11:09:24 -0500] "GET /images/camino-guadalupe-aguanoso.jpg HTTP/1.1" 200 103489
181.56.236.197 - - [16/Jul/2023:11:09:49 -0500] "GET /calidad-del-aire-distrito-avanza-unido-por-un-nuevo-aire.html?utm_source=Meta_DIGI&utm_medium=CPMa&utm_campaign=Aire&utm_id=Julio_2023&fbclid=IwAR3ec56_QHECP9l2m3hmQcUQ1NxZut0PxmO86IfaE--oDB-lvKVoioEn4yw_aem_AQIJT3s-Qdqg-u_XDvy53VLhoCty4aYNDshePDoMAcIZEiOVFBPZvklNIKW75Vuet81yVFVdq31qeK0CRKDHn6j5 HTTP/1.1" 200 783
216.245.221.92 - - [16/Jul/2023:11:11:35 -0500] "HEAD / HTTP/1.1" 200 -
111.225.148.54 - - [16/Jul/2023:11:11:42 -0500] "GET /BLA/resoluciones/AUTOS%202019/4563.pdf HTTP/1.1" 200 485974
172.22.2.4 - - [16/Jul/2023:11:11:22 -0500] "HEAD /BLA/boletinlegal/ HTTP/1.1" 200 -
31.13.103.112 - - [16/Jul/2023:11:13:30 -0500] "GET /images/camino-guadalupe-aguanoso.jpg HTTP/1.1" 200 103489
172.22.2.4 - - [16/Jul/2023:11:12:12 -0500] "GET /BLA/boletinlegal/ HTTP/1.1" 200 58079
201.245.192.253 - - [16/Jul/2023:11:13:54 -0500] "POST /kwsrmcab/Wsrmcab  HTTP/1.1" 200 42295
186.155.175.242 - - [16/Jul/2023:11:15:31 -0500] "GET /calidad-del-aire-distrito-avanza-unido-por-un-nuevo-aire.html?utm_source=Meta_DIGI&utm_medium=CPMa&utm_campaign=Aire&utm_id=Julio_2023&gclid=EAIaIQobChMI1qXyyc-TgAMVM5iDCB0h5QkAEAEYASAAEgJvV_D_BwE HTTP/1.1" 200 783
110.249.201.78 - - [16/Jul/2023:11:15:42 -0500] "GET /BLA/resoluciones/AUTOS%202011/2981.pdf HTTP/1.1" 200 187763
216.245.221.92 - - [16/Jul/2023:11:16:35 -0500] "HEAD / HTTP/1.1" 200 -
207.46.13.206 - - [16/Jul/2023:11:17:15 -0500] "GET /bogota-fashion-week-una-ventana-para-la-sostenibilidad-en-bogota.html HTTP/1.1" 200 754
186.102.20.2 - - [16/Jul/2023:11:17:29 -0500] "OPTIONS /kwssiamovil/sm/setfile/f? HTTP/1.1" 200 13
186.102.20.2 - - [16/Jul/2023:11:17:29 -0500] "POST /kwssiamovil/sm/setfile/f? HTTP/1.1" 200 381
186.102.20.2 - - [16/Jul/2023:11:17:36 -0500] "OPTIONS /kwssiamovil/sm/setfile/f? HTTP/1.1" 200 13
186.102.20.2 - - [16/Jul/2023:11:17:36 -0500] "POST /kwssiamovil/sm/setfile/f? HTTP/1.1" 200 381
186.102.20.2 - - [16/Jul/2023:11:17:52 -0500] "GET /kwssiamovil/sm/acme/a?s=U2FsdGVkX18zzkw+X8U2pIYHKwAzEe2b06UhP/3pyNjCgpmHYFyNirWs2skuVOACfokyaMRxk8qURlxoErAev40sP8OFsRb9/7/tn+pMooFrXsvnardJj4okIvVV8KKdbjmeiLRCy6rqoFU8dATnt3k8KzYuZtvxPaUEs0YVa5wlayPzV3s8Wjk2bsZSpM+NaD2vbjxaOFjpiwkV23+huA4McGxWzUeeOUqcbm9nO4VJ0D+i03xNFWQJBQLRpa8zro0plQz+nZSCcjkc2vgA9Q==&u=U2FsdGVkX19Syb4Y4KhJ2C3BvX0qbFyAZS7qof88FPw=&y=U2FsdGVkX1/Arr1/3zNAFUk7pMpqC7WJ0tzZaHIiyLM= HTTP/1.1" 200 26
186.102.20.2 - - [16/Jul/2023:11:17:53 -0500] "GET /kwssiamovil/sm/acme/a?s=U2FsdGVkX19cr985/6sS3xwa8K6CQzMHwFUX42oIn1G86IvYv8QEqA6u9rQjiEkxN+dv1/KUvR407MvHGbahfyL5jIosztID3P6P7DdbuxDKftb5rIFw34ccrrBZfXjr/AxwCZVF+3poLJc5sJOYY8r94649kz192ZTVgxkL3NbZ+TWifCkl+9de4H7lHf2MLBxm8brR4NsZ9cIg4viqKjZTyRa7+HEFX1MaHgXa9rWc1pcsKc8Zu//0LaTsMuYb7HdKh8yjhVt3M7LDiycLIHPnnDeLdu84pNd4+pVqcicG360TmjV4gEuaSGQdeueWtLEbZbaslmaLjQhmrUZA4AwOkQlYqB03ljEmIHKZ70+4Pzi+qtI5iaZmDtxyUzJFKVqV/oaHtNmkdgnjZm1YbdzHt6XqhDM39hBnH8FphzuPyxzHZNMWVdtg6T8svUatphj4HKQvZLl4vrj6TdEJrh6mZV4Zl+UE+7IkK4nlXHx225P8ii/tow15V6J8J6H1MF1Zsk1TxnCEOx+ZbuigUL7telvzUQxowxQRPrk85xwvzFO0DA8MkudpAjFuXDkjojjfXeW1rx4EEYCWExHOkFGrBB5QR08EmVDIAXCf7uYYgU/pMNYej3NVnGxr5JvLGeo3mr49/dpMl12+lYwpZjmR1KbTf+Y/osZ0Hp7JrTUaD//G8v0YGqlIaJsDor4gsDxyj5ol8qm0+kHj7Cr9xkPQUqnxjdsZQU4y4u08i2OTgCKcdf72AePtIg8vjAQBn3n8VgSSwSlxZJtXEs5947nJ3SHRrNRkyo6QyIfMnJndxermPA0odabWK98d2Cz90Pimqz5+aXh39pWgnoanvpCHi0lsXr5G5N5dRD7Qb0cs2x7uqdWAq2qOVMoUCX8g4IzXuE/M3uoSsVmwd7z8KMDr75ok0BgPorbNscOyuDmkJI4Os7oSKxQ0DPROpL90mcExF7CUgy93g1lyJ/miUSS8muBxn8Qh/1TJbUvl999OCYO072X7JYMQrlfdY+MkpSMGV1ecC8Y3ftMUVXYH0voX9lmqWXaZWeA2jPTtw11ND817uluG1KtO7GW1JGhZ/VnEkoHQunrar3vdFyyRQO+ur+2kGyuyV//k0YgFzXknBZE/B6PBkIlvaEdumaAKKH3n4CRx6JCGlf+6yzaTHah/g3LKrMFZfMBZ0knp/9T0gOtgwZ7wmdzPHkW+ke732H8XJ6lVv1uXRjmifgf0xEjexS7t0aETs/iN09F3ntoyhQVfRylXf8LDyrzxxUnles9cGfSAaj+ldJ8nNtAm4LsYBnkPmrWpjyQsBa44oc+zUUY4+VwFL+QfK9ZsJ8Yqk4a79KAdHvZQWo/szhrsdTkU4g7aIHUwOgDxVss8rWA+yOTI+mN7SH4gikEFoaLJX1hyvwGVZakA+6HTQJaMUjzbZFwefRVKSkARaggGrn+b2LCyUpbm+LitWdsWPKeWJjGVmra/UMM3OfwIF6qlwgAOIJUWI9U46GXE9hW5tO92DL0V8xatpcD9FqiweJ39CQG3RAttEYTdONuuq2gNWq2VaJB0cdmbFb6STM1CpsiMIHhZqSEjbRclCKqjkX1/ZJLtDyOaalJNE7MxekAkmJ2uqBzj7ifAy1ryshqJH5aNbCPJEJtYarGIbMjtEHVjn3HZI2ut5v02VpXIu1vTZoPmVj+t6RBN7qNJNBu4435SzMj0qzMbf8IOl/eFlk1Vv09fVRGQjr1hVlU18n7o22xR7z+/iSY9DsiVukEPiCExWHKa0eInZeMxkTlmiFxaFokOmEs1H+zihkB0d+P8HIQiDVC1Q2hsrNqGhWkuDeTmH0329U2wRL2IS7AensGjehdTWhDCUez2TeFgEqdZmSHw5/oFEgFnvmTdY1lUjZ5kSPXKp6k1vBCrE3XO69Oov66vx1GN0QVoP6YI0pDfM9NNjE9fun/uLxJP3veoeTw=&u=U2FsdGVkX19Syb4Y4KhJ2C3BvX0qbFyAZS7qof88FPw=&y=U2FsdGVkX1/Arr1/3zNAFUk7pMpqC7WJ0tzZaHIiyLM= HTTP/1.1" 200 26
186.102.20.2 - - [16/Jul/2023:11:17:53 -0500] "GET /kwssiamovil/sm/acme/a?s=U2FsdGVkX18bwvD/JY+SZ6M2Y9KeTeZ2GEk0YYktmk2XI+rXtPUeQNcaZy9Bn3JUkwKKUpsdV7kl7OhJ9ye+C5dM1kv1RgXZdvS68e3/9Nc0EYBjyhBQG9CNcdyIQZtc5raUtumcQ3FLvyVZEBYcT/Oo0qcifKE0/Ur2b+FBhJs=&u=U2FsdGVkX19Syb4Y4KhJ2C3BvX0qbFyAZS7qof88FPw=&y=U2FsdGVkX1/Arr1/3zNAFUk7pMpqC7WJ0tzZaHIiyLM= HTTP/1.1" 200 26
186.102.20.2 - - [16/Jul/2023:11:17:53 -0500] "GET /kwssiamovil/sm/acme/a?s=U2FsdGVkX1+7MsIW6wZLekNeL8+fvC1TBnS69Gmydj49sdiiKCfc3GawKrEj7/LZZ/FZIXnBSJ7C12mcWmC94GTUp4x907LPJd63LnRgq6tin9f9kb9b2FBzdNn9u3iGnb3a/v/0ZkHh/3gAuw8aKd4ZXQxGDR3chU7Mr8YLOAA=&u=U2FsdGVkX19Syb4Y4KhJ2C3BvX0qbFyAZS7qof88FPw=&y=U2FsdGVkX1/Arr1/3zNAFUk7pMpqC7WJ0tzZaHIiyLM= HTTP/1.1" 200 26
186.102.20.2 - - [16/Jul/2023:11:17:54 -0500] "GET /kwssiamovil/sm/acme/a?s=U2FsdGVkX19Poq1J/KuIAa9I/Tcx0scmKGeR9jfUbBaKG+OTrQGINVJUBz93BCiPlzba/TL4ZS7ZL3AlsVAFIf0aUozqt7+jEK/wPQtO8op0meLsI086sqzNmBkUKVbpvjx5AVRudQjIT1sycQbjmFsxTLK44qAuyiND8qe8vug=&u=U2FsdGVkX19Syb4Y4KhJ2C3BvX0qbFyAZS7qof88FPw=&y=U2FsdGVkX1/Arr1/3zNAFUk7pMpqC7WJ0tzZaHIiyLM= HTTP/1.1" 200 26
186.102.20.2 - - [16/Jul/2023:11:17:54 -0500] "GET /kwssiamovil/sm/acme/a?s=U2FsdGVkX18oRB1rFBaIgjZDa0Lu18TDNmX8RIcT4EBb++/uskaM/akgGsm1Qle0LYWznheV8h4HUWqLPj4lReTQWwyfndriJ1JWHbdbXeeFxl76L3xfNXkIKLX3WlEfr24iedaSdaA5DTROQ9xDrMtSr7x6GpHTb4d1xSyAGLEb2meFHB/SeJH5OR0Dr82e&u=U2FsdGVkX19Syb4Y4KhJ2C3BvX0qbFyAZS7qof88FPw=&y=U2FsdGVkX1/Arr1/3zNAFUk7pMpqC7WJ0tzZaHIiyLM= HTTP/1.1" 200 26
186.102.20.2 - - [16/Jul/2023:11:17:54 -0500] "GET /kwssiamovil/sm/acme/a?s=U2FsdGVkX18sWsRV8oQNBATB5KDfTLVpglRs4iLUyir6CWkwoZxbx+5O9fc/u5vhkFbS0RlGHmoa8uy8SQWHMiAnY8Se2pXUaiNulPMekBadp7UL/7/sZXsbc4MrSHOlfBz2onQ/LhFnzIVW6b93dzCATSXTIB0TFiqxuHmaSfHkuEkEsuzGj000lzNs5Uob/Jv8gsd4iEeIbJnUuthaF5i2oxWtNNV4na27/1clWp0=&u=U2FsdGVkX19Syb4Y4KhJ2C3BvX0qbFyAZS7qof88FPw=&y=U2FsdGVkX1/Arr1/3zNAFUk7pMpqC7WJ0tzZaHIiyLM= HTTP/1.1" 200 26
186.102.20.2 - - [16/Jul/2023:11:17:54 -0500] "GET /kwssiamovil/sm/acme/a?s=U2FsdGVkX19fnxTcikZMzVw7HLvDQxY9oJfSr6/AYbCOuPvTMfl2FrKCBqiPP/GDgDrP3bPg28z8N+Qel89G3Cu0oZx11U0hbss5xbcmBeuvdeZUpdV6MxYnd/fBkxMPywt8tUD4rJUq7k0rroz5DsrlhBF0JJHbiqqRlriV3cBUkBa+hGWBJtP6qUHKalBnWbI8MRKF7VO0uOBC7fn49w==&u=U2FsdGVkX19Syb4Y4KhJ2C3BvX0qbFyAZS7qof88FPw=&y=U2FsdGVkX1/Arr1/3zNAFUk7pMpqC7WJ0tzZaHIiyLM= HTTP/1.1" 200 26
186.102.20.2 - - [16/Jul/2023:11:17:55 -0500] "GET /kwssiamovil/sm/acme/a?s=U2FsdGVkX187brpKh0eCQoiQN2jXufbYnV7iGoQoVzix7RRocr7VGE1N6Zom8YxYiGo7ZKfTm/7TYECKT9PDWQujBE3L3LyUREJhjDnht/Ncv/kM5EZhrlQnB4y1beAYM5/sG7WpHsSgWNWRz1R/VjBq3S5VChjJsEVROtV9CUfWR0XItkPzvk5O//0N+ZdLOYCm/oQrZlA/lNIIaahk3SShz5/btQ1Ei4lOO3dAeU4=&u=U2FsdGVkX19Syb4Y4KhJ2C3BvX0qbFyAZS7qof88FPw=&y=U2FsdGVkX1/Arr1/3zNAFUk7pMpqC7WJ0tzZaHIiyLM= HTTP/1.1" 200 26
186.102.20.2 - - [16/Jul/2023:11:17:55 -0500] "GET /kwssiamovil/sm/acme/a?s=U2FsdGVkX1/vhRuZhfH6PMOV2G4fs73fUcrtDXhUshtYjtE72o02hHCp4yTPNfXkT4nuNDafpbMFH7O3vBcKVdh6Hk1BHKHPr4JRJCAmvf8Bq8no1FcHc0bEWFFLD8Lp57lZMugbuZRdMveCkBVfyftR2XIDYq4d3G3icFp956RE9WsnZ8jfXE8iBfYiETtVrK2Uhu0AYXIfrahHOi69YQ==&u=U2FsdGVkX19Syb4Y4KhJ2C3BvX0qbFyAZS7qof88FPw=&y=U2FsdGVkX1/Arr1/3zNAFUk7pMpqC7WJ0tzZaHIiyLM= HTTP/1.1" 200 26
173.252.87.11 - - [16/Jul/2023:11:18:22 -0500] "GET /habilitado-nuevo-camino-para-recorrer-los-cerros-guadalupe-aguanoso.html HTTP/1.1" 200 837
152.203.43.101 - - [16/Jul/2023:11:18:23 -0500] "GET /sipse/faces/faces/autenticacion.xhtml HTTP/1.1" 200 12501
152.203.43.101 - - [16/Jul/2023:11:18:23 -0500] "GET /sipse/js/disable_browser_buttons.js HTTP/1.1" 304 -
152.203.43.101 - - [16/Jul/2023:11:18:23 -0500] "GET /sipse/css/custom_css_sg_prime_login.css HTTP/1.1" 304 -
152.203.43.101 - - [16/Jul/2023:11:18:23 -0500] "GET /sipse/js/funciones.js HTTP/1.1" 304 -
152.203.43.101 - - [16/Jul/2023:11:18:23 -0500] "GET /sipse/css/custom_css_sg.css HTTP/1.1" 304 -
152.203.43.101 - - [16/Jul/2023:11:18:23 -0500] "GET /sipse/faces/javax.faces.resource/layout/layout.css;jsessionid=XQRl8joSxA45KMg4EcDz34CK.undefined?ln=primefaces&v=4.0 HTTP/1.1" 200 542
152.203.43.101 - - [16/Jul/2023:11:18:23 -0500] "GET /sipse/faces/javax.faces.resource/theme.css?ln=primefaces-sipse HTTP/1.1" 304 -
152.203.43.101 - - [16/Jul/2023:11:18:23 -0500] "GET /sipse/faces/javax.faces.resource/jquery/jquery-plugins.js;jsessionid=XQRl8joSxA45KMg4EcDz34CK.undefined?ln=primefaces&v=4.0 HTTP/1.1" 200 220526
152.203.43.101 - - [16/Jul/2023:11:18:23 -0500] "GET /sipse/faces/javax.faces.resource/layout/layout.js;jsessionid=XQRl8joSxA45KMg4EcDz34CK.undefined?ln=primefaces&v=4.0 HTTP/1.1" 200 87560
152.203.43.101 - - [16/Jul/2023:11:18:23 -0500] "GET /sipse/faces/javax.faces.resource/jquery/jquery.js;jsessionid=XQRl8joSxA45KMg4EcDz34CK.undefined?ln=primefaces&v=4.0 HTTP/1.1" 200 105384
152.203.43.101 - - [16/Jul/2023:11:18:23 -0500] "GET /sipse/faces/javax.faces.resource/primefaces.css;jsessionid=XQRl8joSxA45KMg4EcDz34CK.undefined?ln=primefaces&v=4.0 HTTP/1.1" 200 53295
152.203.43.101 - - [16/Jul/2023:11:18:23 -0500] "GET /sipse/faces/javax.faces.resource/primefaces.js;jsessionid=XQRl8joSxA45KMg4EcDz34CK.undefined?ln=primefaces&v=4.0 HTTP/1.1" 200 276924
152.203.43.101 - - [16/Jul/2023:11:18:23 -0500] "GET /sipse/css/imagen/logoSDG.png HTTP/1.1" 304 -
152.203.43.101 - - [16/Jul/2023:11:18:23 -0500] "GET /sipse/css/imagen/loginimg.png HTTP/1.1" 304 -
152.203.43.101 - - [16/Jul/2023:11:18:23 -0500] "GET /sipse/faces/javax.faces.resource/images/ui-icons_898989_256x240.png?ln=primefaces-aristo HTTP/1.1" 304 -
152.203.43.101 - - [16/Jul/2023:11:18:23 -0500] "GET /sipse/faces/faces/index.xhtml HTTP/1.1" 200 677
152.203.43.101 - - [16/Jul/2023:11:18:23 -0500] "GET /sipse/faces/javax.faces.resource/theme.css?ln=primefaces-sipse HTTP/1.1" 304 -
152.203.43.101 - - [16/Jul/2023:11:18:23 -0500] "GET /sipse/faces/faces/faces/autenticacion.xhtml HTTP/1.1" 200 12179
152.203.43.101 - - [16/Jul/2023:11:18:23 -0500] "GET /sipse/faces/javax.faces.resource/jquery/jquery-plugins.js?ln=primefaces&v=4.0 HTTP/1.1" 304 -
152.203.43.101 - - [16/Jul/2023:11:18:23 -0500] "GET /sipse/faces/javax.faces.resource/primefaces.js?ln=primefaces&v=4.0 HTTP/1.1" 304 -
152.203.43.101 - - [16/Jul/2023:11:18:23 -0500] "GET /sipse/faces/javax.faces.resource/jquery/jquery.js?ln=primefaces&v=4.0 HTTP/1.1" 304 -
152.203.43.101 - - [16/Jul/2023:11:18:23 -0500] "GET /sipse/faces/javax.faces.resource/theme.css?ln=primefaces-sipse HTTP/1.1" 304 -
152.203.43.101 - - [16/Jul/2023:11:18:23 -0500] "GET /sipse/faces/javax.faces.resource/layout/layout.css?ln=primefaces&v=4.0 HTTP/1.1" 200 542
152.203.43.101 - - [16/Jul/2023:11:18:23 -0500] "GET /sipse/faces/javax.faces.resource/layout/layout.js?ln=primefaces&v=4.0 HTTP/1.1" 304 -
152.203.43.101 - - [16/Jul/2023:11:18:23 -0500] "GET /sipse/faces/javax.faces.resource/primefaces.css?ln=primefaces&v=4.0 HTTP/1.1" 200 53295
152.203.43.101 - - [16/Jul/2023:11:18:24 -0500] "GET /sipse/faces/javax.faces.resource/images/ui-icons_898989_256x240.png?ln=primefaces-aristo HTTP/1.1" 304 -
152.203.43.101 - - [16/Jul/2023:11:18:26 -0500] "POST /sipse/faces/autenticacion.xhtml HTTP/1.1" 200 2221
152.203.43.101 - - [16/Jul/2023:11:18:26 -0500] "GET /sipse/faces/javax.faces.resource/messages/messages.png?ln=primefaces&v=4.0 HTTP/1.1" 200 27209
152.203.43.101 - - [16/Jul/2023:11:18:27 -0500] "POST /sipse/faces/autenticacion.xhtml HTTP/1.1" 200 16342
152.203.43.101 - - [16/Jul/2023:11:18:27 -0500] "GET /sipse/css/custom_css_sg_prime.css HTTP/1.1" 200 5201
152.203.43.101 - - [16/Jul/2023:11:18:27 -0500] "GET /sipse/js/jquery.min.js HTTP/1.1" 304 -
152.203.43.101 - - [16/Jul/2023:11:18:27 -0500] "GET /sipse/faces/javax.faces.resource/jquery/jquery.js?ln=primefaces&v=4.0 HTTP/1.1" 304 -
152.203.43.101 - - [16/Jul/2023:11:18:27 -0500] "GET /sipse/faces/javax.faces.resource/jquery/jquery-plugins.js?ln=primefaces&v=4.0 HTTP/1.1" 304 -
152.203.43.101 - - [16/Jul/2023:11:18:27 -0500] "GET /sipse/faces/javax.faces.resource/primefaces.js?ln=primefaces&v=4.0 HTTP/1.1" 304 -
152.203.43.101 - - [16/Jul/2023:11:18:27 -0500] "GET /sipse/faces/javax.faces.resource/layout/layout.js?ln=primefaces&v=4.0 HTTP/1.1" 304 -
152.203.43.101 - - [16/Jul/2023:11:18:27 -0500] "GET /sipse/css/v_mergente.css HTTP/1.1" 304 -
152.203.43.101 - - [16/Jul/2023:11:18:27 -0500] "GET /sipse/imagenes/cargando.gif HTTP/1.1" 200 36959
152.203.43.101 - - [16/Jul/2023:11:18:27 -0500] "GET /sipse/css/imagen/contrasena.png HTTP/1.1" 404 383
152.203.43.101 - - [16/Jul/2023:11:18:27 -0500] "GET /sipse/imagenes/logoAplicacion.jpg HTTP/1.1" 200 155084
179.19.39.138 - - [16/Jul/2023:11:18:38 -0500] "GET /calidad-del-aire-distrito-avanza-unido-por-un-nuevo-aire.html?utm_source=Meta_DIGI&utm_medium=CPMa&utm_campaign=Aire&utm_id=Julio_2023&gclid=EAIaIQobChMI36jwo9CTgAMVCVyHCh2_tgBqEAEYASAAEgJCbPD_BwE HTTP/1.1" 200 783
172.22.2.4 - - [16/Jul/2023:11:17:12 -0500] "HEAD /BLA/boletinlegal/ HTTP/1.1" 200 -
201.245.192.253 - - [16/Jul/2023:11:18:53 -0500] "POST /kwsrmcab/Wsrmcab  HTTP/1.1" 200 42295
172.22.2.4 - - [16/Jul/2023:11:18:02 -0500] "GET /BLA/boletinlegal/ HTTP/1.1" 200 56452
111.225.148.43 - - [16/Jul/2023:11:19:43 -0500] "GET /BLA/resoluciones/RESOLUCIONES%202015/2923.pdf HTTP/1.1" 200 787167
191.95.52.142 - - [16/Jul/2023:11:19:49 -0500] "GET /calidad-del-aire-distrito-avanza-unido-por-un-nuevo-aire.html?utm_source=Meta_DIGI&utm_medium=CPMa&utm_campaign=Aire&utm_id=Julio_2023 HTTP/1.1" 200 783
201.245.192.253 - - [16/Jul/2023:11:20:05 -0500] "POST /kwsrmcab/Wsrmcab HTTP/1.1" 200 41900
201.245.192.253 - - [16/Jul/2023:11:20:08 -0500] "POST /kwsrmcab/Wsrmcab HTTP/1.1" 200 43386
191.156.51.84 - - [16/Jul/2023:11:20:25 -0500] "GET /calidad-del-aire-distrito-avanza-unido-por-un-nuevo-aire.html?utm_source=Meta_DIGI&utm_medium=CPMa&utm_campaign=Aire&utm_id=Julio_2023 HTTP/1.1" 200 783
190.27.115.211 - - [16/Jul/2023:11:21:31 -0500] "GET /calidad-del-aire-distrito-avanza-unido-por-un-nuevo-aire.html?utm_source=Meta_DIGI&utm_medium=CPMa&utm_campaign=Aire&utm_id=Julio_2023&gclid=EAIaIQobChMI05q6-dCTgAMVyTKtBh23HATdEAEYASAAEgKqjPD_BwE HTTP/1.1" 200 783
216.245.221.92 - - [16/Jul/2023:11:21:35 -0500] "HEAD / HTTP/1.1" 200 -
173.252.79.117 - - [16/Jul/2023:11:21:54 -0500] "GET /images/camino-guadalupe-aguanoso.jpg HTTP/1.1" 200 103489
173.252.79.5 - - [16/Jul/2023:11:21:54 -0500] "GET /images/Caminatas-ecologicas-julio.jpg HTTP/1.1" 200 480557
186.155.18.23 - - [16/Jul/2023:11:23:26 -0500] "GET /calidad-del-aire-distrito-avanza-unido-por-un-nuevo-aire.html?utm_source=Meta_DIGI&utm_medium=CPMa&utm_campaign=Aire&utm_id=Julio_2023&fbclid=IwAR17apaHYBeKO2W3g8NU4BJhKP4LLNHRoCvm5MkB3sk0osnFFfsE7c5G7HA_aem_Abuk6ABCWggRHGtod6S9hdUFAShTbh_WXoihQexRBT1mM--raISWGST1yRdgwzM5Y6sL4GzQHXCvPeT6Dto3-jBH HTTP/1.1" 200 783
111.225.148.8 - - [16/Jul/2023:11:23:44 -0500] "GET /BLA/resoluciones/AUTOS%202016/2992.pdf HTTP/1.1" 200 441434
52.167.144.100 - - [16/Jul/2023:11:23:49 -0500] "GET /forest/ HTTP/1.1" 200 12041
201.245.192.253 - - [16/Jul/2023:11:23:52 -0500] "POST /kwsrmcab/Wsrmcab  HTTP/1.1" 200 42295
172.22.2.4 - - [16/Jul/2023:11:23:02 -0500] "HEAD /BLA/boletinlegal/ HTTP/1.1" 200 -
186.169.214.69 - - [16/Jul/2023:11:24:52 -0500] "GET /calidad-del-aire-distrito-avanza-unido-por-un-nuevo-aire.html?utm_source=Meta_DIGI&utm_medium=CPMa&utm_campaign=Aire&utm_id=Julio_2023&gclid=EAIaIQobChMIyZGb3NGTgAMVvJ79Bx3s7QqAEAEYASAAEgIV8_D_BwE HTTP/1.1" 200 783
186.169.214.69 - - [16/Jul/2023:11:24:52 -0500] "GET /calidad-del-aire-distrito-avanza-unido-por-un-nuevo-aire.html?utm_source=Meta_DIGI&utm_medium=CPMa&utm_campaign=Aire&utm_id=Julio_2023&gclid=EAIaIQobChMIyZGb3NGTgAMVvJ79Bx3s7QqAEAEYASAAEgIV8_D_BwE HTTP/1.1" 200 783
186.169.214.69 - - [16/Jul/2023:11:24:53 -0500] "GET /apple-touch-icon-120x120-precomposed.png HTTP/1.1" 404 1136
186.169.214.69 - - [16/Jul/2023:11:24:53 -0500] "GET /apple-touch-icon-120x120.png HTTP/1.1" 404 1136
186.169.214.69 - - [16/Jul/2023:11:24:53 -0500] "GET /apple-touch-icon-precomposed.png HTTP/1.1" 404 1136
186.169.214.69 - - [16/Jul/2023:11:24:54 -0500] "GET /apple-touch-icon.png HTTP/1.1" 404 1136
186.169.214.69 - - [16/Jul/2023:11:24:54 -0500] "GET /favicon.ico HTTP/1.1" 404 1136
186.169.214.69 - - [16/Jul/2023:11:24:54 -0500] "GET /apple-touch-icon-120x120-precomposed.png HTTP/1.1" 404 1136
186.169.214.69 - - [16/Jul/2023:11:24:54 -0500] "GET /apple-touch-icon-120x120.png HTTP/1.1" 404 1136
186.169.214.69 - - [16/Jul/2023:11:24:55 -0500] "GET /apple-touch-icon-precomposed.png HTTP/1.1" 404 1136
186.169.214.69 - - [16/Jul/2023:11:24:55 -0500] "GET /apple-touch-icon.png HTTP/1.1" 404 1136
186.169.214.69 - - [16/Jul/2023:11:24:55 -0500] "GET /favicon.ico HTTP/1.1" 404 1136
172.22.2.4 - - [16/Jul/2023:11:23:52 -0500] "GET /BLA/boletinlegal/ HTTP/1.1" 200 56452
191.156.51.84 - - [16/Jul/2023:11:25:36 -0500] "GET /calidad-del-aire-distrito-avanza-unido-por-un-nuevo-aire.html?utm_source=Meta_DIGI&utm_medium=CPMa&utm_campaign=Aire&utm_id=Julio_2023&gclid=EAIaIQobChMI-p-H8tGTgAMVkdT9BR1QpAfPEAEYASAAEgJW3PD_BwE HTTP/1.1" 200 783
52.167.144.139 - - [16/Jul/2023:11:26:01 -0500] "GET /zuma-propuesta-de-pot-una-herramienta-clave-para-seguir-mejorando-la-calidad-del-aire-de-bogota.html HTTP/1.1" 200 1029
66.220.149.9 - - [16/Jul/2023:11:26:27 -0500] "GET /images/camino-guadalupe-aguanoso.jpg HTTP/1.1" 200 103489
216.245.221.92 - - [16/Jul/2023:11:26:35 -0500] "HEAD / HTTP/1.1" 200 -
69.171.249.1 - - [16/Jul/2023:11:27:42 -0500] "GET /images/camino-guadalupe-aguanoso.jpg HTTP/1.1" 200 103489
110.249.202.4 - - [16/Jul/2023:11:27:44 -0500] "GET /BLA/resoluciones/RESOLUCIONES%202017/3349.pdf HTTP/1.1" 200 344175
152.203.43.101 - - [16/Jul/2023:11:27:49 -0500] "GET /sipse/faces/javax.faces.resource/images/ui-bg_flat_0_2d5972_40x100.png?ln=primefaces-aristo HTTP/1.1" 200 183
152.203.43.101 - - [16/Jul/2023:11:27:49 -0500] "POST /sipse/faces/bienvenido.xhtml HTTP/1.1" 200 2658
152.203.43.101 - - [16/Jul/2023:11:27:50 -0500] "POST /sipse/faces/bienvenido.xhtml HTTP/1.1" 200 64091
152.203.43.101 - - [16/Jul/2023:11:27:52 -0500] "GET /sipse/faces/javax.faces.resource/jquery/jquery.js?ln=primefaces&v=4.0 HTTP/1.1" 304 -
152.203.43.101 - - [16/Jul/2023:11:27:52 -0500] "GET /sipse/faces/javax.faces.resource/jquery/jquery-plugins.js?ln=primefaces&v=4.0 HTTP/1.1" 304 -
152.203.43.101 - - [16/Jul/2023:11:27:52 -0500] "GET /sipse/faces/javax.faces.resource/primefaces.js?ln=primefaces&v=4.0 HTTP/1.1" 304 -
152.203.43.101 - - [16/Jul/2023:11:27:52 -0500] "GET /sipse/faces/javax.faces.resource/layout/layout.js?ln=primefaces&v=4.0 HTTP/1.1" 304 -
152.203.43.101 - - [16/Jul/2023:11:27:52 -0500] "POST /sipse/faces/presentacion/financiero/solicitudProceso/listarSolicitudProceso.xhtml HTTP/1.1" 200 1556
152.203.43.101 - - [16/Jul/2023:11:27:56 -0500] "POST /sipse/faces/presentacion/financiero/solicitudProceso/listarSolicitudProceso.xhtml HTTP/1.1" 200 19900
152.203.43.101 - - [16/Jul/2023:11:27:59 -0500] "POST /sipse/faces/presentacion/financiero/solicitudProceso/listarSolicitudProceso.xhtml HTTP/1.1" 200 162502
152.203.43.101 - - [16/Jul/2023:11:28:00 -0500] "GET /sipse/faces/javax.faces.resource/jquery/jquery.js?ln=primefaces&v=4.0 HTTP/1.1" 304 -
152.203.43.101 - - [16/Jul/2023:11:28:00 -0500] "GET /sipse/faces/javax.faces.resource/jquery/jquery-plugins.js?ln=primefaces&v=4.0 HTTP/1.1" 304 -
152.203.43.101 - - [16/Jul/2023:11:28:00 -0500] "GET /sipse/faces/javax.faces.resource/primefaces.js?ln=primefaces&v=4.0 HTTP/1.1" 304 -
152.203.43.101 - - [16/Jul/2023:11:28:00 -0500] "GET /sipse/faces/javax.faces.resource/layout/layout.js?ln=primefaces&v=4.0 HTTP/1.1" 304 -
152.203.43.101 - - [16/Jul/2023:11:28:00 -0500] "GET /sipse/faces/javax.faces.resource/dynamiccontent.properties?ln=primefaces&pfdrid=XjOR5%2F%2FfPAZAuY9TpWQeCiM0BhlXxYRBGKi%2FQcXXfeA%3D&pfdrid_c=false HTTP/1.1" 500 383
152.203.43.101 - - [16/Jul/2023:11:28:34 -0500] "POST /sipse/faces/presentacion/financiero/solicitudProceso/consultarSolicitudProceso.xhtml HTTP/1.1" 200 257235
181.54.17.166 - - [16/Jul/2023:11:28:45 -0500] "GET /calidad-del-aire-distrito-avanza-unido-por-un-nuevo-aire.html?utm_source=Meta_DIGI&utm_medium=CPMa&utm_campaign=Aire&utm_id=Julio_2023&gclid=EAIaIQobChMI1LiqyNKTgAMVYwH5AB2NyQ6sEAEYASAAEgJtOPD_BwE HTTP/1.1" 200 783
201.245.192.253 - - [16/Jul/2023:11:28:51 -0500] "POST /kwsrmcab/Wsrmcab  HTTP/1.1" 200 42295
172.22.2.4 - - [16/Jul/2023:11:27:14 -0500] "GET /BLA/boletinlegal/ HTTP/1.1" 200 60612
191.156.50.200 - - [16/Jul/2023:11:29:16 -0500] "GET /calidad-del-aire-distrito-avanza-unido-por-un-nuevo-aire.html?utm_source=Meta_DIGI&utm_medium=CPMa&utm_campaign=Aire&utm_id=Julio_2023&fbclid=IwAR04itNiAF73EUvaMIW29CxeIHIkIrtdQj4P_a4PP26roiP2NT6I3hWz1QM_aem_Abu6keiBj60yjYVHdpb6GONNezmGydIh0IcF8yIjJhj5nHFVW1JwhkL9z83fAbjI4mCwpTN6ApNSX2rrH8dO1G1I HTTP/1.1" 200 783
152.203.43.101 - - [16/Jul/2023:11:29:38 -0500] "POST /sipse/faces/presentacion/financiero/solicitudProceso/consultarSolicitudProceso.xhtml HTTP/1.1" 200 58017
181.54.17.166 - - [16/Jul/2023:11:29:41 -0500] "GET /calidad-del-aire-distrito-avanza-unido-por-un-nuevo-aire.html?utm_source=Meta_DIGI&utm_medium=CPMa&utm_campaign=Aire&utm_id=Julio_2023&gclid=EAIaIQobChMI176j39KTgAMVRAGtBh0qdw1BEAEYASAAEgJJ8_D_BwE HTTP/1.1" 200 783
201.245.192.253 - - [16/Jul/2023:11:30:05 -0500] "POST /kwsrmcab/Wsrmcab HTTP/1.1" 200 41900
201.245.192.253 - - [16/Jul/2023:11:30:08 -0500] "POST /kwsrmcab/Wsrmcab HTTP/1.1" 200 43386
3.90.185.111 - - [16/Jul/2023:11:30:14 -0500] "GET /en-julio-programate-para-asistir-a-las-caminatas-ecologicas-y-conectarte-con-la-naturaleza.html HTTP/1.1" 200 773
173.252.87.119 - - [16/Jul/2023:11:30:15 -0500] "GET /images/camino-guadalupe-aguanoso.jpg HTTP/1.1" 200 103489
172.22.2.4 - - [16/Jul/2023:11:28:52 -0500] "HEAD /BLA/boletinlegal/ HTTP/1.1" 200 -
66.249.75.163 - - [16/Jul/2023:11:30:38 -0500] "-" 408 -
181.60.182.166 - - [16/Jul/2023:11:30:49 -0500] "GET /calidad-del-aire-distrito-avanza-unido-por-un-nuevo-aire.html?utm_source=Meta_DIGI&utm_medium=CPMa&utm_campaign=Aire&utm_id=Julio_2023&fbclid=IwAR2CzOQWXedK0hr-ZWwJ78dJ7ENOaM0zCignrGxIVtCdwxvDMrsZPsvaWKc_aem_Absia66wK6i4_WyQAL47Ifa2BdmsBYHu_JzS9IecAjgX1G5rexJtHBgySb24aoFuKQkVxbAGoI3cVKJ7PmjvWYxi HTTP/1.1" 200 783
3.90.185.111 - - [16/Jul/2023:11:30:53 -0500] "GET /portaldeninos/ HTTP/1.1" 200 110197
172.22.2.4 - - [16/Jul/2023:11:30:57 -0500] "GET /BLA/boletinlegal/actos.php HTTP/1.1" 200 9682
200.118.61.61 - - [16/Jul/2023:11:31:12 -0500] "GET /calidad-del-aire-distrito-avanza-unido-por-un-nuevo-aire.html?utm_source=Meta_DIGI&utm_medium=CPMa&utm_campaign=Aire&utm_id=Julio_2023&gclid=EAIaIQobChMI3PHhkNOTgAMVtjatBh1GlwYVEAEYASAAEgK6mvD_BwE HTTP/1.1" 200 783
191.95.55.2 - - [16/Jul/2023:11:31:16 -0500] "GET /calidad-del-aire-distrito-avanza-unido-por-un-nuevo-aire.html?utm_source=Meta_DIGI&utm_medium=CPMa&utm_campaign=Aire&utm_id=Julio_2023&fbclid=IwAR1Svjfh1rSlTYR-YcOYwCCHQ6M9jqHhb9bvm3WdAolDL020UXBNza1qtto_aem_AbstiNpXnMCymfOc3-XoCtl2qPLWobuMwrhpZHHRbPO-bMbtCQJisy_aHQG51jMOARIpfL_4WJwLK1GVkx6qgXVF HTTP/1.1" 200 783
172.22.2.4 - - [16/Jul/2023:11:29:43 -0500] "GET /BLA/boletinlegal/ HTTP/1.1" 200 56100
216.245.221.92 - - [16/Jul/2023:11:31:35 -0500] "HEAD / HTTP/1.1" 200 -
69.171.230.6 - - [16/Jul/2023:11:31:37 -0500] "GET /habilitado-nuevo-camino-para-recorrer-los-cerros-guadalupe-aguanoso.html HTTP/1.1" 206 837
69.171.230.1 - - [16/Jul/2023:11:31:37 -0500] "GET /habilitado-nuevo-camino-para-recorrer-los-cerros-guadalupe-aguanoso.html HTTP/1.1" 206 837
69.171.230.1 - - [16/Jul/2023:11:31:38 -0500] "GET /habilitado-nuevo-camino-para-recorrer-los-cerros-guadalupe-aguanoso.html HTTP/1.1" 200 837
69.171.230.6 - - [16/Jul/2023:11:31:38 -0500] "GET /habilitado-nuevo-camino-para-recorrer-los-cerros-guadalupe-aguanoso.html HTTP/1.1" 206 837
18.136.111.43 - - [16/Jul/2023:11:31:41 -0500] "GET /transparencia/financiera/Desagregado%20con%20modificaciones/? HTTP/1.1" 404 1470
18.136.111.43 - - [16/Jul/2023:11:31:43 -0500] "GET /transparencia/financiera/Desagregado%20con%20modificaciones/? HTTP/1.1" 404 1470
111.225.149.175 - - [16/Jul/2023:11:31:44 -0500] "GET /BLA/resoluciones/AUTOS%202015/2823.pdf HTTP/1.1" 200 511810
186.84.89.176 - - [16/Jul/2023:11:33:32 -0500] "GET /calidad-del-aire-distrito-avanza-unido-por-un-nuevo-aire.html?utm_source=Meta_DIGI&utm_medium=CPMa&utm_campaign=Aire&utm_id=Julio_2023&gclid=EAIaIQobChMI8aPR0dOTgAMVUQetBh120wXzEAEYASAAEgKARfD_BwE HTTP/1.1" 200 783
201.245.192.253 - - [16/Jul/2023:11:33:50 -0500] "POST /kwsrmcab/Wsrmcab  HTTP/1.1" 200 42295
190.27.130.1 - - [16/Jul/2023:11:34:48 -0500] "GET /calidad-del-aire-distrito-avanza-unido-por-un-nuevo-aire.html?utm_source=Meta_DIGI&utm_medium=CPMa&utm_campaign=Aire&utm_id=Julio_2023&gclid=EAIaIQobChMI2IDE-NOTgAMVWMjnAx38VwEnEAEYASAAEgKeJfD_BwE HTTP/1.1" 200 783
111.225.149.240 - - [16/Jul/2023:11:35:44 -0500] "GET /BLA/resoluciones/AUTOS%202013/1361.pdf HTTP/1.1" 200 1917099
172.22.2.4 - - [16/Jul/2023:11:34:42 -0500] "HEAD /BLA/boletinlegal/ HTTP/1.1" 200 -
216.245.221.92 - - [16/Jul/2023:11:36:35 -0500] "HEAD / HTTP/1.1" 200 -
172.22.2.4 - - [16/Jul/2023:11:36:51 -0500] "GET /BLA/boletinlegal/ HTTP/1.1" 200 50283
172.22.2.4 - - [16/Jul/2023:11:36:52 -0500] "GET /BLA/boletinlegal/ HTTP/1.1" 200 50283
201.245.192.253 - - [16/Jul/2023:11:38:49 -0500] "POST /kwsrmcab/Wsrmcab  HTTP/1.1" 200 42295
177.126.58.14 - - [16/Jul/2023:11:38:58 -0500] "GET / HTTP/1.1" 200 319
69.171.249.4 - - [16/Jul/2023:11:39:03 -0500] "GET /en-julio-programate-para-asistir-a-las-caminatas-ecologicas-y-conectarte-con-la-naturaleza.html HTTP/1.1" 200 773
52.167.144.66 - - [16/Jul/2023:11:39:31 -0500] "GET /Publicaciones/2023EE133342.pdf HTTP/1.1" 404 228
110.249.201.140 - - [16/Jul/2023:11:39:44 -0500] "GET /BLA/resoluciones/AUTOS%202010/5946.pdf HTTP/1.1" 200 203495
201.245.192.253 - - [16/Jul/2023:11:40:05 -0500] "POST /kwsrmcab/Wsrmcab HTTP/1.1" 200 41900
201.245.192.253 - - [16/Jul/2023:11:40:08 -0500] "POST /kwsrmcab/Wsrmcab HTTP/1.1" 200 43386
52.167.144.139 - - [16/Jul/2023:11:40:21 -0500] "GET /el-plan-de-accion-climatica-de-bogota-inspirador-para-otras-ciudades-del-mundo.html HTTP/1.1" 200 876
216.245.221.92 - - [16/Jul/2023:11:41:35 -0500] "HEAD / HTTP/1.1" 200 -
191.156.48.236 - - [16/Jul/2023:11:41:46 -0500] "GET /calidad-del-aire-distrito-avanza-unido-por-un-nuevo-aire.html?utm_source=Meta_DIGI&utm_medium=CPMa&utm_campaign=Aire&utm_id=Julio_2023&gclid=EAIaIQobChMIwp_audWTgAMV5xl2Bh0c_QgAEAEYASAAEgLgZPD_BwE HTTP/1.1" 200 783
172.22.2.4 - - [16/Jul/2023:11:40:33 -0500] "HEAD /BLA/boletinlegal/ HTTP/1.1" 200 -
191.156.63.172 - - [16/Jul/2023:11:42:26 -0500] "GET /calidad-del-aire-distrito-avanza-unido-por-un-nuevo-aire.html?utm_source=Meta_DIGI&utm_medium=CPMa&utm_campaign=Aire&utm_id=Julio_2023&gclid=EAIaIQobChMIqPrK0tWTgAMVAsJbCh10qwA0EAEYASAAEgJQFfD_BwE HTTP/1.1" 200 783
181.55.141.141 - - [16/Jul/2023:11:42:52 -0500] "GET /calidad-del-aire-distrito-avanza-unido-por-un-nuevo-aire.html?utm_source=Meta_DIGI&utm_medium=CPMa&utm_campaign=Aire&utm_id=Julio_2023&gclid=EAIaIQobChMIvfnk3NWTgAMVyPz9BR1DswJJEAEYASAAEgIoO_D_BwE HTTP/1.1" 200 783
172.22.2.4 - - [16/Jul/2023:11:41:23 -0500] "GET /BLA/boletinlegal/ HTTP/1.1" 200 58079
111.225.149.104 - - [16/Jul/2023:11:43:48 -0500] "GET /BLA/resoluciones/RESOLUCIONES%201996/RESOLUCION%2040%20DE%201996.pdf HTTP/1.1" 200 131823
201.245.192.253 - - [16/Jul/2023:11:43:48 -0500] "POST /kwsrmcab/Wsrmcab  HTTP/1.1" 200 42295
173.252.111.4 - - [16/Jul/2023:11:44:05 -0500] "GET /habilitado-nuevo-camino-para-recorrer-los-cerros-guadalupe-aguanoso.html HTTP/1.1" 200 837
173.252.111.2 - - [16/Jul/2023:11:44:08 -0500] "GET /habilitado-nuevo-camino-para-recorrer-los-cerros-guadalupe-aguanoso.html HTTP/1.1" 206 837
173.252.111.10 - - [16/Jul/2023:11:44:09 -0500] "GET /habilitado-nuevo-camino-para-recorrer-los-cerros-guadalupe-aguanoso.html HTTP/1.1" 206 837
173.252.111.10 - - [16/Jul/2023:11:44:12 -0500] "GET /habilitado-nuevo-camino-para-recorrer-los-cerros-guadalupe-aguanoso.html HTTP/1.1" 206 837
152.203.43.101 - - [16/Jul/2023:11:44:23 -0500] "POST /sipse/faces/presentacion/financiero/solicitudProceso/consultarSolicitudProceso.xhtml HTTP/1.1" 200 121221
181.53.12.151 - - [16/Jul/2023:11:45:24 -0500] "GET /appsia/controlador HTTP/1.1" 200 4799
181.53.12.151 - - [16/Jul/2023:11:45:25 -0500] "GET /appsia/css/estilos.css HTTP/1.1" 200 4804
181.53.12.151 - - [16/Jul/2023:11:45:25 -0500] "GET /appsia/scripts/validarIngreso.js HTTP/1.1" 200 851
181.53.12.151 - - [16/Jul/2023:11:45:25 -0500] "GET /appsia/images/logo_bogota_p.png HTTP/1.1" 200 14951
181.53.12.151 - - [16/Jul/2023:11:45:25 -0500] "GET /appsia/images/cabezoteHojaVida.png HTTP/1.1" 200 32493
181.53.12.151 - - [16/Jul/2023:11:45:25 -0500] "GET /favicon.ico HTTP/1.1" 200 7782
52.167.144.100 - - [16/Jul/2023:11:45:42 -0500] "GET /BLA/resoluciones/AUTOS%202023/3520.pdf HTTP/1.1" 200 866502
181.48.255.196 - - [16/Jul/2023:11:46:06 -0500] "GET /appsia/controlador HTTP/1.1" 200 4799
181.48.255.196 - - [16/Jul/2023:11:46:07 -0500] "GET /appsia/css/estilos.css HTTP/1.1" 200 4804
181.48.255.196 - - [16/Jul/2023:11:46:07 -0500] "GET /appsia/scripts/validarIngreso.js HTTP/1.1" 200 851
181.48.255.196 - - [16/Jul/2023:11:46:07 -0500] "GET /appsia/images/cabezoteHojaVida.png HTTP/1.1" 200 32493
181.48.255.196 - - [16/Jul/2023:11:46:07 -0500] "GET /appsia/images/logo_bogota_p.png HTTP/1.1" 200 14951
181.53.12.151 - - [16/Jul/2023:11:46:10 -0500] "POST /appsia/controlador HTTP/1.1" 200 3604
181.53.12.151 - - [16/Jul/2023:11:46:10 -0500] "GET /appsia/jscripts/validarSolicitud.js HTTP/1.1" 404 68
191.95.48.125 - - [16/Jul/2023:11:46:18 -0500] "GET /calidad-del-aire-distrito-avanza-unido-por-un-nuevo-aire.html?utm_source=Meta_DIGI&utm_medium=CPMa&utm_campaign=Aire&utm_id=Julio_2023&gclid=EAIaIQobChMIlOz0utaTgAMVpgj5AB3z9g6DEAEYASAAEgJnSfD_BwE HTTP/1.1" 200 783
216.245.221.92 - - [16/Jul/2023:11:46:35 -0500] "HEAD / HTTP/1.1" 200 -
181.53.12.151 - - [16/Jul/2023:11:46:54 -0500] "POST /appsia/controlador HTTP/1.1" 200 4799
179.19.11.91 - - [16/Jul/2023:11:46:57 -0500] "GET /calidad-del-aire-distrito-avanza-unido-por-un-nuevo-aire.html?utm_source=Meta_DIGI&utm_medium=CPMa&utm_campaign=Aire&utm_id=Julio_2023&gclid=EAIaIQobChMIs-OK0daTgAMVBLViCh3o8gkfEAEYASAAEgIpkPD_BwE HTTP/1.1" 200 783
181.53.12.151 - - [16/Jul/2023:11:47:06 -0500] "POST /appsia/controlador HTTP/1.1" 200 3604
181.53.12.151 - - [16/Jul/2023:11:47:06 -0500] "GET /appsia/jscripts/validarSolicitud.js HTTP/1.1" 404 68
111.225.148.240 - - [16/Jul/2023:11:47:45 -0500] "GET /BLA/resoluciones/AUTOS%202011/3449.pdf HTTP/1.1" 200 213367
172.22.2.4 - - [16/Jul/2023:11:46:23 -0500] "HEAD /BLA/boletinlegal/ HTTP/1.1" 200 -
66.249.88.197 - - [16/Jul/2023:11:48:11 -0500] "GET /images/jardines-verticales_optimized.jpeg HTTP/1.1" 200 138197
186.102.23.238 - - [16/Jul/2023:11:48:22 -0500] "GET /calidad-del-aire-distrito-avanza-unido-por-un-nuevo-aire.html?utm_source=Meta_DIGI&utm_medium=CPMa&utm_campaign=Aire&utm_id=Julio_2023&gclid=EAIaIQobChMIs5_p-NaTgAMVPTZECB25Twj4EAEYASAAEgKD3_D_BwE HTTP/1.1" 200 783
191.156.225.75 - - [16/Jul/2023:11:48:42 -0500] "GET /calidad-del-aire-distrito-avanza-unido-por-un-nuevo-aire.html?utm_source=Meta_DIGI&utm_medium=CPMa&utm_campaign=Aire&utm_id=Julio_2023&gclid=EAIaIQobChMI_IbGgNeTgAMVFN1kCh0xtApsEAEYASAAEgLFK_D_BwE HTTP/1.1" 200 783
201.245.192.253 - - [16/Jul/2023:11:48:48 -0500] "POST /kwsrmcab/Wsrmcab  HTTP/1.1" 200 42295
179.19.220.229 - - [16/Jul/2023:11:49:59 -0500] "GET /calidad-del-aire-distrito-avanza-unido-por-un-nuevo-aire.html?utm_source=Meta_DIGI&utm_medium=CPMa&utm_campaign=Aire&utm_id=Julio_2023 HTTP/1.1" 200 783
172.22.2.4 - - [16/Jul/2023:11:48:38 -0500] "GET /BLA/boletinlegal/ HTTP/1.1" 200 55739
172.22.2.4 - - [16/Jul/2023:11:48:39 -0500] "GET /BLA/boletinlegal/ HTTP/1.1" 200 55739
177.247.85.126 - - [16/Jul/2023:11:50:45 -0500] "GET /en-julio-programate-para-asistir-a-las-caminatas-ecologicas-y-conectarte-con-la-naturaleza.html HTTP/1.1" 200 773
172.22.2.4 - - [16/Jul/2023:11:50:48 -0500] "GET /BLA/boletinlegal/actos.php HTTP/1.1" 200 9682
177.247.85.126 - - [16/Jul/2023:11:50:48 -0500] "GET /portaldeninos/ HTTP/1.1" 200 110197
216.245.221.92 - - [16/Jul/2023:11:51:35 -0500] "HEAD / HTTP/1.1" 200 -
111.225.149.58 - - [16/Jul/2023:11:51:45 -0500] "GET /BLA/resoluciones/AUTOS%202013/1686.pdf HTTP/1.1" 200 284281
172.22.2.4 - - [16/Jul/2023:11:50:40 -0500] "GET /BLA/boletinlegal/ HTTP/1.1" 200 61035
31.13.127.118 - - [16/Jul/2023:11:52:41 -0500] "GET /images/camino-guadalupe-aguanoso.jpg HTTP/1.1" 200 103489
191.156.233.94 - - [16/Jul/2023:11:52:48 -0500] "GET /calidad-del-aire-distrito-avanza-unido-por-un-nuevo-aire.html?utm_source=Meta_DIGI&utm_medium=CPMa&utm_campaign=Aire&utm_id=Julio_2023&gclid=EAIaIQobChMIttWi-NeTgAMVxDVECB1HTAXqEAEYASAAEgJftPD_BwE HTTP/1.1" 200 783
201.245.192.253 - - [16/Jul/2023:11:53:46 -0500] "POST /kwsrmcab/Wsrmcab  HTTP/1.1" 200 42295
172.22.2.4 - - [16/Jul/2023:11:52:13 -0500] "HEAD /BLA/boletinlegal/ HTTP/1.1" 200 -
172.22.2.4 - - [16/Jul/2023:11:53:03 -0500] "GET /BLA/boletinlegal/ HTTP/1.1" 200 58474
110.249.201.207 - - [16/Jul/2023:11:55:46 -0500] "GET /BLA/resoluciones/AUTOS%202019/0025.pdf HTTP/1.1" 200 258840
186.80.132.74 - - [16/Jul/2023:11:56:22 -0500] "GET /BLA/boletinlegal/js/jquery.scrollShow.js HTTP/1.1" 200 4586
186.80.132.74 - - [16/Jul/2023:11:56:22 -0500] "GET /galeria/galeria/jquery.fancybox.css?v=2.1.5 HTTP/1.1" 200 4895
186.80.132.74 - - [16/Jul/2023:11:56:22 -0500] "GET /galeria/galeria/jquery.fancybox.js?v=2.1.5 HTTP/1.1" 200 48706
216.245.221.92 - - [16/Jul/2023:11:56:35 -0500] "HEAD / HTTP/1.1" 200 -
172.22.2.4 - - [16/Jul/2023:11:56:55 -0500] "GET /BLA/boletinlegal/actos.php HTTP/1.1" 200 9682
172.22.2.4 - - [16/Jul/2023:11:56:55 -0500] "GET /BLA/boletinlegal/favicon.ico HTTP/1.1" 404 1326
167.94.138.36 - - [16/Jul/2023:11:56:55 -0500] "GET / HTTP/1.1" 200 319
167.94.138.36 - - [16/Jul/2023:11:56:56 -0500] "GET / HTTP/1.1" 200 319
167.94.138.36 - - [16/Jul/2023:11:56:56 -0500] "PRI * HTTP/2.0" 400 946
167.94.138.36 - - [16/Jul/2023:11:56:56 -0500] "GET /favicon.ico HTTP/1.1" 200 7782
186.80.52.205 - - [16/Jul/2023:11:56:57 -0500] "GET /BLA/resoluciones/ HTTP/1.1" 200 13502
186.102.21.26 - - [16/Jul/2023:11:56:58 -0500] "GET /en-julio-programate-para-asistir-a-las-caminatas-ecologicas-y-conectarte-con-la-naturaleza.html?fbclid=IwAR0vym747ILA0Ou2zG5bepu0om0uvfXgX8xVxZyUaOHH3YlO4rU3csRvpL8 HTTP/1.1" 200 773
186.80.52.205 - - [16/Jul/2023:11:56:58 -0500] "GET /BLA/resoluciones/index.php?dir=AUTOS+2023%2F HTTP/1.1" 200 159300
201.245.192.253 - - [16/Jul/2023:11:58:45 -0500] "POST /kwsrmcab/Wsrmcab  HTTP/1.1" 200 42295
190.184.205.110 - - [16/Jul/2023:11:59:21 -0500] "GET /calidad-del-aire-distrito-avanza-unido-por-un-nuevo-aire.html?utm_source=Meta_DIGI&utm_medium=CPMa&utm_campaign=Aire&utm_id=Julio_2023&fbclid=IwAR1niosQtgW-tndguCknjmYo35kGN63QHlHCt9PDQABjqNpCKEPvitkgoDs_aem_AbvdsamfsFXIOrTsFVFzaPv_MozqXmomcU2aV06jDVL3Slx_3lzbn4vdHGVgYmNsf9uy6pLn-VcKPsYKoLYItD4A HTTP/1.1" 200 783
152.203.43.101 - - [16/Jul/2023:11:59:43 -0500] "POST /sipse/faces/presentacion/financiero/solicitudProceso/consultarSolicitudProceso.xhtml HTTP/1.1" 200 36345
152.203.43.101 - - [16/Jul/2023:11:59:44 -0500] "GET /sipse/faces/javax.faces.resource/jquery/jquery.js?ln=primefaces&v=4.0 HTTP/1.1" 304 -
152.203.43.101 - - [16/Jul/2023:11:59:44 -0500] "GET /sipse/faces/javax.faces.resource/jquery/jquery-plugins.js?ln=primefaces&v=4.0 HTTP/1.1" 304 -
152.203.43.101 - - [16/Jul/2023:11:59:44 -0500] "GET /sipse/faces/javax.faces.resource/primefaces.js?ln=primefaces&v=4.0 HTTP/1.1" 304 -
152.203.43.101 - - [16/Jul/2023:11:59:44 -0500] "GET /sipse/faces/javax.faces.resource/layout/layout.js?ln=primefaces&v=4.0 HTTP/1.1" 304 -
152.203.43.101 - - [16/Jul/2023:11:59:44 -0500] "POST /sipse/faces/presentacion/financiero/solicitudProceso/listarSolicitudProceso.xhtml HTTP/1.1" 200 29729
152.203.43.101 - - [16/Jul/2023:11:59:45 -0500] "POST /sipse/faces/presentacion/financiero/solicitudProceso/listarSolicitudProceso.xhtml HTTP/1.1" 200 29729
152.203.43.101 - - [16/Jul/2023:11:59:45 -0500] "POST /sipse/faces/presentacion/financiero/solicitudProceso/listarSolicitudProceso.xhtml HTTP/1.1" 200 1400
110.249.202.44 - - [16/Jul/2023:11:59:47 -0500] "GET /BLA/resoluciones/AUTOS%202009/0899.pdf HTTP/1.1" 200 124007
152.203.43.101 - - [16/Jul/2023:11:59:46 -0500] "POST /sipse/faces/presentacion/financiero/solicitudProceso/listarSolicitudProceso.xhtml HTTP/1.1" 200 1392
152.203.43.101 - - [16/Jul/2023:11:59:47 -0500] "POST /sipse/faces/presentacion/financiero/solicitudProceso/listarSolicitudProceso.xhtml HTTP/1.1" 200 1400
179.51.109.98 - - [16/Jul/2023:11:59:59 -0500] "GET /calidad-del-aire-distrito-avanza-unido-por-un-nuevo-aire.html?utm_source=Meta_DIGI&utm_medium=CPMa&utm_campaign=Aire&utm_id=Julio_2023&gclid=EAIaIQobChMI89euwtmTgAMVowx9Ch20YwWGEAEYASAAEgIu5_D_BwE HTTP/1.1" 200 783
191.95.34.214 - - [16/Jul/2023:11:59:59 -0500] "GET /calidad-del-aire-distrito-avanza-unido-por-un-nuevo-aire.html?utm_source=Meta_DIGI&utm_medium=CPMa&utm_campaign=Aire&utm_id=Julio_2023&gclid=EAIaIQobChMIm5XywtmTgAMV5witBh2rMgcbEAEYASAAEgI1u_D_BwE HTTP/1.1" 200 783
191.156.176.50 - - [16/Jul/2023:12:00:01 -0500] "GET /calidad-del-aire-distrito-avanza-unido-por-un-nuevo-aire.html?utm_source=Meta_DIGI&utm_medium=CPMa&utm_campaign=Aire&utm_id=Julio_2023&fbclid=IwAR3FQlkf6YtCdY2soy1ajUMY3Dcv6xtfWAAsww_WhLwB59Mb9P3OEBN5978_aem_AbvzM0k6YJ5TDX516WVGuUrLZDAowMUsnIjodYXJSzZq-nKMIb1D1rwiT1LKR5AP_NzGbG7cw0CEtwiWMnhd8C7A HTTP/1.1" 200 783
186.86.34.44 - - [16/Jul/2023:12:00:22 -0500] "GET /calidad-del-aire-distrito-avanza-unido-por-un-nuevo-aire.html?utm_source=Meta_DIGI&utm_medium=CPMa&utm_campaign=Aire&utm_id=Julio_2023&gclid=Cj0KCQjwqs6lBhCxARIsAG8YcDilCtHo4BfoYSzxiJVd4tbestIAYnp95om0MOviQuB7_1D9h8y12LoaAur1EALw_wcB HTTP/1.1" 200 783
172.22.2.4 - - [16/Jul/2023:11:58:53 -0500] "GET /BLA/boletinlegal/ HTTP/1.1" 200 61404
216.245.221.92 - - [16/Jul/2023:12:01:35 -0500] "HEAD / HTTP/1.1" 200 -
152.203.43.101 - - [16/Jul/2023:12:01:56 -0500] "POST /sipse/faces/presentacion/financiero/solicitudProceso/listarSolicitudProceso.xhtml HTTP/1.1" 200 2672
152.203.43.101 - - [16/Jul/2023:12:01:57 -0500] "POST /sipse/faces/presentacion/financiero/solicitudProceso/listarSolicitudProceso.xhtml HTTP/1.1" 200 28172
152.203.43.101 - - [16/Jul/2023:12:01:57 -0500] "GET /sipse/faces/javax.faces.resource/jquery/jquery.js?ln=primefaces&v=4.0 HTTP/1.1" 304 -
152.203.43.101 - - [16/Jul/2023:12:01:57 -0500] "GET /sipse/faces/javax.faces.resource/jquery/jquery-plugins.js?ln=primefaces&v=4.0 HTTP/1.1" 304 -
152.203.43.101 - - [16/Jul/2023:12:01:57 -0500] "GET /sipse/faces/javax.faces.resource/primefaces.js?ln=primefaces&v=4.0 HTTP/1.1" 304 -
152.203.43.101 - - [16/Jul/2023:12:01:57 -0500] "GET /sipse/faces/javax.faces.resource/layout/layout.js?ln=primefaces&v=4.0 HTTP/1.1" 304 -
152.203.43.101 - - [16/Jul/2023:12:01:57 -0500] "POST /sipse/faces/presentacion/contratacion/contratista/listarContratista.xhtml HTTP/1.1" 200 21572
152.203.43.101 - - [16/Jul/2023:12:01:57 -0500] "POST /sipse/faces/presentacion/contratacion/contratista/listarContratista.xhtml HTTP/1.1" 200 21572
152.203.43.101 - - [16/Jul/2023:12:01:58 -0500] "POST /sipse/faces/presentacion/contratacion/contratista/listarContratista.xhtml HTTP/1.1" 200 21572
152.203.43.101 - - [16/Jul/2023:12:01:59 -0500] "POST /sipse/faces/presentacion/contratacion/contratista/listarContratista.xhtml HTTP/1.1" 200 7818
207.46.13.206 - - [16/Jul/2023:12:02:08 -0500] "GET /images/camianatas-abril-jpg_optimized.jpg HTTP/1.1" 200 96625
152.203.43.101 - - [16/Jul/2023:12:02:25 -0500] "POST /sipse/faces/presentacion/contratacion/contratista/listarContratista.xhtml HTTP/1.1" 200 7056
69.171.249.119 - - [16/Jul/2023:12:02:26 -0500] "GET /calidad-del-aire-distrito-avanza-unido-por-un-nuevo-aire.html?utm_id=Julio_2023 HTTP/1.1" 200 783
201.245.192.253 - - [16/Jul/2023:12:03:43 -0500] "POST /kwsrmcab/Wsrmcab  HTTP/1.1" 200 42295
110.249.201.244 - - [16/Jul/2023:12:03:46 -0500] "GET /BLA/resoluciones/RESOLUCIONES%202016/2251.pdf HTTP/1.1" 200 660520
186.84.22.228 - - [16/Jul/2023:12:03:58 -0500] "GET /calidad-del-aire-distrito-avanza-unido-por-un-nuevo-aire.html?utm_source=Meta_DIGI&utm_medium=CPMa&utm_campaign=Aire&utm_id=Julio_2023&gclid=EAIaIQobChMIzr71t9qTgAMVC-X9BR1LdQDREAEYASAAEgJe0_D_BwE HTTP/1.1" 200 783
179.19.143.103 - - [16/Jul/2023:12:04:41 -0500] "GET /calidad-del-aire-distrito-avanza-unido-por-un-nuevo-aire.html?utm_source=Meta_DIGI&utm_medium=CPMa&utm_campaign=Aire&utm_id=Julio_2023&gclid=EAIaIQobChMIv-W-pdqTgAMVxUTBCh1YiQ7AEAEYASAAEgIWxPD_BwE HTTP/1.1" 200 783
179.19.143.103 - - [16/Jul/2023:12:04:41 -0500] "GET /favicon.ico HTTP/1.1" 404 1690
191.95.59.236 - - [16/Jul/2023:12:05:08 -0500] "GET /calidad-del-aire-distrito-avanza-unido-por-un-nuevo-aire.html?utm_source=Meta_DIGI&utm_medium=CPMa&utm_campaign=Aire&utm_id=Julio_2023&gclid=EAIaIQobChMIwpDf29qTgAMVaxatBh0SggSyEAEYASAAEgKp__D_BwE HTTP/1.1" 200 783
181.32.196.158 - - [16/Jul/2023:12:05:21 -0500] "GET /calidad-del-aire-distrito-avanza-unido-por-un-nuevo-aire.html?utm_source=Meta_DIGI&utm_medium=CPMa&utm_campaign=Aire&utm_id=Julio_2023&gclid=Cj0KCQjwqs6lBhCxARIsAG8YcDi0Cmi1FIb9XPdOIarBAqYROLGgvAgvxIGqbOSCYwhkEhNu4J2wVZ8aAsA5EALw_wcB HTTP/1.1" 200 783
181.32.196.158 - - [16/Jul/2023:12:05:21 -0500] "GET /favicon.ico HTTP/1.1" 404 1764
173.252.111.6 - - [16/Jul/2023:12:05:25 -0500] "GET /images/camino-guadalupe-aguanoso.jpg HTTP/1.1" 200 103489
152.203.43.101 - - [16/Jul/2023:12:05:27 -0500] "POST /sipse/faces/presentacion/contratacion/contratista/listarContratista.xhtml HTTP/1.1" 200 66808
152.203.43.101 - - [16/Jul/2023:12:05:28 -0500] "GET /sipse/faces/javax.faces.resource/layout/layout.css?ln=primefaces&v=4.0 HTTP/1.1" 304 -
152.203.43.101 - - [16/Jul/2023:12:05:28 -0500] "GET /sipse/faces/javax.faces.resource/theme.css?ln=primefaces-sipse HTTP/1.1" 304 -
152.203.43.101 - - [16/Jul/2023:12:05:28 -0500] "GET /sipse/faces/javax.faces.resource/jquery/jquery.js?ln=primefaces&v=4.0 HTTP/1.1" 304 -
152.203.43.101 - - [16/Jul/2023:12:05:28 -0500] "GET /sipse/faces/javax.faces.resource/jquery/jquery-plugins.js?ln=primefaces&v=4.0 HTTP/1.1" 304 -
152.203.43.101 - - [16/Jul/2023:12:05:28 -0500] "GET /sipse/faces/javax.faces.resource/primefaces.css?ln=primefaces&v=4.0 HTTP/1.1" 304 -
152.203.43.101 - - [16/Jul/2023:12:05:28 -0500] "GET /sipse/faces/javax.faces.resource/primefaces.js?ln=primefaces&v=4.0 HTTP/1.1" 304 -
152.203.43.101 - - [16/Jul/2023:12:05:28 -0500] "GET /sipse/faces/javax.faces.resource/layout/layout.js?ln=primefaces&v=4.0 HTTP/1.1" 304 -
152.203.43.101 - - [16/Jul/2023:12:05:28 -0500] "GET /sipse/faces/javax.faces.resource/spacer/dot_clear.gif?ln=primefaces&v=4.0 HTTP/1.1" 200 42
152.203.43.101 - - [16/Jul/2023:12:05:29 -0500] "GET /sipse/faces/javax.faces.resource/images/ui-icons_898989_256x240.png?ln=primefaces-aristo HTTP/1.1" 304 -
185.10.7.247 - - [16/Jul/2023:12:06:18 -0500] "GET /habilitado-nuevo-camino-para-recorrer-los-cerros-guadalupe-aguanoso.html HTTP/1.1" 200 837
185.240.255.64 - - [16/Jul/2023:12:06:18 -0500] "GET /habilitado-nuevo-camino-para-recorrer-los-cerros-guadalupe-aguanoso.html HTTP/1.1" 200 837
203.166.157.0 - - [16/Jul/2023:12:06:19 -0500] "GET /habilitado-nuevo-camino-para-recorrer-los-cerros-guadalupe-aguanoso.html HTTP/1.1" 200 837
172.22.2.4 - - [16/Jul/2023:12:04:43 -0500] "GET /BLA/boletinlegal/ HTTP/1.1" 200 61404
216.245.221.92 - - [16/Jul/2023:12:06:35 -0500] "HEAD / HTTP/1.1" 200 -
173.252.79.10 - - [16/Jul/2023:12:07:26 -0500] "GET /images/camino-guadalupe-aguanoso.jpg HTTP/1.1" 200 103489
173.252.95.9 - - [16/Jul/2023:12:07:40 -0500] "GET /images/jardines-verticales-plantas-24-mayo.jpg HTTP/1.1" 200 148288
110.249.202.121 - - [16/Jul/2023:12:07:47 -0500] "GET /BLA/resoluciones/RESOLUCIONES%202017/2297.pdf HTTP/1.1" 200 931484
152.203.43.101 - - [16/Jul/2023:12:07:52 -0500] "GET /sipse/faces/javax.faces.resource/images/ui-bg_flat_0_2d5972_40x100.png?ln=primefaces-aristo HTTP/1.1" 304 -
152.203.43.101 - - [16/Jul/2023:12:07:52 -0500] "POST /sipse/faces/presentacion/contratacion/contratista/consultarContratista.xhtml HTTP/1.1" 200 8132
152.203.43.101 - - [16/Jul/2023:12:07:55 -0500] "POST /sipse/faces/presentacion/contratacion/contratista/consultarContratista.xhtml HTTP/1.1" 200 9735
152.203.43.101 - - [16/Jul/2023:12:08:30 -0500] "POST /sipse/faces/presentacion/contratacion/contratista/consultarContratista.xhtml HTTP/1.1" 200 36572
201.245.192.253 - - [16/Jul/2023:12:08:42 -0500] "POST /kwsrmcab/Wsrmcab  HTTP/1.1" 200 42295
152.203.43.101 - - [16/Jul/2023:12:09:49 -0500] "POST /sipse/faces/presentacion/contratacion/contratista/consultarContratista.xhtml HTTP/1.1" 200 30834
152.203.43.101 - - [16/Jul/2023:12:09:49 -0500] "GET /sipse/faces/javax.faces.resource/jquery/jquery.js?ln=primefaces&v=4.0 HTTP/1.1" 304 -
152.203.43.101 - - [16/Jul/2023:12:09:49 -0500] "GET /sipse/faces/javax.faces.resource/jquery/jquery-plugins.js?ln=primefaces&v=4.0 HTTP/1.1" 304 -
152.203.43.101 - - [16/Jul/2023:12:09:49 -0500] "GET /sipse/faces/javax.faces.resource/primefaces.js?ln=primefaces&v=4.0 HTTP/1.1" 304 -
152.203.43.101 - - [16/Jul/2023:12:09:49 -0500] "GET /sipse/faces/javax.faces.resource/layout/layout.js?ln=primefaces&v=4.0 HTTP/1.1" 304 -
152.203.43.101 - - [16/Jul/2023:12:09:49 -0500] "GET /sipse/faces/javax.faces.resource/messages/messages.png?ln=primefaces&v=4.0 HTTP/1.1" 200 27209
152.203.43.101 - - [16/Jul/2023:12:09:51 -0500] "POST /sipse/faces/presentacion/contratacion/contratista/listarContratista.xhtml HTTP/1.1" 200 37493
152.203.43.101 - - [16/Jul/2023:12:09:51 -0500] "GET /sipse/faces/javax.faces.resource/jquery/jquery.js?ln=primefaces&v=4.0 HTTP/1.1" 304 -
152.203.43.101 - - [16/Jul/2023:12:09:51 -0500] "GET /sipse/faces/javax.faces.resource/jquery/jquery-plugins.js?ln=primefaces&v=4.0 HTTP/1.1" 304 -
152.203.43.101 - - [16/Jul/2023:12:09:51 -0500] "GET /sipse/faces/javax.faces.resource/primefaces.js?ln=primefaces&v=4.0 HTTP/1.1" 304 -
152.203.43.101 - - [16/Jul/2023:12:09:52 -0500] "GET /sipse/faces/javax.faces.resource/layout/layout.js?ln=primefaces&v=4.0 HTTP/1.1" 304 -
152.203.43.101 - - [16/Jul/2023:12:09:52 -0500] "POST /sipse/faces/presentacion/financiero/solicitudProceso/listarSolicitudProceso.xhtml HTTP/1.1" 200 30877
152.203.43.101 - - [16/Jul/2023:12:09:52 -0500] "POST /sipse/faces/presentacion/financiero/solicitudProceso/listarSolicitudProceso.xhtml HTTP/1.1" 200 1400
152.203.43.101 - - [16/Jul/2023:12:09:53 -0500] "POST /sipse/faces/presentacion/financiero/solicitudProceso/listarSolicitudProceso.xhtml HTTP/1.1" 200 1392
152.203.43.101 - - [16/Jul/2023:12:09:58 -0500] "POST /sipse/faces/presentacion/financiero/solicitudProceso/listarSolicitudProceso.xhtml HTTP/1.1" 200 46280
152.203.43.101 - - [16/Jul/2023:12:10:18 -0500] "POST /sipse/faces/presentacion/financiero/solicitudProceso/listarSolicitudProceso.xhtml HTTP/1.1" 200 60162
152.203.43.101 - - [16/Jul/2023:12:10:19 -0500] "GET /sipse/faces/javax.faces.resource/jquery/jquery.js?ln=primefaces&v=4.0 HTTP/1.1" 304 -
152.203.43.101 - - [16/Jul/2023:12:10:19 -0500] "GET /sipse/faces/javax.faces.resource/jquery/jquery-plugins.js?ln=primefaces&v=4.0 HTTP/1.1" 304 -
152.203.43.101 - - [16/Jul/2023:12:10:19 -0500] "GET /sipse/faces/javax.faces.resource/primefaces.js?ln=primefaces&v=4.0 HTTP/1.1" 304 -
152.203.43.101 - - [16/Jul/2023:12:10:19 -0500] "GET /sipse/faces/javax.faces.resource/layout/layout.js?ln=primefaces&v=4.0 HTTP/1.1" 304 -
152.203.43.101 - - [16/Jul/2023:12:10:24 -0500] "POST /sipse/faces/presentacion/financiero/solicitudProceso/crearModificarSolicitudProceso.xhtml HTTP/1.1" 200 26673
