152.203.43.101 - - [16/Jul/2023:12:15:22 -0500] "GET /sipse/faces/presentacion/sistema/anexos/faces/autenticacion HTTP/1.1" 302 -
152.203.43.101 - - [16/Jul/2023:12:15:22 -0500] "GET /sipse/faces/autenticacion.xhtml HTTP/1.1" 200 12179
152.203.43.101 - - [16/Jul/2023:12:15:22 -0500] "GET /sipse/faces/javax.faces.resource/layout/layout.css?ln=primefaces&v=4.0 HTTP/1.1" 304 -
152.203.43.101 - - [16/Jul/2023:12:15:22 -0500] "GET /sipse/faces/javax.faces.resource/jquery/jquery-plugins.js?ln=primefaces&v=4.0 HTTP/1.1" 304 -
152.203.43.101 - - [16/Jul/2023:12:15:22 -0500] "GET /sipse/faces/javax.faces.resource/theme.css?ln=primefaces-sipse HTTP/1.1" 304 -
152.203.43.101 - - [16/Jul/2023:12:15:22 -0500] "GET /sipse/faces/javax.faces.resource/jquery/jquery.js?ln=primefaces&v=4.0 HTTP/1.1" 304 -
152.203.43.101 - - [16/Jul/2023:12:15:22 -0500] "GET /sipse/faces/javax.faces.resource/primefaces.css?ln=primefaces&v=4.0 HTTP/1.1" 304 -
152.203.43.101 - - [16/Jul/2023:12:15:22 -0500] "GET /sipse/faces/javax.faces.resource/primefaces.js?ln=primefaces&v=4.0 HTTP/1.1" 304 -
152.203.43.101 - - [16/Jul/2023:12:15:22 -0500] "GET /sipse/faces/javax.faces.resource/layout/layout.js?ln=primefaces&v=4.0 HTTP/1.1" 304 -
152.203.43.101 - - [16/Jul/2023:12:15:22 -0500] "GET /sipse/faces/javax.faces.resource/images/ui-icons_898989_256x240.png?ln=primefaces-aristo HTTP/1.1" 304 -
152.203.43.101 - - [16/Jul/2023:12:15:24 -0500] "POST /sipse/faces/autenticacion.xhtml HTTP/1.1" 200 16795
152.203.43.101 - - [16/Jul/2023:12:15:24 -0500] "GET /sipse/faces/javax.faces.resource/jquery/jquery.js?ln=primefaces&v=4.0 HTTP/1.1" 304 -
152.203.43.101 - - [16/Jul/2023:12:15:24 -0500] "GET /sipse/faces/javax.faces.resource/jquery/jquery-plugins.js?ln=primefaces&v=4.0 HTTP/1.1" 304 -
152.203.43.101 - - [16/Jul/2023:12:15:25 -0500] "GET /sipse/faces/javax.faces.resource/primefaces.js?ln=primefaces&v=4.0 HTTP/1.1" 304 -
152.203.43.101 - - [16/Jul/2023:12:15:25 -0500] "GET /sipse/faces/javax.faces.resource/layout/layout.js?ln=primefaces&v=4.0 HTTP/1.1" 304 -
152.203.43.101 - - [16/Jul/2023:12:15:25 -0500] "GET /sipse/faces/javax.faces.resource/messages/messages.png?ln=primefaces&v=4.0 HTTP/1.1" 304 -
152.203.43.101 - - [16/Jul/2023:12:15:26 -0500] "GET /sipse/faces/javax.faces.resource/images/ui-bg_flat_0_2d5972_40x100.png?ln=primefaces-aristo HTTP/1.1" 304 -
152.203.43.101 - - [16/Jul/2023:12:15:26 -0500] "POST /sipse/faces/bienvenido.xhtml HTTP/1.1" 200 2658
152.203.43.101 - - [16/Jul/2023:12:15:26 -0500] "POST /sipse/faces/bienvenido.xhtml HTTP/1.1" 200 39033
152.203.43.101 - - [16/Jul/2023:12:15:27 -0500] "GET /sipse/faces/javax.faces.resource/jquery/jquery.js?ln=primefaces&v=4.0 HTTP/1.1" 304 -
152.203.43.101 - - [16/Jul/2023:12:15:27 -0500] "GET /sipse/faces/javax.faces.resource/jquery/jquery-plugins.js?ln=primefaces&v=4.0 HTTP/1.1" 304 -
152.203.43.101 - - [16/Jul/2023:12:15:27 -0500] "GET /sipse/faces/javax.faces.resource/primefaces.js?ln=primefaces&v=4.0 HTTP/1.1" 304 -
152.203.43.101 - - [16/Jul/2023:12:15:27 -0500] "GET /sipse/faces/javax.faces.resource/layout/layout.js?ln=primefaces&v=4.0 HTTP/1.1" 304 -
152.203.43.101 - - [16/Jul/2023:12:15:27 -0500] "POST /sipse/faces/presentacion/financiero/solicitudProceso/listarSolicitudProceso.xhtml HTTP/1.1" 200 1416
152.203.43.101 - - [16/Jul/2023:12:15:29 -0500] "POST /sipse/faces/presentacion/financiero/solicitudProceso/listarSolicitudProceso.xhtml HTTP/1.1" 200 115790
152.203.43.101 - - [16/Jul/2023:12:15:30 -0500] "GET /sipse/faces/javax.faces.resource/jquery/jquery.js?ln=primefaces&v=4.0 HTTP/1.1" 304 -
152.203.43.101 - - [16/Jul/2023:12:15:30 -0500] "GET /sipse/faces/javax.faces.resource/jquery/jquery-plugins.js?ln=primefaces&v=4.0 HTTP/1.1" 304 -
152.203.43.101 - - [16/Jul/2023:12:15:30 -0500] "GET /sipse/faces/javax.faces.resource/primefaces.js?ln=primefaces&v=4.0 HTTP/1.1" 304 -
152.203.43.101 - - [16/Jul/2023:12:15:30 -0500] "GET /sipse/faces/javax.faces.resource/layout/layout.js?ln=primefaces&v=4.0 HTTP/1.1" 304 -
152.203.43.101 - - [16/Jul/2023:12:15:30 -0500] "GET /sipse/faces/javax.faces.resource/dynamiccontent.properties?ln=primefaces&pfdrid=XjOR5%2F%2FfPAZAuY9TpWQeCiM0BhlXxYRBGKi%2FQcXXfeA%3D&pfdrid_c=false HTTP/1.1" 500 383
152.203.43.101 - - [16/Jul/2023:12:15:34 -0500] "POST /sipse/faces/presentacion/financiero/solicitudProceso/consultarSolicitudProceso.xhtml HTTP/1.1" 200 36577
152.203.43.101 - - [16/Jul/2023:12:15:36 -0500] "GET /sipse/faces/javax.faces.resource/jquery/jquery.js?ln=primefaces&v=4.0 HTTP/1.1" 304 -
152.203.43.101 - - [16/Jul/2023:12:15:36 -0500] "GET /sipse/faces/javax.faces.resource/jquery/jquery-plugins.js?ln=primefaces&v=4.0 HTTP/1.1" 304 -
152.203.43.101 - - [16/Jul/2023:12:15:36 -0500] "GET /sipse/faces/javax.faces.resource/primefaces.js?ln=primefaces&v=4.0 HTTP/1.1" 304 -
152.203.43.101 - - [16/Jul/2023:12:15:36 -0500] "GET /sipse/faces/javax.faces.resource/layout/layout.js?ln=primefaces&v=4.0 HTTP/1.1" 304 -
152.203.43.101 - - [16/Jul/2023:12:15:36 -0500] "POST /sipse/faces/presentacion/financiero/solicitudProceso/listarSolicitudProceso.xhtml HTTP/1.1" 200 1400
152.203.43.101 - - [16/Jul/2023:12:15:40 -0500] "POST /sipse/faces/presentacion/financiero/solicitudProceso/listarSolicitudProceso.xhtml HTTP/1.1" 200 911
152.203.43.101 - - [16/Jul/2023:12:15:40 -0500] "GET /sipse/faces/faces/autenticacion HTTP/1.1" 302 -
152.203.43.101 - - [16/Jul/2023:12:15:40 -0500] "GET /sipse/faces/autenticacion.xhtml HTTP/1.1" 200 12179
152.203.43.101 - - [16/Jul/2023:12:15:41 -0500] "GET /sipse/faces/javax.faces.resource/theme.css?ln=primefaces-sipse HTTP/1.1" 304 -
152.203.43.101 - - [16/Jul/2023:12:15:41 -0500] "GET /sipse/faces/javax.faces.resource/jquery/jquery-plugins.js?ln=primefaces&v=4.0 HTTP/1.1" 304 -
152.203.43.101 - - [16/Jul/2023:12:15:41 -0500] "GET /sipse/faces/javax.faces.resource/primefaces.css?ln=primefaces&v=4.0 HTTP/1.1" 304 -
152.203.43.101 - - [16/Jul/2023:12:15:41 -0500] "GET /sipse/faces/javax.faces.resource/layout/layout.css?ln=primefaces&v=4.0 HTTP/1.1" 304 -
152.203.43.101 - - [16/Jul/2023:12:15:41 -0500] "GET /sipse/faces/javax.faces.resource/jquery/jquery.js?ln=primefaces&v=4.0 HTTP/1.1" 304 -
152.203.43.101 - - [16/Jul/2023:12:15:41 -0500] "GET /sipse/faces/javax.faces.resource/primefaces.js?ln=primefaces&v=4.0 HTTP/1.1" 304 -
152.203.43.101 - - [16/Jul/2023:12:15:41 -0500] "GET /sipse/faces/javax.faces.resource/layout/layout.js?ln=primefaces&v=4.0 HTTP/1.1" 304 -
152.203.43.101 - - [16/Jul/2023:12:15:41 -0500] "GET /sipse/faces/javax.faces.resource/images/ui-icons_898989_256x240.png?ln=primefaces-aristo HTTP/1.1" 304 -
152.203.43.101 - - [16/Jul/2023:12:15:42 -0500] "POST /sipse/faces/autenticacion.xhtml HTTP/1.1" 200 2221
152.203.43.101 - - [16/Jul/2023:12:15:42 -0500] "GET /sipse/faces/javax.faces.resource/messages/messages.png?ln=primefaces&v=4.0 HTTP/1.1" 304 -
152.203.43.101 - - [16/Jul/2023:12:15:44 -0500] "POST /sipse/faces/autenticacion.xhtml HTTP/1.1" 200 16342
152.203.43.101 - - [16/Jul/2023:12:15:44 -0500] "GET /sipse/faces/javax.faces.resource/jquery/jquery.js?ln=primefaces&v=4.0 HTTP/1.1" 304 -
152.203.43.101 - - [16/Jul/2023:12:15:44 -0500] "GET /sipse/faces/javax.faces.resource/jquery/jquery-plugins.js?ln=primefaces&v=4.0 HTTP/1.1" 304 -
152.203.43.101 - - [16/Jul/2023:12:15:44 -0500] "GET /sipse/faces/javax.faces.resource/primefaces.js?ln=primefaces&v=4.0 HTTP/1.1" 304 -
152.203.43.101 - - [16/Jul/2023:12:15:44 -0500] "GET /sipse/faces/javax.faces.resource/layout/layout.js?ln=primefaces&v=4.0 HTTP/1.1" 304 -
152.203.43.101 - - [16/Jul/2023:12:15:46 -0500] "GET /sipse/faces/javax.faces.resource/images/ui-bg_flat_0_2d5972_40x100.png?ln=primefaces-aristo HTTP/1.1" 304 -
152.203.43.101 - - [16/Jul/2023:12:15:46 -0500] "POST /sipse/faces/bienvenido.xhtml HTTP/1.1" 200 2073
152.203.43.101 - - [16/Jul/2023:12:15:47 -0500] "POST /sipse/faces/bienvenido.xhtml HTTP/1.1" 200 193
110.249.201.194 - - [16/Jul/2023:12:15:47 -0500] "GET /BLA/resoluciones/RESOLUCIONES%202011/2360.pdf HTTP/1.1" 200 843536
152.203.43.101 - - [16/Jul/2023:12:15:47 -0500] "GET /sipse/faces/presentacion/financiero/solicitudAnulacion/consultarSolicitudAnulacion.xhtml HTTP/1.1" 200 47812
152.203.43.101 - - [16/Jul/2023:12:15:48 -0500] "GET /sipse/faces/javax.faces.resource/theme.css?ln=primefaces-sipse HTTP/1.1" 304 -
152.203.43.101 - - [16/Jul/2023:12:15:48 -0500] "GET /sipse/faces/javax.faces.resource/primefaces.css?ln=primefaces&v=4.0 HTTP/1.1" 304 -
152.203.43.101 - - [16/Jul/2023:12:15:48 -0500] "GET /sipse/faces/javax.faces.resource/layout/layout.css?ln=primefaces&v=4.0 HTTP/1.1" 304 -
152.203.43.101 - - [16/Jul/2023:12:15:48 -0500] "GET /sipse/faces/javax.faces.resource/jquery/jquery.js?ln=primefaces&v=4.0 HTTP/1.1" 304 -
152.203.43.101 - - [16/Jul/2023:12:15:48 -0500] "GET /sipse/faces/javax.faces.resource/jquery/jquery-plugins.js?ln=primefaces&v=4.0 HTTP/1.1" 304 -
152.203.43.101 - - [16/Jul/2023:12:15:48 -0500] "GET /sipse/faces/javax.faces.resource/layout/layout.js?ln=primefaces&v=4.0 HTTP/1.1" 304 -
152.203.43.101 - - [16/Jul/2023:12:15:48 -0500] "GET /sipse/faces/javax.faces.resource/primefaces.js?ln=primefaces&v=4.0 HTTP/1.1" 304 -
152.203.43.101 - - [16/Jul/2023:12:15:48 -0500] "GET /sipse/faces/javax.faces.resource/images/ui-icons_898989_256x240.png?ln=primefaces-aristo HTTP/1.1" 304 -
152.203.43.101 - - [16/Jul/2023:12:15:48 -0500] "GET /sipse/faces/javax.faces.resource/images/ui-bg_flat_0_2d5972_40x100.png?ln=primefaces-aristo HTTP/1.1" 304 -
152.203.43.101 - - [16/Jul/2023:12:15:48 -0500] "POST /sipse/faces/presentacion/financiero/solicitudAnulacion/consultarSolicitudAnulacion.xhtml HTTP/1.1" 200 10656
152.203.43.101 - - [16/Jul/2023:12:15:48 -0500] "POST /sipse/faces/bienvenido.xhtml HTTP/1.1" 200 18224
152.203.43.101 - - [16/Jul/2023:12:15:49 -0500] "POST /sipse/faces/presentacion/financiero/solicitudAnulacion/consultarSolicitudAnulacion.xhtml HTTP/1.1" 200 38981
152.203.43.101 - - [16/Jul/2023:12:15:49 -0500] "GET /sipse/faces/javax.faces.resource/jquery/jquery.js?ln=primefaces&v=4.0 HTTP/1.1" 304 -
152.203.43.101 - - [16/Jul/2023:12:15:49 -0500] "GET /sipse/faces/javax.faces.resource/jquery/jquery-plugins.js?ln=primefaces&v=4.0 HTTP/1.1" 304 -
152.203.43.101 - - [16/Jul/2023:12:15:49 -0500] "GET /sipse/faces/javax.faces.resource/primefaces.js?ln=primefaces&v=4.0 HTTP/1.1" 304 -
152.203.43.101 - - [16/Jul/2023:12:15:49 -0500] "GET /sipse/faces/javax.faces.resource/layout/layout.js?ln=primefaces&v=4.0 HTTP/1.1" 304 -
152.203.43.101 - - [16/Jul/2023:12:15:52 -0500] "POST /sipse/faces/presentacion/financiero/solicitudProceso/consultar.xhtml HTTP/1.1" 200 9845
152.203.43.101 - - [16/Jul/2023:12:16:11 -0500] "POST /sipse/faces/presentacion/financiero/solicitudProceso/consultar.xhtml HTTP/1.1" 200 12750
152.203.43.101 - - [16/Jul/2023:12:16:13 -0500] "POST /sipse/faces/presentacion/financiero/solicitudProceso/consultar.xhtml HTTP/1.1" 200 119383
152.203.43.101 - - [16/Jul/2023:12:16:14 -0500] "GET /sipse/faces/javax.faces.resource/jquery/jquery.js?ln=primefaces&v=4.0 HTTP/1.1" 304 -
152.203.43.101 - - [16/Jul/2023:12:16:14 -0500] "GET /sipse/faces/javax.faces.resource/jquery/jquery-plugins.js?ln=primefaces&v=4.0 HTTP/1.1" 304 -
152.203.43.101 - - [16/Jul/2023:12:16:14 -0500] "GET /sipse/faces/javax.faces.resource/primefaces.js?ln=primefaces&v=4.0 HTTP/1.1" 304 -
152.203.43.101 - - [16/Jul/2023:12:16:14 -0500] "GET /sipse/faces/javax.faces.resource/layout/layout.js?ln=primefaces&v=4.0 HTTP/1.1" 304 -
152.203.43.101 - - [16/Jul/2023:12:16:14 -0500] "GET /sipse/faces/javax.faces.resource/dynamiccontent.properties?ln=primefaces&pfdrid=XjOR5%2F%2FfPAZAuY9TpWQeCiM0BhlXxYRBGKi%2FQcXXfeA%3D&pfdrid_c=false HTTP/1.1" 500 383
152.203.43.101 - - [16/Jul/2023:12:16:19 -0500] "POST /sipse/faces/presentacion/financiero/solicitudProceso/consultarSolicitudProceso.xhtml HTTP/1.1" 200 170788
216.245.221.92 - - [16/Jul/2023:12:16:35 -0500] "HEAD / HTTP/1.1" 200 -
165.1.173.142 - - [16/Jul/2023:12:17:01 -0500] "GET /galeria/nivo-slider/demo/images/bannerincendiosweb.jpg HTTP/1.1" 304 -
40.77.167.161 - - [16/Jul/2023:12:17:14 -0500] "GET /BLA/resoluciones/AUTOS%202022/3529.pdf HTTP/1.1" 304 -
186.82.248.96 - - [16/Jul/2023:12:18:17 -0500] "GET /habilitado-nuevo-camino-para-recorrer-los-cerros-guadalupe-aguanoso.html?fbclid=IwAR0AqPT0ZVgPpBMgGZRg8YH30iByAZ6bvJTK3w8jRbIPd2QFd1nqk8w7c1k_aem_AQIonIPnIdCJ2veO3Y8kfOFwD7LOV_DTmSSLKNM3tVc7zzq3nEtr72OaGsFABJaTEOM HTTP/1.1" 200 837
69.171.251.5 - - [16/Jul/2023:12:18:39 -0500] "GET /habilitado-nuevo-camino-para-recorrer-los-cerros-guadalupe-aguanoso.html HTTP/1.1" 206 837
69.171.251.111 - - [16/Jul/2023:12:18:41 -0500] "GET /habilitado-nuevo-camino-para-recorrer-los-cerros-guadalupe-aguanoso.html HTTP/1.1" 200 837
52.167.144.66 - - [16/Jul/2023:12:18:43 -0500] "GET /BLA/resoluciones/RESOLUCIONES%202021/2903.pdf HTTP/1.1" 304 -
201.245.192.253 - - [16/Jul/2023:12:18:41 -0500] "POST /kwsrmcab/Wsrmcab  HTTP/1.1" 200 42295
69.171.251.116 - - [16/Jul/2023:12:18:45 -0500] "GET /habilitado-nuevo-camino-para-recorrer-los-cerros-guadalupe-aguanoso.html HTTP/1.1" 206 837
191.156.181.211 - - [16/Jul/2023:12:18:56 -0500] "GET /calidad-del-aire-distrito-avanza-unido-por-un-nuevo-aire.html?utm_source=Meta_DIGI&utm_medium=CPMa&utm_campaign=Aire&utm_id=Julio_2023&fbclid=IwAR21LCCHhIeXbJ2113qI7_-ekFVNO7HQXBieh8p6CRuM5OoEqyBfMZvHd0Q_aem_AbvWRkaH6PD84Lwr1LlSd_0KDR9tq5dTHrK0Y1jNhBELTtmzhHX5bhaNavTRfM6nO5PTUTafT_z8oyWPkPQDCOcn HTTP/1.1" 200 783
87.120.88.140 - - [16/Jul/2023:12:19:18 -0500] "GET /.env HTTP/1.1" 404 1018
181.52.215.211 - - [16/Jul/2023:12:19:18 -0500] "GET /calidad-del-aire-distrito-avanza-unido-por-un-nuevo-aire.html?utm_source=Meta_DIGI&utm_medium=CPMa&utm_campaign=Aire&utm_id=Julio_2023&gclid=Cj0KCQjwqs6lBhCxARIsAG8YcDiGSbgyszZBZgCeIGyM9STQVT7gCwZ1WuE2xiIMz-V0yEsD_uERWZEaAlIlEALw_wcB HTTP/1.1" 200 783
87.120.88.140 - - [16/Jul/2023:12:19:18 -0500] "POST / HTTP/1.1" 200 319
111.225.148.75 - - [16/Jul/2023:12:19:48 -0500] "GET /BLA/resoluciones/RESOLUCIONES%202014/0204.pdf HTTP/1.1" 200 728172
4.1.229.86 - - [16/Jul/2023:12:20:02 -0500] "GET /laravel/.env HTTP/1.1" 404 1018
4.1.229.86 - - [16/Jul/2023:12:20:02 -0500] "POST /laravel HTTP/1.1" 404 1018
201.245.192.253 - - [16/Jul/2023:12:20:05 -0500] "POST /kwsrmcab/Wsrmcab HTTP/1.1" 200 42151
170.79.88.44 - - [16/Jul/2023:12:20:09 -0500] "GET /calidad-del-aire-distrito-avanza-unido-por-un-nuevo-aire.html?utm_source=Meta_DIGI&utm_medium=CPMa&utm_campaign=Aire&utm_id=Julio_2023&fbclid=IwAR1RrDYlb5RWGCrR3Qsczjr3c8dgoaMjNENmtSxoT5bihKFcImNkZghPalE_aem_Absw4xf3Jj6dTNuE0ggb63jaoafV_hNEcWJn7tDXCs-2CD-Hq1Z4AJm2xEAXljICccOsySmgu9FEu144574k9s-L HTTP/1.1" 200 783
201.245.192.253 - - [16/Jul/2023:12:20:08 -0500] "POST /kwsrmcab/Wsrmcab HTTP/1.1" 200 43379
107.170.240.28 - - [16/Jul/2023:12:20:11 -0500] "GET / HTTP/1.1" 200 319
181.53.12.151 - - [16/Jul/2023:12:20:53 -0500] "GET /appsia/controlador HTTP/1.1" 200 4799
95.25.93.235 - - [16/Jul/2023:12:21:21 -0500] "GET /.git/config HTTP/1.1" 404 1035
95.25.93.235 - - [16/Jul/2023:12:21:21 -0500] "GET /.git/config HTTP/1.1" 404 1034
216.245.221.92 - - [16/Jul/2023:12:21:35 -0500] "HEAD / HTTP/1.1" 200 -
191.156.177.115 - - [16/Jul/2023:12:22:06 -0500] "GET /calidad-del-aire-distrito-avanza-unido-por-un-nuevo-aire.html?utm_source=Meta_DIGI&utm_medium=CPMa&utm_campaign=Aire&utm_id=Julio_2023&fbclid=IwAR2nYQWLsb532pAVp5hTVpBQ1fEnn9dds0ScTBU5u023OqqA5q-ek-ry0GY_aem_AbuqdoLo5qxC-wqJn8C-ka4WhFezW6c8cD3chAJmkIqFhrOBOVGaGy0dAOUWmJsuXcYxqmsz--Z-vtpWsuzAV5id HTTP/1.1" 200 783
116.202.33.235 - - [16/Jul/2023:12:22:23 -0500] "-" 408 -
152.203.233.211 - - [16/Jul/2023:12:22:24 -0500] "GET /calidad-del-aire-distrito-avanza-unido-por-un-nuevo-aire.html?utm_source=Meta_DIGI&utm_medium=CPMa&utm_campaign=Aire&utm_id=Julio_2023&gclid=EAIaIQobChMI-qSoxd6TgAMVRF_BCh1x8AemEAEYASAAEgLnafD_BwE HTTP/1.1" 200 783
152.203.233.211 - - [16/Jul/2023:12:22:25 -0500] "GET /favicon.ico HTTP/1.1" 404 1690
168.119.76.168 - - [16/Jul/2023:12:22:29 -0500] "-" 408 -
191.95.165.135 - - [16/Jul/2023:12:23:39 -0500] "GET /calidad-del-aire-distrito-avanza-unido-por-un-nuevo-aire.html?utm_source=Meta_DIGI&utm_medium=CPMa&utm_campaign=Aire&utm_id=Julio_2023&fbclid=IwAR3weyQuxnO8ZPOi66rIrKhIew7SOeNtROAysWz4BP4FsFKd296lnOEx1tc_aem_AbsionnFPY59KW_CM2moc_w4TzNySeB-VSTj45XMyYi5FOohBWke0BkKtetkZ2gwHv4O_6ZG5NA_x41nWV8lbyCq HTTP/1.1" 200 783
201.245.192.253 - - [16/Jul/2023:12:23:40 -0500] "POST /kwsrmcab/Wsrmcab  HTTP/1.1" 200 42295
110.249.202.64 - - [16/Jul/2023:12:23:48 -0500] "GET /BLA/resoluciones/RESOLUCIONES%202011/5381.pdf HTTP/1.1" 200 575828
172.22.2.4 - - [16/Jul/2023:12:22:13 -0500] "GET /BLA/boletinlegal/ HTTP/1.1" 200 61404
172.22.2.4 - - [16/Jul/2023:12:23:54 -0500] "GET /BLA/boletinlegal/Circulares/2010/Circular%2005%20de%208%20de%20septiembre%20de%202010.pdf HTTP/1.1" 200 2146608
165.1.173.142 - - [16/Jul/2023:12:24:01 -0500] "GET /siipev/Diseno%20de%20Elementos%20de%20Mobiliario%20Urbano/Otros%20Elementos/Infografia/Parte2/M-101.png HTTP/1.1" 304 -
173.252.95.116 - - [16/Jul/2023:12:24:03 -0500] "GET /images/camino-guadalupe-aguanoso.jpg HTTP/1.1" 200 103489
200.118.80.41 - - [16/Jul/2023:12:24:17 -0500] "GET /calidad-del-aire-distrito-avanza-unido-por-un-nuevo-aire.html?utm_source=Meta_DIGI&utm_medium=CPMa&utm_campaign=Aire&utm_id=Julio_2023&gclid=Cj0KCQjwqs6lBhCxARIsAG8YcDhYypdPS-H1egOCVuTo2se2_j5ekMUvuQhfA88VGtZIaZgKagpYvoAaAkCFEALw_wcB HTTP/1.1" 200 783
172.22.2.4 - - [16/Jul/2023:12:24:58 -0500] "GET /BLA/boletinlegal/actos.php HTTP/1.1" 200 9682
172.22.2.4 - - [16/Jul/2023:12:26:05 -0500] "GET /BLA/boletinlegal/robots.txt HTTP/1.1" 404 1038
172.22.2.4 - - [16/Jul/2023:12:26:05 -0500] "GET /BLA/boletinlegal/Circulares/2011/Circular%20No.%201%20del%2023%20de%20Febrero%20de%202011.pdf HTTP/1.1" 200 540140
64.125.238.74 - - [16/Jul/2023:12:26:34 -0500] "GET /portaldeninos/wp-content/uploads/2021/11/aves-fauna-16-junio.jpg HTTP/1.1" 200 19490
216.245.221.92 - - [16/Jul/2023:12:26:35 -0500] "HEAD / HTTP/1.1" 200 -
110.249.202.146 - - [16/Jul/2023:12:27:48 -0500] "GET /BLA/resoluciones/AUTOS%202010/4899.pdf HTTP/1.1" 200 726494
40.77.167.161 - - [16/Jul/2023:12:28:26 -0500] "GET /BLA/resoluciones/AUTOS%202019/2484.pdf HTTP/1.1" 200 572804
201.245.192.253 - - [16/Jul/2023:12:28:39 -0500] "POST /kwsrmcab/Wsrmcab  HTTP/1.1" 200 42295
172.22.2.4 - - [16/Jul/2023:12:27:13 -0500] "HEAD /BLA/boletinlegal/ HTTP/1.1" 200 -
181.152.175.48 - - [16/Jul/2023:12:29:18 -0500] "GET /calidad-del-aire-distrito-avanza-unido-por-un-nuevo-aire.html?utm_source=Meta_DIGI&utm_medium=CPMa&utm_campaign=Aire&utm_id=Julio_2023&fbclid=IwAR0SA5b1Rteu40RW5Kw4YHnRxvrJNKFdbFLIHWVL_-bSNjHH4DGYREYge6o_aem_AbsUp8rNyoSVibqUJc-iIiSx-jKCtXsPS6zuBKosy39S2MXOeZfaTNeLREdsZGlK7fPSQlGvHpfQ7DQgXBdJRB8e HTTP/1.1" 200 783
172.22.2.4 - - [16/Jul/2023:12:28:03 -0500] "GET /BLA/boletinlegal/ HTTP/1.1" 200 54079
201.245.192.253 - - [16/Jul/2023:12:30:05 -0500] "POST /kwsrmcab/Wsrmcab HTTP/1.1" 200 42151
201.245.192.253 - - [16/Jul/2023:12:30:08 -0500] "POST /kwsrmcab/Wsrmcab HTTP/1.1" 200 43379
186.29.15.201 - - [16/Jul/2023:12:30:21 -0500] "GET /calidad-del-aire-distrito-avanza-unido-por-un-nuevo-aire.html?utm_source=Meta_DIGI&utm_medium=CPMa&utm_campaign=Aire&utm_id=Julio_2023&gclid=EAIaIQobChMImuvyqeCTgAMVJgOtBh2wJwo1EAEYASAAEgIz5fD_BwE HTTP/1.1" 200 783
51.161.86.137 - - [16/Jul/2023:12:30:22 -0500] "GET /habilitado-nuevo-camino-para-recorrer-los-cerros-guadalupe-aguanoso.html HTTP/1.1" 200 837
172.22.2.4 - - [16/Jul/2023:12:31:06 -0500] "GET /BLA/boletinlegal/.env HTTP/1.1" 404 1018
172.22.2.4 - - [16/Jul/2023:12:31:19 -0500] "GET /BLA/boletinlegal/actos.php HTTP/1.1" 200 9682
172.22.2.4 - - [16/Jul/2023:12:31:19 -0500] "GET /BLA/boletinlegal/favicon.ico HTTP/1.1" 404 1326
181.59.3.6 - - [16/Jul/2023:12:31:21 -0500] "GET /BLA/resoluciones/ HTTP/1.1" 200 13502
181.59.3.6 - - [16/Jul/2023:12:31:24 -0500] "GET /BLA/resoluciones/index.php?dir=AUTOS+2023%2F HTTP/1.1" 200 159300
216.245.221.92 - - [16/Jul/2023:12:31:35 -0500] "HEAD / HTTP/1.1" 200 -
172.22.2.4 - - [16/Jul/2023:12:31:07 -0500] "POST /BLA/boletinlegal/ HTTP/1.1" 200 24523
110.249.202.198 - - [16/Jul/2023:12:31:48 -0500] "GET /BLA/resoluciones/AUTOS%202018/3443.pdf HTTP/1.1" 200 270088
201.245.192.253 - - [16/Jul/2023:12:33:38 -0500] "POST /kwsrmcab/Wsrmcab  HTTP/1.1" 200 42295
191.156.57.89 - - [16/Jul/2023:12:34:28 -0500] "GET /agendate-para-participar-en-las-caminatas-ecologicas-de-febrero.html HTTP/1.1" 200 830
172.22.2.4 - - [16/Jul/2023:12:33:03 -0500] "HEAD /BLA/boletinlegal/ HTTP/1.1" 200 -
172.22.2.4 - - [16/Jul/2023:12:33:53 -0500] "GET /BLA/boletinlegal/ HTTP/1.1" 200 55739
165.1.173.142 - - [16/Jul/2023:12:35:37 -0500] "GET /galeria/nivo-slider/demo/images/Bannerpread2020.jpg HTTP/1.1" 304 -
190.158.204.24 - - [16/Jul/2023:12:35:38 -0500] "GET /sipse/faces/faces/index.xhtml HTTP/1.1" 200 677
190.158.204.24 - - [16/Jul/2023:12:35:38 -0500] "GET /sipse/faces/javax.faces.resource/theme.css?ln=primefaces-sipse HTTP/1.1" 304 -
190.158.204.24 - - [16/Jul/2023:12:35:40 -0500] "GET /sipse/faces/faces/faces/autenticacion.xhtml HTTP/1.1" 200 12179
190.158.204.24 - - [16/Jul/2023:12:35:41 -0500] "GET /sipse/js/disable_browser_buttons.js HTTP/1.1" 304 -
190.158.204.24 - - [16/Jul/2023:12:35:41 -0500] "GET /sipse/js/funciones.js HTTP/1.1" 304 -
190.158.204.24 - - [16/Jul/2023:12:35:41 -0500] "GET /sipse/css/custom_css_sg.css HTTP/1.1" 304 -
190.158.204.24 - - [16/Jul/2023:12:35:41 -0500] "GET /sipse/css/custom_css_sg_prime_login.css HTTP/1.1" 304 -
190.158.204.24 - - [16/Jul/2023:12:35:41 -0500] "GET /sipse/faces/javax.faces.resource/primefaces.css?ln=primefaces&v=4.0 HTTP/1.1" 304 -
190.158.204.24 - - [16/Jul/2023:12:35:41 -0500] "GET /sipse/faces/javax.faces.resource/theme.css?ln=primefaces-sipse HTTP/1.1" 304 -
190.158.204.24 - - [16/Jul/2023:12:35:41 -0500] "GET /sipse/faces/javax.faces.resource/layout/layout.css?ln=primefaces&v=4.0 HTTP/1.1" 304 -
190.158.204.24 - - [16/Jul/2023:12:35:41 -0500] "GET /sipse/faces/javax.faces.resource/jquery/jquery-plugins.js?ln=primefaces&v=4.0 HTTP/1.1" 304 -
190.158.204.24 - - [16/Jul/2023:12:35:41 -0500] "GET /sipse/faces/javax.faces.resource/primefaces.js?ln=primefaces&v=4.0 HTTP/1.1" 304 -
190.158.204.24 - - [16/Jul/2023:12:35:41 -0500] "GET /sipse/faces/javax.faces.resource/jquery/jquery.js?ln=primefaces&v=4.0 HTTP/1.1" 304 -
190.158.204.24 - - [16/Jul/2023:12:35:41 -0500] "GET /sipse/faces/javax.faces.resource/layout/layout.js?ln=primefaces&v=4.0 HTTP/1.1" 304 -
190.158.204.24 - - [16/Jul/2023:12:35:42 -0500] "GET /sipse/css/imagen/logoSDG.png HTTP/1.1" 304 -
190.158.204.24 - - [16/Jul/2023:12:35:42 -0500] "GET /sipse/css/imagen/loginimg.png HTTP/1.1" 304 -
190.158.204.24 - - [16/Jul/2023:12:35:42 -0500] "GET /sipse/faces/javax.faces.resource/images/ui-icons_898989_256x240.png?ln=primefaces-aristo HTTP/1.1" 304 -
111.225.148.151 - - [16/Jul/2023:12:35:49 -0500] "GET /BLA/resoluciones/RESOLUCIONES%202013/1810.pdf HTTP/1.1" 200 833786
216.245.221.92 - - [16/Jul/2023:12:36:35 -0500] "HEAD / HTTP/1.1" 200 -
52.167.144.25 - - [16/Jul/2023:12:36:58 -0500] "GET /distrito-firma-siete-nuevos-pagos-por-servicios-ambientales-en-la-ruralidad-de-bogota-ya-van-mas-de-1100-hectareas.html HTTP/1.1" 200 853
173.252.107.116 - - [16/Jul/2023:12:37:03 -0500] "GET /se-abre-convocatoria-a-organizaciones-ambientales-para-generar-1-070-empleos-verdes-dirigidos-a-mujeres.html HTTP/1.1" 200 1128
152.203.217.193 - - [16/Jul/2023:12:37:23 -0500] "GET /calidad-del-aire-distrito-avanza-unido-por-un-nuevo-aire.html?utm_source=Meta_DIGI&utm_medium=CPMa&utm_campaign=Aire&utm_id=Julio_2023&gclid=EAIaIQobChMI4o-h8eGTgAMVSI7uAR37YgfpEAEYASAAEgIdpfD_BwE HTTP/1.1" 200 783
66.249.73.36 - - [16/Jul/2023:12:37:44 -0500] "-" 408 -
201.245.192.253 - - [16/Jul/2023:12:38:37 -0500] "POST /kwsrmcab/Wsrmcab  HTTP/1.1" 200 42295
110.249.202.150 - - [16/Jul/2023:12:39:49 -0500] "GET /BLA/resoluciones/AUTOS%202008/2852.pdf HTTP/1.1" 200 97793
201.245.192.253 - - [16/Jul/2023:12:40:05 -0500] "POST /kwsrmcab/Wsrmcab HTTP/1.1" 200 42151
201.245.192.253 - - [16/Jul/2023:12:40:08 -0500] "POST /kwsrmcab/Wsrmcab HTTP/1.1" 200 43379
172.22.2.4 - - [16/Jul/2023:12:38:53 -0500] "HEAD /BLA/boletinlegal/ HTTP/1.1" 200 -
191.156.146.116 - - [16/Jul/2023:12:41:17 -0500] "GET /calidad-del-aire-distrito-avanza-unido-por-un-nuevo-aire.html?utm_source=Meta_DIGI&utm_medium=CPMa&utm_campaign=Aire&utm_id=Julio_2023&gclid=EAIaIQobChMIvvTzw96TgAMVbIF_BB29BgddEAEYASAAEgIUPvD_BwE HTTP/1.1" 200 783
172.22.2.4 - - [16/Jul/2023:12:39:43 -0500] "GET /BLA/boletinlegal/ HTTP/1.1" 200 58079
216.245.221.92 - - [16/Jul/2023:12:41:35 -0500] "HEAD / HTTP/1.1" 200 -
191.95.171.122 - - [16/Jul/2023:12:42:45 -0500] "GET /calidad-del-aire-distrito-avanza-unido-por-un-nuevo-aire.html?utm_source=Meta_DIGI&utm_medium=CPMa&utm_campaign=Aire&utm_id=Julio_2023&gclid=EAIaIQobChMIxaGbjuOTgAMV2w52Bh3EmweLEAEYASAAEgLXU_D_BwE HTTP/1.1" 200 783
181.53.14.181 - - [16/Jul/2023:12:43:32 -0500] "GET /en-julio-programate-para-asistir-a-las-caminatas-ecologicas-y-conectarte-con-la-naturaleza.html HTTP/1.1" 200 773
201.245.192.253 - - [16/Jul/2023:12:43:36 -0500] "POST /kwsrmcab/Wsrmcab  HTTP/1.1" 200 42295
111.225.149.4 - - [16/Jul/2023:12:43:49 -0500] "GET /BLA/resoluciones/AUTOS%202015/1442.pdf HTTP/1.1" 200 548588
165.1.173.142 - - [16/Jul/2023:12:44:48 -0500] "GET /siipev/Diseno%20de%20Elementos%20de%20Mobiliario%20Urbano/Otros%20Elementos/Infografia/Parte2/M-31.PNG HTTP/1.1" 304 -
191.95.62.77 - - [16/Jul/2023:12:46:11 -0500] "GET /calidad-del-aire-distrito-avanza-unido-por-un-nuevo-aire.html?utm_source=Meta_DIGI&utm_medium=CPMa&utm_campaign=Aire&utm_id=Julio_2023&fbclid=IwAR2NcdIrvp6b3TEJWDxdLB1RZ4bzUU0dUKUUIGvimkECsk_hXwx1SpSxrv8_aem_AbujlJuhZcwOa5PvyFmqX_HQSO2NGHs9igf_DcnEL-sqYK3k3SxIGl2gxly5m-JC-Va0bj2_ysQfNsFTZK5_Is6n HTTP/1.1" 200 783
191.95.62.77 - - [16/Jul/2023:12:46:12 -0500] "GET /favicon.ico HTTP/1.1" 404 1794
172.22.2.4 - - [16/Jul/2023:12:44:43 -0500] "HEAD /BLA/boletinlegal/ HTTP/1.1" 200 -
216.245.221.92 - - [16/Jul/2023:12:46:35 -0500] "HEAD / HTTP/1.1" 200 -
173.252.79.116 - - [16/Jul/2023:12:46:54 -0500] "GET /images/camino-guadalupe-aguanoso.jpg HTTP/1.1" 200 103489
172.22.2.4 - - [16/Jul/2023:12:45:33 -0500] "GET /BLA/boletinlegal/ HTTP/1.1" 200 58474
111.225.149.237 - - [16/Jul/2023:12:47:50 -0500] "GET /BLA/resoluciones/AUTOS%202013/2232.pdf HTTP/1.1" 200 353656
200.118.60.22 - - [16/Jul/2023:12:48:20 -0500] "GET /calidad-del-aire-distrito-avanza-unido-por-un-nuevo-aire.html?utm_source=Meta_DIGI&utm_medium=CPMa&utm_campaign=Aire&utm_id=Julio_2023&gclid=EAIaIQobChMIvJfzpeSTgAMVU_bnAx1-qwJnEAEYASAAEgIHzfD_BwE HTTP/1.1" 200 783
201.245.192.253 - - [16/Jul/2023:12:48:35 -0500] "POST /kwsrmcab/Wsrmcab  HTTP/1.1" 200 42295
172.22.2.4 - - [16/Jul/2023:12:48:50 -0500] "GET /BLA/boletinlegal/actos.php HTTP/1.1" 200 9682
172.22.2.4 - - [16/Jul/2023:12:48:50 -0500] "GET /BLA/boletinlegal/favicon.ico HTTP/1.1" 404 1326
172.22.2.4 - - [16/Jul/2023:12:48:56 -0500] "GET /BLA/boletinlegal/consulta_actos.php?tipo=resoluciones&no=471&usuario=&sector=&fecha=2023&resuelve= HTTP/1.1" 200 1063
52.167.144.20 - - [16/Jul/2023:12:49:09 -0500] "GET /semana-ambiental-2022-del-31-de-mayo-al-5-de-junio-se-celebrara-en-bogota.html HTTP/1.1" 200 799
173.252.111.1 - - [16/Jul/2023:12:50:34 -0500] "GET /en-julio-programate-para-asistir-a-las-caminatas-ecologicas-y-conectarte-con-la-naturaleza.html HTTP/1.1" 200 773
173.252.111.2 - - [16/Jul/2023:12:50:34 -0500] "GET /en-julio-programate-para-asistir-a-las-caminatas-ecologicas-y-conectarte-con-la-naturaleza.html HTTP/1.1" 200 773
172.22.2.4 - - [16/Jul/2023:12:51:05 -0500] "GET /BLA/boletinlegal/consulta_actos.php?tipo=resoluciones&no=0444&usuario=&sector=&fecha=2023&resuelve= HTTP/1.1" 200 1064
179.1.64.146 - - [16/Jul/2023:12:51:14 -0500] "GET /calidad-del-aire-distrito-avanza-unido-por-un-nuevo-aire.html?utm_source=Meta_DIGI&utm_medium=CPMa&utm_campaign=Aire&utm_id=Julio_2023&gclid=EAIaIQobChMImvyg9OSTgAMVKeEoBR0W3gJQEAEYASAAEgJ64PD_BwE HTTP/1.1" 200 783
191.156.48.184 - - [16/Jul/2023:12:51:34 -0500] "GET /calidad-del-aire-distrito-avanza-unido-por-un-nuevo-aire.html?utm_source=Meta_DIGI&utm_medium=CPMa&utm_campaign=Aire&utm_id=Julio_2023&fbclid=IwAR2MSBeb4H7SWMCgJ-TTfvxssZGXhL2QAxy-XFYuvsWsOZcEL9LRSALbJSU_aem_AbsSEJzPD3jscis55MMCKgmV92VUv0q1sU9Q0Bjb5A-3y6NlqGjqVVpUGead6DfPQsOMOHC6_l4jrb4NijdN_q_T HTTP/1.1" 200 783
216.245.221.92 - - [16/Jul/2023:12:51:35 -0500] "HEAD / HTTP/1.1" 200 -
110.249.201.206 - - [16/Jul/2023:12:51:49 -0500] "GET /BLA/resoluciones/RESOLUCIONES%202019/2058.pdf HTTP/1.1" 200 312857
172.22.2.4 - - [16/Jul/2023:12:50:33 -0500] "HEAD /BLA/boletinlegal/ HTTP/1.1" 200 -
172.22.2.4 - - [16/Jul/2023:12:52:22 -0500] "GET /BLA/boletinlegal/ab2g HTTP/1.1" 404 1018
172.22.2.4 - - [16/Jul/2023:12:52:23 -0500] "GET /BLA/boletinlegal/ab2h HTTP/1.1" 404 1018
200.118.60.166 - - [16/Jul/2023:12:52:58 -0500] "GET /calidad-del-aire-distrito-avanza-unido-por-un-nuevo-aire.html?utm_source=Meta_DIGI&utm_medium=CPMa&utm_campaign=Aire&utm_id=Julio_2023&gclid=EAIaIQobChMI4Lm7ruWTgAMVtRP5AB1VAAEIEAEYASAAEgKCBvD_BwE HTTP/1.1" 200 783
172.22.2.4 - - [16/Jul/2023:12:51:23 -0500] "GET /BLA/boletinlegal/ HTTP/1.1" 200 55739
173.252.127.10 - - [16/Jul/2023:12:53:19 -0500] "GET /habilitado-nuevo-camino-para-recorrer-los-cerros-guadalupe-aguanoso.html HTTP/1.1" 200 837
201.245.192.253 - - [16/Jul/2023:12:53:34 -0500] "POST /kwsrmcab/Wsrmcab  HTTP/1.1" 200 42295
173.252.127.9 - - [16/Jul/2023:12:53:45 -0500] "GET /habilitado-nuevo-camino-para-recorrer-los-cerros-guadalupe-aguanoso.html HTTP/1.1" 206 837
201.244.231.58 - - [16/Jul/2023:12:54:47 -0500] "GET /calidad-del-aire-distrito-avanza-unido-por-un-nuevo-aire.html?utm_source=Meta_DIGI&utm_medium=CPMa&utm_campaign=Aire&utm_id=Julio_2023&gclid=EAIaIQobChMI8rvk5OWTgAMVNA99Ch0OLw6DEAEYASAAEgLv9_D_BwE HTTP/1.1" 200 783
111.225.149.156 - - [16/Jul/2023:12:55:50 -0500] "GET /BLA/resoluciones/AUTOS%202013/1170.pdf HTTP/1.1" 200 618107
216.245.221.92 - - [16/Jul/2023:12:56:35 -0500] "HEAD / HTTP/1.1" 200 -
191.156.60.10 - - [16/Jul/2023:12:56:48 -0500] "GET /calidad-del-aire-distrito-avanza-unido-por-un-nuevo-aire.html?utm_source=Meta_DIGI&utm_medium=CPMa&utm_campaign=Aire&utm_id=Julio_2023&fbclid=IwAR1os2J7ppzDks5m_yLlrrZCch8DjcQ65D3E7KMR6bN9mJXIMhjWW0An-7c_aem_AbvTCUKBfVEzP3D2slmNKdUny-UBNZxBi5ccYFF23wrZqi0vciCz2LfJwknWkEuz5sp6QQeQt5fJiHzgnkC3CPP7 HTTP/1.1" 200 783
172.22.2.4 - - [16/Jul/2023:12:56:23 -0500] "HEAD /BLA/boletinlegal/ HTTP/1.1" 200 -
173.252.79.7 - - [16/Jul/2023:12:58:03 -0500] "GET /images/camino-guadalupe-aguanoso.jpg HTTP/1.1" 200 103489
201.245.192.253 - - [16/Jul/2023:12:58:33 -0500] "POST /kwsrmcab/Wsrmcab  HTTP/1.1" 200 42295
172.22.2.4 - - [16/Jul/2023:12:57:13 -0500] "GET /BLA/boletinlegal/ HTTP/1.1" 200 58079
194.195.241.58 - - [16/Jul/2023:12:59:20 -0500] "GET / HTTP/1.1" 200 319
111.225.148.166 - - [16/Jul/2023:12:59:50 -0500] "GET /BLA/resoluciones/AUTOS%202018/6669.pdf HTTP/1.1" 200 9767794
172.22.2.4 - - [16/Jul/2023:13:00:35 -0500] "GET /BLA/boletinlegal/actos.php HTTP/1.1" 200 9682
216.245.221.92 - - [16/Jul/2023:13:01:35 -0500] "HEAD / HTTP/1.1" 200 -
31.13.103.9 - - [16/Jul/2023:13:02:25 -0500] "GET /images/Caminatas-ecologicas-julio.jpg HTTP/1.1" 200 480557
31.13.103.1 - - [16/Jul/2023:13:02:26 -0500] "GET /images/camino-guadalupe-aguanoso.jpg HTTP/1.1" 200 103489
201.245.192.253 - - [16/Jul/2023:13:03:32 -0500] "POST /kwsrmcab/Wsrmcab  HTTP/1.1" 200 42295
110.249.201.121 - - [16/Jul/2023:13:03:51 -0500] "GET /BLA/resoluciones/RESOLUCIONES%202017/0031.pdf HTTP/1.1" 200 301150
172.22.2.4 - - [16/Jul/2023:13:02:13 -0500] "HEAD /BLA/boletinlegal/ HTTP/1.1" 200 -
91.204.46.238 - - [16/Jul/2023:13:04:05 -0500] "GET /style.php?sig=rename HTTP/1.1" 404 1049
172.22.2.4 - - [16/Jul/2023:13:03:03 -0500] "GET /BLA/boletinlegal/ HTTP/1.1" 200 54942
162.55.171.138 - - [16/Jul/2023:13:04:44 -0500] "GET / HTTP/1.1" 200 319
162.55.171.138 - - [16/Jul/2023:13:04:46 -0500] "GET / HTTP/1.1" 200 4720
114.119.137.211 - - [16/Jul/2023:13:06:23 -0500] "-" 408 -
216.245.221.92 - - [16/Jul/2023:13:06:35 -0500] "HEAD / HTTP/1.1" 200 -
173.252.107.117 - - [16/Jul/2023:13:07:33 -0500] "GET /images/camino-guadalupe-aguanoso.jpg HTTP/1.1" 200 103489
111.225.149.111 - - [16/Jul/2023:13:07:51 -0500] "GET /BLA/resoluciones/AUTOS%202017/3231.pdf HTTP/1.1" 200 1401944
173.252.111.116 - - [16/Jul/2023:13:07:59 -0500] "GET /images/jornadas-llantas-usadas-23-mayo.jpg HTTP/1.1" 200 148376
173.252.83.120 - - [16/Jul/2023:13:07:59 -0500] "GET /images/jornadas-llantas-usadas-23-mayo.jpg HTTP/1.1" 200 148376
173.252.111.10 - - [16/Jul/2023:13:07:59 -0500] "GET /images/jardines-verticales-plantas-24-mayo.jpg HTTP/1.1" 200 148288
173.252.79.8 - - [16/Jul/2023:13:08:18 -0500] "GET /images/camino-guadalupe-aguanoso.jpg HTTP/1.1" 200 103489
201.245.192.253 - - [16/Jul/2023:13:09:41 -0500] "POST /kwsrmcab/Wsrmcab  HTTP/1.1" 200 42295
52.167.144.66 - - [16/Jul/2023:13:10:17 -0500] "GET /galeria/carrusel/Carrusel/jquery.thumbnailScroller.js HTTP/1.1" 200 8157
40.77.167.255 - - [16/Jul/2023:13:10:21 -0500] "GET /galeria/carrusel/Carrusel/jquery.thumbnailScroller.css HTTP/1.1" 200 2066
40.77.167.161 - - [16/Jul/2023:13:10:22 -0500] "GET /galeria/carrusel/Carrusel/jquery-ui-1.8.13.custom.min.js HTTP/1.1" 200 10800
40.77.167.161 - - [16/Jul/2023:13:10:22 -0500] "GET /galeria/nivo-slider/demo/banner.html HTTP/1.1" 200 5446
172.22.2.4 - - [16/Jul/2023:13:08:53 -0500] "GET /BLA/boletinlegal/ HTTP/1.1" 200 61404
66.249.73.37 - - [16/Jul/2023:13:10:35 -0500] "-" 408 -
201.245.192.253 - - [16/Jul/2023:13:10:42 -0500] "POST /kwsrmcab/Wsrmcab  HTTP/1.1" 200 42295
173.252.111.117 - - [16/Jul/2023:13:11:21 -0500] "GET /este-fin-de-semana-feria-de-servicios-ambientales-en-el-centro-de-bogota.html HTTP/1.1" 200 802
173.252.111.10 - - [16/Jul/2023:13:11:21 -0500] "GET /este-fin-de-semana-feria-de-servicios-ambientales-en-el-centro-de-bogota.html HTTP/1.1" 200 802
173.252.111.119 - - [16/Jul/2023:13:11:21 -0500] "GET /images/feria-servicios-12-mayo-principal.jpg HTTP/1.1" 200 44744
66.220.149.17 - - [16/Jul/2023:13:11:22 -0500] "GET /images/feria-servicios-12-mayo-principal.jpg HTTP/1.1" 200 44744
173.252.111.120 - - [16/Jul/2023:13:11:31 -0500] "GET /sumate-a-las-jornadas-de-recoleccion-de-llantas-de-esta-semana.html HTTP/1.1" 200 787
216.245.221.92 - - [16/Jul/2023:13:11:35 -0500] "HEAD / HTTP/1.1" 200 -
111.225.149.157 - - [16/Jul/2023:13:11:51 -0500] "GET /BLA/resoluciones/AUTOS%202008/2295.pdf HTTP/1.1" 200 146794
165.1.173.142 - - [16/Jul/2023:13:14:39 -0500] "GET /siipev/Diseno%20de%20Elementos%20de%20Mobiliario%20Urbano/Otros%20Elementos/Infografia/Parte2/M-140.png HTTP/1.1" 304 -
65.154.226.171 - - [16/Jul/2023:13:14:42 -0500] "GET /siipev/diseno%20de%20elementos%20de%20mobiliario%20urbano/otros%20elementos/infografia/parte2/m-140.png HTTP/1.1" 200 27774
172.22.2.4 - - [16/Jul/2023:13:15:22 -0500] "GET /BLA/boletinlegal/actos.php HTTP/1.1" 200 9682
172.22.2.4 - - [16/Jul/2023:13:15:25 -0500] "GET /BLA/boletinlegal/consulta_actos.php?tipo=autos&no=0660&usuario=&sector=&fecha=2023&resuelve= HTTP/1.1" 200 1076
172.22.2.4 - - [16/Jul/2023:13:13:53 -0500] "HEAD /BLA/boletinlegal/ HTTP/1.1" 200 -
201.245.192.253 - - [16/Jul/2023:13:15:41 -0500] "POST /kwsrmcab/Wsrmcab  HTTP/1.1" 200 42295
111.225.149.145 - - [16/Jul/2023:13:15:51 -0500] "GET /BLA/resoluciones/AUTOS%202019/3472.pdf HTTP/1.1" 200 485240
87.120.88.140 - - [16/Jul/2023:13:16:20 -0500] "GET /.env HTTP/1.1" 404 1018
87.120.88.140 - - [16/Jul/2023:13:16:21 -0500] "POST / HTTP/1.1" 200 319
172.22.2.4 - - [16/Jul/2023:13:16:25 -0500] "GET /BLA/boletinlegal/consulta_actos.php?tipo=resoluciones&no=0467&usuario=&sector=&fecha=2023&resuelve= HTTP/1.1" 200 1063
172.22.2.4 - - [16/Jul/2023:13:16:33 -0500] "GET /BLA/boletinlegal/consulta_actos.php?tipo=resoluciones&no=0466&usuario=&sector=&fecha=2023&resuelve= HTTP/1.1" 200 1066
216.245.221.92 - - [16/Jul/2023:13:16:35 -0500] "HEAD / HTTP/1.1" 200 -
172.22.2.4 - - [16/Jul/2023:13:16:41 -0500] "GET /BLA/boletinlegal/consulta_actos.php?tipo=resoluciones&no=0555&usuario=&sector=&fecha=2023&resuelve= HTTP/1.1" 200 626
172.22.2.4 - - [16/Jul/2023:13:16:45 -0500] "GET /BLA/boletinlegal/consulta_actos.php?tipo=autos&no=0555&usuario=&sector=&fecha=2023&resuelve= HTTP/1.1" 200 1076
172.22.2.4 - - [16/Jul/2023:13:17:01 -0500] "GET /BLA/boletinlegal/consulta_actos.php?tipo=resoluciones&no=0422&usuario=&sector=&fecha=2023&resuelve= HTTP/1.1" 200 1064
172.22.2.4 - - [16/Jul/2023:13:16:02 -0500] "GET /BLA/boletinlegal/ HTTP/1.1" 200 49659
172.22.2.4 - - [16/Jul/2023:13:16:03 -0500] "GET /BLA/boletinlegal/ HTTP/1.1" 200 51550
190.24.142.245 - - [16/Jul/2023:13:18:40 -0500] "GET /calidad-del-aire-distrito-avanza-unido-por-un-nuevo-aire.html?utm_source=Meta_DIGI&utm_medium=CPMa&utm_campaign=Aire&utm_id=Julio_2023&fbclid=IwAR0ItuAtd_XsfOeTPihh6ITWxGOdTZEDyDhqXnCM9ckWYJOOA7pZERVu5rE_aem_Abt1MmJ37fg4eWtYei-JpD38MnlTGI-TXRVNUXsB4vZCn5zlT-LW4WsxlX0P3MmS2CnLkm97T1CdSoYI5txvkttY HTTP/1.1" 200 783
181.58.64.65 - - [16/Jul/2023:13:18:57 -0500] "GET /calidad-del-aire-distrito-avanza-unido-por-un-nuevo-aire.html?utm_source=Meta_DIGI&utm_medium=CPMa&utm_campaign=Aire&utm_id=Julio_2023&gclid=EAIaIQobChMI9afSmeuTgAMVmxh2Bh33fAnpEAEYASAAEgIUEfD_BwE HTTP/1.1" 200 783
181.58.64.65 - - [16/Jul/2023:13:19:19 -0500] "GET /calidad-del-aire-distrito-avanza-unido-por-un-nuevo-aire.html?utm_source=Meta_DIGI&utm_medium=CPMa&utm_campaign=Aire&utm_id=Julio_2023&gclid=EAIaIQobChMI5uOdpOuTgAMVGAF2Bh3FDATrEAEYASAAEgLBwvD_BwE HTTP/1.1" 200 783
110.249.201.143 - - [16/Jul/2023:13:19:51 -0500] "GET /BLA/resoluciones/RESOLUCIONES%202011/2882.pdf HTTP/1.1" 200 769666
201.245.192.253 - - [16/Jul/2023:13:20:05 -0500] "POST /kwsrmcab/Wsrmcab HTTP/1.1" 200 42129
201.245.192.253 - - [16/Jul/2023:13:20:08 -0500] "POST /kwsrmcab/Wsrmcab HTTP/1.1" 200 43383
191.156.145.150 - - [16/Jul/2023:13:20:37 -0500] "GET /calidad-del-aire-distrito-avanza-unido-por-un-nuevo-aire.html?utm_source=Meta_DIGI&utm_medium=CPMa&utm_campaign=Aire&utm_id=Julio_2023&fbclid=PAAaY7pkarDjnALn2Nh8VSITrZ85GO2Bp3LlqY92krdIFAKFyF7kVBtsl2N3A_aem_AbtwVNEmyubm5UzwqqiG1x6Tn4jjjXcHtsoirtWmm6ejf3esxm623xYbBiSX40AtqUsYQildq96KjkX_uib48GFD HTTP/1.1" 200 783
201.245.192.253 - - [16/Jul/2023:13:20:40 -0500] "POST /kwsrmcab/Wsrmcab  HTTP/1.1" 200 42295
179.19.213.7 - - [16/Jul/2023:13:21:29 -0500] "GET /calidad-del-aire-distrito-avanza-unido-por-un-nuevo-aire.html?utm_source=Meta_DIGI&utm_medium=CPMa&utm_campaign=Aire&utm_id=Julio_2023&gclid=EAIaIQobChMIn5bM4euTgAMVdI-DCB0u7gpxEAEYASAAEgIrg_D_BwE HTTP/1.1" 200 783
216.245.221.92 - - [16/Jul/2023:13:21:35 -0500] "HEAD / HTTP/1.1" 200 -
186.102.27.2 - - [16/Jul/2023:13:21:51 -0500] "OPTIONS /kwssiamovil/sm/setfile/f? HTTP/1.1" 200 13
186.102.27.2 - - [16/Jul/2023:13:21:51 -0500] "POST /kwssiamovil/sm/setfile/f? HTTP/1.1" 200 381
186.102.27.2 - - [16/Jul/2023:13:21:57 -0500] "OPTIONS /kwssiamovil/sm/setfile/f? HTTP/1.1" 200 13
173.252.83.9 - - [16/Jul/2023:13:22:01 -0500] "GET /habilitado-nuevo-camino-para-recorrer-los-cerros-guadalupe-aguanoso.html HTTP/1.1" 200 837
186.102.27.2 - - [16/Jul/2023:13:21:57 -0500] "POST /kwssiamovil/sm/setfile/f? HTTP/1.1" 200 381
172.22.2.4 - - [16/Jul/2023:13:20:33 -0500] "GET /BLA/boletinlegal/ HTTP/1.1" 200 61404
186.102.27.2 - - [16/Jul/2023:13:22:17 -0500] "GET /kwssiamovil/sm/acme/a?s=U2FsdGVkX19ogZuu0GPX4autWleUeLxCHt+goOYop77Mwcn4tFNq1EcdmzOvTR38IYJPlnlv1JE05QGa6qcVfjV7S3i1zsR6FGX3jCTMt/JL73M20cazjS1SqSORGDN1H5oaFL7rtGDef2qryjd63IvFI8CXBsdg9CTQNt80NPlmXtOwqiSC2mF7nC5z0fhG7RYQ116UXr+mN9ygGwJAqa/f3LSMwzRud4Ci5/Y1IhZK1s5day0xlORCFi4MNi2eeD8y393caAEZkjudn+ThnQ==&u=U2FsdGVkX19Syb4Y4KhJ2C3BvX0qbFyAZS7qof88FPw=&y=U2FsdGVkX1/Arr1/3zNAFUk7pMpqC7WJ0tzZaHIiyLM= HTTP/1.1" 200 26
186.102.27.2 - - [16/Jul/2023:13:22:18 -0500] "GET /kwssiamovil/sm/acme/a?s=U2FsdGVkX19AM/5hoSIIo7tHTddZ+SLfuxFNcSmKF8KMhL8MnQuuv2FTsoYv1DM4sVaFy6AaxbgBmhwsK801R4Cd+0RxAVE4doiRNk6STUPmkeanq4PVWx4owTxLeJq58DoPbx10a0S4h7yELyw9DQpVS0mWCRvSqvq07xBKndPmGh+wSnmAIIjggw5IMeKluFw9JJKT4rxAvVNbEd9lt0mAdxBfUGQETs7N/TJc1fTuFMuqq2D0TlZlydKloWaDGR/0H9rdC9zjMYAmWJ69k/x+0IQr/vpZDkpH4Xc7iWTpWdiDRGQU7yPZ1GEH7Gu0ZZSquG+MhunSr5isNbcVaRsAMr3cAcGPR4OTylzBQt+5VLJkt/4Fm+gMH2pmr4jK/fn/cwmwcAChSf1Qbm5C82clFKqAhkAV/WmYFfUfI+mACBVndIWhSuhnAq6aFDBZUHKBZKwsBuCGvKXvUU8Qncrbhpo4TWt4TCoL0DA6Kln50CRgIQ0yVhxw0xceTTqhasNvLhBHif2jGFMJQx4WzM8LKtQqnE5szV2vfxxSAX3OoqL4T797zdFXXe4ZPGH9XxIeD3ilQNbge/omgXuq2TZn5wGXIYks/O6HvyIs6w7196clO6YKOV3z1qs3MjbWqOdiSzJV/3G4MnhkTkEkxUOtiWNr29wjjquwALQKWK6j5CiZ2tx+oaEfHXu3N62XyZYJ5N4tyGrMC/boBIaGt78ViJwGG3cFs13JxtCJ7kCMg9wOHNil38u2ITxLY1yBKyXNgq1wEixI8oEErz3azlFXh7tFPXyRMBDCdmenxxDevJ4pMQz7A72XfRWQ0VVKP2mt/HsmT4uanmRmcRCe7s0+2yrgdgtZeY97ldkjP9I47RkybXzj/oOrVb892zl9aEuygNu1SXH1KXr6KbFLdup7cNS45o3Uo8tVn8rJWgSdmA1LQ3deQx6NW8pcfJEiFyZSo16Xnv3o2KZLruN3No2FXWly1fpPhiAZBU0e35egP/ieDgMTKSZ2GzkUapr0/O5zCzhu9MJF2YN6Q01uqA5NDT8lp86DqazPW1oi0ycdjcFpz/HPlxL56wdEwAJ/cseaUHiZNwlDY+QZFkoIrqKEWazhOqKHORVU2j08PFN+ApYWs/u8HzMPtNgdKlyFNYFRsqjrnkYGBujvAn09VKrFieTpwwxrf2Lun7E2n40bZwpGHgW2VdqpzXWuq44xtdgBSGoax5zlqPnRIKAaB5aIxy6bvj/s4t0GyJ+C4VvmotKzvFXx/aUlv6NxjOHrUM0Kq8JaSqJQGLq9ZDkIjWaBD1StlCNmc0qjlVSnaj0yuQscDrgWAGkItl4mM8GaPGRbXtaF7QJVb9DzocpO6MU279PkHuGT/++OhootRPIsXUcw3ZkUfpWPQnVJvrAv7U1zBPNHBrnhQrd+tp3GQp81uN4PwFBBLS302dep8XI4aUNUzspdcfVoOk616YGku+I+LxvY6Uy8aZijpZfUGF25pYTMfGEGR8MhpXhmMEdVBdzAHIUTCjJXIqTl+XJVcv/DhLTYi2KMQe6t9nF0BYdC/n3Udfs0P8VVRjHKCNeNryP4J14FJ8s+0O70ZbL+2FpUydhgW4Sj7iM3fCwJjL86lEzTrXYCcEOhv9+rC2TcOmLoS5+MQW0IDSyZy/IdEGHK8K98G2baYiVIUFUQyF0ryPGPBiE2H8E0K5dsjAZhewNARzxk1vgjeTrtpwRkr+V23X3Zjloa8HgmzHbtFY167u7VHNnjW8Ga+Gw7fLs2TfW/4GqB6bq3csh8PcguAbCaPkwFkO4V7211c6Oa3qxm57JOU6VFFzFf0y+czyNDvhaWySIBnXH7393p9QpEq2iTZQ3qVHXiQpUbKgUx5A==&u=U2FsdGVkX19Syb4Y4KhJ2C3BvX0qbFyAZS7qof88FPw=&y=U2FsdGVkX1/Arr1/3zNAFUk7pMpqC7WJ0tzZaHIiyLM= HTTP/1.1" 200 26
186.102.27.2 - - [16/Jul/2023:13:22:18 -0500] "GET /kwssiamovil/sm/acme/a?s=U2FsdGVkX18EBKNaMVZ7w0f4z624VEwXiGAOWPLyULN8/vx4sx6/eKCRV5woe4KJH/3FwtSUpQOjzR4BH/Oh7+BHpiVMEfo8YAud0zxUviGI4U+l/kNnE5J4Vm6FlOtf5PaFr3jzn51zZ4SNy57PoLtlSzVhSjObxsQV8+yMJtI=&u=U2FsdGVkX19Syb4Y4KhJ2C3BvX0qbFyAZS7qof88FPw=&y=U2FsdGVkX1/Arr1/3zNAFUk7pMpqC7WJ0tzZaHIiyLM= HTTP/1.1" 200 26
186.102.27.2 - - [16/Jul/2023:13:22:18 -0500] "GET /kwssiamovil/sm/acme/a?s=U2FsdGVkX19FirTjjs8pu/w/ANt8or1hOrYueuj+HV1pQRdnOOxbe5Vh2HUVHC9eoJolbYRF28UiYarE55WDIyBSyIlLYENwHQ0ZElkPz7l95pzoZ++IZCotAfQCQANm+tvCgrYdBFkMGdBmpG5NWOcBtyTXE8usFxox1sWhZvE=&u=U2FsdGVkX19Syb4Y4KhJ2C3BvX0qbFyAZS7qof88FPw=&y=U2FsdGVkX1/Arr1/3zNAFUk7pMpqC7WJ0tzZaHIiyLM= HTTP/1.1" 200 26
186.102.27.2 - - [16/Jul/2023:13:22:18 -0500] "GET /kwssiamovil/sm/acme/a?s=U2FsdGVkX193LmTDPD8h7XjIgFmF9dhqQIJO81hgel223g+ZK9W5ZYBvfMwBAJyrK//53Wzk5PQ9OFjMIVZkCGASoq1XCrALBP69rT0zyRTLYjKFf3qPZ+cjtmeNcXRr/4FV/R2oQGZQoKxFgP0hzXslzoHrhcMTpEqJu0WaDI4=&u=U2FsdGVkX19Syb4Y4KhJ2C3BvX0qbFyAZS7qof88FPw=&y=U2FsdGVkX1/Arr1/3zNAFUk7pMpqC7WJ0tzZaHIiyLM= HTTP/1.1" 200 26
186.102.27.2 - - [16/Jul/2023:13:22:19 -0500] "GET /kwssiamovil/sm/acme/a?s=U2FsdGVkX18ekNZfUCb5MiYxz8rVQGdduPJu+2StHkd0WORE20SH+1MEwrF+wiSxiDpvWgLt1hrYi16h1D4pYNXrhZLqf5TbP0t29XZpavgCriUlqavrATOzC1Jl3fWxyo3Z+OLDtlJsI1/4ajq6I2MBn1dojFoteKJ+Zj5TZ96jI/ZyUgoy+1eUo127JWXN&u=U2FsdGVkX19Syb4Y4KhJ2C3BvX0qbFyAZS7qof88FPw=&y=U2FsdGVkX1/Arr1/3zNAFUk7pMpqC7WJ0tzZaHIiyLM= HTTP/1.1" 200 26
186.102.27.2 - - [16/Jul/2023:13:22:19 -0500] "GET /kwssiamovil/sm/acme/a?s=U2FsdGVkX18fQznI8DxOyFMR37+YzgdIHhK7p0LW99o5Zga//JlbD08pGHTjE7LSw9kdSlIQ/+2X4oRv6OkFlj0vxbqpv2d9JeRY5EfeMpGw+w5LwPs2O4mzDGi1rCY8kbvUMdoxQGo/mb9hpjzGu06PDAp27sklkkRH+A0I2UqBgQpPiyG6iwQKVkEgy8ewgmqgrZ3wTViiu6GJacm/rKIuDmDm/z6YqY0as/gyJJk=&u=U2FsdGVkX19Syb4Y4KhJ2C3BvX0qbFyAZS7qof88FPw=&y=U2FsdGVkX1/Arr1/3zNAFUk7pMpqC7WJ0tzZaHIiyLM= HTTP/1.1" 200 26
186.102.27.2 - - [16/Jul/2023:13:22:19 -0500] "GET /kwssiamovil/sm/acme/a?s=U2FsdGVkX1+R7ZCxHC5xHsL9FiMsB7YX1UZpOF9AWdGGZXI/PoQJ/SjIy0bt097uIMjvVWnJu0zB+/caVbOQRk5wDPMsUF72HOF1mPGnEm4P5jf3cfeOdpVEgpn9aL+5okVqBh4KSoBCIBVMbfzVKXu2S2rN2LW18orK/Jc437KIVYt4JeB2YpgZAvJ3t+FCBRMviEzKYA22csnPRPChqQ==&u=U2FsdGVkX19Syb4Y4KhJ2C3BvX0qbFyAZS7qof88FPw=&y=U2FsdGVkX1/Arr1/3zNAFUk7pMpqC7WJ0tzZaHIiyLM= HTTP/1.1" 200 26
186.102.27.2 - - [16/Jul/2023:13:22:19 -0500] "GET /kwssiamovil/sm/acme/a?s=U2FsdGVkX1+Ferz4d68gPExsk7HNefne0J4xxJKqwwWUBYQ5pbImb5EiscMS5CtJCkUYvYshV9LZJhIuGAJQr07qWRXIuDvOpxHLLsm1vCTEIfGXYmr5dS41I/PUyJ2hTaLE1fOBY5DnlmIOCREyyOvbI3vyAv3bej72y0XSEGpEiwwHyxyLxU8Hiey7oWCrGTEO3HC8afTLU5KKL7XuAU5xJxaNeQ0pFMrbD46LDag=&u=U2FsdGVkX19Syb4Y4KhJ2C3BvX0qbFyAZS7qof88FPw=&y=U2FsdGVkX1/Arr1/3zNAFUk7pMpqC7WJ0tzZaHIiyLM= HTTP/1.1" 200 26
186.102.27.2 - - [16/Jul/2023:13:22:20 -0500] "GET /kwssiamovil/sm/acme/a?s=U2FsdGVkX19onPEGbDGgHQ/fPg7C4eS8+wRrc+pR7d9i2B5mlBy56jSlkMkWHPoaz0zvuEtHgb+a7WAAS8nZkgWXE/yGRnTAoSYval7XceQv3lQFQDwEN633k5SvZNJAsOssUx6jvuXDK/yl/qHiWUbr8m3HqxQwa7E5WWA1t0hS7hnvQNTEcyV0RaapkQN/HrWGw32rbSizbpVnclUmzg==&u=U2FsdGVkX19Syb4Y4KhJ2C3BvX0qbFyAZS7qof88FPw=&y=U2FsdGVkX1/Arr1/3zNAFUk7pMpqC7WJ0tzZaHIiyLM= HTTP/1.1" 200 26
157.90.244.54 - - [16/Jul/2023:13:23:50 -0500] "GET / HTTP/1.1" 200 319
157.90.244.54 - - [16/Jul/2023:13:23:51 -0500] "GET / HTTP/1.1" 200 4720
110.249.201.208 - - [16/Jul/2023:13:23:51 -0500] "GET /BLA/resoluciones/AUTOS%202013/0118.pdf HTTP/1.1" 200 1893893
40.77.167.161 - - [16/Jul/2023:13:25:22 -0500] "GET /BLA/resoluciones/AUTOS%202023/1256.pdf HTTP/1.1" 200 383535
40.77.190.88 - - [16/Jul/2023:13:26:15 -0500] "GET /galeria/nivo-slider/nivo-slider.css HTTP/1.1" 200 1507
40.77.190.88 - - [16/Jul/2023:13:26:15 -0500] "GET /galeria/nivo-slider/themes/pascal/pascal.css HTTP/1.1" 200 2258
40.77.190.88 - - [16/Jul/2023:13:26:15 -0500] "GET /galeria/nivo-slider/demo/style.css HTTP/1.1" 200 2222
40.77.190.88 - - [16/Jul/2023:13:26:15 -0500] "GET /galeria/nivo-slider/themes/default/default.css HTTP/1.1" 200 1569
40.77.190.88 - - [16/Jul/2023:13:26:15 -0500] "GET /galeria/nivo-slider/demo/scripts/jquery-1.7.1.min.js HTTP/1.1" 200 93868
40.77.190.88 - - [16/Jul/2023:13:26:15 -0500] "GET /galeria/nivo-slider/jquery.nivo.slider.pack.js HTTP/1.1" 200 11561
216.245.221.92 - - [16/Jul/2023:13:26:35 -0500] "HEAD / HTTP/1.1" 200 -
191.156.224.50 - - [16/Jul/2023:13:26:48 -0500] "GET /calidad-del-aire-distrito-avanza-unido-por-un-nuevo-aire.html?utm_source=Meta_DIGI&utm_medium=CPMa&utm_campaign=Aire&utm_id=Julio_2023&fbclid=IwAR2G1jpWLWfu31CaZd0ULGytZPnfj9YJHC2Ux0pEALEttc5ziqI4E5s2v-Y_aem_AbsrsP3G1mKGJ4574tvhyL9QvLdRxF7cWQWiFurkTeBCWJe8akOngO07oTmhVzvGFaMpL8e15ULjJhp1Atdr0KgD HTTP/1.1" 200 783
201.245.192.253 - - [16/Jul/2023:13:26:47 -0500] "POST /kwsrmcab/Wsrmcab  HTTP/1.1" 200 42295
172.22.2.4 - - [16/Jul/2023:13:25:33 -0500] "HEAD /BLA/boletinlegal/ HTTP/1.1" 200 -
201.245.192.253 - - [16/Jul/2023:13:27:48 -0500] "POST /kwsrmcab/Wsrmcab  HTTP/1.1" 200 42295
110.249.202.5 - - [16/Jul/2023:13:27:51 -0500] "GET /BLA/resoluciones/AUTOS%202012/2864.pdf HTTP/1.1" 200 224547
172.22.2.4 - - [16/Jul/2023:13:26:23 -0500] "GET /BLA/boletinlegal/ HTTP/1.1" 200 55337
201.245.192.253 - - [16/Jul/2023:13:30:04 -0500] "POST /kwsrmcab/Wsrmcab HTTP/1.1" 200 42129
201.245.192.253 - - [16/Jul/2023:13:30:07 -0500] "POST /kwsrmcab/Wsrmcab HTTP/1.1" 200 43383
173.252.107.10 - - [16/Jul/2023:13:30:21 -0500] "GET /juntos-cuidamos-bogota-mas-de-65-kilogramos-de-residuos-especiales-y-peligrosos-fueron-recolectados-en-engativa.html HTTP/1.1" 200 994
66.249.73.36 - - [16/Jul/2023:13:30:26 -0500] "-" 408 -
181.68.135.100 - - [16/Jul/2023:13:30:36 -0500] "GET /calidad-del-aire-distrito-avanza-unido-por-un-nuevo-aire.html?utm_source=Meta_DIGI&utm_medium=CPMa&utm_campaign=Aire&utm_id=Julio_2023&gclid=EAIaIQobChMI4p6k4u2TgAMV0Z9_BB3woA3AEAEYASAAEgKk1vD_BwE HTTP/1.1" 200 783
216.245.221.92 - - [16/Jul/2023:13:31:35 -0500] "HEAD / HTTP/1.1" 200 -
110.249.202.118 - - [16/Jul/2023:13:31:52 -0500] "GET /BLA/resoluciones/AUTOS%202013/3586.pdf HTTP/1.1" 200 736041
186.84.89.252 - - [16/Jul/2023:13:32:23 -0500] "GET /calidad-del-aire-distrito-avanza-unido-por-un-nuevo-aire.html?utm_source=Meta_DIGI&utm_medium=CPMa&utm_campaign=Aire&utm_id=Julio_2023&fbclid=IwAR3W7MEjwhomZICoI1ZJIEYtj5ySNwLKqWnwOIqJrBcJPReoyvNFyYdO17o_aem_AU-jpD95GJwFzrfyg9NZEjfrASr29I0vAxE7vGohPmUWZdQeNFh2lftLtYrDym3LZt0vhOJI23gWkO91eZOImRMc HTTP/1.1" 200 783
191.95.50.11 - - [16/Jul/2023:13:32:27 -0500] "GET /calidad-del-aire-distrito-avanza-unido-por-un-nuevo-aire.html?utm_source=Meta_DIGI&utm_medium=CPMa&utm_campaign=Aire&utm_id=Julio_2023&gclid=EAIaIQobChMIyJHilu6TgAMVlONkCh3-mQM1EAEYASAAEgKaT_D_BwE HTTP/1.1" 200 783
172.22.2.4 - - [16/Jul/2023:13:32:35 -0500] "GET /BLA/boletinlegal/favicon.ico HTTP/1.1" 404 1326
201.245.192.253 - - [16/Jul/2023:13:32:46 -0500] "POST /kwsrmcab/Wsrmcab  HTTP/1.1" 200 42295
172.22.2.4 - - [16/Jul/2023:13:31:23 -0500] "HEAD /BLA/boletinlegal/ HTTP/1.1" 200 -
173.252.87.120 - - [16/Jul/2023:13:33:25 -0500] "GET /images/foto%202.jpg HTTP/1.1" 200 63300
179.1.94.35 - - [16/Jul/2023:13:33:41 -0500] "GET /calidad-del-aire-distrito-avanza-unido-por-un-nuevo-aire.html?utm_source=Meta_DIGI&utm_medium=CPMa&utm_campaign=Aire&utm_id=Julio_2023&gclid=EAIaIQobChMI34zwvu6TgAMVF4WnCh2uCAC8EAEYASAAEgLddPD_BwE HTTP/1.1" 200 783
172.22.2.4 - - [16/Jul/2023:13:32:13 -0500] "GET /BLA/boletinlegal/ HTTP/1.1" 200 56452
110.249.202.144 - - [16/Jul/2023:13:35:51 -0500] "GET /BLA/resoluciones/AUTOS%202015/0935.pdf HTTP/1.1" 200 549658
52.167.144.139 - - [16/Jul/2023:13:36:02 -0500] "GET /lideres-de-bogota-circular-se-reunieron-para-seguir-construyendo-una-ciudad-mas-sostenible.html HTTP/1.1" 200 928
216.245.221.92 - - [16/Jul/2023:13:36:35 -0500] "HEAD / HTTP/1.1" 200 -
191.156.148.194 - - [16/Jul/2023:13:37:39 -0500] "GET /calidad-del-aire-distrito-avanza-unido-por-un-nuevo-aire.html?utm_source=Meta_DIGI&utm_medium=CPMa&utm_campaign=Aire&utm_id=Julio_2023&gclid=EAIaIQobChMIopn6se-TgAMVC4WnCh0z4wMAEAEYASAAEgJmPfD_BwE HTTP/1.1" 200 783
172.22.2.4 - - [16/Jul/2023:13:37:13 -0500] "HEAD /BLA/boletinlegal/ HTTP/1.1" 200 -
201.245.192.253 - - [16/Jul/2023:13:38:54 -0500] "POST /kwsrmcab/Wsrmcab  HTTP/1.1" 200 42295
