201.245.192.253 - - [18/Jul/2023:13:40:24 -0500] "GET /sipse/faces/javax.faces.resource/jquery/jquery-plugins.js?ln=primefaces&v=4.0 HTTP/1.1" 304 -
201.245.192.253 - - [18/Jul/2023:13:40:24 -0500] "GET /sipse/faces/javax.faces.resource/primefaces.js?ln=primefaces&v=4.0 HTTP/1.1" 304 -
201.245.192.253 - - [18/Jul/2023:13:40:24 -0500] "GET /sipse/faces/javax.faces.resource/layout/layout.js?ln=primefaces&v=4.0 HTTP/1.1" 304 -
200.118.59.70 - - [18/Jul/2023:13:40:24 -0500] "POST /sipse/faces/presentacion/financiero/solicitudProceso/listarSolicitudProceso.xhtml HTTP/1.1" 200 1556
200.118.59.70 - - [18/Jul/2023:13:40:24 -0500] "POST /sipse/faces/presentacion/financiero/solicitudProceso/listarSolicitudProceso.xhtml HTTP/1.1" 200 1556
200.118.59.70 - - [18/Jul/2023:13:40:27 -0500] "POST /sipse/faces/presentacion/financiero/solicitudProceso/listarSolicitudProceso.xhtml HTTP/1.1" 200 1556
200.118.59.70 - - [18/Jul/2023:13:40:28 -0500] "POST /sipse/faces/presentacion/financiero/solicitudProceso/listarSolicitudProceso.xhtml HTTP/1.1" 200 1556
200.118.59.70 - - [18/Jul/2023:13:40:28 -0500] "POST /sipse/faces/presentacion/financiero/solicitudProceso/listarSolicitudProceso.xhtml HTTP/1.1" 200 1556
200.118.59.70 - - [18/Jul/2023:13:40:28 -0500] "POST /sipse/faces/presentacion/financiero/solicitudProceso/listarSolicitudProceso.xhtml HTTP/1.1" 200 1556
200.118.59.70 - - [18/Jul/2023:13:40:28 -0500] "POST /sipse/faces/presentacion/financiero/solicitudProceso/listarSolicitudProceso.xhtml HTTP/1.1" 200 1556
200.118.59.70 - - [18/Jul/2023:13:40:29 -0500] "POST /sipse/faces/presentacion/financiero/solicitudProceso/listarSolicitudProceso.xhtml HTTP/1.1" 200 1556
200.118.59.70 - - [18/Jul/2023:13:40:29 -0500] "POST /sipse/faces/presentacion/financiero/solicitudProceso/listarSolicitudProceso.xhtml HTTP/1.1" 200 1556
200.118.59.70 - - [18/Jul/2023:13:40:29 -0500] "POST /sipse/faces/presentacion/financiero/solicitudProceso/listarSolicitudProceso.xhtml HTTP/1.1" 200 1556
200.118.59.70 - - [18/Jul/2023:13:40:29 -0500] "POST /sipse/faces/presentacion/financiero/solicitudProceso/listarSolicitudProceso.xhtml HTTP/1.1" 200 1556
200.118.59.70 - - [18/Jul/2023:13:40:29 -0500] "POST /sipse/faces/presentacion/financiero/solicitudProceso/listarSolicitudProceso.xhtml HTTP/1.1" 200 1556
200.118.59.70 - - [18/Jul/2023:13:40:30 -0500] "POST /sipse/faces/presentacion/financiero/solicitudProceso/listarSolicitudProceso.xhtml HTTP/1.1" 200 1556
200.118.59.70 - - [18/Jul/2023:13:40:30 -0500] "POST /sipse/faces/presentacion/financiero/solicitudProceso/listarSolicitudProceso.xhtml HTTP/1.1" 200 1556
200.118.59.70 - - [18/Jul/2023:13:40:30 -0500] "POST /sipse/faces/presentacion/financiero/solicitudProceso/listarSolicitudProceso.xhtml HTTP/1.1" 200 1556
200.118.59.70 - - [18/Jul/2023:13:40:30 -0500] "POST /sipse/faces/presentacion/financiero/solicitudProceso/listarSolicitudProceso.xhtml HTTP/1.1" 200 1556
200.118.59.70 - - [18/Jul/2023:13:40:30 -0500] "POST /sipse/faces/presentacion/financiero/solicitudProceso/listarSolicitudProceso.xhtml HTTP/1.1" 200 1560
200.118.59.70 - - [18/Jul/2023:13:40:31 -0500] "POST /sipse/faces/presentacion/financiero/solicitudProceso/listarSolicitudProceso.xhtml HTTP/1.1" 200 1556
200.118.59.70 - - [18/Jul/2023:13:40:31 -0500] "POST /sipse/faces/presentacion/financiero/solicitudProceso/listarSolicitudProceso.xhtml HTTP/1.1" 200 1560
200.118.59.70 - - [18/Jul/2023:13:40:31 -0500] "POST /sipse/faces/presentacion/financiero/solicitudProceso/listarSolicitudProceso.xhtml HTTP/1.1" 200 1560
200.118.59.70 - - [18/Jul/2023:13:40:31 -0500] "POST /sipse/faces/presentacion/financiero/solicitudProceso/listarSolicitudProceso.xhtml HTTP/1.1" 200 1560
200.118.59.70 - - [18/Jul/2023:13:40:32 -0500] "POST /sipse/faces/presentacion/financiero/solicitudProceso/listarSolicitudProceso.xhtml HTTP/1.1" 200 1560
200.118.59.70 - - [18/Jul/2023:13:40:32 -0500] "POST /sipse/faces/presentacion/financiero/solicitudProceso/listarSolicitudProceso.xhtml HTTP/1.1" 200 1556
216.245.221.92 - - [18/Jul/2023:13:40:38 -0500] "HEAD / HTTP/1.1" 200 -
200.118.59.70 - - [18/Jul/2023:13:40:53 -0500] "POST /sipse/faces/presentacion/financiero/solicitudProceso/listarSolicitudProceso.xhtml HTTP/1.1" 200 31826
201.245.192.253 - - [18/Jul/2023:13:40:53 -0500] "POST /kwsrmcab/Wsrmcab  HTTP/1.1" 200 42133
200.118.59.70 - - [18/Jul/2023:13:40:55 -0500] "POST /sipse/faces/presentacion/financiero/solicitudProceso/listarSolicitudProceso.xhtml HTTP/1.1" 200 31826
201.245.192.253 - - [18/Jul/2023:13:40:55 -0500] "POST /kwsrmcab/Wsrmcab HTTP/1.1" 200 43188
200.118.59.70 - - [18/Jul/2023:13:40:58 -0500] "POST /sipse/faces/presentacion/financiero/solicitudProceso/listarSolicitudProceso.xhtml HTTP/1.1" 200 2001
144.76.22.138 - - [18/Jul/2023:13:40:59 -0500] "-" 408 -
186.86.33.239 - - [18/Jul/2023:13:41:30 -0500] "GET /calidad-del-aire-distrito-avanza-unido-por-un-nuevo-aire.html?utm_source=Meta_DIGI&utm_medium=CPMa&utm_campaign=Aire&utm_id=Julio_2023&gclid=EAIaIQobChMI8eOe_vOYgAMVj-woBR3hsQcyEAEYASAAEgI-j_D_BwE HTTP/1.1" 200 783
200.118.59.70 - - [18/Jul/2023:13:41:37 -0500] "POST /sipse/faces/presentacion/financiero/solicitudProceso/listarSolicitudProceso.xhtml HTTP/1.1" 200 2001
200.118.59.70 - - [18/Jul/2023:13:41:39 -0500] "POST /sipse/faces/presentacion/financiero/solicitudProceso/listarSolicitudProceso.xhtml HTTP/1.1" 200 43941
200.118.59.70 - - [18/Jul/2023:13:41:39 -0500] "GET /sipse/faces/javax.faces.resource/theme.css?ln=primefaces-sipse HTTP/1.1" 304 -
200.118.59.70 - - [18/Jul/2023:13:41:39 -0500] "GET /sipse/faces/javax.faces.resource/primefaces.css?ln=primefaces&v=4.0 HTTP/1.1" 304 -
200.118.59.70 - - [18/Jul/2023:13:41:39 -0500] "GET /sipse/faces/javax.faces.resource/layout/layout.css?ln=primefaces&v=4.0 HTTP/1.1" 304 -
200.118.59.70 - - [18/Jul/2023:13:41:39 -0500] "GET /sipse/faces/javax.faces.resource/jquery/jquery.js?ln=primefaces&v=4.0 HTTP/1.1" 304 -
200.118.59.70 - - [18/Jul/2023:13:41:39 -0500] "GET /sipse/faces/javax.faces.resource/jquery/jquery-plugins.js?ln=primefaces&v=4.0 HTTP/1.1" 304 -
200.118.59.70 - - [18/Jul/2023:13:41:39 -0500] "GET /sipse/faces/javax.faces.resource/primefaces.js?ln=primefaces&v=4.0 HTTP/1.1" 304 -
200.118.59.70 - - [18/Jul/2023:13:41:40 -0500] "GET /sipse/faces/javax.faces.resource/layout/layout.js?ln=primefaces&v=4.0 HTTP/1.1" 304 -
200.118.59.70 - - [18/Jul/2023:13:41:40 -0500] "POST /sipse/faces/presentacion/financiero/solicitudProceso/consultar.xhtml HTTP/1.1" 200 37342
200.118.59.70 - - [18/Jul/2023:13:41:40 -0500] "POST /sipse/faces/presentacion/financiero/solicitudProceso/consultar.xhtml HTTP/1.1" 200 37342
200.118.59.70 - - [18/Jul/2023:13:41:40 -0500] "POST /sipse/faces/presentacion/financiero/solicitudProceso/consultar.xhtml HTTP/1.1" 200 37342
200.118.59.70 - - [18/Jul/2023:13:41:41 -0500] "POST /sipse/faces/presentacion/financiero/solicitudProceso/consultar.xhtml HTTP/1.1" 200 37342
200.118.59.70 - - [18/Jul/2023:13:41:41 -0500] "POST /sipse/faces/presentacion/financiero/solicitudProceso/consultar.xhtml HTTP/1.1" 200 37342
200.118.59.70 - - [18/Jul/2023:13:41:42 -0500] "POST /sipse/faces/presentacion/financiero/solicitudProceso/consultar.xhtml HTTP/1.1" 200 37342
200.118.59.70 - - [18/Jul/2023:13:41:43 -0500] "POST /sipse/faces/presentacion/financiero/solicitudProceso/consultar.xhtml HTTP/1.1" 200 37342
200.118.59.70 - - [18/Jul/2023:13:41:43 -0500] "POST /sipse/faces/presentacion/financiero/solicitudProceso/consultar.xhtml HTTP/1.1" 200 37342
200.118.59.70 - - [18/Jul/2023:13:41:43 -0500] "POST /sipse/faces/presentacion/financiero/solicitudProceso/consultar.xhtml HTTP/1.1" 200 37342
200.118.59.70 - - [18/Jul/2023:13:41:44 -0500] "POST /sipse/faces/presentacion/financiero/solicitudProceso/consultar.xhtml HTTP/1.1" 200 37342
200.118.59.70 - - [18/Jul/2023:13:41:45 -0500] "POST /sipse/faces/presentacion/financiero/solicitudProceso/consultar.xhtml HTTP/1.1" 200 37342
200.118.59.70 - - [18/Jul/2023:13:41:45 -0500] "POST /sipse/faces/presentacion/financiero/solicitudProceso/consultar.xhtml HTTP/1.1" 200 37342
200.118.59.70 - - [18/Jul/2023:13:41:45 -0500] "POST /sipse/faces/presentacion/financiero/solicitudProceso/consultar.xhtml HTTP/1.1" 200 37342
200.118.59.70 - - [18/Jul/2023:13:41:46 -0500] "POST /sipse/faces/presentacion/financiero/solicitudProceso/consultar.xhtml HTTP/1.1" 200 37342
200.118.59.70 - - [18/Jul/2023:13:41:46 -0500] "POST /sipse/faces/presentacion/financiero/solicitudProceso/consultar.xhtml HTTP/1.1" 200 37342
200.118.59.70 - - [18/Jul/2023:13:41:46 -0500] "POST /sipse/faces/presentacion/financiero/solicitudProceso/consultar.xhtml HTTP/1.1" 200 37342
200.118.59.70 - - [18/Jul/2023:13:41:46 -0500] "POST /sipse/faces/presentacion/financiero/solicitudProceso/consultar.xhtml HTTP/1.1" 200 37342
200.118.59.70 - - [18/Jul/2023:13:41:47 -0500] "POST /sipse/faces/presentacion/financiero/solicitudProceso/consultar.xhtml HTTP/1.1" 200 37342
200.118.59.70 - - [18/Jul/2023:13:41:47 -0500] "POST /sipse/faces/presentacion/financiero/solicitudProceso/consultar.xhtml HTTP/1.1" 200 37342
200.118.59.70 - - [18/Jul/2023:13:41:48 -0500] "POST /sipse/faces/presentacion/financiero/solicitudProceso/consultar.xhtml HTTP/1.1" 200 37342
200.118.59.70 - - [18/Jul/2023:13:41:48 -0500] "POST /sipse/faces/presentacion/financiero/solicitudProceso/consultar.xhtml HTTP/1.1" 200 37342
200.118.59.70 - - [18/Jul/2023:13:41:48 -0500] "POST /sipse/faces/presentacion/financiero/solicitudProceso/consultar.xhtml HTTP/1.1" 200 37342
200.118.59.70 - - [18/Jul/2023:13:41:49 -0500] "POST /sipse/faces/presentacion/financiero/solicitudProceso/consultar.xhtml HTTP/1.1" 200 37342
200.118.59.70 - - [18/Jul/2023:13:41:49 -0500] "POST /sipse/faces/presentacion/financiero/solicitudProceso/consultar.xhtml HTTP/1.1" 200 37342
200.118.59.70 - - [18/Jul/2023:13:41:49 -0500] "POST /sipse/faces/presentacion/financiero/solicitudProceso/consultar.xhtml HTTP/1.1" 200 37342
200.118.59.70 - - [18/Jul/2023:13:41:49 -0500] "POST /sipse/faces/presentacion/financiero/solicitudProceso/consultar.xhtml HTTP/1.1" 200 37342
200.118.59.70 - - [18/Jul/2023:13:41:50 -0500] "POST /sipse/faces/presentacion/financiero/solicitudProceso/consultar.xhtml HTTP/1.1" 200 37342
200.118.59.70 - - [18/Jul/2023:13:41:50 -0500] "POST /sipse/faces/presentacion/financiero/solicitudProceso/consultar.xhtml HTTP/1.1" 200 37342
200.118.59.70 - - [18/Jul/2023:13:41:51 -0500] "POST /sipse/faces/presentacion/financiero/solicitudProceso/consultar.xhtml HTTP/1.1" 200 37342
200.118.59.70 - - [18/Jul/2023:13:41:51 -0500] "POST /sipse/faces/presentacion/financiero/solicitudProceso/consultar.xhtml HTTP/1.1" 200 37342
201.245.192.253 - - [18/Jul/2023:13:41:54 -0500] "POST /sipse/faces/presentacion/financiero/modificacionContrato/cargarModifiacion.xhtml HTTP/1.1" 200 5359
200.118.59.70 - - [18/Jul/2023:13:41:56 -0500] "POST /sipse/faces/presentacion/financiero/solicitudProceso/consultar.xhtml HTTP/1.1" 200 12862
172.22.2.4 - - [18/Jul/2023:13:40:22 -0500] "GET /BLA/boletinlegal/ HTTP/1.1" 200 61035
172.22.2.4 - - [18/Jul/2023:13:42:02 -0500] "GET /BLA/boletinlegal/consulta_actos.php?tipo=autos&no=5500&usuario=&sector=&fecha=2018&resuelve= HTTP/1.1" 200 626
172.22.2.4 - - [18/Jul/2023:13:42:05 -0500] "GET /BLA/boletinlegal/consulta_actos.php?tipo=autos&no=5501&usuario=&sector=&fecha=2018&resuelve= HTTP/1.1" 200 626
200.118.59.70 - - [18/Jul/2023:13:42:06 -0500] "POST /sipse/faces/presentacion/financiero/solicitudProceso/consultar.xhtml HTTP/1.1" 200 12870
172.22.2.4 - - [18/Jul/2023:13:42:07 -0500] "GET /BLA/boletinlegal/consulta_actos.php?tipo=autos&no=5498&usuario=&sector=&fecha=2018&resuelve= HTTP/1.1" 200 626
172.22.2.4 - - [18/Jul/2023:13:42:08 -0500] "GET /BLA/boletinlegal/consulta_actos.php?tipo=autos&no=5502&usuario=&sector=&fecha=2018&resuelve= HTTP/1.1" 200 626
172.22.2.4 - - [18/Jul/2023:13:42:10 -0500] "GET /BLA/boletinlegal/consulta_actos.php?tipo=autos&no=5503&usuario=&sector=&fecha=2018&resuelve= HTTP/1.1" 200 1059
200.118.59.70 - - [18/Jul/2023:13:42:11 -0500] "POST /sipse/faces/presentacion/financiero/solicitudProceso/consultar.xhtml HTTP/1.1" 200 159844
200.118.59.70 - - [18/Jul/2023:13:42:13 -0500] "GET /sipse/faces/javax.faces.resource/theme.css?ln=primefaces-sipse HTTP/1.1" 304 -
200.118.59.70 - - [18/Jul/2023:13:42:13 -0500] "GET /sipse/faces/javax.faces.resource/jquery/jquery.js?ln=primefaces&v=4.0 HTTP/1.1" 304 -
200.118.59.70 - - [18/Jul/2023:13:42:13 -0500] "GET /sipse/faces/javax.faces.resource/layout/layout.css?ln=primefaces&v=4.0 HTTP/1.1" 304 -
200.118.59.70 - - [18/Jul/2023:13:42:13 -0500] "GET /sipse/faces/javax.faces.resource/primefaces.css?ln=primefaces&v=4.0 HTTP/1.1" 304 -
200.118.59.70 - - [18/Jul/2023:13:42:13 -0500] "GET /sipse/faces/javax.faces.resource/jquery/jquery-plugins.js?ln=primefaces&v=4.0 HTTP/1.1" 304 -
200.118.59.70 - - [18/Jul/2023:13:42:13 -0500] "GET /sipse/faces/javax.faces.resource/primefaces.js?ln=primefaces&v=4.0 HTTP/1.1" 304 -
200.118.59.70 - - [18/Jul/2023:13:42:13 -0500] "GET /sipse/faces/javax.faces.resource/layout/layout.js?ln=primefaces&v=4.0 HTTP/1.1" 304 -
172.22.2.4 - - [18/Jul/2023:13:42:17 -0500] "GET /BLA/boletinlegal/consulta_actos.php?tipo=autos&no=5499&usuario=&sector=&fecha=2018&resuelve= HTTP/1.1" 200 626
172.22.2.4 - - [18/Jul/2023:13:42:18 -0500] "GET /BLA/boletinlegal/consulta_actos.php?tipo=autos&no=5499&usuario=&sector=&fecha=2018&resuelve= HTTP/1.1" 200 626
172.22.2.4 - - [18/Jul/2023:13:42:18 -0500] "GET /BLA/boletinlegal/consulta_actos.php?tipo=autos&no=5499&usuario=&sector=&fecha=2018&resuelve= HTTP/1.1" 200 626
172.22.2.4 - - [18/Jul/2023:13:42:18 -0500] "GET /BLA/boletinlegal/consulta_actos.php?tipo=autos&no=5499&usuario=&sector=&fecha=2018&resuelve= HTTP/1.1" 200 626
200.118.59.70 - - [18/Jul/2023:13:42:17 -0500] "POST /sipse/faces/presentacion/financiero/solicitudProceso/consultarSolicitudProceso.xhtml HTTP/1.1" 200 101293
172.22.2.4 - - [18/Jul/2023:13:42:23 -0500] "GET /BLA/boletinlegal/consulta_actos.php?tipo=autos&no=5504&usuario=&sector=&fecha=2018&resuelve= HTTP/1.1" 200 626
172.22.2.4 - - [18/Jul/2023:13:42:27 -0500] "GET /BLA/boletinlegal/consulta_actos.php?tipo=autos&no=5505&usuario=&sector=&fecha=2018&resuelve= HTTP/1.1" 200 1067
191.156.153.224 - - [18/Jul/2023:13:42:33 -0500] "GET /calidad-del-aire-distrito-avanza-unido-por-un-nuevo-aire.html?utm_source=Meta_DIGI&utm_medium=CPMa&utm_campaign=Aire&utm_id=Julio_2023&gclid=EAIaIQobChMI88fknfSYgAMVyJh_BB0w2Q4XEAEYASAAEgLbC_D_BwE HTTP/1.1" 200 783
172.22.2.4 - - [18/Jul/2023:13:42:38 -0500] "GET /BLA/boletinlegal/consulta_actos.php?tipo=autos&no=5506&usuario=&sector=&fecha=2018&resuelve= HTTP/1.1" 200 1114
172.22.2.4 - - [18/Jul/2023:13:42:55 -0500] "GET /BLA/boletinlegal/consulta_actos.php?tipo=autos&no=5507&usuario=&sector=&fecha=2018&resuelve= HTTP/1.1" 200 626
172.22.2.4 - - [18/Jul/2023:13:42:58 -0500] "GET /BLA/boletinlegal/consulta_actos.php?tipo=autos&no=5508&usuario=&sector=&fecha=2018&resuelve= HTTP/1.1" 200 1081
172.22.2.4 - - [18/Jul/2023:13:43:24 -0500] "GET /BLA/boletinlegal/consulta_actos.php?tipo=autos&no=5512&usuario=&sector=&fecha=2018&resuelve= HTTP/1.1" 200 1344
172.22.2.4 - - [18/Jul/2023:13:43:37 -0500] "GET /BLA/boletinlegal/consulta_actos.php?tipo=autos&no=5513&usuario=&sector=&fecha=2018&resuelve= HTTP/1.1" 200 1320
66.249.66.72 - - [18/Jul/2023:13:43:39 -0500] "-" 408 -
172.22.2.4 - - [18/Jul/2023:13:43:51 -0500] "GET /BLA/boletinlegal/consulta_actos.php?tipo=autos&no=5515&usuario=&sector=&fecha=2018&resuelve= HTTP/1.1" 200 1358
172.22.2.4 - - [18/Jul/2023:13:44:03 -0500] "GET /BLA/boletinlegal/consulta_actos.php?tipo=autos&no=5516&usuario=&sector=&fecha=2018&resuelve= HTTP/1.1" 200 1191
66.220.149.2 - - [18/Jul/2023:13:44:08 -0500] "GET /images/cr\xc3\xb3nica-29-nov-1_optimized.jpeg HTTP/1.1" 404 1034
172.22.2.4 - - [18/Jul/2023:13:44:50 -0500] "GET /BLA/boletinlegal/consulta_actos.php?tipo=autos&no=5518&usuario=&sector=&fecha=2018&resuelve= HTTP/1.1" 200 1485
201.245.192.253 - - [18/Jul/2023:13:44:54 -0500] "POST /sipse/faces/presentacion/financiero/modificacionContrato/cargarModifiacion.xhtml HTTP/1.1" 200 5456
79.116.133.146 - - [18/Jul/2023:13:44:56 -0500] "GET /portaldeninos/wp-content/uploads/useanyfont/uaf.css?ver=1589905315 HTTP/1.1" 200 408
79.116.133.146 - - [18/Jul/2023:13:44:56 -0500] "GET /portaldeninos/wp-content/themes/betheme/style.css?ver=20.9.6 HTTP/1.1" 200 287
79.116.133.146 - - [18/Jul/2023:13:44:56 -0500] "GET /portaldeninos/wp-includes/js/wp-emoji-release.min.js?ver=4.9.8 HTTP/1.1" 200 12026
79.116.133.146 - - [18/Jul/2023:13:44:55 -0500] "GET /portaldeninos/ HTTP/1.1" 200 110197
79.116.133.146 - - [18/Jul/2023:13:44:56 -0500] "GET /portaldeninos/wp-content/plugins/gallery-videos/CSS/Total-Soft-Gallery-Video-Widget.css?ver=4.9.8 HTTP/1.1" 200 51554
79.116.133.146 - - [18/Jul/2023:13:44:56 -0500] "GET /portaldeninos/wp-content/plugins/gallery-videos/CSS/totalsoft.css?ver=4.9.8 HTTP/1.1" 200 40622
79.116.133.146 - - [18/Jul/2023:13:44:56 -0500] "GET /portaldeninos/wp-content/themes/betheme/css/base.css?ver=20.9.6 HTTP/1.1" 200 57283
79.116.133.146 - - [18/Jul/2023:13:44:57 -0500] "GET /portaldeninos/wp-content/themes/betheme/assets/animations/animations.min.css?ver=20.9.6 HTTP/1.1" 200 58508
79.116.133.146 - - [18/Jul/2023:13:44:57 -0500] "GET /portaldeninos/wp-content/themes/betheme/assets/ui/jquery.ui.all.css?ver=20.9.6 HTTP/1.1" 200 18765
79.116.133.146 - - [18/Jul/2023:13:44:57 -0500] "GET /portaldeninos/wp-content/themes/betheme/assets/jplayer/css/jplayer.blue.monday.css?ver=20.9.6 HTTP/1.1" 200 9834
79.116.133.146 - - [18/Jul/2023:13:44:58 -0500] "GET /portaldeninos/wp-content/plugins/popup-maker/assets/css/site.min.css?ver=1.8.14 HTTP/1.1" 200 8260
79.116.133.146 - - [18/Jul/2023:13:44:57 -0500] "GET /portaldeninos/wp-content/themes/betheme/css/shortcodes.css?ver=20.9.6 HTTP/1.1" 200 138889
79.116.133.146 - - [18/Jul/2023:13:44:58 -0500] "GET /portaldeninos/wp-includes/js/jquery/jquery-migrate.min.js?ver=1.4.1 HTTP/1.1" 200 10056
79.116.133.146 - - [18/Jul/2023:13:44:58 -0500] "GET /portaldeninos/wp-includes/js/jquery/ui/core.min.js?ver=1.11.4 HTTP/1.1" 200 4000
79.116.133.146 - - [18/Jul/2023:13:44:58 -0500] "GET /portaldeninos/wp-content/plugins/gallery-videos/JS/modernizr.custom.js?ver=4.9.8 HTTP/1.1" 200 9019
201.245.192.253 - - [18/Jul/2023:13:44:58 -0500] "POST /sipse/faces/presentacion/financiero/modificacionContrato/cargarModifiacion.xhtml HTTP/1.1" 200 5524
79.116.133.146 - - [18/Jul/2023:13:44:56 -0500] "GET /portaldeninos/wp-content/themes/betheme/css/layout.css?ver=20.9.6 HTTP/1.1" 200 116639
79.116.133.146 - - [18/Jul/2023:13:44:58 -0500] "GET /portaldeninos/wp-content/themes/betheme/css/responsive.css?ver=20.9.6 HTTP/1.1" 200 55740
79.116.133.146 - - [18/Jul/2023:13:44:58 -0500] "GET /portaldeninos/wp-content/plugins/gallery-videos/JS/Total-Soft-Gallery-Video-Widget.js?ver=4.9.8 HTTP/1.1" 200 80264
79.116.133.146 - - [18/Jul/2023:13:44:58 -0500] "GET /portaldeninos/wp-includes/js/jquery/jquery.js?ver=1.12.4 HTTP/1.1" 200 97184
79.116.133.146 - - [18/Jul/2023:13:44:59 -0500] "GET /portaldeninos/wp-includes/js/jquery/ui/widget.min.js?ver=1.11.4 HTTP/1.1" 200 6908
172.22.2.4 - - [18/Jul/2023:13:44:59 -0500] "GET /BLA/boletinlegal/consulta_actos.php?tipo=autos&no=5519&usuario=&sector=&fecha=2018&resuelve= HTTP/1.1" 200 626
79.116.133.146 - - [18/Jul/2023:13:44:59 -0500] "GET /portaldeninos/wp-includes/js/jquery/ui/mouse.min.js?ver=1.11.4 HTTP/1.1" 200 3148
79.116.133.146 - - [18/Jul/2023:13:44:59 -0500] "GET /portaldeninos/wp-includes/js/jquery/ui/accordion.min.js?ver=1.11.4 HTTP/1.1" 200 8584
79.116.133.146 - - [18/Jul/2023:13:44:59 -0500] "GET /portaldeninos/wp-content/themes/betheme/js/menu.js?ver=20.9.6 HTTP/1.1" 200 2449
79.116.133.146 - - [18/Jul/2023:13:44:59 -0500] "GET /portaldeninos/wp-includes/js/jquery/ui/tabs.min.js?ver=1.11.4 HTTP/1.1" 200 12110
79.116.133.146 - - [18/Jul/2023:13:44:59 -0500] "GET /portaldeninos/wp-content/themes/betheme/assets/animations/animations.min.js?ver=20.9.6 HTTP/1.1" 200 1896
79.116.133.146 - - [18/Jul/2023:13:44:59 -0500] "GET /portaldeninos/wp-includes/js/jquery/ui/sortable.min.js?ver=1.11.4 HTTP/1.1" 200 24899
79.116.133.146 - - [18/Jul/2023:13:44:59 -0500] "GET /portaldeninos/wp-content/uploads/2021/06/titulo-cabezote-ni%C3%B1os.png HTTP/1.1" 200 64425
79.116.133.146 - - [18/Jul/2023:13:44:59 -0500] "GET /portaldeninos/wp-content/themes/betheme/fonts/mfn-icons.woff?93978679 HTTP/1.1" 200 80932
79.116.133.146 - - [18/Jul/2023:13:45:00 -0500] "GET /portaldeninos/wp-content/themes/betheme/js/scripts.js?ver=20.9.6 HTTP/1.1" 200 77162
79.116.133.146 - - [18/Jul/2023:13:45:00 -0500] "GET /portaldeninos/wp-content/themes/betheme/assets/jplayer/jplayer.min.js?ver=20.9.6 HTTP/1.1" 200 52702
79.116.133.146 - - [18/Jul/2023:13:45:00 -0500] "GET /portaldeninos/wp-includes/js/wp-embed.min.js?ver=4.9.8 HTTP/1.1" 200 1398
79.116.133.146 - - [18/Jul/2023:13:44:59 -0500] "GET /portaldeninos/wp-content/themes/betheme/js/plugins.js?ver=20.9.6 HTTP/1.1" 200 197151
79.116.133.146 - - [18/Jul/2023:13:45:00 -0500] "GET /portaldeninos/wp-content/plugins/popup-maker/assets/js/site.min.js?defer&ver=1.8.14 HTTP/1.1" 200 48457
79.116.133.146 - - [18/Jul/2023:13:45:00 -0500] "GET /portaldeninos/wp-content/uploads/2021/06/titulo-miambiente-ni%C3%B1os.png HTTP/1.1" 200 11944
79.116.133.146 - - [18/Jul/2023:13:45:00 -0500] "GET /portaldeninos/wp-includes/js/jquery/ui/position.min.js?ver=1.11.4 HTTP/1.1" 200 6527
79.116.133.146 - - [18/Jul/2023:13:45:00 -0500] "GET /portaldeninos/wp-content/uploads/2019/08/Logo-Ambientic.png HTTP/1.1" 200 22941
79.116.133.146 - - [18/Jul/2023:13:45:01 -0500] "GET /portaldeninos/wp-content/uploads/2021/06/titulo-videos-ni%C3%B1os.png HTTP/1.1" 200 10502
79.116.133.146 - - [18/Jul/2023:13:45:01 -0500] "GET /portaldeninos/wp-content/uploads/2020/01/Tierra-escenario.jpg HTTP/1.1" 200 181491
79.116.133.146 - - [18/Jul/2023:13:45:01 -0500] "GET /portaldeninos/wp-content/uploads/2021/06/titulo-humedales-ni%C3%B1os.png HTTP/1.1" 200 13361
79.116.133.146 - - [18/Jul/2023:13:45:00 -0500] "GET /portaldeninos/wp-content/uploads/2018/10/oso.jpg HTTP/1.1" 200 305180
79.116.133.146 - - [18/Jul/2023:13:45:01 -0500] "GET /portaldeninos/wp-content/uploads/2018/11/caneca.jpg HTTP/1.1" 200 262661
79.116.133.146 - - [18/Jul/2023:13:45:00 -0500] "GET /portaldeninos/wp-content/uploads/2020/01/Frailejon-escenario.jpg HTTP/1.1" 200 357472
79.116.133.146 - - [18/Jul/2023:13:45:02 -0500] "GET /portaldeninos/wp-content/uploads/2020/05/fb.jpg HTTP/1.1" 200 9893
79.116.133.146 - - [18/Jul/2023:13:45:02 -0500] "GET /portaldeninos/wp-content/uploads/2020/05/ig.jpg HTTP/1.1" 200 11470
79.116.133.146 - - [18/Jul/2023:13:45:01 -0500] "GET /portaldeninos/wp-content/uploads/2018/11/tigrillo.jpg HTTP/1.1" 200 402961
79.116.133.146 - - [18/Jul/2023:13:45:02 -0500] "GET /portaldeninos/wp-content/uploads/2020/06/tw.jpg HTTP/1.1" 200 11056
79.116.133.146 - - [18/Jul/2023:13:45:03 -0500] "GET /portaldeninos/wp-content/themes/betheme/images/stripes/stripes_3_b.png HTTP/1.1" 200 974
79.116.133.146 - - [18/Jul/2023:13:45:03 -0500] "GET /portaldeninos/wp-content/themes/betheme/images/box_shadow.png HTTP/1.1" 200 108
79.116.133.146 - - [18/Jul/2023:13:45:03 -0500] "GET /portaldeninos/wp-content/uploads/2020/06/yt.jpg HTTP/1.1" 200 10577
172.22.2.4 - - [18/Jul/2023:13:45:03 -0500] "GET /BLA/boletinlegal/consulta_actos.php?tipo=autos&no=5520&usuario=&sector=&fecha=2018&resuelve= HTTP/1.1" 200 626
79.116.133.146 - - [18/Jul/2023:13:45:02 -0500] "GET /portaldeninos/wp-content/uploads/2022/08/HUmedalConejera03-1.jpg HTTP/1.1" 200 227588
79.116.133.146 - - [18/Jul/2023:13:45:02 -0500] "GET /portaldeninos/wp-content/uploads/2022/08/Infograf%C3%ADa-humedales-actualizada.png HTTP/1.1" 200 14600
79.116.133.146 - - [18/Jul/2023:13:45:03 -0500] "GET /portaldeninos/wp-content/uploads/2022/01/Conoce-lo-que-hace-la-Secretar%C3%ADa-de-Ambiente.mp4 HTTP/1.1" 206 14570
79.116.133.146 - - [18/Jul/2023:13:45:03 -0500] "GET /portaldeninos/wp-content/uploads/2019/06/CabezoteAMBIENTIC.mp4 HTTP/1.1" 206 88294
172.22.2.4 - - [18/Jul/2023:13:45:03 -0500] "GET /BLA/boletinlegal/consulta_actos.php?tipo=autos&no=5520&usuario=&sector=&fecha=2018&resuelve= HTTP/1.1" 200 626
172.22.2.4 - - [18/Jul/2023:13:45:06 -0500] "GET /BLA/boletinlegal/consulta_actos.php?tipo=autos&no=5521&usuario=&sector=&fecha=2018&resuelve= HTTP/1.1" 200 626
79.116.133.146 - - [18/Jul/2023:13:45:05 -0500] "GET /portaldeninos/ HTTP/1.1" 200 110197
79.116.133.146 - - [18/Jul/2023:13:45:07 -0500] "GET /portaldeninos/wp-content/uploads/2022/08/HUmedalConejera03-1.jpg HTTP/1.1" 206 1
79.116.133.146 - - [18/Jul/2023:13:45:07 -0500] "GET /portaldeninos/wp-content/uploads/2022/08/Infograf%C3%ADa-humedales-actualizada.png HTTP/1.1" 206 1
79.116.133.146 - - [18/Jul/2023:13:45:07 -0500] "GET /portaldeninos/wp-content/uploads/2020/06/yt.jpg HTTP/1.1" 200 10577
172.22.2.4 - - [18/Jul/2023:13:45:09 -0500] "GET /BLA/boletinlegal/consulta_actos.php?tipo=autos&no=5522&usuario=&sector=&fecha=2018&resuelve= HTTP/1.1" 200 1039
79.116.133.146 - - [18/Jul/2023:13:45:07 -0500] "GET /portaldeninos/wp-content/uploads/2022/08/Infograf%C3%ADa-humedales-actualizada.png HTTP/1.1" 206 586907
201.245.192.253 - - [18/Jul/2023:13:45:13 -0500] "POST /sipse/faces/presentacion/financiero/modificacionContrato/cargarModifiacion.xhtml HTTP/1.1" 200 118986
201.245.192.253 - - [18/Jul/2023:13:45:13 -0500] "GET /sipse/faces/javax.faces.resource/theme.css?ln=primefaces-sipse HTTP/1.1" 304 -
201.245.192.253 - - [18/Jul/2023:13:45:13 -0500] "GET /sipse/faces/javax.faces.resource/primefaces.css?ln=primefaces&v=4.0 HTTP/1.1" 304 -
201.245.192.253 - - [18/Jul/2023:13:45:13 -0500] "GET /sipse/faces/javax.faces.resource/layout/layout.css?ln=primefaces&v=4.0 HTTP/1.1" 304 -
201.245.192.253 - - [18/Jul/2023:13:45:13 -0500] "GET /sipse/faces/javax.faces.resource/jquery/jquery.js?ln=primefaces&v=4.0 HTTP/1.1" 304 -
201.245.192.253 - - [18/Jul/2023:13:45:13 -0500] "GET /sipse/faces/javax.faces.resource/jquery/jquery-plugins.js?ln=primefaces&v=4.0 HTTP/1.1" 304 -
201.245.192.253 - - [18/Jul/2023:13:45:13 -0500] "GET /sipse/faces/javax.faces.resource/primefaces.js?ln=primefaces&v=4.0 HTTP/1.1" 304 -
201.245.192.253 - - [18/Jul/2023:13:45:13 -0500] "GET /sipse/faces/javax.faces.resource/layout/layout.js?ln=primefaces&v=4.0 HTTP/1.1" 304 -
201.245.192.253 - - [18/Jul/2023:13:45:17 -0500] "POST /sipse/faces/presentacion/financiero/solicitudProceso/consultarSolicitudProceso.xhtml HTTP/1.1" 200 63528
201.245.192.253 - - [18/Jul/2023:13:45:19 -0500] "GET /sipse/faces/javax.faces.resource/theme.css?ln=primefaces-sipse HTTP/1.1" 304 -
201.245.192.253 - - [18/Jul/2023:13:45:19 -0500] "GET /sipse/faces/javax.faces.resource/layout/layout.css?ln=primefaces&v=4.0 HTTP/1.1" 304 -
201.245.192.253 - - [18/Jul/2023:13:45:19 -0500] "GET /sipse/faces/javax.faces.resource/primefaces.css?ln=primefaces&v=4.0 HTTP/1.1" 304 -
201.245.192.253 - - [18/Jul/2023:13:45:19 -0500] "GET /sipse/faces/javax.faces.resource/jquery/jquery.js?ln=primefaces&v=4.0 HTTP/1.1" 304 -
201.245.192.253 - - [18/Jul/2023:13:45:19 -0500] "GET /sipse/faces/javax.faces.resource/jquery/jquery-plugins.js?ln=primefaces&v=4.0 HTTP/1.1" 304 -
201.245.192.253 - - [18/Jul/2023:13:45:19 -0500] "GET /sipse/faces/javax.faces.resource/primefaces.js?ln=primefaces&v=4.0 HTTP/1.1" 304 -
201.245.192.253 - - [18/Jul/2023:13:45:19 -0500] "GET /sipse/faces/javax.faces.resource/layout/layout.js?ln=primefaces&v=4.0 HTTP/1.1" 304 -
201.245.192.253 - - [18/Jul/2023:13:45:20 -0500] "POST /sipse/faces/presentacion/financiero/solicitudProceso/listarSolicitudProceso.xhtml HTTP/1.1" 200 1556
172.22.2.4 - - [18/Jul/2023:13:45:23 -0500] "GET /BLA/boletinlegal/consulta_actos.php?tipo=autos&no=5524&usuario=&sector=&fecha=2018&resuelve= HTTP/1.1" 200 626
179.51.109.109 - - [18/Jul/2023:13:45:26 -0500] "GET /calidad-del-aire-distrito-avanza-unido-por-un-nuevo-aire.html?utm_source=Meta_DIGI&utm_medium=CPMa&utm_campaign=Aire&utm_id=Julio_2023&fbclid=IwAR3q2nL0Ibxr0d5548kdQu5PZqfqnTYPj-1VoqqmnkC4TqQQAq7--WaFsaA_aem_AS0dVC9txNd3pq5rl_C-D9RsTgv2ZRw-KXbBGUwj3Hrs0_GX-8HMWDpLsUdCYChVm6WQncN5A_cGPPxrOhY-2hW4 HTTP/1.1" 200 783
172.22.2.4 - - [18/Jul/2023:13:45:26 -0500] "GET /BLA/boletinlegal/consulta_actos.php?tipo=autos&no=5525&usuario=&sector=&fecha=2018&resuelve= HTTP/1.1" 200 626
172.22.2.4 - - [18/Jul/2023:13:45:29 -0500] "GET /BLA/boletinlegal/Circulares/2013/Circular%20No.%206%20del%2019%20de%20julio%20de%202013.pdf HTTP/1.1" 200 4210437
216.245.221.92 - - [18/Jul/2023:13:45:38 -0500] "HEAD / HTTP/1.1" 200 -
191.109.183.104 - - [18/Jul/2023:13:45:45 -0500] "GET /calidad-del-aire-distrito-avanza-unido-por-un-nuevo-aire.html?utm_source=Meta_DIGI&utm_medium=CPMa&utm_campaign=Aire&utm_id=Julio_2023&gclid=EAIaIQobChMIlsKE6fSYgAMVRjHBCh0qYQzbEAEYASAAEgL_2PD_BwE HTTP/1.1" 200 783
79.116.133.146 - - [18/Jul/2023:13:45:07 -0500] "GET /portaldeninos/wp-content/uploads/2022/08/HUmedalConejera03-1.jpg HTTP/1.1" 206 12291979
201.245.192.253 - - [18/Jul/2023:13:45:52 -0500] "POST /kwsrmcab/Wsrmcab  HTTP/1.1" 200 42133
200.118.59.70 - - [18/Jul/2023:13:45:57 -0500] "POST /sipse/faces/presentacion/financiero/solicitudProceso/consultarSolicitudProceso.xhtml HTTP/1.1" 200 43831
200.118.59.70 - - [18/Jul/2023:13:45:57 -0500] "GET /sipse/faces/javax.faces.resource/theme.css?ln=primefaces-sipse HTTP/1.1" 304 -
200.118.59.70 - - [18/Jul/2023:13:45:57 -0500] "GET /sipse/faces/javax.faces.resource/layout/layout.css?ln=primefaces&v=4.0 HTTP/1.1" 304 -
200.118.59.70 - - [18/Jul/2023:13:45:57 -0500] "GET /sipse/faces/javax.faces.resource/jquery/jquery.js?ln=primefaces&v=4.0 HTTP/1.1" 304 -
200.118.59.70 - - [18/Jul/2023:13:45:57 -0500] "GET /sipse/faces/javax.faces.resource/primefaces.css?ln=primefaces&v=4.0 HTTP/1.1" 304 -
200.118.59.70 - - [18/Jul/2023:13:45:58 -0500] "GET /sipse/faces/javax.faces.resource/jquery/jquery-plugins.js?ln=primefaces&v=4.0 HTTP/1.1" 304 -
200.118.59.70 - - [18/Jul/2023:13:45:58 -0500] "GET /sipse/faces/javax.faces.resource/primefaces.js?ln=primefaces&v=4.0 HTTP/1.1" 304 -
200.118.59.70 - - [18/Jul/2023:13:45:58 -0500] "GET /sipse/faces/javax.faces.resource/layout/layout.js?ln=primefaces&v=4.0 HTTP/1.1" 304 -
200.118.59.70 - - [18/Jul/2023:13:45:58 -0500] "POST /sipse/faces/presentacion/financiero/solicitudProceso/consultar.xhtml HTTP/1.1" 200 37232
200.118.59.70 - - [18/Jul/2023:13:45:58 -0500] "POST /sipse/faces/presentacion/financiero/solicitudProceso/consultar.xhtml HTTP/1.1" 200 37232
200.118.59.70 - - [18/Jul/2023:13:45:59 -0500] "POST /sipse/faces/presentacion/financiero/solicitudProceso/consultar.xhtml HTTP/1.1" 200 37232
200.118.59.70 - - [18/Jul/2023:13:45:59 -0500] "POST /sipse/faces/presentacion/financiero/solicitudProceso/consultar.xhtml HTTP/1.1" 200 37232
200.118.59.70 - - [18/Jul/2023:13:46:00 -0500] "POST /sipse/faces/presentacion/financiero/solicitudProceso/consultar.xhtml HTTP/1.1" 200 37232
200.118.59.70 - - [18/Jul/2023:13:46:00 -0500] "POST /sipse/faces/presentacion/financiero/solicitudProceso/consultar.xhtml HTTP/1.1" 200 37232
200.118.59.70 - - [18/Jul/2023:13:46:01 -0500] "POST /sipse/faces/presentacion/financiero/solicitudProceso/consultar.xhtml HTTP/1.1" 200 37232
200.118.59.70 - - [18/Jul/2023:13:46:01 -0500] "POST /sipse/faces/presentacion/financiero/solicitudProceso/consultar.xhtml HTTP/1.1" 200 37232
200.118.59.70 - - [18/Jul/2023:13:46:02 -0500] "POST /sipse/faces/presentacion/financiero/solicitudProceso/consultar.xhtml HTTP/1.1" 200 37232
200.118.59.70 - - [18/Jul/2023:13:46:02 -0500] "POST /sipse/faces/presentacion/financiero/solicitudProceso/consultar.xhtml HTTP/1.1" 200 37232
200.118.59.70 - - [18/Jul/2023:13:46:02 -0500] "POST /sipse/faces/presentacion/financiero/solicitudProceso/consultar.xhtml HTTP/1.1" 200 37232
200.118.59.70 - - [18/Jul/2023:13:46:03 -0500] "POST /sipse/faces/presentacion/financiero/solicitudProceso/consultar.xhtml HTTP/1.1" 200 37232
200.118.59.70 - - [18/Jul/2023:13:46:03 -0500] "POST /sipse/faces/presentacion/financiero/solicitudProceso/consultar.xhtml HTTP/1.1" 200 37232
200.118.59.70 - - [18/Jul/2023:13:46:03 -0500] "POST /sipse/faces/presentacion/financiero/solicitudProceso/consultar.xhtml HTTP/1.1" 200 37232
200.118.59.70 - - [18/Jul/2023:13:46:04 -0500] "POST /sipse/faces/presentacion/financiero/solicitudProceso/consultar.xhtml HTTP/1.1" 200 37232
200.118.59.70 - - [18/Jul/2023:13:46:04 -0500] "POST /sipse/faces/presentacion/financiero/solicitudProceso/consultar.xhtml HTTP/1.1" 200 37232
200.118.59.70 - - [18/Jul/2023:13:46:04 -0500] "POST /sipse/faces/presentacion/financiero/solicitudProceso/consultar.xhtml HTTP/1.1" 200 37232
200.118.59.70 - - [18/Jul/2023:13:46:06 -0500] "POST /sipse/faces/presentacion/financiero/solicitudProceso/consultar.xhtml HTTP/1.1" 200 37232
200.118.59.70 - - [18/Jul/2023:13:46:06 -0500] "POST /sipse/faces/presentacion/financiero/solicitudProceso/consultar.xhtml HTTP/1.1" 200 37232
200.118.59.70 - - [18/Jul/2023:13:46:07 -0500] "POST /sipse/faces/presentacion/financiero/solicitudProceso/consultar.xhtml HTTP/1.1" 200 37232
200.118.59.70 - - [18/Jul/2023:13:46:07 -0500] "POST /sipse/faces/presentacion/financiero/solicitudProceso/consultar.xhtml HTTP/1.1" 200 37232
200.118.59.70 - - [18/Jul/2023:13:46:07 -0500] "POST /sipse/faces/presentacion/financiero/solicitudProceso/consultar.xhtml HTTP/1.1" 200 37232
201.245.192.253 - - [18/Jul/2023:13:46:09 -0500] "POST /sipse/faces/presentacion/financiero/solicitudProceso/consultar.xhtml HTTP/1.1" 200 12909
200.118.59.70 - - [18/Jul/2023:13:46:08 -0500] "POST /sipse/faces/presentacion/financiero/solicitudProceso/consultar.xhtml HTTP/1.1" 200 37232
200.118.59.70 - - [18/Jul/2023:13:46:09 -0500] "POST /sipse/faces/presentacion/financiero/solicitudProceso/consultar.xhtml HTTP/1.1" 200 37232
200.118.59.70 - - [18/Jul/2023:13:46:10 -0500] "POST /sipse/faces/presentacion/financiero/solicitudProceso/consultar.xhtml HTTP/1.1" 200 37232
200.118.59.70 - - [18/Jul/2023:13:46:10 -0500] "POST /sipse/faces/presentacion/financiero/solicitudProceso/consultar.xhtml HTTP/1.1" 200 37232
200.118.59.70 - - [18/Jul/2023:13:46:11 -0500] "POST /sipse/faces/presentacion/financiero/solicitudProceso/consultar.xhtml HTTP/1.1" 200 37232
201.245.192.253 - - [18/Jul/2023:13:46:10 -0500] "POST /sipse/faces/presentacion/financiero/solicitudProceso/consultar.xhtml HTTP/1.1" 200 161399
201.245.192.253 - - [18/Jul/2023:13:46:11 -0500] "GET /sipse/js/funciones.js HTTP/1.1" 200 12592
201.245.192.253 - - [18/Jul/2023:13:46:11 -0500] "GET /sipse/faces/javax.faces.resource/jquery/jquery.js?ln=primefaces&v=4.0 HTTP/1.1" 304 -
201.245.192.253 - - [18/Jul/2023:13:46:11 -0500] "GET /sipse/faces/javax.faces.resource/jquery/jquery-plugins.js?ln=primefaces&v=4.0 HTTP/1.1" 304 -
201.245.192.253 - - [18/Jul/2023:13:46:11 -0500] "GET /sipse/faces/javax.faces.resource/primefaces.js?ln=primefaces&v=4.0 HTTP/1.1" 304 -
200.118.59.70 - - [18/Jul/2023:13:46:11 -0500] "POST /sipse/faces/presentacion/financiero/solicitudProceso/consultar.xhtml HTTP/1.1" 200 37232
201.245.192.253 - - [18/Jul/2023:13:46:11 -0500] "GET /sipse/faces/javax.faces.resource/layout/layout.js?ln=primefaces&v=4.0 HTTP/1.1" 304 -
200.118.59.70 - - [18/Jul/2023:13:46:11 -0500] "POST /sipse/faces/presentacion/financiero/solicitudProceso/consultar.xhtml HTTP/1.1" 200 37232
200.118.59.70 - - [18/Jul/2023:13:46:12 -0500] "POST /sipse/faces/presentacion/financiero/solicitudProceso/consultar.xhtml HTTP/1.1" 200 37232
200.118.59.70 - - [18/Jul/2023:13:46:13 -0500] "POST /sipse/faces/presentacion/financiero/solicitudProceso/consultar.xhtml HTTP/1.1" 200 37232
200.118.59.70 - - [18/Jul/2023:13:46:13 -0500] "POST /sipse/faces/presentacion/financiero/solicitudProceso/consultar.xhtml HTTP/1.1" 200 37232
172.22.2.4 - - [18/Jul/2023:13:46:15 -0500] "GET /BLA/boletinlegal/consulta_actos.php?tipo=autos&no=5526&usuario=&sector=&fecha=2018&resuelve= HTTP/1.1" 200 626
201.245.192.253 - - [18/Jul/2023:13:46:15 -0500] "POST /sipse/faces/presentacion/financiero/solicitudProceso/consultarSolicitudProceso.xhtml HTTP/1.1" 200 1121798
172.22.2.4 - - [18/Jul/2023:13:46:19 -0500] "GET /BLA/boletinlegal/consulta_actos.php?tipo=autos&no=5527&usuario=&sector=&fecha=2018&resuelve= HTTP/1.1" 200 626
200.118.59.70 - - [18/Jul/2023:13:46:20 -0500] "POST /sipse/faces/presentacion/financiero/solicitudProceso/consultar.xhtml HTTP/1.1" 200 12859
172.22.2.4 - - [18/Jul/2023:13:46:22 -0500] "GET /BLA/boletinlegal/consulta_actos.php?tipo=autos&no=5528&usuario=&sector=&fecha=2018&resuelve= HTTP/1.1" 200 1046
172.22.2.4 - - [18/Jul/2023:13:46:25 -0500] "GET /BLA/boletinlegal/consulta_actos.php?tipo=autos&no=5529&usuario=&sector=&fecha=2018&resuelve= HTTP/1.1" 200 1030
172.22.2.4 - - [18/Jul/2023:13:46:28 -0500] "GET /BLA/boletinlegal/Circulares/2019/Circular%20No.%200005%20del%2020%20de%20Marzo%20de%202019.pdf HTTP/1.1" 200 159877
200.118.59.70 - - [18/Jul/2023:13:46:36 -0500] "POST /sipse/faces/presentacion/financiero/solicitudProceso/consultar.xhtml HTTP/1.1" 200 159625
200.118.59.70 - - [18/Jul/2023:13:46:38 -0500] "GET /sipse/faces/javax.faces.resource/theme.css?ln=primefaces-sipse HTTP/1.1" 304 -
200.118.59.70 - - [18/Jul/2023:13:46:38 -0500] "GET /sipse/faces/javax.faces.resource/primefaces.css?ln=primefaces&v=4.0 HTTP/1.1" 304 -
200.118.59.70 - - [18/Jul/2023:13:46:38 -0500] "GET /sipse/faces/javax.faces.resource/jquery/jquery.js?ln=primefaces&v=4.0 HTTP/1.1" 304 -
200.118.59.70 - - [18/Jul/2023:13:46:38 -0500] "GET /sipse/faces/javax.faces.resource/layout/layout.css?ln=primefaces&v=4.0 HTTP/1.1" 304 -
200.118.59.70 - - [18/Jul/2023:13:46:38 -0500] "GET /sipse/faces/javax.faces.resource/jquery/jquery-plugins.js?ln=primefaces&v=4.0 HTTP/1.1" 304 -
200.118.59.70 - - [18/Jul/2023:13:46:38 -0500] "GET /sipse/faces/javax.faces.resource/primefaces.js?ln=primefaces&v=4.0 HTTP/1.1" 304 -
200.118.59.70 - - [18/Jul/2023:13:46:38 -0500] "GET /sipse/faces/javax.faces.resource/layout/layout.js?ln=primefaces&v=4.0 HTTP/1.1" 304 -
172.22.2.4 - - [18/Jul/2023:13:46:41 -0500] "GET /BLA/boletinlegal/consulta_actos.php?tipo=autos&no=5530&usuario=&sector=&fecha=2018&resuelve= HTTP/1.1" 200 1030
200.118.59.70 - - [18/Jul/2023:13:46:46 -0500] "POST /sipse/faces/presentacion/financiero/solicitudProceso/consultarSolicitudProceso.xhtml HTTP/1.1" 200 100642
172.22.2.4 - - [18/Jul/2023:13:46:50 -0500] "GET /BLA/boletinlegal/consulta_actos.php?tipo=autos&no=5531&usuario=&sector=&fecha=2018&resuelve= HTTP/1.1" 200 626
172.22.2.4 - - [18/Jul/2023:13:46:53 -0500] "GET /BLA/boletinlegal/consulta_actos.php?tipo=autos&no=5532&usuario=&sector=&fecha=2018&resuelve= HTTP/1.1" 200 626
172.22.2.4 - - [18/Jul/2023:13:46:58 -0500] "GET /BLA/boletinlegal/consulta_actos.php?tipo=autos&no=5534&usuario=&sector=&fecha=2018&resuelve= HTTP/1.1" 200 1151
173.252.95.118 - - [18/Jul/2023:13:47:01 -0500] "GET /images/cr\xc3\xb3nica-29-nov-1_optimized.jpeg HTTP/1.1" 404 1034
172.22.2.4 - - [18/Jul/2023:13:45:22 -0500] "HEAD /BLA/boletinlegal/ HTTP/1.1" 200 -
54.84.28.84 - - [18/Jul/2023:13:47:15 -0500] "GET /images/Caminatas-ecologicas-julio.jpg HTTP/1.1" 200 480557
201.245.192.253 - - [18/Jul/2023:13:47:16 -0500] "POST /sipse/faces/presentacion/financiero/solicitudProceso/listarSolicitudProceso.xhtml HTTP/1.1" 200 114484
201.245.192.253 - - [18/Jul/2023:13:47:17 -0500] "GET /sipse/faces/javax.faces.resource/theme.css?ln=primefaces-sipse HTTP/1.1" 304 -
201.245.192.253 - - [18/Jul/2023:13:47:17 -0500] "GET /sipse/faces/javax.faces.resource/primefaces.css?ln=primefaces&v=4.0 HTTP/1.1" 304 -
201.245.192.253 - - [18/Jul/2023:13:47:17 -0500] "GET /sipse/faces/javax.faces.resource/layout/layout.css?ln=primefaces&v=4.0 HTTP/1.1" 304 -
201.245.192.253 - - [18/Jul/2023:13:47:17 -0500] "GET /sipse/faces/javax.faces.resource/jquery/jquery.js?ln=primefaces&v=4.0 HTTP/1.1" 304 -
201.245.192.253 - - [18/Jul/2023:13:47:17 -0500] "GET /sipse/faces/javax.faces.resource/jquery/jquery-plugins.js?ln=primefaces&v=4.0 HTTP/1.1" 304 -
201.245.192.253 - - [18/Jul/2023:13:47:17 -0500] "GET /sipse/faces/javax.faces.resource/primefaces.js?ln=primefaces&v=4.0 HTTP/1.1" 304 -
201.245.192.253 - - [18/Jul/2023:13:47:17 -0500] "GET /sipse/faces/javax.faces.resource/layout/layout.js?ln=primefaces&v=4.0 HTTP/1.1" 304 -
172.22.2.4 - - [18/Jul/2023:13:47:18 -0500] "GET /BLA/boletinlegal/Circulares/2021/CIRCULAR%20No.%2000006%20DEL%2005%20DE%20AGOSTO%20DEL%202021.pdf HTTP/1.1" 200 249615
172.22.2.4 - - [18/Jul/2023:13:47:19 -0500] "GET /BLA/boletinlegal/consulta_actos.php?tipo=autos&no=5535&usuario=&sector=&fecha=2018&resuelve= HTTP/1.1" 200 2184
201.245.192.253 - - [18/Jul/2023:13:47:21 -0500] "POST /sipse/faces/presentacion/financiero/solicitudProceso/consultarSolicitudProceso.xhtml HTTP/1.1" 200 23919
201.245.192.253 - - [18/Jul/2023:13:47:21 -0500] "GET /sipse/faces/javax.faces.resource/theme.css?ln=primefaces-sipse HTTP/1.1" 304 -
201.245.192.253 - - [18/Jul/2023:13:47:21 -0500] "GET /sipse/faces/javax.faces.resource/layout/layout.css?ln=primefaces&v=4.0 HTTP/1.1" 304 -
201.245.192.253 - - [18/Jul/2023:13:47:21 -0500] "GET /sipse/faces/javax.faces.resource/primefaces.css?ln=primefaces&v=4.0 HTTP/1.1" 304 -
201.245.192.253 - - [18/Jul/2023:13:47:21 -0500] "GET /sipse/faces/javax.faces.resource/jquery/jquery.js?ln=primefaces&v=4.0 HTTP/1.1" 304 -
201.245.192.253 - - [18/Jul/2023:13:47:21 -0500] "GET /sipse/faces/javax.faces.resource/jquery/jquery-plugins.js?ln=primefaces&v=4.0 HTTP/1.1" 304 -
201.245.192.253 - - [18/Jul/2023:13:47:21 -0500] "GET /sipse/faces/javax.faces.resource/primefaces.js?ln=primefaces&v=4.0 HTTP/1.1" 304 -
201.245.192.253 - - [18/Jul/2023:13:47:21 -0500] "GET /sipse/faces/javax.faces.resource/layout/layout.js?ln=primefaces&v=4.0 HTTP/1.1" 304 -
201.245.192.253 - - [18/Jul/2023:13:47:23 -0500] "POST /sipse/faces/presentacion/financiero/solicitudProceso/asignarCargueContrato.xhtml HTTP/1.1" 200 63472
201.245.192.253 - - [18/Jul/2023:13:47:25 -0500] "GET /sipse/faces/javax.faces.resource/theme.css?ln=primefaces-sipse HTTP/1.1" 304 -
201.245.192.253 - - [18/Jul/2023:13:47:25 -0500] "GET /sipse/faces/javax.faces.resource/primefaces.css?ln=primefaces&v=4.0 HTTP/1.1" 304 -
201.245.192.253 - - [18/Jul/2023:13:47:25 -0500] "GET /sipse/faces/javax.faces.resource/layout/layout.css?ln=primefaces&v=4.0 HTTP/1.1" 304 -
201.245.192.253 - - [18/Jul/2023:13:47:25 -0500] "GET /sipse/faces/javax.faces.resource/jquery/jquery.js?ln=primefaces&v=4.0 HTTP/1.1" 304 -
201.245.192.253 - - [18/Jul/2023:13:47:25 -0500] "GET /sipse/faces/javax.faces.resource/jquery/jquery-plugins.js?ln=primefaces&v=4.0 HTTP/1.1" 304 -
201.245.192.253 - - [18/Jul/2023:13:47:25 -0500] "GET /sipse/faces/javax.faces.resource/primefaces.js?ln=primefaces&v=4.0 HTTP/1.1" 304 -
201.245.192.253 - - [18/Jul/2023:13:47:25 -0500] "GET /sipse/faces/javax.faces.resource/layout/layout.js?ln=primefaces&v=4.0 HTTP/1.1" 304 -
201.245.192.253 - - [18/Jul/2023:13:47:25 -0500] "POST /sipse/faces/presentacion/financiero/solicitudProceso/listarSolicitudProceso.xhtml HTTP/1.1" 200 1556
172.22.2.4 - - [18/Jul/2023:13:47:27 -0500] "GET /BLA/boletinlegal/consulta_actos.php?tipo=autos&no=5536&usuario=&sector=&fecha=2018&resuelve= HTTP/1.1" 200 626
201.245.192.253 - - [18/Jul/2023:13:47:27 -0500] "POST /sipse/faces/presentacion/financiero/solicitudProceso/listarSolicitudProceso.xhtml HTTP/1.1" 200 13981
172.22.2.4 - - [18/Jul/2023:13:47:30 -0500] "GET /BLA/boletinlegal/consulta_actos.php?tipo=autos&no=5537&usuario=&sector=&fecha=2018&resuelve= HTTP/1.1" 200 626
201.245.192.253 - - [18/Jul/2023:13:47:30 -0500] "POST /sipse/faces/presentacion/financiero/solicitudProceso/listarSolicitudProceso.xhtml HTTP/1.1" 200 114371
201.245.192.253 - - [18/Jul/2023:13:47:31 -0500] "GET /sipse/faces/javax.faces.resource/theme.css?ln=primefaces-sipse HTTP/1.1" 304 -
201.245.192.253 - - [18/Jul/2023:13:47:31 -0500] "GET /sipse/faces/javax.faces.resource/primefaces.css?ln=primefaces&v=4.0 HTTP/1.1" 304 -
201.245.192.253 - - [18/Jul/2023:13:47:31 -0500] "GET /sipse/faces/javax.faces.resource/layout/layout.css?ln=primefaces&v=4.0 HTTP/1.1" 304 -
201.245.192.253 - - [18/Jul/2023:13:47:31 -0500] "GET /sipse/faces/javax.faces.resource/jquery/jquery.js?ln=primefaces&v=4.0 HTTP/1.1" 304 -
201.245.192.253 - - [18/Jul/2023:13:47:31 -0500] "GET /sipse/faces/javax.faces.resource/jquery/jquery-plugins.js?ln=primefaces&v=4.0 HTTP/1.1" 304 -
201.245.192.253 - - [18/Jul/2023:13:47:31 -0500] "GET /sipse/faces/javax.faces.resource/primefaces.js?ln=primefaces&v=4.0 HTTP/1.1" 304 -
201.245.192.253 - - [18/Jul/2023:13:47:31 -0500] "GET /sipse/faces/javax.faces.resource/layout/layout.js?ln=primefaces&v=4.0 HTTP/1.1" 304 -
172.22.2.4 - - [18/Jul/2023:13:47:32 -0500] "GET /BLA/boletinlegal/consulta_actos.php?tipo=autos&no=5538&usuario=&sector=&fecha=2018&resuelve= HTTP/1.1" 200 626
186.102.26.6 - - [18/Jul/2023:13:47:33 -0500] "GET /calidad-del-aire-distrito-avanza-unido-por-un-nuevo-aire.html?utm_source=Meta_DIGI&utm_medium=CPMa&utm_campaign=Aire&utm_id=Julio_2023&gclid=EAIaIQobChMIoP_mrPWYgAMVBuRiCh3AbgiREAEYASAAEgKOBfD_BwE HTTP/1.1" 200 783
201.245.192.253 - - [18/Jul/2023:13:47:34 -0500] "POST /sipse/faces/presentacion/financiero/solicitudProceso/consultarSolicitudProceso.xhtml HTTP/1.1" 200 326860
172.22.2.4 - - [18/Jul/2023:13:47:35 -0500] "GET /BLA/boletinlegal/consulta_actos.php?tipo=autos&no=5539&usuario=&sector=&fecha=2018&resuelve= HTTP/1.1" 200 1026
201.245.192.253 - - [18/Jul/2023:13:47:36 -0500] "POST /sipse/faces/presentacion/financiero/solicitudProceso/consultarSolicitudProceso.xhtml HTTP/1.1" 200 554431
52.167.144.140 - - [18/Jul/2023:13:47:38 -0500] "GET /forest/ HTTP/1.1" 200 12041
201.245.192.253 - - [18/Jul/2023:13:47:40 -0500] "POST /sipse/faces/presentacion/financiero/solicitudProceso/consultarSolicitudProceso.xhtml HTTP/1.1" 200 3979133
201.245.192.253 - - [18/Jul/2023:13:47:43 -0500] "POST /sipse/faces/presentacion/financiero/solicitudProceso/consultarSolicitudProceso.xhtml HTTP/1.1" 200 42117
201.245.192.253 - - [18/Jul/2023:13:47:44 -0500] "GET /sipse/js/funciones.js HTTP/1.1" 200 12592
201.245.192.253 - - [18/Jul/2023:13:47:44 -0500] "GET /sipse/faces/javax.faces.resource/jquery/jquery.js?ln=primefaces&v=4.0 HTTP/1.1" 304 -
201.245.192.253 - - [18/Jul/2023:13:47:44 -0500] "GET /sipse/faces/javax.faces.resource/jquery/jquery-plugins.js?ln=primefaces&v=4.0 HTTP/1.1" 304 -
201.245.192.253 - - [18/Jul/2023:13:47:44 -0500] "GET /sipse/faces/javax.faces.resource/primefaces.js?ln=primefaces&v=4.0 HTTP/1.1" 304 -
201.245.192.253 - - [18/Jul/2023:13:47:44 -0500] "GET /sipse/faces/javax.faces.resource/layout/layout.js?ln=primefaces&v=4.0 HTTP/1.1" 304 -
201.245.192.253 - - [18/Jul/2023:13:47:44 -0500] "POST /sipse/faces/presentacion/financiero/solicitudProceso/consultar.xhtml HTTP/1.1" 200 35521
201.245.192.253 - - [18/Jul/2023:13:47:44 -0500] "POST /sipse/faces/presentacion/financiero/solicitudProceso/consultar.xhtml HTTP/1.1" 200 35521
201.245.192.253 - - [18/Jul/2023:13:47:45 -0500] "POST /sipse/faces/presentacion/financiero/solicitudProceso/consultar.xhtml HTTP/1.1" 200 23085
201.245.192.253 - - [18/Jul/2023:13:47:45 -0500] "POST /sipse/faces/presentacion/financiero/solicitudProceso/consultarSolicitudProceso.xhtml HTTP/1.1" 200 5042077
201.245.192.253 - - [18/Jul/2023:13:47:48 -0500] "POST /sipse/faces/presentacion/financiero/solicitudProceso/consultar.xhtml HTTP/1.1" 200 12755
172.22.2.4 - - [18/Jul/2023:13:47:49 -0500] "GET /BLA/boletinlegal/consulta_actos.php?tipo=autos&no=5540&usuario=&sector=&fecha=2018&resuelve= HTTP/1.1" 200 626
201.245.192.253 - - [18/Jul/2023:13:47:50 -0500] "POST /sipse/faces/presentacion/financiero/solicitudProceso/consultar.xhtml HTTP/1.1" 200 155954
201.245.192.253 - - [18/Jul/2023:13:47:51 -0500] "GET /sipse/js/jquery.min.js HTTP/1.1" 200 85582
201.245.192.253 - - [18/Jul/2023:13:47:51 -0500] "GET /sipse/js/funciones.js HTTP/1.1" 200 12592
201.245.192.253 - - [18/Jul/2023:13:47:51 -0500] "GET /sipse/faces/javax.faces.resource/jquery/jquery.js?ln=primefaces&v=4.0 HTTP/1.1" 304 -
201.245.192.253 - - [18/Jul/2023:13:47:51 -0500] "GET /sipse/faces/javax.faces.resource/jquery/jquery-plugins.js?ln=primefaces&v=4.0 HTTP/1.1" 304 -
201.245.192.253 - - [18/Jul/2023:13:47:51 -0500] "GET /sipse/faces/javax.faces.resource/primefaces.js?ln=primefaces&v=4.0 HTTP/1.1" 304 -
201.245.192.253 - - [18/Jul/2023:13:47:51 -0500] "POST /sipse/faces/presentacion/financiero/solicitudProceso/consultarSolicitudProceso.xhtml HTTP/1.1" 200 40750
201.245.192.253 - - [18/Jul/2023:13:47:51 -0500] "GET /sipse/faces/javax.faces.resource/theme.css?ln=primefaces-sipse HTTP/1.1" 304 -
201.245.192.253 - - [18/Jul/2023:13:47:51 -0500] "GET /sipse/faces/javax.faces.resource/layout/layout.css?ln=primefaces&v=4.0 HTTP/1.1" 304 -
201.245.192.253 - - [18/Jul/2023:13:47:51 -0500] "GET /sipse/faces/javax.faces.resource/primefaces.css?ln=primefaces&v=4.0 HTTP/1.1" 304 -
201.245.192.253 - - [18/Jul/2023:13:47:51 -0500] "GET /sipse/faces/javax.faces.resource/jquery/jquery.js?ln=primefaces&v=4.0 HTTP/1.1" 304 -
201.245.192.253 - - [18/Jul/2023:13:47:51 -0500] "GET /sipse/faces/javax.faces.resource/jquery/jquery-plugins.js?ln=primefaces&v=4.0 HTTP/1.1" 304 -
201.245.192.253 - - [18/Jul/2023:13:47:51 -0500] "GET /sipse/faces/javax.faces.resource/layout/layout.js?ln=primefaces&v=4.0 HTTP/1.1" 304 -
201.245.192.253 - - [18/Jul/2023:13:47:51 -0500] "GET /sipse/faces/javax.faces.resource/primefaces.js?ln=primefaces&v=4.0 HTTP/1.1" 304 -
201.245.192.253 - - [18/Jul/2023:13:47:51 -0500] "GET /sipse/faces/javax.faces.resource/layout/layout.js?ln=primefaces&v=4.0 HTTP/1.1" 304 -
172.22.2.4 - - [18/Jul/2023:13:46:12 -0500] "GET /BLA/boletinlegal/ HTTP/1.1" 200 57680
172.22.2.4 - - [18/Jul/2023:13:47:54 -0500] "GET /BLA/boletinlegal/consulta_actos.php?tipo=autos&no=5541&usuario=&sector=&fecha=2018&resuelve= HTTP/1.1" 200 626
201.245.192.253 - - [18/Jul/2023:13:47:54 -0500] "POST /sipse/faces/presentacion/financiero/solicitudProceso/consultarSolicitudProceso.xhtml HTTP/1.1" 200 304544
