186.102.4.44 - - [19/Jul/2023:10:08:04 -0500] "GET /kwssiamovil/sm/acme/a?s=U2FsdGVkX18YVJ7927M+emn0X+C8OJfBUF1ItPEYF0t2KzaReHMBHNXE2vWz5aT3+NCuigPFTvrYF/Mk5uOpA8HWyD+2atFjOxqWyxvTdlStNUiAf9yoNKkVJ/aI/oY5Lsye2rDIk/3cbIv2hELGDfyozDAPW97bSl3dNVzxbEF2gPTEnE6RSJF0T2/XS+RuIejkyce2W/2SNKDY4tmrzU89+inXHFpf2s/tvKfASIyAyKLNWtFDjLXOOnREZA48sfKrhU54MpQ2cTWYp0JxhurRXFRpOKegpndmfdLzcjsLx+ZXYx3D+4jIPV19iqkXona8DzJ+vczUWIDfy94P6BLvpZFXZuWY79Cl5BaTF/Txq/yIQkgIMP8E5pPbKqbXgYJt+8RtY2lZskKaM73qNJtLtygB8bDguO8iosi8SCbI6xRjSOjmGLWYaYod5GxcU5DfRjxd6itJLBI5F8E7DxoT3Vz4e+LuItkHQiqNEd0JJnaiFmpJpIPY2fMZtAl0z8Abkz7PWXWZ+OjtBeGsN2mClGXuzT3XSjg7aMm/VXPgonYhTwD4XYbFD/ONXwNuMUXe795prSpyMC/IOUU90mceZ7f4lAEyRwRKB2pFpedooxusj2MEfxv6Wfz6tkQxVlR7B7qjREvzMKk4lsklc3Asa/lvu1cy2TYl0ba/PTaGPOKEpFq8ICG7fuIDtKvjF/bsMg8ZdnijoTW485s7b36vVtP5cuOV31g4P/S7Fb8eQnxa3hlxLDarNqng3ssRZdDYc4efuFlNN8cDFsDR6/91Yo7TWkKGw+oDCaiODJSYZEGwHdd0oqkzdo7EkUCR4NbaY/QtbgMKrjScLGRgHcwBzqWIZjPC4EaJlc+csS/ABBSRhq4VhdWGJvapPfvdhGf1NCBK4h2uOX2NIjB9j2aF3P+h7rOQ39xodhqzTF6pIroXhagcB14fCBjhTgHZnyZYUgMcG3ZBKtUUT1brj+UbwvwujHzM6FVHDGEQ2kA0lKcjpc7+WB04chfy+m0CFZh2nRseytJF0Y5U72MLJ3D/F1S60uyMrbK2pvTsI2aoYYq4R0nJ4lIcXN5ykvCOvC+AysyFVnEc+xjH3/HZg3ACzBRW++g2tdN/LI5cJXBm+HaGT1FUQAmjigEbva7GLWYUjAQtbOGjnbjO7Hv9NQ5Qc71jy4PHDX9aisWzAC2qS9aJXy+q1dfl+ckW3PEy/c1FfuTk1ncFpN4xe/Bth/nj9nVrCt13wRLoLSnAc+U49kM+a2gP+R1N3ob8D2acdopK+rl3HWC5OK0lPEpsWswKv6UQBIk0kuOQegtsPdLICpYbeYpsIc56kJ2HnL5sL2HbzwmDy33ZNaHl3DXAxTC2Wv3Y1jkgI/3KeuQqayfo7i9iW++6wPiYV88QAM8TjHBy3Mdw8KJ25WqOsz11MTCZmqe9Nu7B0GwRAIsQdxOTxQveOl3J4TfCNVZk981Z/hMilQUj5T3DvZSv1YJUaRhZf6VA30w49pM3Tw0p2tIDLOk56i6fSJ/UIZNtgWLVxf6/TwJIFaYiuWiLv3K308fP2g8IRxpfeTbyN2I63SYDaU5CsyqSNPH+oqoma/ab5rgnBwbwDeaeATI3aIVrpKJhOD6KB3dXTcphTP0yTdRFLkb70gdJPOA1ewAl/XIlK3W7/C3vAByEYncrWPSB/SsXBk3PXyz6BCYe3bLPGFIRYEWlIojLRabdGV7f1eC1vpMGLtP9KF4ajOjidrUkgzj0UUGSQPtPpiR/9VBhlYG7xMDxdJfnLqbUFLwkm/W6IIcwKurL52yFA17wnynYhr7MgqOgq/uKzEbLAs0uHp2FMWY7R7R2KAjLZg6CB5Wf2fZHs318HZXmjNN6m/8wI5CuU9O77pu/AmBpdcg8tlixjSlr/TTbsYig8bRg6/8//byFtIk18TGxsq29b84ZopjzRG1QTn/Gu+w1czjdG702Z5ifwWFOQQQYXcq/K1Wy3PWTFKrLgzWjfCsT+bl4DKo+Y7uoIVZPsgu8nLX/ghVddTGH9qj5VsmhcW/WIEt1Anul99pGBMVp34J3SJEKOHYhqAHTcN9n4K2du6XriJ/pjCc5fZqWdZONQ3zzzvzLzt1pmkJ/j/0Schc0GxXnc30MODw2E3SQbQ49gEdh23ilq6DkZnEHso7I7c02kFUChdID72nwy6mIxxR0X0USnAdtAwtRFDXf7/lkmNuS3vTNbomNbijCAfAP0mEqw7RBonxuCzi6t2s3ahbWVDnmdOsV4CAe+R2R3lPffVwhw9n4dUoEs26XRSgNydAABUZjaKgektHq6Z5eVxz0mqyn/KG6CdtsGMSAEost4RiTjxAKx8+Rs1CBaP7RotA4Inisj4a0EciAhZ4EylMMmpLxihrnbsfh1uvox2x957EvbCr9Vspi+fP7QOoLVBGLBzhhsyhpR70uWzzarlObsQ7D1iSP2iuM/0aglRvJKt1Ui8VaVVvpLBAKW6CVP9UoMoLAtL2PTlY3vooUGYE/A3UGTLxsEZ87jEuc8Z9jBmtns9lBrAAH0oOSjjZZb/nNm90g4M2pdvEpNADOQAe4vNSnqyE/fOCcg80sOVlSL9hiC/60eRXiKEJn2qGJlrrgWMaE6qRyP2F6iO+DU4moRw+Qh6VtHEvLp84vHpAWVvEwOOvgFPfvJF9Dy1xAWvqd4xZi8ORqIJ+NSH6ZWchX/UJAiisvX9UjrfZaR2ZyXlPYMfdSzK9DNWfJYXoylycpe8FQ90xhMSUx/Cxc3Vk4RO532fLylyKIrwERpWOxKe/QGl5b3QHkwSDzA/bOnOsbfcf4XRoDbJX838fmgLf3+Y4PejkN7xNpEzyg2uKUATuV8xe0X2kV/usJtUBwznmx2nhxImy6mPB/JBBtiLRi0vzwSqp03d/bZwbaQInvyx24/WG5MdbPJl7nM/P36xVohBQs3cV+MnDPc471ni3P5TZHtUUkGOjW5ly3f/JmX/14khgFaHV+wSu4vh9iWG/zeOl4YB73kE7nC9xEiFIMQXOJUFotVs35ozBCQG3QCEYM5/5ZIbblnMVz3z+pDik/l5dCasFmz0xuVTYs//CZQGuaFVAAmpb/fUYReRApapYWHNg=&u=U2FsdGVkX1/4fNCYpOl+GqzuBXOljno9Ub4uJUP6jiU=&y=U2FsdGVkX1+KRWxSebt6yN4uIXpZszn9HMtfBX0EDfY= HTTP/1.1" 200 24
201.245.192.253 - - [19/Jul/2023:10:08:03 -0500] "POST /sipse/faces/presentacion/sistema/reporte/listarReportes.xhtml HTTP/1.1" 200 28383
186.102.4.44 - - [19/Jul/2023:10:08:04 -0500] "GET /kwssiamovil/sm/acme/a?s=U2FsdGVkX184Zs+cTYUdzPSs1NzUPK7svBtBoJCANvr7Wal/PnAWT4srK6031uB0vC+2CGA7hvQTm1AUwSiajV0QBlovmUFYByJlCKFs5AJXneosOjhYziKmYl0QKZJAHWn7b1w2p6kdw8pqAW/fpXSmqcep/hQ1YJUOKjA0K70=&u=U2FsdGVkX1/4fNCYpOl+GqzuBXOljno9Ub4uJUP6jiU=&y=U2FsdGVkX1+KRWxSebt6yN4uIXpZszn9HMtfBX0EDfY= HTTP/1.1" 200 26
201.245.192.253 - - [19/Jul/2023:10:08:04 -0500] "POST /sipse/faces/presentacion/sistema/reporte/listarReportes.xhtml HTTP/1.1" 200 28383
186.102.4.44 - - [19/Jul/2023:10:08:04 -0500] "GET /kwssiamovil/sm/acme/a?s=U2FsdGVkX1+rd/V8L/LSPRALsvWATxBPpmykUqFqRPDGCr6CX0cxH3O4YftfEa8Kf90+iSQNBSZOsFhj6J3l7Q1EvH5gCVTz6+xYJomnXE4onPEIqMvsc4IWw+bxMdd0L50jkopkKHTosAQqDqVr7R2qdY7jrts9YGOcXpexmMA=&u=U2FsdGVkX1/4fNCYpOl+GqzuBXOljno9Ub4uJUP6jiU=&y=U2FsdGVkX1+KRWxSebt6yN4uIXpZszn9HMtfBX0EDfY= HTTP/1.1" 200 24
186.102.4.44 - - [19/Jul/2023:10:08:05 -0500] "GET /kwssiamovil/sm/acme/a?s=U2FsdGVkX1+Bz6kIlNF95wDSLRdtLtqDsr36BPDHbH6A9cNHAq55jn8W32g1ycqkziXoFXR5jFRcG5m9BHkilUpHhCuQ7seb2tZxtGzQuuF/hxL5S7KM5mbfj2wFrKT0rosNpUixkZmrjB0lGNfjB9TpoIY2uwGToORu8edDVKU=&u=U2FsdGVkX1/4fNCYpOl+GqzuBXOljno9Ub4uJUP6jiU=&y=U2FsdGVkX1+KRWxSebt6yN4uIXpZszn9HMtfBX0EDfY= HTTP/1.1" 200 24
186.102.4.44 - - [19/Jul/2023:10:08:05 -0500] "GET /kwssiamovil/sm/acme/a?s=U2FsdGVkX1/4H8BVXz0WS3gB71hIaAiUhtIPnwrNkod+QCEBv0OCKeoaSHfHOZLiuHISqjJg4wyfr9av8wBZsP/01YD/E8OVhNNepajy+ZVx/lbIyhTM7VTWngAwbaVUj9AdljivtbBa+onN7kP1WD1pOLD1Dy2YMXMa3Nzpva2KuSC2A9qECs0mMeYaDXpd&u=U2FsdGVkX1/4fNCYpOl+GqzuBXOljno9Ub4uJUP6jiU=&y=U2FsdGVkX1+KRWxSebt6yN4uIXpZszn9HMtfBX0EDfY= HTTP/1.1" 200 24
186.102.4.44 - - [19/Jul/2023:10:08:05 -0500] "GET /kwssiamovil/sm/acme/a?s=U2FsdGVkX1/IfViHHKuE6qpsVJuiw61LMCsi7KUmfFWJwPKRti1AHPRFiUjYXW3trlVqOIuT7meTUEOKaeRTyoHFCSqLp9yRnSLM2rTvEBfSk7/XZmin5z5YGQROmV0RADmE6Su+PcflJ6Gz5sDK8Okyj9NlGBGvziDuSe3d0+AXkfQSrOuzAKN3IihJKOaSxrqvGvjxNtAxxtrZlxjwgg==&u=U2FsdGVkX1/4fNCYpOl+GqzuBXOljno9Ub4uJUP6jiU=&y=U2FsdGVkX1+KRWxSebt6yN4uIXpZszn9HMtfBX0EDfY= HTTP/1.1" 200 24
186.102.4.44 - - [19/Jul/2023:10:08:06 -0500] "GET /kwssiamovil/sm/acme/a?s=U2FsdGVkX1/Ajr/MnD/sIt3e6ENEAkPXmVU4ny1reVyWnu0NBEwG1CojI3m3seHr9rSFKLQ8o2dYmgVBGVlL3Ir1L6/6gE4AeOhwXQBbF4mQSqcnmMwMuCVRgcoNfRrKrJ1iVRNTjGU8Q+WFBLAMF02OGZxI7ksnIbR7EHe+Fldaup5dhLrMdJNouX1Vim71F21sjE8HmOWGkTNA0i+5br5xwpgWUP6yLB93tl8saOgNkSFHcAry3zrs819ZNPP0ys9sGOzv6yO2sWIj2Vu7jd2Tim7Cm3C/TUsN3467KEGWh3ObpUkwaSV3Ufbrdg8kJF5xhMvnZoHVD7UX3W7tWMf4Kivu/U2cdsUKGn01yxCkZPJSPzb0VZf+uDCe+mBRKaMXg6V3luTIdZagzApks2s/5CBOFQcTg8Vyw82ducIvX7GLiWfsllHgetmxVcHD7oasmSSBChSMFto0aPpaRpwoZOvL3GPYP3WEUR+DC3fUxqnVNIIuJQWZUo9+oqYDJUS1UNX6ohTRB0kRKlu9Hw==&u=U2FsdGVkX1/4fNCYpOl+GqzuBXOljno9Ub4uJUP6jiU=&y=U2FsdGVkX1+KRWxSebt6yN4uIXpZszn9HMtfBX0EDfY= HTTP/1.1" 200 24
186.102.4.44 - - [19/Jul/2023:10:08:06 -0500] "GET /kwssiamovil/sm/acme/a?s=U2FsdGVkX1/I12xhI4fReSbNEydSzwUO7K8e9dMSzEfhUqt1S/tJiQVnvGGgGdY+y+P7sEsPnj9R6YeixQgYJYSW1/VYczdwEen4CoGX9wPorlgwyQkPQpGtuWUkV6aqiwOQ5UZdK490EVSpD/qhYTxHxgKIUU8p3hjCBDNzZmOmTTFvjUOAhsun4URGpSoN&u=U2FsdGVkX1/4fNCYpOl+GqzuBXOljno9Ub4uJUP6jiU=&y=U2FsdGVkX1+KRWxSebt6yN4uIXpZszn9HMtfBX0EDfY= HTTP/1.1" 200 26
186.102.4.44 - - [19/Jul/2023:10:08:06 -0500] "GET /kwssiamovil/sm/acme/a?s=U2FsdGVkX1/K3s9y1yWxkWn64sp1a4+dftQLcAmv31jmbe3LWxg5+seIOdC/oNx6WJVTvoT/cv2Uio6rApkdqH6iUfLQN5aUjp84GiltRMyV+7AIrWjtc4q+rGUn4pCgAX0nI/5X3dwR9tgsKuiofLDPHCbebAw48T84GfQseu1EoVVHz8JGgptKlKUTXGicfZ6KMbNY9p0eOzxIjTvKftiUJzFyO15+sOpXt18IVDVAAmQA66jTGlH1Xkwns9oymE5PbFWyPa8399gtysAdXSWmsktdNHKPm8tArepAZdHGJpJrhc6gFbIRRxAJi0+Pjv54tlPsxIJgqAsnWj1G8J1y6yGERvXDp6YxBHHyxXkPigJ7jFojTQ1PfA7FFIvP4PzSzORh5MwVz9zjjKG1Z+8d7YuNNfG/94r0FtuXIiFl8OoCjqXRzaHPYWoTQGbeVPS0Qoo6oRx1piIgNyLMsCZO6tb73uRogu+OYwGGK1E0N1zFyE8K+A77oT6SOyDr&u=U2FsdGVkX1/4fNCYpOl+GqzuBXOljno9Ub4uJUP6jiU=&y=U2FsdGVkX1+KRWxSebt6yN4uIXpZszn9HMtfBX0EDfY= HTTP/1.1" 200 25
186.102.4.44 - - [19/Jul/2023:10:08:07 -0500] "GET /kwssiamovil/sm/acme/a?s=U2FsdGVkX18gvBfFVIkztP+R5QG2sUYaqI5Dw3WO//pM5H3h1XW5Z6XQ8w6XMyKvreWN5UFDSv66dpwn7O1fCADABmZ1O8FxrHI6uLqUKSqxHAXtaaqjvrAN4USXyxbQqQtf+UgXgreZrjzl9L9kAo7E0H62OVstaP1CRRmuXv/E2rsPa83licUsxUc8tZ2x&u=U2FsdGVkX1/4fNCYpOl+GqzuBXOljno9Ub4uJUP6jiU=&y=U2FsdGVkX1+KRWxSebt6yN4uIXpZszn9HMtfBX0EDfY= HTTP/1.1" 200 24
186.102.4.44 - - [19/Jul/2023:10:08:07 -0500] "GET /kwssiamovil/sm/acme/a?s=U2FsdGVkX19FS5MqJB9qRJZfUq42tT/hP2g6DwP2wBBR0KCAlUU8LPUVL4bLc6JKh+9tvX9BvUXO/dAGnYnmAL8sYtJEHHyhj0d2F18TriccDjSVhbnRC8UofhZohpFAlF64rs9by+XLTqslp4Um8aUFGEHtZKOqjxrYTlEZwbPLoXYYpTOqbIbAdiHQDeyOQXa/6kbTuxG+pbqItemLdw==&u=U2FsdGVkX1/4fNCYpOl+GqzuBXOljno9Ub4uJUP6jiU=&y=U2FsdGVkX1+KRWxSebt6yN4uIXpZszn9HMtfBX0EDfY= HTTP/1.1" 200 24
201.245.192.253 - - [19/Jul/2023:10:08:03 -0500] "POST /sipse/faces/presentacion/financiero/solicitudProceso/consultarSolicitudProceso.xhtml HTTP/1.1" 200 37525
201.245.192.253 - - [19/Jul/2023:10:08:07 -0500] "GET /sipse/faces/javax.faces.resource/primefaces.css?ln=primefaces&v=4.0 HTTP/1.1" 304 -
201.245.192.253 - - [19/Jul/2023:10:08:07 -0500] "GET /sipse/faces/javax.faces.resource/theme.css?ln=primefaces-sipse HTTP/1.1" 304 -
201.245.192.253 - - [19/Jul/2023:10:08:07 -0500] "GET /sipse/faces/javax.faces.resource/layout/layout.css?ln=primefaces&v=4.0 HTTP/1.1" 304 -
201.245.192.253 - - [19/Jul/2023:10:08:07 -0500] "GET /sipse/faces/javax.faces.resource/jquery/jquery.js?ln=primefaces&v=4.0 HTTP/1.1" 304 -
201.245.192.253 - - [19/Jul/2023:10:08:07 -0500] "GET /sipse/faces/javax.faces.resource/jquery/jquery-plugins.js?ln=primefaces&v=4.0 HTTP/1.1" 304 -
186.102.4.44 - - [19/Jul/2023:10:08:07 -0500] "GET /kwssiamovil/sm/acme/a?s=U2FsdGVkX1/OHw+9xK+Iq0UCr5YCwL4/kfAojkNEH6VHJlSIPJrQZWyI1bQEzOFiWqRtcGoDFszQWqiegkeb7lVjRBIWXpUxGxj9vDkmZdz83m7JmDMnfNLGuM+GmxFzz9qvbr9NmsEPMVTTyRhB89PZZAckmmSuMaNiu0f9Cws=&u=U2FsdGVkX1/4fNCYpOl+GqzuBXOljno9Ub4uJUP6jiU=&y=U2FsdGVkX1+KRWxSebt6yN4uIXpZszn9HMtfBX0EDfY= HTTP/1.1" 200 26
201.245.192.253 - - [19/Jul/2023:10:08:07 -0500] "GET /sipse/faces/javax.faces.resource/primefaces.js?ln=primefaces&v=4.0 HTTP/1.1" 304 -
186.102.4.44 - - [19/Jul/2023:10:08:08 -0500] "GET /kwssiamovil/sm/acme/a?s=U2FsdGVkX19Yi0aSKm7koaoV3LfP9OaJEV0dYqEGZJggQ1PQuSeFJWG8HAKwbP07CNn3CpzrqdM+gp3soRdNk/Fjiat1fRGmmVILOSjSo7GDYVukU5GK9scIJWSj9uEszU61QUPedtfspgkOB/g9m7aIOdBHEEYxzhzEIXoXjXQQKlrM93xWBMufcsbNEVWH&u=U2FsdGVkX1/4fNCYpOl+GqzuBXOljno9Ub4uJUP6jiU=&y=U2FsdGVkX1+KRWxSebt6yN4uIXpZszn9HMtfBX0EDfY= HTTP/1.1" 200 26
201.245.192.253 - - [19/Jul/2023:10:08:08 -0500] "GET /sipse/faces/javax.faces.resource/layout/layout.js?ln=primefaces&v=4.0 HTTP/1.1" 304 -
186.102.4.44 - - [19/Jul/2023:10:08:08 -0500] "GET /kwssiamovil/sm/acme/a?s=U2FsdGVkX1/+wtdvSBnW14VbpSleoQnW1JeYzaahQlfOB8ptSk2YultlvnoW0N/Ofm8Nt9kbn0+joyer8y1qbkKX8GRwNP179aoXYHZSR1ERStiA/HcGat+/zpzUxpPYySnvZvdTrHe1BzMHeRm/1Ov7d6iXcYuVa9t9b1DexEDHBtP0UowO7y6Sal1IFbCH&u=U2FsdGVkX1/4fNCYpOl+GqzuBXOljno9Ub4uJUP6jiU=&y=U2FsdGVkX1+KRWxSebt6yN4uIXpZszn9HMtfBX0EDfY= HTTP/1.1" 200 24
201.245.192.253 - - [19/Jul/2023:10:08:08 -0500] "GET /sipse/faces/javax.faces.resource/messages/messages.png?ln=primefaces&v=4.0 HTTP/1.1" 304 -
186.102.4.44 - - [19/Jul/2023:10:08:08 -0500] "GET /kwssiamovil/sm/acme/a?s=U2FsdGVkX1/c6FTxXRMJh0ZpnkyEl0O9RcuPKK/MlPoYT7TBVzOBE4OKDlrZ+r2dfQc8RDEqwQ0wwRQ1KYjH9Vw5/UY41emf0/Qikd9dqlQRu4yMniXYEd9jLMb44iO2SG1LtH/u1ojTX6nTnGBd2OrhRB8p82hnVweo4qbqpktfbiC7XCCzZOknS1zVZpLWm6urBjEwdvOEVseB5AEb0g==&u=U2FsdGVkX1/4fNCYpOl+GqzuBXOljno9Ub4uJUP6jiU=&y=U2FsdGVkX1+KRWxSebt6yN4uIXpZszn9HMtfBX0EDfY= HTTP/1.1" 200 24
186.102.4.44 - - [19/Jul/2023:10:08:08 -0500] "GET /kwssiamovil/sm/acme/a?s=U2FsdGVkX1/7c3TDczaGS/+fvRqBFYC0T35eNjdNQPpOkAKa3il0RU+K0NahKHdail+U/ML0c4XqXyhKKkPNTYU/HhQhRx1RFCHK2JI6LsKzC8iJeSzCCrjty6wR6LPDbwik8qozvnDZ9GR38Lhg0ypiSjOeNSSxvQ9vSNDMTrc=&u=U2FsdGVkX1/4fNCYpOl+GqzuBXOljno9Ub4uJUP6jiU=&y=U2FsdGVkX1+KRWxSebt6yN4uIXpZszn9HMtfBX0EDfY= HTTP/1.1" 200 26
201.245.192.253 - - [19/Jul/2023:10:08:08 -0500] "POST /sipse/faces/presentacion/financiero/solicitudProceso/listarSolicitudProceso.xhtml HTTP/1.1" 200 1400
186.102.4.44 - - [19/Jul/2023:10:08:09 -0500] "GET /kwssiamovil/sm/acme/a?s=U2FsdGVkX18PUsSieVLGwIpHMR/37gi+de4jMPyItMvdewrdQsX4Ri2GBNUbXpWKCl7CbcnfYjU9Q7YKGgd2lxQOQdUja1oG05OvvFJfkyjQX7Pm7CBcs5uUhvBasc6II05QK/iufBSXsJyI54HlucsjIa7qVkIHxgRNzrINfIjJLrUXhg0GLWIXgOwUyOz+&u=U2FsdGVkX1/4fNCYpOl+GqzuBXOljno9Ub4uJUP6jiU=&y=U2FsdGVkX1+KRWxSebt6yN4uIXpZszn9HMtfBX0EDfY= HTTP/1.1" 200 26
201.245.192.253 - - [19/Jul/2023:10:08:14 -0500] "POST /sipse/faces/presentacion/financiero/solicitudProceso/listarSolicitudProceso.xhtml HTTP/1.1" 200 17868
201.245.192.253 - - [19/Jul/2023:10:08:16 -0500] "POST /sipse/faces/presentacion/sistema/reporte/listarReportes.xhtml HTTP/1.1" 200 23467
201.245.192.253 - - [19/Jul/2023:10:08:16 -0500] "GET /sipse/faces/javax.faces.resource/theme.css?ln=primefaces-sipse HTTP/1.1" 304 -
201.245.192.253 - - [19/Jul/2023:10:08:16 -0500] "GET /sipse/faces/javax.faces.resource/jquery/jquery-plugins.js?ln=primefaces&v=4.0 HTTP/1.1" 304 -
201.245.192.253 - - [19/Jul/2023:10:08:16 -0500] "GET /sipse/faces/javax.faces.resource/jquery/jquery.js?ln=primefaces&v=4.0 HTTP/1.1" 304 -
201.245.192.253 - - [19/Jul/2023:10:08:16 -0500] "GET /sipse/faces/javax.faces.resource/primefaces.css?ln=primefaces&v=4.0 HTTP/1.1" 304 -
201.245.192.253 - - [19/Jul/2023:10:08:16 -0500] "GET /sipse/faces/javax.faces.resource/layout/layout.css?ln=primefaces&v=4.0 HTTP/1.1" 304 -
201.245.192.253 - - [19/Jul/2023:10:08:16 -0500] "GET /sipse/faces/javax.faces.resource/primefaces.js?ln=primefaces&v=4.0 HTTP/1.1" 304 -
201.245.192.253 - - [19/Jul/2023:10:08:16 -0500] "GET /sipse/faces/javax.faces.resource/layout/layout.js?ln=primefaces&v=4.0 HTTP/1.1" 304 -
190.27.14.130 - - [19/Jul/2023:10:08:26 -0500] "POST /sipse/faces/presentacion/financiero/solicitudProceso/consultarSolicitudProceso.xhtml HTTP/1.1" 200 43751
190.27.14.130 - - [19/Jul/2023:10:08:27 -0500] "GET /sipse/faces/javax.faces.resource/theme.css?ln=primefaces-sipse HTTP/1.1" 304 -
190.27.14.130 - - [19/Jul/2023:10:08:27 -0500] "GET /sipse/faces/javax.faces.resource/layout/layout.css?ln=primefaces&v=4.0 HTTP/1.1" 304 -
190.27.14.130 - - [19/Jul/2023:10:08:27 -0500] "GET /sipse/faces/javax.faces.resource/jquery/jquery.js?ln=primefaces&v=4.0 HTTP/1.1" 304 -
190.27.14.130 - - [19/Jul/2023:10:08:27 -0500] "GET /sipse/faces/javax.faces.resource/primefaces.css?ln=primefaces&v=4.0 HTTP/1.1" 304 -
190.27.14.130 - - [19/Jul/2023:10:08:27 -0500] "GET /sipse/faces/javax.faces.resource/jquery/jquery-plugins.js?ln=primefaces&v=4.0 HTTP/1.1" 304 -
190.27.14.130 - - [19/Jul/2023:10:08:27 -0500] "GET /sipse/faces/javax.faces.resource/primefaces.js?ln=primefaces&v=4.0 HTTP/1.1" 304 -
190.27.14.130 - - [19/Jul/2023:10:08:27 -0500] "GET /sipse/faces/javax.faces.resource/layout/layout.js?ln=primefaces&v=4.0 HTTP/1.1" 304 -
190.27.14.130 - - [19/Jul/2023:10:08:27 -0500] "POST /sipse/faces/presentacion/financiero/solicitudProceso/consultar.xhtml HTTP/1.1" 200 37161
190.27.14.130 - - [19/Jul/2023:10:08:27 -0500] "POST /sipse/faces/presentacion/financiero/solicitudProceso/consultar.xhtml HTTP/1.1" 200 37161
190.27.14.130 - - [19/Jul/2023:10:08:28 -0500] "POST /sipse/faces/presentacion/financiero/solicitudProceso/consultar.xhtml HTTP/1.1" 200 37161
190.27.14.130 - - [19/Jul/2023:10:08:28 -0500] "POST /sipse/faces/presentacion/financiero/solicitudProceso/consultar.xhtml HTTP/1.1" 200 37161
190.27.14.130 - - [19/Jul/2023:10:08:28 -0500] "POST /sipse/faces/presentacion/financiero/solicitudProceso/consultar.xhtml HTTP/1.1" 200 37161
190.27.14.130 - - [19/Jul/2023:10:08:28 -0500] "POST /sipse/faces/presentacion/financiero/solicitudProceso/consultar.xhtml HTTP/1.1" 200 37161
190.27.14.130 - - [19/Jul/2023:10:08:29 -0500] "POST /sipse/faces/presentacion/financiero/solicitudProceso/consultar.xhtml HTTP/1.1" 200 37161
190.27.14.130 - - [19/Jul/2023:10:08:29 -0500] "POST /sipse/faces/presentacion/financiero/solicitudProceso/consultar.xhtml HTTP/1.1" 200 37161
190.27.14.130 - - [19/Jul/2023:10:08:29 -0500] "POST /sipse/faces/presentacion/financiero/solicitudProceso/consultar.xhtml HTTP/1.1" 200 37161
190.27.14.130 - - [19/Jul/2023:10:08:30 -0500] "POST /sipse/faces/presentacion/financiero/solicitudProceso/consultar.xhtml HTTP/1.1" 200 37161
190.27.14.130 - - [19/Jul/2023:10:08:30 -0500] "POST /sipse/faces/presentacion/financiero/solicitudProceso/consultar.xhtml HTTP/1.1" 200 37161
190.27.14.130 - - [19/Jul/2023:10:08:30 -0500] "POST /sipse/faces/presentacion/financiero/solicitudProceso/consultar.xhtml HTTP/1.1" 200 37161
190.27.14.130 - - [19/Jul/2023:10:08:30 -0500] "POST /sipse/faces/presentacion/financiero/solicitudProceso/consultar.xhtml HTTP/1.1" 200 37161
190.27.14.130 - - [19/Jul/2023:10:08:31 -0500] "POST /sipse/faces/presentacion/financiero/solicitudProceso/consultar.xhtml HTTP/1.1" 200 37161
190.27.14.130 - - [19/Jul/2023:10:08:35 -0500] "POST /sipse/faces/presentacion/financiero/solicitudProceso/consultar.xhtml HTTP/1.1" 200 12802
172.22.2.4 - - [19/Jul/2023:10:06:57 -0500] "HEAD /BLA/boletinlegal/ HTTP/1.1" 200 -
190.27.14.130 - - [19/Jul/2023:10:08:39 -0500] "POST /sipse/faces/presentacion/financiero/solicitudProceso/consultar.xhtml HTTP/1.1" 200 152672
190.27.14.130 - - [19/Jul/2023:10:08:41 -0500] "GET /sipse/faces/javax.faces.resource/theme.css?ln=primefaces-sipse HTTP/1.1" 304 -
190.27.14.130 - - [19/Jul/2023:10:08:41 -0500] "GET /sipse/faces/javax.faces.resource/primefaces.css?ln=primefaces&v=4.0 HTTP/1.1" 304 -
190.27.14.130 - - [19/Jul/2023:10:08:41 -0500] "GET /sipse/faces/javax.faces.resource/layout/layout.css?ln=primefaces&v=4.0 HTTP/1.1" 304 -
190.27.14.130 - - [19/Jul/2023:10:08:41 -0500] "GET /sipse/faces/javax.faces.resource/jquery/jquery.js?ln=primefaces&v=4.0 HTTP/1.1" 304 -
190.27.14.130 - - [19/Jul/2023:10:08:41 -0500] "GET /sipse/faces/javax.faces.resource/jquery/jquery-plugins.js?ln=primefaces&v=4.0 HTTP/1.1" 304 -
201.245.192.253 - - [19/Jul/2023:10:08:41 -0500] "POST /sipse/faces/presentacion/sistema/reporte/ventanaVerReporteParametros.xhtml HTTP/1.1" 200 34969
201.245.192.253 - - [19/Jul/2023:10:08:41 -0500] "GET /sipse/faces/javax.faces.resource/theme.css?ln=primefaces-sipse HTTP/1.1" 304 -
190.27.14.130 - - [19/Jul/2023:10:08:41 -0500] "GET /sipse/faces/javax.faces.resource/primefaces.js?ln=primefaces&v=4.0 HTTP/1.1" 304 -
201.245.192.253 - - [19/Jul/2023:10:08:41 -0500] "GET /sipse/faces/javax.faces.resource/primefaces.css?ln=primefaces&v=4.0 HTTP/1.1" 304 -
201.245.192.253 - - [19/Jul/2023:10:08:41 -0500] "GET /sipse/faces/javax.faces.resource/layout/layout.css?ln=primefaces&v=4.0 HTTP/1.1" 304 -
190.27.14.130 - - [19/Jul/2023:10:08:41 -0500] "GET /sipse/faces/javax.faces.resource/layout/layout.js?ln=primefaces&v=4.0 HTTP/1.1" 304 -
201.245.192.253 - - [19/Jul/2023:10:08:41 -0500] "GET /sipse/faces/javax.faces.resource/jquery/jquery.js?ln=primefaces&v=4.0 HTTP/1.1" 304 -
201.245.192.253 - - [19/Jul/2023:10:08:41 -0500] "GET /sipse/faces/javax.faces.resource/jquery/jquery-plugins.js?ln=primefaces&v=4.0 HTTP/1.1" 304 -
201.245.192.253 - - [19/Jul/2023:10:08:41 -0500] "GET /sipse/faces/javax.faces.resource/primefaces.js?ln=primefaces&v=4.0 HTTP/1.1" 304 -
201.245.192.253 - - [19/Jul/2023:10:08:41 -0500] "GET /sipse/faces/javax.faces.resource/layout/layout.js?ln=primefaces&v=4.0 HTTP/1.1" 304 -
201.245.192.253 - - [19/Jul/2023:10:08:44 -0500] "GET /sipse/faces/javax.faces.resource/theme.css?ln=primefaces-sipse HTTP/1.1" 304 -
201.245.192.253 - - [19/Jul/2023:10:08:44 -0500] "GET /sipse/faces/javax.faces.resource/primefaces.css?ln=primefaces&v=4.0 HTTP/1.1" 304 -
201.245.192.253 - - [19/Jul/2023:10:08:44 -0500] "GET /sipse/faces/javax.faces.resource/layout/layout.css?ln=primefaces&v=4.0 HTTP/1.1" 304 -
201.245.192.253 - - [19/Jul/2023:10:08:44 -0500] "GET /sipse/faces/javax.faces.resource/jquery/jquery.js?ln=primefaces&v=4.0 HTTP/1.1" 304 -
201.245.192.253 - - [19/Jul/2023:10:08:44 -0500] "POST /sipse/faces/presentacion/sistema/reporte/listarReportes.xhtml HTTP/1.1" 200 23458
201.245.192.253 - - [19/Jul/2023:10:08:45 -0500] "GET /sipse/faces/javax.faces.resource/jquery/jquery-plugins.js?ln=primefaces&v=4.0 HTTP/1.1" 304 -
201.245.192.253 - - [19/Jul/2023:10:08:45 -0500] "GET /sipse/faces/javax.faces.resource/primefaces.js?ln=primefaces&v=4.0 HTTP/1.1" 304 -
201.245.192.253 - - [19/Jul/2023:10:08:45 -0500] "GET /sipse/faces/javax.faces.resource/layout/layout.js?ln=primefaces&v=4.0 HTTP/1.1" 304 -
190.27.14.130 - - [19/Jul/2023:10:08:51 -0500] "POST /sipse/faces/presentacion/financiero/solicitudProceso/consultarSolicitudProceso.xhtml HTTP/1.1" 200 97947
186.102.25.203 - - [19/Jul/2023:10:08:52 -0500] "GET /kwssiamovil/sm/acme/a?s=U2FsdGVkX1+0DdseGnS69HIzKxrDIHRmg6f5xHmT/DDjCb5sM9nyOre4rqhNME6pfwIwaNSeSrCHYqltb1c1oc7hz07O/SwxsH68wfAv60uXO0rw3KnED7OMa8vSNZMXqGVY3dtLEyh7RUf6aEaqnGiciA9jllYEeQPPwyfxAkhUydu/ft3b5C0mUnR+ypKs2EP5PS7P3N973ykRljtsKOjaY+T9poBRkuxZUYfum1zWAQA0mLACLbw6wUt71jXeDxM8UokOeIEujMC3K98hrkq9AVP3/EJWUH4F2CG2Xvw=&u=U2FsdGVkX188aw9nrEaa6VWd5OtpHR8Q/wB1r6RBKQuOgFkjWONfZ9WsHr/t4Wo5&y=U2FsdGVkX196HKth+DYtzQITXYuE3eHOsMmlUBwQ8VSPiuHf0ebh6CLrNLpk6sp0 HTTP/1.1" 200 26
186.102.25.203 - - [19/Jul/2023:10:08:52 -0500] "GET /kwssiamovil/sm/acme/a?s=U2FsdGVkX18RWKHkzJSyheLtIedbygfZ1+OrgoRZtnt8LEnKTd6pNcyYdSpRQe+wbMM4Yb3lcP4Gnu7rOyE7fDs9Tgeap7JnfXNZDcAOpEYe0yOjB/sYyyYBzJ/R9gz9e4TvEw7yHwjqTTBxgNGmqKCNBmZgC9OO5J4oFFpKexM4qec7VJyEn9oO1v4rGzGe0i8GqdhcL20jl8Laiq9KK6SrMgvhwkO7j0xzck44dOdO4P4cr2CgPjTf8cs5BmUDNsESmkip9qgEettVX1BIWAsFvJ+Ou/JfcSWPfPvEc9lbS7doyrOAEtA04XF4y4h4bbist4ao/ziERKc/IsUeDGN0YbvALEmFcjRAHuHZQdmMAuOjWHj7KF4DJRNPIRNzKrBLpsHgdeqaeA6Aqvla4V/VMmAZSkqgi5uFjxyukhNR55Khgyu1MF1DAhYxx3/8fZS/9OtleqHOwjGLs8IAIy7mDDlnN0H7NzezLlymDuRjTzHpDRl4pvliD1D1plE0jjnz9WjffNSAmYt/iNrIYyzU1xu1Cm4C1RHrQldn8sua3I5l7rjaXR7buqB8S65Ttnag9BkmT55scld3cpvz94lf6oSxk13fVGx0Myr4LczDvUwPr6Qs27kjUHEPfvjfli8UE5JyZyE3GAleUo9nPG1/btoXrGuhkU1IkQs/G18jMV1R88jh2bkSueDJSK16Ak8X1Ml47FJ+sLUlalTyMaW18QHWbmPPz7BM946jMJr35JYLIRj+9ZESe5WsrmRKyWnWZ0qkMQgh/m+PDDGdnESaFYDzNCvYg3WJwFoiiKrjK400ZPooAD/mSbNFkCHsWAJc9ecvBCUGdIFPo1oAB/JR29neQjT5vVhWrGfroyBxtUfI630oPt+wNRQKcJZoaFHSev2TerukPo7kRcmkYomEv9a34f9tCaWaInoexcg6a8UGu0MaFo08hVk1asaSBJqfbEZ2ctwBFeGEMnapkkCb+FO9eoR2NCHBidqoRRMaecn87pJRA08s6RL9MtH9X1QhjpBUP+A9pujjXQkvbnFvvqwIu54ys+Zpb+u4v3q7oLD04jjZ05wc86i44KL42fDoGn7H88gcJlEg8NULrreYIo5mg9CWgUl0tAndLnc3hX/+sn/jamZi5xD4LrnPU3tE6rbdWsS9eksTgNwUmplHAZr/QCqEo9uBv0rLR2JvbEst2Veicw09yhc3BwN8/EdTwaa7+lA7o828pVkO1g==&u=U2FsdGVkX188aw9nrEaa6VWd5OtpHR8Q/wB1r6RBKQuOgFkjWONfZ9WsHr/t4Wo5&y=U2FsdGVkX196HKth+DYtzQITXYuE3eHOsMmlUBwQ8VSPiuHf0ebh6CLrNLpk6sp0 HTTP/1.1" 200 26
186.102.25.203 - - [19/Jul/2023:10:08:52 -0500] "GET /kwssiamovil/sm/acme/a?s=U2FsdGVkX18kEChb6KAgmPGReQCVNui3raHZEKrsG4nY3EeQuiGXXNYWcTrN1wPPHswekNjmxDxZ2tLGAaDOFtEr/xxDI5205CBGVKxBhhMWz0QTWeTH1IjdugWFh03xkG38lAHW0hujPeJpZQfnNgFu/rzVzX5leMMaXtROJTo=&u=U2FsdGVkX188aw9nrEaa6VWd5OtpHR8Q/wB1r6RBKQuOgFkjWONfZ9WsHr/t4Wo5&y=U2FsdGVkX196HKth+DYtzQITXYuE3eHOsMmlUBwQ8VSPiuHf0ebh6CLrNLpk6sp0 HTTP/1.1" 200 26
186.102.25.203 - - [19/Jul/2023:10:08:53 -0500] "GET /kwssiamovil/sm/acme/a?s=U2FsdGVkX1+f6ROFmnvlrl+EaVbh6YG19laCOqUwcfFNbNyeHkckiZ8KB7JKAUqdYKMTHQ4ReBthQn1PC5k4icq28WBNSPpwJbTXPO6EFkJRd7KYL0rTxM0WVEguvUVUjPwE8lY3fNg5MtgOEIuOohOP+HsTg3v5DfzI2FTdbAU=&u=U2FsdGVkX188aw9nrEaa6VWd5OtpHR8Q/wB1r6RBKQuOgFkjWONfZ9WsHr/t4Wo5&y=U2FsdGVkX196HKth+DYtzQITXYuE3eHOsMmlUBwQ8VSPiuHf0ebh6CLrNLpk6sp0 HTTP/1.1" 200 26
186.102.25.203 - - [19/Jul/2023:10:08:53 -0500] "GET /kwssiamovil/sm/acme/a?s=U2FsdGVkX19WgKXotY5X+8xV2h3ZF5bO7ZvOfOQXOZRXspL9ZKWUWKkQGZE3mgd882V6BaJDAM8ob1QRBJmp00EbH/51a2rk342tvFzaIW1TZ3Dg24MAOVHc8QdjlPpZLpxdx2qe+FTMT0sG2w5UGVOwDq0wbS+qdNaZ0SQxduw=&u=U2FsdGVkX188aw9nrEaa6VWd5OtpHR8Q/wB1r6RBKQuOgFkjWONfZ9WsHr/t4Wo5&y=U2FsdGVkX196HKth+DYtzQITXYuE3eHOsMmlUBwQ8VSPiuHf0ebh6CLrNLpk6sp0 HTTP/1.1" 200 26
186.102.25.203 - - [19/Jul/2023:10:08:53 -0500] "GET /kwssiamovil/sm/acme/a?s=U2FsdGVkX199wyvXlO2N277Mblr9TZ2W8PFDcVuXlLMTHcbeIVQuqQfrVxE71rdkRXfIb3lWrq2pZCpazqTKgmRWsUOA0HR7g4cqWfiYoGmnGu864Cumk3/Z/bzP5m1hmcvlEc1tLF2qRGaXfdqXYuV6zFNY9gC0mJbMtZf2GsaMEg5EbsPaSXkOnL4bLn1raLDD250S62W+sLzLZj4R2g==&u=U2FsdGVkX188aw9nrEaa6VWd5OtpHR8Q/wB1r6RBKQuOgFkjWONfZ9WsHr/t4Wo5&y=U2FsdGVkX196HKth+DYtzQITXYuE3eHOsMmlUBwQ8VSPiuHf0ebh6CLrNLpk6sp0 HTTP/1.1" 200 26
201.245.192.253 - - [19/Jul/2023:10:08:53 -0500] "POST /sipse/faces/presentacion/sistema/reporte/ventanaVerReporteParametros.xhtml HTTP/1.1" 200 34969
201.245.192.253 - - [19/Jul/2023:10:08:53 -0500] "GET /sipse/faces/javax.faces.resource/primefaces.css?ln=primefaces&v=4.0 HTTP/1.1" 304 -
201.245.192.253 - - [19/Jul/2023:10:08:53 -0500] "GET /sipse/faces/javax.faces.resource/layout/layout.css?ln=primefaces&v=4.0 HTTP/1.1" 304 -
201.245.192.253 - - [19/Jul/2023:10:08:53 -0500] "GET /sipse/faces/javax.faces.resource/theme.css?ln=primefaces-sipse HTTP/1.1" 304 -
201.245.192.253 - - [19/Jul/2023:10:08:53 -0500] "GET /sipse/faces/javax.faces.resource/jquery/jquery.js?ln=primefaces&v=4.0 HTTP/1.1" 304 -
201.245.192.253 - - [19/Jul/2023:10:08:53 -0500] "GET /sipse/faces/javax.faces.resource/jquery/jquery-plugins.js?ln=primefaces&v=4.0 HTTP/1.1" 304 -
201.245.192.253 - - [19/Jul/2023:10:08:53 -0500] "GET /sipse/faces/javax.faces.resource/primefaces.js?ln=primefaces&v=4.0 HTTP/1.1" 304 -
201.245.192.253 - - [19/Jul/2023:10:08:53 -0500] "GET /sipse/faces/javax.faces.resource/layout/layout.js?ln=primefaces&v=4.0 HTTP/1.1" 304 -
201.245.192.253 - - [19/Jul/2023:10:09:04 -0500] "POST /sipse/faces/presentacion/sistema/reporte/listarReportes.xhtml HTTP/1.1" 200 23469
201.245.192.253 - - [19/Jul/2023:10:09:04 -0500] "GET /sipse/faces/javax.faces.resource/primefaces.css?ln=primefaces&v=4.0 HTTP/1.1" 304 -
201.245.192.253 - - [19/Jul/2023:10:09:04 -0500] "GET /sipse/faces/javax.faces.resource/jquery/jquery-plugins.js?ln=primefaces&v=4.0 HTTP/1.1" 304 -
201.245.192.253 - - [19/Jul/2023:10:09:04 -0500] "GET /sipse/faces/javax.faces.resource/theme.css?ln=primefaces-sipse HTTP/1.1" 304 -
201.245.192.253 - - [19/Jul/2023:10:09:04 -0500] "GET /sipse/faces/javax.faces.resource/jquery/jquery.js?ln=primefaces&v=4.0 HTTP/1.1" 304 -
201.245.192.253 - - [19/Jul/2023:10:09:04 -0500] "GET /sipse/faces/javax.faces.resource/layout/layout.css?ln=primefaces&v=4.0 HTTP/1.1" 304 -
201.245.192.253 - - [19/Jul/2023:10:09:04 -0500] "GET /sipse/faces/javax.faces.resource/primefaces.js?ln=primefaces&v=4.0 HTTP/1.1" 304 -
201.245.192.253 - - [19/Jul/2023:10:09:04 -0500] "GET /sipse/faces/javax.faces.resource/layout/layout.js?ln=primefaces&v=4.0 HTTP/1.1" 304 -
201.245.192.253 - - [19/Jul/2023:10:09:18 -0500] "GET /galeria/galeria/jquery.fancybox.css?v=2.1.5 HTTP/1.1" 200 4895
201.245.192.253 - - [19/Jul/2023:10:09:19 -0500] "POST /sipse/faces/presentacion/sistema/reporte/ventanaVerReporteParametros.xhtml HTTP/1.1" 200 71716
201.245.192.253 - - [19/Jul/2023:10:09:19 -0500] "GET /sipse/faces/javax.faces.resource/theme.css?ln=primefaces-sipse HTTP/1.1" 304 -
201.245.192.253 - - [19/Jul/2023:10:09:19 -0500] "GET /sipse/faces/javax.faces.resource/layout/layout.css?ln=primefaces&v=4.0 HTTP/1.1" 304 -
201.245.192.253 - - [19/Jul/2023:10:09:19 -0500] "GET /sipse/faces/javax.faces.resource/primefaces.css?ln=primefaces&v=4.0 HTTP/1.1" 304 -
201.245.192.253 - - [19/Jul/2023:10:09:19 -0500] "GET /sipse/faces/javax.faces.resource/jquery/jquery.js?ln=primefaces&v=4.0 HTTP/1.1" 304 -
201.245.192.253 - - [19/Jul/2023:10:09:19 -0500] "GET /sipse/faces/javax.faces.resource/jquery/jquery-plugins.js?ln=primefaces&v=4.0 HTTP/1.1" 304 -
201.245.192.253 - - [19/Jul/2023:10:09:19 -0500] "GET /sipse/faces/javax.faces.resource/primefaces.js?ln=primefaces&v=4.0 HTTP/1.1" 304 -
201.245.192.253 - - [19/Jul/2023:10:09:19 -0500] "GET /sipse/faces/javax.faces.resource/layout/layout.js?ln=primefaces&v=4.0 HTTP/1.1" 304 -
201.245.192.253 - - [19/Jul/2023:10:09:23 -0500] "POST /sipse/faces/presentacion/proyectos/proyecto/listarConsultarProyectos.xhtml HTTP/1.1" 200 4287
172.22.2.4 - - [19/Jul/2023:10:07:47 -0500] "GET /BLA/boletinlegal/ HTTP/1.1" 200 55337
201.245.192.253 - - [19/Jul/2023:10:09:26 -0500] "POST /sipse/faces/presentacion/proyectos/proyecto/listarConsultarProyectos.xhtml HTTP/1.1" 200 83051
201.245.192.253 - - [19/Jul/2023:10:09:28 -0500] "GET /sipse/faces/javax.faces.resource/theme.css?ln=primefaces-sipse HTTP/1.1" 304 -
201.245.192.253 - - [19/Jul/2023:10:09:28 -0500] "GET /sipse/faces/javax.faces.resource/layout/layout.css?ln=primefaces&v=4.0 HTTP/1.1" 304 -
201.245.192.253 - - [19/Jul/2023:10:09:28 -0500] "GET /sipse/faces/javax.faces.resource/primefaces.css?ln=primefaces&v=4.0 HTTP/1.1" 304 -
201.245.192.253 - - [19/Jul/2023:10:09:28 -0500] "GET /sipse/faces/javax.faces.resource/jquery/jquery.js?ln=primefaces&v=4.0 HTTP/1.1" 304 -
201.245.192.253 - - [19/Jul/2023:10:09:28 -0500] "GET /sipse/faces/javax.faces.resource/jquery/jquery-plugins.js?ln=primefaces&v=4.0 HTTP/1.1" 304 -
201.245.192.253 - - [19/Jul/2023:10:09:28 -0500] "GET /sipse/faces/javax.faces.resource/primefaces.js?ln=primefaces&v=4.0 HTTP/1.1" 304 -
201.245.192.253 - - [19/Jul/2023:10:09:28 -0500] "GET /sipse/faces/javax.faces.resource/layout/layout.js?ln=primefaces&v=4.0 HTTP/1.1" 304 -
201.245.192.253 - - [19/Jul/2023:10:09:28 -0500] "POST /sipse/faces/presentacion/proyectos/proyecto/proyecto.xhtml HTTP/1.1" 200 3353
186.102.72.240 - - [19/Jul/2023:10:09:38 -0500] "GET /kwssiamovil/sm/ldap/au?x=U2FsdGVkX19Vf75VPcGxGfidvegg60+VCRQ78e5aUI/GHEez7M0ZO4d0KOEPdf5g&y=U2FsdGVkX1+s1TH6e+alg2QLDQqIQDIooChtLrtUnCznbjMQl7GsQ+RvP6moqK+V HTTP/1.1" 200 31
201.245.192.253 - - [19/Jul/2023:10:09:39 -0500] "POST /sipse/faces/presentacion/proyectos/proyecto/proyecto.xhtml HTTP/1.1" 200 17719
201.245.192.253 - - [19/Jul/2023:10:09:44 -0500] "POST /sipse/faces/presentacion/proyectos/proyecto/proyecto.xhtml HTTP/1.1" 200 36521
201.245.192.253 - - [19/Jul/2023:10:09:46 -0500] "POST /sipse/faces/presentacion/proyectos/proyecto/proyecto.xhtml HTTP/1.1" 200 4098
201.245.192.253 - - [19/Jul/2023:10:09:47 -0500] "GET /sipse/faces/javax.faces.resource/spacer/dot_clear.gif?ln=primefaces&v=4.0 HTTP/1.1" 200 42
110.249.201.96 - - [19/Jul/2023:10:10:00 -0500] "GET /BLA/resoluciones/AUTOS%202011/0896.pdf HTTP/1.1" 200 94559
191.156.148.1 - - [19/Jul/2023:10:10:10 -0500] "GET /sipse/faces/index.xhtml HTTP/1.1" 200 677
191.156.148.1 - - [19/Jul/2023:10:10:10 -0500] "GET /sipse/faces/javax.faces.resource/theme.css?ln=primefaces-sipse HTTP/1.1" 200 50058
191.156.148.1 - - [19/Jul/2023:10:10:11 -0500] "GET /favicon.ico HTTP/1.1" 200 7782
191.156.148.1 - - [19/Jul/2023:10:10:11 -0500] "GET /sipse/js/disable_browser_buttons.js HTTP/1.1" 200 3230
201.245.192.253 - - [19/Jul/2023:10:10:09 -0500] "POST /kwsrmcab/Wsrmcab  HTTP/1.1" 200 42133
191.156.149.174 - - [19/Jul/2023:10:10:12 -0500] "GET /sipse/css/custom_css_sg.css HTTP/1.1" 200 9694
191.156.148.1 - - [19/Jul/2023:10:10:12 -0500] "GET /sipse/css/custom_css_sg_prime_login.css HTTP/1.1" 200 443
191.156.149.240 - - [19/Jul/2023:10:10:12 -0500] "GET /sipse/faces/javax.faces.resource/theme.css?ln=primefaces-sipse HTTP/1.1" 304 -
191.156.147.5 - - [19/Jul/2023:10:10:11 -0500] "GET /sipse/faces/faces/autenticacion.xhtml HTTP/1.1" 200 12182
191.156.148.1 - - [19/Jul/2023:10:10:12 -0500] "GET /sipse/js/funciones.js HTTP/1.1" 200 12592
191.156.148.1 - - [19/Jul/2023:10:10:12 -0500] "GET /sipse/faces/javax.faces.resource/layout/layout.css?ln=primefaces&v=4.0 HTTP/1.1" 200 542
191.156.159.219 - - [19/Jul/2023:10:10:12 -0500] "GET /sipse/faces/javax.faces.resource/primefaces.css?ln=primefaces&v=4.0 HTTP/1.1" 200 53295
191.156.149.174 - - [19/Jul/2023:10:10:12 -0500] "GET /sipse/faces/javax.faces.resource/layout/layout.js?ln=primefaces&v=4.0 HTTP/1.1" 200 87560
201.245.192.253 - - [19/Jul/2023:10:10:13 -0500] "POST /sipse/faces/presentacion/proyectos/proyecto/proyecto.xhtml HTTP/1.1" 200 30806
191.156.149.240 - - [19/Jul/2023:10:10:12 -0500] "GET /sipse/faces/javax.faces.resource/jquery/jquery.js?ln=primefaces&v=4.0 HTTP/1.1" 200 105384
191.156.148.1 - - [19/Jul/2023:10:10:12 -0500] "GET /sipse/faces/javax.faces.resource/primefaces.js?ln=primefaces&v=4.0 HTTP/1.1" 200 276924
191.156.147.5 - - [19/Jul/2023:10:10:12 -0500] "GET /sipse/faces/javax.faces.resource/jquery/jquery-plugins.js?ln=primefaces&v=4.0 HTTP/1.1" 200 220526
201.244.235.164 - - [19/Jul/2023:10:10:16 -0500] "POST /sipse/faces/presentacion/financiero/solicitudProceso/consultarSolicitudProceso.xhtml HTTP/1.1" 200 47577
201.244.235.164 - - [19/Jul/2023:10:10:17 -0500] "GET /sipse/faces/javax.faces.resource/theme.css?ln=primefaces-sipse HTTP/1.1" 304 -
201.244.235.164 - - [19/Jul/2023:10:10:17 -0500] "GET /sipse/faces/javax.faces.resource/jquery/jquery.js?ln=primefaces&v=4.0 HTTP/1.1" 304 -
201.244.235.164 - - [19/Jul/2023:10:10:17 -0500] "GET /sipse/faces/javax.faces.resource/primefaces.css?ln=primefaces&v=4.0 HTTP/1.1" 304 -
201.244.235.164 - - [19/Jul/2023:10:10:17 -0500] "GET /sipse/faces/javax.faces.resource/layout/layout.css?ln=primefaces&v=4.0 HTTP/1.1" 304 -
201.244.235.164 - - [19/Jul/2023:10:10:17 -0500] "GET /sipse/faces/javax.faces.resource/primefaces.js?ln=primefaces&v=4.0 HTTP/1.1" 304 -
201.244.235.164 - - [19/Jul/2023:10:10:17 -0500] "GET /sipse/faces/javax.faces.resource/jquery/jquery-plugins.js?ln=primefaces&v=4.0 HTTP/1.1" 304 -
201.244.235.164 - - [19/Jul/2023:10:10:17 -0500] "GET /sipse/faces/javax.faces.resource/layout/layout.js?ln=primefaces&v=4.0 HTTP/1.1" 304 -
201.244.235.164 - - [19/Jul/2023:10:10:18 -0500] "GET /sipse/css/imagen/contrasena.png HTTP/1.1" 404 383
201.244.235.164 - - [19/Jul/2023:10:10:18 -0500] "GET /sipse/faces/javax.faces.resource/images/ui-icons_898989_256x240.png?ln=primefaces-aristo HTTP/1.1" 304 -
201.244.235.164 - - [19/Jul/2023:10:10:18 -0500] "GET /sipse/faces/javax.faces.resource/images/ui-bg_flat_0_2d5972_40x100.png?ln=primefaces-aristo HTTP/1.1" 304 -
201.244.235.164 - - [19/Jul/2023:10:10:18 -0500] "POST /sipse/faces/presentacion/financiero/solicitudProceso/listarSolicitudProceso.xhtml HTTP/1.1" 200 1456
201.244.235.164 - - [19/Jul/2023:10:10:18 -0500] "POST /sipse/faces/presentacion/financiero/solicitudProceso/listarSolicitudProceso.xhtml HTTP/1.1" 200 1456
191.156.159.219 - - [19/Jul/2023:10:10:20 -0500] "GET /sipse/faces/javax.faces.resource/images/ui-icons_898989_256x240.png?ln=primefaces-aristo HTTP/1.1" 200 5355
201.244.235.164 - - [19/Jul/2023:10:10:20 -0500] "POST /sipse/faces/presentacion/financiero/solicitudProceso/listarSolicitudProceso.xhtml HTTP/1.1" 200 2169
191.156.148.1 - - [19/Jul/2023:10:10:20 -0500] "GET /sipse/css/imagen/logoSDG.png HTTP/1.1" 200 53064
201.244.235.164 - - [19/Jul/2023:10:10:21 -0500] "POST /sipse/faces/presentacion/financiero/solicitudProceso/listarSolicitudProceso.xhtml HTTP/1.1" 200 2740
201.244.235.164 - - [19/Jul/2023:10:10:23 -0500] "POST /sipse/faces/presentacion/financiero/solicitudProceso/listarSolicitudProceso.xhtml HTTP/1.1" 200 33671
201.244.235.164 - - [19/Jul/2023:10:10:23 -0500] "GET /sipse/faces/javax.faces.resource/jquery/jquery.js?ln=primefaces&v=4.0 HTTP/1.1" 304 -
201.244.235.164 - - [19/Jul/2023:10:10:23 -0500] "GET /sipse/faces/javax.faces.resource/theme.css?ln=primefaces-sipse HTTP/1.1" 304 -
201.244.235.164 - - [19/Jul/2023:10:10:23 -0500] "GET /sipse/faces/javax.faces.resource/layout/layout.css?ln=primefaces&v=4.0 HTTP/1.1" 304 -
201.244.235.164 - - [19/Jul/2023:10:10:23 -0500] "GET /sipse/faces/javax.faces.resource/primefaces.css?ln=primefaces&v=4.0 HTTP/1.1" 304 -
201.244.235.164 - - [19/Jul/2023:10:10:23 -0500] "GET /sipse/faces/javax.faces.resource/jquery/jquery-plugins.js?ln=primefaces&v=4.0 HTTP/1.1" 304 -
201.244.235.164 - - [19/Jul/2023:10:10:23 -0500] "GET /sipse/faces/javax.faces.resource/primefaces.js?ln=primefaces&v=4.0 HTTP/1.1" 304 -
201.244.235.164 - - [19/Jul/2023:10:10:23 -0500] "GET /sipse/faces/javax.faces.resource/layout/layout.js?ln=primefaces&v=4.0 HTTP/1.1" 304 -
191.156.149.174 - - [19/Jul/2023:10:10:20 -0500] "GET /sipse/css/imagen/loginimg.png HTTP/1.1" 200 71635
191.156.148.1 - - [19/Jul/2023:10:10:26 -0500] "POST /sipse/faces/autenticacion.xhtml HTTP/1.1" 200 2225
191.156.148.1 - - [19/Jul/2023:10:10:26 -0500] "GET /sipse/faces/javax.faces.resource/messages/messages.png?ln=primefaces&v=4.0 HTTP/1.1" 200 27209
201.244.235.164 - - [19/Jul/2023:10:10:30 -0500] "POST /sipse/faces/presentacion/contratacion/contrato/listarContrato.xhtml HTTP/1.1" 200 7830
191.156.148.1 - - [19/Jul/2023:10:10:28 -0500] "POST /sipse/faces/autenticacion.xhtml HTTP/1.1" 200 16343
191.156.148.1 - - [19/Jul/2023:10:10:32 -0500] "GET /sipse/css/custom_css_sg_prime.css HTTP/1.1" 200 5201
201.244.235.164 - - [19/Jul/2023:10:10:33 -0500] "POST /sipse/faces/presentacion/contratacion/contrato/listarContrato.xhtml HTTP/1.1" 200 7834
201.245.192.253 - - [19/Jul/2023:10:10:32 -0500] "POST /sipse/faces/presentacion/proyectos/proyecto/proyecto.xhtml HTTP/1.1" 200 184963
201.245.192.253 - - [19/Jul/2023:10:10:34 -0500] "GET /sipse/faces/javax.faces.resource/theme.css?ln=primefaces-sipse HTTP/1.1" 304 -
201.245.192.253 - - [19/Jul/2023:10:10:34 -0500] "GET /sipse/faces/javax.faces.resource/primefaces.css?ln=primefaces&v=4.0 HTTP/1.1" 304 -
201.245.192.253 - - [19/Jul/2023:10:10:34 -0500] "GET /sipse/faces/javax.faces.resource/layout/layout.css?ln=primefaces&v=4.0 HTTP/1.1" 304 -
201.245.192.253 - - [19/Jul/2023:10:10:34 -0500] "GET /sipse/faces/javax.faces.resource/jquery/jquery.js?ln=primefaces&v=4.0 HTTP/1.1" 304 -
201.245.192.253 - - [19/Jul/2023:10:10:34 -0500] "GET /sipse/faces/javax.faces.resource/jquery/jquery-plugins.js?ln=primefaces&v=4.0 HTTP/1.1" 304 -
201.245.192.253 - - [19/Jul/2023:10:10:34 -0500] "GET /sipse/faces/javax.faces.resource/primefaces.js?ln=primefaces&v=4.0 HTTP/1.1" 304 -
201.245.192.253 - - [19/Jul/2023:10:10:34 -0500] "GET /sipse/faces/javax.faces.resource/layout/layout.js?ln=primefaces&v=4.0 HTTP/1.1" 304 -
186.29.147.32 - - [19/Jul/2023:10:10:36 -0500] "GET /sipse/faces/index.xhtml HTTP/1.1" 200 677
191.156.144.217 - - [19/Jul/2023:10:10:36 -0500] "GET /sipse/faces/javax.faces.resource/theme.css?ln=primefaces-sipse HTTP/1.1" 304 -
191.156.148.1 - - [19/Jul/2023:10:10:36 -0500] "GET /sipse/faces/javax.faces.resource/primefaces.css?ln=primefaces&v=4.0 HTTP/1.1" 304 -
191.156.144.217 - - [19/Jul/2023:10:10:37 -0500] "GET /sipse/faces/javax.faces.resource/layout/layout.css?ln=primefaces&v=4.0 HTTP/1.1" 304 -
186.29.147.32 - - [19/Jul/2023:10:10:37 -0500] "GET /sipse/faces/javax.faces.resource/theme.css?ln=primefaces-sipse HTTP/1.1" 304 -
186.29.147.32 - - [19/Jul/2023:10:10:38 -0500] "GET /favicon.ico HTTP/1.1" 200 7782
186.29.147.32 - - [19/Jul/2023:10:10:39 -0500] "GET /sipse/faces/faces/autenticacion.xhtml HTTP/1.1" 200 12182
191.156.145.150 - - [19/Jul/2023:10:10:36 -0500] "GET /sipse/js/jquery.min.js HTTP/1.1" 200 85582
186.29.147.32 - - [19/Jul/2023:10:10:39 -0500] "GET /sipse/js/disable_browser_buttons.js HTTP/1.1" 304 -
186.29.147.32 - - [19/Jul/2023:10:10:39 -0500] "GET /sipse/js/funciones.js HTTP/1.1" 304 -
186.29.147.32 - - [19/Jul/2023:10:10:40 -0500] "GET /sipse/css/custom_css_sg.css HTTP/1.1" 304 -
186.29.147.32 - - [19/Jul/2023:10:10:40 -0500] "GET /sipse/css/custom_css_sg_prime_login.css HTTP/1.1" 304 -
186.29.147.32 - - [19/Jul/2023:10:10:40 -0500] "GET /sipse/faces/javax.faces.resource/theme.css?ln=primefaces-sipse HTTP/1.1" 304 -
186.29.147.32 - - [19/Jul/2023:10:10:40 -0500] "GET /sipse/faces/javax.faces.resource/primefaces.css?ln=primefaces&v=4.0 HTTP/1.1" 304 -
186.29.147.32 - - [19/Jul/2023:10:10:40 -0500] "GET /sipse/faces/javax.faces.resource/layout/layout.css?ln=primefaces&v=4.0 HTTP/1.1" 304 -
186.29.147.32 - - [19/Jul/2023:10:10:40 -0500] "GET /sipse/faces/javax.faces.resource/jquery/jquery.js?ln=primefaces&v=4.0 HTTP/1.1" 304 -
186.29.147.32 - - [19/Jul/2023:10:10:40 -0500] "GET /sipse/faces/javax.faces.resource/jquery/jquery-plugins.js?ln=primefaces&v=4.0 HTTP/1.1" 304 -
186.29.147.32 - - [19/Jul/2023:10:10:40 -0500] "GET /sipse/faces/javax.faces.resource/primefaces.js?ln=primefaces&v=4.0 HTTP/1.1" 304 -
186.29.147.32 - - [19/Jul/2023:10:10:40 -0500] "GET /sipse/faces/javax.faces.resource/layout/layout.js?ln=primefaces&v=4.0 HTTP/1.1" 304 -
186.29.147.32 - - [19/Jul/2023:10:10:40 -0500] "GET /sipse/faces/javax.faces.resource/images/ui-icons_898989_256x240.png?ln=primefaces-aristo HTTP/1.1" 304 -
186.29.147.32 - - [19/Jul/2023:10:10:40 -0500] "GET /sipse/css/imagen/logoSDG.png HTTP/1.1" 200 53064
186.29.147.32 - - [19/Jul/2023:10:10:40 -0500] "GET /sipse/css/imagen/loginimg.png HTTP/1.1" 200 71635
190.27.14.130 - - [19/Jul/2023:10:10:42 -0500] "POST /sipse/faces/presentacion/financiero/solicitudProceso/consultarSolicitudProceso.xhtml HTTP/1.1" 200 43762
190.27.14.130 - - [19/Jul/2023:10:10:43 -0500] "GET /sipse/faces/javax.faces.resource/theme.css?ln=primefaces-sipse HTTP/1.1" 304 -
190.27.14.130 - - [19/Jul/2023:10:10:43 -0500] "GET /sipse/faces/javax.faces.resource/layout/layout.css?ln=primefaces&v=4.0 HTTP/1.1" 304 -
190.27.14.130 - - [19/Jul/2023:10:10:43 -0500] "GET /sipse/faces/javax.faces.resource/primefaces.css?ln=primefaces&v=4.0 HTTP/1.1" 304 -
190.27.14.130 - - [19/Jul/2023:10:10:43 -0500] "GET /sipse/faces/javax.faces.resource/jquery/jquery.js?ln=primefaces&v=4.0 HTTP/1.1" 304 -
190.27.14.130 - - [19/Jul/2023:10:10:43 -0500] "GET /sipse/faces/javax.faces.resource/jquery/jquery-plugins.js?ln=primefaces&v=4.0 HTTP/1.1" 304 -
190.27.14.130 - - [19/Jul/2023:10:10:43 -0500] "GET /sipse/faces/javax.faces.resource/primefaces.js?ln=primefaces&v=4.0 HTTP/1.1" 304 -
190.27.14.130 - - [19/Jul/2023:10:10:43 -0500] "GET /sipse/faces/javax.faces.resource/layout/layout.js?ln=primefaces&v=4.0 HTTP/1.1" 304 -
190.27.14.130 - - [19/Jul/2023:10:10:43 -0500] "POST /sipse/faces/presentacion/financiero/solicitudProceso/consultar.xhtml HTTP/1.1" 200 37172
190.27.14.130 - - [19/Jul/2023:10:10:43 -0500] "POST /sipse/faces/presentacion/financiero/solicitudProceso/consultar.xhtml HTTP/1.1" 200 37172
190.27.14.130 - - [19/Jul/2023:10:10:43 -0500] "POST /sipse/faces/presentacion/financiero/solicitudProceso/consultar.xhtml HTTP/1.1" 200 37172
191.156.145.150 - - [19/Jul/2023:10:10:44 -0500] "GET /sipse/faces/javax.faces.resource/jquery/jquery.js?ln=primefaces&v=4.0 HTTP/1.1" 304 -
191.156.145.150 - - [19/Jul/2023:10:10:44 -0500] "GET /sipse/faces/javax.faces.resource/jquery/jquery-plugins.js?ln=primefaces&v=4.0 HTTP/1.1" 304 -
201.245.192.253 - - [19/Jul/2023:10:10:43 -0500] "POST /sipse/faces/presentacion/proyectos/proyecto/actividad/crearActividad.xhtml HTTP/1.1" 200 71716
201.245.192.253 - - [19/Jul/2023:10:10:44 -0500] "GET /sipse/faces/javax.faces.resource/primefaces.css?ln=primefaces&v=4.0 HTTP/1.1" 304 -
201.245.192.253 - - [19/Jul/2023:10:10:44 -0500] "GET /sipse/faces/javax.faces.resource/layout/layout.css?ln=primefaces&v=4.0 HTTP/1.1" 304 -
201.245.192.253 - - [19/Jul/2023:10:10:44 -0500] "GET /sipse/faces/javax.faces.resource/theme.css?ln=primefaces-sipse HTTP/1.1" 304 -
201.245.192.253 - - [19/Jul/2023:10:10:44 -0500] "GET /sipse/faces/javax.faces.resource/jquery/jquery.js?ln=primefaces&v=4.0 HTTP/1.1" 304 -
201.245.192.253 - - [19/Jul/2023:10:10:44 -0500] "GET /sipse/faces/javax.faces.resource/jquery/jquery-plugins.js?ln=primefaces&v=4.0 HTTP/1.1" 304 -
201.245.192.253 - - [19/Jul/2023:10:10:44 -0500] "GET /sipse/faces/javax.faces.resource/primefaces.js?ln=primefaces&v=4.0 HTTP/1.1" 304 -
201.245.192.253 - - [19/Jul/2023:10:10:44 -0500] "GET /sipse/faces/javax.faces.resource/layout/layout.js?ln=primefaces&v=4.0 HTTP/1.1" 304 -
190.27.14.130 - - [19/Jul/2023:10:10:44 -0500] "POST /sipse/faces/presentacion/financiero/solicitudProceso/consultar.xhtml HTTP/1.1" 200 37172
191.156.145.150 - - [19/Jul/2023:10:10:44 -0500] "GET /sipse/faces/javax.faces.resource/primefaces.js?ln=primefaces&v=4.0 HTTP/1.1" 304 -
191.156.145.150 - - [19/Jul/2023:10:10:44 -0500] "GET /sipse/faces/javax.faces.resource/layout/layout.js?ln=primefaces&v=4.0 HTTP/1.1" 304 -
190.27.14.130 - - [19/Jul/2023:10:10:44 -0500] "POST /sipse/faces/presentacion/financiero/solicitudProceso/consultar.xhtml HTTP/1.1" 200 37172
191.156.145.150 - - [19/Jul/2023:10:10:44 -0500] "GET /sipse/css/v_mergente.css HTTP/1.1" 200 1505
191.156.148.1 - - [19/Jul/2023:10:10:44 -0500] "GET /sipse/css/imagen/contrasena.png HTTP/1.1" 404 383
201.245.192.253 - - [19/Jul/2023:10:10:44 -0500] "POST /sipse/faces/presentacion/proyectos/proyecto/listarConsultarProyectos.xhtml HTTP/1.1" 200 65104
190.27.14.130 - - [19/Jul/2023:10:10:44 -0500] "POST /sipse/faces/presentacion/financiero/solicitudProceso/consultar.xhtml HTTP/1.1" 200 37172
190.27.14.130 - - [19/Jul/2023:10:10:45 -0500] "POST /sipse/faces/presentacion/financiero/solicitudProceso/consultar.xhtml HTTP/1.1" 200 37172
201.245.192.253 - - [19/Jul/2023:10:10:45 -0500] "POST /sipse/faces/presentacion/proyectos/proyecto/listarConsultarProyectos.xhtml HTTP/1.1" 200 65104
190.27.14.130 - - [19/Jul/2023:10:10:45 -0500] "POST /sipse/faces/presentacion/financiero/solicitudProceso/consultar.xhtml HTTP/1.1" 200 37172
190.27.14.130 - - [19/Jul/2023:10:10:45 -0500] "POST /sipse/faces/presentacion/financiero/solicitudProceso/consultar.xhtml HTTP/1.1" 200 37172
190.27.14.130 - - [19/Jul/2023:10:10:46 -0500] "POST /sipse/faces/presentacion/financiero/solicitudProceso/consultar.xhtml HTTP/1.1" 200 37172
190.27.14.130 - - [19/Jul/2023:10:10:46 -0500] "POST /sipse/faces/presentacion/financiero/solicitudProceso/consultar.xhtml HTTP/1.1" 200 37172
190.27.14.130 - - [19/Jul/2023:10:10:46 -0500] "POST /sipse/faces/presentacion/financiero/solicitudProceso/consultar.xhtml HTTP/1.1" 200 37172
201.245.192.253 - - [19/Jul/2023:10:10:45 -0500] "POST /sipse/faces/presentacion/proyectos/proyecto/listarConsultarProyectos.xhtml HTTP/1.1" 200 65104
190.27.14.130 - - [19/Jul/2023:10:10:47 -0500] "POST /sipse/faces/presentacion/financiero/solicitudProceso/consultar.xhtml HTTP/1.1" 200 37172
191.156.149.174 - - [19/Jul/2023:10:10:44 -0500] "GET /sipse/imagenes/cargando.gif HTTP/1.1" 200 36959
191.156.145.150 - - [19/Jul/2023:10:10:45 -0500] "GET /sipse/imagenes/logoAplicacion.jpg HTTP/1.1" 200 155084
190.27.14.130 - - [19/Jul/2023:10:10:47 -0500] "POST /sipse/faces/presentacion/financiero/solicitudProceso/consultar.xhtml HTTP/1.1" 200 37172
201.245.192.253 - - [19/Jul/2023:10:10:47 -0500] "POST /sipse/faces/presentacion/proyectos/proyecto/listarConsultarProyectos.xhtml HTTP/1.1" 200 58680
190.27.14.130 - - [19/Jul/2023:10:10:47 -0500] "POST /sipse/faces/presentacion/financiero/solicitudProceso/consultar.xhtml HTTP/1.1" 200 37172
190.27.14.130 - - [19/Jul/2023:10:10:47 -0500] "POST /sipse/faces/presentacion/financiero/solicitudProceso/consultar.xhtml HTTP/1.1" 200 37172
191.156.149.174 - - [19/Jul/2023:10:10:48 -0500] "GET /sipse/faces/javax.faces.resource/images/ui-bg_flat_0_2d5972_40x100.png?ln=primefaces-aristo HTTP/1.1" 200 183
191.156.148.1 - - [19/Jul/2023:10:10:49 -0500] "POST /sipse/faces/bienvenido.xhtml HTTP/1.1" 200 2073
201.245.192.253 - - [19/Jul/2023:10:10:47 -0500] "POST /sipse/faces/presentacion/proyectos/proyecto/listarConsultarProyectos.xhtml HTTP/1.1" 200 58684
201.245.192.253 - - [19/Jul/2023:10:10:49 -0500] "POST /sipse/faces/presentacion/proyectos/proyecto/listarConsultarProyectos.xhtml HTTP/1.1" 200 58680
201.245.192.253 - - [19/Jul/2023:10:10:49 -0500] "POST /sipse/faces/presentacion/proyectos/proyecto/listarConsultarProyectos.xhtml HTTP/1.1" 200 58684
201.245.192.253 - - [19/Jul/2023:10:10:50 -0500] "POST /sipse/faces/presentacion/proyectos/proyecto/listarConsultarProyectos.xhtml HTTP/1.1" 200 58680
190.27.14.130 - - [19/Jul/2023:10:10:52 -0500] "POST /sipse/faces/presentacion/financiero/solicitudProceso/consultar.xhtml HTTP/1.1" 200 12803
201.244.235.164 - - [19/Jul/2023:10:10:53 -0500] "POST /sipse/faces/presentacion/contratacion/contrato/listarContrato.xhtml HTTP/1.1" 200 7842
191.156.148.1 - - [19/Jul/2023:10:10:51 -0500] "POST /sipse/faces/bienvenido.xhtml HTTP/1.1" 200 38982
186.102.72.240 - - [19/Jul/2023:10:10:55 -0500] "GET /kwssiamovil/sm/ldap/au?x=U2FsdGVkX1/xSlPY5b5mL1K2h12JX+oCwpeR+8Y14j4EcdcpqzYNgYrE1HB1vRKL&y=U2FsdGVkX1/mprAv85UyHvGP+LaeIBlYSZHJCE1iK/1AhEHSdRlA84X3Kfc5Qq1J HTTP/1.1" 200 30
186.102.72.240 - - [19/Jul/2023:10:10:56 -0500] "GET /kwssiamovil/sm/acme/s?s=U2FsdGVkX1+d8vZ7oPhwR2zhf/kyaZWI9QjokPo5H4F9ycrsK2r4eEgei4Gkykl1HF5XKVst9FZEUGPanS950UKVRHze8xSu0kkg2HHZ30k=&u=U2FsdGVkX1/7OuaB5n35e8noxG6OnW0FwvmeqpDx7FcDeMKtka2ZJZF/xmP7QyMB&y=U2FsdGVkX1/mprAv85UyHvGP+LaeIBlYSZHJCE1iK/1AhEHSdRlA84X3Kfc5Qq1J HTTP/1.1" 200 97
191.156.148.1 - - [19/Jul/2023:10:10:56 -0500] "GET /sipse/faces/javax.faces.resource/theme.css?ln=primefaces-sipse HTTP/1.1" 304 -
191.156.149.174 - - [19/Jul/2023:10:10:56 -0500] "GET /sipse/faces/javax.faces.resource/jquery/jquery.js?ln=primefaces&v=4.0 HTTP/1.1" 304 -
191.156.147.5 - - [19/Jul/2023:10:10:56 -0500] "GET /sipse/faces/javax.faces.resource/primefaces.css?ln=primefaces&v=4.0 HTTP/1.1" 304 -
