172.22.2.4 - - [20/Jul/2023:14:06:26 -0500] "GET /BLA/boletinlegal/images/registro-usuarios.png HTTP/1.1" 200 8106
172.22.2.4 - - [20/Jul/2023:14:06:26 -0500] "GET /BLA/boletinlegal/images/launch.jpg HTTP/1.1" 200 14577
172.22.2.4 - - [20/Jul/2023:14:06:26 -0500] "GET /BLA/boletinlegal/images/screen_2.png HTTP/1.1" 200 362502
172.22.2.4 - - [20/Jul/2023:14:06:26 -0500] "GET /BLA/boletinlegal/images/screen_3.png HTTP/1.1" 200 210620
172.22.2.4 - - [20/Jul/2023:14:06:26 -0500] "GET /BLA/boletinlegal/images/pdf.gif HTTP/1.1" 200 567
172.22.2.4 - - [20/Jul/2023:14:06:26 -0500] "GET /BLA/boletinlegal/favicon.ico HTTP/1.1" 404 1308
172.22.2.4 - - [20/Jul/2023:14:06:30 -0500] "GET /BLA/boletinlegal/conceptos/2020/35.pdf HTTP/1.1" 200 352381
110.249.201.42 - - [20/Jul/2023:14:06:38 -0500] "GET /BLA/resoluciones/RESOLUCIONES%202012/1891.pdf HTTP/1.1" 200 5368574
157.55.39.216 - - [20/Jul/2023:14:08:09 -0500] "GET /BLA/resoluciones/AUTOS%202022/0711.pdf HTTP/1.1" 304 -
172.22.2.4 - - [20/Jul/2023:14:06:31 -0500] "GET /BLA/boletinlegal/ HTTP/1.1" 200 60612
216.245.221.92 - - [20/Jul/2023:14:08:38 -0500] "HEAD / HTTP/1.1" 200 -
110.249.201.112 - - [20/Jul/2023:14:09:18 -0500] "GET /BLA/resoluciones/AUTOS%202016/1765.pdf HTTP/1.1" 200 289999
114.119.139.70 - - [20/Jul/2023:14:09:29 -0500] "-" 408 -
181.155.66.254 - - [20/Jul/2023:14:09:58 -0500] "GET /calidad-del-aire-distrito-avanza-unido-por-un-nuevo-aire.html?utm_source=Meta_DIGI&utm_medium=CPMa&utm_campaign=Aire&utm_id=Julio_2023&gclid=EAIaIQobChMI79GYjf6dgAMVEIh_BB3CvwflEAEYASAAEgKA_fD_BwE HTTP/1.1" 200 783
181.155.66.254 - - [20/Jul/2023:14:10:01 -0500] "GET /favicon.ico HTTP/1.1" 404 1690
66.249.88.198 - - [20/Jul/2023:14:10:01 -0500] "GET /images/jardines-verticales_optimized.jpeg HTTP/1.1" 200 138197
181.53.12.9 - - [20/Jul/2023:14:10:05 -0500] "GET /calidad-del-aire-distrito-avanza-unido-por-un-nuevo-aire.html?utm_source=Meta_DIGI&utm_medium=CPMa&utm_campaign=Aire&utm_id=Julio_2023&gclid=EAIaIQobChMI27zmjf6dgAMVHcjnAx1v9wa5EAEYASAAEgKtM_D_BwE HTTP/1.1" 200 783
201.245.192.253 - - [20/Jul/2023:14:10:25 -0500] "POST /kwsrmcab/Wsrmcab  HTTP/1.1" 200 42133
172.22.2.4 - - [20/Jul/2023:14:11:31 -0500] "HEAD /BLA/boletinlegal/ HTTP/1.1" 200 -
216.245.221.92 - - [20/Jul/2023:14:13:38 -0500] "HEAD / HTTP/1.1" 200 -
172.22.2.4 - - [20/Jul/2023:14:12:22 -0500] "GET /BLA/boletinlegal/ HTTP/1.1" 200 54453
173.252.83.116 - - [20/Jul/2023:14:14:19 -0500] "GET /representantes-de-colombia-y-europa-se-reunieron-para-desarrollar-estrategias-innovadoras-en-la-gestion-del-plastico.html HTTP/1.1" 200 851
173.252.83.8 - - [20/Jul/2023:14:14:25 -0500] "GET /representantes-de-colombia-y-europa-se-reunieron-para-desarrollar-estrategias-innovadoras-en-la-gestion-del-plastico.html HTTP/1.1" 206 851
111.225.149.103 - - [20/Jul/2023:14:14:39 -0500] "GET /BLA/resoluciones/RESOLUCIONES%202013/0592.pdf HTTP/1.1" 200 188334
201.245.192.253 - - [20/Jul/2023:14:15:25 -0500] "POST /kwsrmcab/Wsrmcab  HTTP/1.1" 200 42133
110.249.202.135 - - [20/Jul/2023:14:17:20 -0500] "GET /BLA/resoluciones/RESOLUCIONES%202017/3020.pdf HTTP/1.1" 200 406251
172.22.2.4 - - [20/Jul/2023:14:17:37 -0500] "GET /BLA/boletinlegal/js/jquery.js HTTP/1.1" 200 57254
172.22.2.4 - - [20/Jul/2023:14:17:37 -0500] "GET /BLA/boletinlegal/ HTTP/1.1" 200 52855
216.245.221.92 - - [20/Jul/2023:14:19:29 -0500] "GET / HTTP/1.1" 200 319
201.245.192.253 - - [20/Jul/2023:14:19:45 -0500] "POST /kwsrmcab/Wsrmcab HTTP/1.1" 200 43645
172.22.2.4 - - [20/Jul/2023:14:19:49 -0500] "GET /BLA/boletinlegal/images/subscribe-icon-big.png HTTP/1.1" 200 47702
172.22.2.4 - - [20/Jul/2023:14:19:49 -0500] "GET /BLA/boletinlegal/images/screen_1.png HTTP/1.1" 200 202547
172.22.2.4 - - [20/Jul/2023:14:19:49 -0500] "GET /BLA/boletinlegal/images/launch.jpg HTTP/1.1" 200 14577
172.22.2.4 - - [20/Jul/2023:14:19:49 -0500] "GET /BLA/boletinlegal/images/arr_l.jpg HTTP/1.1" 200 1979
172.22.2.4 - - [20/Jul/2023:14:19:49 -0500] "GET /BLA/boletinlegal/images/screen_2.png HTTP/1.1" 200 362502
172.22.2.4 - - [20/Jul/2023:14:19:49 -0500] "GET /BLA/boletinlegal/images/registro-usuarios.png HTTP/1.1" 200 8106
172.22.2.4 - - [20/Jul/2023:14:19:49 -0500] "GET /BLA/boletinlegal/images/screen_3.png HTTP/1.1" 200 210620
172.22.2.4 - - [20/Jul/2023:14:19:49 -0500] "GET /BLA/boletinlegal/images/screen_5.png HTTP/1.1" 200 368876
172.22.2.4 - - [20/Jul/2023:14:19:49 -0500] "GET /BLA/boletinlegal/images/arr_r.jpg HTTP/1.1" 200 1998
172.22.2.4 - - [20/Jul/2023:14:19:49 -0500] "GET /BLA/boletinlegal/images/pdf.gif HTTP/1.1" 200 567
201.245.192.253 - - [20/Jul/2023:14:19:48 -0500] "POST /kwsrmcab/Wsrmcab HTTP/1.1" 200 43181
172.22.2.4 - - [20/Jul/2023:14:18:12 -0500] "GET /BLA/boletinlegal/ HTTP/1.1" 200 53248
111.225.149.151 - - [20/Jul/2023:14:20:00 -0500] "GET /BLA/resoluciones/AUTOS%202008/0482.pdf HTTP/1.1" 200 113190
191.95.55.93 - - [20/Jul/2023:14:20:11 -0500] "GET /calidad-del-aire-distrito-avanza-unido-por-un-nuevo-aire.html?utm_source=Meta_DIGI&utm_medium=CPMa&utm_campaign=Aire&utm_id=Julio_2023&fbclid=IwAR0fkcNup41b-HOB2cgWKtFWox3vFg2-N6hUVtXlwFyY0SxmQS8jGZrQZ7w_aem_AYt3VuvZeEk8nH1Mu5NnWiZTGepcSwL6hcg8KI9mhRO2gCuJlPeFS0a2Rzw9KOhA5rSU8mRqpkxvBGQYBB37J2Py HTTP/1.1" 200 783
201.245.192.253 - - [20/Jul/2023:14:20:23 -0500] "POST /kwsrmcab/Wsrmcab  HTTP/1.1" 200 42133
172.22.2.4 - - [20/Jul/2023:14:22:00 -0500] "GET /BLA/boletinlegal/favicon.ico HTTP/1.1" 404 1308
110.249.201.109 - - [20/Jul/2023:14:22:40 -0500] "GET /BLA/resoluciones/AUTOS%202015/1881.pdf HTTP/1.1" 200 645329
173.252.83.2 - - [20/Jul/2023:14:23:00 -0500] "GET /images/pl\xc3\xa1sticos%20foto%201..jpg HTTP/1.1" 404 1034
181.136.64.53 - - [20/Jul/2023:14:24:00 -0500] "GET /BLA/resoluciones/index.php?dir=AUTOS+2022%2F HTTP/1.1" 200 501937
216.245.221.92 - - [20/Jul/2023:14:24:28 -0500] "HEAD / HTTP/1.1" 200 -
172.22.2.4 - - [20/Jul/2023:14:23:11 -0500] "HEAD /BLA/boletinlegal/ HTTP/1.1" 200 -
110.249.201.21 - - [20/Jul/2023:14:25:22 -0500] "GET /BLA/resoluciones/RESOLUCIONES%202019/0421.pdf HTTP/1.1" 200 234080
201.245.192.253 - - [20/Jul/2023:14:25:23 -0500] "POST /kwsrmcab/Wsrmcab  HTTP/1.1" 200 42133
173.252.95.15 - - [20/Jul/2023:14:25:34 -0500] "GET /con-aliados-estrategicos-mujeres-que-reverdecen-continua-brindando-nuevas-oportunidades.html HTTP/1.1" 200 900
172.22.2.4 - - [20/Jul/2023:14:24:02 -0500] "GET /BLA/boletinlegal/ HTTP/1.1" 200 55337
207.46.13.217 - - [20/Jul/2023:14:26:10 -0500] "GET /Publicaciones/2023EE132674.pdf HTTP/1.1" 404 228
172.22.2.4 - - [20/Jul/2023:14:26:46 -0500] "GET /BLA/boletinlegal/ HTTP/1.1" 200 24523
157.55.39.216 - - [20/Jul/2023:14:27:30 -0500] "GET /BLA/resoluciones/AUTOS%202019/1789.pdf HTTP/1.1" 200 248748
66.249.70.196 - - [20/Jul/2023:14:27:52 -0500] "-" 408 -
111.225.149.195 - - [20/Jul/2023:14:28:02 -0500] "GET /BLA/resoluciones/AUTOS%202008/2773.pdf HTTP/1.1" 200 139236
199.16.157.180 - - [20/Jul/2023:14:28:07 -0500] "GET /images/cr%C3%B3nica-29-nov-1_optimized.jpeg HTTP/1.1" 404 1034
216.245.221.92 - - [20/Jul/2023:14:29:28 -0500] "HEAD / HTTP/1.1" 200 -
201.245.192.253 - - [20/Jul/2023:14:29:45 -0500] "POST /kwsrmcab/Wsrmcab HTTP/1.1" 200 43645
201.245.192.253 - - [20/Jul/2023:14:29:48 -0500] "POST /kwsrmcab/Wsrmcab HTTP/1.1" 200 43181
201.245.192.253 - - [20/Jul/2023:14:30:22 -0500] "POST /kwsrmcab/Wsrmcab  HTTP/1.1" 200 42133
173.252.87.7 - - [20/Jul/2023:14:30:26 -0500] "GET /images/cr\xc3\xb3nica-29-nov-1_optimized.jpeg HTTP/1.1" 404 1034
110.249.201.185 - - [20/Jul/2023:14:30:43 -0500] "GET /BLA/resoluciones/RESOLUCIONES%202011/2546.pdf HTTP/1.1" 200 761300
66.220.149.14 - - [20/Jul/2023:14:31:08 -0500] "GET /images/caminos-de-los-cerros-1_optimized.jpeg HTTP/1.1" 200 49537
173.252.95.18 - - [20/Jul/2023:14:31:17 -0500] "GET /semana-santa-dias-y-horarios-para-visitar-el-camino-guadalupe-aguanoso.html HTTP/1.1" 200 943
172.22.2.4 - - [20/Jul/2023:14:29:52 -0500] "GET /BLA/boletinlegal/ HTTP/1.1" 200 61035
54.235.38.65 - - [20/Jul/2023:14:32:12 -0500] "GET /en-julio-programate-para-asistir-a-las-caminatas-ecologicas-y-conectarte-con-la-naturaleza.html HTTP/1.1" 200 773
186.102.102.15 - - [20/Jul/2023:14:32:29 -0500] "GET /calidad-del-aire-distrito-avanza-unido-por-un-nuevo-aire.html?utm_source=Meta_DIGI&utm_medium=CPMa&utm_campaign=Aire&utm_id=Julio_2023&gclid=EAIaIQobChMIs5nnkoOegAMVMBhECB1QSwIxEAEYASAAEgIBK_D_BwE HTTP/1.1" 200 783
54.235.38.65 - - [20/Jul/2023:14:32:49 -0500] "GET /portaldeninos/ HTTP/1.1" 200 110197
172.22.2.4 - - [20/Jul/2023:14:32:54 -0500] "GET /BLA/boletinlegal/actos.php HTTP/1.1" 200 9682
181.154.55.83 - - [20/Jul/2023:14:32:55 -0500] "GET /calidad-del-aire-distrito-avanza-unido-por-un-nuevo-aire.html?utm_source=Meta_DIGI&utm_medium=CPMa&utm_campaign=Aire&utm_id=Julio_2023&fbclid=IwAR0gucKw56ZPerdwLuG-n33vbs6WF87vAweWNhpuLmCADXngqr5hrLge1j0_aem_AYvHcJkvcISaSWmu5FL5HayXq_u9CWB94D67p1usFyXUdcKSQVDN7b6itPwdWIGwMFRThKcxJZX3gRSki7W8sByy HTTP/1.1" 200 783
173.252.95.14 - - [20/Jul/2023:14:33:12 -0500] "GET /semana-ecoempresarial-herramientas-para-que-el-sector-economico-de-bogota-pueda-tener-un-crecimiento-verde.html HTTP/1.1" 200 918
110.249.202.3 - - [20/Jul/2023:14:33:22 -0500] "GET /BLA/resoluciones/RESOLUCIONES%202012/1689.pdf HTTP/1.1" 200 1113660
190.156.107.51 - - [20/Jul/2023:14:34:07 -0500] "GET /calidad-del-aire-distrito-avanza-unido-por-un-nuevo-aire.html?utm_source=Meta_DIGI&utm_medium=CPMa&utm_campaign=Aire&utm_id=Julio_2023&gclid=CjwKCAjwtuOlBhBREiwA7agf1trENxXApmgzGgRTKpOPiRFjgI_aihLKyhTfd-kLAGp0mYvAwa69TxoCPNMQAvD_BwE HTTP/1.1" 200 783
216.245.221.92 - - [20/Jul/2023:14:34:28 -0500] "HEAD / HTTP/1.1" 200 -
201.245.192.253 - - [20/Jul/2023:14:35:20 -0500] "POST /kwsrmcab/Wsrmcab  HTTP/1.1" 200 42133
40.77.167.161 - - [20/Jul/2023:14:35:27 -0500] "GET /BLA/resoluciones/AUTOS%202019/5168.pdf HTTP/1.1" 200 279772
111.225.148.16 - - [20/Jul/2023:14:36:02 -0500] "GET /BLA/resoluciones/AUTOS%202016/0115.pdf HTTP/1.1" 200 567118
172.22.2.4 - - [20/Jul/2023:14:34:51 -0500] "HEAD /BLA/boletinlegal/ HTTP/1.1" 200 -
172.22.2.4 - - [20/Jul/2023:14:35:42 -0500] "GET /BLA/boletinlegal/ HTTP/1.1" 200 56100
66.249.66.129 - - [20/Jul/2023:14:37:42 -0500] "-" 408 -
110.249.201.149 - - [20/Jul/2023:14:38:43 -0500] "GET /BLA/resoluciones/RESOLUCIONES%202019/1384.pdf HTTP/1.1" 200 425007
191.156.224.205 - - [20/Jul/2023:14:39:02 -0500] "GET /calidad-del-aire-distrito-avanza-unido-por-un-nuevo-aire.html?utm_source=Meta_DIGI&utm_medium=CPMa&utm_campaign=Aire&utm_id=Julio_2023&fbclid=IwAR0_WCAoYysix6yAMnGq-Drhr4GWkKvNWD4t7mAvV4K7zm-82PAXHzHGCog_aem_AYuY0eoIaoc0_h0DoDbCj5xWO7HFW2nXAygb9vyifq7xPupAH3tgwtu2Ohbwk3w7iSeINB7SJH4s81ot3WlHgtyr HTTP/1.1" 200 783
216.245.221.92 - - [20/Jul/2023:14:39:28 -0500] "HEAD / HTTP/1.1" 200 -
201.245.192.253 - - [20/Jul/2023:14:40:20 -0500] "POST /kwsrmcab/Wsrmcab  HTTP/1.1" 200 42133
110.249.201.200 - - [20/Jul/2023:14:41:24 -0500] "GET /BLA/resoluciones/RESOLUCIONES%202008/0095.pdf HTTP/1.1" 200 282089
191.95.63.245 - - [20/Jul/2023:14:41:52 -0500] "GET /calidad-del-aire-distrito-avanza-unido-por-un-nuevo-aire.html?utm_source=Meta_DIGI&utm_medium=CPMa&utm_campaign=Aire&utm_id=Julio_2023&gclid=EAIaIQobChMIko-8nIWegAMVStFiCh1P1Qe5EAEYASAAEgKF-vD_BwE HTTP/1.1" 200 783
172.22.2.4 - - [20/Jul/2023:14:40:41 -0500] "HEAD /BLA/boletinlegal/ HTTP/1.1" 200 -
191.95.51.200 - - [20/Jul/2023:14:42:45 -0500] "GET /calidad-del-aire-distrito-avanza-unido-por-un-nuevo-aire.html?utm_source=Meta_DIGI&utm_medium=CPMa&utm_campaign=Aire&utm_id=Julio_2023&gclid=EAIaIQobChMIte3EsYWegAMVqAGtBh3NMwnJEAEYASAAEgK_OPD_BwE HTTP/1.1" 200 783
172.22.2.4 - - [20/Jul/2023:14:41:32 -0500] "GET /BLA/boletinlegal/ HTTP/1.1" 200 55739
172.22.2.4 - - [20/Jul/2023:14:43:42 -0500] "GET /BLA/boletinlegal/style.css HTTP/1.1" 200 9406
172.22.2.4 - - [20/Jul/2023:14:43:42 -0500] "GET /BLA/boletinlegal/styles2.css HTTP/1.1" 200 1838
172.22.2.4 - - [20/Jul/2023:14:43:42 -0500] "GET /BLA/boletinlegal/js/jquery.scrollShow.js HTTP/1.1" 200 4586
172.22.2.4 - - [20/Jul/2023:14:43:42 -0500] "GET /BLA/boletinlegal/js/jquery.scrollTo-min.js HTTP/1.1" 200 1150
172.22.2.4 - - [20/Jul/2023:14:43:42 -0500] "GET /BLA/boletinlegal/images/cabezote%20BLEGAL.jpg HTTP/1.1" 200 118164
172.22.2.4 - - [20/Jul/2023:14:43:42 -0500] "GET /BLA/boletinlegal/images/historia.png HTTP/1.1" 200 52775
172.22.2.4 - - [20/Jul/2023:14:43:42 -0500] "GET /BLA/boletinlegal/images/body_bg.jpg HTTP/1.1" 200 1601
172.22.2.4 - - [20/Jul/2023:14:43:42 -0500] "GET /BLA/boletinlegal/images/menu_lft.gif HTTP/1.1" 200 1713
172.22.2.4 - - [20/Jul/2023:14:43:42 -0500] "GET /BLA/boletinlegal/images/menu_rght.gif HTTP/1.1" 200 1627
172.22.2.4 - - [20/Jul/2023:14:43:42 -0500] "GET /BLA/boletinlegal/images/menu_bg.jpg HTTP/1.1" 200 620
172.22.2.4 - - [20/Jul/2023:14:43:42 -0500] "GET /BLA/boletinlegal/images/hover.jpg HTTP/1.1" 200 640
172.22.2.4 - - [20/Jul/2023:14:43:42 -0500] "GET /BLA/boletinlegal/images/bg_top.jpg HTTP/1.1" 200 522
172.22.2.4 - - [20/Jul/2023:14:43:42 -0500] "GET /BLA/boletinlegal/images/text.jpg HTTP/1.1" 200 568
172.22.2.4 - - [20/Jul/2023:14:43:49 -0500] "GET /BLA/boletinlegal/images/footer_bg.jpg HTTP/1.1" 200 586
110.249.201.99 - - [20/Jul/2023:14:44:06 -0500] "GET /BLA/resoluciones/AUTOS%202019/2866.pdf HTTP/1.1" 200 274234
172.22.2.4 - - [20/Jul/2023:14:44:12 -0500] "GET /BLA/boletinlegal/actos.php HTTP/1.1" 200 9682
172.22.2.4 - - [20/Jul/2023:14:44:12 -0500] "GET /BLA/boletinlegal/js/ajax_actos.js HTTP/1.1" 200 1322
172.22.2.4 - - [20/Jul/2023:14:44:12 -0500] "GET /BLA/boletinlegal/niceforms.js HTTP/1.1" 200 22876
172.22.2.4 - - [20/Jul/2023:14:44:12 -0500] "GET /BLA/boletinlegal/js/lib.js HTTP/1.1" 200 6474
172.22.2.4 - - [20/Jul/2023:14:44:12 -0500] "GET /BLA/boletinlegal/js/jquery1.js HTTP/1.1" 200 29846
172.22.2.4 - - [20/Jul/2023:14:44:12 -0500] "GET /BLA/boletinlegal/js/popup.js HTTP/1.1" 200 1270
172.22.2.4 - - [20/Jul/2023:14:44:12 -0500] "GET /BLA/boletinlegal/niceforms-default.css HTTP/1.1" 200 6694
172.22.2.4 - - [20/Jul/2023:14:44:12 -0500] "GET /BLA/boletinlegal/images/green-yellow-blue-pink-th.png HTTP/1.1" 200 7394
172.22.2.4 - - [20/Jul/2023:14:44:12 -0500] "GET /BLA/boletinlegal/images/tel.png HTTP/1.1" 200 14477
172.22.2.4 - - [20/Jul/2023:14:44:13 -0500] "GET /BLA/boletinlegal/images/icono-email.png HTTP/1.1" 200 5544
172.22.2.4 - - [20/Jul/2023:14:44:13 -0500] "GET /BLA/boletinlegal/images/footer_bg_l.jpg HTTP/1.1" 200 776
172.22.2.4 - - [20/Jul/2023:14:44:13 -0500] "GET /BLA/boletinlegal/img/select-left.png HTTP/1.1" 200 263
172.22.2.4 - - [20/Jul/2023:14:44:13 -0500] "GET /BLA/boletinlegal/img/0.png HTTP/1.1" 200 110
172.22.2.4 - - [20/Jul/2023:14:44:13 -0500] "GET /BLA/boletinlegal/img/button-left.png HTTP/1.1" 200 57071
172.22.2.4 - - [20/Jul/2023:14:44:13 -0500] "GET /BLA/boletinlegal/img/button-right.png HTTP/1.1" 200 57878
172.22.2.4 - - [20/Jul/2023:14:44:13 -0500] "GET /BLA/boletinlegal/img/select-right.png HTTP/1.1" 200 44019
172.22.2.4 - - [20/Jul/2023:14:44:13 -0500] "GET /BLA/boletinlegal/img/button.png HTTP/1.1" 200 43241
69.171.231.118 - - [20/Jul/2023:14:44:22 -0500] "GET /images/construccion-sostenible-.jpg HTTP/1.1" 200 82949
216.245.221.92 - - [20/Jul/2023:14:44:28 -0500] "HEAD / HTTP/1.1" 200 -
172.22.2.4 - - [20/Jul/2023:14:44:34 -0500] "GET /BLA/boletinlegal/normativa.php HTTP/1.1" 200 8343
172.22.2.4 - - [20/Jul/2023:14:44:34 -0500] "GET /BLA/boletinlegal/js/ajax_normativa.js HTTP/1.1" 200 1154
172.22.2.4 - - [20/Jul/2023:14:43:42 -0500] "GET /BLA/boletinlegal/ HTTP/1.1" 200 40907
191.92.17.135 - - [20/Jul/2023:14:44:47 -0500] "GET /calidad-del-aire-distrito-avanza-unido-por-un-nuevo-aire.html?utm_source=Meta_DIGI&utm_medium=CPMa&utm_campaign=Aire&utm_id=Julio_2023 HTTP/1.1" 200 783
172.22.2.4 - - [20/Jul/2023:14:44:51 -0500] "GET /BLA/boletinlegal/conceptos.php HTTP/1.1" 200 7496
172.22.2.4 - - [20/Jul/2023:14:44:51 -0500] "GET /BLA/boletinlegal/js/ajax_conceptos.js HTTP/1.1" 200 1326
172.22.2.4 - - [20/Jul/2023:14:45:03 -0500] "GET /BLA/boletinlegal/consulta_conceptos.php?no=&solicitante=&radicado_entrada=&fecha_concepto=2023&objeto=ecourbanismo HTTP/1.1" 200 570
172.22.2.4 - - [20/Jul/2023:14:45:08 -0500] "GET /BLA/boletinlegal/consulta_conceptos.php?no=&solicitante=&radicado_entrada=&fecha_concepto=2022&objeto=ecourbanismo HTTP/1.1" 200 570
172.22.2.4 - - [20/Jul/2023:14:45:10 -0500] "GET /BLA/boletinlegal/consulta_conceptos.php?no=&solicitante=&radicado_entrada=&fecha_concepto=2022&objeto=ecourbanismo HTTP/1.1" 200 570
172.22.2.4 - - [20/Jul/2023:14:45:11 -0500] "GET /BLA/boletinlegal/consulta_conceptos.php?no=&solicitante=&radicado_entrada=&fecha_concepto=2022&objeto=ecourbanismo HTTP/1.1" 200 570
172.22.2.4 - - [20/Jul/2023:14:45:19 -0500] "GET /BLA/boletinlegal/consulta_conceptos.php?no=&solicitante=&radicado_entrada=&fecha_concepto=2021&objeto=ecourbanismo HTTP/1.1" 200 570
201.245.192.253 - - [20/Jul/2023:14:45:18 -0500] "POST /kwsrmcab/Wsrmcab  HTTP/1.1" 200 42133
172.22.2.4 - - [20/Jul/2023:14:45:20 -0500] "GET /BLA/boletinlegal/consulta_conceptos.php?no=&solicitante=&radicado_entrada=&fecha_concepto=2021&objeto=ecourbanismo HTTP/1.1" 200 570
172.22.2.4 - - [20/Jul/2023:14:44:46 -0500] "GET /BLA/boletinlegal/index.php HTTP/1.1" 200 24523
172.22.2.4 - - [20/Jul/2023:14:45:25 -0500] "GET /BLA/boletinlegal/conceptos.php HTTP/1.1" 200 7496
186.30.51.226 - - [20/Jul/2023:14:45:27 -0500] "GET /BLA/resoluciones/ HTTP/1.1" 200 13502
186.30.51.226 - - [20/Jul/2023:14:45:31 -0500] "GET /BLA/resoluciones/index.php?dir=RESOLUCIONES+2000%2F HTTP/1.1" 200 27659
186.30.51.226 - - [20/Jul/2023:14:45:31 -0500] "GET /BLA/resoluciones/dlf/unknown.png HTTP/1.1" 200 266
172.22.2.4 - - [20/Jul/2023:14:45:47 -0500] "GET /BLA/boletinlegal/jurisprudencia.php HTTP/1.1" 200 17583
172.22.2.4 - - [20/Jul/2023:14:45:47 -0500] "GET /BLA/boletinlegal/images/sub_ul_li.gif HTTP/1.1" 200 343
172.22.2.4 - - [20/Jul/2023:14:45:47 -0500] "GET /BLA/boletinlegal/images/jurisprudencia.png HTTP/1.1" 200 66721
172.22.2.4 - - [20/Jul/2023:14:45:49 -0500] "GET /BLA/boletinlegal/images/hover.png HTTP/1.1" 200 59469
186.30.51.226 - - [20/Jul/2023:14:45:54 -0500] "GET /BLA/resoluciones/RESOLUCIONES%202000/2000%201850-1899.tif HTTP/1.1" 200 4512718
172.22.2.4 - - [20/Jul/2023:14:45:56 -0500] "GET /BLA/boletinlegal/conceptos.php HTTP/1.1" 200 7496
172.22.2.4 - - [20/Jul/2023:14:46:11 -0500] "GET /BLA/boletinlegal/consulta_conceptos.php?no=&solicitante=&radicado_entrada=&fecha_concepto=2022&objeto=ecourbanismo HTTP/1.1" 200 570
172.22.2.4 - - [20/Jul/2023:14:46:19 -0500] "GET /BLA/boletinlegal/consulta_conceptos.php?no=&solicitante=&radicado_entrada=&fecha_concepto=2021&objeto=ecourbanismo HTTP/1.1" 200 570
110.249.201.117 - - [20/Jul/2023:14:46:45 -0500] "GET /BLA/resoluciones/RESOLUCIONES%202017/2236.pdf HTTP/1.1" 200 260990
172.22.2.4 - - [20/Jul/2023:14:47:25 -0500] "GET /BLA/boletinlegal/jurisprudencia.php HTTP/1.1" 200 17583
172.22.2.4 - - [20/Jul/2023:14:47:26 -0500] "GET /BLA/boletinlegal/conceptos.php HTTP/1.1" 200 7496
172.22.2.4 - - [20/Jul/2023:14:47:33 -0500] "GET /BLA/boletinlegal/consulta_conceptos.php?no=&solicitante=&radicado_entrada=&fecha_concepto=2021&objeto=ecourbanismo HTTP/1.1" 200 570
186.82.192.101 - - [20/Jul/2023:14:47:41 -0500] "GET /BLA/boletinlegal/admin/index.php HTTP/1.1" 200 2324
186.82.192.101 - - [20/Jul/2023:14:47:41 -0500] "GET /BLA/boletinlegal/admin/index_files/style.css HTTP/1.1" 200 6223
186.82.192.101 - - [20/Jul/2023:14:47:42 -0500] "GET /BLA/boletinlegal/admin/images/bg.png HTTP/1.1" 200 332965
186.82.192.101 - - [20/Jul/2023:14:47:42 -0500] "GET /favicon.ico HTTP/1.1" 200 7782
172.22.2.4 - - [20/Jul/2023:14:47:45 -0500] "GET /BLA/boletinlegal/jurisprudencia.php HTTP/1.1" 200 17583
172.22.2.4 - - [20/Jul/2023:14:47:46 -0500] "GET /BLA/boletinlegal/conceptos.php HTTP/1.1" 200 7496
186.82.192.101 - - [20/Jul/2023:14:47:49 -0500] "POST /BLA/boletinlegal/admin/usuarios/process.php HTTP/1.1" 302 -
172.22.2.4 - - [20/Jul/2023:14:47:52 -0500] "GET /BLA/boletinlegal/consulta_conceptos.php?no=&solicitante=&radicado_entrada=&fecha_concepto=2020&objeto=ecourbanismo HTTP/1.1" 200 570
172.22.2.4 - - [20/Jul/2023:14:48:02 -0500] "GET /BLA/boletinlegal/actos.php HTTP/1.1" 200 9682
172.22.2.4 - - [20/Jul/2023:14:48:02 -0500] "GET /BLA/boletinlegal/favicon.ico HTTP/1.1" 404 1326
172.22.2.4 - - [20/Jul/2023:14:48:03 -0500] "GET /BLA/boletinlegal/conceptos.php HTTP/1.1" 200 7496
186.82.192.101 - - [20/Jul/2023:14:48:04 -0500] "GET /BLA/resoluciones/ HTTP/1.1" 200 13502
186.82.192.101 - - [20/Jul/2023:14:47:49 -0500] "GET /BLA/boletinlegal/admin/index.php HTTP/1.1" 200 7108
186.82.192.101 - - [20/Jul/2023:14:48:06 -0500] "GET /BLA/boletinlegal/admin/index_files/header.png HTTP/1.1" 200 240212
186.82.192.101 - - [20/Jul/2023:14:48:07 -0500] "GET /BLA/boletinlegal/admin/index_files/3_5.gif HTTP/1.1" 200 1633
186.82.192.101 - - [20/Jul/2023:14:48:07 -0500] "GET /BLA/boletinlegal/images/can.png HTTP/1.1" 200 37574
186.82.192.101 - - [20/Jul/2023:14:48:07 -0500] "GET /BLA/boletinlegal/admin/index_files/7_1.gif HTTP/1.1" 200 1455
186.82.192.101 - - [20/Jul/2023:14:48:07 -0500] "GET /BLA/boletinlegal/admin/index_files/7_5.gif HTTP/1.1" 200 1565
186.82.192.101 - - [20/Jul/2023:14:48:07 -0500] "GET /BLA/boletinlegal/admin/index_files/2_2.gif HTTP/1.1" 200 1728
186.82.192.101 - - [20/Jul/2023:14:48:07 -0500] "GET /BLA/boletinlegal/admin/index_files/2_4.gif HTTP/1.1" 200 1763
186.82.192.101 - - [20/Jul/2023:14:48:07 -0500] "GET /BLA/boletinlegal/admin/index_files/index_files/tback.gif HTTP/1.1" 404 1334
172.22.2.4 - - [20/Jul/2023:14:46:31 -0500] "HEAD /BLA/boletinlegal/ HTTP/1.1" 200 -
181.32.26.138 - - [20/Jul/2023:14:48:13 -0500] "GET /BLA/resoluciones/index.php?dir=AUTOS+2020%2F HTTP/1.1" 200 329264
186.82.192.101 - - [20/Jul/2023:14:48:15 -0500] "GET /BLA/resoluciones/index.php?dir=AUTOS+2023%2F HTTP/1.1" 200 171875
172.22.2.4 - - [20/Jul/2023:14:48:41 -0500] "GET /BLA/boletinlegal/consulta_conceptos.php?no=&solicitante=&radicado_entrada=&fecha_concepto=2019&objeto=ecourbanismo HTTP/1.1" 200 570
172.22.2.4 - - [20/Jul/2023:14:48:42 -0500] "GET /BLA/boletinlegal/jurisprudencia.php HTTP/1.1" 200 17583
172.22.2.4 - - [20/Jul/2023:14:48:43 -0500] "GET /BLA/boletinlegal/conceptos.php HTTP/1.1" 200 7496
172.22.2.4 - - [20/Jul/2023:14:48:50 -0500] "GET /BLA/boletinlegal/consulta_conceptos.php?no=&solicitante=&radicado_entrada=&fecha_concepto=2019&objeto=ecourbanismo HTTP/1.1" 200 570
172.22.2.4 - - [20/Jul/2023:14:48:59 -0500] "GET /BLA/boletinlegal/jurisprudencia.php HTTP/1.1" 200 17583
172.22.2.4 - - [20/Jul/2023:14:49:00 -0500] "GET /BLA/boletinlegal/conceptos.php HTTP/1.1" 200 7496
172.22.2.4 - - [20/Jul/2023:14:47:22 -0500] "GET /BLA/boletinlegal/ HTTP/1.1" 200 56452
172.22.2.4 - - [20/Jul/2023:14:49:05 -0500] "GET /BLA/boletinlegal/consulta_conceptos.php?no=&solicitante=&radicado_entrada=&fecha_concepto=2018&objeto=ecourbanismo HTTP/1.1" 200 570
172.22.2.4 - - [20/Jul/2023:14:49:15 -0500] "GET /BLA/boletinlegal/conceptos.php HTTP/1.1" 200 7496
172.22.2.4 - - [20/Jul/2023:14:49:17 -0500] "GET /BLA/boletinlegal/conceptos.php HTTP/1.1" 200 7496
110.249.201.81 - - [20/Jul/2023:14:49:24 -0500] "GET /BLA/resoluciones/RESOLUCIONES%202008/0039.pdf HTTP/1.1" 200 370647
216.245.221.92 - - [20/Jul/2023:14:49:28 -0500] "HEAD / HTTP/1.1" 200 -
191.156.150.130 - - [20/Jul/2023:14:49:42 -0500] "GET /calidad-del-aire-distrito-avanza-unido-por-un-nuevo-aire.html?utm_source=Meta_DIGI&utm_medium=CPMa&utm_campaign=Aire&utm_id=Julio_2023&fbclid=IwAR3JRnGA-Yeq9BkXbTv0wu51MOrZyeAaaocoBsekVt3qFwlWgs20XdvLOks_aem_AYuq9ClEd-moN1ZstGgw2OmwNZIJNeBPwl0ifh0ShoJ7q0-OgYuZeDNg04Pcg0QMx96r1ppQBjxwS8qmCAKb2NnE HTTP/1.1" 200 783
172.22.2.4 - - [20/Jul/2023:14:49:59 -0500] "GET /BLA/boletinlegal/consulta_conceptos.php?no=&solicitante=&radicado_entrada=&fecha_concepto=2017&objeto=ecourbanismo HTTP/1.1" 200 4589
172.22.2.4 - - [20/Jul/2023:14:50:00 -0500] "GET /BLA/boletinlegal/images/background.gif HTTP/1.1" 200 -
201.245.192.253 - - [20/Jul/2023:14:50:17 -0500] "POST /kwsrmcab/Wsrmcab  HTTP/1.1" 200 42133
191.95.169.114 - - [20/Jul/2023:14:50:39 -0500] "GET /calidad-del-aire-distrito-avanza-unido-por-un-nuevo-aire.html?utm_source=Meta_DIGI&utm_medium=CPMa&utm_campaign=Aire&utm_id=Julio_2023&gclid=EAIaIQobChMImI_5mIeegAMVPIh_BB2gTws7EAEYASAAEgKpofD_BwE HTTP/1.1" 200 783
18.143.240.174 - - [20/Jul/2023:14:51:12 -0500] "GET /transparencia/financiera/Desagregado%20con%20modificaciones/? HTTP/1.1" 404 1464
18.143.240.174 - - [20/Jul/2023:14:51:14 -0500] "GET /transparencia/financiera/Desagregado%20con%20modificaciones/? HTTP/1.1" 404 1464
108.174.5.112 - - [20/Jul/2023:14:51:52 -0500] "GET /se-viene-la-reciclaton-empresarial-%C3%82%C2%A1inscribete-y-participa.html HTTP/1.1" 206 993
111.225.149.196 - - [20/Jul/2023:14:52:06 -0500] "GET /BLA/resoluciones/AUTOS%202013/2256.pdf HTTP/1.1" 200 778295
205.210.31.103 - - [20/Jul/2023:14:52:51 -0500] "GET / HTTP/1.1" 200 319
172.22.2.4 - - [20/Jul/2023:14:53:21 -0500] "GET /BLA/boletinlegal/actos.php HTTP/1.1" 200 9682
172.22.2.4 - - [20/Jul/2023:14:53:31 -0500] "GET /BLA/boletinlegal/consulta_actos.php?tipo=autos&no=&usuario=&sector=RESIDUOS&fecha=2023&resuelve=sancion HTTP/1.1" 200 35129
186.155.12.217 - - [20/Jul/2023:14:53:39 -0500] "GET /BLA/resoluciones/AUTOS%202023/2717.pdf HTTP/1.1" 200 422913
172.22.2.4 - - [20/Jul/2023:14:52:22 -0500] "HEAD /BLA/boletinlegal/ HTTP/1.1" 200 -
186.155.12.217 - - [20/Jul/2023:14:54:46 -0500] "GET /BLA/resoluciones/AUTOS%202023/2382.pdf HTTP/1.1" 200 581718
172.22.2.4 - - [20/Jul/2023:14:53:12 -0500] "GET /BLA/boletinlegal/ HTTP/1.1" 200 55337
186.155.12.217 - - [20/Jul/2023:14:54:56 -0500] "GET /BLA/resoluciones/AUTOS%202023/2375.pdf HTTP/1.1" 304 -
186.102.56.44 - - [20/Jul/2023:14:54:57 -0500] "GET /calidad-del-aire-distrito-avanza-unido-por-un-nuevo-aire.html?utm_source=Meta_DIGI&utm_medium=CPMa&utm_campaign=Aire&utm_id=Julio_2023&gclid=EAIaIQobChMI9rm-loiegAMViI2nCh2Xaw3LEAEYASAAEgII0PD_BwE HTTP/1.1" 200 783
201.245.192.253 - - [20/Jul/2023:14:55:16 -0500] "POST /kwsrmcab/Wsrmcab  HTTP/1.1" 200 42133
216.245.221.92 - - [20/Jul/2023:14:55:19 -0500] "GET / HTTP/1.1" 200 319
66.249.66.38 - - [20/Jul/2023:14:56:08 -0500] "GET /images/liberacion-buho-la-conejera.jpg HTTP/1.1" 200 36270
111.225.149.57 - - [20/Jul/2023:14:57:26 -0500] "GET /BLA/resoluciones/RESOLUCIONES%202012/0749.pdf HTTP/1.1" 200 405313
172.22.2.4 - - [20/Jul/2023:14:58:09 -0500] "GET /BLA/boletinlegal/actos.php HTTP/1.1" 200 9682
172.22.2.4 - - [20/Jul/2023:14:58:30 -0500] "GET /BLA/boletinlegal/jurisprudencia.php HTTP/1.1" 200 17583
172.22.2.4 - - [20/Jul/2023:14:58:33 -0500] "GET /BLA/boletinlegal/conceptos.php HTTP/1.1" 200 7496
172.22.2.4 - - [20/Jul/2023:14:58:38 -0500] "GET /BLA/boletinlegal/consulta_conceptos.php?no=&solicitante=&radicado_entrada=&fecha_concepto=2017&objeto=ecourbanismo HTTP/1.1" 200 4589
172.22.2.4 - - [20/Jul/2023:14:58:53 -0500] "GET /BLA/boletinlegal/conceptos/2017/145.pdf HTTP/1.1" 200 359547
172.22.2.4 - - [20/Jul/2023:14:59:22 -0500] "GET /BLA/boletinlegal/conceptos/2017/100.pdf HTTP/1.1" 200 396649
3.131.233.204 - - [20/Jul/2023:14:59:24 -0500] "GET /calidad-del-aire-distrito-avanza-unido-por-un-nuevo-aire.html?utm_source=Meta_DIGI&utm_medium=CPMa&utm_campaign=Aire&utm_id=Julio_2023&gclid=EAIaIQobChMIrcvO14iegAMV_OjjBx366wmeEAEYASAAEgLUOfD_BwE HTTP/1.1" 200 783
172.22.2.4 - - [20/Jul/2023:14:59:29 -0500] "GET /BLA/boletinlegal/conceptos/2017/87.pdf HTTP/1.1" 200 311500
172.22.2.4 - - [20/Jul/2023:14:58:11 -0500] "HEAD /BLA/boletinlegal/ HTTP/1.1" 200 -
172.22.2.4 - - [20/Jul/2023:15:00:00 -0500] "GET /BLA/boletinlegal/conceptos/2017/67.pdf HTTP/1.1" 200 396207
111.225.148.199 - - [20/Jul/2023:15:00:07 -0500] "GET /BLA/resoluciones/AUTOS%202009/2799.pdf HTTP/1.1" 200 78820
172.22.2.4 - - [20/Jul/2023:15:00:10 -0500] "GET /BLA/boletinlegal/conceptos/2017/24.pdf HTTP/1.1" 200 328098
201.245.192.253 - - [20/Jul/2023:15:00:15 -0500] "POST /kwsrmcab/Wsrmcab  HTTP/1.1" 200 42133
216.245.221.92 - - [20/Jul/2023:15:00:18 -0500] "HEAD / HTTP/1.1" 200 -
172.22.2.4 - - [20/Jul/2023:14:59:02 -0500] "GET /BLA/boletinlegal/ HTTP/1.1" 200 56100
173.252.83.3 - - [20/Jul/2023:15:00:54 -0500] "GET /calidad-del-aire-distrito-avanza-unido-por-un-nuevo-aire.html?utm_id=Julio_2023 HTTP/1.1" 200 783
165.1.173.142 - - [20/Jul/2023:15:01:12 -0500] "GET /galeria/nivo-slider/demo/images/bannerplan2020.png HTTP/1.1" 304 -
110.249.202.88 - - [20/Jul/2023:15:02:46 -0500] "GET /BLA/resoluciones/AUTOS%202016/2961.pdf HTTP/1.1" 200 555370
181.59.145.39 - - [20/Jul/2023:15:03:26 -0500] "GET /calidad-del-aire-distrito-avanza-unido-por-un-nuevo-aire.html?utm_source=Meta_DIGI&utm_medium=CPMa&utm_campaign=Aire&utm_id=Julio_2023&gclid=EAIaIQobChMIk5TjgIqegAMVPwKtBh3q-QXqEAEYASAAEgLhDPD_BwE HTTP/1.1" 200 783
179.19.17.166 - - [20/Jul/2023:15:04:35 -0500] "GET /calidad-del-aire-distrito-avanza-unido-por-un-nuevo-aire.html?utm_source=Meta_DIGI&utm_medium=CPMa&utm_campaign=Aire&utm_id=Julio_2023&fbclid=IwAR1IxxYDYDqXgyTRoDRfxx51e83jAXjZP2Wl9KeCyVgDneHpnujHL6kWNEQ_aem_AYtFcEnaKcjfSQDkwiieTedB5RIeLPhb7Z370kx3IZ36Gp30IoKyF1ZXH01Pwdl4VKHTxJYOd9QszaGQgZ707fPZ HTTP/1.1" 200 783
201.245.192.253 - - [20/Jul/2023:15:05:13 -0500] "POST /kwsrmcab/Wsrmcab  HTTP/1.1" 200 42133
216.245.221.92 - - [20/Jul/2023:15:05:18 -0500] "HEAD / HTTP/1.1" 200 -
111.225.149.142 - - [20/Jul/2023:15:05:29 -0500] "GET /BLA/resoluciones/AUTOS%202019/4597.pdf HTTP/1.1" 200 478777
173.252.107.117 - - [20/Jul/2023:15:05:30 -0500] "GET /images/Senderos1.jpeg HTTP/1.1" 200 172777
172.22.2.4 - - [20/Jul/2023:15:04:01 -0500] "HEAD /BLA/boletinlegal/ HTTP/1.1" 200 -
31.13.103.116 - - [20/Jul/2023:15:06:05 -0500] "GET /quieres-que-tu-proyecto-de-construccion-sostenible-sea-reconocido-enterate-como-postularte.html HTTP/1.1" 200 869
207.46.13.217 - - [20/Jul/2023:15:06:44 -0500] "GET /BLA/resoluciones/AUTOS%202022/1507.pdf HTTP/1.1" 304 -
172.22.2.4 - - [20/Jul/2023:15:06:16 -0500] "GET /BLA/boletinlegal/ HTTP/1.1" 200 53248
172.22.2.4 - - [20/Jul/2023:15:06:17 -0500] "GET /BLA/boletinlegal/ HTTP/1.1" 200 53248
110.249.202.70 - - [20/Jul/2023:15:08:08 -0500] "GET /BLA/resoluciones/AUTOS%202011/2563.pdf HTTP/1.1" 200 255036
186.155.15.168 - - [20/Jul/2023:15:08:21 -0500] "GET /BLA/resoluciones/ HTTP/1.1" 200 13502
186.155.15.168 - - [20/Jul/2023:15:08:24 -0500] "GET /BLA/resoluciones/index.php?dir=AUTOS+2015%2F HTTP/1.1" 200 583190
95.108.213.108 - - [20/Jul/2023:15:08:39 -0500] "GET /portaldeninos/2018/04/09/hola-mundo/ HTTP/1.1" 200 93992
191.95.61.231 - - [20/Jul/2023:15:08:52 -0500] "GET /calidad-del-aire-distrito-avanza-unido-por-un-nuevo-aire.html?utm_source=Meta_DIGI&utm_medium=CPMa&utm_campaign=Aire&utm_id=Julio_2023&gclid=CjwKCAjwtuOlBhBREiwA7agf1ixloy6TE4gZ1r8Zd8-aqeDtamgFMk4PtkceBxFeNsvMmKpvex308BoCu-AQAvD_BwE HTTP/1.1" 200 783
201.245.192.253 - - [20/Jul/2023:15:10:12 -0500] "POST /kwsrmcab/Wsrmcab  HTTP/1.1" 200 42133
216.245.221.92 - - [20/Jul/2023:15:10:18 -0500] "HEAD / HTTP/1.1" 200 -
111.225.149.50 - - [20/Jul/2023:15:10:49 -0500] "GET /BLA/resoluciones/RESOLUCIONES%202011/1586.pdf HTTP/1.1" 200 70605
191.109.164.208 - - [20/Jul/2023:15:11:28 -0500] "GET /calidad-del-aire-distrito-avanza-unido-por-un-nuevo-aire.html?utm_source=Meta_DIGI&utm_medium=CPMa&utm_campaign=Aire&utm_id=Julio_2023&fbclid=IwAR1uoRIJMrZ6MvhiQuF9dfY5pDkTS9PFSu2sK1tVqnEfCeom_tRJbk2iQlM_aem_AYs7BM6KiBrRj3N2IcAFh3fWHjedafMzu_LWXdebK_4UMRNfWPbd24eK4pbEmt2XR5k6alYnhoh_P4kSlovGn0R5 HTTP/1.1" 200 783
172.22.2.4 - - [20/Jul/2023:15:09:52 -0500] "HEAD /BLA/boletinlegal/ HTTP/1.1" 200 -
190.60.254.218 - - [20/Jul/2023:15:11:44 -0500] "GET /sipse/faces/index.xhtml HTTP/1.1" 200 677
190.60.254.218 - - [20/Jul/2023:15:11:44 -0500] "GET /sipse/faces/javax.faces.resource/theme.css?ln=primefaces-sipse HTTP/1.1" 304 -
190.60.254.218 - - [20/Jul/2023:15:11:45 -0500] "GET /favicon.ico HTTP/1.1" 200 7782
190.60.254.218 - - [20/Jul/2023:15:11:46 -0500] "GET /sipse/faces/faces/autenticacion.xhtml HTTP/1.1" 200 12178
190.60.254.218 - - [20/Jul/2023:15:11:46 -0500] "GET /sipse/faces/javax.faces.resource/theme.css?ln=primefaces-sipse HTTP/1.1" 304 -
190.60.254.218 - - [20/Jul/2023:15:11:46 -0500] "GET /sipse/faces/javax.faces.resource/primefaces.css?ln=primefaces&v=4.0 HTTP/1.1" 304 -
190.60.254.218 - - [20/Jul/2023:15:11:46 -0500] "GET /sipse/css/custom_css_sg_prime_login.css HTTP/1.1" 304 -
190.60.254.218 - - [20/Jul/2023:15:11:46 -0500] "GET /sipse/faces/javax.faces.resource/layout/layout.css?ln=primefaces&v=4.0 HTTP/1.1" 304 -
190.60.254.218 - - [20/Jul/2023:15:11:46 -0500] "GET /sipse/css/custom_css_sg.css HTTP/1.1" 304 -
190.60.254.218 - - [20/Jul/2023:15:11:46 -0500] "GET /sipse/js/funciones.js HTTP/1.1" 304 -
190.60.254.218 - - [20/Jul/2023:15:11:46 -0500] "GET /sipse/faces/javax.faces.resource/layout/layout.js?ln=primefaces&v=4.0 HTTP/1.1" 304 -
190.60.254.218 - - [20/Jul/2023:15:11:46 -0500] "GET /sipse/faces/javax.faces.resource/jquery/jquery-plugins.js?ln=primefaces&v=4.0 HTTP/1.1" 304 -
190.60.254.218 - - [20/Jul/2023:15:11:46 -0500] "GET /sipse/faces/javax.faces.resource/jquery/jquery.js?ln=primefaces&v=4.0 HTTP/1.1" 304 -
190.60.254.218 - - [20/Jul/2023:15:11:46 -0500] "GET /sipse/faces/javax.faces.resource/primefaces.js?ln=primefaces&v=4.0 HTTP/1.1" 304 -
190.60.254.218 - - [20/Jul/2023:15:11:46 -0500] "GET /sipse/js/disable_browser_buttons.js HTTP/1.1" 304 -
190.60.254.218 - - [20/Jul/2023:15:11:48 -0500] "GET /sipse/css/imagen/logoSDG.png HTTP/1.1" 304 -
190.60.254.218 - - [20/Jul/2023:15:11:48 -0500] "GET /sipse/css/imagen/loginimg.png HTTP/1.1" 304 -
190.60.254.218 - - [20/Jul/2023:15:11:49 -0500] "GET /sipse/faces/javax.faces.resource/images/ui-icons_898989_256x240.png?ln=primefaces-aristo HTTP/1.1" 304 -
190.60.254.218 - - [20/Jul/2023:15:11:59 -0500] "POST /sipse/faces/autenticacion.xhtml HTTP/1.1" 200 2224
172.22.2.4 - - [20/Jul/2023:15:11:59 -0500] "GET /BLA/boletinlegal/consulta_conceptos.php?no=&solicitante=&radicado_entrada=&fecha_concepto=2022&objeto=eliminaci%F3n%20mesa HTTP/1.1" 200 570
190.60.254.218 - - [20/Jul/2023:15:12:00 -0500] "GET /sipse/faces/javax.faces.resource/messages/messages.png?ln=primefaces&v=4.0 HTTP/1.1" 304 -
172.22.2.4 - - [20/Jul/2023:15:12:05 -0500] "GET /BLA/boletinlegal/consulta_conceptos.php?no=&solicitante=&radicado_entrada=&fecha_concepto=2021&objeto=eliminaci%F3n%20mesa HTTP/1.1" 200 570
172.22.2.4 - - [20/Jul/2023:15:12:09 -0500] "GET /BLA/boletinlegal/conceptos.php HTTP/1.1" 200 7496
172.22.2.4 - - [20/Jul/2023:15:12:09 -0500] "GET /BLA/boletinlegal/jurisprudencia.php HTTP/1.1" 200 17583
172.22.2.4 - - [20/Jul/2023:15:12:10 -0500] "GET /BLA/boletinlegal/conceptos.php HTTP/1.1" 200 7496
191.156.58.165 - - [20/Jul/2023:15:12:20 -0500] "GET /calidad-del-aire-distrito-avanza-unido-por-un-nuevo-aire.html?utm_source=Meta_DIGI&utm_medium=CPMa&utm_campaign=Aire&utm_id=Julio_2023&fbclid=IwAR1L0aKGKPnBuWUCJ4eHCxRBYcrO3WSAAXq22viDe4goxu1FLw2rusfw3hI_aem_AYtxH-NnpGsrdzXXhX_OBchiP3novbmi7AV8XlriBXA2BHpTSD5pWJwKFmZl0fTYOPAAVhpwrwFob_H7x0aLa68g HTTP/1.1" 200 783
172.22.2.4 - - [20/Jul/2023:15:12:24 -0500] "GET /BLA/boletinlegal/consulta_conceptos.php?no=&solicitante=&radicado_entrada=&fecha_concepto=2021&objeto=eliminaci%F3n%20mesa HTTP/1.1" 200 570
172.22.2.4 - - [20/Jul/2023:15:12:26 -0500] "GET /BLA/boletinlegal/conceptos.php HTTP/1.1" 200 7496
190.60.254.218 - - [20/Jul/2023:15:12:27 -0500] "POST /sipse/faces/autenticacion.xhtml HTTP/1.1" 200 16328
190.60.254.218 - - [20/Jul/2023:15:12:28 -0500] "GET /sipse/css/custom_css_sg_prime.css HTTP/1.1" 304 -
190.60.254.218 - - [20/Jul/2023:15:12:28 -0500] "GET /sipse/faces/javax.faces.resource/theme.css?ln=primefaces-sipse HTTP/1.1" 304 -
190.60.254.218 - - [20/Jul/2023:15:12:28 -0500] "GET /sipse/faces/javax.faces.resource/primefaces.css?ln=primefaces&v=4.0 HTTP/1.1" 304 -
190.60.254.218 - - [20/Jul/2023:15:12:28 -0500] "GET /sipse/faces/javax.faces.resource/layout/layout.css?ln=primefaces&v=4.0 HTTP/1.1" 304 -
190.60.254.218 - - [20/Jul/2023:15:12:28 -0500] "GET /sipse/js/jquery.min.js HTTP/1.1" 304 -
190.60.254.218 - - [20/Jul/2023:15:12:28 -0500] "GET /sipse/faces/javax.faces.resource/jquery/jquery.js?ln=primefaces&v=4.0 HTTP/1.1" 304 -
190.60.254.218 - - [20/Jul/2023:15:12:29 -0500] "GET /sipse/faces/javax.faces.resource/jquery/jquery-plugins.js?ln=primefaces&v=4.0 HTTP/1.1" 304 -
190.60.254.218 - - [20/Jul/2023:15:12:29 -0500] "GET /sipse/faces/javax.faces.resource/primefaces.js?ln=primefaces&v=4.0 HTTP/1.1" 304 -
190.60.254.218 - - [20/Jul/2023:15:12:29 -0500] "GET /sipse/faces/javax.faces.resource/layout/layout.js?ln=primefaces&v=4.0 HTTP/1.1" 304 -
190.60.254.218 - - [20/Jul/2023:15:12:29 -0500] "GET /sipse/imagenes/logoAplicacion.jpg HTTP/1.1" 304 -
190.60.254.218 - - [20/Jul/2023:15:12:29 -0500] "GET /sipse/css/v_mergente.css HTTP/1.1" 304 -
190.60.254.218 - - [20/Jul/2023:15:12:29 -0500] "GET /sipse/imagenes/cargando.gif HTTP/1.1" 304 -
190.60.254.218 - - [20/Jul/2023:15:12:29 -0500] "GET /sipse/css/imagen/contrasena.png HTTP/1.1" 404 383
190.60.254.218 - - [20/Jul/2023:15:12:33 -0500] "GET /sipse/faces/javax.faces.resource/images/ui-bg_flat_0_2d5972_40x100.png?ln=primefaces-aristo HTTP/1.1" 304 -
190.60.254.218 - - [20/Jul/2023:15:12:33 -0500] "POST /sipse/faces/bienvenido.xhtml HTTP/1.1" 200 2658
190.60.254.218 - - [20/Jul/2023:15:12:34 -0500] "POST /sipse/faces/bienvenido.xhtml HTTP/1.1" 200 64597
190.60.254.218 - - [20/Jul/2023:15:12:35 -0500] "GET /sipse/faces/javax.faces.resource/theme.css?ln=primefaces-sipse HTTP/1.1" 304 -
190.60.254.218 - - [20/Jul/2023:15:12:35 -0500] "GET /sipse/faces/javax.faces.resource/primefaces.css?ln=primefaces&v=4.0 HTTP/1.1" 304 -
190.60.254.218 - - [20/Jul/2023:15:12:35 -0500] "GET /sipse/faces/javax.faces.resource/layout/layout.css?ln=primefaces&v=4.0 HTTP/1.1" 304 -
190.60.254.218 - - [20/Jul/2023:15:12:36 -0500] "GET /sipse/faces/javax.faces.resource/jquery/jquery.js?ln=primefaces&v=4.0 HTTP/1.1" 304 -
190.60.254.218 - - [20/Jul/2023:15:12:36 -0500] "GET /sipse/faces/javax.faces.resource/jquery/jquery-plugins.js?ln=primefaces&v=4.0 HTTP/1.1" 304 -
190.60.254.218 - - [20/Jul/2023:15:12:36 -0500] "GET /sipse/faces/javax.faces.resource/primefaces.js?ln=primefaces&v=4.0 HTTP/1.1" 304 -
190.60.254.218 - - [20/Jul/2023:15:12:36 -0500] "GET /sipse/faces/javax.faces.resource/layout/layout.js?ln=primefaces&v=4.0 HTTP/1.1" 304 -
190.60.254.218 - - [20/Jul/2023:15:12:37 -0500] "POST /sipse/faces/presentacion/financiero/solicitudProceso/listarSolicitudProceso.xhtml HTTP/1.1" 200 1556
172.22.2.4 - - [20/Jul/2023:15:12:37 -0500] "GET /BLA/boletinlegal/consulta_conceptos.php?no=&solicitante=&radicado_entrada=&fecha_concepto=2020&objeto=eliminaci%F3n%20mesa HTTP/1.1" 200 570
172.22.2.4 - - [20/Jul/2023:15:12:40 -0500] "GET /BLA/boletinlegal/conceptos.php HTTP/1.1" 200 7496
190.60.254.218 - - [20/Jul/2023:15:12:41 -0500] "POST /sipse/faces/presentacion/financiero/solicitudProceso/listarSolicitudProceso.xhtml HTTP/1.1" 200 29301
172.22.2.4 - - [20/Jul/2023:15:12:48 -0500] "GET /BLA/boletinlegal/consulta_conceptos.php?no=&solicitante=&radicado_entrada=&fecha_concepto=2020&objeto=eliminaci%F3n%20mesa HTTP/1.1" 200 570
172.22.2.4 - - [20/Jul/2023:15:12:53 -0500] "GET /BLA/boletinlegal/consulta_conceptos.php?no=&solicitante=&radicado_entrada=&fecha_concepto=2019&objeto=eliminaci%F3n%20mesa HTTP/1.1" 200 570
199.16.157.181 - - [20/Jul/2023:15:12:54 -0500] "-" 408 -
172.22.2.4 - - [20/Jul/2023:15:12:54 -0500] "GET /BLA/boletinlegal/consulta_conceptos.php?no=&solicitante=&radicado_entrada=&fecha_concepto=2019&objeto=eliminaci%F3n%20mesa HTTP/1.1" 200 570
172.22.2.4 - - [20/Jul/2023:15:12:55 -0500] "GET /BLA/boletinlegal/consulta_conceptos.php?no=&solicitante=&radicado_entrada=&fecha_concepto=2019&objeto=eliminaci%F3n%20mesa HTTP/1.1" 200 570
172.22.2.4 - - [20/Jul/2023:15:12:58 -0500] "GET /BLA/boletinlegal/conceptos.php HTTP/1.1" 200 7496
190.60.254.218 - - [20/Jul/2023:15:13:04 -0500] "POST /sipse/faces/presentacion/financiero/solicitudProceso/listarSolicitudProceso.xhtml HTTP/1.1" 200 184
190.60.254.218 - - [20/Jul/2023:15:13:05 -0500] "POST /sipse/faces/presentacion/financiero/solicitudProceso/listarSolicitudProceso.xhtml HTTP/1.1" 200 184
190.60.254.218 - - [20/Jul/2023:15:13:05 -0500] "GET /sipse/faces/presentacion/financiero/solicitudAnulacion/solicitudAnulacion.xhtml HTTP/1.1" 200 19248
190.60.254.218 - - [20/Jul/2023:15:13:05 -0500] "GET /sipse/faces/javax.faces.resource/theme.css?ln=primefaces-sipse HTTP/1.1" 304 -
190.60.254.218 - - [20/Jul/2023:15:13:05 -0500] "GET /sipse/faces/presentacion/financiero/solicitudAnulacion/solicitudAnulacion.xhtml HTTP/1.1" 200 31637
190.60.254.218 - - [20/Jul/2023:15:13:05 -0500] "GET /sipse/faces/javax.faces.resource/primefaces.css?ln=primefaces&v=4.0 HTTP/1.1" 304 -
190.60.254.218 - - [20/Jul/2023:15:13:05 -0500] "GET /sipse/faces/javax.faces.resource/layout/layout.css?ln=primefaces&v=4.0 HTTP/1.1" 304 -
190.60.254.218 - - [20/Jul/2023:15:13:05 -0500] "GET /sipse/faces/javax.faces.resource/jquery/jquery.js?ln=primefaces&v=4.0 HTTP/1.1" 304 -
190.60.254.218 - - [20/Jul/2023:15:13:05 -0500] "GET /sipse/faces/javax.faces.resource/jquery/jquery-plugins.js?ln=primefaces&v=4.0 HTTP/1.1" 304 -
190.60.254.218 - - [20/Jul/2023:15:13:05 -0500] "GET /sipse/faces/javax.faces.resource/primefaces.js?ln=primefaces&v=4.0 HTTP/1.1" 304 -
190.60.254.218 - - [20/Jul/2023:15:13:05 -0500] "GET /sipse/faces/javax.faces.resource/layout/layout.js?ln=primefaces&v=4.0 HTTP/1.1" 304 -
190.60.254.218 - - [20/Jul/2023:15:13:06 -0500] "POST /sipse/faces/presentacion/financiero/solicitudAnulacion/solicitudAnulacion.xhtml HTTP/1.1" 200 10464
190.60.254.218 - - [20/Jul/2023:15:13:06 -0500] "GET /sipse/faces/javax.faces.resource/messages/messages.png?ln=primefaces&v=4.0 HTTP/1.1" 304 -
190.60.254.218 - - [20/Jul/2023:15:13:10 -0500] "POST /sipse/faces/presentacion/financiero/solicitudAnulacion/solicitudAnulacion.xhtml HTTP/1.1" 200 36046
190.60.254.218 - - [20/Jul/2023:15:13:11 -0500] "GET /sipse/faces/javax.faces.resource/theme.css?ln=primefaces-sipse HTTP/1.1" 304 -
190.60.254.218 - - [20/Jul/2023:15:13:11 -0500] "GET /sipse/faces/javax.faces.resource/fileupload/fileupload.css?ln=primefaces&v=4.0 HTTP/1.1" 304 -
190.60.254.218 - - [20/Jul/2023:15:13:11 -0500] "GET /sipse/faces/javax.faces.resource/layout/layout.css?ln=primefaces&v=4.0 HTTP/1.1" 304 -
190.60.254.218 - - [20/Jul/2023:15:13:11 -0500] "GET /sipse/faces/javax.faces.resource/primefaces.css?ln=primefaces&v=4.0 HTTP/1.1" 304 -
190.60.254.218 - - [20/Jul/2023:15:13:11 -0500] "GET /sipse/faces/javax.faces.resource/jquery/jquery.js?ln=primefaces&v=4.0 HTTP/1.1" 304 -
190.60.254.218 - - [20/Jul/2023:15:13:11 -0500] "GET /sipse/faces/javax.faces.resource/jquery/jquery-plugins.js?ln=primefaces&v=4.0 HTTP/1.1" 304 -
190.60.254.218 - - [20/Jul/2023:15:13:11 -0500] "GET /sipse/faces/javax.faces.resource/primefaces.js?ln=primefaces&v=4.0 HTTP/1.1" 304 -
190.60.254.218 - - [20/Jul/2023:15:13:11 -0500] "GET /sipse/faces/javax.faces.resource/layout/layout.js?ln=primefaces&v=4.0 HTTP/1.1" 304 -
190.60.254.218 - - [20/Jul/2023:15:13:12 -0500] "GET /sipse/faces/javax.faces.resource/fileupload/fileupload.js?ln=primefaces&v=4.0 HTTP/1.1" 304 -
190.60.254.218 - - [20/Jul/2023:15:13:17 -0500] "POST /sipse/faces/presentacion/financiero/solicitudAnulacion/registrarSolicitudAnulacion.xhtml HTTP/1.1" 200 19435
172.22.2.4 - - [20/Jul/2023:15:13:26 -0500] "GET /BLA/boletinlegal/consulta_conceptos.php?no=&solicitante=&radicado_entrada=&fecha_concepto=2019&objeto=eliminaci%F3n%20mesa HTTP/1.1" 200 570
110.249.202.13 - - [20/Jul/2023:15:13:29 -0500] "GET /BLA/resoluciones/RESOLUCIONES%202013/0640.pdf HTTP/1.1" 200 2221502
172.22.2.4 - - [20/Jul/2023:15:12:01 -0500] "GET /BLA/boletinlegal/ HTTP/1.1" 200 45003
172.22.2.4 - - [20/Jul/2023:15:12:03 -0500] "GET /BLA/boletinlegal/ HTTP/1.1" 200 49099
186.84.20.181 - - [20/Jul/2023:15:13:58 -0500] "GET /calidad-del-aire-distrito-avanza-unido-por-un-nuevo-aire.html?utm_source=Meta_DIGI&utm_medium=CPMa&utm_campaign=Aire&utm_id=Julio_2023&fbclid=IwAR3McTuIDxtV_Kb76zEJO161FgnhXZa3fYfklZkmKrdM9hoIRcHRLvPbLMI_aem_AYsrpQ3Zp8Hy6IeExIwSdWytcf70puxb74M0JRxVHaJkbE3VaXVwMYtUmYCfsNJGwndfMYUOOGe2MjFcanFkK2vs HTTP/1.1" 200 783
213.180.203.81 - - [20/Jul/2023:15:14:08 -0500] "GET /portaldeninos/aula-ambiental-artistica-itinerante-auambari/ HTTP/1.1" 200 89306
172.22.2.4 - - [20/Jul/2023:15:14:25 -0500] "GET /BLA/boletinlegal/Directivas/2013/Directiva%20No.%202%20del%2004%20de%20Abril%20de%202013.pdf HTTP/1.1" 200 1182671
172.22.2.4 - - [20/Jul/2023:15:15:03 -0500] "GET /BLA/boletinlegal/normativa.php HTTP/1.1" 200 8343
172.22.2.4 - - [20/Jul/2023:15:15:06 -0500] "GET /BLA/boletinlegal/normativa.php HTTP/1.1" 200 8343
172.22.2.4 - - [20/Jul/2023:15:15:10 -0500] "GET /BLA/boletinlegal/actos.php HTTP/1.1" 200 9682
172.22.2.4 - - [20/Jul/2023:15:15:11 -0500] "GET /BLA/boletinlegal/doctrina.php HTTP/1.1" 200 5614
172.22.2.4 - - [20/Jul/2023:15:15:11 -0500] "GET /BLA/boletinlegal/js/ajax_doctrina.js HTTP/1.1" 200 772
201.245.192.253 - - [20/Jul/2023:15:15:11 -0500] "POST /kwsrmcab/Wsrmcab  HTTP/1.1" 200 42133
216.245.221.92 - - [20/Jul/2023:15:15:18 -0500] "HEAD / HTTP/1.1" 200 -
111.225.148.196 - - [20/Jul/2023:15:16:09 -0500] "GET /BLA/resoluciones/AUTOS%202008/2055.pdf HTTP/1.1" 200 180602
172.22.2.4 - - [20/Jul/2023:15:15:13 -0500] "GET /BLA/boletinlegal/index.php HTTP/1.1" 200 60612
191.156.34.16 - - [20/Jul/2023:15:18:47 -0500] "GET /calidad-del-aire-distrito-avanza-unido-por-un-nuevo-aire.html?utm_source=Meta_DIGI&utm_medium=CPMa&utm_campaign=Aire&utm_id=Julio_2023&fbclid=IwAR1AOD5evfW4i70piKcqVegTRSKqrMUlUUj1SRi6FZbeIrKwxQjCwfVxXzM_aem_AYswII8aq4mkKaEdIO1S3BzQWYZxbaV-eXawkwRwEa4G6kGky_w_hrql8SeA1IaabSjLFvkap9E8q6yEHQgnuDUY HTTP/1.1" 200 783
111.225.148.110 - - [20/Jul/2023:15:18:49 -0500] "GET /BLA/resoluciones/AUTOS%202008/2275.pdf HTTP/1.1" 200 189174
40.77.167.192 - - [20/Jul/2023:15:18:59 -0500] "GET /calidad-del-aire-en-bogota-afectada-de-nuevo-por-incendios-forestales-se-decreta-alerta-fase-1.html HTTP/1.1" 200 1057
179.51.119.253 - - [20/Jul/2023:15:19:16 -0500] "GET /calidad-del-aire-distrito-avanza-unido-por-un-nuevo-aire.html?utm_source=Meta_DIGI&utm_medium=CPMa&utm_campaign=Aire&utm_id=Julio_2023&gclid=EAIaIQobChMI8rvm0I2egAMVYBqtBh1MTQ7YEAEYASAAEgJEu_D_BwE HTTP/1.1" 200 783
201.245.192.253 - - [20/Jul/2023:15:19:45 -0500] "POST /kwsrmcab/Wsrmcab HTTP/1.1" 200 43523
201.245.192.253 - - [20/Jul/2023:15:19:48 -0500] "POST /kwsrmcab/Wsrmcab HTTP/1.1" 200 43189
40.77.167.161 - - [20/Jul/2023:15:20:01 -0500] "GET /Publicaciones/2023EE66687.pdf HTTP/1.1" 404 227
201.245.192.253 - - [20/Jul/2023:15:20:11 -0500] "POST /kwsrmcab/Wsrmcab  HTTP/1.1" 200 42133
216.245.221.92 - - [20/Jul/2023:15:20:18 -0500] "HEAD / HTTP/1.1" 200 -
111.225.149.243 - - [20/Jul/2023:15:21:30 -0500] "GET /BLA/resoluciones/AUTOS%202017/0145.pdf HTTP/1.1" 200 514583
191.156.159.192 - - [20/Jul/2023:15:22:04 -0500] "GET /calidad-del-aire-distrito-avanza-unido-por-un-nuevo-aire.html?utm_source=Meta_DIGI&utm_medium=CPMa&utm_campaign=Aire&utm_id=Julio_2023&gclid=EAIaIQobChMIgOPgn46egAMVRfTnAx2b0ATaEAEYASAAEgKx9_D_BwE HTTP/1.1" 200 783
74.125.210.196 - - [20/Jul/2023:15:22:12 -0500] "GET /galeria/galeria/fotos/Soratama1G.jpg HTTP/1.1" 200 127762
181.53.13.28 - - [20/Jul/2023:15:22:51 -0500] "GET /calidad-del-aire-distrito-avanza-unido-por-un-nuevo-aire.html?utm_source=Meta_DIGI&utm_medium=CPMa&utm_campaign=Aire&utm_id=Julio_2023&gclid=EAIaIQobChMIhNnhs46egAMVVQCKAx3R_AAYEAEYASAAEgLG_vD_BwE HTTP/1.1" 200 783
40.77.167.161 - - [20/Jul/2023:15:23:51 -0500] "GET /BLA/resoluciones/AUTOS%202023/1988.pdf HTTP/1.1" 200 396748
172.22.2.4 - - [20/Jul/2023:15:22:12 -0500] "GET /BLA/boletinlegal/ HTTP/1.1" 200 60612
161.35.91.252 - - [20/Jul/2023:15:23:59 -0500] "GET /client/get_targets HTTP/1.1" 404 1018
161.35.91.252 - - [20/Jul/2023:15:24:00 -0500] "GET /upl.php HTTP/1.1" 404 1018
161.35.91.252 - - [20/Jul/2023:15:24:00 -0500] "\x16\x03\x01" 400 226
161.35.91.252 - - [20/Jul/2023:15:24:00 -0500] "GET /geoip/ HTTP/1.1" 404 1018
161.35.91.252 - - [20/Jul/2023:15:24:01 -0500] "GET / HTTP/1.1" 200 319
161.35.91.252 - - [20/Jul/2023:15:24:01 -0500] "GET /favicon.ico HTTP/1.1" 200 7782
161.35.91.252 - - [20/Jul/2023:15:24:02 -0500] "GET /1.php HTTP/1.1" 404 1018
161.35.91.252 - - [20/Jul/2023:15:24:02 -0500] "GET /bundle.js HTTP/1.1" 404 1018
111.225.149.13 - - [20/Jul/2023:15:24:11 -0500] "GET /BLA/resoluciones/AUTOS%202020/3521.pdf HTTP/1.1" 200 373514
201.245.192.253 - - [20/Jul/2023:15:25:10 -0500] "POST /kwsrmcab/Wsrmcab  HTTP/1.1" 200 42133
216.245.221.92 - - [20/Jul/2023:15:25:18 -0500] "HEAD / HTTP/1.1" 200 -
186.114.248.59 - - [20/Jul/2023:15:26:18 -0500] "GET /BLA/resoluciones/index.php?dir= HTTP/1.1" 200 13502
186.114.248.59 - - [20/Jul/2023:15:26:20 -0500] "GET /BLA/resoluciones/index.php?dir=AUTOS+2016%2F HTTP/1.1" 200 330970
111.225.148.112 - - [20/Jul/2023:15:26:49 -0500] "GET /BLA/resoluciones/AUTOS%202016/1779.pdf HTTP/1.1" 200 260597
190.60.254.218 - - [20/Jul/2023:15:28:21 -0500] "POST /sipse/faces/presentacion/financiero/solicitudAnulacion/registrarSolicitudAnulacion.xhtml HTTP/1.1" 200 19453
69.171.251.4 - - [20/Jul/2023:15:28:25 -0500] "GET /images/cr\xc3\xb3nica-29-nov-1_optimized.jpeg HTTP/1.1" 404 1034
172.22.2.4 - - [20/Jul/2023:15:27:12 -0500] "HEAD /BLA/boletinlegal/ HTTP/1.1" 200 -
111.225.149.2 - - [20/Jul/2023:15:29:29 -0500] "GET /BLA/resoluciones/AUTOS%202019/1843.pdf HTTP/1.1" 200 296397
172.22.2.4 - - [20/Jul/2023:15:28:04 -0500] "GET /BLA/boletinlegal/ HTTP/1.1" 200 55337
201.245.192.253 - - [20/Jul/2023:15:29:44 -0500] "POST /kwsrmcab/Wsrmcab HTTP/1.1" 200 43523
201.245.192.253 - - [20/Jul/2023:15:29:48 -0500] "POST /kwsrmcab/Wsrmcab HTTP/1.1" 200 43189
216.245.221.92 - - [20/Jul/2023:15:30:18 -0500] "HEAD / HTTP/1.1" 200 -
