190.60.254.218 - - [20/Jul/2023:16:41:39 -0500] "GET /sipse/faces/javax.faces.resource/primefaces.css?ln=primefaces&v=4.0 HTTP/1.1" 304 -
190.60.254.218 - - [20/Jul/2023:16:41:39 -0500] "GET /sipse/faces/javax.faces.resource/layout/layout.css?ln=primefaces&v=4.0 HTTP/1.1" 304 -
190.60.254.218 - - [20/Jul/2023:16:41:39 -0500] "GET /sipse/faces/javax.faces.resource/jquery/jquery.js?ln=primefaces&v=4.0 HTTP/1.1" 304 -
190.60.254.218 - - [20/Jul/2023:16:41:39 -0500] "GET /sipse/faces/javax.faces.resource/jquery/jquery-plugins.js?ln=primefaces&v=4.0 HTTP/1.1" 304 -
190.60.254.218 - - [20/Jul/2023:16:41:39 -0500] "GET /sipse/faces/javax.faces.resource/primefaces.js?ln=primefaces&v=4.0 HTTP/1.1" 304 -
190.60.254.218 - - [20/Jul/2023:16:41:40 -0500] "GET /sipse/faces/javax.faces.resource/layout/layout.js?ln=primefaces&v=4.0 HTTP/1.1" 304 -
190.60.254.218 - - [20/Jul/2023:16:41:40 -0500] "POST /sipse/faces/presentacion/financiero/solicitudProceso/listarSolicitudProceso.xhtml HTTP/1.1" 200 59168
190.60.254.218 - - [20/Jul/2023:16:41:41 -0500] "POST /sipse/faces/presentacion/financiero/solicitudProceso/listarSolicitudProceso.xhtml HTTP/1.1" 200 59168
190.60.254.218 - - [20/Jul/2023:16:41:41 -0500] "POST /sipse/faces/presentacion/financiero/solicitudProceso/listarSolicitudProceso.xhtml HTTP/1.1" 200 59168
190.60.254.218 - - [20/Jul/2023:16:41:42 -0500] "POST /sipse/faces/presentacion/financiero/solicitudProceso/listarSolicitudProceso.xhtml HTTP/1.1" 200 59168
110.249.201.77 - - [20/Jul/2023:16:41:42 -0500] "GET /BLA/resoluciones/RESOLUCIONES%202011/0725.pdf HTTP/1.1" 200 93693
190.60.254.218 - - [20/Jul/2023:16:41:42 -0500] "POST /sipse/faces/presentacion/financiero/solicitudProceso/listarSolicitudProceso.xhtml HTTP/1.1" 200 59168
190.60.254.218 - - [20/Jul/2023:16:41:43 -0500] "POST /sipse/faces/presentacion/financiero/solicitudProceso/listarSolicitudProceso.xhtml HTTP/1.1" 200 59168
52.167.144.47 - - [20/Jul/2023:16:41:43 -0500] "GET /por-un-corazon-mas-verde-del-1-al-9-de-junio-se-celebrara-la-semana-ambiental-2023-en-bogota.html HTTP/1.1" 200 819
190.60.254.218 - - [20/Jul/2023:16:41:44 -0500] "POST /sipse/faces/presentacion/financiero/solicitudProceso/listarSolicitudProceso.xhtml HTTP/1.1" 200 1556
190.60.254.218 - - [20/Jul/2023:16:41:44 -0500] "POST /sipse/faces/presentacion/financiero/solicitudProceso/listarSolicitudProceso.xhtml HTTP/1.1" 200 1556
190.60.254.218 - - [20/Jul/2023:16:41:44 -0500] "POST /sipse/faces/presentacion/financiero/solicitudProceso/listarSolicitudProceso.xhtml HTTP/1.1" 200 1556
190.60.254.218 - - [20/Jul/2023:16:41:45 -0500] "POST /sipse/faces/presentacion/financiero/solicitudProceso/listarSolicitudProceso.xhtml HTTP/1.1" 200 1556
190.60.254.218 - - [20/Jul/2023:16:41:45 -0500] "POST /sipse/faces/presentacion/financiero/solicitudProceso/listarSolicitudProceso.xhtml HTTP/1.1" 200 1556
190.60.254.218 - - [20/Jul/2023:16:41:45 -0500] "POST /sipse/faces/presentacion/financiero/solicitudProceso/listarSolicitudProceso.xhtml HTTP/1.1" 200 1556
190.60.254.218 - - [20/Jul/2023:16:41:46 -0500] "POST /sipse/faces/presentacion/financiero/solicitudProceso/listarSolicitudProceso.xhtml HTTP/1.1" 200 1556
190.60.254.218 - - [20/Jul/2023:16:41:49 -0500] "POST /sipse/faces/presentacion/financiero/solicitudProceso/listarSolicitudProceso.xhtml HTTP/1.1" 200 184
190.60.254.218 - - [20/Jul/2023:16:41:50 -0500] "POST /sipse/faces/presentacion/financiero/solicitudProceso/listarSolicitudProceso.xhtml HTTP/1.1" 200 184
190.60.254.218 - - [20/Jul/2023:16:41:50 -0500] "POST /sipse/faces/presentacion/financiero/solicitudProceso/listarSolicitudProceso.xhtml HTTP/1.1" 200 184
190.60.254.218 - - [20/Jul/2023:16:41:50 -0500] "GET /sipse/faces/presentacion/financiero/solicitudAnulacion/solicitudAnulacion.xhtml HTTP/1.1" 200 15776
190.60.254.218 - - [20/Jul/2023:16:41:50 -0500] "GET /sipse/faces/presentacion/financiero/solicitudAnulacion/solicitudAnulacion.xhtml HTTP/1.1" 200 16132
190.60.254.218 - - [20/Jul/2023:16:41:50 -0500] "POST /sipse/faces/presentacion/financiero/solicitudProceso/listarSolicitudProceso.xhtml HTTP/1.1" 200 184
190.60.254.218 - - [20/Jul/2023:16:41:50 -0500] "POST /sipse/faces/presentacion/financiero/solicitudProceso/listarSolicitudProceso.xhtml HTTP/1.1" 200 184
190.60.254.218 - - [20/Jul/2023:16:41:50 -0500] "GET /sipse/faces/presentacion/financiero/solicitudAnulacion/solicitudAnulacion.xhtml HTTP/1.1" 200 15776
190.60.254.218 - - [20/Jul/2023:16:41:50 -0500] "GET /sipse/faces/presentacion/financiero/solicitudAnulacion/solicitudAnulacion.xhtml HTTP/1.1" 200 15776
190.60.254.218 - - [20/Jul/2023:16:41:50 -0500] "POST /sipse/faces/presentacion/financiero/solicitudProceso/listarSolicitudProceso.xhtml HTTP/1.1" 200 184
190.60.254.218 - - [20/Jul/2023:16:41:50 -0500] "POST /sipse/faces/presentacion/financiero/solicitudProceso/listarSolicitudProceso.xhtml HTTP/1.1" 200 184
190.60.254.218 - - [20/Jul/2023:16:41:50 -0500] "GET /sipse/faces/presentacion/financiero/solicitudAnulacion/solicitudAnulacion.xhtml HTTP/1.1" 200 16132
190.60.254.218 - - [20/Jul/2023:16:41:50 -0500] "POST /sipse/faces/presentacion/financiero/solicitudProceso/listarSolicitudProceso.xhtml HTTP/1.1" 200 184
190.60.254.218 - - [20/Jul/2023:16:41:50 -0500] "GET /sipse/faces/presentacion/financiero/solicitudAnulacion/solicitudAnulacion.xhtml HTTP/1.1" 200 21304
190.60.254.218 - - [20/Jul/2023:16:41:51 -0500] "GET /sipse/faces/presentacion/financiero/solicitudAnulacion/solicitudAnulacion.xhtml HTTP/1.1" 200 32810
190.60.254.218 - - [20/Jul/2023:16:41:51 -0500] "GET /sipse/faces/presentacion/financiero/solicitudAnulacion/solicitudAnulacion.xhtml HTTP/1.1" 200 32810
190.60.254.218 - - [20/Jul/2023:16:41:51 -0500] "GET /sipse/faces/javax.faces.resource/theme.css?ln=primefaces-sipse HTTP/1.1" 304 -
190.60.254.218 - - [20/Jul/2023:16:41:51 -0500] "GET /sipse/faces/javax.faces.resource/primefaces.css?ln=primefaces&v=4.0 HTTP/1.1" 304 -
190.60.254.218 - - [20/Jul/2023:16:41:51 -0500] "GET /sipse/faces/javax.faces.resource/layout/layout.css?ln=primefaces&v=4.0 HTTP/1.1" 304 -
190.60.254.218 - - [20/Jul/2023:16:41:51 -0500] "GET /sipse/faces/javax.faces.resource/jquery/jquery.js?ln=primefaces&v=4.0 HTTP/1.1" 304 -
190.60.254.218 - - [20/Jul/2023:16:41:51 -0500] "GET /sipse/faces/javax.faces.resource/jquery/jquery-plugins.js?ln=primefaces&v=4.0 HTTP/1.1" 304 -
190.60.254.218 - - [20/Jul/2023:16:41:51 -0500] "GET /sipse/faces/javax.faces.resource/primefaces.js?ln=primefaces&v=4.0 HTTP/1.1" 304 -
190.60.254.218 - - [20/Jul/2023:16:41:51 -0500] "GET /sipse/faces/javax.faces.resource/layout/layout.js?ln=primefaces&v=4.0 HTTP/1.1" 304 -
190.60.254.218 - - [20/Jul/2023:16:41:51 -0500] "POST /sipse/faces/presentacion/financiero/solicitudAnulacion/solicitudAnulacion.xhtml HTTP/1.1" 200 10464
190.60.254.218 - - [20/Jul/2023:16:41:52 -0500] "GET /sipse/faces/javax.faces.resource/messages/messages.png?ln=primefaces&v=4.0 HTTP/1.1" 304 -
172.22.2.4 - - [20/Jul/2023:16:40:13 -0500] "GET /BLA/boletinlegal/ HTTP/1.1" 200 57272
190.60.254.218 - - [20/Jul/2023:16:41:55 -0500] "POST /sipse/faces/presentacion/financiero/solicitudAnulacion/solicitudAnulacion.xhtml HTTP/1.1" 200 37219
190.60.254.218 - - [20/Jul/2023:16:41:55 -0500] "GET /sipse/faces/javax.faces.resource/theme.css?ln=primefaces-sipse HTTP/1.1" 304 -
190.60.254.218 - - [20/Jul/2023:16:41:55 -0500] "GET /sipse/faces/javax.faces.resource/primefaces.css?ln=primefaces&v=4.0 HTTP/1.1" 304 -
190.60.254.218 - - [20/Jul/2023:16:41:55 -0500] "GET /sipse/faces/javax.faces.resource/layout/layout.css?ln=primefaces&v=4.0 HTTP/1.1" 304 -
190.60.254.218 - - [20/Jul/2023:16:41:55 -0500] "GET /sipse/faces/javax.faces.resource/fileupload/fileupload.css?ln=primefaces&v=4.0 HTTP/1.1" 304 -
190.60.254.218 - - [20/Jul/2023:16:41:55 -0500] "GET /sipse/faces/javax.faces.resource/jquery/jquery.js?ln=primefaces&v=4.0 HTTP/1.1" 304 -
190.60.254.218 - - [20/Jul/2023:16:41:56 -0500] "GET /sipse/faces/javax.faces.resource/jquery/jquery-plugins.js?ln=primefaces&v=4.0 HTTP/1.1" 304 -
190.60.254.218 - - [20/Jul/2023:16:41:56 -0500] "GET /sipse/faces/javax.faces.resource/primefaces.js?ln=primefaces&v=4.0 HTTP/1.1" 304 -
190.60.254.218 - - [20/Jul/2023:16:41:56 -0500] "GET /sipse/faces/javax.faces.resource/layout/layout.js?ln=primefaces&v=4.0 HTTP/1.1" 304 -
190.60.254.218 - - [20/Jul/2023:16:41:56 -0500] "GET /sipse/faces/javax.faces.resource/fileupload/fileupload.js?ln=primefaces&v=4.0 HTTP/1.1" 304 -
190.60.254.218 - - [20/Jul/2023:16:42:00 -0500] "POST /sipse/faces/presentacion/financiero/solicitudAnulacion/registrarSolicitudAnulacion.xhtml HTTP/1.1" 200 19435
190.60.254.218 - - [20/Jul/2023:16:42:04 -0500] "POST /sipse/faces/presentacion/financiero/solicitudAnulacion/registrarSolicitudAnulacion.xhtml HTTP/1.1" 200 19449
201.245.192.253 - - [20/Jul/2023:16:42:03 -0500] "POST /kwsrmcab/Wsrmcab  HTTP/1.1" 200 42133
191.156.228.93 - - [20/Jul/2023:16:42:11 -0500] "GET /calidad-del-aire-distrito-avanza-unido-por-un-nuevo-aire.html?utm_source=Meta_DIGI&utm_medium=CPMa&utm_campaign=Aire&utm_id=Julio_2023&fbclid=IwAR0Cz3iosVu6yoKVn9NRjVRP1hM_koCFyEOGOWy806GLfPEcF5JrPYU59Ac_aem_AWWORFDUFoogIQ2c79G4GJw4a_pocacF8xpKm4-lyPChKpM_4ggHtKH4YvdbQk56k-JnwB4KrBIDERC78MSdpCR3 HTTP/1.1" 200 783
190.60.254.218 - - [20/Jul/2023:16:42:13 -0500] "POST /sipse/faces/presentacion/financiero/solicitudAnulacion/registrarSolicitudAnulacion.xhtml HTTP/1.1" 200 3858
186.84.21.89 - - [20/Jul/2023:16:42:17 -0500] "GET /calidad-del-aire-distrito-avanza-unido-por-un-nuevo-aire.html?utm_source=Meta_DIGI&utm_medium=CPMa&utm_campaign=Aire&utm_id=Julio_2023&gclid=EAIaIQobChMIi--ZlqCegAMVCe5kCh0GUguGEAEYASAAEgIrFvD_BwE HTTP/1.1" 200 783
190.60.254.218 - - [20/Jul/2023:16:42:18 -0500] "POST /sipse/faces/presentacion/financiero/solicitudAnulacion/registrarSolicitudAnulacion.xhtml HTTP/1.1" 200 41923
190.60.254.218 - - [20/Jul/2023:16:42:19 -0500] "GET /sipse/faces/javax.faces.resource/theme.css?ln=primefaces-sipse HTTP/1.1" 304 -
190.60.254.218 - - [20/Jul/2023:16:42:19 -0500] "GET /sipse/faces/javax.faces.resource/jquery/jquery.js?ln=primefaces&v=4.0 HTTP/1.1" 304 -
190.60.254.218 - - [20/Jul/2023:16:42:19 -0500] "GET /sipse/faces/javax.faces.resource/primefaces.css?ln=primefaces&v=4.0 HTTP/1.1" 304 -
190.60.254.218 - - [20/Jul/2023:16:42:19 -0500] "GET /sipse/faces/javax.faces.resource/layout/layout.css?ln=primefaces&v=4.0 HTTP/1.1" 304 -
190.60.254.218 - - [20/Jul/2023:16:42:19 -0500] "GET /sipse/faces/javax.faces.resource/jquery/jquery-plugins.js?ln=primefaces&v=4.0 HTTP/1.1" 304 -
190.60.254.218 - - [20/Jul/2023:16:42:19 -0500] "GET /sipse/faces/javax.faces.resource/primefaces.js?ln=primefaces&v=4.0 HTTP/1.1" 304 -
190.60.254.218 - - [20/Jul/2023:16:42:19 -0500] "GET /sipse/faces/javax.faces.resource/layout/layout.js?ln=primefaces&v=4.0 HTTP/1.1" 304 -
190.60.254.218 - - [20/Jul/2023:16:42:35 -0500] "POST /sipse/faces/presentacion/financiero/solicitudProceso/consultar.xhtml HTTP/1.1" 200 10262
172.22.2.4 - - [20/Jul/2023:16:42:40 -0500] "GET /BLA/boletinlegal/actos.php HTTP/1.1" 200 9682
172.22.2.4 - - [20/Jul/2023:16:42:42 -0500] "GET /BLA/boletinlegal/consulta_actos.php?tipo=autos&no=&usuario=&sector=RESIDUOS&fecha=2023&resuelve=sancion HTTP/1.1" 200 35129
190.60.254.218 - - [20/Jul/2023:16:42:50 -0500] "POST /sipse/faces/presentacion/financiero/solicitudProceso/consultar.xhtml HTTP/1.1" 200 24281
190.60.254.218 - - [20/Jul/2023:16:42:53 -0500] "POST /sipse/faces/presentacion/financiero/solicitudProceso/consultar.xhtml HTTP/1.1" 200 37125
190.60.254.218 - - [20/Jul/2023:16:42:53 -0500] "GET /sipse/faces/javax.faces.resource/theme.css?ln=primefaces-sipse HTTP/1.1" 304 -
190.60.254.218 - - [20/Jul/2023:16:42:53 -0500] "GET /sipse/faces/javax.faces.resource/primefaces.css?ln=primefaces&v=4.0 HTTP/1.1" 304 -
190.60.254.218 - - [20/Jul/2023:16:42:53 -0500] "GET /sipse/faces/javax.faces.resource/fileupload/fileupload.css?ln=primefaces&v=4.0 HTTP/1.1" 304 -
190.60.254.218 - - [20/Jul/2023:16:42:53 -0500] "GET /sipse/faces/javax.faces.resource/jquery/jquery.js?ln=primefaces&v=4.0 HTTP/1.1" 304 -
190.60.254.218 - - [20/Jul/2023:16:42:53 -0500] "GET /sipse/faces/javax.faces.resource/layout/layout.css?ln=primefaces&v=4.0 HTTP/1.1" 304 -
190.60.254.218 - - [20/Jul/2023:16:42:53 -0500] "GET /sipse/faces/javax.faces.resource/jquery/jquery-plugins.js?ln=primefaces&v=4.0 HTTP/1.1" 304 -
190.60.254.218 - - [20/Jul/2023:16:42:53 -0500] "GET /sipse/faces/javax.faces.resource/primefaces.js?ln=primefaces&v=4.0 HTTP/1.1" 304 -
190.60.254.218 - - [20/Jul/2023:16:42:53 -0500] "GET /sipse/faces/javax.faces.resource/layout/layout.js?ln=primefaces&v=4.0 HTTP/1.1" 304 -
190.60.254.218 - - [20/Jul/2023:16:42:53 -0500] "GET /sipse/faces/javax.faces.resource/fileupload/fileupload.js?ln=primefaces&v=4.0 HTTP/1.1" 304 -
190.60.254.218 - - [20/Jul/2023:16:42:57 -0500] "POST /sipse/faces/presentacion/financiero/solicitudAnulacion/registrarSolicitudAnulacion.xhtml HTTP/1.1" 200 184
190.60.254.218 - - [20/Jul/2023:16:42:57 -0500] "POST /sipse/faces/presentacion/financiero/solicitudAnulacion/registrarSolicitudAnulacion.xhtml HTTP/1.1" 200 184
190.60.254.218 - - [20/Jul/2023:16:42:57 -0500] "POST /sipse/faces/presentacion/financiero/solicitudAnulacion/registrarSolicitudAnulacion.xhtml HTTP/1.1" 200 184
190.60.254.218 - - [20/Jul/2023:16:42:57 -0500] "GET /sipse/faces/presentacion/financiero/solicitudAnulacion/solicitudAnulacion.xhtml HTTP/1.1" 200 32810
190.60.254.218 - - [20/Jul/2023:16:42:57 -0500] "POST /sipse/faces/presentacion/financiero/solicitudAnulacion/registrarSolicitudAnulacion.xhtml HTTP/1.1" 200 184
190.60.254.218 - - [20/Jul/2023:16:42:57 -0500] "GET /sipse/faces/presentacion/financiero/solicitudAnulacion/solicitudAnulacion.xhtml HTTP/1.1" 200 32810
190.60.254.218 - - [20/Jul/2023:16:42:57 -0500] "GET /sipse/faces/presentacion/financiero/solicitudAnulacion/solicitudAnulacion.xhtml HTTP/1.1" 200 32810
190.60.254.218 - - [20/Jul/2023:16:42:58 -0500] "GET /sipse/faces/javax.faces.resource/theme.css?ln=primefaces-sipse HTTP/1.1" 304 -
190.60.254.218 - - [20/Jul/2023:16:42:58 -0500] "GET /sipse/faces/javax.faces.resource/primefaces.css?ln=primefaces&v=4.0 HTTP/1.1" 304 -
190.60.254.218 - - [20/Jul/2023:16:42:58 -0500] "GET /sipse/faces/presentacion/financiero/solicitudAnulacion/solicitudAnulacion.xhtml HTTP/1.1" 200 32810
190.60.254.218 - - [20/Jul/2023:16:42:58 -0500] "GET /sipse/faces/javax.faces.resource/layout/layout.js?ln=primefaces&v=4.0 HTTP/1.1" 304 -
190.60.254.218 - - [20/Jul/2023:16:42:58 -0500] "GET /sipse/faces/javax.faces.resource/layout/layout.css?ln=primefaces&v=4.0 HTTP/1.1" 304 -
190.60.254.218 - - [20/Jul/2023:16:42:58 -0500] "GET /sipse/faces/javax.faces.resource/jquery/jquery-plugins.js?ln=primefaces&v=4.0 HTTP/1.1" 304 -
190.60.254.218 - - [20/Jul/2023:16:42:58 -0500] "GET /sipse/faces/javax.faces.resource/jquery/jquery.js?ln=primefaces&v=4.0 HTTP/1.1" 304 -
190.60.254.218 - - [20/Jul/2023:16:42:58 -0500] "GET /sipse/faces/javax.faces.resource/primefaces.js?ln=primefaces&v=4.0 HTTP/1.1" 304 -
190.60.254.218 - - [20/Jul/2023:16:42:58 -0500] "POST /sipse/faces/presentacion/financiero/solicitudAnulacion/solicitudAnulacion.xhtml HTTP/1.1" 200 10464
172.22.2.4 - - [20/Jul/2023:16:43:07 -0500] "GET /BLA/boletinlegal/favicon-32x32.png HTTP/1.1" 404 1018
172.22.2.4 - - [20/Jul/2023:16:43:10 -0500] "GET /BLA/boletinlegal/consulta_actos.php?tipo=autos&no=&usuario=&sector=RESIDUOS&fecha=2023&resuelve=ideam%20 HTTP/1.1" 200 626
172.22.2.4 - - [20/Jul/2023:16:43:16 -0500] "GET /BLA/boletinlegal/consulta_actos.php?tipo=autos&no=&usuario=&sector=RESIDUOS&fecha=2023&resuelve=sancion HTTP/1.1" 200 35129
186.155.12.217 - - [20/Jul/2023:16:43:19 -0500] "GET /BLA/resoluciones/AUTOS%202023/2883.pdf HTTP/1.1" 304 -
186.155.12.217 - - [20/Jul/2023:16:43:25 -0500] "GET /BLA/resoluciones/AUTOS%202023/2827.pdf HTTP/1.1" 200 410835
157.55.39.216 - - [20/Jul/2023:16:43:33 -0500] "GET /BLA/resoluciones/AUTOS%202019/1789.pdf HTTP/1.1" 200 248748
186.155.12.217 - - [20/Jul/2023:16:43:40 -0500] "GET /BLA/resoluciones/AUTOS%202023/2383.pdf HTTP/1.1" 200 412759
186.155.12.217 - - [20/Jul/2023:16:43:46 -0500] "GET /BLA/resoluciones/AUTOS%202023/2381.pdf HTTP/1.1" 200 617338
190.60.254.218 - - [20/Jul/2023:16:44:05 -0500] "POST /sipse/faces/presentacion/financiero/solicitudAnulacion/solicitudAnulacion.xhtml HTTP/1.1" 200 193
190.60.254.218 - - [20/Jul/2023:16:44:05 -0500] "GET /sipse/faces/javax.faces.resource/theme.css?ln=primefaces-sipse HTTP/1.1" 304 -
190.60.254.218 - - [20/Jul/2023:16:44:05 -0500] "GET /sipse/faces/javax.faces.resource/jquery/jquery.js?ln=primefaces&v=4.0 HTTP/1.1" 304 -
190.60.254.218 - - [20/Jul/2023:16:44:05 -0500] "GET /sipse/faces/javax.faces.resource/primefaces.css?ln=primefaces&v=4.0 HTTP/1.1" 304 -
190.60.254.218 - - [20/Jul/2023:16:44:05 -0500] "GET /sipse/faces/javax.faces.resource/layout/layout.css?ln=primefaces&v=4.0 HTTP/1.1" 304 -
190.60.254.218 - - [20/Jul/2023:16:44:05 -0500] "GET /sipse/faces/javax.faces.resource/jquery/jquery-plugins.js?ln=primefaces&v=4.0 HTTP/1.1" 304 -
190.60.254.218 - - [20/Jul/2023:16:44:05 -0500] "GET /sipse/faces/javax.faces.resource/primefaces.js?ln=primefaces&v=4.0 HTTP/1.1" 304 -
190.60.254.218 - - [20/Jul/2023:16:44:05 -0500] "GET /sipse/faces/javax.faces.resource/layout/layout.js?ln=primefaces&v=4.0 HTTP/1.1" 304 -
190.60.254.218 - - [20/Jul/2023:16:44:05 -0500] "GET /sipse/faces/presentacion/financiero/solicitudAnulacion/consultarSolicitudAnulacion.xhtml HTTP/1.1" 200 36988
190.60.254.218 - - [20/Jul/2023:16:44:06 -0500] "POST /sipse/faces/presentacion/financiero/solicitudAnulacion/consultarSolicitudAnulacion.xhtml HTTP/1.1" 200 10620
190.60.254.218 - - [20/Jul/2023:16:44:16 -0500] "POST /sipse/faces/presentacion/financiero/solicitudAnulacion/consultarSolicitudAnulacion.xhtml HTTP/1.1" 200 14805
110.249.201.146 - - [20/Jul/2023:16:44:23 -0500] "GET /BLA/resoluciones/RESOLUCIONES%202008/1049.pdf HTTP/1.1" 200 361035
190.60.254.218 - - [20/Jul/2023:16:44:28 -0500] "POST /sipse/faces/presentacion/financiero/solicitudAnulacion/consultarSolicitudAnulacion.xhtml HTTP/1.1" 200 14801
216.245.221.92 - - [20/Jul/2023:16:45:18 -0500] "HEAD / HTTP/1.1" 200 -
201.245.192.253 - - [20/Jul/2023:16:47:01 -0500] "POST /kwsrmcab/Wsrmcab  HTTP/1.1" 200 42133
110.249.201.91 - - [20/Jul/2023:16:47:04 -0500] "GET /BLA/resoluciones/AUTOS%202016/2452.pdf HTTP/1.1" 200 387474
69.171.231.6 - - [20/Jul/2023:16:47:16 -0500] "GET /images/Caminatas-ecologicas-julio.jpg HTTP/1.1" 200 480557
172.22.2.4 - - [20/Jul/2023:16:46:03 -0500] "GET /BLA/boletinlegal/ HTTP/1.1" 200 61035
95.108.213.165 - - [20/Jul/2023:16:48:33 -0500] "-" 408 -
110.249.201.188 - - [20/Jul/2023:16:49:44 -0500] "GET /BLA/resoluciones/RESOLUCIONES%202008/0728.pdf HTTP/1.1" 200 407046
216.245.221.92 - - [20/Jul/2023:16:50:18 -0500] "HEAD / HTTP/1.1" 200 -
190.60.254.218 - - [20/Jul/2023:16:50:28 -0500] "POST /sipse/faces/presentacion/financiero/solicitudAnulacion/consultarSolicitudAnulacion.xhtml HTTP/1.1" 200 184
190.60.254.218 - - [20/Jul/2023:16:50:29 -0500] "GET /sipse/faces/javax.faces.resource/theme.css?ln=primefaces-sipse HTTP/1.1" 304 -
190.60.254.218 - - [20/Jul/2023:16:50:28 -0500] "GET /sipse/faces/presentacion/financiero/solicitudAnulacion/solicitudAnulacion.xhtml HTTP/1.1" 200 32810
190.60.254.218 - - [20/Jul/2023:16:50:29 -0500] "GET /sipse/faces/javax.faces.resource/primefaces.css?ln=primefaces&v=4.0 HTTP/1.1" 304 -
190.60.254.218 - - [20/Jul/2023:16:50:29 -0500] "GET /sipse/faces/javax.faces.resource/jquery/jquery.js?ln=primefaces&v=4.0 HTTP/1.1" 304 -
190.60.254.218 - - [20/Jul/2023:16:50:29 -0500] "GET /sipse/faces/javax.faces.resource/layout/layout.css?ln=primefaces&v=4.0 HTTP/1.1" 304 -
190.60.254.218 - - [20/Jul/2023:16:50:29 -0500] "GET /sipse/faces/javax.faces.resource/primefaces.js?ln=primefaces&v=4.0 HTTP/1.1" 304 -
190.60.254.218 - - [20/Jul/2023:16:50:29 -0500] "GET /sipse/faces/javax.faces.resource/jquery/jquery-plugins.js?ln=primefaces&v=4.0 HTTP/1.1" 304 -
190.60.254.218 - - [20/Jul/2023:16:50:29 -0500] "GET /sipse/faces/javax.faces.resource/layout/layout.js?ln=primefaces&v=4.0 HTTP/1.1" 304 -
190.60.254.218 - - [20/Jul/2023:16:50:29 -0500] "POST /sipse/faces/presentacion/financiero/solicitudAnulacion/solicitudAnulacion.xhtml HTTP/1.1" 200 10464
190.60.254.218 - - [20/Jul/2023:16:50:31 -0500] "POST /sipse/faces/presentacion/financiero/solicitudAnulacion/solicitudAnulacion.xhtml HTTP/1.1" 200 37219
190.60.254.218 - - [20/Jul/2023:16:50:32 -0500] "GET /sipse/faces/javax.faces.resource/theme.css?ln=primefaces-sipse HTTP/1.1" 304 -
190.60.254.218 - - [20/Jul/2023:16:50:32 -0500] "GET /sipse/faces/javax.faces.resource/primefaces.css?ln=primefaces&v=4.0 HTTP/1.1" 304 -
190.60.254.218 - - [20/Jul/2023:16:50:32 -0500] "GET /sipse/faces/javax.faces.resource/layout/layout.css?ln=primefaces&v=4.0 HTTP/1.1" 304 -
190.60.254.218 - - [20/Jul/2023:16:50:32 -0500] "GET /sipse/faces/javax.faces.resource/fileupload/fileupload.css?ln=primefaces&v=4.0 HTTP/1.1" 304 -
190.60.254.218 - - [20/Jul/2023:16:50:32 -0500] "GET /sipse/faces/javax.faces.resource/jquery/jquery.js?ln=primefaces&v=4.0 HTTP/1.1" 304 -
190.60.254.218 - - [20/Jul/2023:16:50:32 -0500] "GET /sipse/faces/javax.faces.resource/jquery/jquery-plugins.js?ln=primefaces&v=4.0 HTTP/1.1" 304 -
190.60.254.218 - - [20/Jul/2023:16:50:32 -0500] "GET /sipse/faces/javax.faces.resource/primefaces.js?ln=primefaces&v=4.0 HTTP/1.1" 304 -
190.60.254.218 - - [20/Jul/2023:16:50:32 -0500] "GET /sipse/faces/javax.faces.resource/layout/layout.js?ln=primefaces&v=4.0 HTTP/1.1" 304 -
190.60.254.218 - - [20/Jul/2023:16:50:32 -0500] "GET /sipse/faces/javax.faces.resource/fileupload/fileupload.js?ln=primefaces&v=4.0 HTTP/1.1" 304 -
190.60.254.218 - - [20/Jul/2023:16:50:37 -0500] "POST /sipse/faces/presentacion/financiero/solicitudAnulacion/registrarSolicitudAnulacion.xhtml HTTP/1.1" 200 19435
190.60.254.218 - - [20/Jul/2023:16:50:45 -0500] "POST /sipse/faces/presentacion/financiero/solicitudAnulacion/registrarSolicitudAnulacion.xhtml HTTP/1.1" 200 19449
190.60.254.218 - - [20/Jul/2023:16:51:14 -0500] "POST /sipse/faces/presentacion/financiero/solicitudAnulacion/registrarSolicitudAnulacion.xhtml HTTP/1.1" 200 3867
201.245.192.253 - - [20/Jul/2023:16:52:00 -0500] "POST /kwsrmcab/Wsrmcab  HTTP/1.1" 200 42133
110.249.202.196 - - [20/Jul/2023:16:52:25 -0500] "GET /BLA/resoluciones/AUTOS%202019/0923.pdf HTTP/1.1" 200 266377
157.55.39.216 - - [20/Jul/2023:16:52:54 -0500] "GET /BLA/resoluciones/AUTOS%202023/2384.pdf HTTP/1.1" 200 320408
190.60.254.218 - - [20/Jul/2023:16:53:11 -0500] "POST /sipse/faces/presentacion/financiero/solicitudAnulacion/registrarSolicitudAnulacion.xhtml HTTP/1.1" 200 3882
172.22.2.4 - - [20/Jul/2023:16:51:52 -0500] "GET /BLA/boletinlegal/ HTTP/1.1" 200 60612
190.60.254.218 - - [20/Jul/2023:16:53:44 -0500] "POST /sipse/faces/presentacion/financiero/solicitudAnulacion/registrarSolicitudAnulacion.xhtml HTTP/1.1" 200 3886
190.60.254.218 - - [20/Jul/2023:16:54:43 -0500] "POST /sipse/faces/presentacion/financiero/solicitudAnulacion/registrarSolicitudAnulacion.xhtml HTTP/1.1" 200 3920
110.249.202.57 - - [20/Jul/2023:16:55:04 -0500] "GET /BLA/resoluciones/AUTOS%202017/3933.pdf HTTP/1.1" 200 294840
216.245.221.92 - - [20/Jul/2023:16:55:18 -0500] "HEAD / HTTP/1.1" 200 -
165.1.173.142 - - [20/Jul/2023:16:55:34 -0500] "GET /siipev/Diseno%20de%20Elementos%20de%20Mobiliario%20Urbano/Otros%20Elementos/Infografia/Parte2/M-72.png HTTP/1.1" 304 -
65.154.226.168 - - [20/Jul/2023:16:55:52 -0500] "GET /siipev/diseno%20de%20elementos%20de%20mobiliario%20urbano/otros%20elementos/infografia/parte2/m-72.png HTTP/1.1" 200 25370
186.84.20.209 - - [20/Jul/2023:16:56:16 -0500] "GET /BLA/resoluciones/index.php?dir=RESOLUCIONES+2019%2F HTTP/1.1" 200 252398
190.60.254.218 - - [20/Jul/2023:16:56:28 -0500] "POST /sipse/faces/presentacion/financiero/solicitudAnulacion/registrarSolicitudAnulacion.xhtml HTTP/1.1" 200 3916
186.84.20.209 - - [20/Jul/2023:16:56:39 -0500] "GET /BLA/resoluciones/index.php?dir=RESOLUCIONES+2019%2F HTTP/1.1" 200 252398
190.60.254.218 - - [20/Jul/2023:16:56:56 -0500] "POST /sipse/faces/presentacion/financiero/solicitudAnulacion/registrarSolicitudAnulacion.xhtml HTTP/1.1" 200 3922
201.245.192.253 - - [20/Jul/2023:16:56:59 -0500] "POST /kwsrmcab/Wsrmcab  HTTP/1.1" 200 42133
207.46.13.217 - - [20/Jul/2023:16:57:04 -0500] "GET /BLA/resoluciones/AUTOS%202023/3520.pdf HTTP/1.1" 200 866502
181.55.137.25 - - [20/Jul/2023:16:57:10 -0500] "GET /calidad-del-aire-distrito-avanza-unido-por-un-nuevo-aire.html?utm_source=Meta_DIGI&utm_medium=CPMa&utm_campaign=Aire&utm_id=Julio_2023&fbclid=IwAR3ZMfuyhBib2SRLjBOPTqWcW9pimNjY3v9VjsJM-45t_Jm7mjHTqTcKBAE_aem_AWXBlKV00ORrq3O2JM-I9yIN4HuQP2m-L3eZUjJiN8kFKQBqF5Pi2tP6gHG7l0_AXFPduA8cBTsWvIbyG1XMDvqu HTTP/1.1" 200 783
186.84.20.209 - - [20/Jul/2023:16:57:42 -0500] "GET /BLA/resoluciones/index.php?dir=RESOLUCIONES+2020%2F HTTP/1.1" 200 168722
110.249.202.75 - - [20/Jul/2023:16:57:45 -0500] "GET /BLA/resoluciones/AUTOS%202017/1649.pdf HTTP/1.1" 200 3069536
186.84.20.209 - - [20/Jul/2023:16:57:47 -0500] "GET /BLA/resoluciones/RESOLUCIONES%202020/1824.pdf HTTP/1.1" 200 513035
186.84.20.209 - - [20/Jul/2023:16:57:58 -0500] "GET /BLA/resoluciones/RESOLUCIONES%202020/1284.pdf HTTP/1.1" 200 311058
172.22.2.4 - - [20/Jul/2023:16:56:52 -0500] "HEAD /BLA/boletinlegal/ HTTP/1.1" 200 -
181.57.124.92 - - [20/Jul/2023:16:59:05 -0500] "GET /calidad-del-aire-distrito-avanza-unido-por-un-nuevo-aire.html?utm_source=Meta_DIGI&utm_medium=CPMa&utm_campaign=Aire&utm_id=Julio_2023&fbclid=IwAR2MwhT7XO3S42A3jkLOHOMenz3Fj429kP640_ivJlonvpAjFYn_cgneE7U_aem_AWVGd-QXJmoCLuxsSvqDZ1JV79rESqTWzPIz6OkzIpQvKT-90zoveQpTUhomcIkFHdkBl3-0kLdkIYcxc4TeFYrJ HTTP/1.1" 200 783
179.19.194.58 - - [20/Jul/2023:16:59:16 -0500] "GET /calidad-del-aire-distrito-avanza-unido-por-un-nuevo-aire.html?utm_source=Meta_DIGI&utm_medium=CPMa&utm_campaign=Aire&utm_id=Julio_2023&gclid=EAIaIQobChMIod7M8KOegAMVcCutBh0c2Q3_EAEYASAAEgKBQPD_BwE HTTP/1.1" 200 783
172.22.2.4 - - [20/Jul/2023:16:57:42 -0500] "GET /BLA/boletinlegal/ HTTP/1.1" 200 54942
216.245.221.92 - - [20/Jul/2023:17:00:18 -0500] "HEAD / HTTP/1.1" 200 -
110.249.201.143 - - [20/Jul/2023:17:00:26 -0500] "GET /BLA/resoluciones/RESOLUCIONES%202012/1027.pdf HTTP/1.1" 200 384413
157.55.39.216 - - [20/Jul/2023:17:00:35 -0500] "GET /BLA/resoluciones/AUTOS%202022/0810.pdf HTTP/1.1" 304 -
201.245.192.253 - - [20/Jul/2023:17:01:58 -0500] "POST /kwsrmcab/Wsrmcab  HTTP/1.1" 200 42133
190.60.254.218 - - [20/Jul/2023:17:02:08 -0500] "POST /sipse/faces/presentacion/financiero/solicitudAnulacion/registrarSolicitudAnulacion.xhtml HTTP/1.1" 200 41923
190.60.254.218 - - [20/Jul/2023:17:02:09 -0500] "GET /sipse/faces/javax.faces.resource/theme.css?ln=primefaces-sipse HTTP/1.1" 304 -
190.60.254.218 - - [20/Jul/2023:17:02:09 -0500] "GET /sipse/faces/javax.faces.resource/layout/layout.css?ln=primefaces&v=4.0 HTTP/1.1" 304 -
190.60.254.218 - - [20/Jul/2023:17:02:09 -0500] "GET /sipse/faces/javax.faces.resource/primefaces.css?ln=primefaces&v=4.0 HTTP/1.1" 304 -
190.60.254.218 - - [20/Jul/2023:17:02:09 -0500] "GET /sipse/faces/javax.faces.resource/jquery/jquery.js?ln=primefaces&v=4.0 HTTP/1.1" 304 -
190.60.254.218 - - [20/Jul/2023:17:02:09 -0500] "GET /sipse/faces/javax.faces.resource/jquery/jquery-plugins.js?ln=primefaces&v=4.0 HTTP/1.1" 304 -
190.60.254.218 - - [20/Jul/2023:17:02:09 -0500] "GET /sipse/faces/javax.faces.resource/primefaces.js?ln=primefaces&v=4.0 HTTP/1.1" 304 -
190.60.254.218 - - [20/Jul/2023:17:02:09 -0500] "GET /sipse/faces/javax.faces.resource/layout/layout.js?ln=primefaces&v=4.0 HTTP/1.1" 304 -
190.60.254.218 - - [20/Jul/2023:17:02:18 -0500] "POST /sipse/faces/presentacion/financiero/solicitudProceso/consultar.xhtml HTTP/1.1" 200 12788
186.84.20.209 - - [20/Jul/2023:17:02:22 -0500] "GET /BLA/resoluciones/index.php?dir=RESOLUCIONES+2019%2F HTTP/1.1" 200 252398
190.60.254.218 - - [20/Jul/2023:17:02:33 -0500] "POST /sipse/faces/presentacion/financiero/solicitudProceso/consultar.xhtml HTTP/1.1" 200 52242
190.60.254.218 - - [20/Jul/2023:17:02:34 -0500] "GET /sipse/faces/javax.faces.resource/theme.css?ln=primefaces-sipse HTTP/1.1" 304 -
190.60.254.218 - - [20/Jul/2023:17:02:34 -0500] "GET /sipse/faces/javax.faces.resource/layout/layout.css?ln=primefaces&v=4.0 HTTP/1.1" 304 -
190.60.254.218 - - [20/Jul/2023:17:02:34 -0500] "GET /sipse/faces/javax.faces.resource/primefaces.css?ln=primefaces&v=4.0 HTTP/1.1" 304 -
190.60.254.218 - - [20/Jul/2023:17:02:34 -0500] "GET /sipse/faces/javax.faces.resource/fileupload/fileupload.css?ln=primefaces&v=4.0 HTTP/1.1" 304 -
190.60.254.218 - - [20/Jul/2023:17:02:34 -0500] "GET /sipse/faces/javax.faces.resource/jquery/jquery.js?ln=primefaces&v=4.0 HTTP/1.1" 304 -
190.60.254.218 - - [20/Jul/2023:17:02:34 -0500] "GET /sipse/faces/javax.faces.resource/jquery/jquery-plugins.js?ln=primefaces&v=4.0 HTTP/1.1" 304 -
190.60.254.218 - - [20/Jul/2023:17:02:34 -0500] "GET /sipse/faces/javax.faces.resource/primefaces.js?ln=primefaces&v=4.0 HTTP/1.1" 304 -
190.60.254.218 - - [20/Jul/2023:17:02:34 -0500] "GET /sipse/faces/javax.faces.resource/layout/layout.js?ln=primefaces&v=4.0 HTTP/1.1" 304 -
190.60.254.218 - - [20/Jul/2023:17:02:34 -0500] "GET /sipse/faces/javax.faces.resource/fileupload/fileupload.js?ln=primefaces&v=4.0 HTTP/1.1" 304 -
111.225.148.9 - - [20/Jul/2023:17:03:07 -0500] "GET /BLA/resoluciones/RESOLUCIONES%202019/3462.pdf HTTP/1.1" 200 296721
181.56.52.166 - - [20/Jul/2023:17:03:18 -0500] "GET /calidad-del-aire-distrito-avanza-unido-por-un-nuevo-aire.html?utm_source=Meta_DIGI&utm_medium=CPMa&utm_campaign=Aire&utm_id=Julio_2023&gclid=EAIaIQobChMI9L-i5qSegAMVLuEoBR2ljgjYEAEYASAAEgLiX_D_BwE HTTP/1.1" 200 783
191.156.48.1 - - [20/Jul/2023:17:03:27 -0500] "GET /calidad-del-aire-distrito-avanza-unido-por-un-nuevo-aire.html?utm_source=Meta_DIGI&utm_medium=CPMa&utm_campaign=Aire&utm_id=Julio_2023&fbclid=IwAR0wFYKDSJaT6ZAhwXJ3IBCk7V29jGwa9A30FiWJawXhxmF11m34GmKGuo4_aem_AWWsliVv9B9ZEY1b5MAEAsXeDlUROwVhouqLUAVGKSdbYrROw7Xa9EDRk-wbvyGU5QFpobq6tv_Ngt5lHp3_wjHU HTTP/1.1" 200 783
45.238.182.79 - - [20/Jul/2023:17:03:33 -0500] "GET /calidad-del-aire-distrito-avanza-unido-por-un-nuevo-aire.html?utm_source=Meta_DIGI&utm_medium=CPMa&utm_campaign=Aire&utm_id=Julio_2023&gclid=EAIaIQobChMI6bDj6qSegAMV1onLAR3_XgDiEAEYASAAEgKIMPD_BwE HTTP/1.1" 200 783
190.60.254.218 - - [20/Jul/2023:17:03:48 -0500] "POST /sipse/faces/presentacion/financiero/solicitudAnulacion/registrarSolicitudAnulacion.xhtml HTTP/1.1" 200 10173
40.77.167.161 - - [20/Jul/2023:17:04:00 -0500] "GET /BLA/resoluciones/AUTOS%202019/2484.pdf HTTP/1.1" 200 572804
190.60.254.218 - - [20/Jul/2023:17:04:15 -0500] "POST /sipse/faces/presentacion/financiero/solicitudAnulacion/registrarSolicitudAnulacion.xhtml HTTP/1.1" 200 8134
40.77.167.161 - - [20/Jul/2023:17:04:30 -0500] "GET /Publicaciones/2023EE115555.pdf HTTP/1.1" 404 228
66.249.70.196 - - [20/Jul/2023:17:05:12 -0500] "-" 408 -
172.22.2.4 - - [20/Jul/2023:17:03:32 -0500] "GET /BLA/boletinlegal/ HTTP/1.1" 200 61035
216.245.221.92 - - [20/Jul/2023:17:05:18 -0500] "HEAD / HTTP/1.1" 200 -
190.60.254.218 - - [20/Jul/2023:17:05:34 -0500] "GET /sipse/faces/javax.faces.resource/theme.css?ln=primefaces-sipse HTTP/1.1" 304 -
190.60.254.218 - - [20/Jul/2023:17:05:32 -0500] "POST /sipse/faces/presentacion/financiero/solicitudAnulacion/registrarSolicitudAnulacion.xhtml HTTP/1.1" 200 60639
190.60.254.218 - - [20/Jul/2023:17:05:34 -0500] "GET /sipse/faces/javax.faces.resource/primefaces.css?ln=primefaces&v=4.0 HTTP/1.1" 304 -
190.60.254.218 - - [20/Jul/2023:17:05:34 -0500] "GET /sipse/faces/javax.faces.resource/layout/layout.css?ln=primefaces&v=4.0 HTTP/1.1" 304 -
190.60.254.218 - - [20/Jul/2023:17:05:34 -0500] "GET /sipse/faces/javax.faces.resource/fileupload/fileupload.css?ln=primefaces&v=4.0 HTTP/1.1" 304 -
190.60.254.218 - - [20/Jul/2023:17:05:34 -0500] "GET /sipse/faces/javax.faces.resource/jquery/jquery.js?ln=primefaces&v=4.0 HTTP/1.1" 304 -
190.60.254.218 - - [20/Jul/2023:17:05:34 -0500] "GET /sipse/faces/javax.faces.resource/jquery/jquery-plugins.js?ln=primefaces&v=4.0 HTTP/1.1" 304 -
190.60.254.218 - - [20/Jul/2023:17:05:34 -0500] "GET /sipse/faces/javax.faces.resource/primefaces.js?ln=primefaces&v=4.0 HTTP/1.1" 304 -
190.60.254.218 - - [20/Jul/2023:17:05:34 -0500] "GET /sipse/faces/javax.faces.resource/layout/layout.js?ln=primefaces&v=4.0 HTTP/1.1" 304 -
190.60.254.218 - - [20/Jul/2023:17:05:34 -0500] "GET /sipse/faces/javax.faces.resource/fileupload/fileupload.js?ln=primefaces&v=4.0 HTTP/1.1" 304 -
110.249.202.115 - - [20/Jul/2023:17:05:48 -0500] "GET /BLA/resoluciones/AUTOS%202013/0593.pdf HTTP/1.1" 200 292334
172.22.2.4 - - [20/Jul/2023:17:06:10 -0500] "GET /BLA/boletinlegal/jurisprudencia/analisis/AnalisisT-146-16.docx HTTP/1.1" 200 23021
191.156.56.163 - - [20/Jul/2023:17:06:28 -0500] "GET /calidad-del-aire-distrito-avanza-unido-por-un-nuevo-aire.html?utm_source=Meta_DIGI&utm_medium=CPMa&utm_campaign=Aire&utm_id=Julio_2023&fbclid=IwAR1Z9CidNkPrXDGZZmztBjjVRf4Nxi58eKxzQCO6lsXT1QnGNXhxsgkv0Pc_aem_AWV20ObsBFrJfiG79bukHCVCaYr3oOCzpyJqOSo3h5UQOhy6f1_q0abH1QAOYCD_GWiW5P3BEirIBSu3kyoK7JvQ HTTP/1.1" 200 783
190.60.254.218 - - [20/Jul/2023:17:06:32 -0500] "GET /sipse/faces/javax.faces.resource/theme.css?ln=primefaces-sipse HTTP/1.1" 304 -
190.60.254.218 - - [20/Jul/2023:17:06:32 -0500] "GET /sipse/faces/javax.faces.resource/primefaces.css?ln=primefaces&v=4.0 HTTP/1.1" 304 -
190.60.254.218 - - [20/Jul/2023:17:06:32 -0500] "GET /sipse/faces/javax.faces.resource/layout/layout.css?ln=primefaces&v=4.0 HTTP/1.1" 304 -
190.60.254.218 - - [20/Jul/2023:17:06:32 -0500] "GET /sipse/faces/javax.faces.resource/fileupload/fileupload.css?ln=primefaces&v=4.0 HTTP/1.1" 304 -
190.60.254.218 - - [20/Jul/2023:17:06:32 -0500] "GET /sipse/faces/javax.faces.resource/jquery/jquery.js?ln=primefaces&v=4.0 HTTP/1.1" 304 -
190.60.254.218 - - [20/Jul/2023:17:06:32 -0500] "GET /sipse/faces/javax.faces.resource/jquery/jquery-plugins.js?ln=primefaces&v=4.0 HTTP/1.1" 304 -
190.60.254.218 - - [20/Jul/2023:17:06:32 -0500] "GET /sipse/faces/javax.faces.resource/primefaces.js?ln=primefaces&v=4.0 HTTP/1.1" 304 -
190.60.254.218 - - [20/Jul/2023:17:06:32 -0500] "GET /sipse/faces/javax.faces.resource/layout/layout.js?ln=primefaces&v=4.0 HTTP/1.1" 304 -
190.60.254.218 - - [20/Jul/2023:17:06:32 -0500] "GET /sipse/faces/javax.faces.resource/fileupload/fileupload.js?ln=primefaces&v=4.0 HTTP/1.1" 304 -
190.60.254.218 - - [20/Jul/2023:17:06:31 -0500] "POST /sipse/faces/presentacion/financiero/solicitudAnulacion/registrarSolicitudAnulacion.xhtml HTTP/1.1" 200 63741
201.245.192.253 - - [20/Jul/2023:17:06:57 -0500] "POST /kwsrmcab/Wsrmcab  HTTP/1.1" 200 42133
190.60.254.218 - - [20/Jul/2023:17:06:57 -0500] "POST /sipse/faces/presentacion/financiero/solicitudAnulacion/registrarSolicitudAnulacion.xhtml HTTP/1.1" 200 30362
190.60.254.218 - - [20/Jul/2023:17:07:00 -0500] "GET /sipse/faces/javax.faces.resource/theme.css?ln=primefaces-sipse HTTP/1.1" 304 -
190.60.254.218 - - [20/Jul/2023:17:07:00 -0500] "GET /sipse/faces/javax.faces.resource/jquery/jquery.js?ln=primefaces&v=4.0 HTTP/1.1" 304 -
190.60.254.218 - - [20/Jul/2023:17:07:00 -0500] "GET /sipse/faces/javax.faces.resource/primefaces.css?ln=primefaces&v=4.0 HTTP/1.1" 304 -
190.60.254.218 - - [20/Jul/2023:17:07:00 -0500] "GET /sipse/faces/javax.faces.resource/layout/layout.css?ln=primefaces&v=4.0 HTTP/1.1" 304 -
190.60.254.218 - - [20/Jul/2023:17:07:00 -0500] "GET /sipse/faces/javax.faces.resource/jquery/jquery-plugins.js?ln=primefaces&v=4.0 HTTP/1.1" 304 -
190.60.254.218 - - [20/Jul/2023:17:07:01 -0500] "GET /sipse/faces/javax.faces.resource/primefaces.js?ln=primefaces&v=4.0 HTTP/1.1" 304 -
190.60.254.218 - - [20/Jul/2023:17:07:01 -0500] "GET /sipse/faces/javax.faces.resource/layout/layout.js?ln=primefaces&v=4.0 HTTP/1.1" 304 -
190.60.254.218 - - [20/Jul/2023:17:07:01 -0500] "POST /sipse/faces/presentacion/financiero/solicitudAnulacion/solicitudAnulacion.xhtml HTTP/1.1" 200 12480
191.156.58.173 - - [20/Jul/2023:17:07:16 -0500] "GET /calidad-del-aire-distrito-avanza-unido-por-un-nuevo-aire.html?utm_source=Meta_DIGI&utm_medium=CPMa&utm_campaign=Aire&utm_id=Julio_2023&gclid=EAIaIQobChMI9Ya92KWegAMVTiJ2Bh2_tQVoEAEYASAAEgK49_D_BwE HTTP/1.1" 200 783
190.60.254.218 - - [20/Jul/2023:17:08:17 -0500] "POST /sipse/faces/presentacion/financiero/solicitudAnulacion/solicitudAnulacion.xhtml HTTP/1.1" 200 54700
190.60.254.218 - - [20/Jul/2023:17:08:18 -0500] "GET /sipse/faces/javax.faces.resource/theme.css?ln=primefaces-sipse HTTP/1.1" 304 -
190.60.254.218 - - [20/Jul/2023:17:08:18 -0500] "GET /sipse/faces/javax.faces.resource/jquery/jquery.js?ln=primefaces&v=4.0 HTTP/1.1" 304 -
190.60.254.218 - - [20/Jul/2023:17:08:18 -0500] "GET /sipse/faces/javax.faces.resource/layout/layout.css?ln=primefaces&v=4.0 HTTP/1.1" 304 -
190.60.254.218 - - [20/Jul/2023:17:08:18 -0500] "GET /sipse/faces/javax.faces.resource/fileupload/fileupload.css?ln=primefaces&v=4.0 HTTP/1.1" 304 -
190.60.254.218 - - [20/Jul/2023:17:08:18 -0500] "GET /sipse/faces/javax.faces.resource/primefaces.css?ln=primefaces&v=4.0 HTTP/1.1" 304 -
190.60.254.218 - - [20/Jul/2023:17:08:18 -0500] "GET /sipse/faces/javax.faces.resource/jquery/jquery-plugins.js?ln=primefaces&v=4.0 HTTP/1.1" 304 -
190.60.254.218 - - [20/Jul/2023:17:08:18 -0500] "GET /sipse/faces/javax.faces.resource/primefaces.js?ln=primefaces&v=4.0 HTTP/1.1" 304 -
190.60.254.218 - - [20/Jul/2023:17:08:18 -0500] "GET /sipse/faces/javax.faces.resource/layout/layout.js?ln=primefaces&v=4.0 HTTP/1.1" 304 -
190.60.254.218 - - [20/Jul/2023:17:08:18 -0500] "GET /sipse/faces/javax.faces.resource/fileupload/fileupload.js?ln=primefaces&v=4.0 HTTP/1.1" 304 -
191.95.160.181 - - [20/Jul/2023:17:08:19 -0500] "GET /calidad-del-aire-distrito-avanza-unido-por-un-nuevo-aire.html?utm_source=Meta_DIGI&utm_medium=CPMa&utm_campaign=Aire&utm_id=Julio_2023&gclid=EAIaIQobChMIxL_3-6WegAMVhcNkCh0j3QLxEAEYASAAEgIlvvD_BwE HTTP/1.1" 200 783
111.225.148.91 - - [20/Jul/2023:17:08:27 -0500] "GET /BLA/resoluciones/RESOLUCIONES%202008/0148.pdf HTTP/1.1" 200 446090
190.60.254.218 - - [20/Jul/2023:17:08:38 -0500] "POST /sipse/faces/presentacion/financiero/solicitudAnulacion/registrarSolicitudAnulacion.xhtml HTTP/1.1" 200 3160
172.22.2.4 - - [20/Jul/2023:17:08:32 -0500] "HEAD /BLA/boletinlegal/ HTTP/1.1" 200 -
216.245.221.92 - - [20/Jul/2023:17:10:18 -0500] "HEAD / HTTP/1.1" 200 -
111.225.148.207 - - [20/Jul/2023:17:11:08 -0500] "GET /BLA/resoluciones/RESOLUCIONES%202011/1425.pdf HTTP/1.1" 200 79635
172.22.2.4 - - [20/Jul/2023:17:10:47 -0500] "GET /BLA/boletinlegal/ HTTP/1.1" 200 24523
74.6.40.69 - - [20/Jul/2023:17:11:43 -0500] "GET /calidad-del-aire-distrito-avanza-unido-por-un-nuevo-aire.html?utm_source=Meta_DIGI&utm_medium=CPMa&utm_campaign=Aire&utm_id=Julio_2023&gclid=EAIaIQobChMIsL_vvqaegAMVLRyICR1qGw0mEAEYASAAEgKr0PD_BwE HTTP/1.1" 200 783
201.245.192.253 - - [20/Jul/2023:17:11:57 -0500] "POST /kwsrmcab/Wsrmcab  HTTP/1.1" 200 42133
172.22.2.4 - - [20/Jul/2023:17:10:47 -0500] "GET /BLA/boletinlegal/ HTTP/1.1" 200 57272
172.22.2.4 - - [20/Jul/2023:17:12:36 -0500] "GET /BLA/boletinlegal/ HTTP/1.1" 200 24523
111.225.149.191 - - [20/Jul/2023:17:13:49 -0500] "GET /BLA/resoluciones/AUTOS%202008/1482.pdf HTTP/1.1" 200 80099
186.30.15.243 - - [20/Jul/2023:17:13:50 -0500] "GET /calidad-del-aire-distrito-avanza-unido-por-un-nuevo-aire.html?utm_source=Meta_DIGI&utm_medium=CPMa&utm_campaign=Aire&utm_id=Julio_2023&gclid=EAIaIQobChMI1cLwnKeegAMVAQX5AB01igYqEAEYASAAEgLw2PD_BwE HTTP/1.1" 200 783
66.249.70.196 - - [20/Jul/2023:17:13:55 -0500] "-" 408 -
216.245.221.92 - - [20/Jul/2023:17:15:18 -0500] "HEAD / HTTP/1.1" 200 -
110.249.201.190 - - [20/Jul/2023:17:16:28 -0500] "GET /BLA/resoluciones/AUTOS%202010/1135.pdf HTTP/1.1" 200 280877
152.203.238.115 - - [20/Jul/2023:17:16:29 -0500] "GET /calidad-del-aire-distrito-avanza-unido-por-un-nuevo-aire.html?utm_source=Meta_DIGI&utm_medium=CPMa&utm_campaign=Aire&utm_id=Julio_2023&gclid=EAIaIQobChMI4oWz56eegAMVHPrnAx0mag2iEAEYASAAEgK9dPD_BwE HTTP/1.1" 200 783
201.245.192.253 - - [20/Jul/2023:17:16:55 -0500] "POST /kwsrmcab/Wsrmcab  HTTP/1.1" 200 42133
157.55.39.216 - - [20/Jul/2023:17:17:08 -0500] "GET /BLA/resoluciones/RESOLUCIONES%202022/0204.pdf HTTP/1.1" 304 -
191.156.176.50 - - [20/Jul/2023:17:17:47 -0500] "-" 408 -
111.225.148.180 - - [20/Jul/2023:17:19:09 -0500] "GET /BLA/resoluciones/AUTOS%202015/0783.pdf HTTP/1.1" 200 457657
66.249.70.196 - - [20/Jul/2023:17:19:45 -0500] "-" 408 -
201.245.192.253 - - [20/Jul/2023:17:19:44 -0500] "POST /kwsrmcab/Wsrmcab HTTP/1.1" 200 43489
201.245.192.253 - - [20/Jul/2023:17:19:47 -0500] "POST /kwsrmcab/Wsrmcab HTTP/1.1" 200 40699
216.245.221.92 - - [20/Jul/2023:17:20:18 -0500] "HEAD / HTTP/1.1" 200 -
186.84.89.138 - - [20/Jul/2023:17:20:29 -0500] "GET /calidad-del-aire-distrito-avanza-unido-por-un-nuevo-aire.html?utm_source=Meta_DIGI&utm_medium=CPMa&utm_campaign=Aire&utm_id=Julio_2023&gclid=EAIaIQobChMIpNqS2aiegAMVnAOtBh07Mg1LEAEYASAAEgKNS_D_BwE HTTP/1.1" 200 783
40.77.167.161 - - [20/Jul/2023:17:20:52 -0500] "GET /BLA/resoluciones/AUTOS%202022/3117.pdf HTTP/1.1" 304 -
165.1.173.142 - - [20/Jul/2023:17:21:20 -0500] "GET /siipev/Diseno%20de%20Elementos%20de%20Mobiliario%20Urbano/Otros%20Elementos/Infografia/Parte2/M-81.png HTTP/1.1" 304 -
111.225.148.197 - - [20/Jul/2023:17:21:50 -0500] "GET /BLA/resoluciones/AUTOS%202012/0524.pdf HTTP/1.1" 200 194980
173.252.111.4 - - [20/Jul/2023:17:21:50 -0500] "GET /images/camino-guadalupe-aguanoso.jpg HTTP/1.1" 200 103489
201.245.192.253 - - [20/Jul/2023:17:21:53 -0500] "POST /kwsrmcab/Wsrmcab  HTTP/1.1" 200 42133
186.102.16.120 - - [20/Jul/2023:17:22:03 -0500] "GET /calidad-del-aire-distrito-avanza-unido-por-un-nuevo-aire.html?utm_source=Meta_DIGI&utm_medium=CPMa&utm_campaign=Aire&utm_id=Julio_2023&gclid=EAIaIQobChMIjsetg6megAMVVxLQBB2g9g2lEAEYASAAEgLDQ_D_BwE HTTP/1.1" 200 783
186.144.94.70 - - [20/Jul/2023:17:23:31 -0500] "GET /calidad-del-aire-distrito-avanza-unido-por-un-nuevo-aire.html?utm_source=Meta_DIGI&utm_medium=CPMa&utm_campaign=Aire&utm_id=Julio_2023&gclid=EAIaIQobChMIkdWArqmegAMV2oh_BB1psApOEAEYASAAEgIYEvD_BwE HTTP/1.1" 200 783
190.60.254.218 - - [20/Jul/2023:17:23:40 -0500] "POST /sipse/faces/presentacion/financiero/solicitudAnulacion/registrarSolicitudAnulacion.xhtml HTTP/1.1" 200 3160
191.156.144.23 - - [20/Jul/2023:17:23:44 -0500] "GET /calidad-del-aire-distrito-avanza-unido-por-un-nuevo-aire.html?utm_source=Meta_DIGI&utm_medium=CPMa&utm_campaign=Aire&utm_id=Julio_2023&gclid=EAIaIQobChMI0OqRsamegAMVhtT9BR0tDw1yEAEYASAAEgKazvD_BwE HTTP/1.1" 200 783
191.156.144.23 - - [20/Jul/2023:17:23:48 -0500] "GET /favicon.ico HTTP/1.1" 404 1690
172.22.2.4 - - [20/Jul/2023:17:22:23 -0500] "GET /BLA/boletinlegal/ HTTP/1.1" 200 52149
172.22.2.4 - - [20/Jul/2023:17:22:24 -0500] "GET /BLA/boletinlegal/ HTTP/1.1" 200 51193
172.22.2.4 - - [20/Jul/2023:17:24:05 -0500] "GET /BLA/boletinlegal/js/jquery.js HTTP/1.1" 200 57254
172.22.2.4 - - [20/Jul/2023:17:24:05 -0500] "OPTIONS /BLA/boletinlegal/style.css HTTP/1.1" 200 -
172.22.2.4 - - [20/Jul/2023:17:24:05 -0500] "GET /BLA/boletinlegal/js/jquery.scrollTo-min.js HTTP/1.1" 200 1150
172.22.2.4 - - [20/Jul/2023:17:24:05 -0500] "GET /BLA/boletinlegal/js/jquery.scrollShow.js HTTP/1.1" 200 4586
172.22.2.4 - - [20/Jul/2023:17:24:05 -0500] "OPTIONS /BLA/boletinlegal/styles2.css HTTP/1.1" 200 -
172.22.2.4 - - [20/Jul/2023:17:24:05 -0500] "OPTIONS /BLA/boletinlegal/images/cabezote%20BLEGAL.jpg HTTP/1.1" 200 -
172.22.2.4 - - [20/Jul/2023:17:24:05 -0500] "GET /BLA/boletinlegal/images/screen_1.png HTTP/1.1" 200 202547
172.22.2.4 - - [20/Jul/2023:17:24:05 -0500] "OPTIONS /BLA/boletinlegal/images/subscribe-icon-big.png HTTP/1.1" 200 -
172.22.2.4 - - [20/Jul/2023:17:24:05 -0500] "GET /BLA/boletinlegal/images/arr_l.jpg HTTP/1.1" 200 1979
172.22.2.4 - - [20/Jul/2023:17:24:05 -0500] "OPTIONS /BLA/boletinlegal/images/historia.png HTTP/1.1" 200 -
172.22.2.4 - - [20/Jul/2023:17:24:05 -0500] "OPTIONS /BLA/boletinlegal/images/registro-usuarios.png HTTP/1.1" 200 -
172.22.2.4 - - [20/Jul/2023:17:24:05 -0500] "OPTIONS /BLA/boletinlegal/images/body_bg.jpg HTTP/1.1" 200 -
172.22.2.4 - - [20/Jul/2023:17:24:05 -0500] "OPTIONS /BLA/boletinlegal/images/bg_top.jpg HTTP/1.1" 200 -
172.22.2.4 - - [20/Jul/2023:17:24:05 -0500] "OPTIONS /BLA/boletinlegal/images/menu_rght.gif HTTP/1.1" 200 -
172.22.2.4 - - [20/Jul/2023:17:24:05 -0500] "OPTIONS /BLA/boletinlegal/images/menu_lft.gif HTTP/1.1" 200 -
172.22.2.4 - - [20/Jul/2023:17:24:05 -0500] "OPTIONS /BLA/boletinlegal/images/hover.jpg HTTP/1.1" 200 -
172.22.2.4 - - [20/Jul/2023:17:24:05 -0500] "OPTIONS /BLA/boletinlegal/images/menu_bg.jpg HTTP/1.1" 200 -
172.22.2.4 - - [20/Jul/2023:17:24:05 -0500] "OPTIONS /BLA/boletinlegal/images/text.jpg HTTP/1.1" 200 -
172.22.2.4 - - [20/Jul/2023:17:24:06 -0500] "GET /BLA/boletinlegal/conceptos/2020/35.pdf HTTP/1.1" 206 100000
172.22.2.4 - - [20/Jul/2023:17:24:07 -0500] "GET /BLA/boletinlegal/actos.php HTTP/1.1" 200 9682
172.22.2.4 - - [20/Jul/2023:17:24:07 -0500] "OPTIONS /BLA/boletinlegal/js/ajax_actos.js HTTP/1.1" 200 -
172.22.2.4 - - [20/Jul/2023:17:24:07 -0500] "OPTIONS /BLA/boletinlegal/niceforms-default.css HTTP/1.1" 200 -
172.22.2.4 - - [20/Jul/2023:17:24:07 -0500] "OPTIONS /BLA/boletinlegal/niceforms.js HTTP/1.1" 200 -
172.22.2.4 - - [20/Jul/2023:17:24:07 -0500] "OPTIONS /BLA/boletinlegal/js/popup.js HTTP/1.1" 200 -
172.22.2.4 - - [20/Jul/2023:17:24:07 -0500] "OPTIONS /BLA/boletinlegal/js/lib.js HTTP/1.1" 200 -
172.22.2.4 - - [20/Jul/2023:17:24:07 -0500] "OPTIONS /BLA/boletinlegal/js/jquery1.js HTTP/1.1" 200 -
172.22.2.4 - - [20/Jul/2023:17:24:07 -0500] "OPTIONS /BLA/boletinlegal/images/green-yellow-blue-pink-th.png HTTP/1.1" 200 -
172.22.2.4 - - [20/Jul/2023:17:24:07 -0500] "OPTIONS /BLA/boletinlegal/images/tel.png HTTP/1.1" 200 -
172.22.2.4 - - [20/Jul/2023:17:24:07 -0500] "OPTIONS /BLA/boletinlegal/images/icono-email.png HTTP/1.1" 200 -
172.22.2.4 - - [20/Jul/2023:17:24:07 -0500] "OPTIONS /BLA/boletinlegal/images/footer_bg_l.jpg HTTP/1.1" 200 -
172.22.2.4 - - [20/Jul/2023:17:24:07 -0500] "OPTIONS /BLA/boletinlegal/images/footer_bg.jpg HTTP/1.1" 200 -
172.22.2.4 - - [20/Jul/2023:17:24:07 -0500] "OPTIONS /BLA/boletinlegal/img/select-right.png HTTP/1.1" 200 -
172.22.2.4 - - [20/Jul/2023:17:24:07 -0500] "OPTIONS /BLA/boletinlegal/img/select-left.png HTTP/1.1" 200 -
172.22.2.4 - - [20/Jul/2023:17:24:07 -0500] "OPTIONS /BLA/boletinlegal/img/0.png HTTP/1.1" 200 -
172.22.2.4 - - [20/Jul/2023:17:24:07 -0500] "OPTIONS /BLA/boletinlegal/img/button-left.png HTTP/1.1" 200 -
172.22.2.4 - - [20/Jul/2023:17:24:07 -0500] "OPTIONS /BLA/boletinlegal/img/button-right.png HTTP/1.1" 200 -
172.22.2.4 - - [20/Jul/2023:17:24:20 -0500] "GET /BLA/boletinlegal/consulta_actos.php?tipo=resoluciones&no=3646&usuario=&sector=&fecha=2010&resuelve= HTTP/1.1" 200 1120
181.53.12.253 - - [20/Jul/2023:17:24:22 -0500] "GET /BLA/resoluciones/RESOLUCIONES%202010/3646.pdf HTTP/1.1" 200 726839
111.225.149.11 - - [20/Jul/2023:17:24:30 -0500] "GET /BLA/resoluciones/AUTOS%202012/0118.pdf HTTP/1.1" 200 287519
173.252.83.2 - - [20/Jul/2023:17:24:37 -0500] "GET /images/cr\xc3\xb3nica-29-nov-1_optimized.jpeg HTTP/1.1" 404 1034
172.22.2.4 - - [20/Jul/2023:17:24:04 -0500] "GET /BLA/boletinlegal/ HTTP/1.1" 200 24523
186.84.89.131 - - [20/Jul/2023:17:24:46 -0500] "GET /como-hacer-uso-de-la-publicidad-exterior-visual-en-epoca-electoral.html HTTP/1.1" 206 843
186.84.89.131 - - [20/Jul/2023:17:24:46 -0500] "GET /images/publicidad-exterior-2023-oct.jpg HTTP/1.1" 206 38992
173.252.79.117 - - [20/Jul/2023:17:24:48 -0500] "GET /monica-fonnegra-una-disenadora-que-inspira-amor-por-la-naturaleza-a-traves-de-la-moda.html HTTP/1.1" 200 976
206.0.24.117 - - [20/Jul/2023:17:24:51 -0500] "GET /calidad-del-aire-distrito-avanza-unido-por-un-nuevo-aire.html?utm_source=Meta_DIGI&utm_medium=CPMa&utm_campaign=Aire&utm_id=Julio_2023&gclid=EAIaIQobChMI8fGT2amegAMVzeb9BR3oBgNuEAEYASAAEgI0WfD_BwE HTTP/1.1" 200 783
173.252.79.4 - - [20/Jul/2023:17:24:53 -0500] "GET /monica-fonnegra-una-disenadora-que-inspira-amor-por-la-naturaleza-a-traves-de-la-moda.html HTTP/1.1" 206 976
216.245.221.92 - - [20/Jul/2023:17:25:18 -0500] "HEAD / HTTP/1.1" 200 -
181.78.15.137 - - [20/Jul/2023:17:25:44 -0500] "GET /calidad-del-aire-distrito-avanza-unido-por-un-nuevo-aire.html?utm_source=Meta_DIGI&utm_medium=CPMa&utm_campaign=Aire&utm_id=Julio_2023&gclid=EAIaIQobChMI-4-N66megAMVshP5AB3VJQM7EAEYASAAEgJqkvD_BwE HTTP/1.1" 200 783
40.77.167.192 - - [20/Jul/2023:17:26:14 -0500] "GET /metodos-para-el-conteo-de-particulas-un-trabajo-articulado-entre-bogota-y-la-region.html HTTP/1.1" 200 938
201.245.192.253 - - [20/Jul/2023:17:26:52 -0500] "POST /kwsrmcab/Wsrmcab  HTTP/1.1" 200 42133
111.225.148.246 - - [20/Jul/2023:17:27:09 -0500] "GET /BLA/resoluciones/AUTOS%202020/0477.pdf HTTP/1.1" 200 291718
27.115.124.53 - - [20/Jul/2023:17:27:16 -0500] "GET /portaldeninos/wp-content/themes/betheme/style.css?ver=20.9.6 HTTP/1.1" 200 287
27.115.124.6 - - [20/Jul/2023:17:27:16 -0500] "GET /portaldeninos/wp-content/uploads/useanyfont/uaf.css?ver=1589905315 HTTP/1.1" 200 408
27.115.124.70 - - [20/Jul/2023:17:27:14 -0500] "GET /portaldeninos/ HTTP/1.1" 200 110197
27.115.124.118 - - [20/Jul/2023:17:27:16 -0500] "GET /portaldeninos/wp-content/plugins/gallery-videos/CSS/totalsoft.css?ver=4.9.8 HTTP/1.1" 200 40622
27.115.124.109 - - [20/Jul/2023:17:27:15 -0500] "GET /portaldeninos/wp-content/plugins/gallery-videos/CSS/Total-Soft-Gallery-Video-Widget.css?ver=4.9.8 HTTP/1.1" 200 51554
27.115.124.109 - - [20/Jul/2023:17:27:17 -0500] "GET /portaldeninos/wp-content/themes/betheme/assets/jplayer/css/jplayer.blue.monday.css?ver=20.9.6 HTTP/1.1" 200 9834
27.115.124.70 - - [20/Jul/2023:17:27:16 -0500] "GET /portaldeninos/wp-content/themes/betheme/assets/animations/animations.min.css?ver=20.9.6 HTTP/1.1" 200 58508
27.115.124.70 - - [20/Jul/2023:17:27:16 -0500] "GET /portaldeninos/wp-content/themes/betheme/css/base.css?ver=20.9.6 HTTP/1.1" 200 57283
