152.203.172.96 - - [22/Jul/2023:14:06:41 -0500] "GET /kwssiamovil/sm/acme/a?s=U2FsdGVkX1+iYsfRC+qhDRBHzGYLKbgbuFsKFOBNzTqCGQdqF7Bq7HNZDiUOGlrBedDmRcGe05avYHQN9O2nc0rxtHveQTdNYN49F+V7CGRGBqDA7f3d0wPanu+ULAdg0PCREo2KGkNDGzUVZiAwhb+MvFTYnmNZNIkCErR9rh4MPxQM25uj0Pn1gxRFBGUf6Gv91B/8fmNqfhCt3TXC+g==&u=U2FsdGVkX1/CEHZgjSbkeEfBbjBS7XuHoaMJg1UQcdqG26RwqGFfT3VcXHhygbXw&y=U2FsdGVkX189jY+qGVBkwwT5isw8n1R/XGT3JvXbxeKwa6bFbT3ZYoc8PqpYxFcd HTTP/1.1" 200 26
172.22.2.4 - - [22/Jul/2023:14:05:50 -0500] "GET /BLA/boletinlegal/ HTTP/1.1" 200 60185
111.225.148.72 - - [22/Jul/2023:14:07:43 -0500] "GET /BLA/resoluciones/RESOLUCIONES%202015/1189.pdf HTTP/1.1" 200 1159855
110.249.202.102 - - [22/Jul/2023:14:09:16 -0500] "GET /BLA/resoluciones/RESOLUCIONES%202008/0347.pdf HTTP/1.1" 200 234090
191.156.186.1 - - [22/Jul/2023:14:10:19 -0500] "GET /galeria/galeria/jquery.fancybox.css?v=2.1.5 HTTP/1.1" 200 4895
191.156.176.61 - - [22/Jul/2023:14:10:19 -0500] "GET /BLA/boletinlegal/js/jquery.scrollShow.js HTTP/1.1" 200 4586
191.156.186.1 - - [22/Jul/2023:14:10:19 -0500] "GET /galeria/galeria/jquery.fancybox.js?v=2.1.5 HTTP/1.1" 200 48706
191.156.176.61 - - [22/Jul/2023:14:10:32 -0500] "GET /galeria/carrusel/Carrusel/jquery.thumbnailScroller.css HTTP/1.1" 200 2066
191.156.186.1 - - [22/Jul/2023:14:10:32 -0500] "GET /galeria/carrusel/Carrusel/jquery-ui-1.8.13.custom.min.js HTTP/1.1" 200 10800
191.156.186.1 - - [22/Jul/2023:14:10:32 -0500] "GET /galeria/carrusel/Carrusel/jquery.thumbnailScroller.js HTTP/1.1" 200 8157
191.156.177.115 - - [22/Jul/2023:14:10:36 -0500] "GET /galeria/nivo-slider/demo/banner.html HTTP/1.1" 200 5446
191.156.176.61 - - [22/Jul/2023:14:10:40 -0500] "GET /galeria/nivo-slider/themes/default/default.css HTTP/1.1" 200 1569
201.245.192.253 - - [22/Jul/2023:14:10:38 -0500] "POST /kwsrmcab/Wsrmcab  HTTP/1.1" 200 42133
191.156.182.224 - - [22/Jul/2023:14:10:41 -0500] "GET /galeria/nivo-slider/themes/pascal/pascal.css HTTP/1.1" 200 2258
191.156.176.61 - - [22/Jul/2023:14:10:44 -0500] "GET /galeria/nivo-slider/themes/orman/orman.css HTTP/1.1" 200 2152
191.156.182.224 - - [22/Jul/2023:14:10:45 -0500] "GET /galeria/nivo-slider/nivo-slider.css HTTP/1.1" 200 1507
191.156.182.224 - - [22/Jul/2023:14:10:46 -0500] "GET /galeria/nivo-slider/demo/style.css HTTP/1.1" 200 2222
172.22.2.4 - - [22/Jul/2023:14:10:49 -0500] "GET /BLA/boletinlegal/owa/auth/logon.aspx?url=https%3a%2f%2f1%2fecp%2f HTTP/1.1" 404 1018
111.225.149.60 - - [22/Jul/2023:14:10:49 -0500] "GET /BLA/resoluciones/RESOLUCIONES%202011/0611.pdf HTTP/1.1" 200 797544
191.156.182.224 - - [22/Jul/2023:14:10:53 -0500] "GET /galeria/nivo-slider/demo/scripts/jquery-1.7.1.min.js HTTP/1.1" 200 93868
216.245.221.92 - - [22/Jul/2023:14:11:01 -0500] "HEAD / HTTP/1.1" 200 -
64.124.8.52 - - [22/Jul/2023:14:11:28 -0500] "-" 408 -
191.156.177.115 - - [22/Jul/2023:14:11:28 -0500] "GET /galeria/nivo-slider/jquery.nivo.slider.pack.js HTTP/1.1" 200 11561
52.167.144.91 - - [22/Jul/2023:14:11:28 -0500] "GET /images/animal-langostilla.jpg HTTP/1.1" 200 27334
191.156.182.224 - - [22/Jul/2023:14:11:50 -0500] "GET /galeria/nivo-slider/themes/default/loading.gif HTTP/1.1" 200 1737
191.156.182.224 - - [22/Jul/2023:14:11:50 -0500] "GET /galeria/nivo-slider/demo/images/4Simple_Slider.png HTTP/1.1" 200 11722
191.156.182.224 - - [22/Jul/2023:14:11:50 -0500] "GET /galeria/nivo-slider/demo/images/bannertortuga_optimized.jpg HTTP/1.1" 200 39066
191.156.182.224 - - [22/Jul/2023:14:12:01 -0500] "GET /galeria/nivo-slider/demo/images/Bannermujeresquereverdecen.jpg HTTP/1.1" 200 46558
191.156.180.160 - - [22/Jul/2023:14:12:03 -0500] "GET /galeria/nivo-slider/demo/images/bannertrafico_optimized.jpg HTTP/1.1" 200 42578
191.156.182.224 - - [22/Jul/2023:14:12:03 -0500] "GET /galeria/nivo-slider/demo/images/Bannersedeelectronica.jpg HTTP/1.1" 200 40383
191.156.177.174 - - [22/Jul/2023:14:12:08 -0500] "GET /galeria/nivo-slider/demo/images/banneraire2021.jpg HTTP/1.1" 200 265101
111.225.148.160 - - [22/Jul/2023:14:12:22 -0500] "GET /BLA/resoluciones/AUTOS%202020/0518.pdf HTTP/1.1" 200 538285
172.22.2.4 - - [22/Jul/2023:14:10:49 -0500] "HEAD /BLA/boletinlegal/ HTTP/1.1" 200 -
191.156.177.174 - - [22/Jul/2023:14:12:33 -0500] "GET /galeria/nivo-slider/demo/images/Bannerplasticosseptiembre.jpg HTTP/1.1" 200 45633
191.156.184.33 - - [22/Jul/2023:14:12:40 -0500] "GET /galeria/nivo-slider/demo/images/bannerresiduoshospitalariosagosto.jpg HTTP/1.1" 200 36499
191.156.176.61 - - [22/Jul/2023:14:12:40 -0500] "GET /galeria/nivo-slider/demo/images/banneraccionpopularcrr68.jpg HTTP/1.1" 200 51887
191.156.177.174 - - [22/Jul/2023:14:12:47 -0500] "GET /galeria/nivo-slider/demo/images/banneraccionpopular.jpeg HTTP/1.1" 200 41707
157.55.39.216 - - [22/Jul/2023:14:12:54 -0500] "GET /Publicaciones/2023EE120325.pdf HTTP/1.1" 404 228
191.156.184.33 - - [22/Jul/2023:14:12:55 -0500] "GET /galeria/nivo-slider/demo/images/bannerclases2021.jpg HTTP/1.1" 200 68230
191.156.186.1 - - [22/Jul/2023:14:13:05 -0500] "GET /galeria/nivo-slider/demo/images/bannercapacitacionesbogota.jpg HTTP/1.1" 200 42416
191.156.182.224 - - [22/Jul/2023:14:13:14 -0500] "GET /galeria/nivo-slider/demo/images/Bannerenvases.jpg HTTP/1.1" 200 37316
191.156.186.1 - - [22/Jul/2023:14:13:16 -0500] "GET /galeria/nivo-slider/demo/images/Bannervirtualescanales.jpg HTTP/1.1" 200 174544
181.243.118.131 - - [22/Jul/2023:14:13:19 -0500] "GET /calidad-del-aire-distrito-avanza-unido-por-un-nuevo-aire.html?utm_source=Meta_DIGI&utm_medium=CPMa&utm_campaign=Aire&utm_id=Julio_2023&gclid=EAIaIQobChMI-Znqz4KjgAMVmIanCh1gvQbREAEYASAAEgLVovD_BwE HTTP/1.1" 200 783
110.249.202.4 - - [22/Jul/2023:14:13:55 -0500] "GET /BLA/resoluciones/AUTOS%202008/2453.pdf HTTP/1.1" 200 136861
190.145.240.28 - - [22/Jul/2023:14:14:05 -0500] "GET /calidad-del-aire-distrito-avanza-unido-por-un-nuevo-aire.html?utm_source=Meta_DIGI&utm_medium=CPMa&utm_campaign=Aire&utm_id=Julio_2023&gclid=EAIaIQobChMIt6jb44KjgAMVgiqtBh2xhg6BEAEYASAAEgLAmfD_BwE HTTP/1.1" 200 783
190.145.240.28 - - [22/Jul/2023:14:14:08 -0500] "GET /favicon.ico HTTP/1.1" 404 1690
52.167.144.92 - - [22/Jul/2023:14:14:29 -0500] "GET /que-orgullo-bogota-obtiene-reconocimiento-por-sus-planes-y-acciones-para-enfrentar-el-cambio-climatico.html HTTP/1.1" 200 773
172.22.2.4 - - [22/Jul/2023:14:13:16 -0500] "GET /BLA/boletinlegal/ HTTP/1.1" 200 60185
191.156.176.14 - - [22/Jul/2023:14:15:18 -0500] "GET /galeria/nivo-slider/themes/default/arrows.png HTTP/1.1" 200 824
191.156.176.14 - - [22/Jul/2023:14:15:18 -0500] "GET /galeria/nivo-slider/themes/default/bullets.png HTTP/1.1" 200 1281
111.225.149.70 - - [22/Jul/2023:14:15:29 -0500] "GET /BLA/resoluciones/RESOLUCIONES%202011/1547.pdf HTTP/1.1" 200 77911
201.245.192.253 - - [22/Jul/2023:14:15:38 -0500] "POST /kwsrmcab/Wsrmcab  HTTP/1.1" 200 42133
191.156.184.33 - - [22/Jul/2023:14:15:59 -0500] "GET /galeria/nivo-slider/demo/images/bannerrutaesperanza.jpg HTTP/1.1" 200 55560
216.245.221.92 - - [22/Jul/2023:14:16:01 -0500] "HEAD / HTTP/1.1" 200 -
157.55.39.216 - - [22/Jul/2023:14:16:27 -0500] "GET /BLA/resoluciones/RESOLUCIONES%202018/4053.pdf HTTP/1.1" 200 328077
110.249.202.130 - - [22/Jul/2023:14:17:00 -0500] "GET /BLA/resoluciones/RESOLUCIONES%202011/3254.pdf HTTP/1.1" 200 453670
181.142.175.29 - - [22/Jul/2023:14:18:26 -0500] "GET /calidad-del-aire-distrito-avanza-unido-por-un-nuevo-aire.html?utm_source=Meta_DIGI&utm_medium=CPMa&utm_campaign=Aire&utm_id=Julio_2023&gclid=EAIaIQobChMI08fm44OjgAMVHdQoBR1_tgrMEAEYASAAEgKd-PD_BwE HTTP/1.1" 200 783
111.225.149.248 - - [22/Jul/2023:14:18:32 -0500] "GET /BLA/resoluciones/AUTOS%202016/1862.pdf HTTP/1.1" 200 473396
201.245.192.253 - - [22/Jul/2023:14:19:36 -0500] "POST /kwsrmcab/Wsrmcab HTTP/1.1" 200 43059
201.245.192.253 - - [22/Jul/2023:14:19:39 -0500] "POST /kwsrmcab/Wsrmcab HTTP/1.1" 200 43668
110.249.201.19 - - [22/Jul/2023:14:20:06 -0500] "GET /BLA/resoluciones/AUTOS%202017/3266.pdf HTTP/1.1" 200 283246
157.55.39.216 - - [22/Jul/2023:14:20:07 -0500] "GET /BLA/resoluciones/AUTOS%202019/1789.pdf HTTP/1.1" 200 248748
216.245.221.92 - - [22/Jul/2023:14:21:01 -0500] "HEAD / HTTP/1.1" 200 -
111.225.148.66 - - [22/Jul/2023:14:21:39 -0500] "GET /BLA/resoluciones/AUTOS%202019/0318.pdf HTTP/1.1" 200 300636
201.245.192.253 - - [22/Jul/2023:14:21:45 -0500] "POST /kwsrmcab/Wsrmcab  HTTP/1.1" 200 42133
172.22.2.4 - - [22/Jul/2023:14:21:25 -0500] "GET /BLA/boletinlegal/ HTTP/1.1" 200 40907
201.245.192.253 - - [22/Jul/2023:14:22:46 -0500] "POST /kwsrmcab/Wsrmcab  HTTP/1.1" 200 42133
181.56.90.11 - - [22/Jul/2023:14:22:50 -0500] "GET /calidad-del-aire-distrito-avanza-unido-por-un-nuevo-aire.html?utm_source=Meta_DIGI&utm_medium=CPMa&utm_campaign=Aire&utm_id=Julio_2023&gclid=EAIaIQobChMI0IuQ4oSjgAMVZczCBB3ITgRLEAEYASAAEgJFiPD_BwE HTTP/1.1" 200 783
181.56.90.11 - - [22/Jul/2023:14:23:07 -0500] "GET /calidad-del-aire-distrito-avanza-unido-por-un-nuevo-aire.html?utm_source=Meta_DIGI&utm_medium=CPMa&utm_campaign=Aire&utm_id=Julio_2023&gclid=EAIaIQobChMI9fCs6ISjgAMVz42nCh2XFAjVEAEYASAAEgIRDPD_BwE HTTP/1.1" 200 783
111.225.148.19 - - [22/Jul/2023:14:23:14 -0500] "GET /BLA/resoluciones/AUTOS%202008/2810.pdf HTTP/1.1" 200 113632
64.233.172.128 - - [22/Jul/2023:14:23:31 -0500] "GET /Publicaciones/SSFFS-10983-2020.zip HTTP/1.1" 404 232
172.22.2.4 - - [22/Jul/2023:14:22:12 -0500] "GET /BLA/boletinlegal/ HTTP/1.1" 200 58079
190.70.192.65 - - [22/Jul/2023:14:24:09 -0500] "GET /calidad-del-aire-distrito-avanza-unido-por-un-nuevo-aire.html?utm_source=Meta_DIGI&utm_medium=CPMa&utm_campaign=Aire&utm_id=Julio_2023&gclid=EAIaIQobChMImfHehIWjgAMVcPLnAx1RaAEJEAEYASAAEgLWwvD_BwE HTTP/1.1" 200 783
110.249.201.13 - - [22/Jul/2023:14:24:47 -0500] "GET /BLA/resoluciones/AUTOS%202010/1370.pdf HTTP/1.1" 200 240831
54.162.187.33 - - [22/Jul/2023:14:25:23 -0500] "GET /en-julio-programate-para-asistir-a-las-caminatas-ecologicas-y-conectarte-con-la-naturaleza.html HTTP/1.1" 200 773
216.245.221.92 - - [22/Jul/2023:14:26:01 -0500] "HEAD / HTTP/1.1" 200 -
54.162.187.33 - - [22/Jul/2023:14:26:03 -0500] "GET /portaldeninos/ HTTP/1.1" 200 110197
27.115.124.53 - - [22/Jul/2023:14:27:35 -0500] "GET /portaldeninos/wp-content/uploads/useanyfont/uaf.css?ver=1589905315 HTTP/1.1" 200 408
27.115.124.38 - - [22/Jul/2023:14:27:35 -0500] "GET /portaldeninos/wp-content/themes/betheme/style.css?ver=20.9.6 HTTP/1.1" 200 287
27.115.124.53 - - [22/Jul/2023:14:27:35 -0500] "GET /portaldeninos/wp-content/plugins/gallery-videos/CSS/Total-Soft-Gallery-Video-Widget.css?ver=4.9.8 HTTP/1.1" 200 51554
27.115.124.70 - - [22/Jul/2023:14:27:35 -0500] "GET /portaldeninos/wp-content/plugins/gallery-videos/CSS/totalsoft.css?ver=4.9.8 HTTP/1.1" 200 40622
27.115.124.118 - - [22/Jul/2023:14:27:35 -0500] "GET /portaldeninos/wp-content/themes/betheme/css/base.css?ver=20.9.6 HTTP/1.1" 200 57283
27.115.124.38 - - [22/Jul/2023:14:27:36 -0500] "GET /portaldeninos/wp-content/themes/betheme/assets/animations/animations.min.css?ver=20.9.6 HTTP/1.1" 200 58508
27.115.124.53 - - [22/Jul/2023:14:27:37 -0500] "GET /portaldeninos/wp-content/themes/betheme/assets/jplayer/css/jplayer.blue.monday.css?ver=20.9.6 HTTP/1.1" 200 9834
27.115.124.70 - - [22/Jul/2023:14:27:37 -0500] "GET /portaldeninos/wp-content/themes/betheme/assets/ui/jquery.ui.all.css?ver=20.9.6 HTTP/1.1" 200 18765
27.115.124.53 - - [22/Jul/2023:14:27:36 -0500] "GET /portaldeninos/wp-content/themes/betheme/css/shortcodes.css?ver=20.9.6 HTTP/1.1" 200 138889
27.115.124.38 - - [22/Jul/2023:14:27:37 -0500] "GET /portaldeninos/wp-includes/js/jquery/jquery-migrate.min.js?ver=1.4.1 HTTP/1.1" 200 10056
27.115.124.53 - - [22/Jul/2023:14:27:38 -0500] "GET /portaldeninos/wp-includes/js/jquery/ui/core.min.js?ver=1.11.4 HTTP/1.1" 200 4000
27.115.124.118 - - [22/Jul/2023:14:27:37 -0500] "GET /portaldeninos/wp-content/plugins/google-analytics-for-wordpress/assets/js/frontend-gtag.min.js?ver=8.5.0 HTTP/1.1" 200 11801
27.115.124.38 - - [22/Jul/2023:14:27:38 -0500] "GET /portaldeninos/wp-content/plugins/gallery-videos/JS/modernizr.custom.js?ver=4.9.8 HTTP/1.1" 200 9019
27.115.124.6 - - [22/Jul/2023:14:27:35 -0500] "GET /portaldeninos/wp-content/themes/betheme/css/layout.css?ver=20.9.6 HTTP/1.1" 200 116639
27.115.124.53 - - [22/Jul/2023:14:27:37 -0500] "GET /portaldeninos/wp-content/themes/betheme/css/responsive.css?ver=20.9.6 HTTP/1.1" 200 55740
27.115.124.38 - - [22/Jul/2023:14:27:38 -0500] "GET /portaldeninos/wp-includes/js/jquery/ui/widget.min.js?ver=1.11.4 HTTP/1.1" 200 6908
27.115.124.118 - - [22/Jul/2023:14:27:38 -0500] "GET /portaldeninos/wp-includes/js/jquery/ui/mouse.min.js?ver=1.11.4 HTTP/1.1" 200 3148
27.115.124.70 - - [22/Jul/2023:14:27:37 -0500] "GET /portaldeninos/wp-includes/js/jquery/jquery.js?ver=1.12.4 HTTP/1.1" 200 97184
27.115.124.38 - - [22/Jul/2023:14:27:38 -0500] "GET /portaldeninos/wp-includes/js/jquery/ui/accordion.min.js?ver=1.11.4 HTTP/1.1" 200 8584
27.115.124.53 - - [22/Jul/2023:14:27:38 -0500] "GET /portaldeninos/wp-includes/js/jquery/ui/tabs.min.js?ver=1.11.4 HTTP/1.1" 200 12110
27.115.124.70 - - [22/Jul/2023:14:27:38 -0500] "GET /portaldeninos/wp-content/themes/betheme/js/menu.js?ver=20.9.6 HTTP/1.1" 200 2449
27.115.124.53 - - [22/Jul/2023:14:27:38 -0500] "GET /portaldeninos/wp-content/plugins/gallery-videos/JS/Total-Soft-Gallery-Video-Widget.js?ver=4.9.8 HTTP/1.1" 200 80264
27.115.124.38 - - [22/Jul/2023:14:27:39 -0500] "GET /portaldeninos/wp-content/themes/betheme/assets/animations/animations.min.js?ver=20.9.6 HTTP/1.1" 200 1896
27.115.124.6 - - [22/Jul/2023:14:27:38 -0500] "GET /portaldeninos/wp-includes/js/jquery/ui/sortable.min.js?ver=1.11.4 HTTP/1.1" 200 24899
27.115.124.53 - - [22/Jul/2023:14:27:39 -0500] "GET /portaldeninos/wp-includes/js/wp-embed.min.js?ver=4.9.8 HTTP/1.1" 200 1398
27.115.124.53 - - [22/Jul/2023:14:27:39 -0500] "GET /portaldeninos/wp-content/themes/betheme/images/box_shadow.png HTTP/1.1" 200 108
27.115.124.53 - - [22/Jul/2023:14:27:39 -0500] "GET /portaldeninos/wp-content/themes/betheme/assets/jplayer/jplayer.min.js?ver=20.9.6 HTTP/1.1" 200 52702
27.115.124.70 - - [22/Jul/2023:14:27:39 -0500] "GET /portaldeninos/wp-content/themes/betheme/js/scripts.js?ver=20.9.6 HTTP/1.1" 200 77162
27.115.124.6 - - [22/Jul/2023:14:27:39 -0500] "GET /portaldeninos/wp-includes/js/wp-emoji-release.min.js?ver=4.9.8 HTTP/1.1" 200 12026
27.115.124.70 - - [22/Jul/2023:14:27:39 -0500] "GET /portaldeninos/wp-content/themes/betheme/fonts/mfn-icons.woff?93978679 HTTP/1.1" 200 14626
27.115.124.118 - - [22/Jul/2023:14:27:40 -0500] "GET /portaldeninos/wp-content/themes/betheme/fonts/mfn-icons.ttf?93978679 HTTP/1.1" 200 14625
27.115.124.118 - - [22/Jul/2023:14:27:38 -0500] "GET /portaldeninos/wp-content/themes/betheme/js/plugins.js?ver=20.9.6 HTTP/1.1" 200 162041
27.115.124.38 - - [22/Jul/2023:14:27:43 -0500] "GET /portaldeninos/wp-content/uploads/useanyfont/uaf.css?ver=1589905315 HTTP/1.1" 200 408
27.115.124.109 - - [22/Jul/2023:14:27:43 -0500] "GET /portaldeninos/wp-content/themes/betheme/style.css?ver=20.9.6 HTTP/1.1" 200 287
27.115.124.53 - - [22/Jul/2023:14:27:43 -0500] "GET /portaldeninos/wp-content/plugins/gallery-videos/CSS/Total-Soft-Gallery-Video-Widget.css?ver=4.9.8 HTTP/1.1" 200 51554
27.115.124.101 - - [22/Jul/2023:14:27:43 -0500] "GET /portaldeninos/wp-content/plugins/gallery-videos/CSS/totalsoft.css?ver=4.9.8 HTTP/1.1" 200 40622
27.115.124.38 - - [22/Jul/2023:14:27:43 -0500] "GET /portaldeninos/wp-content/themes/betheme/css/base.css?ver=20.9.6 HTTP/1.1" 200 57283
27.115.124.109 - - [22/Jul/2023:14:27:43 -0500] "GET /portaldeninos/wp-content/themes/betheme/assets/animations/animations.min.css?ver=20.9.6 HTTP/1.1" 200 58508
27.115.124.53 - - [22/Jul/2023:14:27:44 -0500] "GET /portaldeninos/wp-content/themes/betheme/assets/jplayer/css/jplayer.blue.monday.css?ver=20.9.6 HTTP/1.1" 200 9834
27.115.124.101 - - [22/Jul/2023:14:27:44 -0500] "GET /portaldeninos/wp-content/themes/betheme/assets/ui/jquery.ui.all.css?ver=20.9.6 HTTP/1.1" 200 18765
27.115.124.38 - - [22/Jul/2023:14:27:43 -0500] "GET /portaldeninos/wp-content/themes/betheme/css/shortcodes.css?ver=20.9.6 HTTP/1.1" 200 138889
27.115.124.53 - - [22/Jul/2023:14:27:45 -0500] "GET /portaldeninos/wp-content/plugins/google-analytics-for-wordpress/assets/js/frontend-gtag.min.js?ver=8.5.0 HTTP/1.1" 200 11801
27.115.124.109 - - [22/Jul/2023:14:27:45 -0500] "GET /portaldeninos/wp-includes/js/jquery/jquery-migrate.min.js?ver=1.4.1 HTTP/1.1" 200 10056
27.115.124.38 - - [22/Jul/2023:14:27:45 -0500] "GET /portaldeninos/wp-includes/js/jquery/ui/core.min.js?ver=1.11.4 HTTP/1.1" 200 4000
27.115.124.38 - - [22/Jul/2023:14:27:45 -0500] "GET /portaldeninos/wp-content/themes/betheme/css/responsive.css?ver=20.9.6 HTTP/1.1" 200 55740
27.115.124.53 - - [22/Jul/2023:14:27:45 -0500] "GET /portaldeninos/wp-content/plugins/gallery-videos/JS/modernizr.custom.js?ver=4.9.8 HTTP/1.1" 200 9019
27.115.124.53 - - [22/Jul/2023:14:27:46 -0500] "GET /portaldeninos/wp-includes/js/jquery/ui/widget.min.js?ver=1.11.4 HTTP/1.1" 200 6908
27.115.124.38 - - [22/Jul/2023:14:27:46 -0500] "GET /portaldeninos/wp-includes/js/jquery/ui/mouse.min.js?ver=1.11.4 HTTP/1.1" 200 3148
27.115.124.101 - - [22/Jul/2023:14:27:45 -0500] "GET /portaldeninos/wp-includes/js/jquery/jquery.js?ver=1.12.4 HTTP/1.1" 200 97184
27.115.124.38 - - [22/Jul/2023:14:27:46 -0500] "GET /portaldeninos/wp-includes/js/jquery/ui/accordion.min.js?ver=1.11.4 HTTP/1.1" 200 8584
27.115.124.38 - - [22/Jul/2023:14:27:45 -0500] "GET /portaldeninos/wp-content/plugins/gallery-videos/JS/Total-Soft-Gallery-Video-Widget.js?ver=4.9.8 HTTP/1.1" 200 80264
27.115.124.101 - - [22/Jul/2023:14:27:46 -0500] "GET /portaldeninos/wp-includes/js/jquery/ui/tabs.min.js?ver=1.11.4 HTTP/1.1" 200 12110
27.115.124.38 - - [22/Jul/2023:14:27:46 -0500] "GET /portaldeninos/wp-content/themes/betheme/js/menu.js?ver=20.9.6 HTTP/1.1" 200 2449
27.115.124.109 - - [22/Jul/2023:14:27:46 -0500] "GET /portaldeninos/wp-content/themes/betheme/assets/animations/animations.min.js?ver=20.9.6 HTTP/1.1" 200 1896
27.115.124.53 - - [22/Jul/2023:14:27:46 -0500] "GET /portaldeninos/wp-includes/js/jquery/ui/sortable.min.js?ver=1.11.4 HTTP/1.1" 200 24899
27.115.124.109 - - [22/Jul/2023:14:27:47 -0500] "GET /portaldeninos/wp-includes/js/wp-embed.min.js?ver=4.9.8 HTTP/1.1" 200 1398
27.115.124.101 - - [22/Jul/2023:14:27:47 -0500] "GET /portaldeninos/wp-content/themes/betheme/assets/jplayer/jplayer.min.js?ver=20.9.6 HTTP/1.1" 200 52702
27.115.124.38 - - [22/Jul/2023:14:27:47 -0500] "GET /portaldeninos/wp-content/themes/betheme/js/scripts.js?ver=20.9.6 HTTP/1.1" 200 77162
186.155.143.155 - - [22/Jul/2023:14:27:47 -0500] "GET /ojo-con-los-arboles-en-la-temporada-de-vientos.html HTTP/1.1" 200 769
27.115.124.38 - - [22/Jul/2023:14:27:46 -0500] "GET /portaldeninos/wp-content/themes/betheme/js/plugins.js?ver=20.9.6 HTTP/1.1" 200 197151
201.245.192.253 - - [22/Jul/2023:14:27:45 -0500] "POST /kwsrmcab/Wsrmcab  HTTP/1.1" 200 42133
27.115.124.38 - - [22/Jul/2023:14:27:48 -0500] "GET /portaldeninos/wp-includes/js/wp-emoji-release.min.js?ver=4.9.8 HTTP/1.1" 200 12026
27.115.124.118 - - [22/Jul/2023:14:27:43 -0500] "GET /portaldeninos/wp-content/themes/betheme/css/layout.css?ver=20.9.6 HTTP/1.1" 200 116639
52.167.144.147 - - [22/Jul/2023:14:29:04 -0500] "GET /BLA/resoluciones/AUTOS%202022/3350.pdf HTTP/1.1" 304 -
201.245.192.253 - - [22/Jul/2023:14:29:36 -0500] "POST /kwsrmcab/Wsrmcab HTTP/1.1" 200 43059
207.46.13.217 - - [22/Jul/2023:14:30:43 -0500] "GET /BLA/resoluciones/AUTOS%202022/8254.pdf HTTP/1.1" 200 393614
216.245.221.92 - - [22/Jul/2023:14:31:01 -0500] "HEAD / HTTP/1.1" 200 -
123.6.49.47 - - [22/Jul/2023:14:31:13 -0500] "GET /portaldeninos/wp-content/uploads/useanyfont/uaf.css?ver=1589905315 HTTP/1.1" 200 408
123.6.49.9 - - [22/Jul/2023:14:31:13 -0500] "GET /portaldeninos/wp-content/themes/betheme/style.css?ver=20.9.6 HTTP/1.1" 200 287
123.6.49.50 - - [22/Jul/2023:14:31:13 -0500] "GET /portaldeninos/wp-content/plugins/gallery-videos/CSS/Total-Soft-Gallery-Video-Widget.css?ver=4.9.8 HTTP/1.1" 200 51554
123.6.49.50 - - [22/Jul/2023:14:31:13 -0500] "GET /portaldeninos/wp-content/plugins/gallery-videos/CSS/totalsoft.css?ver=4.9.8 HTTP/1.1" 200 40622
123.6.49.18 - - [22/Jul/2023:14:31:13 -0500] "GET /portaldeninos/wp-content/themes/betheme/css/base.css?ver=20.9.6 HTTP/1.1" 200 57283
123.6.49.9 - - [22/Jul/2023:14:31:13 -0500] "GET /portaldeninos/wp-content/themes/betheme/assets/animations/animations.min.css?ver=20.9.6 HTTP/1.1" 200 58508
123.6.49.50 - - [22/Jul/2023:14:31:15 -0500] "GET /portaldeninos/wp-content/themes/betheme/assets/jplayer/css/jplayer.blue.monday.css?ver=20.9.6 HTTP/1.1" 200 9834
123.6.49.50 - - [22/Jul/2023:14:31:14 -0500] "GET /portaldeninos/wp-content/themes/betheme/assets/ui/jquery.ui.all.css?ver=20.9.6 HTTP/1.1" 200 18765
123.6.49.9 - - [22/Jul/2023:14:31:15 -0500] "GET /portaldeninos/wp-includes/js/jquery/jquery-migrate.min.js?ver=1.4.1 HTTP/1.1" 200 10056
123.6.49.15 - - [22/Jul/2023:14:31:13 -0500] "GET /portaldeninos/wp-content/themes/betheme/css/layout.css?ver=20.9.6 HTTP/1.1" 200 116639
123.6.49.50 - - [22/Jul/2023:14:31:15 -0500] "GET /portaldeninos/wp-content/plugins/google-analytics-for-wordpress/assets/js/frontend-gtag.min.js?ver=8.5.0 HTTP/1.1" 200 11801
123.6.49.47 - - [22/Jul/2023:14:31:13 -0500] "GET /portaldeninos/wp-content/themes/betheme/css/shortcodes.css?ver=20.9.6 HTTP/1.1" 200 138889
123.6.49.9 - - [22/Jul/2023:14:31:15 -0500] "GET /portaldeninos/wp-includes/js/jquery/ui/core.min.js?ver=1.11.4 HTTP/1.1" 200 4000
123.6.49.18 - - [22/Jul/2023:14:31:15 -0500] "GET /portaldeninos/wp-content/themes/betheme/css/responsive.css?ver=20.9.6 HTTP/1.1" 200 55740
123.6.49.15 - - [22/Jul/2023:14:31:16 -0500] "GET /portaldeninos/wp-content/plugins/gallery-videos/JS/modernizr.custom.js?ver=4.9.8 HTTP/1.1" 200 9019
123.6.49.47 - - [22/Jul/2023:14:31:16 -0500] "GET /portaldeninos/wp-includes/js/jquery/ui/widget.min.js?ver=1.11.4 HTTP/1.1" 200 6908
123.6.49.9 - - [22/Jul/2023:14:31:16 -0500] "GET /portaldeninos/wp-includes/js/jquery/ui/mouse.min.js?ver=1.11.4 HTTP/1.1" 200 3148
123.6.49.50 - - [22/Jul/2023:14:31:15 -0500] "GET /portaldeninos/wp-includes/js/jquery/jquery.js?ver=1.12.4 HTTP/1.1" 200 97184
123.6.49.47 - - [22/Jul/2023:14:31:16 -0500] "GET /portaldeninos/wp-includes/js/jquery/ui/accordion.min.js?ver=1.11.4 HTTP/1.1" 200 8584
123.6.49.50 - - [22/Jul/2023:14:31:16 -0500] "GET /portaldeninos/wp-content/plugins/gallery-videos/JS/Total-Soft-Gallery-Video-Widget.js?ver=4.9.8 HTTP/1.1" 200 80264
123.6.49.50 - - [22/Jul/2023:14:31:16 -0500] "GET /portaldeninos/wp-content/themes/betheme/js/menu.js?ver=20.9.6 HTTP/1.1" 200 2449
123.6.49.47 - - [22/Jul/2023:14:31:16 -0500] "GET /portaldeninos/wp-content/themes/betheme/assets/animations/animations.min.js?ver=20.9.6 HTTP/1.1" 200 1896
123.6.49.15 - - [22/Jul/2023:14:31:16 -0500] "GET /portaldeninos/wp-includes/js/jquery/ui/tabs.min.js?ver=1.11.4 HTTP/1.1" 200 12110
123.6.49.18 - - [22/Jul/2023:14:31:16 -0500] "GET /portaldeninos/wp-includes/js/jquery/ui/sortable.min.js?ver=1.11.4 HTTP/1.1" 200 24899
123.6.49.47 - - [22/Jul/2023:14:31:16 -0500] "GET /portaldeninos/wp-includes/js/wp-embed.min.js?ver=4.9.8 HTTP/1.1" 200 1398
123.6.49.47 - - [22/Jul/2023:14:31:17 -0500] "GET /portaldeninos/wp-content/themes/betheme/images/box_shadow.png HTTP/1.1" 200 108
123.6.49.50 - - [22/Jul/2023:14:31:16 -0500] "GET /portaldeninos/wp-content/themes/betheme/assets/jplayer/jplayer.min.js?ver=20.9.6 HTTP/1.1" 200 52702
123.6.49.18 - - [22/Jul/2023:14:31:17 -0500] "GET /portaldeninos/wp-includes/js/wp-emoji-release.min.js?ver=4.9.8 HTTP/1.1" 200 12026
123.6.49.50 - - [22/Jul/2023:14:31:16 -0500] "GET /portaldeninos/wp-content/themes/betheme/js/scripts.js?ver=20.9.6 HTTP/1.1" 200 77162
123.6.49.9 - - [22/Jul/2023:14:31:16 -0500] "GET /portaldeninos/wp-content/themes/betheme/js/plugins.js?ver=20.9.6 HTTP/1.1" 200 197151
123.6.49.41 - - [22/Jul/2023:14:31:17 -0500] "GET /portaldeninos/wp-content/themes/betheme/fonts/mfn-icons.woff?93978679 HTTP/1.1" 200 14626
123.6.49.47 - - [22/Jul/2023:14:31:17 -0500] "GET /portaldeninos/wp-content/themes/betheme/fonts/mfn-icons.ttf?93978679 HTTP/1.1" 200 14625
123.6.49.47 - - [22/Jul/2023:14:31:20 -0500] "GET /portaldeninos/wp-content/uploads/useanyfont/uaf.css?ver=1589905315 HTTP/1.1" 200 408
123.6.49.18 - - [22/Jul/2023:14:31:20 -0500] "GET /portaldeninos/wp-content/themes/betheme/style.css?ver=20.9.6 HTTP/1.1" 200 287
123.6.49.9 - - [22/Jul/2023:14:31:20 -0500] "GET /portaldeninos/wp-content/plugins/gallery-videos/CSS/Total-Soft-Gallery-Video-Widget.css?ver=4.9.8 HTTP/1.1" 200 51554
123.6.49.47 - - [22/Jul/2023:14:31:20 -0500] "GET /portaldeninos/wp-content/plugins/gallery-videos/CSS/totalsoft.css?ver=4.9.8 HTTP/1.1" 200 40622
123.6.49.18 - - [22/Jul/2023:14:31:20 -0500] "GET /portaldeninos/wp-content/themes/betheme/css/base.css?ver=20.9.6 HTTP/1.1" 200 57283
123.6.49.18 - - [22/Jul/2023:14:31:20 -0500] "GET /portaldeninos/wp-content/themes/betheme/assets/animations/animations.min.css?ver=20.9.6 HTTP/1.1" 200 58508
123.6.49.47 - - [22/Jul/2023:14:31:21 -0500] "GET /portaldeninos/wp-content/themes/betheme/assets/jplayer/css/jplayer.blue.monday.css?ver=20.9.6 HTTP/1.1" 200 9834
123.6.49.9 - - [22/Jul/2023:14:31:21 -0500] "GET /portaldeninos/wp-content/themes/betheme/assets/ui/jquery.ui.all.css?ver=20.9.6 HTTP/1.1" 200 18765
123.6.49.9 - - [22/Jul/2023:14:31:22 -0500] "GET /portaldeninos/wp-includes/js/jquery/jquery-migrate.min.js?ver=1.4.1 HTTP/1.1" 200 10056
123.6.49.18 - - [22/Jul/2023:14:31:22 -0500] "GET /portaldeninos/wp-content/plugins/google-analytics-for-wordpress/assets/js/frontend-gtag.min.js?ver=8.5.0 HTTP/1.1" 200 11801
123.6.49.41 - - [22/Jul/2023:14:31:20 -0500] "GET /portaldeninos/wp-content/themes/betheme/css/layout.css?ver=20.9.6 HTTP/1.1" 200 116639
123.6.49.9 - - [22/Jul/2023:14:31:22 -0500] "GET /portaldeninos/wp-includes/js/jquery/ui/core.min.js?ver=1.11.4 HTTP/1.1" 200 4000
123.6.49.47 - - [22/Jul/2023:14:31:20 -0500] "GET /portaldeninos/wp-content/themes/betheme/css/shortcodes.css?ver=20.9.6 HTTP/1.1" 200 138889
123.6.49.47 - - [22/Jul/2023:14:31:22 -0500] "GET /portaldeninos/wp-content/themes/betheme/css/responsive.css?ver=20.9.6 HTTP/1.1" 200 55740
123.6.49.18 - - [22/Jul/2023:14:31:23 -0500] "GET /portaldeninos/wp-content/plugins/gallery-videos/JS/modernizr.custom.js?ver=4.9.8 HTTP/1.1" 200 9019
123.6.49.9 - - [22/Jul/2023:14:31:23 -0500] "GET /portaldeninos/wp-includes/js/jquery/ui/widget.min.js?ver=1.11.4 HTTP/1.1" 200 6908
123.6.49.47 - - [22/Jul/2023:14:31:23 -0500] "GET /portaldeninos/wp-includes/js/jquery/ui/mouse.min.js?ver=1.11.4 HTTP/1.1" 200 3148
123.6.49.9 - - [22/Jul/2023:14:31:23 -0500] "GET /portaldeninos/wp-includes/js/jquery/ui/accordion.min.js?ver=1.11.4 HTTP/1.1" 200 8584
123.6.49.18 - - [22/Jul/2023:14:31:23 -0500] "GET /portaldeninos/wp-includes/js/jquery/ui/tabs.min.js?ver=1.11.4 HTTP/1.1" 200 12110
123.6.49.18 - - [22/Jul/2023:14:31:22 -0500] "GET /portaldeninos/wp-includes/js/jquery/jquery.js?ver=1.12.4 HTTP/1.1" 200 97184
123.6.49.9 - - [22/Jul/2023:14:31:23 -0500] "GET /portaldeninos/wp-content/themes/betheme/js/menu.js?ver=20.9.6 HTTP/1.1" 200 2449
123.6.49.47 - - [22/Jul/2023:14:31:23 -0500] "GET /portaldeninos/wp-includes/js/jquery/ui/sortable.min.js?ver=1.11.4 HTTP/1.1" 200 24899
123.6.49.41 - - [22/Jul/2023:14:31:23 -0500] "GET /portaldeninos/wp-content/plugins/gallery-videos/JS/Total-Soft-Gallery-Video-Widget.js?ver=4.9.8 HTTP/1.1" 200 80264
123.6.49.18 - - [22/Jul/2023:14:31:23 -0500] "GET /portaldeninos/wp-content/themes/betheme/assets/animations/animations.min.js?ver=20.9.6 HTTP/1.1" 200 1896
123.6.49.47 - - [22/Jul/2023:14:31:24 -0500] "GET /portaldeninos/wp-includes/js/wp-embed.min.js?ver=4.9.8 HTTP/1.1" 200 1398
123.6.49.47 - - [22/Jul/2023:14:31:24 -0500] "GET /portaldeninos/wp-content/themes/betheme/images/box_shadow.png HTTP/1.1" 200 108
123.6.49.41 - - [22/Jul/2023:14:31:24 -0500] "GET /portaldeninos/wp-includes/js/wp-emoji-release.min.js?ver=4.9.8 HTTP/1.1" 200 12026
123.6.49.9 - - [22/Jul/2023:14:31:24 -0500] "GET /portaldeninos/wp-content/themes/betheme/js/scripts.js?ver=20.9.6 HTTP/1.1" 200 77162
123.6.49.47 - - [22/Jul/2023:14:31:23 -0500] "GET /portaldeninos/wp-content/themes/betheme/js/plugins.js?ver=20.9.6 HTTP/1.1" 200 197151
123.6.49.18 - - [22/Jul/2023:14:31:24 -0500] "GET /portaldeninos/wp-content/themes/betheme/assets/jplayer/jplayer.min.js?ver=20.9.6 HTTP/1.1" 200 52702
123.6.49.9 - - [22/Jul/2023:14:31:24 -0500] "GET /portaldeninos/wp-content/themes/betheme/fonts/mfn-icons.woff?93978679 HTTP/1.1" 200 14626
123.6.49.41 - - [22/Jul/2023:14:31:24 -0500] "GET /portaldeninos/wp-content/themes/betheme/fonts/mfn-icons.ttf?93978679 HTTP/1.1" 200 14625
34.133.214.84 - - [22/Jul/2023:14:31:38 -0500] "GET /catalogoisis/imagenes/limpiar1.gif HTTP/1.1" 200 606
191.156.235.28 - - [22/Jul/2023:14:31:42 -0500] "GET /calidad-del-aire-distrito-avanza-unido-por-un-nuevo-aire.html?utm_source=Meta_DIGI&utm_medium=CPMa&utm_campaign=Aire&utm_id=Julio_2023&gclid=EAIaIQobChMIq7jt3YajgAMVzwj5AB3K7gubEAEYASAAEgIJAvD_BwE HTTP/1.1" 200 783
201.245.192.253 - - [22/Jul/2023:14:32:44 -0500] "POST /kwsrmcab/Wsrmcab  HTTP/1.1" 200 42133
157.55.39.216 - - [22/Jul/2023:14:33:39 -0500] "GET /BLA/resoluciones/AUTOS%202023/3669.pdf HTTP/1.1" 200 392811
172.22.2.4 - - [22/Jul/2023:14:33:06 -0500] "GET /BLA/boletinlegal/ HTTP/1.1" 200 40907
172.22.2.4 - - [22/Jul/2023:14:33:04 -0500] "GET /BLA/boletinlegal/ HTTP/1.1" 200 40907
52.167.144.99 - - [22/Jul/2023:14:35:42 -0500] "GET /portaldeninos/aulas-ambientales-2/parque-ecologico-distrital-de-montana-entrenubes/ HTTP/1.1" 200 90406
207.46.13.217 - - [22/Jul/2023:14:35:53 -0500] "GET /BLA/resoluciones/RESOLUCIONES%202023/0078.pdf HTTP/1.1" 200 530023
40.77.167.192 - - [22/Jul/2023:14:35:58 -0500] "GET /portaldeninos/wp-content/themes/betheme/fonts/mfn-icons.ttf?93978679 HTTP/1.1" 200 124684
40.77.167.192 - - [22/Jul/2023:14:35:59 -0500] "GET /portaldeninos/wp-content/themes/betheme/style.css?ver=20.9.6 HTTP/1.1" 200 287
158.69.23.79 - - [22/Jul/2023:14:36:01 -0500] "GET /wp-aa.php HTTP/1.1" 404 1035
216.245.221.92 - - [22/Jul/2023:14:36:01 -0500] "HEAD / HTTP/1.1" 200 -
52.167.144.92 - - [22/Jul/2023:14:36:01 -0500] "GET /portaldeninos/wp-content/themes/betheme/assets/animations/animations.min.css?ver=20.9.6 HTTP/1.1" 200 58508
158.69.23.79 - - [22/Jul/2023:14:36:02 -0500] "GET /wp-aa.php HTTP/1.1" 404 1032
52.167.144.99 - - [22/Jul/2023:14:36:03 -0500] "GET /portaldeninos/wp-content/plugins/gallery-videos/CSS/totalsoft.css?ver=4.9.8 HTTP/1.1" 200 40622
40.77.167.192 - - [22/Jul/2023:14:35:59 -0500] "GET /portaldeninos/wp-content/uploads/2021/07/Parque-entrenubes.mp4 HTTP/1.1" 200 10811138
173.252.111.4 - - [22/Jul/2023:14:37:02 -0500] "GET /images/20%20de%20febrero%20panor%C3%A1mica%20de%20Bogot%C3%A1%20(1)%20(1).jpeg HTTP/1.1" 404 1034
173.252.111.5 - - [22/Jul/2023:14:37:02 -0500] "GET /images/WhatsApp%20Image%202023-02-15%20at%205.07.25%20PM.jpeg HTTP/1.1" 200 50573
173.252.111.8 - - [22/Jul/2023:14:37:02 -0500] "GET /images/Conversatorio%20aire%201%20(1).jpeg HTTP/1.1" 200 72040
173.252.111.3 - - [22/Jul/2023:14:37:02 -0500] "GET /images/Juan%20Rey%20febrero%2013.jpg HTTP/1.1" 200 55934
173.252.111.119 - - [22/Jul/2023:14:37:02 -0500] "GET /images/foto%202.jpg HTTP/1.1" 200 63300
173.252.111.119 - - [22/Jul/2023:14:37:02 -0500] "GET /images/Humedal%20Tunjo%20RAMSAR.jpeg HTTP/1.1" 200 120269
173.252.111.5 - - [22/Jul/2023:14:37:03 -0500] "GET /images/20%20de%20febrero%20panor\xc3\xa1mica%20de%20Bogot\xc3\xa1%20(1)%20(1).jpeg HTTP/1.1" 404 1034
173.252.111.4 - - [22/Jul/2023:14:37:03 -0500] "GET /images/Reciclaton%20Nov%202022%20(1)%20(1).jpeg HTTP/1.1" 200 53811
167.94.146.59 - - [22/Jul/2023:14:37:17 -0500] "GET / HTTP/1.1" 200 319
167.94.146.59 - - [22/Jul/2023:14:37:17 -0500] "GET / HTTP/1.1" 200 319
167.94.146.59 - - [22/Jul/2023:14:37:18 -0500] "PRI * HTTP/2.0" 400 946
167.94.146.59 - - [22/Jul/2023:14:37:18 -0500] "GET /favicon.ico HTTP/1.1" 200 7782
190.60.254.212 - - [22/Jul/2023:14:37:31 -0500] "GET /calidad-del-aire-distrito-avanza-unido-por-un-nuevo-aire.html?utm_source=Meta_DIGI&utm_medium=CPMa&utm_campaign=Aire&utm_id=Julio_2023&gclid=EAIaIQobChMIoJ7Y_oejgAMVwjutBh2GXAPaEAEYASAAEgIRN_D_BwE HTTP/1.1" 200 783
201.245.192.253 - - [22/Jul/2023:14:37:43 -0500] "POST /kwsrmcab/Wsrmcab  HTTP/1.1" 200 42133
181.59.2.170 - - [22/Jul/2023:14:38:34 -0500] "GET /galeria/galeria/jquery.fancybox.css?v=2.1.5 HTTP/1.1" 200 4895
181.59.2.170 - - [22/Jul/2023:14:38:34 -0500] "GET /BLA/boletinlegal/js/jquery.scrollShow.js HTTP/1.1" 200 4586
181.59.2.170 - - [22/Jul/2023:14:38:34 -0500] "GET /galeria/galeria/jquery.fancybox.js?v=2.1.5 HTTP/1.1" 200 48706
201.245.192.253 - - [22/Jul/2023:14:39:35 -0500] "POST /kwsrmcab/Wsrmcab HTTP/1.1" 200 43059
201.245.192.253 - - [22/Jul/2023:14:39:38 -0500] "POST /kwsrmcab/Wsrmcab HTTP/1.1" 200 43668
191.156.180.160 - - [22/Jul/2023:14:40:15 -0500] "GET /calidad-del-aire-distrito-avanza-unido-por-un-nuevo-aire.html?utm_source=Meta_DIGI&utm_medium=CPMa&utm_campaign=Aire&utm_id=Julio_2023&gclid=EAIaIQobChMI9s7Cz4ijgAMVEAKtBh0kdwVnEAEYASAAEgLOCPD_BwE HTTP/1.1" 200 783
191.156.180.160 - - [22/Jul/2023:14:40:18 -0500] "GET /favicon.ico HTTP/1.1" 404 1690
216.245.221.92 - - [22/Jul/2023:14:41:01 -0500] "HEAD / HTTP/1.1" 200 -
186.84.21.166 - - [22/Jul/2023:14:42:28 -0500] "GET /calidad-del-aire-distrito-avanza-unido-por-un-nuevo-aire.html?utm_source=Meta_DIGI&utm_medium=CPMa&utm_campaign=Aire&utm_id=Julio_2023&gclid=EAIaIQobChMI4pLGjYmjgAMVaCizAB32lQG3EAEYASAAEgJAzfD_BwE HTTP/1.1" 200 783
191.156.190.7 - - [22/Jul/2023:14:42:41 -0500] "GET /calidad-del-aire-distrito-avanza-unido-por-un-nuevo-aire.html?utm_source=Meta_DIGI&utm_medium=CPMa&utm_campaign=Aire&utm_id=Julio_2023&fbclid=IwAR1tyl4J-Bp9c1yP0OHQgGj2mMr3AdLuIXOKmrKu3NY9DnGHwF7xCB_lpmA_aem_AT6-KVxq30fwm7oaqo80n13bdb5eUk2ifYf9PmaNak7gbS_ej5LryvNERz2A70Utzs6C8hkArNBRVL0PUEaEuy46 HTTP/1.1" 200 783
191.156.190.7 - - [22/Jul/2023:14:42:42 -0500] "GET /favicon.ico HTTP/1.1" 404 1794
201.245.192.253 - - [22/Jul/2023:14:42:42 -0500] "POST /kwsrmcab/Wsrmcab  HTTP/1.1" 200 42133
199.16.157.181 - - [22/Jul/2023:14:43:32 -0500] "GET /ciudad-bolivar-recibe-la-feria-de-servicios.html HTTP/1.1" 200 726
199.16.157.182 - - [22/Jul/2023:14:43:33 -0500] "GET /images/feria-17-de-septiembre_optimized.jpg HTTP/1.1" 200 40532
45.167.125.8 - - [22/Jul/2023:14:44:26 -0500] "GET / HTTP/1.1" 200 319
172.22.2.4 - - [22/Jul/2023:14:43:20 -0500] "GET /BLA/boletinlegal/ HTTP/1.1" 200 60185
165.1.173.142 - - [22/Jul/2023:14:45:11 -0500] "GET /siipev/Diseno%20de%20Elementos%20de%20Mobiliario%20Urbano/Otros%20Elementos/Infografia/Parte2/M-130.png HTTP/1.1" 304 -
65.154.226.166 - - [22/Jul/2023:14:45:21 -0500] "GET /siipev/diseno%20de%20elementos%20de%20mobiliario%20urbano/otros%20elementos/infografia/parte2/m-130.png HTTP/1.1" 200 4007
216.245.221.92 - - [22/Jul/2023:14:46:01 -0500] "HEAD / HTTP/1.1" 200 -
179.19.47.185 - - [22/Jul/2023:14:47:39 -0500] "GET /calidad-del-aire-distrito-avanza-unido-por-un-nuevo-aire.html?utm_source=Meta_DIGI&utm_medium=CPMa&utm_campaign=Aire&utm_id=Julio_2023&gclid=EAIaIQobChMIvMnN2IijgAMV6zJPCB1sUAWpEAEYASAAEgIeLvD_BwE HTTP/1.1" 200 783
201.245.192.253 - - [22/Jul/2023:14:47:40 -0500] "POST /kwsrmcab/Wsrmcab  HTTP/1.1" 200 42133
168.119.76.233 - - [22/Jul/2023:14:47:54 -0500] "-" 408 -
186.29.83.115 - - [22/Jul/2023:14:48:17 -0500] "GET /galeria/galeria/jquery.fancybox.css?v=2.1.5 HTTP/1.1" 200 4895
186.29.83.115 - - [22/Jul/2023:14:48:17 -0500] "GET /BLA/boletinlegal/js/jquery.scrollShow.js HTTP/1.1" 200 4586
186.29.83.115 - - [22/Jul/2023:14:48:17 -0500] "GET /galeria/galeria/jquery.fancybox.js?v=2.1.5 HTTP/1.1" 200 48706
13.40.70.48 - - [22/Jul/2023:14:48:36 -0500] "" 400 226
186.102.31.2 - - [22/Jul/2023:14:48:44 -0500] "GET /galeria/galeria/jquery.fancybox.css?v=2.1.5 HTTP/1.1" 200 4895
186.102.31.2 - - [22/Jul/2023:14:48:44 -0500] "GET /BLA/boletinlegal/js/jquery.scrollShow.js HTTP/1.1" 200 4586
186.102.31.2 - - [22/Jul/2023:14:48:45 -0500] "GET /galeria/galeria/jquery.fancybox.js?v=2.1.5 HTTP/1.1" 200 48706
172.22.2.4 - - [22/Jul/2023:14:48:20 -0500] "HEAD /BLA/boletinlegal/ HTTP/1.1" 200 -
181.136.141.123 - - [22/Jul/2023:14:51:06 -0500] "GET /calidad-del-aire-distrito-avanza-unido-por-un-nuevo-aire.html?utm_source=Meta_DIGI&utm_medium=CPMa&utm_campaign=Aire&utm_id=Julio_2023&gclid=EAIaIQobChMI2uWAh4ujgAMVWoNkCh3IoQIHEAEYASAAEgLlGvD_BwE HTTP/1.1" 200 783
201.245.241.25 - - [22/Jul/2023:14:51:14 -0500] "GET /calidad-del-aire-distrito-avanza-unido-por-un-nuevo-aire.html?utm_source=Meta_DIGI&utm_medium=CPMa&utm_campaign=Aire&utm_id=Julio_2023&gclid=EAIaIQobChMIsIy_ioujgAMVx5dkCh0yIQE_EAEYASAAEgIu9PD_BwE HTTP/1.1" 200 783
181.128.185.173 - - [22/Jul/2023:14:51:17 -0500] "GET /galeria/galeria/jquery.fancybox.css?v=2.1.5 HTTP/1.1" 200 4895
181.128.185.173 - - [22/Jul/2023:14:51:17 -0500] "GET /BLA/boletinlegal/js/jquery.scrollShow.js HTTP/1.1" 200 4586
181.128.185.173 - - [22/Jul/2023:14:51:17 -0500] "GET /galeria/galeria/jquery.fancybox.js?v=2.1.5 HTTP/1.1" 200 48706
216.245.221.92 - - [22/Jul/2023:14:51:51 -0500] "GET / HTTP/1.1" 200 319
40.77.188.134 - - [22/Jul/2023:14:51:56 -0500] "GET /portaldeninos/wp-content/themes/betheme/fonts/mfn-icons.woff?93978679 HTTP/1.1" 200 80932
172.22.2.4 - - [22/Jul/2023:14:50:34 -0500] "GET /BLA/boletinlegal/ HTTP/1.1" 200 60612
191.156.52.127 - - [22/Jul/2023:14:52:25 -0500] "GET /css/date_blue.css HTTP/1.1" 404 1254
191.156.60.166 - - [22/Jul/2023:14:52:25 -0500] "GET /css/fondos.css HTTP/1.1" 404 1254
191.156.57.91 - - [22/Jul/2023:14:52:25 -0500] "GET /css/textos.css HTTP/1.1" 404 1254
191.156.57.91 - - [22/Jul/2023:14:52:30 -0500] "GET /css/bordes.css HTTP/1.1" 404 1254
201.245.192.253 - - [22/Jul/2023:14:52:39 -0500] "POST /kwsrmcab/Wsrmcab  HTTP/1.1" 200 42133
172.22.2.4 - - [22/Jul/2023:14:53:22 -0500] "GET /BLA/boletinlegal/Circulares/2023/CIRCULAR%20No.%2000001%20DEL%2020%20DE%20FEBRERO%20DEL%202023.pdf HTTP/1.1" 200 317520
152.203.129.60 - - [22/Jul/2023:14:55:41 -0500] "GET /calidad-del-aire-distrito-avanza-unido-por-un-nuevo-aire.html?utm_source=Meta_DIGI&utm_medium=CPMa&utm_campaign=Aire&utm_id=Julio_2023&fbclid=IwAR2-Kkt0F8F6KWn9hIZGnQXRInK_58aJnEIYmDFd2HBE1TW4u1b8ntLjSYI_aem_AT5OmpVEPB0dQpErm6BvwTs5h385P80C_f-MHksH7il3b9W8iE1rMN3fDNwfHux9YXeJDK7Qu4Xi8RNRLJVYmV2j HTTP/1.1" 200 783
172.22.2.4 - - [22/Jul/2023:14:55:48 -0500] "GET /BLA/boletinlegal/jurisprudencia/analisis/AnalisisT-606-15.docx HTTP/1.1" 200 26698
172.22.2.4 - - [22/Jul/2023:14:55:49 -0500] "GET /BLA/boletinlegal/apple-touch-icon-120x120-precomposed.png HTTP/1.1" 404 1140
172.22.2.4 - - [22/Jul/2023:14:55:49 -0500] "GET /BLA/boletinlegal/apple-touch-icon-120x120.png HTTP/1.1" 404 1140
172.22.2.4 - - [22/Jul/2023:14:55:49 -0500] "GET /BLA/boletinlegal/apple-touch-icon-precomposed.png HTTP/1.1" 404 1140
172.22.2.4 - - [22/Jul/2023:14:55:49 -0500] "GET /BLA/boletinlegal/apple-touch-icon.png HTTP/1.1" 404 1140
172.22.2.4 - - [22/Jul/2023:14:55:49 -0500] "GET /BLA/boletinlegal/favicon.ico HTTP/1.1" 404 1140
172.22.2.4 - - [22/Jul/2023:14:55:49 -0500] "GET /BLA/boletinlegal/apple-touch-icon-120x120-precomposed.png HTTP/1.1" 404 1140
172.22.2.4 - - [22/Jul/2023:14:55:49 -0500] "GET /BLA/boletinlegal/apple-touch-icon-120x120.png HTTP/1.1" 404 1140
172.22.2.4 - - [22/Jul/2023:14:55:49 -0500] "GET /BLA/boletinlegal/apple-touch-icon-precomposed.png HTTP/1.1" 404 1140
172.22.2.4 - - [22/Jul/2023:14:55:49 -0500] "GET /BLA/boletinlegal/apple-touch-icon.png HTTP/1.1" 404 1140
172.22.2.4 - - [22/Jul/2023:14:55:49 -0500] "GET /BLA/boletinlegal/favicon.ico HTTP/1.1" 404 1140
186.28.17.209 - - [22/Jul/2023:14:55:55 -0500] "GET /calidad-del-aire-distrito-avanza-unido-por-un-nuevo-aire.html?utm_source=Meta_DIGI&utm_medium=CPMa&utm_campaign=Aire&utm_id=Julio_2023&gclid=EAIaIQobChMIjsPoj4yjgAMVVQytBh23vwn9EAEYASAAEgJr4PD_BwE HTTP/1.1" 200 783
191.156.1.180 - - [22/Jul/2023:14:56:09 -0500] "GET /catalogoisis/Css/Busqueda.css HTTP/1.1" 200 1995
191.156.1.180 - - [22/Jul/2023:14:56:09 -0500] "GET /catalogoisis/ HTTP/1.1" 200 8575
191.156.1.180 - - [22/Jul/2023:14:56:09 -0500] "GET /catalogoisis/Js/AceptarLimpiar.js HTTP/1.1" 200 331
191.156.1.180 - - [22/Jul/2023:14:56:09 -0500] "GET /catalogoisis/Js/LimpiarCombinada.js HTTP/1.1" 200 207
191.156.1.180 - - [22/Jul/2023:14:56:09 -0500] "GET /catalogoisis/Js/CriterioCombinada.js HTTP/1.1" 200 1843
191.156.1.180 - - [22/Jul/2023:14:56:09 -0500] "GET /catalogoisis/Js/Cookies.js HTTP/1.1" 200 1369
191.156.1.180 - - [22/Jul/2023:14:56:09 -0500] "GET /catalogoisis/Js/Go.js HTTP/1.1" 200 364
191.156.1.180 - - [22/Jul/2023:14:56:09 -0500] "GET /catalogoisis/Js/Remote.js HTTP/1.1" 200 436
191.156.1.180 - - [22/Jul/2023:14:56:09 -0500] "GET /catalogoisis/Js/Enter.js HTTP/1.1" 200 1208
191.156.1.180 - - [22/Jul/2023:14:56:09 -0500] "GET /catalogoisis/Js/Numero.js HTTP/1.1" 200 398
191.156.1.180 - - [22/Jul/2023:14:56:09 -0500] "GET /catalogoisis/imagenes/br1c1.gif HTTP/1.1" 200 172
191.156.1.180 - - [22/Jul/2023:14:56:09 -0500] "GET /catalogoisis/imagenes/br2c2.gif HTTP/1.1" 200 302
191.156.1.180 - - [22/Jul/2023:14:56:09 -0500] "GET /catalogoisis/imagenes/br3c2.gif HTTP/1.1" 200 285
191.156.1.180 - - [22/Jul/2023:14:56:09 -0500] "GET /catalogoisis/imagenes/limpiar1.gif HTTP/1.1" 200 606
191.156.1.180 - - [22/Jul/2023:14:56:09 -0500] "GET /favicon.ico HTTP/1.1" 200 7782
191.156.1.180 - - [22/Jul/2023:14:56:09 -0500] "GET /catalogoisis/imagenes/br3c3.gif HTTP/1.1" 200 186
191.156.1.180 - - [22/Jul/2023:14:56:09 -0500] "GET /catalogoisis/imagenes/br1c2.gif HTTP/1.1" 200 297
191.156.1.180 - - [22/Jul/2023:14:56:09 -0500] "GET /catalogoisis/imagenes/br2c3.gif HTTP/1.1" 200 416
191.156.1.180 - - [22/Jul/2023:14:56:09 -0500] "GET /catalogoisis/imagenes/Turnbo1.gif HTTP/1.1" 200 227
191.156.1.180 - - [22/Jul/2023:14:56:09 -0500] "GET /catalogoisis/imagenes/Header.gif HTTP/1.1" 200 30313
191.156.1.180 - - [22/Jul/2023:14:56:10 -0500] "GET /catalogoisis/imagenes/br1c3.gif HTTP/1.1" 200 302
191.156.1.180 - - [22/Jul/2023:14:56:10 -0500] "GET /catalogoisis/imagenes/br2c1.gif HTTP/1.1" 200 297
191.156.1.180 - - [22/Jul/2023:14:56:10 -0500] "GET /catalogoisis/imagenes/br3c1.gif HTTP/1.1" 200 177
191.156.1.180 - - [22/Jul/2023:14:56:10 -0500] "GET /catalogoisis/imagenes/aceptar1.gif HTTP/1.1" 200 604
216.245.221.92 - - [22/Jul/2023:14:56:51 -0500] "HEAD / HTTP/1.1" 200 -
201.245.192.253 - - [22/Jul/2023:14:57:38 -0500] "POST /kwsrmcab/Wsrmcab  HTTP/1.1" 200 42133
191.156.1.180 - - [22/Jul/2023:14:57:55 -0500] "GET /catalogoisis/ HTTP/1.1" 200 8575
172.22.2.4 - - [22/Jul/2023:14:57:16 -0500] "GET /BLA/boletinlegal/ HTTP/1.1" 200 60185
64.124.8.52 - - [22/Jul/2023:14:59:07 -0500] "-" 408 -
31.13.115.120 - - [22/Jul/2023:15:01:05 -0500] "GET /calidad-del-aire-distrito-avanza-unido-por-un-nuevo-aire.html?utm_id=Julio_2023 HTTP/1.1" 200 783
31.13.115.2 - - [22/Jul/2023:15:01:17 -0500] "GET /calidad-del-aire-distrito-avanza-unido-por-un-nuevo-aire.html?utm_id=Julio_2023 HTTP/1.1" 206 783
191.156.147.5 - - [22/Jul/2023:15:01:40 -0500] "GET /calidad-del-aire-distrito-avanza-unido-por-un-nuevo-aire.html?utm_source=Meta_DIGI&utm_medium=CPMa&utm_campaign=Aire&utm_id=Julio_2023&gclid=EAIaIQobChMIyMfqto2jgAMVDACtBh27QAEBEAEYASAAEgJsI_D_BwE HTTP/1.1" 200 783
216.245.221.92 - - [22/Jul/2023:15:01:51 -0500] "HEAD / HTTP/1.1" 200 -
201.245.192.253 - - [22/Jul/2023:15:02:37 -0500] "POST /kwsrmcab/Wsrmcab  HTTP/1.1" 200 42133
186.30.51.226 - - [22/Jul/2023:15:03:49 -0500] "GET /BLA/boletinlegal/style.css HTTP/1.1" 200 9406
186.30.51.226 - - [22/Jul/2023:15:03:49 -0500] "GET /BLA/boletinlegal/js/jquery.js HTTP/1.1" 200 57254
186.30.51.226 - - [22/Jul/2023:15:03:49 -0500] "GET /BLA/boletinlegal/js/jquery.scrollShow.js HTTP/1.1" 200 4586
186.30.51.226 - - [22/Jul/2023:15:03:49 -0500] "GET /BLA/boletinlegal/styles2.css HTTP/1.1" 200 1838
186.30.51.226 - - [22/Jul/2023:15:03:49 -0500] "GET /BLA/boletinlegal/js/jquery.scrollTo-min.js HTTP/1.1" 200 1150
186.30.51.226 - - [22/Jul/2023:15:03:49 -0500] "GET /BLA/boletinlegal/images/cabezote%20BLEGAL.jpg HTTP/1.1" 200 118164
186.30.51.226 - - [22/Jul/2023:15:03:49 -0500] "GET /BLA/boletinlegal/images/subscribe-icon-big.png HTTP/1.1" 200 47702
186.30.51.226 - - [22/Jul/2023:15:03:49 -0500] "GET /BLA/boletinlegal/images/historia.png HTTP/1.1" 200 52775
186.30.51.226 - - [22/Jul/2023:15:03:49 -0500] "GET /BLA/boletinlegal/images/screen_1.png HTTP/1.1" 200 202547
186.30.51.226 - - [22/Jul/2023:15:03:49 -0500] "GET /BLA/boletinlegal/images/registro-usuarios.png HTTP/1.1" 200 8106
186.30.51.226 - - [22/Jul/2023:15:03:49 -0500] "GET /BLA/boletinlegal/images/arr_l.jpg HTTP/1.1" 200 1979
186.30.51.226 - - [22/Jul/2023:15:03:49 -0500] "GET /BLA/boletinlegal/images/launch.jpg HTTP/1.1" 200 14577
186.30.51.226 - - [22/Jul/2023:15:03:49 -0500] "GET /BLA/boletinlegal/images/body_bg.jpg HTTP/1.1" 200 1601
186.30.51.226 - - [22/Jul/2023:15:03:49 -0500] "GET /BLA/boletinlegal/images/menu_lft.gif HTTP/1.1" 200 1713
186.30.51.226 - - [22/Jul/2023:15:03:49 -0500] "GET /BLA/boletinlegal/images/menu_rght.gif HTTP/1.1" 200 1627
186.30.51.226 - - [22/Jul/2023:15:03:49 -0500] "GET /BLA/boletinlegal/images/bg_top.jpg HTTP/1.1" 200 522
186.30.51.226 - - [22/Jul/2023:15:03:49 -0500] "GET /BLA/boletinlegal/images/menu_bg.jpg HTTP/1.1" 200 620
186.30.51.226 - - [22/Jul/2023:15:03:49 -0500] "GET /BLA/boletinlegal/images/hover.jpg HTTP/1.1" 200 640
186.30.51.226 - - [22/Jul/2023:15:03:49 -0500] "GET /BLA/boletinlegal/images/text.jpg HTTP/1.1" 200 568
186.30.51.226 - - [22/Jul/2023:15:03:49 -0500] "GET /BLA/boletinlegal/ HTTP/1.1" 200 16331
172.22.2.4 - - [22/Jul/2023:15:03:06 -0500] "GET /BLA/boletinlegal/ HTTP/1.1" 200 57272
201.245.210.125 - - [22/Jul/2023:15:04:47 -0500] "GET /calidad-del-aire-distrito-avanza-unido-por-un-nuevo-aire.html?utm_source=Meta_DIGI&utm_medium=CPMa&utm_campaign=Aire&utm_id=Julio_2023&gclid=EAIaIQobChMI4vGSj46jgAMVBsC4CB1YxwGDEAEYASAAEgIsQ_D_BwE HTTP/1.1" 200 783
158.69.23.79 - - [22/Jul/2023:15:06:17 -0500] "GET /wp-aa.php HTTP/1.1" 404 1035
158.69.23.79 - - [22/Jul/2023:15:06:20 -0500] "GET /wp-aa.php HTTP/1.1" 404 1032
216.245.221.92 - - [22/Jul/2023:15:06:51 -0500] "HEAD / HTTP/1.1" 200 -
201.245.192.253 - - [22/Jul/2023:15:07:36 -0500] "POST /kwsrmcab/Wsrmcab  HTTP/1.1" 200 42133
172.22.2.4 - - [22/Jul/2023:15:07:47 -0500] "GET /BLA/boletinlegal/favicon.ico HTTP/1.1" 404 1018
172.22.2.4 - - [22/Jul/2023:15:08:05 -0500] "HEAD /BLA/boletinlegal/ HTTP/1.1" 200 -
34.76.96.55 - - [22/Jul/2023:15:10:49 -0500] "GET / HTTP/1.1" 200 319
54.39.107.240 - - [22/Jul/2023:15:11:05 -0500] "GET /ojo-con-los-arboles-en-la-temporada-de-vientos.html HTTP/1.1" 200 769
216.245.221.92 - - [22/Jul/2023:15:11:51 -0500] "HEAD / HTTP/1.1" 200 -
172.22.2.4 - - [22/Jul/2023:15:10:25 -0500] "GET /BLA/boletinlegal/ HTTP/1.1" 200 60185
191.95.49.74 - - [22/Jul/2023:15:12:31 -0500] "GET /calidad-del-aire-distrito-avanza-unido-por-un-nuevo-aire.html?utm_source=Meta_DIGI&utm_medium=CPMa&utm_campaign=Aire&utm_id=Julio_2023&gclid=EAIaIQobChMIpoP_6Y-jgAMVx4CnCh3J3gMREAEYASAAEgIr5PD_BwE HTTP/1.1" 200 783
201.245.192.253 - - [22/Jul/2023:15:12:36 -0500] "POST /kwsrmcab/Wsrmcab  HTTP/1.1" 200 42133
207.46.13.217 - - [22/Jul/2023:15:14:26 -0500] "GET /BLA/resoluciones/index.php?dir=RESOLUCIONES+2005%2FRES+2005++1601-1650%2F HTTP/1.1" 200 12426
173.252.87.118 - - [22/Jul/2023:15:15:50 -0500] "GET /images/Rmasar%2018%20de%20febrero%20Grupo.jpg HTTP/1.1" 200 68398
3.0.67.194 - - [22/Jul/2023:15:16:51 -0500] "GET /galeria/nivo-slider/demo/images/Banner%20canales%20virtuales.jpg HTTP/1.1" 200 209438
216.245.221.92 - - [22/Jul/2023:15:16:51 -0500] "HEAD / HTTP/1.1" 200 -
201.245.192.253 - - [22/Jul/2023:15:17:35 -0500] "POST /kwsrmcab/Wsrmcab  HTTP/1.1" 200 42133
40.77.167.255 - - [22/Jul/2023:15:18:16 -0500] "GET /images/recorrido-quebrada-la-vieja.jpeg HTTP/1.1" 200 159533
186.84.20.209 - - [22/Jul/2023:15:18:23 -0500] "GET /BLA/resoluciones/AUTOS%202015/3453.pdf HTTP/1.1" 200 530826
173.252.111.116 - - [22/Jul/2023:15:19:23 -0500] "GET /agendate-para-participar-en-las-caminatas-ecologicas-de-febrero.html HTTP/1.1" 200 830
69.171.231.5 - - [22/Jul/2023:15:19:24 -0500] "GET /agendate-para-participar-en-las-caminatas-ecologicas-de-febrero.html HTTP/1.1" 200 830
201.245.192.253 - - [22/Jul/2023:15:19:35 -0500] "POST /kwsrmcab/Wsrmcab HTTP/1.1" 200 43048
172.22.2.4 - - [22/Jul/2023:15:18:29 -0500] "GET /BLA/boletinlegal/ HTTP/1.1" 200 60185
172.22.2.4 - - [22/Jul/2023:15:20:16 -0500] "GET /BLA/boletinlegal/Directivas/2014/Directiva%20No.%204%20del%2006%20de%20Junio%20de%202014.pdf HTTP/1.1" 304 -
173.252.111.117 - - [22/Jul/2023:15:20:28 -0500] "GET /semana-ambiental-2022-del-31-de-mayo-al-5-de-junio-se-celebrara-en-bogota.html HTTP/1.1" 200 799
173.252.95.1 - - [22/Jul/2023:15:20:36 -0500] "GET /semana-ambiental-2022-del-31-de-mayo-al-5-de-junio-se-celebrara-en-bogota.html HTTP/1.1" 200 799
103.136.221.238 - - [22/Jul/2023:15:21:14 -0500] "GET /galeria/galeria/fotos/1GuaymaralTorcaP1.jpg HTTP/1.1" 200 9512
216.245.221.92 - - [22/Jul/2023:15:21:51 -0500] "HEAD / HTTP/1.1" 200 -
201.245.192.253 - - [22/Jul/2023:15:22:33 -0500] "POST /kwsrmcab/Wsrmcab  HTTP/1.1" 200 42133
52.167.144.147 - - [22/Jul/2023:15:22:52 -0500] "GET /BLA/resoluciones/RESOLUCIONES%202019/1536.pdf HTTP/1.1" 200 363532
172.22.2.4 - - [22/Jul/2023:15:23:22 -0500] "GET /BLA/boletinlegal/jurisprudencia/analisis/AnalisisT-606-15.docx HTTP/1.1" 200 26698
172.22.2.4 - - [22/Jul/2023:15:23:24 -0500] "GET /BLA/boletinlegal/apple-touch-icon-120x120-precomposed.png HTTP/1.1" 404 1140
172.22.2.4 - - [22/Jul/2023:15:23:24 -0500] "GET /BLA/boletinlegal/apple-touch-icon-120x120.png HTTP/1.1" 404 1140
172.22.2.4 - - [22/Jul/2023:15:23:25 -0500] "GET /BLA/boletinlegal/apple-touch-icon-precomposed.png HTTP/1.1" 404 1140
172.22.2.4 - - [22/Jul/2023:15:23:25 -0500] "GET /BLA/boletinlegal/apple-touch-icon.png HTTP/1.1" 404 1140
172.22.2.4 - - [22/Jul/2023:15:23:25 -0500] "GET /BLA/boletinlegal/favicon.ico HTTP/1.1" 404 1140
