201.245.192.253 - - [22/Jul/2023:21:45:40 -0500] "GET /sipse/faces/javax.faces.resource/jquery/jquery.js?ln=primefaces&v=4.0 HTTP/1.1" 304 -
201.245.192.253 - - [22/Jul/2023:21:45:40 -0500] "GET /sipse/faces/javax.faces.resource/jquery/jquery-plugins.js?ln=primefaces&v=4.0 HTTP/1.1" 304 -
201.245.192.253 - - [22/Jul/2023:21:45:40 -0500] "GET /sipse/faces/javax.faces.resource/primefaces.js?ln=primefaces&v=4.0 HTTP/1.1" 304 -
201.245.192.253 - - [22/Jul/2023:21:45:40 -0500] "GET /sipse/faces/javax.faces.resource/layout/layout.js?ln=primefaces&v=4.0 HTTP/1.1" 304 -
201.245.192.253 - - [22/Jul/2023:21:45:40 -0500] "GET /sipse/faces/javax.faces.resource/messages/messages.png?ln=primefaces&v=4.0 HTTP/1.1" 200 27209
201.245.192.253 - - [22/Jul/2023:21:45:47 -0500] "POST /sipse/faces/presentacion/sistema/seguridad/seleccionRol.xhtml HTTP/1.1" 200 6403
201.245.192.253 - - [22/Jul/2023:21:45:48 -0500] "POST /sipse/faces/presentacion/sistema/seguridad/seleccionRol.xhtml HTTP/1.1" 200 18781
201.245.192.253 - - [22/Jul/2023:21:45:48 -0500] "GET /sipse/js/jquery.min.js HTTP/1.1" 304 -
201.245.192.253 - - [22/Jul/2023:21:45:48 -0500] "GET /sipse/faces/javax.faces.resource/jquery/jquery.js?ln=primefaces&v=4.0 HTTP/1.1" 304 -
201.245.192.253 - - [22/Jul/2023:21:45:48 -0500] "GET /sipse/faces/javax.faces.resource/jquery/jquery-plugins.js?ln=primefaces&v=4.0 HTTP/1.1" 304 -
201.245.192.253 - - [22/Jul/2023:21:45:48 -0500] "GET /sipse/faces/javax.faces.resource/primefaces.js?ln=primefaces&v=4.0 HTTP/1.1" 304 -
201.245.192.253 - - [22/Jul/2023:21:45:49 -0500] "GET /sipse/faces/javax.faces.resource/layout/layout.js?ln=primefaces&v=4.0 HTTP/1.1" 304 -
201.245.192.253 - - [22/Jul/2023:21:45:49 -0500] "GET /sipse/css/v_mergente.css HTTP/1.1" 200 1505
201.245.192.253 - - [22/Jul/2023:21:45:49 -0500] "GET /sipse/imagenes/cargando.gif HTTP/1.1" 200 36959
201.245.192.253 - - [22/Jul/2023:21:45:49 -0500] "GET /sipse/css/imagen/contrasena.png HTTP/1.1" 404 383
201.245.192.253 - - [22/Jul/2023:21:45:49 -0500] "GET /sipse/imagenes/logoAplicacion.jpg HTTP/1.1" 200 155084
201.245.192.253 - - [22/Jul/2023:21:45:51 -0500] "GET /sipse/faces/javax.faces.resource/images/ui-bg_flat_0_2d5972_40x100.png?ln=primefaces-aristo HTTP/1.1" 200 183
201.245.192.253 - - [22/Jul/2023:21:45:51 -0500] "POST /sipse/faces/bienvenido.xhtml HTTP/1.1" 200 7973
201.245.192.253 - - [22/Jul/2023:21:45:53 -0500] "POST /sipse/faces/bienvenido.xhtml HTTP/1.1" 200 2055
201.245.192.253 - - [22/Jul/2023:21:45:54 -0500] "POST /sipse/faces/bienvenido.xhtml HTTP/1.1" 200 89893
201.245.192.253 - - [22/Jul/2023:21:46:27 -0500] "GET /sipse/faces/javax.faces.resource/jquery/jquery.js?ln=primefaces&v=4.0 HTTP/1.1" 304 -
201.245.192.253 - - [22/Jul/2023:21:46:27 -0500] "GET /sipse/faces/javax.faces.resource/jquery/jquery-plugins.js?ln=primefaces&v=4.0 HTTP/1.1" 304 -
201.245.192.253 - - [22/Jul/2023:21:46:27 -0500] "GET /sipse/faces/javax.faces.resource/primefaces.js?ln=primefaces&v=4.0 HTTP/1.1" 304 -
201.245.192.253 - - [22/Jul/2023:21:46:27 -0500] "GET /sipse/faces/javax.faces.resource/layout/layout.js?ln=primefaces&v=4.0 HTTP/1.1" 304 -
201.245.192.253 - - [22/Jul/2023:21:46:45 -0500] "POST /sipse/faces/presentacion/proyectos/proyecto/listarProyecto.xhtml HTTP/1.1" 200 10626
201.245.192.253 - - [22/Jul/2023:21:46:46 -0500] "POST /sipse/faces/presentacion/proyectos/proyecto/listarProyecto.xhtml HTTP/1.1" 200 7835
216.245.221.92 - - [22/Jul/2023:21:46:50 -0500] "HEAD / HTTP/1.1" 200 -
201.245.192.253 - - [22/Jul/2023:21:46:51 -0500] "POST /sipse/faces/presentacion/proyectos/proyecto/listarProyecto.xhtml HTTP/1.1" 200 163
201.245.192.253 - - [22/Jul/2023:21:46:52 -0500] "GET /sipse/faces/presentacion/proyectos/proyecto/proyecto.xhtml HTTP/1.1" 200 97172
201.245.192.253 - - [22/Jul/2023:21:46:53 -0500] "GET /sipse/faces/javax.faces.resource/primefaces.css?ln=primefaces&v=4.0 HTTP/1.1" 304 -
201.245.192.253 - - [22/Jul/2023:21:46:53 -0500] "GET /sipse/faces/javax.faces.resource/jquery/jquery-plugins.js?ln=primefaces&v=4.0 HTTP/1.1" 304 -
201.245.192.253 - - [22/Jul/2023:21:46:53 -0500] "GET /sipse/faces/javax.faces.resource/layout/layout.js?ln=primefaces&v=4.0 HTTP/1.1" 304 -
201.245.192.253 - - [22/Jul/2023:21:46:53 -0500] "GET /sipse/faces/javax.faces.resource/jquery/jquery.js?ln=primefaces&v=4.0 HTTP/1.1" 304 -
201.245.192.253 - - [22/Jul/2023:21:46:53 -0500] "GET /sipse/faces/javax.faces.resource/primefaces.js?ln=primefaces&v=4.0 HTTP/1.1" 304 -
201.245.192.253 - - [22/Jul/2023:21:46:53 -0500] "GET /sipse/faces/javax.faces.resource/layout/layout.css?ln=primefaces&v=4.0 HTTP/1.1" 200 542
201.245.192.253 - - [22/Jul/2023:21:46:53 -0500] "GET /sipse/faces/javax.faces.resource/theme.css?ln=primefaces-sipse HTTP/1.1" 200 50058
201.245.192.253 - - [22/Jul/2023:21:46:53 -0500] "GET /sipse/faces/javax.faces.resource/images/ui-icons_898989_256x240.png?ln=primefaces-aristo HTTP/1.1" 304 -
201.245.192.253 - - [22/Jul/2023:21:46:54 -0500] "GET /sipse/faces/javax.faces.resource/images/ui-bg_flat_0_2d5972_40x100.png?ln=primefaces-aristo HTTP/1.1" 304 -
201.245.192.253 - - [22/Jul/2023:21:46:54 -0500] "POST /sipse/faces/presentacion/proyectos/proyecto/proyecto.xhtml HTTP/1.1" 200 3273
201.245.192.253 - - [22/Jul/2023:21:46:57 -0500] "POST /sipse/faces/presentacion/proyectos/proyecto/proyecto.xhtml HTTP/1.1" 200 38888
201.245.192.253 - - [22/Jul/2023:21:47:15 -0500] "GET /sipse/faces/javax.faces.resource/jquery/jquery.js?ln=primefaces&v=4.0 HTTP/1.1" 304 -
201.245.192.253 - - [22/Jul/2023:21:47:15 -0500] "GET /sipse/faces/javax.faces.resource/jquery/jquery-plugins.js?ln=primefaces&v=4.0 HTTP/1.1" 304 -
201.245.192.253 - - [22/Jul/2023:21:47:15 -0500] "GET /sipse/faces/javax.faces.resource/primefaces.js?ln=primefaces&v=4.0 HTTP/1.1" 304 -
201.245.192.253 - - [22/Jul/2023:21:47:15 -0500] "GET /sipse/faces/javax.faces.resource/layout/layout.js?ln=primefaces&v=4.0 HTTP/1.1" 304 -
201.245.192.253 - - [22/Jul/2023:21:47:43 -0500] "POST /sipse/faces/presentacion/proyectos/proyecto/listarProyecto.xhtml HTTP/1.1" 200 163
201.245.192.253 - - [22/Jul/2023:21:47:43 -0500] "GET /sipse/faces/presentacion/proyectos/proyecto/proyecto.xhtml HTTP/1.1" 200 96828
201.245.192.253 - - [22/Jul/2023:21:47:45 -0500] "GET /sipse/faces/javax.faces.resource/jquery/jquery.js?ln=primefaces&v=4.0 HTTP/1.1" 304 -
201.245.192.253 - - [22/Jul/2023:21:47:45 -0500] "GET /sipse/faces/javax.faces.resource/jquery/jquery-plugins.js?ln=primefaces&v=4.0 HTTP/1.1" 304 -
201.245.192.253 - - [22/Jul/2023:21:47:45 -0500] "GET /sipse/faces/javax.faces.resource/primefaces.js?ln=primefaces&v=4.0 HTTP/1.1" 304 -
201.245.192.253 - - [22/Jul/2023:21:47:45 -0500] "GET /sipse/faces/javax.faces.resource/primefaces.css?ln=primefaces&v=4.0 HTTP/1.1" 304 -
201.245.192.253 - - [22/Jul/2023:21:47:45 -0500] "GET /sipse/faces/javax.faces.resource/layout/layout.css?ln=primefaces&v=4.0 HTTP/1.1" 200 542
201.245.192.253 - - [22/Jul/2023:21:47:45 -0500] "GET /sipse/faces/javax.faces.resource/layout/layout.js?ln=primefaces&v=4.0 HTTP/1.1" 304 -
201.245.192.253 - - [22/Jul/2023:21:47:45 -0500] "GET /sipse/faces/javax.faces.resource/theme.css?ln=primefaces-sipse HTTP/1.1" 200 50058
201.245.192.253 - - [22/Jul/2023:21:47:45 -0500] "GET /sipse/faces/javax.faces.resource/images/ui-icons_898989_256x240.png?ln=primefaces-aristo HTTP/1.1" 304 -
201.245.192.253 - - [22/Jul/2023:21:47:45 -0500] "GET /sipse/faces/javax.faces.resource/images/ui-bg_flat_0_2d5972_40x100.png?ln=primefaces-aristo HTTP/1.1" 304 -
201.245.192.253 - - [22/Jul/2023:21:47:45 -0500] "POST /sipse/faces/presentacion/proyectos/proyecto/proyecto.xhtml HTTP/1.1" 200 3273
201.245.192.253 - - [22/Jul/2023:21:47:47 -0500] "POST /kwsrmcab/Wsrmcab  HTTP/1.1" 200 42133
201.245.192.253 - - [22/Jul/2023:21:47:49 -0500] "POST /sipse/faces/presentacion/proyectos/proyecto/proyecto.xhtml HTTP/1.1" 200 32786
201.245.192.253 - - [22/Jul/2023:21:47:50 -0500] "GET /sipse/faces/javax.faces.resource/jquery/jquery.js?ln=primefaces&v=4.0 HTTP/1.1" 304 -
201.245.192.253 - - [22/Jul/2023:21:47:50 -0500] "GET /sipse/faces/javax.faces.resource/jquery/jquery-plugins.js?ln=primefaces&v=4.0 HTTP/1.1" 304 -
201.245.192.253 - - [22/Jul/2023:21:47:50 -0500] "GET /sipse/faces/javax.faces.resource/primefaces.js?ln=primefaces&v=4.0 HTTP/1.1" 304 -
201.245.192.253 - - [22/Jul/2023:21:47:50 -0500] "GET /sipse/faces/javax.faces.resource/layout/layout.js?ln=primefaces&v=4.0 HTTP/1.1" 304 -
201.245.192.253 - - [22/Jul/2023:21:48:22 -0500] "POST /sipse/faces/presentacion/proyectos/proyecto/proyectoAdministrador/editarAdministrador.xhtml HTTP/1.1" 200 14691
201.245.192.253 - - [22/Jul/2023:21:48:28 -0500] "POST /sipse/faces/presentacion/proyectos/proyecto/proyectoAdministrador/editarAdministrador.xhtml HTTP/1.1" 200 2214
52.167.144.147 - - [22/Jul/2023:21:48:55 -0500] "GET /BLA/resoluciones/AUTOS%202019/2484.pdf HTTP/1.1" 200 572804
201.245.192.253 - - [22/Jul/2023:21:49:04 -0500] "POST /sipse/faces/presentacion/proyectos/proyecto/proyectoAdministrador/editarAdministrador.xhtml HTTP/1.1" 200 88213
201.245.192.253 - - [22/Jul/2023:21:49:05 -0500] "GET /sipse/faces/javax.faces.resource/jquery/jquery.js?ln=primefaces&v=4.0 HTTP/1.1" 304 -
201.245.192.253 - - [22/Jul/2023:21:49:05 -0500] "GET /sipse/faces/javax.faces.resource/jquery/jquery-plugins.js?ln=primefaces&v=4.0 HTTP/1.1" 304 -
201.245.192.253 - - [22/Jul/2023:21:49:06 -0500] "GET /sipse/faces/javax.faces.resource/primefaces.js?ln=primefaces&v=4.0 HTTP/1.1" 304 -
201.245.192.253 - - [22/Jul/2023:21:49:06 -0500] "GET /sipse/faces/javax.faces.resource/layout/layout.js?ln=primefaces&v=4.0 HTTP/1.1" 304 -
201.245.192.253 - - [22/Jul/2023:21:49:06 -0500] "GET /sipse/faces/javax.faces.resource/messages/messages.png?ln=primefaces&v=4.0 HTTP/1.1" 200 27209
201.245.192.253 - - [22/Jul/2023:21:49:06 -0500] "POST /sipse/faces/presentacion/proyectos/proyecto/proyecto.xhtml HTTP/1.1" 200 3273
201.245.192.253 - - [22/Jul/2023:21:49:15 -0500] "POST /sipse/faces/presentacion/proyectos/proyecto/proyecto.xhtml HTTP/1.1" 200 32789
201.245.192.253 - - [22/Jul/2023:21:49:15 -0500] "GET /sipse/faces/javax.faces.resource/jquery/jquery.js?ln=primefaces&v=4.0 HTTP/1.1" 304 -
201.245.192.253 - - [22/Jul/2023:21:49:15 -0500] "GET /sipse/faces/javax.faces.resource/jquery/jquery-plugins.js?ln=primefaces&v=4.0 HTTP/1.1" 304 -
201.245.192.253 - - [22/Jul/2023:21:49:15 -0500] "GET /sipse/faces/javax.faces.resource/primefaces.js?ln=primefaces&v=4.0 HTTP/1.1" 304 -
201.245.192.253 - - [22/Jul/2023:21:49:15 -0500] "GET /sipse/faces/javax.faces.resource/layout/layout.js?ln=primefaces&v=4.0 HTTP/1.1" 304 -
201.245.192.253 - - [22/Jul/2023:21:49:24 -0500] "POST /sipse/faces/presentacion/proyectos/proyecto/proyectoAdministrador/editarAdministrador.xhtml HTTP/1.1" 200 14692
201.245.192.253 - - [22/Jul/2023:21:49:26 -0500] "POST /sipse/faces/presentacion/proyectos/proyecto/proyectoAdministrador/editarAdministrador.xhtml HTTP/1.1" 200 2214
201.245.192.253 - - [22/Jul/2023:21:49:32 -0500] "POST /sipse/faces/presentacion/proyectos/proyecto/proyectoAdministrador/editarAdministrador.xhtml HTTP/1.1" 200 88222
201.245.192.253 - - [22/Jul/2023:21:49:34 -0500] "GET /sipse/faces/javax.faces.resource/jquery/jquery.js?ln=primefaces&v=4.0 HTTP/1.1" 304 -
201.245.192.253 - - [22/Jul/2023:21:49:34 -0500] "GET /sipse/faces/javax.faces.resource/jquery/jquery-plugins.js?ln=primefaces&v=4.0 HTTP/1.1" 304 -
201.245.192.253 - - [22/Jul/2023:21:49:34 -0500] "GET /sipse/faces/javax.faces.resource/primefaces.js?ln=primefaces&v=4.0 HTTP/1.1" 304 -
201.245.192.253 - - [22/Jul/2023:21:49:34 -0500] "GET /sipse/faces/javax.faces.resource/layout/layout.js?ln=primefaces&v=4.0 HTTP/1.1" 304 -
201.245.192.253 - - [22/Jul/2023:21:49:35 -0500] "POST /sipse/faces/presentacion/proyectos/proyecto/proyecto.xhtml HTTP/1.1" 200 3273
172.22.2.4 - - [22/Jul/2023:21:48:05 -0500] "GET /BLA/boletinlegal/ HTTP/1.1" 200 60612
201.245.192.253 - - [22/Jul/2023:21:50:02 -0500] "POST /sipse/faces/presentacion/proyectos/proyecto/proyecto.xhtml HTTP/1.1" 200 38888
201.245.192.253 - - [22/Jul/2023:21:50:19 -0500] "GET /sipse/faces/javax.faces.resource/jquery/jquery.js?ln=primefaces&v=4.0 HTTP/1.1" 304 -
201.245.192.253 - - [22/Jul/2023:21:50:19 -0500] "GET /sipse/faces/javax.faces.resource/jquery/jquery-plugins.js?ln=primefaces&v=4.0 HTTP/1.1" 304 -
201.245.192.253 - - [22/Jul/2023:21:50:19 -0500] "GET /sipse/faces/javax.faces.resource/primefaces.js?ln=primefaces&v=4.0 HTTP/1.1" 304 -
201.245.192.253 - - [22/Jul/2023:21:50:19 -0500] "GET /sipse/faces/javax.faces.resource/layout/layout.js?ln=primefaces&v=4.0 HTTP/1.1" 304 -
201.245.192.253 - - [22/Jul/2023:21:50:29 -0500] "POST /sipse/faces/presentacion/proyectos/proyecto/listarProyecto.xhtml HTTP/1.1" 200 30192
201.245.192.253 - - [22/Jul/2023:21:50:30 -0500] "POST /sipse/faces/presentacion/proyectos/proyecto/listarProyecto.xhtml HTTP/1.1" 200 4965
201.245.192.253 - - [22/Jul/2023:21:50:31 -0500] "POST /sipse/faces/presentacion/proyectos/proyecto/listarProyecto.xhtml HTTP/1.1" 200 163
201.245.192.253 - - [22/Jul/2023:21:50:33 -0500] "GET /sipse/faces/javax.faces.resource/jquery/jquery-plugins.js?ln=primefaces&v=4.0 HTTP/1.1" 304 -
201.245.192.253 - - [22/Jul/2023:21:50:33 -0500] "GET /sipse/faces/javax.faces.resource/layout/layout.css?ln=primefaces&v=4.0 HTTP/1.1" 200 542
201.245.192.253 - - [22/Jul/2023:21:50:33 -0500] "GET /sipse/faces/javax.faces.resource/jquery/jquery.js?ln=primefaces&v=4.0 HTTP/1.1" 304 -
201.245.192.253 - - [22/Jul/2023:21:50:33 -0500] "GET /sipse/faces/javax.faces.resource/primefaces.js?ln=primefaces&v=4.0 HTTP/1.1" 304 -
201.245.192.253 - - [22/Jul/2023:21:50:33 -0500] "GET /sipse/faces/javax.faces.resource/layout/layout.js?ln=primefaces&v=4.0 HTTP/1.1" 304 -
201.245.192.253 - - [22/Jul/2023:21:50:32 -0500] "GET /sipse/faces/presentacion/proyectos/proyecto/proyecto.xhtml HTTP/1.1" 200 98331
201.245.192.253 - - [22/Jul/2023:21:50:33 -0500] "GET /sipse/faces/javax.faces.resource/theme.css?ln=primefaces-sipse HTTP/1.1" 200 50058
201.245.192.253 - - [22/Jul/2023:21:50:33 -0500] "GET /sipse/faces/javax.faces.resource/primefaces.css?ln=primefaces&v=4.0 HTTP/1.1" 200 53295
201.245.192.253 - - [22/Jul/2023:21:50:34 -0500] "GET /sipse/faces/javax.faces.resource/images/ui-icons_898989_256x240.png?ln=primefaces-aristo HTTP/1.1" 200 5355
201.245.192.253 - - [22/Jul/2023:21:50:34 -0500] "GET /sipse/faces/javax.faces.resource/images/ui-bg_flat_0_2d5972_40x100.png?ln=primefaces-aristo HTTP/1.1" 200 183
201.245.192.253 - - [22/Jul/2023:21:50:34 -0500] "POST /sipse/faces/presentacion/proyectos/proyecto/proyecto.xhtml HTTP/1.1" 200 3273
201.245.192.253 - - [22/Jul/2023:21:50:37 -0500] "POST /sipse/faces/presentacion/proyectos/proyecto/proyecto.xhtml HTTP/1.1" 200 32785
201.245.192.253 - - [22/Jul/2023:21:50:38 -0500] "GET /sipse/faces/javax.faces.resource/jquery/jquery.js?ln=primefaces&v=4.0 HTTP/1.1" 304 -
201.245.192.253 - - [22/Jul/2023:21:50:38 -0500] "GET /sipse/faces/javax.faces.resource/jquery/jquery-plugins.js?ln=primefaces&v=4.0 HTTP/1.1" 304 -
201.245.192.253 - - [22/Jul/2023:21:50:38 -0500] "GET /sipse/faces/javax.faces.resource/primefaces.js?ln=primefaces&v=4.0 HTTP/1.1" 304 -
201.245.192.253 - - [22/Jul/2023:21:50:38 -0500] "GET /sipse/faces/javax.faces.resource/layout/layout.js?ln=primefaces&v=4.0 HTTP/1.1" 304 -
201.245.192.253 - - [22/Jul/2023:21:50:44 -0500] "POST /sipse/faces/presentacion/proyectos/proyecto/proyectoAdministrador/editarAdministrador.xhtml HTTP/1.1" 200 14691
201.245.192.253 - - [22/Jul/2023:21:50:46 -0500] "POST /sipse/faces/presentacion/proyectos/proyecto/proyectoAdministrador/editarAdministrador.xhtml HTTP/1.1" 200 2214
186.190.226.69 - - [22/Jul/2023:21:50:46 -0500] "GET /calidad-del-aire-distrito-avanza-unido-por-un-nuevo-aire.html?utm_source=Meta_DIGI&utm_medium=CPMa&utm_campaign=Aire&utm_id=Julio_2023&fbclid=IwAR04A1sRovuRBCF2IhBPyAcvA1yNSmIN6vPpnHH1XtE8aVm_xa0_HcCqCsA_aem_AZmnc4GtHinNq1Ret7FtTwOFNz0CmvBSU9BGMWaqvO6W15guu4_50Srnt7mfRm2wUkV3in6ZjWa1kRSFip7I0QCt HTTP/1.1" 200 783
207.46.13.217 - - [22/Jul/2023:21:50:49 -0500] "GET /BLA/resoluciones/RESOLUCIONES%202022/0547.pdf HTTP/1.1" 304 -
201.245.192.253 - - [22/Jul/2023:21:50:55 -0500] "POST /sipse/faces/presentacion/proyectos/proyecto/proyectoAdministrador/editarAdministrador.xhtml HTTP/1.1" 200 89560
201.245.192.253 - - [22/Jul/2023:21:50:56 -0500] "GET /sipse/faces/javax.faces.resource/jquery/jquery.js?ln=primefaces&v=4.0 HTTP/1.1" 304 -
201.245.192.253 - - [22/Jul/2023:21:50:57 -0500] "GET /sipse/faces/javax.faces.resource/jquery/jquery-plugins.js?ln=primefaces&v=4.0 HTTP/1.1" 304 -
201.245.192.253 - - [22/Jul/2023:21:50:57 -0500] "GET /sipse/faces/javax.faces.resource/primefaces.js?ln=primefaces&v=4.0 HTTP/1.1" 304 -
201.245.192.253 - - [22/Jul/2023:21:50:57 -0500] "GET /sipse/faces/javax.faces.resource/layout/layout.js?ln=primefaces&v=4.0 HTTP/1.1" 304 -
201.245.192.253 - - [22/Jul/2023:21:50:57 -0500] "GET /sipse/faces/javax.faces.resource/messages/messages.png?ln=primefaces&v=4.0 HTTP/1.1" 200 27209
201.245.192.253 - - [22/Jul/2023:21:50:57 -0500] "POST /sipse/faces/presentacion/proyectos/proyecto/proyecto.xhtml HTTP/1.1" 200 3273
201.245.192.253 - - [22/Jul/2023:21:51:01 -0500] "POST /sipse/faces/presentacion/proyectos/proyecto/proyecto.xhtml HTTP/1.1" 200 32788
201.245.192.253 - - [22/Jul/2023:21:51:02 -0500] "GET /sipse/faces/javax.faces.resource/jquery/jquery.js?ln=primefaces&v=4.0 HTTP/1.1" 304 -
201.245.192.253 - - [22/Jul/2023:21:51:02 -0500] "GET /sipse/faces/javax.faces.resource/jquery/jquery-plugins.js?ln=primefaces&v=4.0 HTTP/1.1" 304 -
201.245.192.253 - - [22/Jul/2023:21:51:02 -0500] "GET /sipse/faces/javax.faces.resource/primefaces.js?ln=primefaces&v=4.0 HTTP/1.1" 304 -
201.245.192.253 - - [22/Jul/2023:21:51:02 -0500] "GET /sipse/faces/javax.faces.resource/layout/layout.js?ln=primefaces&v=4.0 HTTP/1.1" 304 -
201.245.192.253 - - [22/Jul/2023:21:51:07 -0500] "POST /sipse/faces/presentacion/proyectos/proyecto/proyectoAdministrador/editarAdministrador.xhtml HTTP/1.1" 200 14692
201.245.192.253 - - [22/Jul/2023:21:51:10 -0500] "POST /sipse/faces/presentacion/proyectos/proyecto/proyectoAdministrador/editarAdministrador.xhtml HTTP/1.1" 200 2214
201.245.192.253 - - [22/Jul/2023:21:51:18 -0500] "POST /sipse/faces/presentacion/proyectos/proyecto/proyectoAdministrador/editarAdministrador.xhtml HTTP/1.1" 200 89582
201.245.192.253 - - [22/Jul/2023:21:51:19 -0500] "GET /sipse/faces/javax.faces.resource/jquery/jquery.js?ln=primefaces&v=4.0 HTTP/1.1" 304 -
201.245.192.253 - - [22/Jul/2023:21:51:19 -0500] "GET /sipse/faces/javax.faces.resource/jquery/jquery-plugins.js?ln=primefaces&v=4.0 HTTP/1.1" 304 -
201.245.192.253 - - [22/Jul/2023:21:51:19 -0500] "GET /sipse/faces/javax.faces.resource/primefaces.js?ln=primefaces&v=4.0 HTTP/1.1" 304 -
201.245.192.253 - - [22/Jul/2023:21:51:19 -0500] "GET /sipse/faces/javax.faces.resource/layout/layout.js?ln=primefaces&v=4.0 HTTP/1.1" 304 -
201.245.192.253 - - [22/Jul/2023:21:51:19 -0500] "POST /sipse/faces/presentacion/proyectos/proyecto/proyecto.xhtml HTTP/1.1" 200 3273
201.245.192.253 - - [22/Jul/2023:21:51:26 -0500] "POST /sipse/faces/presentacion/proyectos/proyecto/proyecto.xhtml HTTP/1.1" 200 36002
201.245.192.253 - - [22/Jul/2023:21:51:43 -0500] "GET /sipse/faces/javax.faces.resource/jquery/jquery.js?ln=primefaces&v=4.0 HTTP/1.1" 304 -
201.245.192.253 - - [22/Jul/2023:21:51:43 -0500] "GET /sipse/faces/javax.faces.resource/jquery/jquery-plugins.js?ln=primefaces&v=4.0 HTTP/1.1" 304 -
201.245.192.253 - - [22/Jul/2023:21:51:43 -0500] "GET /sipse/faces/javax.faces.resource/primefaces.js?ln=primefaces&v=4.0 HTTP/1.1" 304 -
201.245.192.253 - - [22/Jul/2023:21:51:43 -0500] "GET /sipse/faces/javax.faces.resource/layout/layout.js?ln=primefaces&v=4.0 HTTP/1.1" 304 -
216.245.221.92 - - [22/Jul/2023:21:51:50 -0500] "HEAD / HTTP/1.1" 200 -
201.245.192.253 - - [22/Jul/2023:21:52:46 -0500] "POST /kwsrmcab/Wsrmcab  HTTP/1.1" 200 42133
186.84.90.143 - - [22/Jul/2023:21:53:00 -0500] "GET /calidad-del-aire-distrito-avanza-unido-por-un-nuevo-aire.html?utm_source=Meta_DIGI&utm_medium=CPMa&utm_campaign=Aire&utm_id=Julio_2023&gclid=EAIaIQobChMI8betr-mjgAMVxAOtBh0stAPYEAEYASAAEgJM-_D_BwE HTTP/1.1" 200 783
172.22.2.4 - - [22/Jul/2023:21:53:14 -0500] "GET /BLA/boletinlegal/style.css HTTP/1.1" 200 9406
172.22.2.4 - - [22/Jul/2023:21:53:15 -0500] "GET /BLA/boletinlegal/styles2.css HTTP/1.1" 200 1838
201.245.192.253 - - [22/Jul/2023:21:53:26 -0500] "POST /sipsesda/faces/vista/administracion/funcionario/listadoFuncionario.jspx HTTP/1.1" 302 201
172.22.2.4 - - [22/Jul/2023:21:53:46 -0500] "GET /BLA/boletinlegal/js/jquery.js HTTP/1.1" 200 57254
172.22.2.4 - - [22/Jul/2023:21:53:46 -0500] "GET /BLA/boletinlegal/js/jquery.scrollTo-min.js HTTP/1.1" 200 1150
172.22.2.4 - - [22/Jul/2023:21:53:46 -0500] "GET /BLA/boletinlegal/js/jquery.scrollShow.js HTTP/1.1" 200 4586
172.22.2.4 - - [22/Jul/2023:21:53:46 -0500] "GET /BLA/boletinlegal/images/subscribe-icon-big.png HTTP/1.1" 200 47702
172.22.2.4 - - [22/Jul/2023:21:53:46 -0500] "GET /BLA/boletinlegal/images/cabezote%20BLEGAL.jpg HTTP/1.1" 200 118164
172.22.2.4 - - [22/Jul/2023:21:53:46 -0500] "GET /BLA/boletinlegal/images/body_bg.jpg HTTP/1.1" 200 1601
172.22.2.4 - - [22/Jul/2023:21:53:46 -0500] "GET /BLA/boletinlegal/images/menu_rght.gif HTTP/1.1" 200 1627
172.22.2.4 - - [22/Jul/2023:21:53:46 -0500] "GET /BLA/boletinlegal/images/launch.jpg HTTP/1.1" 200 14577
172.22.2.4 - - [22/Jul/2023:21:53:46 -0500] "GET /BLA/boletinlegal/images/menu_bg.jpg HTTP/1.1" 200 620
172.22.2.4 - - [22/Jul/2023:21:53:47 -0500] "GET /BLA/boletinlegal/images/menu_lft.gif HTTP/1.1" 200 1713
172.22.2.4 - - [22/Jul/2023:21:53:47 -0500] "GET /BLA/boletinlegal/images/bg_top.jpg HTTP/1.1" 200 522
172.22.2.4 - - [22/Jul/2023:21:53:47 -0500] "GET /BLA/boletinlegal/images/text.jpg HTTP/1.1" 200 568
172.22.2.4 - - [22/Jul/2023:21:53:47 -0500] "GET /BLA/boletinlegal/images/hover.jpg HTTP/1.1" 200 640
172.22.2.4 - - [22/Jul/2023:21:53:47 -0500] "GET /BLA/boletinlegal/images/historia.png HTTP/1.1" 200 52775
172.22.2.4 - - [22/Jul/2023:21:53:48 -0500] "GET /BLA/boletinlegal/images/registro-usuarios.png HTTP/1.1" 200 8106
172.22.2.4 - - [22/Jul/2023:21:53:48 -0500] "GET /BLA/boletinlegal/images/arr_l.jpg HTTP/1.1" 200 1979
172.22.2.4 - - [22/Jul/2023:21:53:48 -0500] "GET /BLA/boletinlegal/images/screen_1.png HTTP/1.1" 200 202547
172.22.2.4 - - [22/Jul/2023:21:53:55 -0500] "GET /BLA/boletinlegal/images/arr_r.jpg HTTP/1.1" 200 1998
172.22.2.4 - - [22/Jul/2023:21:53:55 -0500] "GET /BLA/boletinlegal/images/screen_3.png HTTP/1.1" 200 210620
172.22.2.4 - - [22/Jul/2023:21:53:55 -0500] "GET /BLA/boletinlegal/images/footer_bg.jpg HTTP/1.1" 200 586
172.22.2.4 - - [22/Jul/2023:21:54:02 -0500] "GET /BLA/boletinlegal/actos.php HTTP/1.1" 200 9682
172.22.2.4 - - [22/Jul/2023:21:54:03 -0500] "GET /BLA/boletinlegal/js/ajax_actos.js HTTP/1.1" 200 1322
172.22.2.4 - - [22/Jul/2023:21:54:03 -0500] "GET /BLA/boletinlegal/niceforms-default.css HTTP/1.1" 200 6694
172.22.2.4 - - [22/Jul/2023:21:54:03 -0500] "GET /BLA/boletinlegal/js/lib.js HTTP/1.1" 200 6474
172.22.2.4 - - [22/Jul/2023:21:54:03 -0500] "GET /BLA/boletinlegal/niceforms.js HTTP/1.1" 200 22876
172.22.2.4 - - [22/Jul/2023:21:54:03 -0500] "GET /BLA/boletinlegal/js/popup.js HTTP/1.1" 200 1270
172.22.2.4 - - [22/Jul/2023:21:54:03 -0500] "GET /BLA/boletinlegal/js/jquery1.js HTTP/1.1" 200 29846
172.22.2.4 - - [22/Jul/2023:21:54:03 -0500] "GET /BLA/boletinlegal/images/green-yellow-blue-pink-th.png HTTP/1.1" 200 7394
172.22.2.4 - - [22/Jul/2023:21:54:03 -0500] "GET /BLA/boletinlegal/images/tel.png HTTP/1.1" 200 14477
172.22.2.4 - - [22/Jul/2023:21:54:03 -0500] "GET /BLA/boletinlegal/images/icono-email.png HTTP/1.1" 200 5544
172.22.2.4 - - [22/Jul/2023:21:54:03 -0500] "GET /BLA/boletinlegal/images/footer_bg_l.jpg HTTP/1.1" 200 776
172.22.2.4 - - [22/Jul/2023:21:54:04 -0500] "GET /BLA/boletinlegal/img/select-left.png HTTP/1.1" 200 263
172.22.2.4 - - [22/Jul/2023:21:54:04 -0500] "GET /BLA/boletinlegal/img/0.png HTTP/1.1" 200 110
172.22.2.4 - - [22/Jul/2023:21:54:04 -0500] "GET /BLA/boletinlegal/img/button-left.png HTTP/1.1" 200 57071
172.22.2.4 - - [22/Jul/2023:21:54:04 -0500] "GET /BLA/boletinlegal/img/select-right.png HTTP/1.1" 200 44019
172.22.2.4 - - [22/Jul/2023:21:54:04 -0500] "GET /BLA/boletinlegal/favicon.ico HTTP/1.1" 404 1326
172.22.2.4 - - [22/Jul/2023:21:53:04 -0500] "HEAD /BLA/boletinlegal/ HTTP/1.1" 200 -
172.22.2.4 - - [22/Jul/2023:21:53:45 -0500] "GET /BLA/boletinlegal/ HTTP/1.1" 200 32715
172.22.2.4 - - [22/Jul/2023:21:53:55 -0500] "GET /BLA/boletinlegal/ HTTP/1.1" 200 49188
191.156.152.214 - - [22/Jul/2023:21:56:11 -0500] "GET /calidad-del-aire-distrito-avanza-unido-por-un-nuevo-aire.html?utm_source=Meta_DIGI&utm_medium=CPMa&utm_campaign=Aire&utm_id=Julio_2023&gclid=EAIaIQobChMIvIyDh-qjgAMVRptkCh3piAgJEAEYASAAEgKBYfD_BwE HTTP/1.1" 200 783
191.156.152.214 - - [22/Jul/2023:21:56:15 -0500] "GET /favicon.ico HTTP/1.1" 404 1690
216.245.221.92 - - [22/Jul/2023:21:56:50 -0500] "HEAD / HTTP/1.1" 200 -
94.102.61.10 - - [22/Jul/2023:21:57:42 -0500] "GET /portaldeninos/ HTTP/1.1" 200 110197
201.245.192.253 - - [22/Jul/2023:21:57:44 -0500] "POST /kwsrmcab/Wsrmcab  HTTP/1.1" 200 42133
172.22.2.4 - - [22/Jul/2023:21:58:11 -0500] "GET /BLA/boletinlegal/conceptos.php HTTP/1.1" 200 7496
172.22.2.4 - - [22/Jul/2023:21:58:12 -0500] "GET /BLA/boletinlegal/js/ajax_conceptos.js HTTP/1.1" 200 1326
172.22.2.4 - - [22/Jul/2023:21:58:12 -0500] "GET /BLA/boletinlegal/img/button.png HTTP/1.1" 200 43241
172.22.2.4 - - [22/Jul/2023:21:58:12 -0500] "GET /BLA/boletinlegal/img/button-right.png HTTP/1.1" 200 57878
45.79.181.251 - - [22/Jul/2023:21:58:36 -0500] "\x16\x03\x01" 400 226
191.95.60.183 - - [22/Jul/2023:21:59:08 -0500] "GET /calidad-del-aire-distrito-avanza-unido-por-un-nuevo-aire.html?utm_source=Meta_DIGI&utm_medium=CPMa&utm_campaign=Aire&utm_id=Julio_2023&gclid=EAIaIQobChMIzP2B3eqjgAMVW-fnAx0wxgX5EAEYASAAEgKAKvD_BwE HTTP/1.1" 200 783
172.22.2.4 - - [22/Jul/2023:21:58:54 -0500] "HEAD /BLA/boletinlegal/ HTTP/1.1" 200 -
216.245.221.92 - - [22/Jul/2023:22:01:50 -0500] "HEAD / HTTP/1.1" 200 -
186.84.90.248 - - [22/Jul/2023:22:01:55 -0500] "GET /BLA/resoluciones/index.php?dir= HTTP/1.1" 200 13502
186.84.90.248 - - [22/Jul/2023:22:02:09 -0500] "GET /BLA/resoluciones/index.php?dir=AUTOS+2013%2F HTTP/1.1" 200 407265
179.19.135.253 - - [22/Jul/2023:22:02:29 -0500] "-" 408 -
201.245.192.253 - - [22/Jul/2023:22:02:43 -0500] "POST /kwsrmcab/Wsrmcab  HTTP/1.1" 200 42133
172.22.2.4 - - [22/Jul/2023:22:01:09 -0500] "GET /BLA/boletinlegal/ HTTP/1.1" 200 51193
172.22.2.4 - - [22/Jul/2023:22:01:09 -0500] "GET /BLA/boletinlegal/ HTTP/1.1" 200 49099
190.84.119.147 - - [22/Jul/2023:22:03:57 -0500] "GET /BLA/resoluciones/index.php?dir=AUTOS+2011%2F HTTP/1.1" 200 636588
186.112.49.84 - - [22/Jul/2023:22:04:15 -0500] "GET /calidad-del-aire-distrito-avanza-unido-por-un-nuevo-aire.html?utm_source=Meta_DIGI&utm_medium=CPMa&utm_campaign=Aire&utm_id=Julio_2023&fbclid=IwAR1xP46nDU3iXowW2AgnKkroyHfZZUbRoS-dn3w0QXwRS_-4lv0tJ2RxrG0_aem_AZmdh1j2GC3hqz6GXzwtRD2gchQjc56BwGWosfDB2lDE6rzMa7Vr6Yn_maB0aWzDDAfJRchWix_h7HAmzdu7xodq HTTP/1.1" 200 783
216.245.221.92 - - [22/Jul/2023:22:06:50 -0500] "HEAD / HTTP/1.1" 200 -
201.245.192.253 - - [22/Jul/2023:22:07:43 -0500] "POST /kwsrmcab/Wsrmcab  HTTP/1.1" 200 42133
157.55.39.216 - - [22/Jul/2023:22:08:42 -0500] "GET /Publicaciones/2023EE114829.pdf HTTP/1.1" 404 228
66.249.70.197 - - [22/Jul/2023:22:09:25 -0500] "-" 408 -
172.22.2.4 - - [22/Jul/2023:22:11:26 -0500] "GET /BLA/boletinlegal/ HTTP/1.1" 200 5828
216.245.221.92 - - [22/Jul/2023:22:11:50 -0500] "HEAD / HTTP/1.1" 200 -
177.255.180.54 - - [22/Jul/2023:22:11:51 -0500] "GET /galeria/galeria/jquery.fancybox.css?v=2.1.5 HTTP/1.1" 200 4895
177.255.180.54 - - [22/Jul/2023:22:11:51 -0500] "GET /galeria/galeria/jquery.fancybox.js?v=2.1.5 HTTP/1.1" 200 48706
177.255.180.54 - - [22/Jul/2023:22:11:51 -0500] "GET /BLA/boletinlegal/js/jquery.scrollShow.js HTTP/1.1" 200 4586
173.252.107.1 - - [22/Jul/2023:22:12:23 -0500] "GET /engativa-tendra-jornada-de-recoleccion-de-llantas-este-miercoles.html HTTP/1.1" 200 933
172.22.2.4 - - [22/Jul/2023:22:12:35 -0500] "GET /BLA/boletinlegal/actos.php HTTP/1.1" 200 9682
201.245.192.253 - - [22/Jul/2023:22:12:42 -0500] "POST /kwsrmcab/Wsrmcab  HTTP/1.1" 200 42133
181.53.12.13 - - [22/Jul/2023:22:14:11 -0500] "GET /calidad-del-aire-distrito-avanza-unido-por-un-nuevo-aire.html?utm_source=Meta_DIGI&utm_medium=CPMa&utm_campaign=Aire&utm_id=Julio_2023&fbclid=IwAR1vyRK-2b5RyU4N76piXQf4XT5Gjevh8gjTMAFMy8QzD9hxdv2PIXCownM_aem_AZkzcfBXPbdrZIOlhaIaEVKactH06pKo8YMzW_JqEzZTEiJ9TvOm9G07bk4SD0jol_Y4KiONVvp4mJTlwSQpo0yn HTTP/1.1" 200 783
216.245.221.92 - - [22/Jul/2023:22:16:50 -0500] "HEAD / HTTP/1.1" 200 -
66.249.70.197 - - [22/Jul/2023:22:17:21 -0500] "-" 408 -
201.245.192.253 - - [22/Jul/2023:22:17:41 -0500] "POST /kwsrmcab/Wsrmcab  HTTP/1.1" 200 42133
186.102.20.23 - - [22/Jul/2023:22:18:31 -0500] "GET /kwssiamovil/sm/acme/a?s=U2FsdGVkX1/zHwmnc6XpluNmfgnyKh1SrCdl9lATzd4HbKcWpe+zbQt3p2UumYv/I4O+VlCy/zjrTlkpf/6EA5c8p18zBLCBjt0t6Cs6GDo+qOGIlQmslOdCPrg70MGROx2mqjLaCZSNETAWUrRLabwb399FW/p5+ue/Apxkb5IuCzk4m7draICOLzehdruj71X1QUm0CeJRuzsiL5zqwYL3mL2CqxWYwdU60mq2hM/+ikol4UgkPedLB+irdrj7bSEtzb5jKBz2nG1Ipq8B6A==&u=U2FsdGVkX1/aFrC5gpDc65aTNwhcSOmg6PNRkcQ/SFAp9Lm/2cnd8dxuMX9wa1bU&y=U2FsdGVkX1+mOi48H0BgDg6IclqftyP+8OKcXhESX4jfoHuYdmbwVGKmLOBlsqRe HTTP/1.1" 200 26
186.102.20.23 - - [22/Jul/2023:22:18:31 -0500] "GET /kwssiamovil/sm/acme/a?s=U2FsdGVkX18ZZb787E9Rlvo5xbHNkIkPq8JLhE60uRkHtcvG6kknXd+WkxJVp/mvfbmfVlj5CNNaOnSd7BYMKPdM9H7VBQUiorqCOYQC2GXRLVtD1MnwMdXDIRhUemCob4Tj3M7V3VxLZ26RZR//Mw4Vyv+Ch/sUk/6QaMNfWAglmKsS/w5oZL9AzN74lFCvkNVOF4vWuxDX62Yt08ipo5VCp8v9PrB8Tv5RGe239maQeFFI2+nDxVInRcst7AhjUc0fECPIgpPiBqlEw5TV9hN9rYcuDWh29ila8LMMswlP47LfI0MG02tjLpD6qKGxE43cWH8/Ena/OCrMBMFFoZqihpeZmE1Qrr7Ky3YkIfuvefhkHJ+5D+GIC4NvEhwMmGkLhBM1XoiY29P783CpUCrZRfzcs5cE6DBf/oQ/WuH274p/LTWsd2GDa19xRFPEwJTUgfTMV1zAIiAJqv8rPqS8FGrYVfJxIt7wKQd4fDQBpCbVF/pG6yCLEw8lTOWYQZcK6J7DlhsY3xYHJnH/Qi5mdnPF5NlzvwFza26vmbRsr+dTCl0dH65WCsOZHLkwlMKTb9G9MpBmhUB4aqqjCDf4I16XPB9KevSuakDoTIgeZrFgyWy0PdyZUoiul7ZzrUVs+etH5gwZK18lmPK1VziIWENWObdMYMm0Mb8sglygFsEg0FbpkekyJ1pSQyvGvRm4EwKy7m0ciyVsqYciZcgRaI3jYHUaiBL+t/h5bZWIgSjMHtMPnI7irA1EYy2A2tb/JhmQSqzK4FDpXEXF9n4iMwsUde/8UnjojHX2u6q7BjQ/fZFeMjDP6KuBpqlXmVj29408qy9ZItpCN78zDuaBqccG2w6W7jh1FjDj/w1Zbr0dh0JyxNmT/ADpKWxH0HWSfS0mabIy+Q0JMLaCZbi38wtN4Z2RQ3RohUPA1N8RrFxdCjYMZ0Cdivz7E2yoHy1Q8bKqN+67WMh1L1pJO49/4GzuWOEu0gcQMQ+ZZZeaHZZHmS2GMS/5WZPtkkj/h/PuwaNnmgtctcYsEg15Nhvetwg2L66fDWE6n9lTzvekDV+yWkXkT2/Q18FmLY4hpFV3iM0l77Nx+rrd8GoFu02vi5gsSDKxA9/V2XSHtTS+GdCwL4zDkJMfQStnii838hOGrr/A+TWhNBRav70DZqaeKqBci1tDSafRxSDNeLxvjIgYWf1H14Gm+nu8mb6y/ezTGr7W92Zsuq3pnHq7i8Mb3pAO1zbfb0JrxDj9+OAz79KmvlYg9m37l8KE6EaS3QX+ZkGIFGqVo0VsOn8JLA/Ghboz4+Je49ONvOdT7L88SpXMrMUIT5Fc7ZXYxNw0fLW0CAjoHUBwugv/pAYtPlsFs5+b5f/gxOnXOGQRWPTfl8dPeBB/aozUQT1IBgBOzCmd3IOuCj7Xaua42sxmTLardWeVRpweNPlGXpLJ3yWyGC8clcQG47T+L+v50S6jw3LJCiCPm/ncOjwTpBXY2YVe7d6P8qSfLw2Z2eHixhPva/B1BGo2R4CGcsYAYukPhVKButCWcJlVB71OypHBJkKjo3eiXVpdHfoGzpYPV9ZRtAIM7mxkk+lhpR2aQxxb4HgtqBbqAZYYdwuTkJmfQ2UQ/VVhjViZh8A90hyf/1vSvGHOaFsJgcuKs5QuMiXwUFF62YISt8X48I+btAPskDUizGhTMRBRLum+OcEYcUU=&u=U2FsdGVkX1/aFrC5gpDc65aTNwhcSOmg6PNRkcQ/SFAp9Lm/2cnd8dxuMX9wa1bU&y=U2FsdGVkX1+mOi48H0BgDg6IclqftyP+8OKcXhESX4jfoHuYdmbwVGKmLOBlsqRe HTTP/1.1" 200 26
186.102.20.23 - - [22/Jul/2023:22:18:32 -0500] "GET /kwssiamovil/sm/acme/a?s=U2FsdGVkX1+dtXMZ1r7EJfm9sVYkTh/KSvrT14oYyEfk8qP/1/iir7iRMKUcJnTCveH0CYB+GflnkK+KgR8REed9S2vTbu2H1H4lKE2niXGfCN1lVqF9LGWwaRXoF+KAWXoHp/d04wu7y++6p8MKIStS3CgYLqo82Hq0Su0Ga+k=&u=U2FsdGVkX1/aFrC5gpDc65aTNwhcSOmg6PNRkcQ/SFAp9Lm/2cnd8dxuMX9wa1bU&y=U2FsdGVkX1+mOi48H0BgDg6IclqftyP+8OKcXhESX4jfoHuYdmbwVGKmLOBlsqRe HTTP/1.1" 200 26
186.102.20.23 - - [22/Jul/2023:22:18:32 -0500] "GET /kwssiamovil/sm/acme/a?s=U2FsdGVkX196G2yMXkqm7zfzEh1sCgDc5CQDkcA2hKLI7BQakPqvA9BTsYVuf91GrnWGfTsG+04yg8tFZMhhT3LctSZ0Si9006XBG2eIcVAu556PGWBcHqBd9q5Hk7GLBibIbUUOCgidJTj+JbJF5Z3vjl42n+GODko+aTtQ4Ac=&u=U2FsdGVkX1/aFrC5gpDc65aTNwhcSOmg6PNRkcQ/SFAp9Lm/2cnd8dxuMX9wa1bU&y=U2FsdGVkX1+mOi48H0BgDg6IclqftyP+8OKcXhESX4jfoHuYdmbwVGKmLOBlsqRe HTTP/1.1" 200 26
186.102.20.23 - - [22/Jul/2023:22:18:32 -0500] "GET /kwssiamovil/sm/acme/a?s=U2FsdGVkX1+QKudIXccHdQt6CQcsYzh9i09nhLo7/QmsYvhxUzEcQl8WLcGQeA468UvXPLl88uVrJrg2pkRJpcEwq+vQGIMi5aRpNxUy+6RYuKoT42F0Yv5UmkRUjhdiNBDiNgO51fTn+vJ5M2flc8dNdUX7WwqnzCUH87BK5Ok=&u=U2FsdGVkX1/aFrC5gpDc65aTNwhcSOmg6PNRkcQ/SFAp9Lm/2cnd8dxuMX9wa1bU&y=U2FsdGVkX1+mOi48H0BgDg6IclqftyP+8OKcXhESX4jfoHuYdmbwVGKmLOBlsqRe HTTP/1.1" 200 26
186.102.20.23 - - [22/Jul/2023:22:18:32 -0500] "GET /kwssiamovil/sm/acme/a?s=U2FsdGVkX1++ZSG8JBt+8M5tJmJNpYQ2lHmgDj/9G+CvaO8QdMfc0qvsWrkIqxhBeLLGTTb1Z6Ktd8TZ9X59peZMFv3qbnoAXgQIfP7LTzHEYeDSzVOwfBRZFIXae+ec00ipgwTNq8YSYeuXZpOe6RE22vvCnAOk7g5XFCG+Qm+S6b8lMjbLtygIMTq7Z5ii2EEgur5SJl2/LYpNrDJI7w==&u=U2FsdGVkX1/aFrC5gpDc65aTNwhcSOmg6PNRkcQ/SFAp9Lm/2cnd8dxuMX9wa1bU&y=U2FsdGVkX1+mOi48H0BgDg6IclqftyP+8OKcXhESX4jfoHuYdmbwVGKmLOBlsqRe HTTP/1.1" 200 26
172.22.2.4 - - [22/Jul/2023:22:17:16 -0500] "GET /BLA/boletinlegal/ HTTP/1.1" 200 60185
200.91.247.91 - - [22/Jul/2023:22:18:56 -0500] "-" 408 -
201.245.192.253 - - [22/Jul/2023:22:20:34 -0500] "POST /kwsrmcab/Wsrmcab HTTP/1.1" 200 43653
216.245.221.92 - - [22/Jul/2023:22:21:50 -0500] "HEAD / HTTP/1.1" 200 -
3.15.0.0 - - [22/Jul/2023:22:21:56 -0500] "GET /ai.txt?t=1690074264.788137 HTTP/1.1" 404 1018
3.15.0.0 - - [22/Jul/2023:22:21:57 -0500] "GET /.well-known/ai.txt?t=1690074264.788137 HTTP/1.1" 404 1018
201.245.192.253 - - [22/Jul/2023:22:22:39 -0500] "POST /kwsrmcab/Wsrmcab  HTTP/1.1" 200 42133
172.22.2.4 - - [22/Jul/2023:22:22:15 -0500] "HEAD /BLA/boletinlegal/ HTTP/1.1" 200 -
172.22.2.4 - - [22/Jul/2023:22:23:06 -0500] "GET /BLA/boletinlegal/ HTTP/1.1" 200 55337
66.249.70.196 - - [22/Jul/2023:22:25:25 -0500] "-" 408 -
216.245.221.92 - - [22/Jul/2023:22:26:50 -0500] "HEAD / HTTP/1.1" 200 -
201.245.192.253 - - [22/Jul/2023:22:27:38 -0500] "POST /kwsrmcab/Wsrmcab  HTTP/1.1" 200 42133
157.55.39.216 - - [22/Jul/2023:22:29:04 -0500] "GET /menu/css/style.css HTTP/1.1" 404 1018
52.167.144.147 - - [22/Jul/2023:22:29:08 -0500] "GET /menu/css/demo.css HTTP/1.1" 404 1018
162.216.150.153 - - [22/Jul/2023:22:29:13 -0500] "GET / HTTP/1.1" 200 319
201.245.192.253 - - [22/Jul/2023:22:29:34 -0500] "POST /kwsrmcab/Wsrmcab HTTP/1.1" 200 43166
201.245.192.253 - - [22/Jul/2023:22:29:37 -0500] "GET /kwsrmcab/Wsrmcab?wsdl HTTP/1.1" 200 6948
201.245.192.253 - - [22/Jul/2023:22:29:37 -0500] "POST /kwsrmcab/Wsrmcab HTTP/1.1" 200 43653
172.22.2.4 - - [22/Jul/2023:22:28:05 -0500] "HEAD /BLA/boletinlegal/ HTTP/1.1" 200 -
186.155.18.146 - - [22/Jul/2023:22:30:30 -0500] "POST /sipse/faces/presentacion/financiero/solicitudProceso/listarSolicitudProceso.xhtml HTTP/1.1" 302 -
186.155.18.146 - - [22/Jul/2023:22:30:30 -0500] "GET /sipse/faces/autenticacion.xhtml HTTP/1.1" 200 1099
186.155.18.146 - - [22/Jul/2023:22:30:30 -0500] "POST /sipse/faces/presentacion/financiero/solicitudProceso/listarSolicitudProceso.xhtml HTTP/1.1" 302 -
186.155.18.146 - - [22/Jul/2023:22:30:30 -0500] "GET /sipse/faces/autenticacion.xhtml HTTP/1.1" 200 1099
52.167.144.147 - - [22/Jul/2023:22:31:00 -0500] "GET /BLA/resoluciones/AUTOS%202023/1256.pdf HTTP/1.1" 200 383535
66.249.70.196 - - [22/Jul/2023:22:31:16 -0500] "-" 408 -
216.245.221.92 - - [22/Jul/2023:22:31:50 -0500] "HEAD / HTTP/1.1" 200 -
172.22.2.4 - - [22/Jul/2023:22:30:15 -0500] "GET /BLA/boletinlegal/ HTTP/1.1" 200 57272
201.245.192.253 - - [22/Jul/2023:22:32:37 -0500] "POST /kwsrmcab/Wsrmcab  HTTP/1.1" 200 42133
172.22.2.4 - - [22/Jul/2023:22:33:14 -0500] "GET /BLA/boletinlegal/ HTTP/1.1" 200 60612
157.55.39.216 - - [22/Jul/2023:22:36:15 -0500] "GET /POT-2013/Cartografia/20_Sistema%20de%20Alcantarillado_FEB.pdf HTTP/1.1" 200 4849299
31.13.115.118 - - [22/Jul/2023:22:36:36 -0500] "GET /calidad-del-aire-distrito-avanza-unido-por-un-nuevo-aire.html?utm_id=Julio_2023 HTTP/1.1" 200 783
216.245.221.92 - - [22/Jul/2023:22:36:50 -0500] "HEAD / HTTP/1.1" 200 -
172.22.2.4 - - [22/Jul/2023:22:37:05 -0500] "GET /BLA/boletinlegal/js/jquery.scrollTo-min.js HTTP/1.1" 200 1150
172.22.2.4 - - [22/Jul/2023:22:37:07 -0500] "GET /BLA/boletinlegal/actos.php HTTP/1.1" 200 9682
172.22.2.4 - - [22/Jul/2023:22:37:07 -0500] "GET /BLA/boletinlegal/favicon.ico HTTP/1.1" 404 1326
161.18.124.47 - - [22/Jul/2023:22:37:09 -0500] "GET /BLA/resoluciones/ HTTP/1.1" 200 13502
172.22.2.4 - - [22/Jul/2023:22:37:11 -0500] "GET /BLA/boletinlegal/Circulares/2019/.pdf HTTP/1.1" 404 1218
172.22.2.4 - - [22/Jul/2023:22:37:20 -0500] "GET /BLA/boletinlegal/Circulares/2012/Circular%20No.%2010%20del%2026%20de%20Enero%20de%202012.pdf HTTP/1.1" 404 1218
172.22.2.4 - - [22/Jul/2023:22:37:23 -0500] "GET /BLA/boletinlegal/Circulares/2011/Circular%20No.%208%20del%2020%20de%20Septiembre%20de%202011.pdf HTTP/1.1" 200 285158
201.245.192.253 - - [22/Jul/2023:22:37:36 -0500] "POST /kwsrmcab/Wsrmcab  HTTP/1.1" 200 42133
172.22.2.4 - - [22/Jul/2023:22:37:05 -0500] "GET /BLA/boletinlegal/ HTTP/1.1" 200 36811
162.55.175.141 - - [22/Jul/2023:22:39:10 -0500] "GET / HTTP/1.1" 200 319
161.18.124.47 - - [22/Jul/2023:22:39:09 -0500] "GET /BLA/resoluciones/index.php?dir=RESOLUCIONES+2022%2F HTTP/1.1" 200 311612
162.55.175.141 - - [22/Jul/2023:22:39:11 -0500] "GET / HTTP/1.1" 200 4720
186.30.98.222 - - [22/Jul/2023:22:39:32 -0500] "GET /calidad-del-aire-distrito-avanza-unido-por-un-nuevo-aire.html?utm_source=Meta_DIGI&utm_medium=CPMa&utm_campaign=Aire&utm_id=Julio_2023&fbclid=IwAR2Zv6UqLQjIJiQyl6zBuJZhffepyVqa8sJbeAI6ZLVwFZs4eFfDucnHLxk_aem_AZlRm5wLVJM3lgnkIvuro6lmktsS5YISb_vUJCw6jQjXOIm0nABPVQnbTbQYghzvMoFVC2dCRtqrMuCGuOtX0Yxe HTTP/1.1" 200 783
201.245.192.253 - - [22/Jul/2023:22:39:34 -0500] "POST /kwsrmcab/Wsrmcab HTTP/1.1" 200 43166
201.245.192.253 - - [22/Jul/2023:22:39:37 -0500] "POST /kwsrmcab/Wsrmcab HTTP/1.1" 200 43653
207.46.13.217 - - [22/Jul/2023:22:40:28 -0500] "GET /BLA/resoluciones/AUTOS%202011/4862.pdf HTTP/1.1" 200 252934
216.245.221.92 - - [22/Jul/2023:22:41:50 -0500] "HEAD / HTTP/1.1" 200 -
172.22.2.4 - - [22/Jul/2023:22:40:31 -0500] "GET /BLA/boletinlegal/ HTTP/1.1" 200 60185
40.77.167.224 - - [22/Jul/2023:22:42:27 -0500] "GET /BLA/resoluciones/AUTOS%202022/3746.pdf HTTP/1.1" 304 -
201.245.192.253 - - [22/Jul/2023:22:42:35 -0500] "POST /kwsrmcab/Wsrmcab  HTTP/1.1" 200 42133
186.118.207.99 - - [22/Jul/2023:22:43:38 -0500] "GET /calidad-del-aire-distrito-avanza-unido-por-un-nuevo-aire.html?utm_source=Meta_DIGI&utm_medium=CPMa&utm_campaign=Aire&utm_id=Julio_2023&gclid=EAIaIQobChMIxZmi1fSjgAMVA4iDBx1R5Qp_EAEYASAAEgKew_D_BwE HTTP/1.1" 200 783
181.78.85.39 - - [22/Jul/2023:22:44:03 -0500] "GET /calidad-del-aire-distrito-avanza-unido-por-un-nuevo-aire.html?utm_source=Meta_DIGI&utm_medium=CPMa&utm_campaign=Aire&utm_id=Julio_2023&gclid=EAIaIQobChMIovjJ4_SjgAMVGxCtBh2QXQlMEAEYASAAEgJJNPD_BwE HTTP/1.1" 200 783
66.249.70.196 - - [22/Jul/2023:22:44:07 -0500] "-" 408 -
191.95.170.31 - - [22/Jul/2023:22:45:04 -0500] "GET /calidad-del-aire-distrito-avanza-unido-por-un-nuevo-aire.html?utm_source=Meta_DIGI&utm_medium=CPMa&utm_campaign=Aire&utm_id=Julio_2023&fbclid=IwAR0jfu_ozxSjSCSg1oJpF84Ay8n9zerfHsuMrCf2hW8SakvhyJZx1EQcwzs_aem_AZkltTOmFuE62fUmfP67p-qgJqKPdeafo6QeoA5-Aq1G2BbQav4D4wd_MMKnc2U257QKSwPMCHpx8Pn__mPWlxYs HTTP/1.1" 200 783
157.55.39.216 - - [22/Jul/2023:22:45:06 -0500] "GET /BLA/resoluciones/RESOLUCIONES%202019/2304.pdf HTTP/1.1" 304 -
186.30.17.243 - - [22/Jul/2023:22:46:06 -0500] "GET /galeria/galeria/jquery.fancybox.css?v=2.1.5 HTTP/1.1" 200 4895
186.30.17.243 - - [22/Jul/2023:22:46:06 -0500] "GET /BLA/boletinlegal/js/jquery.scrollShow.js HTTP/1.1" 200 4586
186.30.17.243 - - [22/Jul/2023:22:46:06 -0500] "GET /galeria/galeria/jquery.fancybox.js?v=2.1.5 HTTP/1.1" 200 48706
216.245.221.92 - - [22/Jul/2023:22:46:50 -0500] "HEAD / HTTP/1.1" 200 -
172.22.2.4 - - [22/Jul/2023:22:45:30 -0500] "HEAD /BLA/boletinlegal/ HTTP/1.1" 200 -
201.245.192.253 - - [22/Jul/2023:22:47:34 -0500] "POST /kwsrmcab/Wsrmcab  HTTP/1.1" 200 42133
172.22.2.4 - - [22/Jul/2023:22:46:21 -0500] "GET /BLA/boletinlegal/ HTTP/1.1" 200 54942
181.53.12.162 - - [22/Jul/2023:22:48:52 -0500] "GET /calidad-del-aire-distrito-avanza-unido-por-un-nuevo-aire.html?utm_source=Meta_DIGI&utm_medium=CPMa&utm_campaign=Aire&utm_id=Julio_2023&fbclid=IwAR3NVsrFipLA7T1DAQM7ofJLmg7EfYMiOAg1HviHv_v1kG6buHdD6NecIh8_aem_AZlYakbRC1UcXQ7GT3SEf-RA-zA3sY211p8Y-7zDxRd23wOkXphvTAZZ-mz3iaWgF9tM5lzNmlPMmabsFSiKPZYi HTTP/1.1" 200 783
54.251.81.163 - - [22/Jul/2023:22:50:35 -0500] "GET /galeria/nivo-slider/demo/images/Banner%20canales%20virtuales.jpg HTTP/1.1" 200 209438
52.167.144.147 - - [22/Jul/2023:22:51:01 -0500] "GET /BLA/resoluciones/Decretos/Decreto%20814%20del%2028%20de%20Diciembre%20de%202017.pdf HTTP/1.1" 200 2271553
52.167.144.147 - - [22/Jul/2023:22:51:02 -0500] "GET /BLA/resoluciones/AUTOS%202023/3472.pdf HTTP/1.1" 200 429930
66.249.70.196 - - [22/Jul/2023:22:51:37 -0500] "-" 408 -
216.245.221.92 - - [22/Jul/2023:22:51:50 -0500] "HEAD / HTTP/1.1" 200 -
167.114.173.221 - - [22/Jul/2023:22:52:31 -0500] "GET /auambari-deleito-con-sus-sonidos-ambientales-a-los-asistentes-de-fima-2021.html HTTP/1.1" 200 888
201.245.192.253 - - [22/Jul/2023:22:52:31 -0500] "POST /kwsrmcab/Wsrmcab  HTTP/1.1" 200 42133
190.158.126.40 - - [22/Jul/2023:22:52:52 -0500] "-" 408 -
172.22.2.4 - - [22/Jul/2023:22:51:20 -0500] "HEAD /BLA/boletinlegal/ HTTP/1.1" 200 -
172.22.2.4 - - [22/Jul/2023:22:52:11 -0500] "GET /BLA/boletinlegal/ HTTP/1.1" 200 55337
216.245.221.92 - - [22/Jul/2023:22:56:50 -0500] "HEAD / HTTP/1.1" 200 -
201.245.192.253 - - [22/Jul/2023:22:57:30 -0500] "POST /kwsrmcab/Wsrmcab  HTTP/1.1" 200 42133
66.249.70.196 - - [22/Jul/2023:22:58:30 -0500] "-" 408 -
172.22.2.4 - - [22/Jul/2023:22:57:10 -0500] "HEAD /BLA/boletinlegal/ HTTP/1.1" 200 -
191.156.51.88 - - [22/Jul/2023:22:59:11 -0500] "GET /calidad-del-aire-distrito-avanza-unido-por-un-nuevo-aire.html?utm_source=Meta_DIGI&utm_medium=CPMa&utm_campaign=Aire&utm_id=Julio_2023&fbclid=IwAR3PutlFmnzV1EEjQQoO-cHN_1sZL04EAV45tHa1mT4wS6o-wq-uZv1PyDA_aem_AZkE1zdZS5vHkHQY6M8o4wtwrhSEgpXeI1oqkHMbrC5AWpP5GrcgtFsCEttRzggu23K0eeoiTbF9QaBUvDzhjE4T HTTP/1.1" 200 783
172.22.2.4 - - [22/Jul/2023:22:59:15 -0500] "GET /BLA/boletinlegal/robots.txt HTTP/1.1" 404 1038
172.22.2.4 - - [22/Jul/2023:22:59:25 -0500] "GET /BLA/boletinlegal/apple-touch-icon-precomposed.png HTTP/1.1" 404 1140
172.22.2.4 - - [22/Jul/2023:22:59:25 -0500] "GET /BLA/boletinlegal/apple-touch-icon.png HTTP/1.1" 404 1140
172.22.2.4 - - [22/Jul/2023:22:59:25 -0500] "GET /BLA/boletinlegal/favicon.ico HTTP/1.1" 404 1140
172.22.2.4 - - [22/Jul/2023:22:58:01 -0500] "GET /BLA/boletinlegal/ HTTP/1.1" 200 48153
172.22.2.4 - - [22/Jul/2023:22:58:56 -0500] "GET /BLA/boletinlegal/ HTTP/1.1" 200 45003
172.22.2.4 - - [22/Jul/2023:22:59:16 -0500] "GET /BLA/boletinlegal/ HTTP/1.1" 200 49659
191.156.58.172 - - [22/Jul/2023:23:01:35 -0500] "GET /calidad-del-aire-distrito-avanza-unido-por-un-nuevo-aire.html?utm_source=Meta_DIGI&utm_medium=CPMa&utm_campaign=Aire&utm_id=Julio_2023&fbclid=IwAR15c_iNFoFWnDs44G1jEhFqbxIGKKVE6ZfAkzWkuMactVuj3TfEEsWJFXA_aem_AZmAMr9ikQmY73m0EObAfMeX-logjUrOtFp_Vq3u-Aj26JdpBvc6kzfxbRu1N1RP8ddlf476DwjFKZdCAWJCvPNT HTTP/1.1" 200 783
216.245.221.92 - - [22/Jul/2023:23:01:50 -0500] "HEAD / HTTP/1.1" 200 -
201.245.192.253 - - [22/Jul/2023:23:02:30 -0500] "POST /kwsrmcab/Wsrmcab  HTTP/1.1" 200 42133
181.53.12.143 - - [22/Jul/2023:23:03:54 -0500] "GET /calidad-del-aire-distrito-avanza-unido-por-un-nuevo-aire.html?utm_source=Meta_DIGI&utm_medium=CPMa&utm_campaign=Aire&utm_id=Julio_2023&gclid=EAIaIQobChMI7av8jPmjgAMVXI7RBB3pzQLnEAEYASAAEgJ_efD_BwE HTTP/1.1" 200 783
66.249.70.196 - - [22/Jul/2023:23:04:37 -0500] "-" 408 -
172.22.2.4 - - [22/Jul/2023:23:03:00 -0500] "HEAD /BLA/boletinlegal/ HTTP/1.1" 200 -
190.66.138.25 - - [22/Jul/2023:23:04:43 -0500] "GET /calidad-del-aire-distrito-avanza-unido-por-un-nuevo-aire.html?utm_source=Meta_DIGI&utm_medium=CPMa&utm_campaign=Aire&utm_id=Julio_2023&gclid=EAIaIQobChMI0tyerPmjgAMVRPJiCh1TyAvtEAEYASAAEgKHD_D_BwE HTTP/1.1" 200 783
191.156.56.101 - - [22/Jul/2023:23:04:50 -0500] "GET /calidad-del-aire-distrito-avanza-unido-por-un-nuevo-aire.html?utm_source=Meta_DIGI&utm_medium=CPMa&utm_campaign=Aire&utm_id=Julio_2023&gclid=EAIaIQobChMImNL3uPmjgAMV7RD5AB06dgcdEAEYASAAEgKTgfD_BwE HTTP/1.1" 200 783
195.123.240.109 - - [22/Jul/2023:23:04:56 -0500] "GET /portaldeninos/parque-ecologico-distrital-humedal-santa-maria-del-lago/ HTTP/1.1" 200 90199
165.1.173.142 - - [22/Jul/2023:23:05:06 -0500] "GET /galeria/nivo-slider/demo/images/febrero.jpg HTTP/1.1" 304 -
190.24.16.120 - - [22/Jul/2023:23:05:20 -0500] "GET /calidad-del-aire-distrito-avanza-unido-por-un-nuevo-aire.html?utm_source=Meta_DIGI&utm_medium=CPMa&utm_campaign=Aire&utm_id=Julio_2023&gclid=EAIaIQobChMIl9aRxPmjgAMVLRqtBh2mxQuCEAEYASAAEgLOEPD_BwE HTTP/1.1" 200 783
191.156.52.127 - - [22/Jul/2023:23:05:57 -0500] "GET /calidad-del-aire-distrito-avanza-unido-por-un-nuevo-aire.html?utm_source=Meta_DIGI&utm_medium=CPMa&utm_campaign=Aire&utm_id=Julio_2023&gclid=EAIaIQobChMIwa_G0fmjgAMV8ehbCh22_QmeEAEYASAAEgJ89vD_BwE HTTP/1.1" 200 783
186.102.61.184 - - [22/Jul/2023:23:06:07 -0500] "GET /calidad-del-aire-distrito-avanza-unido-por-un-nuevo-aire.html?utm_source=Meta_DIGI&utm_medium=CPMa&utm_campaign=Aire&utm_id=Julio_2023&gclid=EAIaIQobChMIo4OS3PmjgAMVao_uAR0uiAO5EAEYASAAEgJzGvD_BwE HTTP/1.1" 200 783
172.22.2.4 - - [22/Jul/2023:23:05:22 -0500] "GET /BLA/boletinlegal/ HTTP/1.1" 200 32715
20.3.130.132 - - [22/Jul/2023:23:06:45 -0500] "GET /.env HTTP/1.1" 404 1018
216.245.221.92 - - [22/Jul/2023:23:06:50 -0500] "HEAD / HTTP/1.1" 200 -
172.22.2.4 - - [22/Jul/2023:23:05:21 -0500] "GET /BLA/boletinlegal/ HTTP/1.1" 200 53248
201.245.192.253 - - [22/Jul/2023:23:07:30 -0500] "POST /kwsrmcab/Wsrmcab  HTTP/1.1" 200 14501
52.167.144.147 - - [22/Jul/2023:23:08:12 -0500] "GET /BLA/resoluciones/AUTOS%202023/3452.pdf HTTP/1.1" 200 495837
201.245.192.253 - - [22/Jul/2023:23:09:47 -0500] "POST /kwsrmcab/Wsrmcab  HTTP/1.1" 200 42133
66.249.70.196 - - [22/Jul/2023:23:10:34 -0500] "-" 408 -
201.245.192.253 - - [22/Jul/2023:23:10:54 -0500] "POST /kwsrmcab/Wsrmcab  HTTP/1.1" 200 42133
216.245.221.92 - - [22/Jul/2023:23:11:50 -0500] "HEAD / HTTP/1.1" 200 -
191.156.60.157 - - [22/Jul/2023:23:12:12 -0500] "GET /calidad-del-aire-distrito-avanza-unido-por-un-nuevo-aire.html?utm_source=Meta_DIGI&utm_medium=CPMa&utm_campaign=Aire&utm_id=Julio_2023&gclid=EAIaIQobChMIntuiivujgAMVRfTnAx15vQECEAEYASAAEgLD4PD_BwE HTTP/1.1" 200 783
191.156.152.214 - - [22/Jul/2023:23:14:10 -0500] "GET /calidad-del-aire-distrito-avanza-unido-por-un-nuevo-aire.html?utm_source=Meta_DIGI&utm_medium=CPMa&utm_campaign=Aire&utm_id=Julio_2023&gclid=EAIaIQobChMIpsqAv_ujgAMVRalkCh0pxAnYEAEYASAAEgIEzvD_BwE HTTP/1.1" 200 783
201.245.192.253 - - [22/Jul/2023:23:15:53 -0500] "POST /kwsrmcab/Wsrmcab  HTTP/1.1" 200 14501
181.60.163.160 - - [22/Jul/2023:23:16:41 -0500] "GET /calidad-del-aire-distrito-avanza-unido-por-un-nuevo-aire.html?utm_source=Meta_DIGI&utm_medium=CPMa&utm_campaign=Aire&utm_id=Julio_2023&gclid=EAIaIQobChMI5Zr7i_yjgAMVKAD5AB1_xAbIEAEYASAAEgKTZfD_BwE HTTP/1.1" 200 783
186.29.50.185 - - [22/Jul/2023:23:16:41 -0500] "GET /calidad-del-aire-distrito-avanza-unido-por-un-nuevo-aire.html?utm_source=Meta_DIGI&utm_medium=CPMa&utm_campaign=Aire&utm_id=Julio_2023&gclid=EAIaIQobChMIzbroi_yjgAMVs43uAR1NVwzgEAEYASAAEgJrkPD_BwE HTTP/1.1" 200 783
216.245.221.92 - - [22/Jul/2023:23:16:50 -0500] "HEAD / HTTP/1.1" 200 -
66.249.70.196 - - [22/Jul/2023:23:16:51 -0500] "-" 408 -
201.245.192.253 - - [22/Jul/2023:23:17:02 -0500] "POST /kwsrmcab/Wsrmcab  HTTP/1.1" 200 42133
172.22.2.4 - - [22/Jul/2023:23:15:42 -0500] "GET /BLA/boletinlegal/ HTTP/1.1" 200 60185
186.84.22.129 - - [22/Jul/2023:23:18:38 -0500] "-" 408 -
201.245.192.253 - - [22/Jul/2023:23:19:34 -0500] "POST /kwsrmcab/Wsrmcab HTTP/1.1" 200 43157
201.245.192.253 - - [22/Jul/2023:23:19:58 -0500] "POST /kwsrmcab/Wsrmcab HTTP/1.1" 200 43641
201.245.192.253 - - [22/Jul/2023:23:20:25 -0500] "POST /kwsrmcab/Wsrmcab  HTTP/1.1" 200 42133
185.233.19.159 - - [22/Jul/2023:23:21:00 -0500] "GET / HTTP/1.1" 200 319
191.156.180.161 - - [22/Jul/2023:23:21:01 -0500] "GET /calidad-del-aire-distrito-avanza-unido-por-un-nuevo-aire.html?utm_source=Meta_DIGI&utm_medium=CPMa&utm_campaign=Aire&utm_id=Julio_2023&gclid=EAIaIQobChMI6PWfgP2jgAMV44_RBB33bwu8EAEYASAAEgJ8YPD_BwE HTTP/1.1" 200 783
40.77.167.192 - - [22/Jul/2023:23:21:30 -0500] "GET /como-hacer-uso-de-la-publicidad-exterior-visual-en-epoca-electoral.html HTTP/1.1" 200 843
201.245.192.253 - - [22/Jul/2023:23:21:32 -0500] "POST /kwsrmcab/Wsrmcab  HTTP/1.1" 200 42133
181.55.175.69 - - [22/Jul/2023:23:21:37 -0500] "GET /calidad-del-aire-distrito-avanza-unido-por-un-nuevo-aire.html?utm_source=Meta_DIGI&utm_medium=CPMa&utm_campaign=Aire&utm_id=Julio_2023&gclid=EAIaIQobChMI9ZfFmP2jgAMVZzVECB0aswmdEAEYASAAEgKSi_D_BwE HTTP/1.1" 200 783
181.54.106.182 - - [22/Jul/2023:23:21:40 -0500] "GET /calidad-del-aire-distrito-avanza-unido-por-un-nuevo-aire.html?utm_source=Meta_DIGI&utm_medium=CPMa&utm_campaign=Aire&utm_id=Julio_2023&gclid=EAIaIQobChMIuY23lP2jgAMVDbRiCh0RMQiNEAEYASAAEgJDHvD_BwE HTTP/1.1" 200 783
216.245.221.92 - - [22/Jul/2023:23:21:50 -0500] "HEAD / HTTP/1.1" 200 -
181.55.175.69 - - [22/Jul/2023:23:21:54 -0500] "GET /calidad-del-aire-distrito-avanza-unido-por-un-nuevo-aire.html?utm_source=Meta_DIGI&utm_medium=CPMa&utm_campaign=Aire&utm_id=Julio_2023&gclid=EAIaIQobChMI4aqiof2jgAMVcP3nAx2jLwj7EAEYASAAEgILMPD_BwE HTTP/1.1" 200 783
201.185.103.132 - - [22/Jul/2023:23:22:09 -0500] "GET /calidad-del-aire-distrito-avanza-unido-por-un-nuevo-aire.html?utm_source=Meta_DIGI&utm_medium=CPMa&utm_campaign=Aire&utm_id=Julio_2023&gclid=EAIaIQobChMIvIO7hP2jgAMVMfmUCR1kpA5CEAEYASAAEgL4SfD_BwE HTTP/1.1" 200 783
52.167.144.99 - - [22/Jul/2023:23:22:20 -0500] "GET /portaldeninos/wp-content/uploads/2020/11/C%C3%B3rdoba-B-133x75.jpg HTTP/1.1" 200 3917
172.22.2.4 - - [22/Jul/2023:23:20:41 -0500] "HEAD /BLA/boletinlegal/ HTTP/1.1" 200 -
