190.145.240.159 - - [23/Jul/2023:17:19:11 -0500] "GET /calidad-del-aire-distrito-avanza-unido-por-un-nuevo-aire.html?utm_source=Meta_DIGI&utm_medium=CPMa&utm_campaign=Aire&utm_id=Julio_2023&gclid=EAIaIQobChMImbLyge6lgAMV0w99Ch0OjgFkEAEYASAAEgLja_D_BwE HTTP/1.1" 200 783
172.22.2.4 - - [23/Jul/2023:17:19:17 -0500] "GET /BLA/boletinlegal/robots.txt HTTP/1.1" 404 1140
201.245.192.253 - - [23/Jul/2023:17:19:30 -0500] "POST /kwsrmcab/Wsrmcab HTTP/1.1" 200 43206
52.167.144.147 - - [23/Jul/2023:17:19:52 -0500] "GET /Publicaciones/2023EE115424.pdf HTTP/1.1" 404 228
216.245.221.92 - - [23/Jul/2023:17:20:57 -0500] "HEAD / HTTP/1.1" 200 -
201.245.192.253 - - [23/Jul/2023:17:20:59 -0500] "POST /kwsrmcab/Wsrmcab  HTTP/1.1" 200 42133
172.22.2.4 - - [23/Jul/2023:17:20:20 -0500] "GET /BLA/boletinlegal/ HTTP/1.1" 200 32715
207.46.13.217 - - [23/Jul/2023:17:21:27 -0500] "GET /videos/galeria-cronicas/1V3wnplaylist.htm? HTTP/1.1" 200 4013
173.252.95.15 - - [23/Jul/2023:17:21:45 -0500] "GET /asi-fue-el-reverdecer-de-leandra-marulanda-mujer-resiliente-que-ahora-emprende-con-el-compostaje.html HTTP/1.1" 200 842
191.156.231.7 - - [23/Jul/2023:17:21:46 -0500] "GET /calidad-del-aire-distrito-avanza-unido-por-un-nuevo-aire.html?utm_source=Meta_DIGI&utm_medium=CPMa&utm_campaign=Aire&utm_id=Julio_2023&fbclid=IwAR2Bj8M9zGyfklJNwqedJpoIUKNsruWjDFd-wMZCdXCKRUhVXMEfyzjkO4s_aem_AXxjuS133qIm2eLaXr_lQpM3kO1qYBlC4bkqB0fYUWZ9L3Sy25gU8guVKnjVAyzFYGIDsiHQHYghJOT8vVHcN8bh HTTP/1.1" 200 783
172.22.2.4 - - [23/Jul/2023:17:24:39 -0500] "GET /BLA/boletinlegal/Circulares/2023/CIRCULAR%20No.%2000001%20DEL%2020%20DE%20FEBRERO%20DEL%202023.pdf HTTP/1.1" 304 -
191.95.175.212 - - [23/Jul/2023:17:24:51 -0500] "GET /calidad-del-aire-distrito-avanza-unido-por-un-nuevo-aire.html?utm_source=Meta_DIGI&utm_medium=CPMa&utm_campaign=Aire&utm_id=Julio_2023&gclid=EAIaIQobChMIi7zznO-lgAMVw-mUCR1WBwHZEAEYASAAEgKC2PD_BwE HTTP/1.1" 200 783
64.124.8.52 - - [23/Jul/2023:17:24:56 -0500] "GET /BLA/boletinlegal/jurisprudencia/analisis/G__Jurisp.%20Junio%202014_SENTENCIA%20C-554%20DE%202007.docx HTTP/1.1" 404 1018
64.124.8.23 - - [23/Jul/2023:17:25:11 -0500] "GET /BLA/boletinlegal/jurisprudencia/analisis/Analisis%20Sentencia%20T-1077,%202%20corregida.doc HTTP/1.1" 304 -
216.245.221.92 - - [23/Jul/2023:17:25:57 -0500] "HEAD / HTTP/1.1" 200 -
201.245.192.253 - - [23/Jul/2023:17:25:57 -0500] "POST /kwsrmcab/Wsrmcab  HTTP/1.1" 200 42133
172.22.2.4 - - [23/Jul/2023:17:24:55 -0500] "GET /BLA/boletinlegal/ HTTP/1.1" 200 60612
172.22.2.4 - - [23/Jul/2023:17:26:40 -0500] "GET /BLA/boletinlegal/Circulares/2014/Circular%20No.%203%20del%2014%20de%20Noviembre%20de%202014.pdf HTTP/1.1" 304 -
173.252.87.119 - - [23/Jul/2023:17:27:03 -0500] "GET /images/jardines-verticales-plantas-24-mayo.jpg HTTP/1.1" 200 148288
66.220.149.12 - - [23/Jul/2023:17:27:04 -0500] "GET /images/jornadas-llantas-usadas-23-mayo.jpg HTTP/1.1" 200 148376
201.221.172.73 - - [23/Jul/2023:17:27:16 -0500] "GET /calidad-del-aire-distrito-avanza-unido-por-un-nuevo-aire.html?utm_source=Meta_DIGI&utm_medium=CPMa&utm_campaign=Aire&utm_id=Julio_2023&fbclid=IwAR1OVymg78NnMbAx4Gsr8QO7OYhTY7z8Sk6QJ5hJRTVtLHTWecg9EwgJQus_aem_AXw89OdERQ0OrLz_Rj9lcG3HCgloRIkkxGwKCG3lQtKx9EhA1B6xXl-uxyRC63B6jdRGhb3OW--0jw5vfDJUAxak HTTP/1.1" 200 783
64.124.8.52 - - [23/Jul/2023:17:27:47 -0500] "GET /BLA/boletinlegal/doctrina.php HTTP/1.1" 200 5614
64.124.8.23 - - [23/Jul/2023:17:28:21 -0500] "GET /BLA/boletinlegal/jurisprudencia/analisis/CUADRO%20ANALISIS%20SENTENCIA%20C-554%20DE%202007.doc HTTP/1.1" 200 35328
186.84.20.209 - - [23/Jul/2023:17:28:34 -0500] "GET /BLA/resoluciones/index.php?dir=RESOLUCIONES+2013%2F HTTP/1.1" 200 238278
186.84.20.209 - - [23/Jul/2023:17:28:35 -0500] "GET /BLA/resoluciones/dlf/doc.gif HTTP/1.1" 200 1079
186.84.20.209 - - [23/Jul/2023:17:28:43 -0500] "GET /BLA/resoluciones/RESOLUCIONES%202013/0407.pdf HTTP/1.1" 200 1591327
64.124.8.59 - - [23/Jul/2023:17:28:57 -0500] "GET /portaldeninos/2021/06/16/en-el-festival-de-la-colombiodiversidad-se-resalto-la-importancia-de-las-aves-bogotanas/feed/ HTTP/1.1" 200 1206
191.95.62.31 - - [23/Jul/2023:17:29:22 -0500] "GET /calidad-del-aire-distrito-avanza-unido-por-un-nuevo-aire.html?utm_source=Meta_DIGI&utm_medium=CPMa&utm_campaign=Aire&utm_id=Julio_2023&gclid=EAIaIQobChMIl_eqqPClgAMVg5J_BB3SOgYiEAEYASAAEgIpIfD_BwE HTTP/1.1" 200 783
201.245.192.253 - - [23/Jul/2023:17:29:30 -0500] "POST /kwsrmcab/Wsrmcab HTTP/1.1" 200 43206
52.167.144.147 - - [23/Jul/2023:17:29:43 -0500] "GET /BLA/resoluciones/index.php?dir=RESOLUCIONES+2004%2F HTTP/1.1" 200 31994
69.63.189.7 - - [23/Jul/2023:17:29:50 -0500] "GET /images/feria-servicios-12-mayo-principal.jpg HTTP/1.1" 200 44744
207.46.13.217 - - [23/Jul/2023:17:30:13 -0500] "GET /Publicaciones/2023EE137255.pdf HTTP/1.1" 404 228
216.245.221.92 - - [23/Jul/2023:17:30:57 -0500] "HEAD / HTTP/1.1" 200 -
201.245.192.253 - - [23/Jul/2023:17:30:55 -0500] "POST /kwsrmcab/Wsrmcab  HTTP/1.1" 200 42133
191.108.47.139 - - [23/Jul/2023:17:31:23 -0500] "GET /calidad-del-aire-distrito-avanza-unido-por-un-nuevo-aire.html?utm_source=Meta_DIGI&utm_medium=CPMa&utm_campaign=Aire&utm_id=Julio_2023&gclid=EAIaIQobChMI6JmP5PClgAMVbRB2Bh0E6w4MEAEYASAAEgJEz_D_BwE HTTP/1.1" 200 783
191.108.47.139 - - [23/Jul/2023:17:31:25 -0500] "GET /favicon.ico HTTP/1.1" 404 1690
172.22.2.4 - - [23/Jul/2023:17:29:54 -0500] "HEAD /BLA/boletinlegal/ HTTP/1.1" 200 -
52.167.144.147 - - [23/Jul/2023:17:32:25 -0500] "GET /BLA/resoluciones/AUTOS%202023/3452.pdf HTTP/1.1" 200 495837
172.22.2.4 - - [23/Jul/2023:17:30:45 -0500] "GET /BLA/boletinlegal/ HTTP/1.1" 200 54079
191.156.228.140 - - [23/Jul/2023:17:32:28 -0500] "GET /calidad-del-aire-distrito-avanza-unido-por-un-nuevo-aire.html?utm_source=Meta_DIGI&utm_medium=CPMa&utm_campaign=Aire&utm_id=Julio_2023&fbclid=IwAR0y47xwu0-YbiFGYsXBMuFsM1t-CAFDI25YxtNJHFOe9-2OCfCIe81Urkw_aem_AXxiJeMiQHyy74cj0CpumDiP7UBTdkI4G_krJEEjBKJeGLI1fke-bq7fmAh0z9jecujKqJncEW0X_BPF2Zo3JCI_ HTTP/1.1" 200 783
64.124.8.52 - - [23/Jul/2023:17:32:49 -0500] "GET /galeria/nivo-slider/demo/images/bannerincendiosweb.j HTTP/1.1" 404 1018
157.55.39.216 - - [23/Jul/2023:17:34:24 -0500] "GET /BLA/resoluciones/AUTOS%202021/2390.pdf HTTP/1.1" 200 681266
172.22.2.4 - - [23/Jul/2023:17:33:13 -0500] "GET /BLA/boletinlegal/ HTTP/1.1" 200 60612
190.90.132.171 - - [23/Jul/2023:17:34:59 -0500] "GET /calidad-del-aire-distrito-avanza-unido-por-un-nuevo-aire.html?utm_source=Meta_DIGI&utm_medium=CPMa&utm_campaign=Aire&utm_id=Julio_2023&gclid=EAIaIQobChMImbeZyfGlgAMVbId_BB1JYgUnEAEYASAAEgJ7y_D_BwE HTTP/1.1" 200 783
186.102.40.61 - - [23/Jul/2023:17:35:15 -0500] "-" 408 -
190.60.254.241 - - [23/Jul/2023:17:35:54 -0500] "GET /calidad-del-aire-distrito-avanza-unido-por-un-nuevo-aire.html?utm_source=Meta_DIGI&utm_medium=CPMa&utm_campaign=Aire&utm_id=Julio_2023&gclid=EAIaIQobChMI2e-n4vGlgAMVzHliCh3k6wDtEAEYASAAEgLEnPD_BwE HTTP/1.1" 200 783
201.245.192.253 - - [23/Jul/2023:17:35:55 -0500] "POST /kwsrmcab/Wsrmcab  HTTP/1.1" 200 42133
216.245.221.92 - - [23/Jul/2023:17:35:57 -0500] "HEAD / HTTP/1.1" 200 -
31.13.103.119 - - [23/Jul/2023:17:36:54 -0500] "GET /quieres-que-tu-proyecto-de-construccion-sostenible-sea-reconocido-enterate-como-postularte.html HTTP/1.1" 200 869
69.171.231.10 - - [23/Jul/2023:17:36:55 -0500] "GET /quieres-que-tu-proyecto-de-construccion-sostenible-sea-reconocido-enterate-como-postularte.html HTTP/1.1" 200 869
69.171.231.5 - - [23/Jul/2023:17:36:58 -0500] "GET /quieres-que-tu-proyecto-de-construccion-sostenible-sea-reconocido-enterate-como-postularte.html HTTP/1.1" 206 869
40.77.189.57 - - [23/Jul/2023:17:37:15 -0500] "GET /videos/galeria-cronicas/skin/blue.monday/jplayer.blue.monday.css HTTP/1.1" 200 12518
40.77.188.129 - - [23/Jul/2023:17:37:15 -0500] "GET /videos/galeria-cronicas/js/jquery.jplayer.min.js HTTP/1.1" 200 43668
40.77.189.255 - - [23/Jul/2023:17:37:15 -0500] "GET /videos/galeria-cronicas/js/jplayer.playlist.min.js HTTP/1.1" 200 8608
172.22.2.4 - - [23/Jul/2023:17:35:44 -0500] "HEAD /BLA/boletinlegal/ HTTP/1.1" 200 -
66.249.70.197 - - [23/Jul/2023:17:37:39 -0500] "-" 408 -
114.119.151.219 - - [23/Jul/2023:17:38:09 -0500] "-" 408 -
172.22.2.4 - - [23/Jul/2023:17:36:35 -0500] "GET /BLA/boletinlegal/ HTTP/1.1" 200 56452
190.61.46.107 - - [23/Jul/2023:17:38:17 -0500] "GET /calidad-del-aire-distrito-avanza-unido-por-un-nuevo-aire.html?utm_source=Meta_DIGI&utm_medium=CPMa&utm_campaign=Aire&utm_id=Julio_2023&gclid=EAIaIQobChMI2rDfo_KlgAMVisfnAx3_VA7QEAEYASAAEgJCyPD_BwE HTTP/1.1" 200 783
191.156.184.46 - - [23/Jul/2023:17:38:21 -0500] "GET /calidad-del-aire-distrito-avanza-unido-por-un-nuevo-aire.html?utm_source=Meta_DIGI&utm_medium=CPMa&utm_campaign=Aire&utm_id=Julio_2023&gclid=EAIaIQobChMIwO-TqPKlgAMVFAx2Bh2I7QKGEAEYASAAEgLd4PD_BwE HTTP/1.1" 200 783
201.245.192.253 - - [23/Jul/2023:17:39:30 -0500] "POST /kwsrmcab/Wsrmcab HTTP/1.1" 200 43206
173.252.83.117 - - [23/Jul/2023:17:40:13 -0500] "GET /calidad-del-aire-distrito-avanza-unido-por-un-nuevo-aire.html?utm_id=Julio_2023 HTTP/1.1" 200 783
52.167.144.91 - - [23/Jul/2023:17:41:30 -0500] "GET /portaldeninos/parque-ecologico-distrital-humedal-santa-maria-del-lago/ HTTP/1.1" 200 90199
216.245.221.92 - - [23/Jul/2023:17:41:47 -0500] "GET / HTTP/1.1" 200 319
201.245.192.253 - - [23/Jul/2023:17:43:11 -0500] "POST /kwsrmcab/Wsrmcab  HTTP/1.1" 200 42133
172.22.2.4 - - [23/Jul/2023:17:43:19 -0500] "GET /BLA/boletinlegal/favicon.ico HTTP/1.1" 404 1308
172.22.2.4 - - [23/Jul/2023:17:42:25 -0500] "GET /BLA/boletinlegal/ HTTP/1.1" 200 60612
172.22.2.4 - - [23/Jul/2023:17:44:13 -0500] "GET /BLA/boletinlegal/actuator/health HTTP/1.1" 404 1018
201.245.192.253 - - [23/Jul/2023:17:44:12 -0500] "POST /kwsrmcab/Wsrmcab  HTTP/1.1" 200 42133
207.46.13.217 - - [23/Jul/2023:17:44:23 -0500] "GET /BLA/resoluciones/AUTOS%202011/5455.pdf HTTP/1.1" 200 182369
172.22.2.4 - - [23/Jul/2023:17:44:25 -0500] "GET /BLA/boletinlegal/Circulares/2012/Circular%20No.%2010%20del%2026%20de%20Enero%20de%202012.pdf HTTP/1.1" 404 1218
191.156.150.210 - - [23/Jul/2023:17:44:58 -0500] "GET /calidad-del-aire-distrito-avanza-unido-por-un-nuevo-aire.html?utm_source=Meta_DIGI&utm_medium=CPMa&utm_campaign=Aire&utm_id=Julio_2023&fbclid=IwAR1EuF93ylmdhKDdLha3oc31NdSpDWK--sdnDHkhBKHymr_VYKu1wy9t294_aem_AXxHW5HMUkE0RpWxB6lBIMjPiCKxCddooEH0wkf1JoUm3JkGxonLhGlzvFLX4FT6WOx2V6aFLE8ISz-wnMsjh9MK HTTP/1.1" 200 783
172.22.2.4 - - [23/Jul/2023:17:45:11 -0500] "GET /BLA/boletinlegal/style.css HTTP/1.1" 200 9406
172.22.2.4 - - [23/Jul/2023:17:45:11 -0500] "GET /BLA/boletinlegal/styles2.css HTTP/1.1" 200 1838
172.22.2.4 - - [23/Jul/2023:17:45:11 -0500] "GET /BLA/boletinlegal/js/jquery.js HTTP/1.1" 200 57254
172.22.2.4 - - [23/Jul/2023:17:45:11 -0500] "GET /BLA/boletinlegal/js/jquery.scrollShow.js HTTP/1.1" 200 4586
172.22.2.4 - - [23/Jul/2023:17:45:11 -0500] "GET /BLA/boletinlegal/images/cabezote%20BLEGAL.jpg HTTP/1.1" 200 118164
172.22.2.4 - - [23/Jul/2023:17:45:11 -0500] "GET /BLA/boletinlegal/images/subscribe-icon-big.png HTTP/1.1" 200 47702
172.22.2.4 - - [23/Jul/2023:17:45:11 -0500] "GET /BLA/boletinlegal/images/historia.png HTTP/1.1" 200 52775
172.22.2.4 - - [23/Jul/2023:17:45:11 -0500] "GET /BLA/boletinlegal/images/registro-usuarios.png HTTP/1.1" 200 8106
172.22.2.4 - - [23/Jul/2023:17:45:11 -0500] "GET /BLA/boletinlegal/images/arr_l.jpg HTTP/1.1" 200 1979
172.22.2.4 - - [23/Jul/2023:17:45:11 -0500] "GET /BLA/boletinlegal/images/screen_1.png HTTP/1.1" 200 202547
172.22.2.4 - - [23/Jul/2023:17:45:11 -0500] "GET /BLA/boletinlegal/images/launch.jpg HTTP/1.1" 200 14577
172.22.2.4 - - [23/Jul/2023:17:45:13 -0500] "GET /BLA/boletinlegal/images/screen_2.png HTTP/1.1" 200 362502
172.22.2.4 - - [23/Jul/2023:17:45:13 -0500] "GET /BLA/boletinlegal/images/screen_3.png HTTP/1.1" 200 210620
172.22.2.4 - - [23/Jul/2023:17:45:13 -0500] "GET /BLA/boletinlegal/images/screen_5.png HTTP/1.1" 200 368876
172.22.2.4 - - [23/Jul/2023:17:45:13 -0500] "GET /BLA/boletinlegal/images/arr_r.jpg HTTP/1.1" 200 1998
172.22.2.4 - - [23/Jul/2023:17:45:22 -0500] "GET /BLA/boletinlegal/images/pdf.gif HTTP/1.1" 200 567
172.22.2.4 - - [23/Jul/2023:17:46:16 -0500] "GET /BLA/boletinlegal/Circulares/2019/.pdf HTTP/1.1" 404 1218
172.22.2.4 - - [23/Jul/2023:17:45:06 -0500] "GET /BLA/boletinlegal/ HTTP/1.1" 200 60612
172.22.2.4 - - [23/Jul/2023:17:47:20 -0500] "GET /BLA/boletinlegal/images/menu_rght.gif HTTP/1.1" 200 1627
172.22.2.4 - - [23/Jul/2023:17:47:20 -0500] "GET /BLA/boletinlegal/images/body_bg.jpg HTTP/1.1" 200 1601
172.22.2.4 - - [23/Jul/2023:17:47:20 -0500] "GET /BLA/boletinlegal/images/menu_lft.gif HTTP/1.1" 200 1713
172.22.2.4 - - [23/Jul/2023:17:47:20 -0500] "GET /BLA/boletinlegal/images/menu_bg.jpg HTTP/1.1" 200 620
172.22.2.4 - - [23/Jul/2023:17:47:20 -0500] "GET /BLA/boletinlegal/images/bg_top.jpg HTTP/1.1" 200 522
172.22.2.4 - - [23/Jul/2023:17:47:20 -0500] "GET /BLA/boletinlegal/images/text.jpg HTTP/1.1" 200 568
172.22.2.4 - - [23/Jul/2023:17:47:20 -0500] "GET /BLA/boletinlegal/images/footer_bg.jpg HTTP/1.1" 200 586
172.22.2.4 - - [23/Jul/2023:17:47:20 -0500] "GET /BLA/boletinlegal/images/hover.jpg HTTP/1.1" 200 640
186.84.21.0 - - [23/Jul/2023:17:47:35 -0500] "GET /calidad-del-aire-distrito-avanza-unido-por-un-nuevo-aire.html?utm_source=Meta_DIGI&utm_medium=CPMa&utm_campaign=Aire&utm_id=Julio_2023&gclid=EAIaIQobChMIzp_DsvSlgAMV-8jnAx1s-QQFEAEYASAAEgK1cPD_BwE HTTP/1.1" 200 783
216.245.221.92 - - [23/Jul/2023:17:47:37 -0500] "GET / HTTP/1.1" 200 319
186.84.20.209 - - [23/Jul/2023:17:48:47 -0500] "GET /BLA/resoluciones/index.php?dir=AUTOS+2015%2F HTTP/1.1" 200 583190
172.22.2.4 - - [23/Jul/2023:17:47:24 -0500] "HEAD /BLA/boletinlegal/ HTTP/1.1" 200 -
201.245.192.253 - - [23/Jul/2023:17:49:11 -0500] "POST /kwsrmcab/Wsrmcab  HTTP/1.1" 200 42133
186.84.20.209 - - [23/Jul/2023:17:49:15 -0500] "GET /BLA/resoluciones/index.php?dir=AUTOS+2015%2F HTTP/1.1" 200 583190
186.80.52.218 - - [23/Jul/2023:17:49:20 -0500] "GET /galeria/galeria/jquery.fancybox.css?v=2.1.5 HTTP/1.1" 200 4895
186.80.52.218 - - [23/Jul/2023:17:49:20 -0500] "GET /BLA/boletinlegal/js/jquery.scrollShow.js HTTP/1.1" 200 4586
186.80.52.218 - - [23/Jul/2023:17:49:20 -0500] "GET /galeria/galeria/jquery.fancybox.js?v=2.1.5 HTTP/1.1" 200 48706
157.55.39.216 - - [23/Jul/2023:17:49:35 -0500] "GET /BLA/resoluciones/RESOLUCIONES%202023/1065.pdf HTTP/1.1" 200 6476670
172.22.2.4 - - [23/Jul/2023:17:48:15 -0500] "GET /BLA/boletinlegal/ HTTP/1.1" 200 55739
181.53.12.12 - - [23/Jul/2023:17:51:00 -0500] "GET /galeria/galeria/jquery.fancybox.css?v=2.1.5 HTTP/1.1" 200 4895
181.53.12.12 - - [23/Jul/2023:17:51:00 -0500] "GET /galeria/galeria/jquery.fancybox.js?v=2.1.5 HTTP/1.1" 200 48706
181.53.12.12 - - [23/Jul/2023:17:51:00 -0500] "GET /BLA/boletinlegal/js/jquery.scrollShow.js HTTP/1.1" 200 4586
172.22.2.4 - - [23/Jul/2023:17:51:07 -0500] "GET /BLA/boletinlegal/js/jquery.scrollTo-min.js HTTP/1.1" 200 1150
172.22.2.4 - - [23/Jul/2023:17:51:22 -0500] "GET /BLA/boletinlegal/actos.php HTTP/1.1" 200 9682
172.22.2.4 - - [23/Jul/2023:17:51:23 -0500] "GET /BLA/boletinlegal/js/ajax_actos.js HTTP/1.1" 200 1322
172.22.2.4 - - [23/Jul/2023:17:51:23 -0500] "GET /BLA/boletinlegal/niceforms-default.css HTTP/1.1" 200 6694
172.22.2.4 - - [23/Jul/2023:17:51:23 -0500] "GET /BLA/boletinlegal/niceforms.js HTTP/1.1" 200 22876
172.22.2.4 - - [23/Jul/2023:17:51:23 -0500] "GET /BLA/boletinlegal/js/popup.js HTTP/1.1" 200 1270
172.22.2.4 - - [23/Jul/2023:17:51:23 -0500] "GET /BLA/boletinlegal/js/lib.js HTTP/1.1" 200 6474
172.22.2.4 - - [23/Jul/2023:17:51:23 -0500] "GET /BLA/boletinlegal/js/jquery1.js HTTP/1.1" 200 29846
172.22.2.4 - - [23/Jul/2023:17:51:23 -0500] "GET /BLA/boletinlegal/images/green-yellow-blue-pink-th.png HTTP/1.1" 200 7394
172.22.2.4 - - [23/Jul/2023:17:51:23 -0500] "GET /BLA/boletinlegal/images/tel.png HTTP/1.1" 200 14477
172.22.2.4 - - [23/Jul/2023:17:51:23 -0500] "GET /BLA/boletinlegal/images/icono-email.png HTTP/1.1" 200 5544
172.22.2.4 - - [23/Jul/2023:17:51:23 -0500] "GET /BLA/boletinlegal/images/footer_bg_l.jpg HTTP/1.1" 200 776
172.22.2.4 - - [23/Jul/2023:17:51:23 -0500] "GET /BLA/boletinlegal/img/0.png HTTP/1.1" 200 110
172.22.2.4 - - [23/Jul/2023:17:51:23 -0500] "GET /BLA/boletinlegal/img/button-left.png HTTP/1.1" 200 57071
172.22.2.4 - - [23/Jul/2023:17:51:23 -0500] "GET /BLA/boletinlegal/img/select-left.png HTTP/1.1" 200 263
172.22.2.4 - - [23/Jul/2023:17:51:23 -0500] "GET /BLA/boletinlegal/img/select-right.png HTTP/1.1" 200 44019
172.22.2.4 - - [23/Jul/2023:17:51:23 -0500] "GET /BLA/boletinlegal/img/button.png HTTP/1.1" 200 43241
172.22.2.4 - - [23/Jul/2023:17:51:03 -0500] "GET /BLA/boletinlegal/ HTTP/1.1" 200 36811
186.154.124.159 - - [23/Jul/2023:17:52:06 -0500] "GET /BLA/resoluciones/ HTTP/1.1" 200 13502
186.154.124.159 - - [23/Jul/2023:17:52:07 -0500] "GET /BLA/resoluciones/dlf/styles.css HTTP/1.1" 200 3049
186.154.124.159 - - [23/Jul/2023:17:52:07 -0500] "GET /BLA/resoluciones/dlf/folder.png HTTP/1.1" 200 410
186.154.124.159 - - [23/Jul/2023:17:52:07 -0500] "GET /BLA/resoluciones/dlf/bg.gif HTTP/1.1" 200 54
186.154.124.159 - - [23/Jul/2023:17:52:07 -0500] "GET /favicon.ico HTTP/1.1" 200 7782
186.154.124.159 - - [23/Jul/2023:17:52:09 -0500] "GET /BLA/resoluciones/index.php?dir=RESOLUCIONES+2021%2F HTTP/1.1" 200 441520
186.154.124.159 - - [23/Jul/2023:17:52:10 -0500] "GET /BLA/resoluciones/dlf/dirup.png HTTP/1.1" 200 644
186.154.124.159 - - [23/Jul/2023:17:52:10 -0500] "GET /BLA/resoluciones/dlf/pdf.gif HTTP/1.1" 200 272
186.154.124.159 - - [23/Jul/2023:17:52:10 -0500] "GET /BLA/resoluciones/dlf/archive.png HTTP/1.1" 200 632
181.61.33.178 - - [23/Jul/2023:17:52:13 -0500] "GET /BLA/boletinlegal/js/jquery.scrollShow.js HTTP/1.1" 200 4586
181.61.33.178 - - [23/Jul/2023:17:52:13 -0500] "GET /galeria/galeria/jquery.fancybox.js?v=2.1.5 HTTP/1.1" 200 48706
181.61.33.178 - - [23/Jul/2023:17:52:13 -0500] "GET /galeria/galeria/jquery.fancybox.css?v=2.1.5 HTTP/1.1" 200 4895
186.154.124.159 - - [23/Jul/2023:17:52:18 -0500] "GET /BLA/resoluciones/RESOLUCIONES%202021/0794.pdf HTTP/1.1" 200 543408
201.221.172.0 - - [23/Jul/2023:17:52:42 -0500] "GET /calidad-del-aire-distrito-avanza-unido-por-un-nuevo-aire.html?utm_source=Meta_DIGI&utm_medium=CPMa&utm_campaign=Aire&utm_id=Julio_2023&gclid=EAIaIQobChMI4ovf8fSlgAMV3uiUCR0ELgymEAEYASAAEgJ6jPD_BwE HTTP/1.1" 200 783
186.154.124.159 - - [23/Jul/2023:17:53:09 -0500] "GET /BLA/resoluciones/ HTTP/1.1" 200 13502
186.154.124.159 - - [23/Jul/2023:17:53:13 -0500] "GET /BLA/resoluciones/index.php?dir=RESOLUCIONES+2022%2F HTTP/1.1" 200 311612
181.134.23.202 - - [23/Jul/2023:17:53:14 -0500] "GET /galeria/galeria/jquery.fancybox.css?v=2.1.5 HTTP/1.1" 200 4895
181.134.23.202 - - [23/Jul/2023:17:53:15 -0500] "GET /BLA/boletinlegal/js/jquery.scrollShow.js HTTP/1.1" 200 4586
181.134.23.202 - - [23/Jul/2023:17:53:15 -0500] "GET /galeria/galeria/jquery.fancybox.js?v=2.1.5 HTTP/1.1" 200 48706
216.245.221.92 - - [23/Jul/2023:17:53:27 -0500] "GET / HTTP/1.1" 200 319
186.84.22.235 - - [23/Jul/2023:17:53:28 -0500] "GET /calidad-del-aire-distrito-avanza-unido-por-un-nuevo-aire.html?utm_source=Meta_DIGI&utm_medium=CPMa&utm_campaign=Aire&utm_id=Julio_2023&gclid=EAIaIQobChMIwqamy_WlgAMVzIjuAR2sAAnsEAEYASAAEgJQFfD_BwE HTTP/1.1" 200 783
172.22.2.4 - - [23/Jul/2023:17:53:47 -0500] "GET /BLA/boletinlegal/consulta_actos.php?tipo=resoluciones&no=0967&usuario=&sector=SILVICULTURA&fecha=2022&resuelve= HTTP/1.1" 200 626
201.245.192.253 - - [23/Jul/2023:17:54:09 -0500] "POST /kwsrmcab/Wsrmcab  HTTP/1.1" 200 42133
172.22.2.4 - - [23/Jul/2023:17:54:32 -0500] "GET /BLA/boletinlegal/consulta_actos.php?tipo=resoluciones&no=967&usuario=&sector=SILVICULTURA&fecha=2022&resuelve= HTTP/1.1" 200 1094
172.22.2.4 - - [23/Jul/2023:17:54:52 -0500] "GET /BLA/boletinlegal/consulta_actos.php?tipo=resoluciones&no=567&usuario=&sector=SILVICULTURA&fecha=2022&resuelve= HTTP/1.1" 200 1095
172.22.2.4 - - [23/Jul/2023:17:53:14 -0500] "HEAD /BLA/boletinlegal/ HTTP/1.1" 200 -
172.22.2.4 - - [23/Jul/2023:17:55:02 -0500] "GET /BLA/boletinlegal/consulta_actos.php?tipo=resoluciones&no=0567&usuario=&sector=SILVICULTURA&fecha=2022&resuelve= HTTP/1.1" 200 626
172.22.2.4 - - [23/Jul/2023:17:55:04 -0500] "GET /BLA/boletinlegal/consulta_actos.php?tipo=resoluciones&no=0567&usuario=&sector=SILVICULTURA&fecha=2022&resuelve= HTTP/1.1" 200 626
186.154.124.159 - - [23/Jul/2023:17:55:15 -0500] "GET /BLA/resoluciones/RESOLUCIONES%202022/0567.pdf HTTP/1.1" 200 352694
172.22.2.4 - - [23/Jul/2023:17:54:05 -0500] "GET /BLA/boletinlegal/ HTTP/1.1" 200 53643
157.55.39.216 - - [23/Jul/2023:17:56:07 -0500] "GET /sipse/faces/autenticacion.xhtml HTTP/1.1" 200 12501
191.156.182.225 - - [23/Jul/2023:17:57:00 -0500] "GET /calidad-del-aire-distrito-avanza-unido-por-un-nuevo-aire.html?utm_source=Meta_DIGI&utm_medium=CPMa&utm_campaign=Aire&utm_id=Julio_2023&gclid=EAIaIQobChMIotyavPalgAMVOtEoBR3FiAw3EAEYASAAEgJVc_D_BwE HTTP/1.1" 200 783
190.90.138.172 - - [23/Jul/2023:17:57:11 -0500] "GET /calidad-del-aire-distrito-avanza-unido-por-un-nuevo-aire.html?utm_source=Meta_DIGI&utm_medium=CPMa&utm_campaign=Aire&utm_id=Julio_2023&gclid=EAIaIQobChMI66ukr_algAMVP4_RBB3I6AZcEAEYASAAEgK1b_D_BwE HTTP/1.1" 200 783
66.249.70.197 - - [23/Jul/2023:17:57:21 -0500] "-" 408 -
216.245.221.92 - - [23/Jul/2023:17:58:27 -0500] "HEAD / HTTP/1.1" 200 -
201.245.192.253 - - [23/Jul/2023:17:59:07 -0500] "POST /kwsrmcab/Wsrmcab  HTTP/1.1" 200 42133
172.22.2.4 - - [23/Jul/2023:17:59:19 -0500] "GET /BLA/boletinlegal/owa/auth/logon.aspx?url=https%3a%2f%2f1%2fecp%2f HTTP/1.1" 404 1018
201.245.213.9 - - [23/Jul/2023:17:59:45 -0500] "GET /mesa/contrasena.pdf HTTP/1.1" 200 443199
201.245.213.9 - - [23/Jul/2023:17:59:46 -0500] "GET /mesa/contrasena.pdf HTTP/1.1" 206 1
201.245.213.9 - - [23/Jul/2023:17:59:46 -0500] "GET /mesa/contrasena.pdf HTTP/1.1" 206 257615
64.124.8.59 - - [23/Jul/2023:17:59:48 -0500] "GET /portaldeninos/wp-content/uploads/2020/01/Infograf%C3%ADa.gif%22%22 HTTP/1.1" 301 -
172.22.2.4 - - [23/Jul/2023:17:59:04 -0500] "HEAD /BLA/boletinlegal/ HTTP/1.1" 200 -
52.167.144.147 - - [23/Jul/2023:18:01:17 -0500] "GET /BLA/resoluciones/RESOLUCIONES%202022/3585.pdf HTTP/1.1" 200 372837
172.22.2.4 - - [23/Jul/2023:17:59:55 -0500] "GET /BLA/boletinlegal/ HTTP/1.1" 200 54453
186.84.20.209 - - [23/Jul/2023:18:01:59 -0500] "GET /BLA/resoluciones/index.php?dir=AUTOS+2016%2F HTTP/1.1" 200 331296
216.245.221.92 - - [23/Jul/2023:18:03:27 -0500] "HEAD / HTTP/1.1" 200 -
201.245.192.253 - - [23/Jul/2023:18:04:05 -0500] "POST /kwsrmcab/Wsrmcab  HTTP/1.1" 200 42133
31.13.127.2 - - [23/Jul/2023:18:05:45 -0500] "GET /images/calidad-del-aire-1.jpg HTTP/1.1" 200 30813
69.63.189.7 - - [23/Jul/2023:18:05:46 -0500] "GET /calidad-del-aire-distrito-avanza-unido-por-un-nuevo-aire.html?utm_id=Julio_2023 HTTP/1.1" 200 783
172.22.2.4 - - [23/Jul/2023:18:04:54 -0500] "HEAD /BLA/boletinlegal/ HTTP/1.1" 200 -
34.31.177.84 - - [23/Jul/2023:18:07:19 -0500] "GET /BLA/boletinlegal/images/icono-email.png HTTP/1.1" 200 5544
172.22.2.4 - - [23/Jul/2023:18:05:45 -0500] "GET /BLA/boletinlegal/ HTTP/1.1" 200 54453
216.245.221.92 - - [23/Jul/2023:18:08:27 -0500] "HEAD / HTTP/1.1" 200 -
157.55.39.216 - - [23/Jul/2023:18:08:40 -0500] "GET /BLA/resoluciones/index.php?dir=Notificaciones%2FREGISTROS+2019%2F HTTP/1.1" 200 18601
201.245.192.253 - - [23/Jul/2023:18:09:04 -0500] "POST /kwsrmcab/Wsrmcab  HTTP/1.1" 200 42133
191.95.50.85 - - [23/Jul/2023:18:09:20 -0500] "GET /calidad-del-aire-distrito-avanza-unido-por-un-nuevo-aire.html?utm_source=Meta_DIGI&utm_medium=CPMa&utm_campaign=Aire&utm_id=Julio_2023&gclid=EAIaIQobChMIqYqilPmlgAMV45DRBB3v5wV8EAEYASAAEgJpffD_BwE HTTP/1.1" 200 783
191.156.51.90 - - [23/Jul/2023:18:09:45 -0500] "GET /calidad-del-aire-distrito-avanza-unido-por-un-nuevo-aire.html?utm_source=Meta_DIGI&utm_medium=CPMa&utm_campaign=Aire&utm_id=Julio_2023&gclid=EAIaIQobChMIooegrvmlgAMVBuRiCh3U9gxTEAEYASAAEgJVXPD_BwE HTTP/1.1" 200 783
172.22.2.4 - - [23/Jul/2023:18:09:45 -0500] "GET /BLA/boletinlegal/robots.txt HTTP/1.1" 404 1038
172.22.2.4 - - [23/Jul/2023:18:09:45 -0500] "GET /BLA/boletinlegal/jurisprudencia/analisis/G__Jurisp.%20Junio%202014_SENTENCIA%20C-554%20DE%202007.docx HTTP/1.1" 404 1038
18.138.84.30 - - [23/Jul/2023:18:10:02 -0500] "GET /transparencia/General%20Asignado/? HTTP/1.1" 200 43229
172.22.2.4 - - [23/Jul/2023:18:10:44 -0500] "HEAD /BLA/boletinlegal/ HTTP/1.1" 200 -
172.22.2.4 - - [23/Jul/2023:18:11:35 -0500] "GET /BLA/boletinlegal/ HTTP/1.1" 200 54942
216.245.221.92 - - [23/Jul/2023:18:13:27 -0500] "HEAD / HTTP/1.1" 200 -
66.249.70.196 - - [23/Jul/2023:18:13:33 -0500] "-" 408 -
201.245.192.253 - - [23/Jul/2023:18:14:03 -0500] "POST /kwsrmcab/Wsrmcab  HTTP/1.1" 200 42133
191.156.56.226 - - [23/Jul/2023:18:14:16 -0500] "GET /calidad-del-aire-distrito-avanza-unido-por-un-nuevo-aire.html?utm_source=Meta_DIGI&utm_medium=CPMa&utm_campaign=Aire&utm_id=Julio_2023&fbclid=IwAR2bvzRmwAw8Q4-mQSBg-rSv3feYGsyeGueR84pLO6s4nw2Fo8HjMeD61EM_aem_AXzygKkkkgeDuMqfjJ3bLo3OOQAGMAaU4pMvEAs89ZLFfOVQBZzojn8NXpB_j8dqpaKhQUfdsAkE7NwQ0gQg-tnM HTTP/1.1" 200 783
172.22.2.4 - - [23/Jul/2023:18:14:12 -0500] "GET /BLA/boletinlegal/ HTTP/1.1" 200 60612
207.46.13.217 - - [23/Jul/2023:18:15:53 -0500] "GET /Publicaciones/2023EE115950.pdf HTTP/1.1" 404 228
172.22.2.4 - - [23/Jul/2023:18:16:04 -0500] "GET /BLA/boletinlegal/js/jquery.js HTTP/1.1" 200 57254
172.22.2.4 - - [23/Jul/2023:18:16:08 -0500] "GET /BLA/boletinlegal/style.css HTTP/1.1" 200 9406
172.22.2.4 - - [23/Jul/2023:18:16:13 -0500] "GET /BLA/boletinlegal/js/jquery.scrollShow.js HTTP/1.1" 200 4586
172.22.2.4 - - [23/Jul/2023:18:16:13 -0500] "GET /BLA/boletinlegal/js/jquery.scrollTo-min.js HTTP/1.1" 200 1150
172.22.2.4 - - [23/Jul/2023:18:16:13 -0500] "GET /BLA/boletinlegal/styles2.css HTTP/1.1" 200 1838
216.245.221.92 - - [23/Jul/2023:18:18:27 -0500] "HEAD / HTTP/1.1" 200 -
200.119.59.132 - - [23/Jul/2023:18:19:00 -0500] "GET /BLA/resoluciones/index.php?dir=RESOLUCIONES+2014%2F HTTP/1.1" 200 334019
181.48.255.70 - - [23/Jul/2023:18:19:02 -0500] "GET /BLA/resoluciones/index.php?dir=RESOLUCIONES+2014%2F HTTP/1.1" 200 334019
181.48.255.70 - - [23/Jul/2023:18:19:02 -0500] "GET /BLA/resoluciones/dlf/styles.css HTTP/1.1" 200 3049
181.48.255.70 - - [23/Jul/2023:18:19:02 -0500] "GET /BLA/resoluciones/dlf/dirup.png HTTP/1.1" 200 644
181.48.255.70 - - [23/Jul/2023:18:19:03 -0500] "GET /BLA/resoluciones/dlf/pdf.gif HTTP/1.1" 200 272
181.48.255.70 - - [23/Jul/2023:18:19:03 -0500] "GET /BLA/resoluciones/dlf/unknown.png HTTP/1.1" 200 266
181.48.255.70 - - [23/Jul/2023:18:19:03 -0500] "GET /BLA/resoluciones/dlf/bg.gif HTTP/1.1" 200 54
200.119.59.132 - - [23/Jul/2023:18:19:04 -0500] "GET /BLA/resoluciones/dlf/unknown.png HTTP/1.1" 200 266
201.245.192.253 - - [23/Jul/2023:18:19:02 -0500] "POST /kwsrmcab/Wsrmcab  HTTP/1.1" 200 42133
172.22.2.4 - - [23/Jul/2023:18:17:25 -0500] "GET /BLA/boletinlegal/ HTTP/1.1" 200 60185
200.119.59.132 - - [23/Jul/2023:18:19:32 -0500] "GET /BLA/resoluciones/index.php?dir=AUTOS+2014%2F HTTP/1.1" 200 890362
200.119.59.132 - - [23/Jul/2023:18:19:49 -0500] "GET /BLA/resoluciones/index.php?dir=AUTOS+2014%2F HTTP/1.1" 200 890362
201.245.192.253 - - [23/Jul/2023:18:20:30 -0500] "POST /kwsrmcab/Wsrmcab HTTP/1.1" 200 43656
186.82.9.72 - - [23/Jul/2023:18:22:20 -0500] "GET /calidad-del-aire-distrito-avanza-unido-por-un-nuevo-aire.html?utm_source=Meta_DIGI&utm_medium=CPMa&utm_campaign=Aire&utm_id=Julio_2023&gclid=EAIaIQobChMIgPbpk_ylgAMVl-vnAx0XXwP4EAEYASAAEgL9I_D_BwE HTTP/1.1" 200 783
172.22.2.4 - - [23/Jul/2023:18:22:48 -0500] "GET /BLA/boletinlegal/sftp-config.json HTTP/1.1" 404 1038
172.22.2.4 - - [23/Jul/2023:18:22:49 -0500] "GET /BLA/boletinlegal/.vscode/sftp.json HTTP/1.1" 404 1038
216.245.221.92 - - [23/Jul/2023:18:23:27 -0500] "HEAD / HTTP/1.1" 200 -
172.22.2.4 - - [23/Jul/2023:18:22:24 -0500] "HEAD /BLA/boletinlegal/ HTTP/1.1" 200 -
165.1.173.142 - - [23/Jul/2023:18:24:47 -0500] "GET /siipev/Diseno%20de%20Elementos%20de%20Mobiliario%20Urbano/Diseno%20pertenecientes%20al%20mobiliario%20urbano%20M10-M160/Infografia/Parte1/M-10.png HTTP/1.1" 304 -
172.22.2.4 - - [23/Jul/2023:18:23:15 -0500] "GET /BLA/boletinlegal/ HTTP/1.1" 200 56452
65.154.226.169 - - [23/Jul/2023:18:25:12 -0500] "GET /siipev/diseno%20de%20elementos%20de%20mobiliario%20urbano/diseno%20pertenecientes%20al%20mobiliario%20urbano%20m10-m160/infografia/parte1/m-10.png HTTP/1.1" 200 11175
201.245.192.253 - - [23/Jul/2023:18:25:10 -0500] "POST /kwsrmcab/Wsrmcab  HTTP/1.1" 200 42133
191.156.57.115 - - [23/Jul/2023:18:25:43 -0500] "GET /calidad-del-aire-distrito-avanza-unido-por-un-nuevo-aire.html?utm_source=Meta_DIGI&utm_medium=CPMa&utm_campaign=Aire&utm_id=Julio_2023&gclid=EAIaIQobChMIk7Hw8PylgAMVLSmtBh2K0Qq4EAEYASAAEgKPCPD_BwE HTTP/1.1" 200 783
66.249.70.196 - - [23/Jul/2023:18:26:05 -0500] "-" 408 -
201.245.192.253 - - [23/Jul/2023:18:26:11 -0500] "POST /kwsrmcab/Wsrmcab  HTTP/1.1" 200 42133
191.156.154.38 - - [23/Jul/2023:18:27:54 -0500] "-" 408 -
191.156.154.8 - - [23/Jul/2023:18:27:56 -0500] "-" 408 -
179.33.114.248 - - [23/Jul/2023:18:28:23 -0500] "GET /calidad-del-aire-distrito-avanza-unido-por-un-nuevo-aire.html?utm_source=Meta_DIGI&utm_medium=CPMa&utm_campaign=Aire&utm_id=Julio_2023&gclid=EAIaIQobChMI4Y-IwP2lgAMVbQdECB1upQQaEAEYASAAEgLzWfD_BwE HTTP/1.1" 200 783
179.33.114.248 - - [23/Jul/2023:18:28:26 -0500] "GET /favicon.ico HTTP/1.1" 404 1690
216.245.221.92 - - [23/Jul/2023:18:28:27 -0500] "HEAD / HTTP/1.1" 200 -
186.102.97.34 - - [23/Jul/2023:18:28:29 -0500] "GET /calidad-del-aire-distrito-avanza-unido-por-un-nuevo-aire.html?utm_source=Meta_DIGI&utm_medium=CPMa&utm_campaign=Aire&utm_id=Julio_2023&gclid=EAIaIQobChMIw5HExv2lgAMVGd8oBR1wGwHLEAEYASAAEgICBvD_BwE HTTP/1.1" 200 783
186.102.97.34 - - [23/Jul/2023:18:28:29 -0500] "GET /calidad-del-aire-distrito-avanza-unido-por-un-nuevo-aire.html?utm_source=Meta_DIGI&utm_medium=CPMa&utm_campaign=Aire&utm_id=Julio_2023&gclid=EAIaIQobChMIw5HExv2lgAMVGd8oBR1wGwHLEAEYASAAEgICBvD_BwE HTTP/1.1" 200 783
186.102.97.34 - - [23/Jul/2023:18:28:30 -0500] "GET /favicon.ico HTTP/1.1" 404 1690
201.243.144.147 - - [23/Jul/2023:18:28:57 -0500] "GET /galeria/galeria/jquery.fancybox.css?v=2.1.5 HTTP/1.1" 200 4895
201.243.144.147 - - [23/Jul/2023:18:28:57 -0500] "GET /BLA/boletinlegal/js/jquery.scrollShow.js HTTP/1.1" 200 4586
201.243.144.147 - - [23/Jul/2023:18:28:57 -0500] "GET /galeria/galeria/jquery.fancybox.js?v=2.1.5 HTTP/1.1" 200 48706
64.124.8.52 - - [23/Jul/2023:18:29:29 -0500] "GET /transparencia/financiera/Desagregado%20con%20modificaciones HTTP/1.1" 404 1018
172.22.2.4 - - [23/Jul/2023:18:28:14 -0500] "HEAD /BLA/boletinlegal/ HTTP/1.1" 200 -
172.22.2.4 - - [23/Jul/2023:18:30:09 -0500] "POST /BLA/boletinlegal/Autodiscover/Autodiscover.xml HTTP/1.1" 404 1018
201.245.192.253 - - [23/Jul/2023:18:30:30 -0500] "POST /kwsrmcab/Wsrmcab HTTP/1.1" 200 43656
172.22.2.4 - - [23/Jul/2023:18:29:05 -0500] "GET /BLA/boletinlegal/ HTTP/1.1" 200 55739
186.28.82.128 - - [23/Jul/2023:18:30:52 -0500] "GET /calidad-del-aire-distrito-avanza-unido-por-un-nuevo-aire.html?utm_source=Meta_DIGI&utm_medium=CPMa&utm_campaign=Aire&utm_id=Julio_2023&gclid=EAIaIQobChMIk4SG-f2lgAMVHt8oBR2NmgyREAEYASAAEgK0K_D_BwE HTTP/1.1" 200 783
186.28.82.128 - - [23/Jul/2023:18:30:52 -0500] "GET /favicon.ico HTTP/1.1" 404 1690
207.46.13.217 - - [23/Jul/2023:18:30:55 -0500] "GET /galeria/galeria/fotos/Entrenube2G.jpg HTTP/1.1" 200 111422
201.245.192.253 - - [23/Jul/2023:18:31:10 -0500] "POST /kwsrmcab/Wsrmcab  HTTP/1.1" 200 42133
186.154.124.159 - - [23/Jul/2023:18:31:34 -0500] "GET /BLA/resoluciones/index.php?dir=RESOLUCIONES+2021%2F HTTP/1.1" 200 441520
181.130.49.149 - - [23/Jul/2023:18:32:26 -0500] "GET /calidad-del-aire-distrito-avanza-unido-por-un-nuevo-aire.html?utm_source=Meta_DIGI&utm_medium=CPMa&utm_campaign=Aire&utm_id=Julio_2023&gclid=EAIaIQobChMIr8fIsf6lgAMVnZlkCh38zg8QEAEYASAAEgI0ivD_BwE HTTP/1.1" 200 783
186.154.124.159 - - [23/Jul/2023:18:33:16 -0500] "GET /BLA/resoluciones/index.php?dir=RESOLUCIONES+2018%2F HTTP/1.1" 200 275687
216.245.221.92 - - [23/Jul/2023:18:33:27 -0500] "HEAD / HTTP/1.1" 200 -
186.154.124.159 - - [23/Jul/2023:18:33:34 -0500] "GET /BLA/resoluciones/RESOLUCIONES%202018/4019.pdf HTTP/1.1" 200 621258
64.124.8.59 - - [23/Jul/2023:18:34:19 -0500] "GET /portaldeninos/2021/06/11/festival-de-la-colombiodiversidad-resalta-la-importancia-de-la-tingua-en-su-paso-migratorio-por-bogota-2/ HTTP/1.1" 200 106247
172.22.2.4 - - [23/Jul/2023:18:32:50 -0500] "GET /BLA/boletinlegal/ HTTP/1.1" 200 56452
190.69.226.112 - - [23/Jul/2023:18:34:49 -0500] "GET /calidad-del-aire-distrito-avanza-unido-por-un-nuevo-aire.html?utm_source=Meta_DIGI&utm_medium=CPMa&utm_campaign=Aire&utm_id=Julio_2023&gclid=EAIaIQobChMIiO25-f6lgAMV4wF2Bh2rNgXYEAEYASAAEgJsh_D_BwE HTTP/1.1" 200 783
172.22.2.4 - - [23/Jul/2023:18:34:54 -0500] "GET /BLA/boletinlegal/conceptos/2021/14.pdf HTTP/1.1" 200 417432
191.156.181.211 - - [23/Jul/2023:18:34:55 -0500] "GET /calidad-del-aire-distrito-avanza-unido-por-un-nuevo-aire.html?utm_source=Meta_DIGI&utm_medium=CPMa&utm_campaign=Aire&utm_id=Julio_2023&gclid=EAIaIQobChMIhpK0-v6lgAMVS4JiCh2DbwoxEAEYASAAEgJ3RfD_BwE HTTP/1.1" 200 783
172.22.2.4 - - [23/Jul/2023:18:34:58 -0500] "GET /BLA/boletinlegal/conceptos/2021/14.pdf HTTP/1.1" 200 417432
172.22.2.4 - - [23/Jul/2023:18:34:04 -0500] "HEAD /BLA/boletinlegal/ HTTP/1.1" 200 -
64.124.8.52 - - [23/Jul/2023:18:36:08 -0500] "GET /galeria/nivo-slider/demo/inicio800.html HTTP/1.1" 304 -
172.22.2.4 - - [23/Jul/2023:18:34:55 -0500] "GET /BLA/boletinlegal/ HTTP/1.1" 200 56452
172.22.2.4 - - [23/Jul/2023:18:36:44 -0500] "GET /BLA/boletinlegal/Circulares/2019/.pdf HTTP/1.1" 404 1218
165.1.173.142 - - [23/Jul/2023:18:36:59 -0500] "GET /galeria/nivo-slider/demo/images/bannerdesarrollo2020.jpg HTTP/1.1" 304 -
66.249.66.193 - - [23/Jul/2023:18:37:12 -0500] "GET /distrito-anuncia-areas-potenciales-para-la-creacion-de-21-bosques-urbanos-y-avanza-en-la-meta-de-sembrar-802-000-arboles.html HTTP/1.1" 200 928
201.245.192.253 - - [23/Jul/2023:18:37:16 -0500] "POST /kwsrmcab/Wsrmcab  HTTP/1.1" 200 42133
201.245.192.253 - - [23/Jul/2023:18:38:18 -0500] "POST /kwsrmcab/Wsrmcab  HTTP/1.1" 200 42133
216.245.221.92 - - [23/Jul/2023:18:38:27 -0500] "HEAD / HTTP/1.1" 200 -
201.245.56.195 - - [23/Jul/2023:18:38:39 -0500] "GET /calidad-del-aire-distrito-avanza-unido-por-un-nuevo-aire.html?utm_source=Meta_DIGI&utm_medium=CPMa&utm_campaign=Aire&utm_id=Julio_2023&gclid=EAIaIQobChMIn4Ty5v-lgAMV0JKnCh2oNQnXEAEYASAAEgKKJPD_BwE HTTP/1.1" 200 783
200.118.60.161 - - [23/Jul/2023:18:39:09 -0500] "GET /calidad-del-aire-distrito-avanza-unido-por-un-nuevo-aire.html?utm_source=Meta_DIGI&utm_medium=CPMa&utm_campaign=Aire&utm_id=Julio_2023&gclid=EAIaIQobChMIop2z9v-lgAMVWw12Bh3RPwy1EAEYASAAEgKO__D_BwE HTTP/1.1" 200 783
205.210.31.88 - - [23/Jul/2023:18:40:26 -0500] "GET / HTTP/1.0" 200 319
201.245.192.253 - - [23/Jul/2023:18:40:30 -0500] "POST /kwsrmcab/Wsrmcab HTTP/1.1" 200 43656
178.51.174.27 - - [23/Jul/2023:18:40:37 -0500] "GET /BLA/resoluciones/RESOLUCIONES%202010/7871.pdf HTTP/1.1" 200 1165549
178.51.174.27 - - [23/Jul/2023:18:40:41 -0500] "GET /favicon.ico HTTP/1.1" 200 7782
157.55.39.216 - - [23/Jul/2023:18:42:01 -0500] "GET /BLA/resoluciones/index.php?dir=RESOLUCIONES+2018%2F HTTP/1.1" 200 275687
157.55.39.216 - - [23/Jul/2023:18:42:20 -0500] "GET /BLA/resoluciones/dlf/styles.css HTTP/1.1" 200 3049
201.245.192.253 - - [23/Jul/2023:18:43:17 -0500] "POST /kwsrmcab/Wsrmcab  HTTP/1.1" 200 42133
172.22.2.4 - - [23/Jul/2023:18:43:24 -0500] "GET /BLA/boletinlegal/robots.txt HTTP/1.1" 404 1038
172.22.2.4 - - [23/Jul/2023:18:43:24 -0500] "GET /BLA/boletinlegal/Circulares/2015/Circular%20No.%201%20del%2010%20de%20Febrero%20de%202015.pdf HTTP/1.1" 304 -
172.22.2.4 - - [23/Jul/2023:18:42:04 -0500] "GET /BLA/boletinlegal/ HTTP/1.1" 200 60612
191.156.182.224 - - [23/Jul/2023:18:44:08 -0500] "GET /calidad-del-aire-distrito-avanza-unido-por-un-nuevo-aire.html?utm_source=Meta_DIGI&utm_medium=CPMa&utm_campaign=Aire&utm_id=Julio_2023&gclid=EAIaIQobChMImZHWhIGmgAMVkQtiCh1pxQBTEAEYASAAEgL9EfD_BwE HTTP/1.1" 200 783
191.156.232.167 - - [23/Jul/2023:18:44:14 -0500] "GET /calidad-del-aire-distrito-avanza-unido-por-un-nuevo-aire.html?utm_source=Meta_DIGI&utm_medium=CPMa&utm_campaign=Aire&utm_id=Julio_2023&fbclid=IwAR3zKexf6c0hGdRvzzi7Tk2mhWZV3mPz7-q8qs8BjgYJ2Yu1QBQP4USDlDA_aem_AXyhOOUag00aJ6cKElgKM3n0UrQNKHCMoWjdPexAKa73qJZ9tj9iNC02DsGvVCkQpwsHfJ7KSm0YW0edv2OgMnjL HTTP/1.1" 200 783
216.245.221.92 - - [23/Jul/2023:18:44:17 -0500] "GET / HTTP/1.1" 200 319
136.243.228.197 - - [23/Jul/2023:18:44:59 -0500] "GET /BLA/normatividad.php?ordenar=mas HTTP/1.1" 404 1018
172.22.2.4 - - [23/Jul/2023:18:45:02 -0500] "GET /BLA/boletinlegal/Directivas/2011/Directiva%20No.%206%20del%208%20de%20Septiembre%20de%202011.pdf HTTP/1.1" 304 -
191.156.63.171 - - [23/Jul/2023:18:46:10 -0500] "GET /calidad-del-aire-distrito-avanza-unido-por-un-nuevo-aire.html?utm_source=Meta_DIGI&utm_medium=CPMa&utm_campaign=Aire&utm_id=Julio_2023&gclid=EAIaIQobChMIyOLttYGmgAMVyCatBh3VMwTJEAEYASAAEgJnYvD_BwE HTTP/1.1" 200 783
191.156.63.171 - - [23/Jul/2023:18:46:15 -0500] "GET /favicon.ico HTTP/1.1" 404 1690
34.173.251.116 - - [23/Jul/2023:18:47:15 -0500] "GET /BLA/boletinlegal/images/green-yellow-blue-pink-th.png HTTP/1.1" 200 7394
207.46.13.217 - - [23/Jul/2023:18:47:26 -0500] "GET /BLA/resoluciones/AUTOS%202012/2317.pdf HTTP/1.1" 200 622898
173.252.107.4 - - [23/Jul/2023:18:47:31 -0500] "GET /asi-las-mujeres-que-reverdecen-cuidan-los-arboles-para-la-restauracion-ecologica-de-bogota.html HTTP/1.1" 200 911
190.26.55.30 - - [23/Jul/2023:18:47:33 -0500] "GET /calidad-del-aire-distrito-avanza-unido-por-un-nuevo-aire.html?utm_source=Meta_DIGI&utm_medium=CPMa&utm_campaign=Aire&utm_id=Julio_2023&gclid=EAIaIQobChMImcTc5YGmgAMVh7_sCh3f8QSdEAEYASAAEgIrzPD_BwE HTTP/1.1" 200 783
190.145.240.152 - - [23/Jul/2023:18:47:34 -0500] "GET /calidad-del-aire-distrito-avanza-unido-por-un-nuevo-aire.html?utm_source=Meta_DIGI&utm_medium=CPMa&utm_campaign=Aire&utm_id=Julio_2023&gclid=EAIaIQobChMI9Kb25oGmgAMVCcpkCh1B3gW6EAEYASAAEgJs3_D_BwE HTTP/1.1" 200 783
190.26.55.30 - - [23/Jul/2023:18:47:36 -0500] "GET /favicon.ico HTTP/1.1" 404 1690
35.203.211.169 - - [23/Jul/2023:18:47:41 -0500] "GET / HTTP/1.1" 200 319
191.156.58.7 - - [23/Jul/2023:18:48:17 -0500] "GET /calidad-del-aire-distrito-avanza-unido-por-un-nuevo-aire.html?utm_source=Meta_DIGI&utm_medium=CPMa&utm_campaign=Aire&utm_id=Julio_2023&gclid=EAIaIQobChMIiMr084GmgAMVzt7nAx10rApDEAEYASAAEgJ6RfD_BwE HTTP/1.1" 200 783
201.245.192.253 - - [23/Jul/2023:18:48:15 -0500] "POST /kwsrmcab/Wsrmcab  HTTP/1.1" 200 42133
186.83.184.19 - - [23/Jul/2023:18:49:15 -0500] "GET /galeria/galeria/jquery.fancybox.css?v=2.1.5 HTTP/1.1" 200 4895
186.83.184.19 - - [23/Jul/2023:18:49:15 -0500] "GET /BLA/boletinlegal/js/jquery.scrollShow.js HTTP/1.1" 200 4586
186.83.184.19 - - [23/Jul/2023:18:49:16 -0500] "GET /galeria/galeria/jquery.fancybox.js?v=2.1.5 HTTP/1.1" 200 48706
216.245.221.92 - - [23/Jul/2023:18:49:17 -0500] "HEAD / HTTP/1.1" 200 -
191.156.51.88 - - [23/Jul/2023:18:49:38 -0500] "GET /calidad-del-aire-distrito-avanza-unido-por-un-nuevo-aire.html?utm_source=Meta_DIGI&utm_medium=CPMa&utm_campaign=Aire&utm_id=Julio_2023&gclid=EAIaIQobChMI_OeYnYKmgAMVwRatBh0dKgO3EAEYASAAEgLLIvD_BwE HTTP/1.1" 200 783
200.118.61.93 - - [23/Jul/2023:18:50:17 -0500] "GET /calidad-del-aire-distrito-avanza-unido-por-un-nuevo-aire.html?utm_source=Meta_DIGI&utm_medium=CPMa&utm_campaign=Aire&utm_id=Julio_2023&gclid=EAIaIQobChMI6MTtpoKmgAMVwt8oBR0C_wrcEAEYASAAEgKE6PD_BwE HTTP/1.1" 200 783
191.156.53.25 - - [23/Jul/2023:18:50:44 -0500] "GET /calidad-del-aire-distrito-avanza-unido-por-un-nuevo-aire.html?utm_source=Meta_DIGI&utm_medium=CPMa&utm_campaign=Aire&utm_id=Julio_2023&gclid=EAIaIQobChMI87aN0oGmgAMVJzfBCh09HgjCEAEYASAAEgIQVPD_BwE HTTP/1.1" 200 783
172.22.2.4 - - [23/Jul/2023:18:51:21 -0500] "GET /BLA/boletinlegal/actos.php HTTP/1.1" 200 9682
186.155.12.211 - - [23/Jul/2023:18:51:24 -0500] "GET /BLA/resoluciones/ HTTP/1.1" 200 13502
186.155.12.211 - - [23/Jul/2023:18:51:39 -0500] "GET /BLA/resoluciones/index.php?dir=AUTOS+2023%2F HTTP/1.1" 200 176769
172.22.2.4 - - [23/Jul/2023:18:51:45 -0500] "GET /BLA/boletinlegal/actos.php HTTP/1.1" 200 9682
181.59.3.42 - - [23/Jul/2023:18:51:47 -0500] "GET /BLA/resoluciones/ HTTP/1.1" 200 13502
181.59.3.42 - - [23/Jul/2023:18:51:50 -0500] "GET /favicon.ico HTTP/1.1" 200 7782
172.22.2.4 - - [23/Jul/2023:18:51:51 -0500] "GET /BLA/boletinlegal/favicon.ico HTTP/1.1" 404 1326
181.59.3.42 - - [23/Jul/2023:18:51:51 -0500] "GET /BLA/resoluciones/index.php?dir=AUTOS+2023%2F HTTP/1.1" 200 176769
172.22.2.4 - - [23/Jul/2023:18:51:20 -0500] "GET /BLA/boletinlegal/ HTTP/1.1" 200 24523
190.27.150.70 - - [23/Jul/2023:18:52:07 -0500] "GET /calidad-del-aire-distrito-avanza-unido-por-un-nuevo-aire.html?utm_source=Meta_DIGI&utm_medium=CPMa&utm_campaign=Aire&utm_id=Julio_2023&gclid=EAIaIQobChMI8_XI5oKmgAMVG_z9BR3WMQzQEAEYASAAEgL5kPD_BwE HTTP/1.1" 200 783
172.22.2.4 - - [23/Jul/2023:18:52:47 -0500] "GET /BLA/boletinlegal/.svn/wc.db HTTP/1.1" 404 1043
172.22.2.4 - - [23/Jul/2023:18:53:12 -0500] "GET /BLA/boletinlegal/favicon.ico HTTP/1.1" 404 1018
186.102.77.11 - - [23/Jul/2023:18:53:15 -0500] "GET /calidad-del-aire-distrito-avanza-unido-por-un-nuevo-aire.html?utm_source=Meta_DIGI&utm_medium=CPMa&utm_campaign=Aire&utm_id=Julio_2023&fbclid=IwAR21ylINMnAzxySOpMB5zaOPvehr0i52elYPX29a9_GEaOx9YpXJFIQX1Hw_aem_AXzROhz0po1MgKokoIQwJevKgJuGACoFON7JwrYfH9dfniceZGusvIPioNfIdEXZZkvtCKBRm0vPFvDskvVlilnN HTTP/1.1" 200 783
201.245.192.253 - - [23/Jul/2023:18:53:14 -0500] "POST /kwsrmcab/Wsrmcab  HTTP/1.1" 200 42133
172.22.2.4 - - [23/Jul/2023:18:52:56 -0500] "GET /BLA/boletinlegal/ HTTP/1.1" 200 20427
172.22.2.4 - - [23/Jul/2023:18:52:57 -0500] "GET /BLA/boletinlegal/ HTTP/1.1" 200 32715
172.22.2.4 - - [23/Jul/2023:18:52:26 -0500] "GET /BLA/boletinlegal/ HTTP/1.1" 200 49659
191.156.176.51 - - [23/Jul/2023:18:54:08 -0500] "GET /calidad-del-aire-distrito-avanza-unido-por-un-nuevo-aire.html?utm_source=Meta_DIGI&utm_medium=CPMa&utm_campaign=Aire&utm_id=Julio_2023&gclid=EAIaIQobChMIrurjooOmgAMVQoanCh1BgArNEAEYASAAEgK4U_D_BwE HTTP/1.1" 200 783
216.245.221.92 - - [23/Jul/2023:18:54:17 -0500] "HEAD / HTTP/1.1" 200 -
64.124.8.59 - - [23/Jul/2023:18:55:10 -0500] "-" 408 -
181.78.11.220 - - [23/Jul/2023:18:55:45 -0500] "GET /calidad-del-aire-distrito-avanza-unido-por-un-nuevo-aire.html?utm_source=Meta_DIGI&utm_medium=CPMa&utm_campaign=Aire&utm_id=Julio_2023&gclid=EAIaIQobChMI49T5z4OmgAMVSo3uAR3jfggdEAEYASAAEgJCNvD_BwE HTTP/1.1" 200 783
172.22.2.4 - - [23/Jul/2023:18:55:56 -0500] "GET /BLA/boletinlegal/jurisprudencia/analisis/AnalisisT-606-15.docx HTTP/1.1" 200 26698
181.78.11.220 - - [23/Jul/2023:18:56:33 -0500] "GET /calidad-del-aire-distrito-avanza-unido-por-un-nuevo-aire.html?utm_source=Meta_DIGI&utm_medium=CPMa&utm_campaign=Aire&utm_id=Julio_2023&gclid=EAIaIQobChMIs8iZ5IOmgAMVjoWnCh3TvAjMEAEYASAAEgIpx_D_BwE HTTP/1.1" 200 783
179.1.129.6 - - [23/Jul/2023:18:57:41 -0500] "GET /calidad-del-aire-distrito-avanza-unido-por-un-nuevo-aire.html?utm_source=Meta_DIGI&utm_medium=CPMa&utm_campaign=Aire&utm_id=Julio_2023&gclid=EAIaIQobChMIxayHh4SmgAMVW9C4CB2oJA8VEAEYASAAEgIzmfD_BwE HTTP/1.1" 200 783
181.58.60.135 - - [23/Jul/2023:18:57:44 -0500] "GET /BLA/resoluciones/ HTTP/1.1" 200 12235
181.58.60.135 - - [23/Jul/2023:18:57:46 -0500] "GET /BLA/resoluciones/index.php?dir=AUTOS+2014%2F HTTP/1.1" 200 890362
181.58.60.135 - - [23/Jul/2023:18:57:56 -0500] "GET /BLA/resoluciones/AUTOS%202014/5463.pdf HTTP/1.1" 200 507776
181.58.60.135 - - [23/Jul/2023:18:57:56 -0500] "GET /BLA/resoluciones/AUTOS%202014/5463.pdf HTTP/1.1" 200 507776
173.252.107.116 - - [23/Jul/2023:18:58:06 -0500] "GET /para-prevenir-riesgo-sobre-la-ciudadania-distrito-intervendra-eucalipto-de-gran-porte-en-usaquen.html HTTP/1.1" 200 841
64.124.8.52 - - [23/Jul/2023:18:58:08 -0500] "GET /galeria/nivo-slider/demo/demo.html HTTP/1.1" 404 1018
201.245.192.253 - - [23/Jul/2023:18:58:12 -0500] "POST /kwsrmcab/Wsrmcab  HTTP/1.1" 200 42133
172.22.2.4 - - [23/Jul/2023:18:58:45 -0500] "GET /BLA/boletinlegal/conceptos/2021/14.pdf HTTP/1.1" 206 1025
172.22.2.4 - - [23/Jul/2023:18:57:25 -0500] "HEAD /BLA/boletinlegal/ HTTP/1.1" 200 -
216.245.221.92 - - [23/Jul/2023:18:59:17 -0500] "HEAD / HTTP/1.1" 200 -
31.13.103.10 - - [23/Jul/2023:18:59:41 -0500] "GET /calidad-del-aire-distrito-avanza-unido-por-un-nuevo-aire.html?utm_id=Julio_2023 HTTP/1.1" 200 783
172.22.2.4 - - [23/Jul/2023:18:58:16 -0500] "GET /BLA/boletinlegal/ HTTP/1.1" 200 56100
181.50.144.99 - - [23/Jul/2023:19:00:04 -0500] "GET /calidad-del-aire-distrito-avanza-unido-por-un-nuevo-aire.html?utm_source=Meta_DIGI&utm_medium=CPMa&utm_campaign=Aire&utm_id=Julio_2023&gclid=EAIaIQobChMIt9aWy4SmgAMVo-vnAx009gkQEAEYASAAEgI21vD_BwE HTTP/1.1" 200 783
191.156.144.179 - - [23/Jul/2023:19:00:21 -0500] "GET /calidad-del-aire-distrito-avanza-unido-por-un-nuevo-aire.html?utm_source=Meta_DIGI&utm_medium=CPMa&utm_campaign=Aire&utm_id=Julio_2023&fbclid=IwAR3GU4p9pVTa8SCebWQ33VsqbhsXBiMx_rFIuvgPdybpIqAL2_xIlrfA79g_aem_AXzPQT15wLg1TO5tCYbGbg9AqwhYLnuNcvMjc61m1aMPUPTuPiXTFX9Tvr6pIxjOjs7L0CoemQoUQ59sVAkR3fAd HTTP/1.1" 200 783
64.124.8.52 - - [23/Jul/2023:19:00:28 -0500] "GET /isolucionsda/%22./Content/%22./Content/font-awesome.min.css%22 HTTP/1.1" 404 4954
172.22.2.4 - - [23/Jul/2023:19:00:44 -0500] "GET /BLA/boletinlegal/conceptos/2021/14.pdf HTTP/1.1" 200 417432
207.46.13.217 - - [23/Jul/2023:19:01:00 -0500] "GET /BLA/resoluciones/AUTOS%202021/2158.pdf HTTP/1.1" 304 -
181.237.249.38 - - [23/Jul/2023:19:01:27 -0500] "GET /BLA/resoluciones/index.php?dir=RESOLUCIONES+2018%2F HTTP/1.1" 200 275687
181.237.249.38 - - [23/Jul/2023:19:01:52 -0500] "GET /BLA/resoluciones/index.php?dir=RESOLUCIONES+2018%2F HTTP/1.1" 200 275687
201.245.192.253 - - [23/Jul/2023:19:03:11 -0500] "POST /kwsrmcab/Wsrmcab  HTTP/1.1" 200 42133
66.249.70.197 - - [23/Jul/2023:19:03:46 -0500] "-" 408 -
216.245.221.92 - - [23/Jul/2023:19:04:17 -0500] "HEAD / HTTP/1.1" 200 -
172.22.2.4 - - [23/Jul/2023:19:04:10 -0500] "GET /BLA/boletinlegal/ HTTP/1.1" 200 20427
181.53.12.217 - - [23/Jul/2023:19:04:46 -0500] "GET /calidad-del-aire-distrito-avanza-unido-por-un-nuevo-aire.html?utm_source=Meta_DIGI&utm_medium=CPMa&utm_campaign=Aire&utm_id=Julio_2023&fbclid=IwAR2A7Mtd_WA9dn6nVBmRi_rih323JxDWScpl10Ncb_q1PDETKDNsp_Y09vE_aem_AXyzATniWRe_7ZE_En87NHG5dhmU0772FCvlXZ6v5TMiSYOAgCr-6U6dBIplz3265xRsYVZ0Wnuc0d5dhp_G2CH9 HTTP/1.1" 200 783
64.124.8.52 - - [23/Jul/2023:19:04:55 -0500] "-" 408 -
64.124.8.23 - - [23/Jul/2023:19:05:10 -0500] "-" 408 -
172.22.2.4 - - [23/Jul/2023:19:05:24 -0500] "GET /BLA/boletinlegal/actos.php HTTP/1.1" 200 9682
172.22.2.4 - - [23/Jul/2023:19:05:24 -0500] "GET /BLA/boletinlegal/favicon.ico HTTP/1.1" 404 1326
172.22.2.4 - - [23/Jul/2023:19:05:25 -0500] "GET /BLA/boletinlegal/actos.php HTTP/1.1" 200 9682
186.80.52.205 - - [23/Jul/2023:19:05:27 -0500] "GET /BLA/resoluciones/ HTTP/1.1" 200 13502
186.80.52.205 - - [23/Jul/2023:19:05:36 -0500] "GET /BLA/resoluciones/index.php?dir=AUTOS+2023%2F HTTP/1.1" 200 176769
186.80.52.205 - - [23/Jul/2023:19:05:47 -0500] "GET /BLA/resoluciones/AUTOS%202023/1075.pdf HTTP/1.1" 200 415367
191.95.62.134 - - [23/Jul/2023:19:06:01 -0500] "GET /calidad-del-aire-distrito-avanza-unido-por-un-nuevo-aire.html?utm_source=Meta_DIGI&utm_medium=CPMa&utm_campaign=Aire&utm_id=Julio_2023&gclid=EAIaIQobChMI_Zqy4IWmgAMVCxGhCh0VaA8-EAEYASAAEgKApPD_BwE HTTP/1.1" 200 783
186.29.180.37 - - [23/Jul/2023:19:06:28 -0500] "GET /calidad-del-aire-distrito-avanza-unido-por-un-nuevo-aire.html?utm_source=Meta_DIGI&utm_medium=CPMa&utm_campaign=Aire&utm_id=Julio_2023&fbclid=IwAR2VWaZlLzs7aKnLTh-38s4CePkISwWmK2aEdSJMaT4McV5zVbBO7wgBpqk_aem_AXzNrO5EM3NSpiZjIj-eAZ_wlsXOMYpr_EbkORgvd-2x0ZAtKu9bCjKWpJFlQaKC4kqBfQHt0wuu9RdeYJUNZMO0 HTTP/1.1" 200 783
172.22.2.4 - - [23/Jul/2023:19:05:06 -0500] "GET /BLA/boletinlegal/ HTTP/1.1" 200 42626
172.22.2.4 - - [23/Jul/2023:19:05:25 -0500] "GET /BLA/boletinlegal/ HTTP/1.1" 200 44583
172.22.2.4 - - [23/Jul/2023:19:05:26 -0500] "GET /BLA/boletinlegal/ HTTP/1.1" 200 40894
64.124.8.52 - - [23/Jul/2023:19:07:47 -0500] "-" 408 -
186.102.89.186 - - [23/Jul/2023:19:07:56 -0500] "GET /calidad-del-aire-distrito-avanza-unido-por-un-nuevo-aire.html?utm_source=Meta_DIGI&utm_medium=CPMa&utm_campaign=Aire&utm_id=Julio_2023&gclid=EAIaIQobChMIpKnqr4amgAMVXQj5AB3euwhtEAEYASAAEgIGPPD_BwE HTTP/1.1" 200 783
201.245.192.253 - - [23/Jul/2023:19:08:09 -0500] "POST /kwsrmcab/Wsrmcab  HTTP/1.1" 200 42133
64.124.8.23 - - [23/Jul/2023:19:08:21 -0500] "-" 408 -
64.124.8.59 - - [23/Jul/2023:19:08:56 -0500] "-" 408 -
216.245.221.92 - - [23/Jul/2023:19:09:17 -0500] "HEAD / HTTP/1.1" 200 -
191.156.190.7 - - [23/Jul/2023:19:10:13 -0500] "GET /calidad-del-aire-distrito-avanza-unido-por-un-nuevo-aire.html?utm_source=Meta_DIGI&utm_medium=CPMa&utm_campaign=Aire&utm_id=Julio_2023&gclid=EAIaIQobChMI0ubu6oamgAMVgQdECB1U_AhnEAEYASAAEgJrNfD_BwE HTTP/1.1" 200 783
64.124.8.52 - - [23/Jul/2023:19:11:41 -0500] "GET /transparencia/financiera/Desagregado%20con%20modificaciones/Vigencia%20actual/1%20Modificaciones%20presupuestales%20enero%202023.xlsx HTTP/1.1" 404 1018
64.124.8.23 - - [23/Jul/2023:19:12:32 -0500] "GET /BLA/boletinlegal/jurisprudencia/analisis/analisis%20sentencia%20C-1007-2011-1.doc HTTP/1.1" 304 -
64.124.8.52 - - [23/Jul/2023:19:12:48 -0500] "-" 408 -
201.245.192.253 - - [23/Jul/2023:19:13:08 -0500] "POST /kwsrmcab/Wsrmcab  HTTP/1.1" 200 42133
181.55.68.11 - - [23/Jul/2023:19:13:20 -0500] "GET /catalogoisis/ HTTP/1.1" 200 8575
181.55.68.11 - - [23/Jul/2023:19:13:20 -0500] "GET /catalogoisis/Css/Busqueda.css HTTP/1.1" 200 1995
181.55.68.11 - - [23/Jul/2023:19:13:20 -0500] "GET /catalogoisis/Js/AceptarLimpiar.js HTTP/1.1" 200 331
181.55.68.11 - - [23/Jul/2023:19:13:20 -0500] "GET /catalogoisis/Js/CriterioCombinada.js HTTP/1.1" 200 1843
181.55.68.11 - - [23/Jul/2023:19:13:20 -0500] "GET /catalogoisis/Js/Remote.js HTTP/1.1" 200 436
181.55.68.11 - - [23/Jul/2023:19:13:20 -0500] "GET /catalogoisis/Js/LimpiarCombinada.js HTTP/1.1" 200 207
