191.111.8.165 - - [23/Jul/2023:15:18:02 -0500] "GET /calidad-del-aire-distrito-avanza-unido-por-un-nuevo-aire.html?utm_source=Meta_DIGI&utm_medium=CPMa&utm_campaign=Aire&utm_id=Julio_2023&gclid=EAIaIQobChMImaWN-tKlgAMV7-X9BR0s2gPvEAEYASAAEgLqD_D_BwE HTTP/1.1" 200 783
173.252.95.118 - - [23/Jul/2023:15:18:03 -0500] "GET /a-partir-de-manana-1-de-febrero-cambia-el-modelo-de-manejo-de-residuos-hospitalarios-en-bogota.html HTTP/1.1" 200 1044
173.252.95.12 - - [23/Jul/2023:15:18:03 -0500] "GET /a-partir-de-manana-1-de-febrero-cambia-el-modelo-de-manejo-de-residuos-hospitalarios-en-bogota.html HTTP/1.1" 200 1044
69.63.184.116 - - [23/Jul/2023:15:18:05 -0500] "GET /images/pieza-residuos-31-enero.jpg HTTP/1.1" 200 47280
173.252.95.3 - - [23/Jul/2023:15:18:58 -0500] "GET /secretaria-de-ambiente-abre-inscripciones-para-la-ruta-de-emprendimiento-verde-2022.html HTTP/1.1" 200 902
201.245.192.253 - - [23/Jul/2023:15:19:31 -0500] "POST /kwsrmcab/Wsrmcab HTTP/1.1" 200 43201
201.245.192.253 - - [23/Jul/2023:15:19:34 -0500] "POST /kwsrmcab/Wsrmcab HTTP/1.1" 200 43657
186.114.248.59 - - [23/Jul/2023:15:19:58 -0500] "GET /BLA/resoluciones/index.php?dir= HTTP/1.1" 200 13502
186.114.248.59 - - [23/Jul/2023:15:20:00 -0500] "GET /BLA/resoluciones/index.php?dir=AUTOS+2017%2F HTTP/1.1" 200 469951
216.245.221.92 - - [23/Jul/2023:15:20:08 -0500] "HEAD / HTTP/1.1" 200 -
186.114.248.59 - - [23/Jul/2023:15:20:10 -0500] "GET /BLA/resoluciones/AUTOS%202017/0817.pdf HTTP/1.1" 200 325616
201.221.172.111 - - [23/Jul/2023:15:20:20 -0500] "GET /calidad-del-aire-distrito-avanza-unido-por-un-nuevo-aire.html?utm_source=Meta_DIGI&utm_medium=CPMa&utm_campaign=Aire&utm_id=Julio_2023&gclid=EAIaIQobChMI3pyfvNOlgAMVQ8z9BR1-ygHPEAEYASAAEgJ_IPD_BwE HTTP/1.1" 200 783
173.252.95.117 - - [23/Jul/2023:15:20:26 -0500] "GET /secretaria-de-ambiente-abre-convocatoria-para-que-empresas-de-bogota-sean-mas-sostenibles.html HTTP/1.1" 200 907
173.252.95.8 - - [23/Jul/2023:15:20:27 -0500] "GET /negocios-verdes-verificados-por-la-secretaria-de-ambiente-participaran-en-bioexpo-2021.html HTTP/1.1" 200 978
179.33.68.94 - - [23/Jul/2023:15:20:42 -0500] "GET /calidad-del-aire-distrito-avanza-unido-por-un-nuevo-aire.html?utm_source=Meta_DIGI&utm_medium=CPMa&utm_campaign=Aire&utm_id=Julio_2023&gclid=EAIaIQobChMI2uu5ytOlgAMVSevnAx0KJwRDEAEYASAAEgLKYPD_BwE HTTP/1.1" 200 783
52.167.144.147 - - [23/Jul/2023:15:21:22 -0500] "GET /Publicaciones/2023EE139029.pdf HTTP/1.1" 404 228
186.102.90.184 - - [23/Jul/2023:15:22:21 -0500] "GET /calidad-del-aire-distrito-avanza-unido-por-un-nuevo-aire.html?utm_source=Meta_DIGI&utm_medium=CPMa&utm_campaign=Aire&utm_id=Julio_2023&gclid=EAIaIQobChMI_rCZ-NOlgAMVhJ_sCh0nkw9JEAEYASAAEgLkvfD_BwE HTTP/1.1" 200 783
201.245.192.253 - - [23/Jul/2023:15:22:48 -0500] "POST /kwsrmcab/Wsrmcab  HTTP/1.1" 200 42133
191.156.181.211 - - [23/Jul/2023:15:23:13 -0500] "GET /calidad-del-aire-distrito-avanza-unido-por-un-nuevo-aire.html?utm_source=Meta_DIGI&utm_medium=CPMa&utm_campaign=Aire&utm_id=Julio_2023&gclid=EAIaIQobChMI2cneitSlgAMVSgL5AB2w_Q4yEAEYASAAEgLVl_D_BwE HTTP/1.1" 200 783
201.245.192.253 - - [23/Jul/2023:15:23:50 -0500] "POST /kwsrmcab/Wsrmcab  HTTP/1.1" 200 42133
186.84.91.34 - - [23/Jul/2023:15:24:37 -0500] "GET /calidad-del-aire-distrito-avanza-unido-por-un-nuevo-aire.html?utm_source=Meta_DIGI&utm_medium=CPMa&utm_campaign=Aire&utm_id=Julio_2023&gclid=EAIaIQobChMIm9HJsdSlgAMVeC6tBh2uXwEYEAEYASAAEgKLAvD_BwE HTTP/1.1" 200 783
172.22.2.4 - - [23/Jul/2023:15:22:58 -0500] "GET /BLA/boletinlegal/ HTTP/1.1" 200 60612
216.245.221.92 - - [23/Jul/2023:15:25:08 -0500] "HEAD / HTTP/1.1" 200 -
161.18.155.86 - - [23/Jul/2023:15:26:43 -0500] "GET /calidad-del-aire-distrito-avanza-unido-por-un-nuevo-aire.html?utm_source=Meta_DIGI&utm_medium=CPMa&utm_campaign=Aire&utm_id=Julio_2023&gclid=EAIaIQobChMI0LeX7tSlgAMVgg92Bh3xoAe9EAEYASAAEgJa7_D_BwE HTTP/1.1" 200 783
186.102.31.101 - - [23/Jul/2023:15:27:43 -0500] "GET /calidad-del-aire-distrito-avanza-unido-por-un-nuevo-aire.html?utm_source=Meta_DIGI&utm_medium=CPMa&utm_campaign=Aire&utm_id=Julio_2023&gclid=EAIaIQobChMIyMD0j9WlgAMVpBt2Bh1o6QQeEAEYASAAEgIckPD_BwE HTTP/1.1" 200 783
173.252.95.4 - - [23/Jul/2023:15:28:00 -0500] "GET /mujeres-que-reverdecen-y-sistema-de-cuidado-ejemplo-de-que-ambiente-y-cuidado-trabajan-juntos.html HTTP/1.1" 200 893
201.245.192.253 - - [23/Jul/2023:15:28:48 -0500] "POST /kwsrmcab/Wsrmcab  HTTP/1.1" 200 42133
87.236.176.57 - - [23/Jul/2023:15:29:13 -0500] "GET /portaldeninos/ HTTP/1.1" 200 110197
201.245.192.253 - - [23/Jul/2023:15:29:30 -0500] "POST /kwsrmcab/Wsrmcab HTTP/1.1" 200 43201
172.22.2.4 - - [23/Jul/2023:15:27:58 -0500] "HEAD /BLA/boletinlegal/ HTTP/1.1" 200 -
216.245.221.92 - - [23/Jul/2023:15:30:07 -0500] "HEAD / HTTP/1.1" 200 -
172.22.2.4 - - [23/Jul/2023:15:28:48 -0500] "GET /BLA/boletinlegal/ HTTP/1.1" 200 56100
66.249.70.197 - - [23/Jul/2023:15:31:54 -0500] "-" 408 -
201.245.192.253 - - [23/Jul/2023:15:33:48 -0500] "POST /kwsrmcab/Wsrmcab  HTTP/1.1" 200 42133
181.136.65.243 - - [23/Jul/2023:15:34:00 -0500] "GET /calidad-del-aire-distrito-avanza-unido-por-un-nuevo-aire.html?utm_source=Meta_DIGI&utm_medium=CPMa&utm_campaign=Aire&utm_id=Julio_2023&gclid=Cj0KCQjwn_OlBhDhARIsAG2y6zPMaK7nIyD-5h-dflzdSxxlEBkhxgMBgU3UWgI-ACEFb-_R6d2CPYoaAjyGEALw_wcB HTTP/1.1" 200 783
186.84.89.45 - - [23/Jul/2023:15:34:22 -0500] "GET /calidad-del-aire-distrito-avanza-unido-por-un-nuevo-aire.html?utm_source=Meta_DIGI&utm_medium=CPMa&utm_campaign=Aire&utm_id=Julio_2023&gclid=EAIaIQobChMIgMfczNalgAMVk-f9BR1OaQ2WEAEYASAAEgKDOvD_BwE HTTP/1.1" 200 783
172.22.2.4 - - [23/Jul/2023:15:33:06 -0500] "GET /BLA/boletinlegal/ HTTP/1.1" 200 56100
216.245.221.92 - - [23/Jul/2023:15:35:08 -0500] "HEAD / HTTP/1.1" 200 -
190.145.240.52 - - [23/Jul/2023:15:35:27 -0500] "GET /calidad-del-aire-distrito-avanza-unido-por-un-nuevo-aire.html?utm_source=Meta_DIGI&utm_medium=CPMa&utm_campaign=Aire&utm_id=Julio_2023&gclid=EAIaIQobChMItIjO6dalgAMVPRGtBh1Idwq4EAEYASAAEgLPGfD_BwE HTTP/1.1" 200 783
172.22.2.4 - - [23/Jul/2023:15:33:48 -0500] "HEAD /BLA/boletinlegal/ HTTP/1.1" 200 -
172.22.2.4 - - [23/Jul/2023:15:37:00 -0500] "GET /BLA/boletinlegal/Circulares/2019/.pdf HTTP/1.1" 404 1218
157.55.39.216 - - [23/Jul/2023:15:37:02 -0500] "GET /galeria/carrusel/Carrusel/jquery.thumbnailScroller.js HTTP/1.1" 200 8157
52.167.144.147 - - [23/Jul/2023:15:37:12 -0500] "GET /galeria/carrusel/Carrusel/jquery-ui-1.8.13.custom.min.js HTTP/1.1" 200 10800
52.167.144.147 - - [23/Jul/2023:15:37:12 -0500] "GET /galeria/carrusel/Carrusel/jquery.thumbnailScroller.css HTTP/1.1" 200 2066
52.167.144.147 - - [23/Jul/2023:15:37:12 -0500] "GET /galeria/nivo-slider/demo/banner.html HTTP/1.1" 200 5446
172.22.2.4 - - [23/Jul/2023:15:36:02 -0500] "GET /BLA/boletinlegal/ HTTP/1.1" 200 50801
172.22.2.4 - - [23/Jul/2023:15:36:02 -0500] "GET /BLA/boletinlegal/ HTTP/1.1" 200 50283
201.245.192.253 - - [23/Jul/2023:15:38:46 -0500] "POST /kwsrmcab/Wsrmcab  HTTP/1.1" 200 42133
173.252.107.4 - - [23/Jul/2023:15:39:20 -0500] "GET /galeria/galeria/fotos/Humedal-Tibanica1G.jpg HTTP/1.1" 200 541579
172.22.2.4 - - [23/Jul/2023:15:40:07 -0500] "GET /BLA/boletinlegal/jurisprudencia.php HTTP/1.1" 200 17583
216.245.221.92 - - [23/Jul/2023:15:40:08 -0500] "HEAD / HTTP/1.1" 200 -
172.22.2.4 - - [23/Jul/2023:15:40:29 -0500] "GET /BLA/boletinlegal/js/popup.js HTTP/1.1" 200 1270
201.245.192.253 - - [23/Jul/2023:15:40:30 -0500] "POST /kwsrmcab/Wsrmcab HTTP/1.1" 200 43657
172.22.2.4 - - [23/Jul/2023:15:41:33 -0500] "GET /BLA/boletinlegal/owa/auth/logon.aspx?url=https%3a%2f%2f1%2fecp%2f HTTP/1.1" 404 1018
80.66.88.215 - - [23/Jul/2023:15:43:01 -0500] "\x03" 400 226
157.55.39.216 - - [23/Jul/2023:15:43:43 -0500] "GET /BLA/resoluciones/AUTOS%202019/1789.pdf HTTP/1.1" 200 248748
165.1.173.142 - - [23/Jul/2023:15:43:56 -0500] "GET /siipev/Diseno%20de%20Elementos%20de%20Mobiliario%20Urbano/Diseno%20pertenecientes%20al%20mobiliario%20urbano%20M10-M160/Infografia/Parte1/M-160.png HTTP/1.1" 304 -
65.154.226.166 - - [23/Jul/2023:15:44:02 -0500] "GET /siipev/diseno%20de%20elementos%20de%20mobiliario%20urbano/diseno%20pertenecientes%20al%20mobiliario%20urbano%20m10-m160/infografia/parte1/m-160.png HTTP/1.1" 200 7332
191.156.176.61 - - [23/Jul/2023:15:44:23 -0500] "GET /calidad-del-aire-distrito-avanza-unido-por-un-nuevo-aire.html?utm_source=Meta_DIGI&utm_medium=CPMa&utm_campaign=Aire&utm_id=Julio_2023&fbclid=IwAR0t3456XWTA_mewwYJmL-A_KkKEtiAOZN9GwqPWeKK5xsqkN4GDfCwrSUQ_aem_AXyDuL5SS2WvRFT6kBbIxLCieK7srHs2TkNoY4OhTnnzn2WbkMNy_VYXLjo87ifCtMtNd222qUIZ2ZZH6MHKoyNM HTTP/1.1" 200 783
201.245.192.253 - - [23/Jul/2023:15:44:54 -0500] "POST /kwsrmcab/Wsrmcab  HTTP/1.1" 200 42133
216.245.221.92 - - [23/Jul/2023:15:45:08 -0500] "HEAD / HTTP/1.1" 200 -
201.245.192.253 - - [23/Jul/2023:15:45:56 -0500] "POST /kwsrmcab/Wsrmcab  HTTP/1.1" 200 42133
181.78.11.106 - - [23/Jul/2023:15:46:06 -0500] "GET /calidad-del-aire-distrito-avanza-unido-por-un-nuevo-aire.html?utm_source=Meta_DIGI&utm_medium=CPMa&utm_campaign=Aire&utm_id=Julio_2023&gclid=EAIaIQobChMIgraNm9mlgAMVTYRiCh1dAgTJEAEYASAAEgIDvvD_BwE HTTP/1.1" 200 783
172.22.2.4 - - [23/Jul/2023:15:46:24 -0500] "GET /BLA/boletinlegal/ HTTP/1.1" 200 60612
181.53.12.158 - - [23/Jul/2023:15:49:15 -0500] "GET /calidad-del-aire-distrito-avanza-unido-por-un-nuevo-aire.html?utm_source=Meta_DIGI&utm_medium=CPMa&utm_campaign=Aire&utm_id=Julio_2023&gclid=EAIaIQobChMIgqSG89mlgAMVYwH5AB32XgpMEAEYASAAEgIbc_D_BwE HTTP/1.1" 200 783
216.245.221.92 - - [23/Jul/2023:15:50:07 -0500] "HEAD / HTTP/1.1" 200 -
201.245.192.253 - - [23/Jul/2023:15:50:55 -0500] "POST /kwsrmcab/Wsrmcab  HTTP/1.1" 200 42133
172.22.2.4 - - [23/Jul/2023:15:51:39 -0500] "GET /BLA/boletinlegal/OA_CGI/FNDWRR.exe HTTP/1.1" 404 1018
172.22.2.4 - - [23/Jul/2023:15:51:40 -0500] "POST /BLA/boletinlegal/OA_HTML/BneViewerXMLService?bne:uueupload=TRUE HTTP/1.1" 404 1018
191.156.56.100 - - [23/Jul/2023:15:52:13 -0500] "GET /calidad-del-aire-distrito-avanza-unido-por-un-nuevo-aire.html?utm_source=Meta_DIGI&utm_medium=CPMa&utm_campaign=Aire&utm_id=Julio_2023&gclid=EAIaIQobChMIrIq-ytqlgAMVLtT9BR2gkQTMEAEYASAAEgKLH_D_BwE HTTP/1.1" 200 783
40.77.190.6 - - [23/Jul/2023:15:53:01 -0500] "GET /galeria/nivo-slider/themes/default/default.css HTTP/1.1" 200 1569
40.77.190.6 - - [23/Jul/2023:15:53:01 -0500] "GET /galeria/nivo-slider/nivo-slider.css HTTP/1.1" 200 1507
40.77.188.107 - - [23/Jul/2023:15:53:01 -0500] "GET /galeria/nivo-slider/themes/orman/orman.css HTTP/1.1" 200 2152
40.77.190.27 - - [23/Jul/2023:15:53:01 -0500] "GET /galeria/nivo-slider/themes/pascal/pascal.css HTTP/1.1" 200 2258
40.77.190.245 - - [23/Jul/2023:15:53:01 -0500] "GET /galeria/nivo-slider/demo/style.css HTTP/1.1" 200 2222
40.77.188.148 - - [23/Jul/2023:15:53:01 -0500] "GET /galeria/nivo-slider/demo/scripts/jquery-1.7.1.min.js HTTP/1.1" 200 93868
40.77.189.154 - - [23/Jul/2023:15:53:01 -0500] "GET /galeria/nivo-slider/jquery.nivo.slider.pack.js HTTP/1.1" 200 11561
172.22.2.4 - - [23/Jul/2023:15:51:23 -0500] "HEAD /BLA/boletinlegal/ HTTP/1.1" 200 -
179.19.221.186 - - [23/Jul/2023:15:53:33 -0500] "GET /calidad-del-aire-distrito-avanza-unido-por-un-nuevo-aire.html?utm_source=Meta_DIGI&utm_medium=CPMa&utm_campaign=Aire&utm_id=Julio_2023&fbclid=IwAR0EYwDgLv9ujXsQUCRSix22iq5TctuVdb0JanM-vFhZUbW0FBLXh1edZHA_aem_AXzL8s_ceJOHcF8_rxt1tBgStvhFwWyELfWMK3taBwYcUyWH8yE7y5QXzxPnzfCzyRB-v6MAvH_oWIMclQf10Ih1 HTTP/1.1" 200 783
172.22.2.4 - - [23/Jul/2023:15:52:13 -0500] "GET /BLA/boletinlegal/ HTTP/1.1" 200 55337
216.245.221.92 - - [23/Jul/2023:15:55:07 -0500] "HEAD / HTTP/1.1" 200 -
186.102.40.61 - - [23/Jul/2023:15:55:15 -0500] "GET /calidad-del-aire-distrito-avanza-unido-por-un-nuevo-aire.html?utm_source=Meta_DIGI&utm_medium=CPMa&utm_campaign=Aire&utm_id=Julio_2023&fbclid=IwAR24jyI4obrDFesov2Xk-JZasVzQHHihJa9S6gSn8qz2CpUf1-pknFvU_yU_aem_AXxC_Wc_8bdCgKbfEetL32ANy5Ul8W6Bkrb4gLHi07x6GqcOioT04P-DQ3U7TrhyhAeihhbyuPAbO6ec_L60WwEO HTTP/1.1" 200 783
201.245.192.253 - - [23/Jul/2023:15:55:53 -0500] "POST /kwsrmcab/Wsrmcab  HTTP/1.1" 200 42133
172.22.2.4 - - [23/Jul/2023:15:55:57 -0500] "GET /BLA/boletinlegal/actos.php HTTP/1.1" 200 9682
172.22.2.4 - - [23/Jul/2023:15:55:58 -0500] "GET /BLA/boletinlegal/styles2.css HTTP/1.1" 200 1838
172.22.2.4 - - [23/Jul/2023:15:55:58 -0500] "GET /BLA/boletinlegal/js/ajax_actos.js HTTP/1.1" 200 1322
172.22.2.4 - - [23/Jul/2023:15:55:58 -0500] "GET /BLA/boletinlegal/niceforms-default.css HTTP/1.1" 200 6694
172.22.2.4 - - [23/Jul/2023:15:55:58 -0500] "GET /BLA/boletinlegal/style.css HTTP/1.1" 200 9406
172.22.2.4 - - [23/Jul/2023:15:55:58 -0500] "GET /BLA/boletinlegal/js/popup.js HTTP/1.1" 200 1270
172.22.2.4 - - [23/Jul/2023:15:55:58 -0500] "GET /BLA/boletinlegal/niceforms.js HTTP/1.1" 200 22876
172.22.2.4 - - [23/Jul/2023:15:55:58 -0500] "GET /BLA/boletinlegal/js/jquery1.js HTTP/1.1" 200 29846
172.22.2.4 - - [23/Jul/2023:15:55:59 -0500] "GET /BLA/boletinlegal/images/cabezote%20BLEGAL.jpg HTTP/1.1" 200 118164
172.22.2.4 - - [23/Jul/2023:15:55:59 -0500] "GET /BLA/boletinlegal/images/subscribe-icon-big.png HTTP/1.1" 200 47702
172.22.2.4 - - [23/Jul/2023:15:55:59 -0500] "GET /BLA/boletinlegal/images/historia.png HTTP/1.1" 200 52775
172.22.2.4 - - [23/Jul/2023:15:55:59 -0500] "GET /BLA/boletinlegal/images/registro-usuarios.png HTTP/1.1" 200 8106
172.22.2.4 - - [23/Jul/2023:15:55:59 -0500] "GET /BLA/boletinlegal/images/green-yellow-blue-pink-th.png HTTP/1.1" 200 7394
172.22.2.4 - - [23/Jul/2023:15:56:00 -0500] "GET /BLA/boletinlegal/images/tel.png HTTP/1.1" 200 14477
172.22.2.4 - - [23/Jul/2023:15:56:00 -0500] "GET /BLA/boletinlegal/images/icono-email.png HTTP/1.1" 200 5544
35.224.237.47 - - [23/Jul/2023:15:57:04 -0500] "GET /BLA/boletinlegal/images/tel.png HTTP/1.1" 200 14477
172.22.2.4 - - [23/Jul/2023:15:58:19 -0500] "GET /BLA/boletinlegal/actos.php HTTP/1.1" 200 9682
172.22.2.4 - - [23/Jul/2023:15:58:19 -0500] "GET /BLA/boletinlegal/js/lib.js HTTP/1.1" 200 6474
172.22.2.4 - - [23/Jul/2023:15:58:19 -0500] "GET /BLA/boletinlegal/images/body_bg.jpg HTTP/1.1" 200 1601
172.22.2.4 - - [23/Jul/2023:15:58:19 -0500] "GET /BLA/boletinlegal/images/menu_lft.gif HTTP/1.1" 200 1713
172.22.2.4 - - [23/Jul/2023:15:58:19 -0500] "GET /BLA/boletinlegal/images/footer_bg.jpg HTTP/1.1" 200 586
172.22.2.4 - - [23/Jul/2023:15:58:19 -0500] "GET /BLA/boletinlegal/images/text.jpg HTTP/1.1" 200 568
172.22.2.4 - - [23/Jul/2023:15:58:19 -0500] "GET /BLA/boletinlegal/images/menu_bg.jpg HTTP/1.1" 200 620
172.22.2.4 - - [23/Jul/2023:15:58:19 -0500] "GET /BLA/boletinlegal/images/footer_bg_l.jpg HTTP/1.1" 200 776
172.22.2.4 - - [23/Jul/2023:15:58:19 -0500] "GET /BLA/boletinlegal/images/menu_rght.gif HTTP/1.1" 200 1627
172.22.2.4 - - [23/Jul/2023:15:58:19 -0500] "GET /BLA/boletinlegal/images/hover.jpg HTTP/1.1" 200 640
172.22.2.4 - - [23/Jul/2023:15:58:29 -0500] "GET /BLA/boletinlegal/consulta_actos.php?tipo=resoluciones&no=&usuario=Instituto%20de%20desarrollo%20urbano&sector=&fecha=2023&resuelve= HTTP/1.1" 200 31659
172.22.2.4 - - [23/Jul/2023:15:57:13 -0500] "HEAD /BLA/boletinlegal/ HTTP/1.1" 200 -
172.22.2.4 - - [23/Jul/2023:15:58:53 -0500] "GET /BLA/boletinlegal/consulta_actos.php?tipo=resoluciones&no=&usuario=Instituto%20de%20desarrollo%20urbano&sector=&fecha=2023&resuelve= HTTP/1.1" 200 31659
172.22.2.4 - - [23/Jul/2023:15:58:56 -0500] "GET /BLA/boletinlegal/consulta_actos.php?tipo=resoluciones&no=&usuario=Instituto%20de%20desarrollo%20urbano&sector=&fecha=2023&resuelve= HTTP/1.1" 200 31659
172.22.2.4 - - [23/Jul/2023:15:59:09 -0500] "GET /BLA/boletinlegal/consulta_actos.php?tipo=resoluciones&no=&usuario=Instituto%20de%20desarrollo%20urbano&sector=&fecha=2023&resuelve= HTTP/1.1" 200 31659
191.95.60.215 - - [23/Jul/2023:15:59:10 -0500] "GET /BLA/resoluciones/dlf/styles.css HTTP/1.1" 200 3049
191.95.60.215 - - [23/Jul/2023:15:59:09 -0500] "GET /BLA/resoluciones/ HTTP/1.1" 200 13502
191.95.60.215 - - [23/Jul/2023:15:59:10 -0500] "GET /BLA/resoluciones/dlf/folder.png HTTP/1.1" 200 410
191.95.60.215 - - [23/Jul/2023:15:59:10 -0500] "GET /BLA/resoluciones/dlf/bg.gif HTTP/1.1" 200 54
191.95.60.215 - - [23/Jul/2023:15:59:10 -0500] "GET /favicon.ico HTTP/1.1" 200 7782
191.95.60.215 - - [23/Jul/2023:15:59:16 -0500] "GET /BLA/resoluciones/index.php?dir=RESOLUCIONES+2023%2F HTTP/1.1" 200 45246
191.95.60.215 - - [23/Jul/2023:15:59:16 -0500] "GET /BLA/resoluciones/dlf/dirup.png HTTP/1.1" 200 644
191.95.60.215 - - [23/Jul/2023:15:59:16 -0500] "GET /BLA/resoluciones/dlf/pdf.gif HTTP/1.1" 200 272
172.22.2.4 - - [23/Jul/2023:15:59:22 -0500] "GET /BLA/boletinlegal/consulta_actos.php?tipo=resoluciones&no=&usuario=Instituto%20de%20desarrollo%20urbano&sector=&fecha=2023&resuelve= HTTP/1.1" 200 31659
172.22.2.4 - - [23/Jul/2023:15:59:29 -0500] "GET /BLA/boletinlegal/consulta_actos.php?tipo=resoluciones&no=&usuario=Instituto%20de%20desarrollo%20urbano&sector=&fecha=2023&resuelve= HTTP/1.1" 200 31659
172.22.2.4 - - [23/Jul/2023:15:59:48 -0500] "GET /BLA/boletinlegal/consulta_actos.php?tipo=resoluciones&no=&usuario=Instituto%20de%20desarrollo%20urbano&sector=&fecha=2023&resuelve= HTTP/1.1" 200 31659
172.22.2.4 - - [23/Jul/2023:15:59:48 -0500] "GET /BLA/boletinlegal/images/pdf.gif HTTP/1.1" 200 567
181.237.249.38 - - [23/Jul/2023:15:59:57 -0500] "GET /BLA/resoluciones/index.php?dir=RESOLUCIONES+2017%2F HTTP/1.1" 200 286151
191.156.176.61 - - [23/Jul/2023:16:00:00 -0500] "GET /calidad-del-aire-distrito-avanza-unido-por-un-nuevo-aire.html?utm_source=Meta_DIGI&utm_medium=CPMa&utm_campaign=Aire&utm_id=Julio_2023&gclid=EAIaIQobChMInP-2qdylgAMVkccoBR2RJAGNEAEYASAAEgKlV_D_BwE HTTP/1.1" 200 783
207.46.13.217 - - [23/Jul/2023:16:00:01 -0500] "GET /forest/ HTTP/1.1" 200 12041
216.245.221.92 - - [23/Jul/2023:16:00:07 -0500] "HEAD / HTTP/1.1" 200 -
191.95.60.215 - - [23/Jul/2023:16:00:09 -0500] "GET /BLA/resoluciones/ HTTP/1.1" 200 13502
191.95.60.215 - - [23/Jul/2023:16:00:12 -0500] "GET /BLA/resoluciones/index.php?dir=RESOLUCIONES+2022%2F HTTP/1.1" 200 311612
191.95.60.215 - - [23/Jul/2023:16:00:17 -0500] "GET /BLA/resoluciones/index.php?dir=RESOLUCIONES+2023%2F HTTP/1.1" 200 45246
172.22.2.4 - - [23/Jul/2023:16:00:30 -0500] "GET /BLA/boletinlegal/img/0.png HTTP/1.1" 200 110
172.22.2.4 - - [23/Jul/2023:16:00:30 -0500] "GET /BLA/boletinlegal/img/select-left.png HTTP/1.1" 200 263
172.22.2.4 - - [23/Jul/2023:16:00:30 -0500] "GET /BLA/boletinlegal/img/button.png HTTP/1.1" 200 43241
172.22.2.4 - - [23/Jul/2023:16:00:31 -0500] "GET /BLA/boletinlegal/img/button-left.png HTTP/1.1" 200 57071
172.22.2.4 - - [23/Jul/2023:16:00:31 -0500] "GET /BLA/boletinlegal/img/button-right.png HTTP/1.1" 200 57878
172.22.2.4 - - [23/Jul/2023:16:00:31 -0500] "GET /BLA/boletinlegal/favicon.ico HTTP/1.1" 404 1326
191.95.60.215 - - [23/Jul/2023:16:00:41 -0500] "GET /BLA/resoluciones/index.php?dir=Notificaciones%2F HTTP/1.1" 200 11439
191.95.60.215 - - [23/Jul/2023:16:00:53 -0500] "GET /BLA/resoluciones/index.php?dir=Notificaciones%2FRESOLUCIONES+2023%2F HTTP/1.1" 200 9760
201.245.192.253 - - [23/Jul/2023:16:00:52 -0500] "POST /kwsrmcab/Wsrmcab  HTTP/1.1" 200 42133
191.95.60.215 - - [23/Jul/2023:16:00:58 -0500] "GET /BLA/resoluciones/Notificaciones/RESOLUCIONES%202023/5234.pdf HTTP/1.1" 200 415128
191.95.60.215 - - [23/Jul/2023:16:01:01 -0500] "GET /BLA/resoluciones/Notificaciones/RESOLUCIONES%202023/1075.pdf HTTP/1.1" 200 353754
52.167.144.147 - - [23/Jul/2023:16:01:06 -0500] "GET /BLA/resoluciones/AUTOS%202019/5168.pdf HTTP/1.1" 200 279772
172.22.2.4 - - [23/Jul/2023:15:59:32 -0500] "GET /BLA/boletinlegal/ HTTP/1.1" 200 60612
191.95.165.14 - - [23/Jul/2023:16:01:17 -0500] "GET /calidad-del-aire-distrito-avanza-unido-por-un-nuevo-aire.html?utm_source=Meta_DIGI&utm_medium=CPMa&utm_campaign=Aire&utm_id=Julio_2023&gclid=Cj0KCQjwn_OlBhDhARIsAG2y6zN9DvqcjCO0HARX5remhQ6PTm8hSO_Mmdzd33HxSBYyTDiFVCC00sIaAl6KEALw_wcB HTTP/1.1" 200 783
191.95.60.215 - - [23/Jul/2023:16:01:17 -0500] "GET /BLA/resoluciones/Notificaciones/RESOLUCIONES%202023/814.pdf HTTP/1.1" 200 1198128
66.249.83.2 - - [23/Jul/2023:16:01:22 -0500] "GET /calidad-del-aire-distrito-avanza-unido-por-un-nuevo-aire.html?utm_source=Meta_DIGI&utm_medium=CPMa&utm_campaign=Aire&utm_id=Julio_2023&gclid=Cj0KCQjwn_OlBhDhARIsAG2y6zN9DvqcjCO0HARX5remhQ6PTm8hSO_Mmdzd33HxSBYyTDiFVCC00sIaAl6KEALw_wcB HTTP/1.1" 200 783
66.249.83.2 - - [23/Jul/2023:16:01:22 -0500] "GET /calidad-del-aire-distrito-avanza-unido-por-un-nuevo-aire.html?utm_source=Meta_DIGI&utm_medium=CPMa&utm_campaign=Aire&utm_id=Julio_2023&gclid=Cj0KCQjwn_OlBhDhARIsAG2y6zN9DvqcjCO0HARX5remhQ6PTm8hSO_Mmdzd33HxSBYyTDiFVCC00sIaAl6KEALw_wcB HTTP/1.1" 200 783
66.249.83.2 - - [23/Jul/2023:16:01:22 -0500] "GET /calidad-del-aire-distrito-avanza-unido-por-un-nuevo-aire.html?utm_source=Meta_DIGI&utm_medium=CPMa&utm_campaign=Aire&utm_id=Julio_2023&gclid=Cj0KCQjwn_OlBhDhARIsAG2y6zN9DvqcjCO0HARX5remhQ6PTm8hSO_Mmdzd33HxSBYyTDiFVCC00sIaAl6KEALw_wcB HTTP/1.1" 200 783
191.95.63.172 - - [23/Jul/2023:16:01:32 -0500] "GET /calidad-del-aire-distrito-avanza-unido-por-un-nuevo-aire.html?utm_source=Meta_DIGI&utm_medium=CPMa&utm_campaign=Aire&utm_id=Julio_2023&gclid=EAIaIQobChMIquXh2NylgAMVwf7nAx3DKgHiEAEYASAAEgJ8X_D_BwE HTTP/1.1" 200 783
191.95.60.215 - - [23/Jul/2023:16:01:41 -0500] "GET /BLA/resoluciones/Notificaciones/RESOLUCIONES%202023/0265.pdf HTTP/1.1" 200 9378471
191.95.60.215 - - [23/Jul/2023:16:01:41 -0500] "GET /BLA/resoluciones/Notificaciones/RESOLUCIONES%202023/0265.pdf HTTP/1.1" 206 6252314
191.95.60.215 - - [23/Jul/2023:16:01:41 -0500] "GET /BLA/resoluciones/Notificaciones/RESOLUCIONES%202023/0265.pdf HTTP/1.1" 206 3126157
191.156.182.224 - - [23/Jul/2023:16:04:24 -0500] "GET /calidad-del-aire-distrito-avanza-unido-por-un-nuevo-aire.html?utm_source=Meta_DIGI&utm_medium=CPMa&utm_campaign=Aire&utm_id=Julio_2023&gclid=EAIaIQobChMIzZaJqt2lgAMVx4NiCh1YIgk1EAEYASAAEgJaOPD_BwE HTTP/1.1" 200 783
216.245.221.92 - - [23/Jul/2023:16:05:07 -0500] "HEAD / HTTP/1.1" 200 -
201.245.192.253 - - [23/Jul/2023:16:05:51 -0500] "POST /kwsrmcab/Wsrmcab  HTTP/1.1" 200 42133
191.156.176.14 - - [23/Jul/2023:16:06:09 -0500] "GET /calidad-del-aire-distrito-avanza-unido-por-un-nuevo-aire.html?utm_source=Meta_DIGI&utm_medium=CPMa&utm_campaign=Aire&utm_id=Julio_2023&fbclid=IwAR0UH74yEQ1_tVlYcoDzSAImTN4uhNNIGl0J9FnxxXl3uMyrI_LGIEl1DAQ_aem_AXwTAr7DHgxvJCJ-LxDeomi6t5EjrFavAr3cdbu06pAY_Gh08eAIF6kQYRJCj_zpDObNFO6rrTqPl-5yiOQ4jQ5q HTTP/1.1" 200 783
179.19.170.181 - - [23/Jul/2023:16:07:05 -0500] "GET /calidad-del-aire-distrito-avanza-unido-por-un-nuevo-aire.html?utm_source=Meta_DIGI&utm_medium=CPMa&utm_campaign=Aire&utm_id=Julio_2023&gclid=EAIaIQobChMIm4388t2lgAMVJiH5AB0Fkwc2EAEYASAAEgKrqvD_BwE HTTP/1.1" 200 783
179.19.170.181 - - [23/Jul/2023:16:07:10 -0500] "GET /favicon.ico HTTP/1.1" 404 1690
186.80.52.42 - - [23/Jul/2023:16:09:30 -0500] "GET /calidad-del-aire-distrito-avanza-unido-por-un-nuevo-aire.html?utm_source=Meta_DIGI&utm_medium=CPMa&utm_campaign=Aire&utm_id=Julio_2023&gclid=EAIaIQobChMIrMeNvd6lgAMVS5p_BB31wQvAEAEYASAAEgKs8_D_BwE HTTP/1.1" 200 783
216.245.221.92 - - [23/Jul/2023:16:10:07 -0500] "HEAD / HTTP/1.1" 200 -
186.29.206.235 - - [23/Jul/2023:16:10:12 -0500] "GET /calidad-del-aire-distrito-avanza-unido-por-un-nuevo-aire.html?utm_source=Meta_DIGI&utm_medium=CPMa&utm_campaign=Aire&utm_id=Julio_2023&gclid=EAIaIQobChMIxavyyt6lgAMVFRn5AB1QHAuqEAEYASAAEgJGpfD_BwE HTTP/1.1" 200 783
157.90.244.54 - - [23/Jul/2023:16:10:26 -0500] "GET / HTTP/1.1" 200 319
157.90.244.54 - - [23/Jul/2023:16:10:28 -0500] "GET / HTTP/1.1" 200 4720
201.245.192.253 - - [23/Jul/2023:16:10:49 -0500] "POST /kwsrmcab/Wsrmcab  HTTP/1.1" 200 42133
186.102.77.69 - - [23/Jul/2023:16:11:27 -0500] "GET /calidad-del-aire-distrito-avanza-unido-por-un-nuevo-aire.html?utm_source=Meta_DIGI&utm_medium=CPMa&utm_campaign=Aire&utm_id=Julio_2023&fbclid=IwAR2f0n3aDI8s-zHXMWgN9rOMotYzomdRBnysDZbuqcwW2SlcCjPOoVewAeE_aem_AXxwtNe-HxIeDvCThBuamhzUM21R1PNFq4-HGVUpLt_9M8pQBHydhQsPyAhO3Tune6Nj3O3gEIx32zjQ8IyfJ-GD HTTP/1.1" 200 783
172.22.2.4 - - [23/Jul/2023:16:09:54 -0500] "GET /BLA/boletinlegal/ HTTP/1.1" 200 60612
191.156.177.177 - - [23/Jul/2023:16:14:19 -0500] "GET /calidad-del-aire-distrito-avanza-unido-por-un-nuevo-aire.html?utm_source=Meta_DIGI&utm_medium=CPMa&utm_campaign=Aire&utm_id=Julio_2023&gclid=EAIaIQobChMI28L0v9-lgAMVPKLRBB3BqAziEAEYASAAEgITe_D_BwE HTTP/1.1" 200 783
216.245.221.92 - - [23/Jul/2023:16:15:07 -0500] "HEAD / HTTP/1.1" 200 -
179.19.164.238 - - [23/Jul/2023:16:15:30 -0500] "GET /calidad-del-aire-distrito-avanza-unido-por-un-nuevo-aire.html?utm_source=Meta_DIGI&utm_medium=CPMa&utm_campaign=Aire&utm_id=Julio_2023&gclid=EAIaIQobChMI8Lq839-lgAMV0vSzCh1z4QU1EAEYASAAEgKAivD_BwE HTTP/1.1" 200 783
201.245.192.253 - - [23/Jul/2023:16:15:48 -0500] "POST /kwsrmcab/Wsrmcab  HTTP/1.1" 200 42133
172.22.2.4 - - [23/Jul/2023:16:14:53 -0500] "HEAD /BLA/boletinlegal/ HTTP/1.1" 200 -
172.22.2.4 - - [23/Jul/2023:16:15:44 -0500] "GET /BLA/boletinlegal/ HTTP/1.1" 200 55739
186.102.35.167 - - [23/Jul/2023:16:19:08 -0500] "GET /calidad-del-aire-distrito-avanza-unido-por-un-nuevo-aire.html?utm_source=Meta_DIGI&utm_medium=CPMa&utm_campaign=Aire&utm_id=Julio_2023&gclid=EAIaIQobChMI3dSLy-ClgAMVDvrnAx3CHwXfEAEYASAAEgJNCfD_BwE HTTP/1.1" 200 783
201.245.192.253 - - [23/Jul/2023:16:19:30 -0500] "POST /kwsrmcab/Wsrmcab HTTP/1.1" 200 43044
186.84.21.242 - - [23/Jul/2023:16:19:57 -0500] "GET /calidad-del-aire-distrito-avanza-unido-por-un-nuevo-aire.html?utm_source=Meta_DIGI&utm_medium=CPMa&utm_campaign=Aire&utm_id=Julio_2023&gclid=EAIaIQobChMI46yC6OClgAMVr4h_BB2rngiQEAEYASAAEgIcN_D_BwE HTTP/1.1" 200 783
216.245.221.92 - - [23/Jul/2023:16:20:07 -0500] "HEAD / HTTP/1.1" 200 -
52.167.144.147 - - [23/Jul/2023:16:20:37 -0500] "GET /catalogoisis/ HTTP/1.1" 200 8575
201.245.192.253 - - [23/Jul/2023:16:20:46 -0500] "POST /kwsrmcab/Wsrmcab  HTTP/1.1" 200 42133
191.156.59.255 - - [23/Jul/2023:16:21:00 -0500] "GET /calidad-del-aire-distrito-avanza-unido-por-un-nuevo-aire.html?utm_source=Meta_DIGI&utm_medium=CPMa&utm_campaign=Aire&utm_id=Julio_2023&gclid=EAIaIQobChMIypaFhuGlgAMVtjdECB13eQgqEAEYASAAEgLaVfD_BwE HTTP/1.1" 200 783
190.242.38.82 - - [23/Jul/2023:16:21:08 -0500] "GET /secretaria-de-ambiente-libero-12-animales-silvestres-en-parque-entrenubes-en-los-ultimos-tres-anos-ya-han-retornado-a-la-libertad-12-800.html HTTP/1.1" 200 914
172.22.2.4 - - [23/Jul/2023:16:20:43 -0500] "HEAD /BLA/boletinlegal/ HTTP/1.1" 200 -
191.111.254.163 - - [23/Jul/2023:16:23:14 -0500] "GET /calidad-del-aire-distrito-avanza-unido-por-un-nuevo-aire.html?utm_source=Meta_DIGI&utm_medium=CPMa&utm_campaign=Aire&utm_id=Julio_2023&gclid=EAIaIQobChMIu_nXx-GlgAMVgxKLCh0VxwITEAEYASAAEgJFrvD_BwE HTTP/1.1" 200 783
191.156.56.101 - - [23/Jul/2023:16:23:18 -0500] "GET /calidad-del-aire-distrito-avanza-unido-por-un-nuevo-aire.html?utm_source=Meta_DIGI&utm_medium=CPMa&utm_campaign=Aire&utm_id=Julio_2023&gclid=Cj0KCQjwn_OlBhDhARIsAG2y6zNkmtOqBRybnvjJSJIyIin-eQpouNTdq7Bimy5NW7gvSswGwr0PHOQaAjhkEALw_wcB HTTP/1.1" 200 783
157.55.39.216 - - [23/Jul/2023:16:24:37 -0500] "GET /Publicaciones/2023EE119021.pdf HTTP/1.1" 404 228
216.245.221.92 - - [23/Jul/2023:16:25:07 -0500] "HEAD / HTTP/1.1" 200 -
181.225.96.74 - - [23/Jul/2023:16:25:44 -0500] "GET /appsia/controlador HTTP/1.1" 200 4799
181.225.96.74 - - [23/Jul/2023:16:25:44 -0500] "GET /favicon.ico HTTP/1.1" 200 7782
181.225.96.74 - - [23/Jul/2023:16:25:48 -0500] "POST /appsia/controlador HTTP/1.1" 200 4621
181.225.96.74 - - [23/Jul/2023:16:25:50 -0500] "POST /appsia/controlador HTTP/1.1" 200 180325
201.245.192.253 - - [23/Jul/2023:16:26:53 -0500] "POST /kwsrmcab/Wsrmcab  HTTP/1.1" 200 42133
66.249.70.198 - - [23/Jul/2023:16:27:09 -0500] "-" 408 -
201.245.192.253 - - [23/Jul/2023:16:27:55 -0500] "POST /kwsrmcab/Wsrmcab  HTTP/1.1" 200 42133
173.252.95.9 - - [23/Jul/2023:16:28:09 -0500] "GET /inscribete-al-monitoreo-nocturno-en-celebracion-de-la-semana-de-las-polillas.html HTTP/1.1" 200 756
172.22.2.4 - - [23/Jul/2023:16:26:33 -0500] "GET /BLA/boletinlegal/ HTTP/1.1" 200 60612
52.167.144.91 - - [23/Jul/2023:16:29:53 -0500] "GET /portaldeninos/aulas-ambientales/aula-ambiental-sorotama/ HTTP/1.1" 200 89596
52.167.144.91 - - [23/Jul/2023:16:30:03 -0500] "GET /portaldeninos/aulas-ambientales/aula-ambiental-sorotama/ HTTP/1.1" 200 89596
216.245.221.92 - - [23/Jul/2023:16:30:07 -0500] "HEAD / HTTP/1.1" 200 -
172.22.2.4 - - [23/Jul/2023:16:31:55 -0500] "GET /BLA/boletinlegal/robots.txt HTTP/1.1" 404 1139
51.159.194.233 - - [23/Jul/2023:16:32:27 -0500] "GET /secretaria-de-ambiente-libero-12-animales-silvestres-en-parque-entrenubes-en-los-ultimos-tres-anos-ya-han-retornado-a-la-libertad-12-800.html HTTP/1.1" 200 914
51.159.194.199 - - [23/Jul/2023:16:32:34 -0500] "GET /este-jueves-20-de-julio-el-camino-guadalupe-aguanoso-estara-cerrado-al-publico.html HTTP/1.1" 200 779
51.159.195.16 - - [23/Jul/2023:16:32:41 -0500] "GET /monica-fonnegra-una-disenadora-que-inspira-amor-por-la-naturaleza-a-traves-de-la-moda.html HTTP/1.1" 200 976
51.159.195.16 - - [23/Jul/2023:16:32:47 -0500] "GET /ojo-con-los-arboles-en-la-temporada-de-vientos.html HTTP/1.1" 200 769
51.159.195.16 - - [23/Jul/2023:16:32:49 -0500] "GET /como-hacer-uso-de-la-publicidad-exterior-visual-en-epoca-electoral.html HTTP/1.1" 200 843
51.159.194.233 - - [23/Jul/2023:16:32:50 -0500] "GET /inscribete-al-monitoreo-nocturno-en-celebracion-de-la-semana-de-las-polillas.html HTTP/1.1" 200 756
51.159.195.16 - - [23/Jul/2023:16:32:50 -0500] "GET /en-julio-programate-para-asistir-a-las-caminatas-ecologicas-y-conectarte-con-la-naturaleza.html HTTP/1.1" 200 773
51.159.194.233 - - [23/Jul/2023:16:32:51 -0500] "GET /habilitado-nuevo-camino-para-recorrer-los-cerros-guadalupe-aguanoso.html HTTP/1.1" 200 837
51.159.194.199 - - [23/Jul/2023:16:32:52 -0500] "GET /quieres-que-tu-proyecto-de-construccion-sostenible-sea-reconocido-enterate-como-postularte.html HTTP/1.1" 200 869
201.245.192.253 - - [23/Jul/2023:16:32:54 -0500] "POST /kwsrmcab/Wsrmcab  HTTP/1.1" 200 42133
172.22.2.4 - - [23/Jul/2023:16:31:34 -0500] "HEAD /BLA/boletinlegal/ HTTP/1.1" 200 -
172.22.2.4 - - [23/Jul/2023:16:32:24 -0500] "GET /BLA/boletinlegal/ HTTP/1.1" 200 46920
51.15.164.30 - - [23/Jul/2023:16:34:22 -0500] "HEAD /secretaria-de-ambiente-libero-12-animales-silvestres-en-parque-entrenubes-en-los-ultimos-tres-anos-ya-han-retornado-a-la-libertad-12-800.html HTTP/1.1" 200 -
141.94.175.178 - - [23/Jul/2023:16:34:36 -0500] "GET / HTTP/1.1" 200 4720
141.94.175.178 - - [23/Jul/2023:16:34:36 -0500] "GET / HTTP/1.1" 200 4720
172.22.2.4 - - [23/Jul/2023:16:32:57 -0500] "GET /BLA/boletinlegal/ HTTP/1.1" 200 50283
141.94.175.178 - - [23/Jul/2023:16:34:36 -0500] "GET / HTTP/1.1" 200 319
141.94.175.178 - - [23/Jul/2023:16:34:36 -0500] "GET /wp-includes/wlwmanifest.xml HTTP/1.1" 404 1034
177.252.207.41 - - [23/Jul/2023:16:34:59 -0500] "GET /calidad-del-aire-distrito-avanza-unido-por-un-nuevo-aire.html?utm_source=Meta_DIGI&utm_medium=CPMa&utm_campaign=Aire&utm_id=Julio_2023&fbclid=IwAR3cgSsye3BZje4M-4w20vgG3ttgRvegF0vCi4rGxDdC6lnhhW5cn0JAKmg_aem_AXx5ARSmwjOvd6Znl-k1zJ9yhAg6JVVHJUuudDkCXAy2hotoaf_ys8ACP_gbY8HwIUd5bCEhdeQsrDOaX_Z2-BY2 HTTP/1.1" 200 783
136.243.228.197 - - [23/Jul/2023:16:35:04 -0500] "-" 408 -
141.94.175.178 - - [23/Jul/2023:16:34:52 -0500] "GET / HTTP/1.1" 200 319
141.94.175.178 - - [23/Jul/2023:16:34:52 -0500] "GET / HTTP/1.1" 200 4720
190.60.38.250 - - [23/Jul/2023:16:35:15 -0500] "GET /calidad-del-aire-distrito-avanza-unido-por-un-nuevo-aire.html?utm_source=Meta_DIGI&utm_medium=CPMa&utm_campaign=Aire&utm_id=Julio_2023&gclid=EAIaIQobChMIjYT9muSlgAMVqZOnCh0-2QyQEAEYASAAEgI5tvD_BwE HTTP/1.1" 200 783
141.94.175.178 - - [23/Jul/2023:16:35:08 -0500] "GET /wp-includes/wlwmanifest.xml HTTP/1.1" 404 1035
141.94.175.178 - - [23/Jul/2023:16:35:08 -0500] "GET /blog/wp-includes/wlwmanifest.xml HTTP/1.1" 404 1034
181.63.106.216 - - [23/Jul/2023:16:35:36 -0500] "GET /calidad-del-aire-distrito-avanza-unido-por-un-nuevo-aire.html?utm_source=Meta_DIGI&utm_medium=CPMa&utm_campaign=Aire&utm_id=Julio_2023&gclid=EAIaIQobChMIgdyKkuOlgAMVEY-zCh2wUQxgEAEYASAAEgLQb_D_BwE HTTP/1.1" 200 783
141.94.175.178 - - [23/Jul/2023:16:35:24 -0500] "GET /xmlrpc.php?rsd HTTP/1.1" 404 1035
141.94.175.178 - - [23/Jul/2023:16:35:24 -0500] "GET /web/wp-includes/wlwmanifest.xml HTTP/1.1" 404 1034
141.94.175.178 - - [23/Jul/2023:16:35:40 -0500] "GET / HTTP/1.1" 200 319
141.94.175.178 - - [23/Jul/2023:16:35:40 -0500] "GET /wordpress/wp-includes/wlwmanifest.xml HTTP/1.1" 404 1034
216.245.221.92 - - [23/Jul/2023:16:35:58 -0500] "GET / HTTP/1.1" 200 319
141.94.175.178 - - [23/Jul/2023:16:35:56 -0500] "GET /blog/wp-includes/wlwmanifest.xml HTTP/1.1" 404 1035
141.94.175.178 - - [23/Jul/2023:16:35:56 -0500] "GET /website/wp-includes/wlwmanifest.xml HTTP/1.1" 404 1034
141.94.175.178 - - [23/Jul/2023:16:36:11 -0500] "GET /web/wp-includes/wlwmanifest.xml HTTP/1.1" 404 1035
141.94.175.178 - - [23/Jul/2023:16:36:12 -0500] "GET /wp/wp-includes/wlwmanifest.xml HTTP/1.1" 404 1034
141.94.175.178 - - [23/Jul/2023:16:36:27 -0500] "GET /wordpress/wp-includes/wlwmanifest.xml HTTP/1.1" 404 1035
141.94.175.178 - - [23/Jul/2023:16:36:28 -0500] "GET /news/wp-includes/wlwmanifest.xml HTTP/1.1" 404 1034
172.22.2.4 - - [23/Jul/2023:16:36:51 -0500] "GET /BLA/boletinlegal/Circulares/2019/.pdf HTTP/1.1" 404 1218
141.94.175.178 - - [23/Jul/2023:16:36:43 -0500] "GET /website/wp-includes/wlwmanifest.xml HTTP/1.1" 404 1035
141.94.175.178 - - [23/Jul/2023:16:36:44 -0500] "GET /2020/wp-includes/wlwmanifest.xml HTTP/1.1" 404 1034
141.94.175.178 - - [23/Jul/2023:16:36:59 -0500] "GET /wp/wp-includes/wlwmanifest.xml HTTP/1.1" 404 1035
141.94.175.178 - - [23/Jul/2023:16:36:59 -0500] "GET /2019/wp-includes/wlwmanifest.xml HTTP/1.1" 404 1034
172.22.2.4 - - [23/Jul/2023:16:37:25 -0500] "GET /BLA/boletinlegal/owa/auth/logon.aspx?url=https%3a%2f%2f1%2fecp%2f HTTP/1.1" 404 1018
141.94.175.178 - - [23/Jul/2023:16:37:15 -0500] "GET /news/wp-includes/wlwmanifest.xml HTTP/1.1" 404 1035
141.94.175.178 - - [23/Jul/2023:16:37:15 -0500] "GET /shop/wp-includes/wlwmanifest.xml HTTP/1.1" 404 1034
141.94.175.178 - - [23/Jul/2023:16:37:31 -0500] "GET /2020/wp-includes/wlwmanifest.xml HTTP/1.1" 404 1035
141.94.175.178 - - [23/Jul/2023:16:37:31 -0500] "GET /wp1/wp-includes/wlwmanifest.xml HTTP/1.1" 404 1034
201.245.192.253 - - [23/Jul/2023:16:37:52 -0500] "POST /kwsrmcab/Wsrmcab  HTTP/1.1" 200 42133
141.94.175.178 - - [23/Jul/2023:16:37:47 -0500] "GET /2019/wp-includes/wlwmanifest.xml HTTP/1.1" 404 1035
141.94.175.178 - - [23/Jul/2023:16:37:47 -0500] "GET /wp2/wp-includes/wlwmanifest.xml HTTP/1.1" 404 1034
141.94.175.178 - - [23/Jul/2023:16:38:03 -0500] "GET /shop/wp-includes/wlwmanifest.xml HTTP/1.1" 404 1035
141.94.175.178 - - [23/Jul/2023:16:38:03 -0500] "GET /site/wp-includes/wlwmanifest.xml HTTP/1.1" 404 1034
141.94.175.178 - - [23/Jul/2023:16:38:18 -0500] "GET /wp1/wp-includes/wlwmanifest.xml HTTP/1.1" 404 1035
141.94.175.178 - - [23/Jul/2023:16:38:19 -0500] "GET /cms/wp-includes/wlwmanifest.xml HTTP/1.1" 404 1034
141.94.175.178 - - [23/Jul/2023:16:38:34 -0500] "GET /test/wp-includes/wlwmanifest.xml HTTP/1.1" 404 1035
141.94.175.178 - - [23/Jul/2023:16:38:35 -0500] "GET /sito/wp-includes/wlwmanifest.xml HTTP/1.1" 404 1034
172.22.2.4 - - [23/Jul/2023:16:37:23 -0500] "HEAD /BLA/boletinlegal/ HTTP/1.1" 200 -
141.94.175.178 - - [23/Jul/2023:16:38:50 -0500] "GET /wp2/wp-includes/wlwmanifest.xml HTTP/1.1" 404 1035
141.94.175.178 - - [23/Jul/2023:16:39:06 -0500] "GET /site/wp-includes/wlwmanifest.xml HTTP/1.1" 404 1035
201.245.192.253 - - [23/Jul/2023:16:39:30 -0500] "POST /kwsrmcab/Wsrmcab HTTP/1.1" 200 43044
141.94.175.178 - - [23/Jul/2023:16:39:22 -0500] "GET /cms/wp-includes/wlwmanifest.xml HTTP/1.1" 404 1035
172.22.2.4 - - [23/Jul/2023:16:39:39 -0500] "GET /BLA/boletinlegal/jurisprudencia/analisis/SENTENCIA%20C-703%20DE%202010.xls HTTP/1.1" 304 -
141.94.175.178 - - [23/Jul/2023:16:39:38 -0500] "GET /sito/wp-includes/wlwmanifest.xml HTTP/1.1" 404 1035
191.156.147.5 - - [23/Jul/2023:16:40:17 -0500] "GET /calidad-del-aire-distrito-avanza-unido-por-un-nuevo-aire.html?utm_source=Meta_DIGI&utm_medium=CPMa&utm_campaign=Aire&utm_id=Julio_2023&fbclid=IwAR3Xsn4ht-lHzn7b0_gnaSiBf2SGGiQz_0_xCTYMGlXMEDNJeG5_C15E7uY_aem_AXxeTvXVuS9AMvFc-LvrOtM39FqjbKyeui2JoRt8bRT-38IbVHZ0IWhpNRT0nay1tw6OUr-k5Ou3tL0qayy78_tC HTTP/1.1" 200 783
216.245.221.92 - - [23/Jul/2023:16:40:57 -0500] "HEAD / HTTP/1.1" 200 -
172.22.2.4 - - [23/Jul/2023:16:39:33 -0500] "GET /BLA/boletinlegal/ HTTP/1.1" 200 60612
201.245.192.253 - - [23/Jul/2023:16:42:51 -0500] "POST /kwsrmcab/Wsrmcab  HTTP/1.1" 200 42133
191.95.62.240 - - [23/Jul/2023:16:43:31 -0500] "GET /calidad-del-aire-distrito-avanza-unido-por-un-nuevo-aire.html?utm_source=Meta_DIGI&utm_medium=CPMa&utm_campaign=Aire&utm_id=Julio_2023&gclid=EAIaIQobChMIt-yLgualgAMVihB2Bh1YNQiEEAEYASAAEgKXefD_BwE HTTP/1.1" 200 783
191.95.63.15 - - [23/Jul/2023:16:43:43 -0500] "GET /calidad-del-aire-distrito-avanza-unido-por-un-nuevo-aire.html?utm_source=Meta_DIGI&utm_medium=CPMa&utm_campaign=Aire&utm_id=Julio_2023&fbclid=IwAR1CEBK0xSSUf0NLVUXfIQ8B5W1fJCybcqNty5lj-5fd_dykts0LQuJ7xn8_aem_AXzG1YALFY1LFK_s6u31mnuNWuLANzNerIV1ceqOaz1jUZaWLFylY7x-BVEAlKI3SvIlyHC701vWVX0QBRwNJEFn HTTP/1.1" 200 783
66.220.149.11 - - [23/Jul/2023:16:45:32 -0500] "GET /secretaria-de-ambiente-libero-12-animales-silvestres-en-parque-entrenubes-en-los-ultimos-tres-anos-ya-han-retornado-a-la-libertad-12-800.html HTTP/1.1" 200 914
216.245.221.92 - - [23/Jul/2023:16:45:57 -0500] "HEAD / HTTP/1.1" 200 -
201.245.192.253 - - [23/Jul/2023:16:47:48 -0500] "POST /kwsrmcab/Wsrmcab  HTTP/1.1" 200 42133
191.156.144.179 - - [23/Jul/2023:16:47:56 -0500] "GET /calidad-del-aire-distrito-avanza-unido-por-un-nuevo-aire.html?utm_source=Meta_DIGI&utm_medium=CPMa&utm_campaign=Aire&utm_id=Julio_2023&gclid=EAIaIQobChMI-PSNheelgAMVNRr5AB0mLAhjEAEYASAAEgKBCfD_BwE HTTP/1.1" 200 783
47.254.25.249 - - [23/Jul/2023:16:49:46 -0500] "GET /calidad-del-aire-distrito-avanza-unido-por-un-nuevo-aire.html?utm_source=Meta_DIGI&utm_medium=CPMa&utm_campaign=Aire&utm_id=Julio_2023 HTTP/1.1" 200 783
47.88.53.131 - - [23/Jul/2023:16:49:53 -0500] "GET /calidad-del-aire-distrito-avanza-unido-por-un-nuevo-aire.html?utm_source=Meta_DIGI&utm_medium=CPMa&utm_campaign=Aire&utm_id=Julio_2023 HTTP/1.1" 200 783
47.88.53.131 - - [23/Jul/2023:16:49:54 -0500] "GET /calidad-del-aire-distrito-avanza-unido-por-un-nuevo-aire.html?utm_source=Meta_DIGI&utm_medium=CPMa&utm_campaign=Aire&utm_id=Julio_2023 HTTP/1.1" 200 783
47.88.53.131 - - [23/Jul/2023:16:49:56 -0500] "GET /calidad-del-aire-distrito-avanza-unido-por-un-nuevo-aire.html?utm_source=Meta_DIGI&utm_medium=CPMa&utm_campaign=Aire&utm_id=Julio_2023 HTTP/1.1" 200 783
47.254.81.9 - - [23/Jul/2023:16:50:29 -0500] "GET /calidad-del-aire-distrito-avanza-unido-por-un-nuevo-aire.html?utm_source=Meta_DIGI&utm_medium=CPMa&utm_campaign=Aire&utm_id=Julio_2023&fbclid=IwAR1XYoyBVNBeSBHr7ZbP8nwP6wS0AuJBtacWcMf-c7ZvBcvElOc6mxA8Ms0 HTTP/1.1" 200 783
47.254.81.9 - - [23/Jul/2023:16:50:30 -0500] "GET /calidad-del-aire-distrito-avanza-unido-por-un-nuevo-aire.html?utm_source=Meta_DIGI&utm_medium=CPMa&utm_campaign=Aire&utm_id=Julio_2023&fbclid=IwAR1XYoyBVNBeSBHr7ZbP8nwP6wS0AuJBtacWcMf-c7ZvBcvElOc6mxA8Ms0 HTTP/1.1" 200 783
47.254.81.9 - - [23/Jul/2023:16:50:31 -0500] "GET /calidad-del-aire-distrito-avanza-unido-por-un-nuevo-aire.html?utm_source=Meta_DIGI&utm_medium=CPMa&utm_campaign=Aire&utm_id=Julio_2023&fbclid=IwAR1XYoyBVNBeSBHr7ZbP8nwP6wS0AuJBtacWcMf-c7ZvBcvElOc6mxA8Ms0 HTTP/1.1" 200 783
47.254.81.9 - - [23/Jul/2023:16:50:35 -0500] "GET /calidad-del-aire-distrito-avanza-unido-por-un-nuevo-aire.html?utm_source=Meta_DIGI&utm_medium=CPMa&utm_campaign=Aire&utm_id=Julio_2023&fbclid=IwAR1XYoyBVNBeSBHr7ZbP8nwP6wS0AuJBtacWcMf-c7ZvBcvElOc6mxA8Ms0 HTTP/1.1" 200 783
172.22.2.4 - - [23/Jul/2023:16:50:37 -0500] "GET /BLA/boletinlegal/actos.php HTTP/1.1" 200 9682
172.22.2.4 - - [23/Jul/2023:16:50:38 -0500] "GET /BLA/boletinlegal/actos.php HTTP/1.1" 200 9682
186.155.12.211 - - [23/Jul/2023:16:50:40 -0500] "GET /BLA/resoluciones/ HTTP/1.1" 200 13502
186.155.12.211 - - [23/Jul/2023:16:50:48 -0500] "GET /BLA/resoluciones/dlf/archive.png HTTP/1.1" 200 632
186.155.12.211 - - [23/Jul/2023:16:50:48 -0500] "GET /BLA/resoluciones/index.php?dir=AUTOS+2022%2F HTTP/1.1" 200 501937
216.245.221.92 - - [23/Jul/2023:16:50:57 -0500] "HEAD / HTTP/1.1" 200 -
172.22.2.4 - - [23/Jul/2023:16:50:31 -0500] "GET /BLA/boletinlegal/ HTTP/1.1" 200 24523
172.22.2.4 - - [23/Jul/2023:16:49:54 -0500] "GET /BLA/boletinlegal/ HTTP/1.1" 200 53643
195.170.172.128 - - [23/Jul/2023:16:51:49 -0500] "\x16\x03\x01\x02" 400 226
195.170.172.128 - - [23/Jul/2023:16:51:51 -0500] "{\"id\": 1, \"method\": \"mining.subscribe\", \"params\": [\"cpuminer/2.5.1\"]}" 400 226
69.171.251.12 - - [23/Jul/2023:16:52:05 -0500] "GET /inscribete-al-monitoreo-nocturno-en-celebracion-de-la-semana-de-las-polillas.html HTTP/1.1" 200 756
195.170.172.128 - - [23/Jul/2023:16:52:03 -0500] "{\"id\": 1, \"method\": \"mining.subscribe\", \"params\": [\"MinerName/1.0.0\", \"EthereumStratum/1.0.0\"]}" 400 226
195.170.172.128 - - [23/Jul/2023:16:52:15 -0500] "{\"id\":1,\"method\":\"eth_submitLogin\",\"worker\":\"igwrcvap\",\"params\":[\"0x54485e38334334b781c6d51da4acf3e850d12687\",\"x\"],\"jsonrpc\":\"2.0\"}" 501 953
195.170.172.128 - - [23/Jul/2023:16:52:16 -0500] "{\"id\":1,\"jsonrpc\":\"2.0\",\"method\":\"login\",\"params\":{\"login\":\"4AWoxBV57UHeQTEG4t532QK74Acydp29fYztRTSd7npdiGPNpL9msHFgFmKHhjbgfgYh9rsDixzDecPVePYVvGbm3iyk2oD\",\"pass\":\"x\",\"agent\":\"XMRig/6.15.3 (Windows NT 10.0; Win64; x64) libuv/1.42.0 msvc/2019\",\"algo\":[\"cn/1\",\"cn/2\",\"cn/r\",\"cn/fast\",\"cn/half\",\"cn/xao\",\"cn/rto\",\"cn/rwz\",\"cn/zls\",\"cn/double\",\"cn/ccx\",\"cn-lite/1\",\"cn-heavy/0\",\"cn-heavy/tube\",\"cn-heavy/xhv\",\"cn-pico\",\"cn-pico/tlo\",\"cn/upx2\",\"rx/0\",\"rx/wow\",\"rx/arq\",\"rx/graft\",\"rx/sfx\",\"rx/keva\",\"argon2/chukwa\",\"argon2/chukwav2\",\"argon2/ninja\",\"astrobwt\"]}}" 400 226
195.170.172.128 - - [23/Jul/2023:16:52:28 -0500] "GET / HTTP/1.1" 200 319
195.170.172.128 - - [23/Jul/2023:16:52:31 -0500] "POST / HTTP/1.1" 200 319
195.170.172.128 - - [23/Jul/2023:16:52:33 -0500] "POST / HTTP/1.1" 200 319
195.170.172.128 - - [23/Jul/2023:16:52:34 -0500] "GET /WuEL HTTP/1.1" 404 1018
195.170.172.128 - - [23/Jul/2023:16:52:36 -0500] "GET stager64 HTTP/1.1" 400 945
195.170.172.128 - - [23/Jul/2023:16:52:38 -0500] "GET /a HTTP/1.1" 404 1018
195.170.172.128 - - [23/Jul/2023:16:52:39 -0500] "GET /download/file.ext HTTP/1.1" 404 323
195.170.172.128 - - [23/Jul/2023:16:52:40 -0500] "GET /SiteLoader HTTP/1.1" 404 1018
195.170.172.128 - - [23/Jul/2023:16:52:41 -0500] "GET /mPlayer HTTP/1.1" 404 1018
195.170.172.128 - - [23/Jul/2023:16:52:42 -0500] "POST / HTTP/1.1" 400 945
191.95.52.57 - - [23/Jul/2023:16:53:52 -0500] "GET /secretaria-de-ambiente-libero-12-animales-silvestres-en-parque-entrenubes-en-los-ultimos-tres-anos-ya-han-retornado-a-la-libertad-12-800.html HTTP/1.1" 200 914
201.245.192.253 - - [23/Jul/2023:16:55:04 -0500] "POST /kwsrmcab/Wsrmcab  HTTP/1.1" 200 42133
79.124.8.3 - - [23/Jul/2023:16:55:41 -0500] "GET /wp-login.php HTTP/1.1" 404 1018
79.124.8.3 - - [23/Jul/2023:16:55:41 -0500] "GET /BLA/wp-login.php HTTP/1.1" 404 1018
216.245.221.92 - - [23/Jul/2023:16:55:57 -0500] "HEAD / HTTP/1.1" 200 -
201.245.192.253 - - [23/Jul/2023:16:56:05 -0500] "POST /kwsrmcab/Wsrmcab  HTTP/1.1" 200 42133
172.22.2.4 - - [23/Jul/2023:16:54:53 -0500] "HEAD /BLA/boletinlegal/ HTTP/1.1" 200 -
186.102.36.241 - - [23/Jul/2023:16:57:05 -0500] "GET /calidad-del-aire-distrito-avanza-unido-por-un-nuevo-aire.html?utm_source=Meta_DIGI&utm_medium=CPMa&utm_campaign=Aire&utm_id=Julio_2023&gclid=EAIaIQobChMIheHPjumlgAMVRfTnAx19jAQtEAEYASAAEgLiQPD_BwE HTTP/1.1" 200 783
172.22.2.4 - - [23/Jul/2023:16:55:44 -0500] "GET /BLA/boletinlegal/ HTTP/1.1" 200 56100
216.245.221.92 - - [23/Jul/2023:17:00:57 -0500] "HEAD / HTTP/1.1" 200 -
201.245.192.253 - - [23/Jul/2023:17:01:04 -0500] "POST /kwsrmcab/Wsrmcab  HTTP/1.1" 200 42133
186.28.190.138 - - [23/Jul/2023:17:02:54 -0500] "GET /catalogoisis/ HTTP/1.1" 200 8575
186.28.190.138 - - [23/Jul/2023:17:02:54 -0500] "GET /catalogoisis/Css/Busqueda.css HTTP/1.1" 200 1995
186.28.190.138 - - [23/Jul/2023:17:02:54 -0500] "GET /catalogoisis/Js/AceptarLimpiar.js HTTP/1.1" 200 331
186.28.190.138 - - [23/Jul/2023:17:02:54 -0500] "GET /catalogoisis/Js/LimpiarCombinada.js HTTP/1.1" 200 207
186.28.190.138 - - [23/Jul/2023:17:02:54 -0500] "GET /catalogoisis/Js/Go.js HTTP/1.1" 200 364
186.28.190.138 - - [23/Jul/2023:17:02:54 -0500] "GET /catalogoisis/Js/Remote.js HTTP/1.1" 200 436
186.28.190.138 - - [23/Jul/2023:17:02:54 -0500] "GET /catalogoisis/Js/CriterioCombinada.js HTTP/1.1" 200 1843
186.28.190.138 - - [23/Jul/2023:17:02:54 -0500] "GET /catalogoisis/Js/Numero.js HTTP/1.1" 200 398
186.28.190.138 - - [23/Jul/2023:17:02:54 -0500] "GET /catalogoisis/Js/Cookies.js HTTP/1.1" 200 1369
186.28.190.138 - - [23/Jul/2023:17:02:54 -0500] "GET /catalogoisis/Js/Enter.js HTTP/1.1" 200 1208
186.28.190.138 - - [23/Jul/2023:17:02:54 -0500] "GET /catalogoisis/imagenes/Turnbo1.gif HTTP/1.1" 200 227
186.28.190.138 - - [23/Jul/2023:17:02:54 -0500] "GET /catalogoisis/imagenes/br1c3.gif HTTP/1.1" 200 302
186.28.190.138 - - [23/Jul/2023:17:02:54 -0500] "GET /catalogoisis/imagenes/aceptar1.gif HTTP/1.1" 200 604
186.28.190.138 - - [23/Jul/2023:17:02:54 -0500] "GET /catalogoisis/imagenes/br1c1.gif HTTP/1.1" 200 172
186.28.190.138 - - [23/Jul/2023:17:02:54 -0500] "GET /catalogoisis/imagenes/limpiar1.gif HTTP/1.1" 200 606
186.28.190.138 - - [23/Jul/2023:17:02:54 -0500] "GET /catalogoisis/imagenes/Header.gif HTTP/1.1" 200 30313
186.28.190.138 - - [23/Jul/2023:17:02:54 -0500] "GET /catalogoisis/imagenes/br2c3.gif HTTP/1.1" 200 416
186.28.190.138 - - [23/Jul/2023:17:02:54 -0500] "GET /catalogoisis/imagenes/br2c2.gif HTTP/1.1" 200 302
186.28.190.138 - - [23/Jul/2023:17:02:54 -0500] "GET /catalogoisis/imagenes/br1c2.gif HTTP/1.1" 200 297
186.28.190.138 - - [23/Jul/2023:17:02:54 -0500] "GET /catalogoisis/imagenes/br3c2.gif HTTP/1.1" 200 285
186.28.190.138 - - [23/Jul/2023:17:02:54 -0500] "GET /catalogoisis/imagenes/br3c1.gif HTTP/1.1" 200 177
186.28.190.138 - - [23/Jul/2023:17:02:54 -0500] "GET /catalogoisis/imagenes/br3c3.gif HTTP/1.1" 200 186
186.28.190.138 - - [23/Jul/2023:17:02:54 -0500] "GET /catalogoisis/imagenes/br2c1.gif HTTP/1.1" 200 297
186.28.190.138 - - [23/Jul/2023:17:02:54 -0500] "GET /favicon.ico HTTP/1.1" 200 7782
186.28.190.138 - - [23/Jul/2023:17:02:55 -0500] "GET /catalogoisis/imagenes/aceptar2.gif HTTP/1.1" 200 586
172.22.2.4 - - [23/Jul/2023:17:01:34 -0500] "GET /BLA/boletinlegal/ HTTP/1.1" 200 60612
191.156.56.102 - - [23/Jul/2023:17:03:16 -0500] "-" 408 -
191.104.127.136 - - [23/Jul/2023:17:03:47 -0500] "GET /calidad-del-aire-distrito-avanza-unido-por-un-nuevo-aire.html?utm_source=Meta_DIGI&utm_medium=CPMa&utm_campaign=Aire&utm_id=Julio_2023&fbclid=IwAR2HGZjbmqbF_vZkB-Jau81QT3a6Vf5Y6BUCnNb26D36jsDqyUNYMC0w90M_aem_AXzPT30592pOlG7axwbD-YGs8FzNRGXJv16Kpx_iYFTieUabWprymNX4rK3fvlcSqdMJgwM3BaOIlKc7-4sLIk1a HTTP/1.1" 200 783
66.220.149.118 - - [23/Jul/2023:17:04:00 -0500] "GET /images/foto%202.jpg HTTP/1.1" 200 63300
216.245.221.92 - - [23/Jul/2023:17:05:57 -0500] "HEAD / HTTP/1.1" 200 -
201.245.192.253 - - [23/Jul/2023:17:06:02 -0500] "POST /kwsrmcab/Wsrmcab  HTTP/1.1" 200 42133
103.155.140.74 - - [23/Jul/2023:17:07:22 -0500] "GET /boaform/admin/formLogin?username=ec8&psd=ec8 HTTP/1.0" 404 1019
35.192.200.138 - - [23/Jul/2023:17:07:50 -0500] "GET /BLA/boletinlegal/images/screen_5.png HTTP/1.1" 200 368876
186.169.234.230 - - [23/Jul/2023:17:08:09 -0500] "GET /calidad-del-aire-distrito-avanza-unido-por-un-nuevo-aire.html?utm_source=Meta_DIGI&utm_medium=CPMa&utm_campaign=Aire&utm_id=Julio_2023&gclid=EAIaIQobChMIvO3Xt-qlgAMVHvsRCB2ZzwEaEAEYASAAEgIV5vD_BwE HTTP/1.1" 200 783
179.51.102.12 - - [23/Jul/2023:17:09:03 -0500] "GET /calidad-del-aire-distrito-avanza-unido-por-un-nuevo-aire.html?utm_source=Meta_DIGI&utm_medium=CPMa&utm_campaign=Aire&utm_id=Julio_2023&gclid=EAIaIQobChMIwYGT3uulgAMVxRCtBh1Cmw_ZEAEYASAAEgIDZfD_BwE HTTP/1.1" 200 783
172.22.2.4 - - [23/Jul/2023:17:07:24 -0500] "GET /BLA/boletinlegal/ HTTP/1.1" 200 60612
181.61.205.245 - - [23/Jul/2023:17:09:47 -0500] "GET /calidad-del-aire-distrito-avanza-unido-por-un-nuevo-aire.html?utm_source=Meta_DIGI&utm_medium=CPMa&utm_campaign=Aire&utm_id=Julio_2023&gclid=EAIaIQobChMIp87E-eulgAMVl4anCh3eQwg0EAEYASAAEgKk-_D_BwE HTTP/1.1" 200 783
216.245.221.92 - - [23/Jul/2023:17:10:57 -0500] "HEAD / HTTP/1.1" 200 -
201.245.192.253 - - [23/Jul/2023:17:11:02 -0500] "POST /kwsrmcab/Wsrmcab  HTTP/1.1" 200 42133
66.249.66.193 - - [23/Jul/2023:17:12:22 -0500] "GET /secretaria-de-ambiente-libero-12-animales-silvestres-en-parque-entrenubes-en-los-ultimos-tres-anos-ya- HTTP/1.1" 404 1034
186.84.88.176 - - [23/Jul/2023:17:12:28 -0500] "GET /calidad-del-aire-distrito-avanza-unido-por-un-nuevo-aire.html?utm_source=Meta_DIGI&utm_medium=CPMa&utm_campaign=Aire&utm_id=Julio_2023&gclid=EAIaIQobChMI9K3Vv-ylgAMVheFbCh34CwuQEAEYASAAEgJi7fD_BwE HTTP/1.1" 200 783
157.55.39.216 - - [23/Jul/2023:17:12:43 -0500] "GET /BLA/resoluciones/index.php?dir=RESOLUCIONES+2022%2F HTTP/1.1" 200 311612
172.22.2.4 - - [23/Jul/2023:17:12:23 -0500] "HEAD /BLA/boletinlegal/ HTTP/1.1" 200 -
159.223.12.224 - - [23/Jul/2023:17:14:22 -0500] "GET / HTTP/1.1" 200 319
162.55.170.174 - - [23/Jul/2023:17:14:50 -0500] "GET / HTTP/1.1" 200 319
162.55.170.174 - - [23/Jul/2023:17:14:51 -0500] "GET / HTTP/1.1" 200 4720
64.124.8.59 - - [23/Jul/2023:17:15:10 -0500] "GET /portaldeninos/que-es-cambio-climatico HTTP/1.1" 301 -
172.22.2.4 - - [23/Jul/2023:17:14:35 -0500] "GET /BLA/boletinlegal/ HTTP/1.1" 200 32715
186.84.20.209 - - [23/Jul/2023:17:15:46 -0500] "GET /BLA/resoluciones/index.php?dir=AUTOS+2012%2F HTTP/1.1" 200 276478
216.245.221.92 - - [23/Jul/2023:17:15:57 -0500] "HEAD / HTTP/1.1" 200 -
201.245.192.253 - - [23/Jul/2023:17:16:01 -0500] "POST /kwsrmcab/Wsrmcab  HTTP/1.1" 200 42133
52.167.144.147 - - [23/Jul/2023:17:16:42 -0500] "GET /BLA/resoluciones/RESOLUCIONES%202022/4410.pdf HTTP/1.1" 200 380125
