207.46.13.217 - - [23/Jul/2023:04:24:56 -0500] "GET /calculadora/? HTTP/1.1" 200 5879
40.77.188.177 - - [23/Jul/2023:04:26:23 -0500] "GET /portaldeninos/wp-content/themes/betheme/fonts/mfn-icons.woff?93978679 HTTP/1.1" 200 80932
66.249.70.197 - - [23/Jul/2023:04:27:07 -0500] "-" 408 -
172.22.2.4 - - [23/Jul/2023:04:25:50 -0500] "GET /BLA/boletinlegal/ HTTP/1.1" 200 60612
216.245.221.92 - - [23/Jul/2023:04:28:29 -0500] "HEAD / HTTP/1.1" 200 -
201.245.192.253 - - [23/Jul/2023:04:28:49 -0500] "POST /kwsrmcab/Wsrmcab  HTTP/1.1" 200 42133
201.245.192.253 - - [23/Jul/2023:04:29:32 -0500] "POST /kwsrmcab/Wsrmcab HTTP/1.1" 200 42574
157.55.39.216 - - [23/Jul/2023:04:31:19 -0500] "GET /BLA/resoluciones/AUTOS%202019/1789.pdf HTTP/1.1" 200 248748
217.182.175.162 - - [23/Jul/2023:04:32:57 -0500] "HEAD /ojo-con-los-arboles-en-la-temporada-de-vientos.html HTTP/1.1" 200 -
217.182.175.162 - - [23/Jul/2023:04:32:57 -0500] "HEAD /ojo-con-los-arboles-en-la-temporada-de-vientos.html HTTP/1.1" 200 -
216.245.221.92 - - [23/Jul/2023:04:33:29 -0500] "HEAD / HTTP/1.1" 200 -
201.245.192.253 - - [23/Jul/2023:04:33:48 -0500] "POST /kwsrmcab/Wsrmcab  HTTP/1.1" 200 42133
66.249.70.196 - - [23/Jul/2023:04:36:15 -0500] "-" 408 -
23.129.252.210 - - [23/Jul/2023:04:37:28 -0500] "GET /portaldeninos/ HTTP/1.1" 200 110197
23.129.252.210 - - [23/Jul/2023:04:37:31 -0500] "GET /portaldeninos/wp-admin/admin-ajax.php HTTP/1.1" 400 1
23.129.252.210 - - [23/Jul/2023:04:37:33 -0500] "GET /portaldeninos/wp-admin/admin-ajax.php?action=register HTTP/1.1" 400 1
216.245.221.92 - - [23/Jul/2023:04:38:29 -0500] "HEAD / HTTP/1.1" 200 -
201.245.192.253 - - [23/Jul/2023:04:38:47 -0500] "POST /kwsrmcab/Wsrmcab  HTTP/1.1" 200 42133
201.245.192.253 - - [23/Jul/2023:04:39:33 -0500] "POST /kwsrmcab/Wsrmcab HTTP/1.1" 200 42574
201.245.192.253 - - [23/Jul/2023:04:39:35 -0500] "POST /kwsrmcab/Wsrmcab HTTP/1.1" 200 43348
40.77.188.229 - - [23/Jul/2023:04:40:48 -0500] "GET /calculadora/vendor/bootstrap/css/bootstrap.min.css HTTP/1.1" 200 124962
40.77.189.40 - - [23/Jul/2023:04:40:49 -0500] "GET /calculadora/vendor/animate/animate.css HTTP/1.1" 200 23848
40.77.188.226 - - [23/Jul/2023:04:40:49 -0500] "GET /calculadora/fonts/font-awesome-4.7.0/css/font-awesome.min.css HTTP/1.1" 200 31000
40.77.190.208 - - [23/Jul/2023:04:40:49 -0500] "GET /calculadora/fonts/Linearicons-Free-v1.0.0/icon-font.min.css HTTP/1.1" 200 7354
40.77.189.51 - - [23/Jul/2023:04:40:49 -0500] "GET /calculadora/vendor/animsition/css/animsition.min.css HTTP/1.1" 200 27478
40.77.188.153 - - [23/Jul/2023:04:40:49 -0500] "GET /calculadora/vendor/css-hamburgers/hamburgers.min.css HTTP/1.1" 200 19686
40.77.189.40 - - [23/Jul/2023:04:40:49 -0500] "GET /calculadora/vendor/select2/select2.min.css HTTP/1.1" 200 15196
40.77.189.7 - - [23/Jul/2023:04:40:50 -0500] "GET /calculadora/css/main.css HTTP/1.1" 200 9984
40.77.189.40 - - [23/Jul/2023:04:40:50 -0500] "GET /calculadora/vendor/daterangepicker/daterangepicker.css HTTP/1.1" 200 8163
40.77.190.208 - - [23/Jul/2023:04:40:50 -0500] "GET /calculadora/ajax_calculadora.js HTTP/1.1" 200 1470
40.77.189.171 - - [23/Jul/2023:04:40:50 -0500] "GET /calculadora/css/util.css HTTP/1.1" 200 86814
40.77.190.191 - - [23/Jul/2023:04:40:51 -0500] "GET /calculadora/js/main.js HTTP/1.1" 200 1424
40.77.189.108 - - [23/Jul/2023:04:40:51 -0500] "GET /calculadora/fonts/poppins/Poppins-Regular.ttf HTTP/1.1" 200 145312
40.77.188.229 - - [23/Jul/2023:04:40:52 -0500] "GET /calculadora/fonts/montserrat/Montserrat-Bold.ttf HTTP/1.1" 200 261588
87.236.176.132 - - [23/Jul/2023:04:43:19 -0500] "GET / HTTP/1.1" 200 319
216.245.221.92 - - [23/Jul/2023:04:43:29 -0500] "HEAD / HTTP/1.1" 200 -
201.245.192.253 - - [23/Jul/2023:04:43:46 -0500] "POST /kwsrmcab/Wsrmcab  HTTP/1.1" 200 42133
172.22.2.4 - - [23/Jul/2023:04:43:20 -0500] "GET /BLA/boletinlegal/ HTTP/1.1" 200 60612
66.249.70.196 - - [23/Jul/2023:04:46:13 -0500] "-" 408 -
191.156.177.114 - - [23/Jul/2023:04:46:55 -0500] "GET /calidad-del-aire-distrito-avanza-unido-por-un-nuevo-aire.html?utm_source=Meta_DIGI&utm_medium=CPMa&utm_campaign=Aire&utm_id=Julio_2023&gclid=EAIaIQobChMIpeDl4sWkgAMVFwVPCB0VyQmCEAEYASAAEgIhG_D_BwE HTTP/1.1" 200 783
216.245.221.92 - - [23/Jul/2023:04:48:29 -0500] "HEAD / HTTP/1.1" 200 -
201.245.192.253 - - [23/Jul/2023:04:48:45 -0500] "POST /kwsrmcab/Wsrmcab  HTTP/1.1" 200 42133
172.22.2.4 - - [23/Jul/2023:04:48:20 -0500] "HEAD /BLA/boletinlegal/ HTTP/1.1" 200 -
172.22.2.4 - - [23/Jul/2023:04:49:11 -0500] "GET /BLA/boletinlegal/ HTTP/1.1" 200 54079
66.249.70.196 - - [23/Jul/2023:04:52:26 -0500] "-" 408 -
216.245.221.92 - - [23/Jul/2023:04:53:29 -0500] "HEAD / HTTP/1.1" 200 -
201.245.192.253 - - [23/Jul/2023:04:53:45 -0500] "POST /kwsrmcab/Wsrmcab  HTTP/1.1" 200 42133
66.249.66.192 - - [23/Jul/2023:04:57:21 -0500] "GET /distrito-inicia-pavimentacion-de-vias-para-mejorar-la-calidad-del-aire-de-bogota.html HTTP/1.1" 200 970
52.167.144.99 - - [23/Jul/2023:04:57:41 -0500] "GET /secretaria-de-ambiente-unidos-por-un-nuevo-aire.html HTTP/1.1" 200 792
66.249.70.196 - - [23/Jul/2023:04:58:28 -0500] "-" 408 -
216.245.221.92 - - [23/Jul/2023:04:58:29 -0500] "HEAD / HTTP/1.1" 200 -
201.245.192.253 - - [23/Jul/2023:04:58:44 -0500] "POST /kwsrmcab/Wsrmcab  HTTP/1.1" 200 42133
207.46.13.217 - - [23/Jul/2023:05:02:33 -0500] "GET /BLA/resoluciones/AUTOS%202023/2090.pdf HTTP/1.1" 200 379039
216.245.221.92 - - [23/Jul/2023:05:03:29 -0500] "HEAD / HTTP/1.1" 200 -
13.250.217.46 - - [23/Jul/2023:05:03:30 -0500] "GET /transparencia/financiera/Desagregado%20con%20modificaciones/? HTTP/1.1" 404 1464
13.250.217.46 - - [23/Jul/2023:05:03:33 -0500] "GET /transparencia/financiera/Desagregado%20con%20modificaciones/? HTTP/1.1" 404 1464
201.245.192.253 - - [23/Jul/2023:05:03:43 -0500] "POST /kwsrmcab/Wsrmcab  HTTP/1.1" 200 42133
172.22.2.4 - - [23/Jul/2023:05:06:41 -0500] "GET /BLA/boletinlegal/ HTTP/1.1" 200 60612
216.245.221.92 - - [23/Jul/2023:05:08:29 -0500] "HEAD / HTTP/1.1" 200 -
201.245.192.253 - - [23/Jul/2023:05:08:43 -0500] "POST /kwsrmcab/Wsrmcab  HTTP/1.1" 200 42133
172.22.2.4 - - [23/Jul/2023:05:10:26 -0500] "GET /BLA/boletinlegal/owa/auth/logon.aspx?url=https%3a%2f%2f1%2fecp%2f HTTP/1.1" 404 1018
186.154.62.10 - - [23/Jul/2023:05:13:10 -0500] "GET /calidad-del-aire-distrito-avanza-unido-por-un-nuevo-aire.html?utm_source=Meta_DIGI&utm_medium=CPMa&utm_campaign=Aire&utm_id=Julio_2023&gclid=EAIaIQobChMItt-e38ukgAMVA-5kCh0bjwIyEAEYASAAEgJUCfD_BwE HTTP/1.1" 200 783
172.22.2.4 - - [23/Jul/2023:05:11:40 -0500] "HEAD /BLA/boletinlegal/ HTTP/1.1" 200 -
216.245.221.92 - - [23/Jul/2023:05:13:29 -0500] "HEAD / HTTP/1.1" 200 -
201.245.192.253 - - [23/Jul/2023:05:13:42 -0500] "POST /kwsrmcab/Wsrmcab  HTTP/1.1" 200 42133
52.167.144.147 - - [23/Jul/2023:05:13:45 -0500] "GET /BLA/resoluciones/AUTOS%202019/1477.pdf HTTP/1.1" 200 264195
172.22.2.4 - - [23/Jul/2023:05:12:31 -0500] "GET /BLA/boletinlegal/ HTTP/1.1" 200 54079
52.167.144.24 - - [23/Jul/2023:05:14:15 -0500] "GET /BLA/resoluciones/AUTOS%202022/2061.pdf HTTP/1.1" 200 349595
216.245.221.92 - - [23/Jul/2023:05:18:29 -0500] "HEAD / HTTP/1.1" 200 -
172.22.2.4 - - [23/Jul/2023:05:17:30 -0500] "HEAD /BLA/boletinlegal/ HTTP/1.1" 200 -
201.245.192.253 - - [23/Jul/2023:05:19:32 -0500] "POST /kwsrmcab/Wsrmcab HTTP/1.1" 200 42420
172.22.2.4 - - [23/Jul/2023:05:18:21 -0500] "GET /BLA/boletinlegal/ HTTP/1.1" 200 54942
201.245.192.253 - - [23/Jul/2023:05:20:58 -0500] "POST /kwsrmcab/Wsrmcab  HTTP/1.1" 200 42133
201.245.192.253 - - [23/Jul/2023:05:21:59 -0500] "POST /kwsrmcab/Wsrmcab  HTTP/1.1" 200 42133
216.245.221.92 - - [23/Jul/2023:05:23:29 -0500] "HEAD / HTTP/1.1" 200 -
40.77.167.192 - - [23/Jul/2023:05:24:58 -0500] "GET /portaldeninos/wp-content/uploads/2021/07/Banners-p%C3%A1gina-de-ni%C3%B1os8-150x7.jpg HTTP/1.1" 404 75240
40.77.167.255 - - [23/Jul/2023:05:24:59 -0500] "GET /Publicaciones/2023EE114825.pdf HTTP/1.1" 404 228
172.22.2.4 - - [23/Jul/2023:05:23:20 -0500] "HEAD /BLA/boletinlegal/ HTTP/1.1" 200 -
172.22.2.4 - - [23/Jul/2023:05:25:31 -0500] "GET /BLA/boletinlegal/ HTTP/1.1" 200 40907
201.245.192.253 - - [23/Jul/2023:05:26:58 -0500] "POST /kwsrmcab/Wsrmcab  HTTP/1.1" 200 42133
52.167.144.99 - - [23/Jul/2023:05:27:13 -0500] "GET /ascenso-tecnologico-distrito-firma-decreto-que-permitira-renovar-parte-de-los-vehiculos-de-carga-y-asi-reducir-emisiones-contaminantes.html HTTP/1.1" 200 1058
216.245.221.92 - - [23/Jul/2023:05:28:29 -0500] "HEAD / HTTP/1.1" 200 -
181.53.12.133 - - [23/Jul/2023:05:28:53 -0500] "GET /calidad-del-aire-distrito-avanza-unido-por-un-nuevo-aire.html?utm_source=Meta_DIGI&utm_medium=CPMa&utm_campaign=Aire&utm_id=Julio_2023&gclid=Cj0KCQjwn_OlBhDhARIsAG2y6zP_pUysIFJkoHDGMz2u_sfOAmI4G7_0tslH58JEMWBnMilKXKNk6ZIaAgUuEALw_wcB HTTP/1.1" 200 783
201.245.192.253 - - [23/Jul/2023:05:29:32 -0500] "POST /kwsrmcab/Wsrmcab HTTP/1.1" 200 42420
201.245.192.253 - - [23/Jul/2023:05:29:35 -0500] "POST /kwsrmcab/Wsrmcab HTTP/1.1" 200 43361
201.245.192.253 - - [23/Jul/2023:05:31:56 -0500] "POST /kwsrmcab/Wsrmcab  HTTP/1.1" 200 42133
216.245.221.92 - - [23/Jul/2023:05:33:29 -0500] "HEAD / HTTP/1.1" 200 -
172.22.2.4 - - [23/Jul/2023:05:34:26 -0500] "GET /BLA/boletinlegal/robots.txt HTTP/1.1" 404 1038
172.22.2.4 - - [23/Jul/2023:05:34:26 -0500] "GET /BLA/boletinlegal/ HTTP/1.1" 200 58825
172.22.2.4 - - [23/Jul/2023:05:36:12 -0500] "GET /BLA/boletinlegal/js/jquery.js HTTP/1.1" 200 57254
201.245.192.253 - - [23/Jul/2023:05:36:56 -0500] "POST /kwsrmcab/Wsrmcab  HTTP/1.1" 200 42133
172.22.2.4 - - [23/Jul/2023:05:35:51 -0500] "GET /BLA/boletinlegal/ HTTP/1.1" 200 58474
52.167.144.147 - - [23/Jul/2023:05:38:17 -0500] "GET /BLA/resoluciones/RESOLUCIONES%202007/RES%202007%204101%20AL%204200/RESOLUCION%204200%20DE%202007.pdf HTTP/1.1" 304 -
216.245.221.92 - - [23/Jul/2023:05:38:29 -0500] "HEAD / HTTP/1.1" 200 -
201.245.192.253 - - [23/Jul/2023:05:39:32 -0500] "POST /kwsrmcab/Wsrmcab HTTP/1.1" 200 42420
172.22.2.4 - - [23/Jul/2023:05:39:37 -0500] "GET /BLA/boletinlegal/jurisprudencia/analisis/ANALISIST-046-99.docx HTTP/1.1" 304 -
66.249.70.197 - - [23/Jul/2023:05:40:44 -0500] "-" 408 -
201.245.192.253 - - [23/Jul/2023:05:41:54 -0500] "POST /kwsrmcab/Wsrmcab  HTTP/1.1" 200 42133
66.249.66.192 - - [23/Jul/2023:05:42:21 -0500] "GET /los-pies-descalzos-que-recorrieron-chinavita-boyaca-y-que-hoy-siembran-esperanza-en-bogota.html HTTP/1.1" 304 -
216.245.221.92 - - [23/Jul/2023:05:43:29 -0500] "HEAD / HTTP/1.1" 200 -
5.62.43.217 - - [23/Jul/2023:05:44:30 -0500] "GET / HTTP/1.1" 200 319
172.22.2.4 - - [23/Jul/2023:05:43:05 -0500] "GET /BLA/boletinlegal/ HTTP/1.1" 200 46503
172.22.2.4 - - [23/Jul/2023:05:43:06 -0500] "GET /BLA/boletinlegal/ HTTP/1.1" 200 47717
201.245.192.253 - - [23/Jul/2023:05:46:53 -0500] "POST /kwsrmcab/Wsrmcab  HTTP/1.1" 200 42133
66.249.70.196 - - [23/Jul/2023:05:47:02 -0500] "-" 408 -
216.245.221.92 - - [23/Jul/2023:05:48:29 -0500] "HEAD / HTTP/1.1" 200 -
69.63.184.118 - - [23/Jul/2023:05:50:30 -0500] "GET /asi-festejamos-el-dia-mundial-y-la-semana-de-los-humedales.html HTTP/1.1" 200 796
110.249.201.172 - - [23/Jul/2023:05:51:06 -0500] "GET /BLA/resoluciones/RESOLUCIONES%202013/1941.pdf HTTP/1.1" 200 379088
13.214.75.53 - - [23/Jul/2023:05:51:09 -0500] "GET /BLA/resoluciones/RESOLUCIONES%202013/1941.pdf HTTP/1.1" 200 379088
201.245.192.253 - - [23/Jul/2023:05:51:52 -0500] "POST /kwsrmcab/Wsrmcab  HTTP/1.1" 200 42133
216.245.221.92 - - [23/Jul/2023:05:53:29 -0500] "HEAD / HTTP/1.1" 200 -
66.249.70.196 - - [23/Jul/2023:05:54:03 -0500] "-" 408 -
172.22.2.4 - - [23/Jul/2023:05:53:26 -0500] "GET /BLA/boletinlegal/ HTTP/1.1" 200 60612
168.119.252.253 - - [23/Jul/2023:05:56:41 -0500] "GET / HTTP/1.1" 200 319
168.119.252.253 - - [23/Jul/2023:05:56:43 -0500] "GET / HTTP/1.1" 200 4720
201.245.192.253 - - [23/Jul/2023:05:56:51 -0500] "POST /kwsrmcab/Wsrmcab  HTTP/1.1" 200 42133
52.167.144.91 - - [23/Jul/2023:05:57:35 -0500] "GET /images/Reciclaje-ropa-y-zapatos-que-no-usa.jpeg HTTP/1.1" 200 30708
168.119.49.52 - - [23/Jul/2023:05:58:10 -0500] "GET / HTTP/1.1" 200 319
168.119.49.52 - - [23/Jul/2023:05:58:12 -0500] "GET / HTTP/1.1" 200 4720
216.245.221.92 - - [23/Jul/2023:05:58:29 -0500] "HEAD / HTTP/1.1" 200 -
172.22.2.4 - - [23/Jul/2023:05:58:26 -0500] "HEAD /BLA/boletinlegal/ HTTP/1.1" 200 -
172.22.2.4 - - [23/Jul/2023:05:59:17 -0500] "GET /BLA/boletinlegal/ HTTP/1.1" 200 54079
201.245.192.253 - - [23/Jul/2023:06:01:50 -0500] "POST /kwsrmcab/Wsrmcab  HTTP/1.1" 200 42133
66.249.70.196 - - [23/Jul/2023:06:03:20 -0500] "-" 408 -
216.245.221.92 - - [23/Jul/2023:06:03:29 -0500] "HEAD / HTTP/1.1" 200 -
172.22.2.4 - - [23/Jul/2023:06:04:16 -0500] "HEAD /BLA/boletinlegal/ HTTP/1.1" 200 -
172.22.2.4 - - [23/Jul/2023:06:05:07 -0500] "GET /BLA/boletinlegal/ HTTP/1.1" 200 54453
201.245.192.253 - - [23/Jul/2023:06:06:49 -0500] "POST /kwsrmcab/Wsrmcab  HTTP/1.1" 200 42133
157.55.39.216 - - [23/Jul/2023:06:07:08 -0500] "GET /BLA/resoluciones/AUTOS%202019/1789.pdf HTTP/1.1" 200 248748
216.245.221.92 - - [23/Jul/2023:06:08:29 -0500] "HEAD / HTTP/1.1" 200 -
172.22.2.4 - - [23/Jul/2023:06:10:06 -0500] "HEAD /BLA/boletinlegal/ HTTP/1.1" 200 -
201.245.192.253 - - [23/Jul/2023:06:11:48 -0500] "POST /kwsrmcab/Wsrmcab  HTTP/1.1" 200 42133
186.82.193.186 - - [23/Jul/2023:06:11:57 -0500] "GET /calidad-del-aire-distrito-avanza-unido-por-un-nuevo-aire.html?utm_source=Meta_DIGI&utm_medium=CPMa&utm_campaign=Aire&utm_id=Julio_2023&fbclid=IwAR36QkkEXvFxuYllnw1byfL5lgg9mZwP8Nmmg704ihMk6bSLOGBw8JnamDk_aem_AdS4Y-xOLuwo81H8p1vXcIl5UaPRp0NudV5ryEaEtoifmEYvkepsOvKRzJUdIcPPGZDHus6NY4OQGDCb8iJVxoHx HTTP/1.1" 200 783
165.1.173.142 - - [23/Jul/2023:06:11:57 -0500] "GET /galeria/nivo-slider/demo/images/Bannerwebhumedales.jpg HTTP/1.1" 304 -
66.249.70.198 - - [23/Jul/2023:06:12:38 -0500] "-" 408 -
172.22.2.4 - - [23/Jul/2023:06:12:17 -0500] "GET /BLA/boletinlegal/ HTTP/1.1" 200 40907
216.245.221.92 - - [23/Jul/2023:06:13:29 -0500] "HEAD / HTTP/1.1" 200 -
207.46.13.217 - - [23/Jul/2023:06:14:33 -0500] "GET /BLA/resoluciones/AUTOS%202022/2007.pdf HTTP/1.1" 304 -
201.245.192.253 - - [23/Jul/2023:06:16:47 -0500] "POST /kwsrmcab/Wsrmcab  HTTP/1.1" 200 42133
179.19.92.241 - - [23/Jul/2023:06:17:33 -0500] "GET /calidad-del-aire-distrito-avanza-unido-por-un-nuevo-aire.html?utm_source=Meta_DIGI&utm_medium=CPMa&utm_campaign=Aire&utm_id=Julio_2023&gclid=EAIaIQobChMIne2AktqkgAMVn_bnAx006A_hEAEYASAAEgJilPD_BwE HTTP/1.1" 200 783
179.19.92.241 - - [23/Jul/2023:06:17:43 -0500] "GET /favicon.ico HTTP/1.1" 404 1690
216.245.221.92 - - [23/Jul/2023:06:18:29 -0500] "HEAD / HTTP/1.1" 200 -
66.249.70.196 - - [23/Jul/2023:06:18:57 -0500] "-" 408 -
201.245.192.253 - - [23/Jul/2023:06:20:32 -0500] "POST /kwsrmcab/Wsrmcab HTTP/1.1" 200 43365
201.245.192.253 - - [23/Jul/2023:06:21:46 -0500] "POST /kwsrmcab/Wsrmcab  HTTP/1.1" 200 42133
216.245.221.92 - - [23/Jul/2023:06:23:29 -0500] "HEAD / HTTP/1.1" 200 -
172.22.2.4 - - [23/Jul/2023:06:22:37 -0500] "GET /BLA/boletinlegal/ HTTP/1.1" 200 60612
66.249.70.196 - - [23/Jul/2023:06:25:53 -0500] "-" 408 -
201.245.192.253 - - [23/Jul/2023:06:26:45 -0500] "POST /kwsrmcab/Wsrmcab  HTTP/1.1" 200 42133
66.249.66.194 - - [23/Jul/2023:06:27:21 -0500] "GET /los-pies-descalzos-que-recorrieron-chinavita-boyaca-y-que-hoy-siembran-esperanza-en-bogota.html HTTP/1.1" 304 -
52.167.144.91 - - [23/Jul/2023:06:29:08 -0500] "GET /portaldeninos/wp-json/pum/v1 HTTP/1.1" 200 766
172.22.2.4 - - [23/Jul/2023:06:27:36 -0500] "HEAD /BLA/boletinlegal/ HTTP/1.1" 200 -
216.245.221.92 - - [23/Jul/2023:06:29:19 -0500] "GET / HTTP/1.1" 200 319
201.245.192.253 - - [23/Jul/2023:06:29:32 -0500] "POST /kwsrmcab/Wsrmcab HTTP/1.1" 200 42923
52.167.144.99 - - [23/Jul/2023:06:29:38 -0500] "GET /bogota-fashion-week-una-ventana-para-la-sostenibilidad-en-bogota.html HTTP/1.1" 200 754
172.22.2.4 - - [23/Jul/2023:06:28:26 -0500] "GET /BLA/boletinlegal/ HTTP/1.1" 200 55739
201.245.192.253 - - [23/Jul/2023:06:31:44 -0500] "POST /kwsrmcab/Wsrmcab  HTTP/1.1" 200 42133
216.245.221.92 - - [23/Jul/2023:06:34:19 -0500] "HEAD / HTTP/1.1" 200 -
207.46.13.217 - - [23/Jul/2023:06:34:54 -0500] "GET /BLA/resoluciones/RESOLUCIONES%202023/0483.pdf HTTP/1.1" 200 428703
172.22.2.4 - - [23/Jul/2023:06:33:26 -0500] "HEAD /BLA/boletinlegal/ HTTP/1.1" 200 -
172.22.2.4 - - [23/Jul/2023:06:34:16 -0500] "GET /BLA/boletinlegal/ HTTP/1.1" 200 56100
201.245.192.253 - - [23/Jul/2023:06:36:43 -0500] "POST /kwsrmcab/Wsrmcab  HTTP/1.1" 200 42133
216.245.221.92 - - [23/Jul/2023:06:39:19 -0500] "HEAD / HTTP/1.1" 200 -
201.245.192.253 - - [23/Jul/2023:06:39:32 -0500] "POST /kwsrmcab/Wsrmcab HTTP/1.1" 200 42923
201.245.192.253 - - [23/Jul/2023:06:39:35 -0500] "POST /kwsrmcab/Wsrmcab HTTP/1.1" 200 43365
201.245.192.253 - - [23/Jul/2023:06:41:42 -0500] "POST /kwsrmcab/Wsrmcab  HTTP/1.1" 200 42133
172.22.2.4 - - [23/Jul/2023:06:40:06 -0500] "GET /BLA/boletinlegal/ HTTP/1.1" 200 60612
173.252.83.120 - - [23/Jul/2023:06:43:18 -0500] "GET /images/Junio%2002-experiencias-jardines-verticales-sda.jpeg HTTP/1.1" 200 31171
173.252.107.2 - - [23/Jul/2023:06:44:14 -0500] "GET /experiencias-exitosas-en-la-implementacion-de-buenas-practicas-ambientales-en-entidades-del-distrito.html HTTP/1.1" 200 821
216.245.221.92 - - [23/Jul/2023:06:44:19 -0500] "HEAD / HTTP/1.1" 200 -
52.167.144.91 - - [23/Jul/2023:06:44:39 -0500] "GET /el-plan-de-accion-climatica-de-bogota-inspirador-para-otras-ciudades-del-mundo.html HTTP/1.1" 200 876
201.245.192.253 - - [23/Jul/2023:06:46:41 -0500] "POST /kwsrmcab/Wsrmcab  HTTP/1.1" 200 42133
40.88.21.235 - - [23/Jul/2023:06:47:14 -0500] "GET / HTTP/1.1" 200 319
40.88.21.235 - - [23/Jul/2023:06:47:14 -0500] "GET /favicon.ico HTTP/1.1" 200 7782
172.22.2.4 - - [23/Jul/2023:06:45:56 -0500] "GET /BLA/boletinlegal/ HTTP/1.1" 200 60612
173.252.79.8 - - [23/Jul/2023:06:47:46 -0500] "GET /images/reunion-planta-termovalorizacion-11-mayo.jpg HTTP/1.1" 200 34782
216.245.221.92 - - [23/Jul/2023:06:49:19 -0500] "HEAD / HTTP/1.1" 200 -
69.63.189.117 - - [23/Jul/2023:06:50:23 -0500] "GET /images/Caminatas-ecologicas-julio.jpg HTTP/1.1" 200 480557
157.55.39.216 - - [23/Jul/2023:06:51:33 -0500] "GET /BLA/resoluciones/AUTOS%202021/5908.pdf HTTP/1.1" 200 352555
178.33.230.232 - - [23/Jul/2023:06:51:35 -0500] "GET /ojo-con-los-arboles-en-la-temporada-de-vientos.html HTTP/1.1" 200 769
201.245.192.253 - - [23/Jul/2023:06:51:40 -0500] "POST /kwsrmcab/Wsrmcab  HTTP/1.1" 200 42133
13.213.112.96 - - [23/Jul/2023:06:51:49 -0500] "GET /galeria/nivo-slider/demo/convocatorias.html? HTTP/1.1" 200 3464
13.213.112.96 - - [23/Jul/2023:06:51:49 -0500] "GET /galeria/nivo-slider/demo/images/bannerconvocatoriaacercar.jpg HTTP/1.1" 200 91528
173.252.107.7 - - [23/Jul/2023:06:52:14 -0500] "GET /con-aliados-estrategicos-mujeres-que-reverdecen-continua-brindando-nuevas-oportunidades.html HTTP/1.1" 200 900
172.22.2.4 - - [23/Jul/2023:06:53:15 -0500] "GET /BLA/boletinlegal/ HTTP/1.1" 200 52495
172.22.2.4 - - [23/Jul/2023:06:53:15 -0500] "GET /BLA/boletinlegal/ HTTP/1.1" 200 52149
3.0.197.77 - - [23/Jul/2023:06:55:08 -0500] "-" 408 -
216.245.221.92 - - [23/Jul/2023:06:55:09 -0500] "GET / HTTP/1.1" 200 319
18.141.79.220 - - [23/Jul/2023:06:55:28 -0500] "GET /transparencia/General%20Asignado/? HTTP/1.1" 200 43229
18.141.79.220 - - [23/Jul/2023:06:55:31 -0500] "GET /transparencia/General%20Asignado/? HTTP/1.1" 200 40907
201.245.192.253 - - [23/Jul/2023:06:56:39 -0500] "POST /kwsrmcab/Wsrmcab  HTTP/1.1" 200 42133
134.209.98.10 - - [23/Jul/2023:06:56:51 -0500] "-" 408 -
186.84.90.82 - - [23/Jul/2023:06:59:49 -0500] "GET /calidad-del-aire-distrito-avanza-unido-por-un-nuevo-aire.html?utm_source=Meta_DIGI&utm_medium=CPMa&utm_campaign=Aire&utm_id=Julio_2023&gclid=EAIaIQobChMIhvyxyeOkgAMVjxWtBh1NRAmBEAEYASAAEgJVjfD_BwE HTTP/1.1" 200 783
216.245.221.92 - - [23/Jul/2023:07:00:09 -0500] "HEAD / HTTP/1.1" 200 -
191.156.144.141 - - [23/Jul/2023:07:00:42 -0500] "GET /calidad-del-aire-distrito-avanza-unido-por-un-nuevo-aire.html?utm_source=Meta_DIGI&utm_medium=CPMa&utm_campaign=Aire&utm_id=Julio_2023&gclid=EAIaIQobChMI9cLJ5OOkgAMVIgatBh2Y-gaCEAEYASAAEgKisPD_BwE HTTP/1.1" 200 783
172.22.2.4 - - [23/Jul/2023:06:59:02 -0500] "GET /BLA/boletinlegal/ HTTP/1.1" 200 52855
172.22.2.4 - - [23/Jul/2023:06:59:03 -0500] "GET /BLA/boletinlegal/ HTTP/1.1" 200 52855
66.220.149.10 - - [23/Jul/2023:07:00:59 -0500] "GET /calidad-del-aire-distrito-avanza-unido-por-un-nuevo-aire.html?utm_id=Julio_2023 HTTP/1.1" 206 783
201.245.192.253 - - [23/Jul/2023:07:01:38 -0500] "POST /kwsrmcab/Wsrmcab  HTTP/1.1" 200 42133
173.252.107.4 - - [23/Jul/2023:07:03:06 -0500] "GET /calidad-del-aire-distrito-avanza-unido-por-un-nuevo-aire.html?utm_id=Julio_2023 HTTP/1.1" 206 783
186.102.83.120 - - [23/Jul/2023:07:03:13 -0500] "GET /calidad-del-aire-distrito-avanza-unido-por-un-nuevo-aire.html?utm_source=Meta_DIGI&utm_medium=CPMa&utm_campaign=Aire&utm_id=Julio_2023&fbclid=IwAR3tIO5uxR1PPqKygwiLCTbcK7vRfrUI37kY-VO4C0mJ89-oKA6e54dZKZg_aem_AdTOZf7wCabf-X91CcScThdnsQ3Om1anjbldu_ehyzqjSvsPzGMxBvRU-owjr7dFDBx-un8J3zt3ZaCfu6WCtq1Y HTTP/1.1" 200 783
173.252.79.119 - - [23/Jul/2023:07:03:27 -0500] "GET /images/mercados-campesinos-5-mayo.jpg HTTP/1.1" 200 95848
172.22.2.4 - - [23/Jul/2023:07:04:38 -0500] "GET /BLA/boletinlegal/robots.txt HTTP/1.1" 404 1037
172.22.2.4 - - [23/Jul/2023:07:04:38 -0500] "GET /BLA/boletinlegal/Circulares/2022/CIRCULAR%20No.%2000003%20DEL%2007%20DE%20MARZO%20DEL%202022.pdf HTTP/1.1" 304 -
216.245.221.92 - - [23/Jul/2023:07:05:09 -0500] "HEAD / HTTP/1.1" 200 -
191.156.186.2 - - [23/Jul/2023:07:05:39 -0500] "GET /calidad-del-aire-distrito-avanza-unido-por-un-nuevo-aire.html?utm_source=Meta_DIGI&utm_medium=CPMa&utm_campaign=Aire&utm_id=Julio_2023&fbclid=IwAR2nBs5iG--elQxtRRGbla2UuPV35gH-myLJ6Z1zGj8gqk3Xxc3g6E10cBE_aem_AdQS0WAqUUyxErxeL--GudHuBNHEVobnM7DIOgRBQJ4TpO2OTDmDYoQJZ8LTvOx52LKdoVSFzSYtHkEp9nTCdEK- HTTP/1.1" 200 783
186.99.152.255 - - [23/Jul/2023:07:06:38 -0500] "GET /sipse/faces/index.xhtml HTTP/1.1" 200 677
207.46.13.217 - - [23/Jul/2023:07:06:38 -0500] "GET /BLA/resoluciones/AUTOS%202022/1115.pdf HTTP/1.1" 304 -
186.99.152.255 - - [23/Jul/2023:07:06:38 -0500] "GET /sipse/faces/javax.faces.resource/theme.css?ln=primefaces-sipse HTTP/1.1" 304 -
186.99.152.255 - - [23/Jul/2023:07:06:38 -0500] "GET /sipse/faces/faces/autenticacion.xhtml HTTP/1.1" 200 12179
186.99.152.255 - - [23/Jul/2023:07:06:38 -0500] "GET /sipse/faces/javax.faces.resource/theme.css?ln=primefaces-sipse HTTP/1.1" 304 -
186.99.152.255 - - [23/Jul/2023:07:06:38 -0500] "GET /sipse/faces/javax.faces.resource/primefaces.css?ln=primefaces&v=4.0 HTTP/1.1" 304 -
186.99.152.255 - - [23/Jul/2023:07:06:38 -0500] "GET /sipse/faces/javax.faces.resource/jquery/jquery-plugins.js?ln=primefaces&v=4.0 HTTP/1.1" 304 -
186.99.152.255 - - [23/Jul/2023:07:06:38 -0500] "GET /sipse/faces/javax.faces.resource/primefaces.js?ln=primefaces&v=4.0 HTTP/1.1" 304 -
186.99.152.255 - - [23/Jul/2023:07:06:38 -0500] "GET /sipse/faces/javax.faces.resource/layout/layout.css?ln=primefaces&v=4.0 HTTP/1.1" 304 -
186.99.152.255 - - [23/Jul/2023:07:06:38 -0500] "GET /sipse/faces/javax.faces.resource/jquery/jquery.js?ln=primefaces&v=4.0 HTTP/1.1" 304 -
186.99.152.255 - - [23/Jul/2023:07:06:38 -0500] "GET /sipse/faces/javax.faces.resource/layout/layout.js?ln=primefaces&v=4.0 HTTP/1.1" 304 -
186.99.152.255 - - [23/Jul/2023:07:06:38 -0500] "GET /sipse/faces/javax.faces.resource/images/ui-icons_898989_256x240.png?ln=primefaces-aristo HTTP/1.1" 304 -
201.245.192.253 - - [23/Jul/2023:07:06:38 -0500] "POST /kwsrmcab/Wsrmcab  HTTP/1.1" 200 42133
186.99.152.255 - - [23/Jul/2023:07:06:45 -0500] "POST /sipse/faces/autenticacion.xhtml HTTP/1.1" 200 11367
186.99.152.255 - - [23/Jul/2023:07:06:46 -0500] "GET /sipse/faces/javax.faces.resource/theme.css?ln=primefaces-sipse HTTP/1.1" 304 -
186.99.152.255 - - [23/Jul/2023:07:06:46 -0500] "GET /sipse/faces/javax.faces.resource/jquery/jquery.js?ln=primefaces&v=4.0 HTTP/1.1" 304 -
186.99.152.255 - - [23/Jul/2023:07:06:46 -0500] "GET /sipse/faces/javax.faces.resource/primefaces.css?ln=primefaces&v=4.0 HTTP/1.1" 304 -
186.99.152.255 - - [23/Jul/2023:07:06:46 -0500] "GET /sipse/faces/javax.faces.resource/layout/layout.css?ln=primefaces&v=4.0 HTTP/1.1" 304 -
186.99.152.255 - - [23/Jul/2023:07:06:46 -0500] "GET /sipse/faces/javax.faces.resource/jquery/jquery-plugins.js?ln=primefaces&v=4.0 HTTP/1.1" 304 -
186.99.152.255 - - [23/Jul/2023:07:06:46 -0500] "GET /sipse/faces/javax.faces.resource/primefaces.js?ln=primefaces&v=4.0 HTTP/1.1" 304 -
186.99.152.255 - - [23/Jul/2023:07:06:46 -0500] "GET /sipse/faces/javax.faces.resource/layout/layout.js?ln=primefaces&v=4.0 HTTP/1.1" 304 -
186.99.152.255 - - [23/Jul/2023:07:06:46 -0500] "GET /sipse/faces/javax.faces.resource/messages/messages.png?ln=primefaces&v=4.0 HTTP/1.1" 304 -
186.99.152.255 - - [23/Jul/2023:07:06:50 -0500] "POST /sipse/faces/presentacion/sistema/seguridad/seleccionRol.xhtml HTTP/1.1" 200 5801
186.99.152.255 - - [23/Jul/2023:07:06:52 -0500] "POST /sipse/faces/presentacion/sistema/seguridad/seleccionRol.xhtml HTTP/1.1" 200 16340
186.99.152.255 - - [23/Jul/2023:07:06:52 -0500] "GET /sipse/faces/javax.faces.resource/theme.css?ln=primefaces-sipse HTTP/1.1" 304 -
186.99.152.255 - - [23/Jul/2023:07:06:52 -0500] "GET /sipse/faces/javax.faces.resource/primefaces.css?ln=primefaces&v=4.0 HTTP/1.1" 304 -
186.99.152.255 - - [23/Jul/2023:07:06:52 -0500] "GET /sipse/faces/javax.faces.resource/layout/layout.css?ln=primefaces&v=4.0 HTTP/1.1" 304 -
186.99.152.255 - - [23/Jul/2023:07:06:52 -0500] "GET /sipse/faces/javax.faces.resource/jquery/jquery.js?ln=primefaces&v=4.0 HTTP/1.1" 304 -
186.99.152.255 - - [23/Jul/2023:07:06:52 -0500] "GET /sipse/faces/javax.faces.resource/jquery/jquery-plugins.js?ln=primefaces&v=4.0 HTTP/1.1" 304 -
186.99.152.255 - - [23/Jul/2023:07:06:52 -0500] "GET /sipse/faces/javax.faces.resource/primefaces.js?ln=primefaces&v=4.0 HTTP/1.1" 304 -
186.99.152.255 - - [23/Jul/2023:07:06:52 -0500] "GET /sipse/faces/javax.faces.resource/layout/layout.js?ln=primefaces&v=4.0 HTTP/1.1" 304 -
186.99.152.255 - - [23/Jul/2023:07:06:52 -0500] "GET /sipse/css/imagen/contrasena.png HTTP/1.1" 404 383
186.99.152.255 - - [23/Jul/2023:07:06:54 -0500] "GET /sipse/faces/javax.faces.resource/images/ui-bg_flat_0_2d5972_40x100.png?ln=primefaces-aristo HTTP/1.1" 304 -
186.99.152.255 - - [23/Jul/2023:07:06:54 -0500] "POST /sipse/faces/bienvenido.xhtml HTTP/1.1" 200 1471
186.99.152.255 - - [23/Jul/2023:07:06:56 -0500] "POST /sipse/faces/bienvenido.xhtml HTTP/1.1" 200 62340
186.99.152.255 - - [23/Jul/2023:07:06:57 -0500] "GET /sipse/faces/javax.faces.resource/theme.css?ln=primefaces-sipse HTTP/1.1" 304 -
186.99.152.255 - - [23/Jul/2023:07:06:57 -0500] "GET /sipse/faces/javax.faces.resource/primefaces.css?ln=primefaces&v=4.0 HTTP/1.1" 304 -
186.99.152.255 - - [23/Jul/2023:07:06:57 -0500] "GET /sipse/faces/javax.faces.resource/layout/layout.css?ln=primefaces&v=4.0 HTTP/1.1" 304 -
186.99.152.255 - - [23/Jul/2023:07:06:57 -0500] "GET /sipse/faces/javax.faces.resource/jquery/jquery.js?ln=primefaces&v=4.0 HTTP/1.1" 304 -
186.99.152.255 - - [23/Jul/2023:07:06:57 -0500] "GET /sipse/faces/javax.faces.resource/jquery/jquery-plugins.js?ln=primefaces&v=4.0 HTTP/1.1" 304 -
186.99.152.255 - - [23/Jul/2023:07:06:57 -0500] "GET /sipse/faces/javax.faces.resource/primefaces.js?ln=primefaces&v=4.0 HTTP/1.1" 304 -
186.99.152.255 - - [23/Jul/2023:07:06:57 -0500] "GET /sipse/faces/javax.faces.resource/layout/layout.js?ln=primefaces&v=4.0 HTTP/1.1" 304 -
186.99.152.255 - - [23/Jul/2023:07:06:58 -0500] "POST /sipse/faces/presentacion/financiero/solicitudProceso/listarSolicitudProceso.xhtml HTTP/1.1" 200 1556
186.99.152.255 - - [23/Jul/2023:07:07:11 -0500] "POST /sipse/faces/presentacion/financiero/solicitudProceso/listarSolicitudProceso.xhtml HTTP/1.1" 200 25319
186.99.152.255 - - [23/Jul/2023:07:07:20 -0500] "POST /sipse/faces/presentacion/financiero/solicitudProceso/listarSolicitudProceso.xhtml HTTP/1.1" 200 120213
186.99.152.255 - - [23/Jul/2023:07:07:21 -0500] "GET /sipse/faces/javax.faces.resource/theme.css?ln=primefaces-sipse HTTP/1.1" 304 -
186.99.152.255 - - [23/Jul/2023:07:07:21 -0500] "GET /sipse/faces/javax.faces.resource/layout/layout.css?ln=primefaces&v=4.0 HTTP/1.1" 304 -
186.99.152.255 - - [23/Jul/2023:07:07:21 -0500] "GET /sipse/faces/javax.faces.resource/primefaces.css?ln=primefaces&v=4.0 HTTP/1.1" 304 -
186.99.152.255 - - [23/Jul/2023:07:07:21 -0500] "GET /sipse/faces/javax.faces.resource/jquery/jquery.js?ln=primefaces&v=4.0 HTTP/1.1" 304 -
186.99.152.255 - - [23/Jul/2023:07:07:21 -0500] "GET /sipse/faces/javax.faces.resource/jquery/jquery-plugins.js?ln=primefaces&v=4.0 HTTP/1.1" 304 -
186.99.152.255 - - [23/Jul/2023:07:07:21 -0500] "GET /sipse/faces/javax.faces.resource/primefaces.js?ln=primefaces&v=4.0 HTTP/1.1" 304 -
186.99.152.255 - - [23/Jul/2023:07:07:22 -0500] "GET /sipse/faces/javax.faces.resource/layout/layout.js?ln=primefaces&v=4.0 HTTP/1.1" 304 -
186.99.152.255 - - [23/Jul/2023:07:07:38 -0500] "POST /sipse/faces/presentacion/financiero/solicitudProceso/consultarSolicitudProceso.xhtml HTTP/1.1" 200 658811
186.99.152.255 - - [23/Jul/2023:07:07:50 -0500] "POST /sipse/faces/presentacion/financiero/solicitudProceso/consultarSolicitudProceso.xhtml HTTP/1.1" 200 41273
186.99.152.255 - - [23/Jul/2023:07:07:51 -0500] "GET /sipse/faces/javax.faces.resource/theme.css?ln=primefaces-sipse HTTP/1.1" 304 -
186.99.152.255 - - [23/Jul/2023:07:07:51 -0500] "GET /sipse/faces/javax.faces.resource/jquery/jquery.js?ln=primefaces&v=4.0 HTTP/1.1" 304 -
186.99.152.255 - - [23/Jul/2023:07:07:51 -0500] "GET /sipse/faces/javax.faces.resource/primefaces.css?ln=primefaces&v=4.0 HTTP/1.1" 304 -
186.99.152.255 - - [23/Jul/2023:07:07:51 -0500] "GET /sipse/faces/javax.faces.resource/layout/layout.css?ln=primefaces&v=4.0 HTTP/1.1" 304 -
186.99.152.255 - - [23/Jul/2023:07:07:51 -0500] "GET /sipse/faces/javax.faces.resource/jquery/jquery-plugins.js?ln=primefaces&v=4.0 HTTP/1.1" 304 -
186.99.152.255 - - [23/Jul/2023:07:07:51 -0500] "GET /sipse/faces/javax.faces.resource/primefaces.js?ln=primefaces&v=4.0 HTTP/1.1" 304 -
186.99.152.255 - - [23/Jul/2023:07:07:51 -0500] "GET /sipse/faces/javax.faces.resource/layout/layout.js?ln=primefaces&v=4.0 HTTP/1.1" 304 -
216.245.221.92 - - [23/Jul/2023:07:10:09 -0500] "HEAD / HTTP/1.1" 200 -
181.50.238.215 - - [23/Jul/2023:07:10:16 -0500] "GET /calidad-del-aire-distrito-avanza-unido-por-un-nuevo-aire.html?utm_source=Meta_DIGI&utm_medium=CPMa&utm_campaign=Aire&utm_id=Julio_2023&gclid=EAIaIQobChMI6pO2-OWkgAMVQjtECB1vJAUbEAEYASAAEgJMIvD_BwE HTTP/1.1" 200 783
52.167.144.147 - - [23/Jul/2023:07:10:38 -0500] "GET /BLA/resoluciones/AUTOS%202008/0462.pdf HTTP/1.1" 200 91214
201.245.192.253 - - [23/Jul/2023:07:11:37 -0500] "POST /kwsrmcab/Wsrmcab  HTTP/1.1" 200 42133
186.99.152.255 - - [23/Jul/2023:07:12:09 -0500] "POST /sipse/faces/presentacion/financiero/modificacionContrato/cargarModifiacion.xhtml HTTP/1.1" 200 5359
172.22.2.4 - - [23/Jul/2023:07:10:41 -0500] "GET /BLA/boletinlegal/ HTTP/1.1" 200 60612
66.249.66.193 - - [23/Jul/2023:07:12:21 -0500] "GET /por-un-corazon-mas-verde-del-1-al-9-de-junio-se-celebrara-la-semana-ambiental-2023-en-bogota.html HTTP/1.1" 200 819
186.155.57.194 - - [23/Jul/2023:07:13:07 -0500] "GET /calidad-del-aire-distrito-avanza-unido-por-un-nuevo-aire.html?utm_source=Meta_DIGI&utm_medium=CPMa&utm_campaign=Aire&utm_id=Julio_2023&gclid=EAIaIQobChMIkpCwkcqkgAMVEtWHCh2zFQr9EAEYASAAEgJ1evD_BwE HTTP/1.1" 200 783
186.99.152.255 - - [23/Jul/2023:07:13:09 -0500] "POST /sipse/faces/presentacion/financiero/modificacionContrato/cargarModifiacion.xhtml HTTP/1.1" 200 5435
186.99.152.255 - - [23/Jul/2023:07:14:03 -0500] "POST /sipse/faces/presentacion/financiero/modificacionContrato/cargarModifiacion.xhtml HTTP/1.1" 200 123370
186.99.152.255 - - [23/Jul/2023:07:14:03 -0500] "GET /sipse/faces/javax.faces.resource/theme.css?ln=primefaces-sipse HTTP/1.1" 304 -
186.99.152.255 - - [23/Jul/2023:07:14:03 -0500] "GET /sipse/faces/javax.faces.resource/primefaces.css?ln=primefaces&v=4.0 HTTP/1.1" 304 -
186.99.152.255 - - [23/Jul/2023:07:14:03 -0500] "GET /sipse/faces/javax.faces.resource/layout/layout.css?ln=primefaces&v=4.0 HTTP/1.1" 304 -
186.99.152.255 - - [23/Jul/2023:07:14:03 -0500] "GET /sipse/faces/javax.faces.resource/jquery/jquery.js?ln=primefaces&v=4.0 HTTP/1.1" 304 -
186.99.152.255 - - [23/Jul/2023:07:14:03 -0500] "GET /sipse/faces/javax.faces.resource/jquery/jquery-plugins.js?ln=primefaces&v=4.0 HTTP/1.1" 304 -
186.99.152.255 - - [23/Jul/2023:07:14:03 -0500] "GET /sipse/faces/javax.faces.resource/primefaces.js?ln=primefaces&v=4.0 HTTP/1.1" 304 -
186.99.152.255 - - [23/Jul/2023:07:14:03 -0500] "GET /sipse/faces/javax.faces.resource/layout/layout.js?ln=primefaces&v=4.0 HTTP/1.1" 304 -
186.99.152.255 - - [23/Jul/2023:07:14:13 -0500] "POST /sipse/faces/presentacion/financiero/solicitudProceso/consultarSolicitudProceso.xhtml HTTP/1.1" 200 62812
186.99.152.255 - - [23/Jul/2023:07:14:17 -0500] "GET /sipse/faces/javax.faces.resource/theme.css?ln=primefaces-sipse HTTP/1.1" 304 -
186.99.152.255 - - [23/Jul/2023:07:14:17 -0500] "GET /sipse/faces/javax.faces.resource/primefaces.css?ln=primefaces&v=4.0 HTTP/1.1" 304 -
186.99.152.255 - - [23/Jul/2023:07:14:17 -0500] "GET /sipse/faces/javax.faces.resource/layout/layout.css?ln=primefaces&v=4.0 HTTP/1.1" 304 -
186.99.152.255 - - [23/Jul/2023:07:14:17 -0500] "GET /sipse/faces/javax.faces.resource/jquery/jquery.js?ln=primefaces&v=4.0 HTTP/1.1" 304 -
186.99.152.255 - - [23/Jul/2023:07:14:17 -0500] "GET /sipse/faces/javax.faces.resource/jquery/jquery-plugins.js?ln=primefaces&v=4.0 HTTP/1.1" 304 -
186.99.152.255 - - [23/Jul/2023:07:14:17 -0500] "GET /sipse/faces/javax.faces.resource/primefaces.js?ln=primefaces&v=4.0 HTTP/1.1" 304 -
186.99.152.255 - - [23/Jul/2023:07:14:17 -0500] "GET /sipse/faces/javax.faces.resource/layout/layout.js?ln=primefaces&v=4.0 HTTP/1.1" 304 -
186.99.152.255 - - [23/Jul/2023:07:14:17 -0500] "POST /sipse/faces/presentacion/financiero/solicitudProceso/listarSolicitudProceso.xhtml HTTP/1.1" 200 1556
186.99.152.255 - - [23/Jul/2023:07:15:07 -0500] "POST /sipse/faces/presentacion/financiero/solicitudProceso/listarSolicitudProceso.xhtml HTTP/1.1" 200 115285
186.99.152.255 - - [23/Jul/2023:07:15:08 -0500] "GET /sipse/faces/javax.faces.resource/theme.css?ln=primefaces-sipse HTTP/1.1" 304 -
186.99.152.255 - - [23/Jul/2023:07:15:08 -0500] "GET /sipse/faces/javax.faces.resource/primefaces.css?ln=primefaces&v=4.0 HTTP/1.1" 304 -
186.99.152.255 - - [23/Jul/2023:07:15:08 -0500] "GET /sipse/faces/javax.faces.resource/layout/layout.css?ln=primefaces&v=4.0 HTTP/1.1" 304 -
186.99.152.255 - - [23/Jul/2023:07:15:08 -0500] "GET /sipse/faces/javax.faces.resource/jquery/jquery.js?ln=primefaces&v=4.0 HTTP/1.1" 304 -
186.99.152.255 - - [23/Jul/2023:07:15:08 -0500] "GET /sipse/faces/javax.faces.resource/jquery/jquery-plugins.js?ln=primefaces&v=4.0 HTTP/1.1" 304 -
186.99.152.255 - - [23/Jul/2023:07:15:08 -0500] "GET /sipse/faces/javax.faces.resource/primefaces.js?ln=primefaces&v=4.0 HTTP/1.1" 304 -
186.99.152.255 - - [23/Jul/2023:07:15:08 -0500] "GET /sipse/faces/javax.faces.resource/layout/layout.js?ln=primefaces&v=4.0 HTTP/1.1" 304 -
216.245.221.92 - - [23/Jul/2023:07:15:09 -0500] "HEAD / HTTP/1.1" 200 -
186.99.152.255 - - [23/Jul/2023:07:15:18 -0500] "POST /sipse/faces/presentacion/financiero/solicitudProceso/consultarSolicitudProceso.xhtml HTTP/1.1" 200 83346
186.99.152.255 - - [23/Jul/2023:07:15:22 -0500] "POST /sipse/faces/presentacion/financiero/solicitudProceso/consultarSolicitudProceso.xhtml HTTP/1.1" 200 428467
186.99.152.255 - - [23/Jul/2023:07:15:32 -0500] "POST /sipse/faces/presentacion/financiero/solicitudProceso/consultarSolicitudProceso.xhtml HTTP/1.1" 200 23853
186.99.152.255 - - [23/Jul/2023:07:15:32 -0500] "GET /sipse/faces/javax.faces.resource/theme.css?ln=primefaces-sipse HTTP/1.1" 304 -
186.99.152.255 - - [23/Jul/2023:07:15:32 -0500] "GET /sipse/faces/javax.faces.resource/layout/layout.css?ln=primefaces&v=4.0 HTTP/1.1" 304 -
186.99.152.255 - - [23/Jul/2023:07:15:32 -0500] "GET /sipse/faces/javax.faces.resource/primefaces.css?ln=primefaces&v=4.0 HTTP/1.1" 304 -
186.99.152.255 - - [23/Jul/2023:07:15:32 -0500] "GET /sipse/faces/javax.faces.resource/jquery/jquery.js?ln=primefaces&v=4.0 HTTP/1.1" 304 -
186.99.152.255 - - [23/Jul/2023:07:15:32 -0500] "GET /sipse/faces/javax.faces.resource/jquery/jquery-plugins.js?ln=primefaces&v=4.0 HTTP/1.1" 304 -
186.99.152.255 - - [23/Jul/2023:07:15:32 -0500] "GET /sipse/faces/javax.faces.resource/primefaces.js?ln=primefaces&v=4.0 HTTP/1.1" 304 -
186.99.152.255 - - [23/Jul/2023:07:15:32 -0500] "GET /sipse/faces/javax.faces.resource/layout/layout.js?ln=primefaces&v=4.0 HTTP/1.1" 304 -
186.99.152.255 - - [23/Jul/2023:07:15:37 -0500] "POST /sipse/faces/presentacion/financiero/solicitudProceso/asignarCargueContrato.xhtml HTTP/1.1" 200 62669
186.99.152.255 - - [23/Jul/2023:07:15:40 -0500] "GET /sipse/faces/javax.faces.resource/theme.css?ln=primefaces-sipse HTTP/1.1" 304 -
186.99.152.255 - - [23/Jul/2023:07:15:40 -0500] "GET /sipse/faces/javax.faces.resource/primefaces.css?ln=primefaces&v=4.0 HTTP/1.1" 304 -
186.99.152.255 - - [23/Jul/2023:07:15:40 -0500] "GET /sipse/faces/javax.faces.resource/layout/layout.css?ln=primefaces&v=4.0 HTTP/1.1" 304 -
186.99.152.255 - - [23/Jul/2023:07:15:40 -0500] "GET /sipse/faces/javax.faces.resource/jquery/jquery.js?ln=primefaces&v=4.0 HTTP/1.1" 304 -
186.99.152.255 - - [23/Jul/2023:07:15:40 -0500] "GET /sipse/faces/javax.faces.resource/jquery/jquery-plugins.js?ln=primefaces&v=4.0 HTTP/1.1" 304 -
186.99.152.255 - - [23/Jul/2023:07:15:40 -0500] "GET /sipse/faces/javax.faces.resource/primefaces.js?ln=primefaces&v=4.0 HTTP/1.1" 304 -
186.99.152.255 - - [23/Jul/2023:07:15:40 -0500] "GET /sipse/faces/javax.faces.resource/layout/layout.js?ln=primefaces&v=4.0 HTTP/1.1" 304 -
186.99.152.255 - - [23/Jul/2023:07:15:40 -0500] "POST /sipse/faces/presentacion/financiero/solicitudProceso/listarSolicitudProceso.xhtml HTTP/1.1" 200 1556
186.99.152.255 - - [23/Jul/2023:07:15:50 -0500] "POST /sipse/faces/presentacion/financiero/solicitudProceso/listarSolicitudProceso.xhtml HTTP/1.1" 200 22550
186.99.152.255 - - [23/Jul/2023:07:16:04 -0500] "POST /sipse/faces/presentacion/financiero/solicitudProceso/listarSolicitudProceso.xhtml HTTP/1.1" 200 115172
186.99.152.255 - - [23/Jul/2023:07:16:05 -0500] "GET /sipse/faces/javax.faces.resource/theme.css?ln=primefaces-sipse HTTP/1.1" 304 -
186.99.152.255 - - [23/Jul/2023:07:16:05 -0500] "GET /sipse/faces/javax.faces.resource/primefaces.css?ln=primefaces&v=4.0 HTTP/1.1" 304 -
186.99.152.255 - - [23/Jul/2023:07:16:05 -0500] "GET /sipse/faces/javax.faces.resource/jquery/jquery.js?ln=primefaces&v=4.0 HTTP/1.1" 304 -
186.99.152.255 - - [23/Jul/2023:07:16:05 -0500] "GET /sipse/faces/javax.faces.resource/layout/layout.css?ln=primefaces&v=4.0 HTTP/1.1" 304 -
186.99.152.255 - - [23/Jul/2023:07:16:05 -0500] "GET /sipse/faces/javax.faces.resource/jquery/jquery-plugins.js?ln=primefaces&v=4.0 HTTP/1.1" 304 -
186.99.152.255 - - [23/Jul/2023:07:16:05 -0500] "GET /sipse/faces/javax.faces.resource/primefaces.js?ln=primefaces&v=4.0 HTTP/1.1" 304 -
186.99.152.255 - - [23/Jul/2023:07:16:05 -0500] "GET /sipse/faces/javax.faces.resource/layout/layout.js?ln=primefaces&v=4.0 HTTP/1.1" 304 -
186.99.152.255 - - [23/Jul/2023:07:16:15 -0500] "POST /sipse/faces/presentacion/financiero/solicitudProceso/consultarSolicitudProceso.xhtml HTTP/1.1" 200 40064
186.99.152.255 - - [23/Jul/2023:07:16:15 -0500] "GET /sipse/faces/javax.faces.resource/theme.css?ln=primefaces-sipse HTTP/1.1" 304 -
186.99.152.255 - - [23/Jul/2023:07:16:15 -0500] "GET /sipse/faces/javax.faces.resource/layout/layout.css?ln=primefaces&v=4.0 HTTP/1.1" 304 -
186.99.152.255 - - [23/Jul/2023:07:16:15 -0500] "GET /sipse/faces/javax.faces.resource/primefaces.css?ln=primefaces&v=4.0 HTTP/1.1" 304 -
186.99.152.255 - - [23/Jul/2023:07:16:15 -0500] "GET /sipse/faces/javax.faces.resource/jquery/jquery.js?ln=primefaces&v=4.0 HTTP/1.1" 304 -
186.99.152.255 - - [23/Jul/2023:07:16:15 -0500] "GET /sipse/faces/javax.faces.resource/jquery/jquery-plugins.js?ln=primefaces&v=4.0 HTTP/1.1" 304 -
186.99.152.255 - - [23/Jul/2023:07:16:15 -0500] "GET /sipse/faces/javax.faces.resource/primefaces.js?ln=primefaces&v=4.0 HTTP/1.1" 304 -
186.99.152.255 - - [23/Jul/2023:07:16:15 -0500] "GET /sipse/faces/javax.faces.resource/layout/layout.js?ln=primefaces&v=4.0 HTTP/1.1" 304 -
201.245.192.253 - - [23/Jul/2023:07:16:35 -0500] "POST /kwsrmcab/Wsrmcab  HTTP/1.1" 200 42133
66.220.149.11 - - [23/Jul/2023:07:16:42 -0500] "GET /secretaria-de-ambiente-libero-12-animales-silvestres-en-parque-entrenubes-en-los-ultimos-tres-anos-ya-han-retornado-a-la-libertad-12-800.html HTTP/1.1" 200 914
186.99.152.255 - - [23/Jul/2023:07:17:54 -0500] "POST /sipse/faces/presentacion/financiero/modificacionContrato/cargarModifiacion.xhtml HTTP/1.1" 200 5359
173.252.107.117 - - [23/Jul/2023:07:18:34 -0500] "GET /dia-mundial-de-los-humedales-mas-de-60-aves-alzaron-vuelo-en-el-humedal-el-tunjo.html HTTP/1.1" 200 885
172.22.2.4 - - [23/Jul/2023:07:18:53 -0500] "GET /BLA/boletinlegal/style.css HTTP/1.1" 200 9406
172.22.2.4 - - [23/Jul/2023:07:18:53 -0500] "GET /BLA/boletinlegal/js/jquery.js HTTP/1.1" 200 57254
172.22.2.4 - - [23/Jul/2023:07:18:53 -0500] "GET /BLA/boletinlegal/styles2.css HTTP/1.1" 200 1838
172.22.2.4 - - [23/Jul/2023:07:18:53 -0500] "GET /BLA/boletinlegal/js/jquery.scrollShow.js HTTP/1.1" 200 4586
172.22.2.4 - - [23/Jul/2023:07:18:53 -0500] "GET /BLA/boletinlegal/js/jquery.scrollTo-min.js HTTP/1.1" 200 1150
172.22.2.4 - - [23/Jul/2023:07:18:53 -0500] "GET /BLA/boletinlegal/images/cabezote%20BLEGAL.jpg HTTP/1.1" 200 118164
172.22.2.4 - - [23/Jul/2023:07:18:53 -0500] "GET /BLA/boletinlegal/images/subscribe-icon-big.png HTTP/1.1" 200 47702
172.22.2.4 - - [23/Jul/2023:07:18:53 -0500] "GET /BLA/boletinlegal/images/historia.png HTTP/1.1" 200 52775
172.22.2.4 - - [23/Jul/2023:07:18:53 -0500] "GET /BLA/boletinlegal/images/registro-usuarios.png HTTP/1.1" 200 8106
172.22.2.4 - - [23/Jul/2023:07:18:53 -0500] "GET /BLA/boletinlegal/images/screen_1.png HTTP/1.1" 200 202547
172.22.2.4 - - [23/Jul/2023:07:18:53 -0500] "GET /BLA/boletinlegal/images/launch.jpg HTTP/1.1" 200 14577
172.22.2.4 - - [23/Jul/2023:07:18:53 -0500] "GET /BLA/boletinlegal/images/arr_l.jpg HTTP/1.1" 200 1979
172.22.2.4 - - [23/Jul/2023:07:18:53 -0500] "GET /BLA/boletinlegal/images/body_bg.jpg HTTP/1.1" 200 1601
172.22.2.4 - - [23/Jul/2023:07:18:53 -0500] "GET /BLA/boletinlegal/images/menu_lft.gif HTTP/1.1" 200 1713
172.22.2.4 - - [23/Jul/2023:07:18:53 -0500] "GET /BLA/boletinlegal/images/menu_rght.gif HTTP/1.1" 200 1627
172.22.2.4 - - [23/Jul/2023:07:18:53 -0500] "GET /BLA/boletinlegal/images/bg_top.jpg HTTP/1.1" 200 522
172.22.2.4 - - [23/Jul/2023:07:18:53 -0500] "GET /BLA/boletinlegal/images/menu_bg.jpg HTTP/1.1" 200 620
172.22.2.4 - - [23/Jul/2023:07:18:53 -0500] "GET /BLA/boletinlegal/images/hover.jpg HTTP/1.1" 200 640
172.22.2.4 - - [23/Jul/2023:07:18:53 -0500] "GET /BLA/boletinlegal/images/text.jpg HTTP/1.1" 200 568
172.22.2.4 - - [23/Jul/2023:07:18:54 -0500] "GET /BLA/boletinlegal/actos.php HTTP/1.1" 200 9682
172.22.2.4 - - [23/Jul/2023:07:18:54 -0500] "GET /BLA/boletinlegal/js/ajax_actos.js HTTP/1.1" 200 1322
172.22.2.4 - - [23/Jul/2023:07:18:54 -0500] "GET /BLA/boletinlegal/js/popup.js HTTP/1.1" 200 1270
172.22.2.4 - - [23/Jul/2023:07:18:54 -0500] "GET /BLA/boletinlegal/js/lib.js HTTP/1.1" 200 6474
172.22.2.4 - - [23/Jul/2023:07:18:54 -0500] "GET /BLA/boletinlegal/niceforms.js HTTP/1.1" 200 22876
172.22.2.4 - - [23/Jul/2023:07:18:54 -0500] "GET /BLA/boletinlegal/niceforms-default.css HTTP/1.1" 200 6694
172.22.2.4 - - [23/Jul/2023:07:18:54 -0500] "GET /BLA/boletinlegal/js/jquery1.js HTTP/1.1" 200 29846
172.22.2.4 - - [23/Jul/2023:07:18:54 -0500] "GET /BLA/boletinlegal/images/green-yellow-blue-pink-th.png HTTP/1.1" 200 7394
172.22.2.4 - - [23/Jul/2023:07:18:54 -0500] "GET /BLA/boletinlegal/images/tel.png HTTP/1.1" 200 14477
172.22.2.4 - - [23/Jul/2023:07:18:54 -0500] "GET /BLA/boletinlegal/images/icono-email.png HTTP/1.1" 200 5544
172.22.2.4 - - [23/Jul/2023:07:18:55 -0500] "GET /BLA/boletinlegal/images/footer_bg.jpg HTTP/1.1" 200 586
172.22.2.4 - - [23/Jul/2023:07:18:55 -0500] "GET /BLA/boletinlegal/images/footer_bg_l.jpg HTTP/1.1" 200 776
172.22.2.4 - - [23/Jul/2023:07:18:55 -0500] "GET /BLA/boletinlegal/img/select-right.png HTTP/1.1" 200 44019
172.22.2.4 - - [23/Jul/2023:07:18:55 -0500] "GET /BLA/boletinlegal/img/button-left.png HTTP/1.1" 200 57071
172.22.2.4 - - [23/Jul/2023:07:18:55 -0500] "GET /BLA/boletinlegal/img/select-left.png HTTP/1.1" 200 263
172.22.2.4 - - [23/Jul/2023:07:18:55 -0500] "GET /BLA/boletinlegal/img/button.png HTTP/1.1" 200 43241
172.22.2.4 - - [23/Jul/2023:07:18:55 -0500] "GET /BLA/boletinlegal/img/button-right.png HTTP/1.1" 200 57878
172.22.2.4 - - [23/Jul/2023:07:18:55 -0500] "GET /BLA/boletinlegal/img/0.png HTTP/1.1" 200 110
172.22.2.4 - - [23/Jul/2023:07:18:55 -0500] "GET /BLA/boletinlegal/favicon.ico HTTP/1.1" 404 1326
186.30.157.142 - - [23/Jul/2023:07:18:59 -0500] "GET /BLA/resoluciones/ HTTP/1.1" 200 13502
186.30.157.142 - - [23/Jul/2023:07:18:59 -0500] "GET /BLA/resoluciones/dlf/styles.css HTTP/1.1" 200 3049
186.30.157.142 - - [23/Jul/2023:07:18:59 -0500] "GET /BLA/resoluciones/dlf/bg.gif HTTP/1.1" 200 54
186.30.157.142 - - [23/Jul/2023:07:18:59 -0500] "GET /BLA/resoluciones/dlf/folder.png HTTP/1.1" 200 410
186.99.152.255 - - [23/Jul/2023:07:19:01 -0500] "POST /sipse/faces/presentacion/financiero/modificacionContrato/cargarModifiacion.xhtml HTTP/1.1" 200 5435
186.30.157.142 - - [23/Jul/2023:07:19:07 -0500] "GET /BLA/resoluciones/dlf/pdf.gif HTTP/1.1" 200 272
186.30.157.142 - - [23/Jul/2023:07:19:07 -0500] "GET /BLA/resoluciones/dlf/dirup.png HTTP/1.1" 200 644
186.30.157.142 - - [23/Jul/2023:07:19:07 -0500] "GET /BLA/resoluciones/index.php?dir=AUTOS+2022%2F HTTP/1.1" 200 501937
186.30.157.142 - - [23/Jul/2023:07:19:08 -0500] "GET /BLA/resoluciones/dlf/archive.png HTTP/1.1" 200 632
172.22.2.4 - - [23/Jul/2023:07:18:52 -0500] "GET /BLA/boletinlegal/ HTTP/1.1" 200 24523
201.245.192.253 - - [23/Jul/2023:07:19:32 -0500] "POST /kwsrmcab/Wsrmcab HTTP/1.1" 200 43065
186.99.152.255 - - [23/Jul/2023:07:19:35 -0500] "POST /sipse/faces/presentacion/financiero/modificacionContrato/cargarModifiacion.xhtml HTTP/1.1" 200 118324
186.99.152.255 - - [23/Jul/2023:07:19:35 -0500] "GET /sipse/faces/javax.faces.resource/theme.css?ln=primefaces-sipse HTTP/1.1" 304 -
186.99.152.255 - - [23/Jul/2023:07:19:35 -0500] "GET /sipse/faces/javax.faces.resource/layout/layout.css?ln=primefaces&v=4.0 HTTP/1.1" 304 -
186.99.152.255 - - [23/Jul/2023:07:19:35 -0500] "GET /sipse/faces/javax.faces.resource/primefaces.css?ln=primefaces&v=4.0 HTTP/1.1" 304 -
186.99.152.255 - - [23/Jul/2023:07:19:35 -0500] "GET /sipse/faces/javax.faces.resource/jquery/jquery.js?ln=primefaces&v=4.0 HTTP/1.1" 304 -
186.99.152.255 - - [23/Jul/2023:07:19:35 -0500] "GET /sipse/faces/javax.faces.resource/jquery/jquery-plugins.js?ln=primefaces&v=4.0 HTTP/1.1" 304 -
186.99.152.255 - - [23/Jul/2023:07:19:35 -0500] "GET /sipse/faces/javax.faces.resource/primefaces.js?ln=primefaces&v=4.0 HTTP/1.1" 304 -
186.99.152.255 - - [23/Jul/2023:07:19:35 -0500] "GET /sipse/faces/javax.faces.resource/layout/layout.js?ln=primefaces&v=4.0 HTTP/1.1" 304 -
186.99.152.255 - - [23/Jul/2023:07:19:46 -0500] "POST /sipse/faces/presentacion/financiero/solicitudProceso/consultarSolicitudProceso.xhtml HTTP/1.1" 200 62639
186.99.152.255 - - [23/Jul/2023:07:19:48 -0500] "GET /sipse/faces/javax.faces.resource/theme.css?ln=primefaces-sipse HTTP/1.1" 304 -
186.99.152.255 - - [23/Jul/2023:07:19:48 -0500] "GET /sipse/faces/javax.faces.resource/primefaces.css?ln=primefaces&v=4.0 HTTP/1.1" 304 -
186.99.152.255 - - [23/Jul/2023:07:19:48 -0500] "GET /sipse/faces/javax.faces.resource/layout/layout.css?ln=primefaces&v=4.0 HTTP/1.1" 304 -
186.99.152.255 - - [23/Jul/2023:07:19:48 -0500] "GET /sipse/faces/javax.faces.resource/jquery/jquery.js?ln=primefaces&v=4.0 HTTP/1.1" 304 -
186.99.152.255 - - [23/Jul/2023:07:19:48 -0500] "GET /sipse/faces/javax.faces.resource/jquery/jquery-plugins.js?ln=primefaces&v=4.0 HTTP/1.1" 304 -
186.99.152.255 - - [23/Jul/2023:07:19:48 -0500] "GET /sipse/faces/javax.faces.resource/primefaces.js?ln=primefaces&v=4.0 HTTP/1.1" 304 -
186.99.152.255 - - [23/Jul/2023:07:19:48 -0500] "GET /sipse/faces/javax.faces.resource/layout/layout.js?ln=primefaces&v=4.0 HTTP/1.1" 304 -
186.99.152.255 - - [23/Jul/2023:07:19:48 -0500] "POST /sipse/faces/presentacion/financiero/solicitudProceso/listarSolicitudProceso.xhtml HTTP/1.1" 200 1556
216.245.221.92 - - [23/Jul/2023:07:20:09 -0500] "HEAD / HTTP/1.1" 200 -
186.99.152.255 - - [23/Jul/2023:07:20:24 -0500] "POST /sipse/faces/presentacion/financiero/solicitudProceso/listarSolicitudProceso.xhtml HTTP/1.1" 200 115294
186.99.152.255 - - [23/Jul/2023:07:20:25 -0500] "GET /sipse/faces/javax.faces.resource/theme.css?ln=primefaces-sipse HTTP/1.1" 304 -
186.99.152.255 - - [23/Jul/2023:07:20:25 -0500] "GET /sipse/faces/javax.faces.resource/layout/layout.css?ln=primefaces&v=4.0 HTTP/1.1" 304 -
186.99.152.255 - - [23/Jul/2023:07:20:25 -0500] "GET /sipse/faces/javax.faces.resource/primefaces.css?ln=primefaces&v=4.0 HTTP/1.1" 304 -
186.99.152.255 - - [23/Jul/2023:07:20:25 -0500] "GET /sipse/faces/javax.faces.resource/jquery/jquery.js?ln=primefaces&v=4.0 HTTP/1.1" 304 -
186.99.152.255 - - [23/Jul/2023:07:20:25 -0500] "GET /sipse/faces/javax.faces.resource/jquery/jquery-plugins.js?ln=primefaces&v=4.0 HTTP/1.1" 304 -
186.99.152.255 - - [23/Jul/2023:07:20:25 -0500] "GET /sipse/faces/javax.faces.resource/primefaces.js?ln=primefaces&v=4.0 HTTP/1.1" 304 -
186.99.152.255 - - [23/Jul/2023:07:20:25 -0500] "GET /sipse/faces/javax.faces.resource/layout/layout.js?ln=primefaces&v=4.0 HTTP/1.1" 304 -
186.99.152.255 - - [23/Jul/2023:07:20:44 -0500] "POST /sipse/faces/presentacion/financiero/solicitudProceso/consultarSolicitudProceso.xhtml HTTP/1.1" 200 91053
