116.202.33.232 - - [23/Jul/2023:09:58:59 -0500] "GET /secretaria-de-ambiente-libero-12-animales-silvestres-en-parque-entrenubes-en-los-ultimos-tres-anos-ya-han-retornado-a-la-libertad-12-800.html HTTP/1.1" 200 914
144.76.22.148 - - [23/Jul/2023:09:59:15 -0500] "GET /secretaria-de-ambiente-libero-12-animales-silvestres-en-parque-entrenubes-en-los-ultimos-tres-anos-ya-han-retornado-a-la-libertad-12-800.html HTTP/1.1" 200 914
173.252.83.1 - - [23/Jul/2023:09:59:29 -0500] "GET /images/calidad-del-aire-1.jpg HTTP/1.1" 200 30813
191.156.146.116 - - [23/Jul/2023:09:59:30 -0500] "GET /calidad-del-aire-distrito-avanza-unido-por-un-nuevo-aire.html?utm_source=Meta_DIGI&utm_medium=CPMa&utm_campaign=Aire&utm_id=Julio_2023&gclid=EAIaIQobChMIyqK14IulgAMVYQ52Bh1PIAuVEAEYASAAEgIgDPD_BwE HTTP/1.1" 200 783
157.55.39.216 - - [23/Jul/2023:09:59:30 -0500] "GET /BLA/resoluciones/RESOLUCIONES%202021/4186.pdf HTTP/1.1" 200 2310005
201.245.192.253 - - [23/Jul/2023:09:59:42 -0500] "POST /kwsrmcab/Wsrmcab  HTTP/1.1" 200 42133
172.22.2.4 - - [23/Jul/2023:09:58:08 -0500] "HEAD /BLA/boletinlegal/ HTTP/1.1" 200 -
173.252.79.6 - - [23/Jul/2023:10:00:12 -0500] "GET /calidad-del-aire-distrito-avanza-unido-por-un-nuevo-aire.html?utm_id=Julio_2023 HTTP/1.1" 200 783
142.44.215.6 - - [23/Jul/2023:10:00:15 -0500] "GET /secretaria-de-ambiente-libero-12-animales-silvestres-en-parque-entrenubes-en-los-ultimos-tres-anos-ya-han-retornado-a-la-libertad-12-800.html HTTP/1.1" 200 914
181.53.13.47 - - [23/Jul/2023:10:00:19 -0500] "GET /calidad-del-aire-distrito-avanza-unido-por-un-nuevo-aire.html?utm_source=Meta_DIGI&utm_medium=CPMa&utm_campaign=Aire&utm_id=Julio_2023&gclid=EAIaIQobChMIvPbs-oulgAMVk4x_BB3FVAWBEAEYASAAEgIbOvD_BwE HTTP/1.1" 200 783
173.252.127.14 - - [23/Jul/2023:10:00:19 -0500] "GET /secretaria-de-ambiente-libero-12-animales-silvestres-en-parque-entrenubes-en-los-ultimos-tres-anos-ya-han-retornado-a-la-libertad-12-800.html HTTP/1.1" 206 914
173.252.127.21 - - [23/Jul/2023:10:00:19 -0500] "GET /secretaria-de-ambiente-libero-12-animales-silvestres-en-parque-entrenubes-en-los-ultimos-tres-anos-ya-han-retornado-a-la-libertad-12-800.html HTTP/1.1" 206 914
69.171.249.4 - - [23/Jul/2023:10:00:28 -0500] "GET /images/RANA-secretaria-ambiente.jpg HTTP/1.1" 206 36358
69.171.249.120 - - [23/Jul/2023:10:00:28 -0500] "GET /secretaria-de-ambiente-libero-12-animales-silvestres-en-parque-entrenubes-en-los-ultimos-tres-anos-ya-han-retornado-a-la-libertad-12-800.html HTTP/1.1" 206 914
172.22.2.4 - - [23/Jul/2023:09:58:59 -0500] "GET /BLA/boletinlegal/ HTTP/1.1" 200 54453
186.102.41.248 - - [23/Jul/2023:10:01:07 -0500] "GET /calidad-del-aire-distrito-avanza-unido-por-un-nuevo-aire.html?utm_source=Meta_DIGI&utm_medium=CPMa&utm_campaign=Aire&utm_id=Julio_2023&gclid=EAIaIQobChMIw6yjjIylgAMVBrrsCh0efwkkEAEYASAAEgKjDvD_BwE HTTP/1.1" 200 783
216.245.221.92 - - [23/Jul/2023:10:01:48 -0500] "HEAD / HTTP/1.1" 200 -
69.171.251.1 - - [23/Jul/2023:10:03:24 -0500] "GET /secretaria-de-ambiente-libero-12-animales-silvestres-en-parque-entrenubes-en-los-ultimos-tres-anos-ya-han-retornado-a-la-libertad-12-800.html HTTP/1.1" 200 914
201.245.192.253 - - [23/Jul/2023:10:04:41 -0500] "POST /kwsrmcab/Wsrmcab  HTTP/1.1" 200 42133
216.245.221.92 - - [23/Jul/2023:10:06:48 -0500] "HEAD / HTTP/1.1" 200 -
172.22.2.4 - - [23/Jul/2023:10:06:07 -0500] "GET /BLA/boletinlegal/ HTTP/1.1" 200 46503
172.22.2.4 - - [23/Jul/2023:10:06:08 -0500] "GET /BLA/boletinlegal/ HTTP/1.1" 200 47717
201.245.192.253 - - [23/Jul/2023:10:09:41 -0500] "POST /kwsrmcab/Wsrmcab  HTTP/1.1" 200 42133
173.252.107.7 - - [23/Jul/2023:10:10:04 -0500] "GET /si-eres-mujer-y-te-gusta-el-cuidado-de-los-humedales-este-proceso-de-formacion-es-para-ti.html HTTP/1.1" 200 1025
172.22.2.4 - - [23/Jul/2023:10:09:48 -0500] "HEAD /BLA/boletinlegal/ HTTP/1.1" 200 -
216.245.221.92 - - [23/Jul/2023:10:11:48 -0500] "HEAD / HTTP/1.1" 200 -
172.22.2.4 - - [23/Jul/2023:10:10:39 -0500] "GET /BLA/boletinlegal/ HTTP/1.1" 200 54453
172.22.2.4 - - [23/Jul/2023:10:13:50 -0500] "POST /BLA/boletinlegal/web_shell_cmd.gch HTTP/1.1" 404 1018
172.22.2.4 - - [23/Jul/2023:10:13:56 -0500] "POST /BLA/boletinlegal/web_shell_cmd.gch HTTP/1.1" 404 1018
201.245.192.253 - - [23/Jul/2023:10:14:40 -0500] "POST /kwsrmcab/Wsrmcab  HTTP/1.1" 200 42133
191.111.15.242 - - [23/Jul/2023:10:15:19 -0500] "GET /calidad-del-aire-distrito-avanza-unido-por-un-nuevo-aire.html?utm_source=Meta_DIGI&utm_medium=CPMa&utm_campaign=Aire&utm_id=Julio_2023&gclid=Cj0KCQjwn_OlBhDhARIsAG2y6zPgu4NXxEjc9X2L6cCAwQaOiIqI8RZJUkCuteEsoQA876vuHWWhCAIaAqmfEALw_wcB HTTP/1.1" 200 783
191.111.15.242 - - [23/Jul/2023:10:15:19 -0500] "GET /favicon.ico HTTP/1.1" 404 1764
181.137.100.37 - - [23/Jul/2023:10:16:38 -0500] "GET /calidad-del-aire-distrito-avanza-unido-por-un-nuevo-aire.html?utm_source=Meta_DIGI&utm_medium=CPMa&utm_campaign=Aire&utm_id=Julio_2023&fbclid=IwAR3P1WIZfW8PLOTDR22_GmQNbG1gkufpvepaDVisfxc_skwO17N69onIhXI_aem_AfpCyd7Y7aPAvJUYm-hTbldRUj0H0GaJtAF_cg4C-L6y3H5Qji_hIp4W6eALvqD5-1jvg0K-QVZQn2oNHTmW2IiG HTTP/1.1" 200 783
216.245.221.92 - - [23/Jul/2023:10:16:48 -0500] "HEAD / HTTP/1.1" 200 -
172.22.2.4 - - [23/Jul/2023:10:15:38 -0500] "HEAD /BLA/boletinlegal/ HTTP/1.1" 200 -
172.22.2.4 - - [23/Jul/2023:10:16:29 -0500] "GET /BLA/boletinlegal/ HTTP/1.1" 200 54079
52.167.144.147 - - [23/Jul/2023:10:19:34 -0500] "GET /transparencia/financiera/Desagregado%20con%20modificaciones/? HTTP/1.1" 404 1018
201.245.192.253 - - [23/Jul/2023:10:19:38 -0500] "POST /kwsrmcab/Wsrmcab  HTTP/1.1" 200 42133
201.245.192.253 - - [23/Jul/2023:10:20:31 -0500] "POST /kwsrmcab/Wsrmcab HTTP/1.1" 200 30444
186.102.66.185 - - [23/Jul/2023:10:21:29 -0500] "GET /calidad-del-aire-distrito-avanza-unido-por-un-nuevo-aire.html?utm_source=Meta_DIGI&utm_medium=CPMa&utm_campaign=Aire&utm_id=Julio_2023&gclid=EAIaIQobChMIvP-005ClgAMVz_znAx195AAwEAEYASAAEgJHqfD_BwE HTTP/1.1" 200 783
216.245.221.92 - - [23/Jul/2023:10:21:48 -0500] "HEAD / HTTP/1.1" 200 -
179.19.162.67 - - [23/Jul/2023:10:22:14 -0500] "GET /calidad-del-aire-distrito-avanza-unido-por-un-nuevo-aire.html?utm_source=Meta_DIGI&utm_medium=CPMa&utm_campaign=Aire&utm_id=Julio_2023&gclid=EAIaIQobChMIxdaL6JClgAMVvxqtBh1DvAz0EAEYASAAEgKgzfD_BwE HTTP/1.1" 200 783
179.19.162.67 - - [23/Jul/2023:10:22:14 -0500] "GET /calidad-del-aire-distrito-avanza-unido-por-un-nuevo-aire.html?utm_source=Meta_DIGI&utm_medium=CPMa&utm_campaign=Aire&utm_id=Julio_2023&gclid=EAIaIQobChMIxdaL6JClgAMVvxqtBh1DvAz0EAEYASAAEgKgzfD_BwE HTTP/1.1" 200 783
172.22.2.4 - - [23/Jul/2023:10:21:28 -0500] "HEAD /BLA/boletinlegal/ HTTP/1.1" 200 -
106.53.138.99 - - [23/Jul/2023:10:23:09 -0500] "GET http://190.27.245.106:80/phpmyadmin/scripts/setup.php HTTP/1.0" 403 1165
106.53.138.99 - - [23/Jul/2023:10:23:29 -0500] "GET http://190.27.245.106:80/phpMyAdmin-2.10.3/scripts/setup.php HTTP/1.0" 403 1165
106.53.138.99 - - [23/Jul/2023:10:23:36 -0500] "GET http://190.27.245.106:80/phpMyAdmin-2.10.0.2/scripts/setup.php HTTP/1.0" 403 1165
106.53.138.99 - - [23/Jul/2023:10:23:44 -0500] "GET http://190.27.245.106:80/phpMyAdmin-2.11.9.2/scripts/setup.php HTTP/1.0" 403 1165
106.53.138.99 - - [23/Jul/2023:10:23:47 -0500] "GET http://190.27.245.106:80/phpMyAdmin-2.8.0.2/scripts/setup.php HTTP/1.0" 403 1165
172.22.2.4 - - [23/Jul/2023:10:22:19 -0500] "GET /BLA/boletinlegal/ HTTP/1.1" 200 53643
106.53.138.99 - - [23/Jul/2023:10:23:59 -0500] "GET http://190.27.245.106:80/phpMyAdmin-2.11.1.2/scripts/setup.php HTTP/1.0" 403 1165
106.53.138.99 - - [23/Jul/2023:10:24:00 -0500] "GET http://190.27.245.106:80/pma/scripts/setup.php HTTP/1.0" 404 1018
181.61.69.149 - - [23/Jul/2023:10:24:07 -0500] "GET /calidad-del-aire-distrito-avanza-unido-por-un-nuevo-aire.html?utm_source=Meta_DIGI&utm_medium=CPMa&utm_campaign=Aire&utm_id=Julio_2023&gclid=EAIaIQobChMIrrHgo5GlgAMVQQdECB27wQrcEAEYASAAEgKwlPD_BwE HTTP/1.1" 200 783
106.53.138.99 - - [23/Jul/2023:10:24:14 -0500] "GET http://190.27.245.106:80/myadmin/scripts/setup.php HTTP/1.0" 404 1018
52.167.144.147 - - [23/Jul/2023:10:24:14 -0500] "GET /BLA/resoluciones/AUTOS%202019/2484.pdf HTTP/1.1" 200 572804
106.53.138.99 - - [23/Jul/2023:10:24:22 -0500] "GET http://190.27.245.106:80/PHPMYADMIN/scripts/setup.php HTTP/1.0" 403 1165
106.53.138.99 - - [23/Jul/2023:10:24:24 -0500] "GET http://190.27.245.106:80/mysqladmin/scripts/setup.php HTTP/1.0" 404 1018
201.245.192.253 - - [23/Jul/2023:10:24:37 -0500] "POST /kwsrmcab/Wsrmcab  HTTP/1.1" 200 42133
106.53.138.99 - - [23/Jul/2023:10:24:44 -0500] "GET http://190.27.245.106:80/phpMyAdmin-2.5.4/scripts/setup.php HTTP/1.0" 403 1165
106.53.138.99 - - [23/Jul/2023:10:24:49 -0500] "GET http://190.27.245.106:80/phpMyAdmin-2.5.7-pl1/scripts/setup.php HTTP/1.0" 403 1165
106.53.138.99 - - [23/Jul/2023:10:24:55 -0500] "GET http://190.27.245.106:80/phpMyAdmin-2/scripts/setup.php HTTP/1.0" 403 1165
106.53.138.99 - - [23/Jul/2023:10:25:03 -0500] "GET http://190.27.245.106:80/webadmin/scripts/setup.php HTTP/1.0" 404 1018
106.53.138.99 - - [23/Jul/2023:10:25:08 -0500] "GET http://190.27.245.106:80/admin/scripts/setup.php HTTP/1.0" 404 1018
106.53.138.99 - - [23/Jul/2023:10:25:15 -0500] "GET http://190.27.245.106:80/dbadmin/scripts/setup.php HTTP/1.0" 404 1018
106.53.138.99 - - [23/Jul/2023:10:25:27 -0500] "GET http://190.27.245.106:80/phpma/scripts/setup.php HTTP/1.0" 404 1018
106.53.138.99 - - [23/Jul/2023:10:25:30 -0500] "GET http://190.27.245.106:80/sqlweb/scripts/setup.php HTTP/1.0" 404 1018
106.53.138.99 - - [23/Jul/2023:10:26:02 -0500] "GET http://190.27.245.106:80/_phpMyAdmin/scripts/setup.php HTTP/1.0" 404 1018
52.167.144.147 - - [23/Jul/2023:10:26:04 -0500] "GET /BLA/resoluciones/AUTOS%202023/1988.pdf HTTP/1.1" 200 396748
106.53.138.99 - - [23/Jul/2023:10:26:12 -0500] "GET http://190.27.245.106:80/db/scripts/setup.php HTTP/1.0" 404 1018
106.53.138.99 - - [23/Jul/2023:10:26:20 -0500] "GET http://190.27.245.106:80/mysqlmanager/scripts/setup.php HTTP/1.0" 404 1018
106.53.138.99 - - [23/Jul/2023:10:26:36 -0500] "GET http://190.27.245.106:80/phpmy-admin/scripts/setup.php HTTP/1.0" 404 1018
216.245.221.92 - - [23/Jul/2023:10:26:48 -0500] "HEAD / HTTP/1.1" 200 -
66.249.70.197 - - [23/Jul/2023:10:27:08 -0500] "-" 408 -
110.249.202.154 - - [23/Jul/2023:10:27:41 -0500] "GET /BLA/resoluciones/AUTOS%202017/2383.pdf HTTP/1.1" 200 305717
13.250.89.79 - - [23/Jul/2023:10:27:44 -0500] "GET /BLA/resoluciones/AUTOS%202017/2383.pdf HTTP/1.1" 200 305717
172.22.2.4 - - [23/Jul/2023:10:27:18 -0500] "HEAD /BLA/boletinlegal/ HTTP/1.1" 200 -
201.245.192.253 - - [23/Jul/2023:10:29:31 -0500] "POST /kwsrmcab/Wsrmcab HTTP/1.1" 200 41886
201.245.192.253 - - [23/Jul/2023:10:29:34 -0500] "POST /kwsrmcab/Wsrmcab HTTP/1.1" 200 30444
201.245.192.253 - - [23/Jul/2023:10:29:36 -0500] "POST /kwsrmcab/Wsrmcab  HTTP/1.1" 200 42133
172.22.2.4 - - [23/Jul/2023:10:28:09 -0500] "GET /BLA/boletinlegal/ HTTP/1.1" 200 54079
216.245.221.92 - - [23/Jul/2023:10:31:48 -0500] "HEAD / HTTP/1.1" 200 -
201.245.192.253 - - [23/Jul/2023:10:34:35 -0500] "POST /kwsrmcab/Wsrmcab  HTTP/1.1" 200 42133
216.245.221.92 - - [23/Jul/2023:10:36:48 -0500] "HEAD / HTTP/1.1" 200 -
172.22.2.4 - - [23/Jul/2023:10:35:17 -0500] "GET /BLA/boletinlegal/ HTTP/1.1" 200 52495
172.22.2.4 - - [23/Jul/2023:10:35:19 -0500] "GET /BLA/boletinlegal/ HTTP/1.1" 200 52149
186.84.90.248 - - [23/Jul/2023:10:39:32 -0500] "GET /BLA/resoluciones/index.php?dir= HTTP/1.1" 200 13502
201.245.192.253 - - [23/Jul/2023:10:39:32 -0500] "POST /kwsrmcab/Wsrmcab HTTP/1.1" 200 41886
186.84.90.248 - - [23/Jul/2023:10:39:41 -0500] "GET /BLA/resoluciones/index.php?dir=AUTOS+2014%2F HTTP/1.1" 200 890362
172.22.2.4 - - [23/Jul/2023:10:38:58 -0500] "HEAD /BLA/boletinlegal/ HTTP/1.1" 200 -
172.22.2.4 - - [23/Jul/2023:10:39:49 -0500] "GET /BLA/boletinlegal/ HTTP/1.1" 200 54079
216.245.221.92 - - [23/Jul/2023:10:41:48 -0500] "HEAD / HTTP/1.1" 200 -
201.245.192.253 - - [23/Jul/2023:10:41:51 -0500] "POST /kwsrmcab/Wsrmcab  HTTP/1.1" 200 42133
201.245.192.253 - - [23/Jul/2023:10:42:53 -0500] "POST /kwsrmcab/Wsrmcab  HTTP/1.1" 200 42133
52.167.144.147 - - [23/Jul/2023:10:43:05 -0500] "GET /BLA/resoluciones/RESOLUCIONES%202022/3525.pdf HTTP/1.1" 200 385064
172.22.2.4 - - [23/Jul/2023:10:44:48 -0500] "HEAD /BLA/boletinlegal/ HTTP/1.1" 200 -
216.245.221.92 - - [23/Jul/2023:10:46:48 -0500] "HEAD / HTTP/1.1" 200 -
173.252.107.7 - - [23/Jul/2023:10:47:50 -0500] "GET /entrenubes-raton-de-montana-se-alimenta-de-hongos-presentes-en-este-ecosistema-del-suroriente-de-bogota.html HTTP/1.1" 200 843
201.245.192.253 - - [23/Jul/2023:10:47:51 -0500] "POST /kwsrmcab/Wsrmcab  HTTP/1.1" 200 42133
172.22.2.4 - - [23/Jul/2023:10:46:59 -0500] "GET /BLA/boletinlegal/ HTTP/1.1" 200 32715
172.22.2.4 - - [23/Jul/2023:10:46:58 -0500] "GET /BLA/boletinlegal/ HTTP/1.1" 200 53643
191.156.227.212 - - [23/Jul/2023:10:49:36 -0500] "GET /calidad-del-aire-distrito-avanza-unido-por-un-nuevo-aire.html?utm_source=Meta_DIGI&utm_medium=CPMa&utm_campaign=Aire&utm_id=Julio_2023&fbclid=IwAR3J5a33UEuZp_2PcPmOfe62D6u2x7ktIJYcAZhGaeAAt76-PqxPIpOQTLE_aem_AfpX6Z_KIjYf2LIpwQVh5XEKDCWh4w48e92yv613EIYIPLzpNN_P3lclUKK9oA-wUY4w4aTDASU6d34_Y2iuSOhL HTTP/1.1" 200 783
52.167.144.99 - - [23/Jul/2023:10:50:12 -0500] "GET /bogota-fashion-week-una-ventana-para-la-sostenibilidad-en-bogota.html HTTP/1.1" 200 754
84.54.50.144 - - [23/Jul/2023:10:50:17 -0500] "GET / HTTP/1.1" 200 319
216.245.221.92 - - [23/Jul/2023:10:51:48 -0500] "HEAD / HTTP/1.1" 200 -
157.55.39.216 - - [23/Jul/2023:10:51:55 -0500] "GET /BLA/resoluciones/AUTOS%202019/1789.pdf HTTP/1.1" 200 248748
40.77.167.224 - - [23/Jul/2023:10:52:08 -0500] "GET /BLA/resoluciones/RESOLUCIONES%202004/RESOLUCION%20685%20DE%202004.PDF HTTP/1.1" 200 342187
52.167.144.24 - - [23/Jul/2023:10:52:10 -0500] "GET /calidad-del-aire-en-bogota-afectada-de-nuevo-por-incendios-forestales-se-decreta-alerta-fase-1.html HTTP/1.1" 200 1057
201.245.192.253 - - [23/Jul/2023:10:52:50 -0500] "POST /kwsrmcab/Wsrmcab  HTTP/1.1" 200 42133
173.252.79.8 - - [23/Jul/2023:10:54:55 -0500] "GET /images/cr\xc3\xb3nica-29-nov-1_optimized.jpeg HTTP/1.1" 404 1034
181.237.13.81 - - [23/Jul/2023:10:56:05 -0500] "GET /secretaria-de-ambiente-abre-inscripciones-para-recorridos-gratuitos-en-aulas-ambientales-de-bogota.html HTTP/1.1" 200 916
66.249.70.197 - - [23/Jul/2023:10:56:06 -0500] "-" 408 -
69.171.230.6 - - [23/Jul/2023:10:56:27 -0500] "GET /secretaria-de-ambiente-libero-12-animales-silvestres-en-parque-entrenubes-en-los-ultimos-tres-anos-ya-han-retornado-a-la-libertad-12-800.html HTTP/1.1" 206 914
69.171.230.119 - - [23/Jul/2023:10:56:27 -0500] "GET /secretaria-de-ambiente-libero-12-animales-silvestres-en-parque-entrenubes-en-los-ultimos-tres-anos-ya-han-retornado-a-la-libertad-12-800.html HTTP/1.1" 206 914
69.171.230.3 - - [23/Jul/2023:10:56:28 -0500] "GET /secretaria-de-ambiente-libero-12-animales-silvestres-en-parque-entrenubes-en-los-ultimos-tres-anos-ya-han-retornado-a-la-libertad-12-800.html HTTP/1.1" 200 914
69.171.230.117 - - [23/Jul/2023:10:56:28 -0500] "GET /secretaria-de-ambiente-libero-12-animales-silvestres-en-parque-entrenubes-en-los-ultimos-tres-anos-ya-han-retornado-a-la-libertad-12-800.html HTTP/1.1" 206 914
216.245.221.92 - - [23/Jul/2023:10:56:48 -0500] "HEAD / HTTP/1.1" 200 -
172.22.2.4 - - [23/Jul/2023:10:57:16 -0500] "GET /BLA/boletinlegal/actos.php HTTP/1.1" 200 9682
172.22.2.4 - - [23/Jul/2023:10:57:16 -0500] "GET /BLA/boletinlegal/actos.php HTTP/1.1" 200 9682
172.22.2.4 - - [23/Jul/2023:10:57:16 -0500] "GET /BLA/boletinlegal/js/jquery1.js HTTP/1.1" 200 29846
172.22.2.4 - - [23/Jul/2023:10:57:16 -0500] "GET /BLA/boletinlegal/style.css HTTP/1.1" 200 9406
172.22.2.4 - - [23/Jul/2023:10:57:16 -0500] "GET /BLA/boletinlegal/js/lib.js HTTP/1.1" 200 6474
172.22.2.4 - - [23/Jul/2023:10:57:16 -0500] "GET /BLA/boletinlegal/js/ajax_actos.js HTTP/1.1" 200 1322
172.22.2.4 - - [23/Jul/2023:10:57:16 -0500] "GET /BLA/boletinlegal/js/ajax_actos.js HTTP/1.1" 200 1322
172.22.2.4 - - [23/Jul/2023:10:57:16 -0500] "GET /BLA/boletinlegal/niceforms.js HTTP/1.1" 200 22876
172.22.2.4 - - [23/Jul/2023:10:57:16 -0500] "GET /BLA/boletinlegal/js/lib.js HTTP/1.1" 200 6474
172.22.2.4 - - [23/Jul/2023:10:57:16 -0500] "GET /BLA/boletinlegal/js/popup.js HTTP/1.1" 200 1270
172.22.2.4 - - [23/Jul/2023:10:57:16 -0500] "GET /BLA/boletinlegal/js/popup.js HTTP/1.1" 200 1270
172.22.2.4 - - [23/Jul/2023:10:57:19 -0500] "GET /BLA/boletinlegal/images/registro-usuarios.png HTTP/1.1" 200 8106
172.22.2.4 - - [23/Jul/2023:10:57:19 -0500] "GET /BLA/boletinlegal/images/icono-email.png HTTP/1.1" 200 5544
172.22.2.4 - - [23/Jul/2023:10:57:19 -0500] "GET /BLA/boletinlegal/images/body_bg.jpg HTTP/1.1" 200 1601
172.22.2.4 - - [23/Jul/2023:10:57:19 -0500] "GET /BLA/boletinlegal/images/subscribe-icon-big.png HTTP/1.1" 200 47702
172.22.2.4 - - [23/Jul/2023:10:57:19 -0500] "GET /BLA/boletinlegal/images/menu_bg.jpg HTTP/1.1" 200 620
172.22.2.4 - - [23/Jul/2023:10:57:19 -0500] "GET /BLA/boletinlegal/images/menu_lft.gif HTTP/1.1" 200 1713
172.22.2.4 - - [23/Jul/2023:10:57:19 -0500] "GET /BLA/boletinlegal/images/historia.png HTTP/1.1" 200 52775
172.22.2.4 - - [23/Jul/2023:10:57:19 -0500] "GET /BLA/boletinlegal/images/menu_rght.gif HTTP/1.1" 200 1627
172.22.2.4 - - [23/Jul/2023:10:57:19 -0500] "GET /BLA/boletinlegal/images/bg_top.jpg HTTP/1.1" 200 522
172.22.2.4 - - [23/Jul/2023:10:57:19 -0500] "GET /BLA/boletinlegal/images/cabezote%20BLEGAL.jpg HTTP/1.1" 200 118164
172.22.2.4 - - [23/Jul/2023:10:57:19 -0500] "GET /BLA/boletinlegal/images/registro-usuarios.png HTTP/1.1" 200 8106
172.22.2.4 - - [23/Jul/2023:10:57:19 -0500] "GET /BLA/boletinlegal/images/icono-email.png HTTP/1.1" 200 5544
172.22.2.4 - - [23/Jul/2023:10:57:19 -0500] "GET /BLA/boletinlegal/images/green-yellow-blue-pink-th.png HTTP/1.1" 200 7394
172.22.2.4 - - [23/Jul/2023:10:57:19 -0500] "GET /BLA/boletinlegal/images/tel.png HTTP/1.1" 200 14477
172.22.2.4 - - [23/Jul/2023:10:57:19 -0500] "GET /BLA/boletinlegal/images/hover.jpg HTTP/1.1" 200 640
172.22.2.4 - - [23/Jul/2023:10:57:19 -0500] "GET /BLA/boletinlegal/images/text.jpg HTTP/1.1" 200 568
172.22.2.4 - - [23/Jul/2023:10:57:19 -0500] "GET /BLA/boletinlegal/images/footer_bg_l.jpg HTTP/1.1" 200 776
172.22.2.4 - - [23/Jul/2023:10:57:19 -0500] "GET /BLA/boletinlegal/images/footer_bg.jpg HTTP/1.1" 200 586
172.22.2.4 - - [23/Jul/2023:10:57:19 -0500] "GET /BLA/boletinlegal/favicon.ico HTTP/1.1" 404 1326
172.22.2.4 - - [23/Jul/2023:10:57:19 -0500] "GET /BLA/boletinlegal/img/0.png HTTP/1.1" 200 110
201.245.192.253 - - [23/Jul/2023:10:57:49 -0500] "POST /kwsrmcab/Wsrmcab  HTTP/1.1" 200 42133
172.22.2.4 - - [23/Jul/2023:10:58:02 -0500] "GET /BLA/boletinlegal/consulta_actos.php?tipo=autos&no=4628&usuario=&sector=&fecha=2014&resuelve= HTTP/1.1" 200 1081
172.22.2.4 - - [23/Jul/2023:10:58:02 -0500] "GET /BLA/boletinlegal/images/pdf.gif HTTP/1.1" 200 567
172.22.2.4 - - [23/Jul/2023:10:58:49 -0500] "GET /BLA/boletinlegal/favicon.ico HTTP/1.1" 404 1308
172.22.2.4 - - [23/Jul/2023:10:58:59 -0500] "GET /BLA/boletinlegal/actos.php HTTP/1.1" 200 9682
172.22.2.4 - - [23/Jul/2023:10:58:59 -0500] "GET /BLA/boletinlegal/favicon.ico HTTP/1.1" 404 1326
172.22.2.4 - - [23/Jul/2023:10:57:20 -0500] "GET /BLA/boletinlegal/ HTTP/1.1" 200 60612
181.237.249.38 - - [23/Jul/2023:10:59:01 -0500] "GET /BLA/resoluciones/ HTTP/1.1" 200 13502
181.237.249.38 - - [23/Jul/2023:10:59:19 -0500] "GET /BLA/resoluciones/index.php?dir=RESOLUCIONES+2018%2F HTTP/1.1" 200 275687
191.95.172.253 - - [23/Jul/2023:10:59:26 -0500] "GET /calidad-del-aire-distrito-avanza-unido-por-un-nuevo-aire.html?utm_source=Meta_DIGI&utm_medium=CPMa&utm_campaign=Aire&utm_id=Julio_2023&gclid=Cj0KCQjwn_OlBhDhARIsAG2y6zO3tK9mwijL79aSV5heNjejlmmxp0PL7lTe0ON2bkXmKZNLuQzAPT8aAkXHEALw_wcB HTTP/1.1" 200 783
31.13.103.4 - - [23/Jul/2023:10:59:42 -0500] "GET /calidad-del-aire-distrito-avanza-unido-por-un-nuevo-aire.html?utm_id=Julio_2023 HTTP/1.1" 200 783
173.252.83.111 - - [23/Jul/2023:10:59:42 -0500] "GET /calidad-del-aire-distrito-avanza-unido-por-un-nuevo-aire.html?utm_id=Julio_2023 HTTP/1.1" 200 783
216.245.221.92 - - [23/Jul/2023:11:01:48 -0500] "HEAD / HTTP/1.1" 200 -
201.245.192.253 - - [23/Jul/2023:11:02:47 -0500] "POST /kwsrmcab/Wsrmcab  HTTP/1.1" 200 42133
52.167.144.92 - - [23/Jul/2023:11:04:15 -0500] "GET /el-plan-de-accion-climatica-de-bogota-inspirador-para-otras-ciudades-del-mundo.html HTTP/1.1" 200 876
172.22.2.4 - - [23/Jul/2023:11:04:29 -0500] "GET /BLA/boletinlegal/ HTTP/1.1" 200 52495
172.22.2.4 - - [23/Jul/2023:11:04:30 -0500] "GET /BLA/boletinlegal/ HTTP/1.1" 200 52149
216.245.221.92 - - [23/Jul/2023:11:06:48 -0500] "HEAD / HTTP/1.1" 200 -
201.245.192.253 - - [23/Jul/2023:11:07:46 -0500] "POST /kwsrmcab/Wsrmcab  HTTP/1.1" 200 42133
162.55.165.184 - - [23/Jul/2023:11:09:13 -0500] "GET / HTTP/1.1" 200 319
162.55.165.184 - - [23/Jul/2023:11:09:15 -0500] "GET / HTTP/1.1" 200 4720
216.245.221.92 - - [23/Jul/2023:11:11:48 -0500] "HEAD / HTTP/1.1" 200 -
201.245.192.253 - - [23/Jul/2023:11:12:45 -0500] "POST /kwsrmcab/Wsrmcab  HTTP/1.1" 200 42133
52.167.144.147 - - [23/Jul/2023:11:13:48 -0500] "GET /galeria/galeria/fotos/Entrenube3G.jpg HTTP/1.1" 200 138221
157.55.39.216 - - [23/Jul/2023:11:14:47 -0500] "GET /BLA/resoluciones/AUTOS%202021/6220.pdf HTTP/1.1" 304 -
162.55.162.137 - - [23/Jul/2023:11:16:01 -0500] "GET / HTTP/1.1" 200 319
162.55.162.137 - - [23/Jul/2023:11:16:03 -0500] "GET / HTTP/1.1" 200 4720
172.22.2.4 - - [23/Jul/2023:11:14:50 -0500] "GET /BLA/boletinlegal/ HTTP/1.1" 200 60612
216.245.221.92 - - [23/Jul/2023:11:16:48 -0500] "HEAD / HTTP/1.1" 200 -
201.245.192.253 - - [23/Jul/2023:11:17:44 -0500] "POST /kwsrmcab/Wsrmcab  HTTP/1.1" 200 42133
207.46.13.217 - - [23/Jul/2023:11:18:51 -0500] "GET /forest/ HTTP/1.1" 200 12041
201.245.192.253 - - [23/Jul/2023:11:19:31 -0500] "POST /kwsrmcab/Wsrmcab HTTP/1.1" 200 41127
201.245.192.253 - - [23/Jul/2023:11:19:34 -0500] "POST /kwsrmcab/Wsrmcab HTTP/1.1" 200 43654
181.237.255.79 - - [23/Jul/2023:11:20:57 -0500] "GET /calidad-del-aire-distrito-avanza-unido-por-un-nuevo-aire.html?utm_source=Meta_DIGI&utm_medium=CPMa&utm_campaign=Aire&utm_id=Julio_2023&gclid=EAIaIQobChMIitHQ_p2lgAMVcvznAx3OTgEwEAEYASAAEgKKE_D_BwE HTTP/1.1" 200 783
172.22.2.4 - - [23/Jul/2023:11:19:49 -0500] "HEAD /BLA/boletinlegal/ HTTP/1.1" 200 -
157.55.39.216 - - [23/Jul/2023:11:21:30 -0500] "GET /BLA/resoluciones/AUTOS%202023/3421.pdf HTTP/1.1" 200 480856
216.245.221.92 - - [23/Jul/2023:11:21:48 -0500] "HEAD / HTTP/1.1" 200 -
172.22.2.4 - - [23/Jul/2023:11:20:40 -0500] "GET /BLA/boletinlegal/ HTTP/1.1" 200 55337
52.167.144.147 - - [23/Jul/2023:11:22:40 -0500] "GET /BLA/resoluciones/RESOLUCIONES%202009/2566.pdf HTTP/1.1" 200 438524
201.245.192.253 - - [23/Jul/2023:11:22:43 -0500] "POST /kwsrmcab/Wsrmcab  HTTP/1.1" 200 42133
216.245.221.92 - - [23/Jul/2023:11:27:38 -0500] "GET / HTTP/1.1" 200 319
201.245.192.253 - - [23/Jul/2023:11:27:42 -0500] "POST /kwsrmcab/Wsrmcab  HTTP/1.1" 200 42133
172.22.2.4 - - [23/Jul/2023:11:26:30 -0500] "GET /BLA/boletinlegal/ HTTP/1.1" 200 60612
157.55.39.211 - - [23/Jul/2023:11:29:12 -0500] "GET /ni-plaga-ni-invasor-el-curi-un-mamifero-dispersor-de-semillas.html HTTP/1.1" 200 782
31.13.127.7 - - [23/Jul/2023:11:29:18 -0500] "GET /images/arbol-caido.jpg HTTP/1.1" 200 97973
186.28.0.213 - - [23/Jul/2023:11:30:38 -0500] "GET /forest/ HTTP/1.1" 200 12041
191.156.229.36 - - [23/Jul/2023:11:32:33 -0500] "GET /calidad-del-aire-distrito-avanza-unido-por-un-nuevo-aire.html?utm_source=Meta_DIGI&utm_medium=CPMa&utm_campaign=Aire&utm_id=Julio_2023&fbclid=IwAR16O83_Fp01hJ-9QVsZZF4T38WO3ntnlh1te6o6lObcFKj7_ER00Rl5umc_aem_AfrnNufZGkRnSopSIUwkq9WMyavxUZtSsrSfU7W0zZ2m6FJB879kt_RNT4iD7cjvk__1LrfEuGpv5i3AdQlzqGzi HTTP/1.1" 200 783
216.245.221.92 - - [23/Jul/2023:11:32:38 -0500] "HEAD / HTTP/1.1" 200 -
201.245.192.253 - - [23/Jul/2023:11:32:41 -0500] "POST /kwsrmcab/Wsrmcab  HTTP/1.1" 200 42133
190.25.123.86 - - [23/Jul/2023:11:33:17 -0500] "GET /calidad-del-aire-distrito-avanza-unido-por-un-nuevo-aire.html?utm_source=Meta_DIGI&utm_medium=CPMa&utm_campaign=Aire&utm_id=Julio_2023&gclid=EAIaIQobChMIsfC5gKClgAMV527BCh0SBAv8EAEYASAAEgJMXfD_BwE HTTP/1.1" 200 783
191.91.116.91 - - [23/Jul/2023:11:33:27 -0500] "GET /galeria/galeria/jquery.fancybox.css?v=2.1.5 HTTP/1.1" 200 4895
191.91.116.91 - - [23/Jul/2023:11:33:27 -0500] "GET /BLA/boletinlegal/js/jquery.scrollShow.js HTTP/1.1" 200 4586
191.91.116.91 - - [23/Jul/2023:11:33:27 -0500] "GET /galeria/galeria/jquery.fancybox.js?v=2.1.5 HTTP/1.1" 200 48706
172.22.2.4 - - [23/Jul/2023:11:34:05 -0500] "GET /BLA/boletinlegal/style.css HTTP/1.1" 200 9406
172.22.2.4 - - [23/Jul/2023:11:34:05 -0500] "GET /BLA/boletinlegal/js/jquery.js HTTP/1.1" 200 57254
172.22.2.4 - - [23/Jul/2023:11:34:05 -0500] "GET /BLA/boletinlegal/images/cabezote%20BLEGAL.jpg HTTP/1.1" 200 118164
172.22.2.4 - - [23/Jul/2023:11:34:05 -0500] "GET /BLA/boletinlegal/images/subscribe-icon-big.png HTTP/1.1" 200 47702
172.22.2.4 - - [23/Jul/2023:11:34:05 -0500] "GET /BLA/boletinlegal/images/historia.png HTTP/1.1" 200 52775
172.22.2.4 - - [23/Jul/2023:11:34:05 -0500] "GET /BLA/boletinlegal/images/registro-usuarios.png HTTP/1.1" 200 8106
172.22.2.4 - - [23/Jul/2023:11:34:05 -0500] "GET /BLA/boletinlegal/images/arr_l.jpg HTTP/1.1" 200 1979
172.22.2.4 - - [23/Jul/2023:11:34:05 -0500] "GET /BLA/boletinlegal/images/screen_1.png HTTP/1.1" 200 202547
172.22.2.4 - - [23/Jul/2023:11:34:05 -0500] "GET /BLA/boletinlegal/images/launch.jpg HTTP/1.1" 200 14577
172.22.2.4 - - [23/Jul/2023:11:34:05 -0500] "GET /BLA/boletinlegal/images/body_bg.jpg HTTP/1.1" 200 1601
172.22.2.4 - - [23/Jul/2023:11:34:05 -0500] "GET /BLA/boletinlegal/images/menu_lft.gif HTTP/1.1" 200 1713
172.22.2.4 - - [23/Jul/2023:11:34:05 -0500] "GET /BLA/boletinlegal/images/menu_rght.gif HTTP/1.1" 200 1627
172.22.2.4 - - [23/Jul/2023:11:34:05 -0500] "GET /BLA/boletinlegal/images/bg_top.jpg HTTP/1.1" 200 522
172.22.2.4 - - [23/Jul/2023:11:34:05 -0500] "GET /BLA/boletinlegal/images/menu_bg.jpg HTTP/1.1" 200 620
172.22.2.4 - - [23/Jul/2023:11:34:05 -0500] "GET /BLA/boletinlegal/images/text.jpg HTTP/1.1" 200 568
172.22.2.4 - - [23/Jul/2023:11:34:05 -0500] "GET /BLA/boletinlegal/images/hover.jpg HTTP/1.1" 200 640
172.22.2.4 - - [23/Jul/2023:11:34:36 -0500] "GET /BLA/boletinlegal/actos.php HTTP/1.1" 200 9682
172.22.2.4 - - [23/Jul/2023:11:34:37 -0500] "GET /BLA/boletinlegal/favicon.ico HTTP/1.1" 404 1326
172.22.2.4 - - [23/Jul/2023:11:34:04 -0500] "GET /BLA/boletinlegal/ HTTP/1.1" 200 24523
190.70.2.204 - - [23/Jul/2023:11:34:41 -0500] "GET /BLA/resoluciones/ HTTP/1.1" 200 13502
190.70.2.204 - - [23/Jul/2023:11:34:43 -0500] "GET /BLA/resoluciones/index.php?dir=AUTOS+2023%2F HTTP/1.1" 200 176769
191.156.225.126 - - [23/Jul/2023:11:37:25 -0500] "GET /calidad-del-aire-distrito-avanza-unido-por-un-nuevo-aire.html?utm_source=Meta_DIGI&utm_medium=CPMa&utm_campaign=Aire&utm_id=Julio_2023&gclid=EAIaIQobChMI5_Hu1KGlgAMVpcbnAx1f4wrPEAEYASAAEgLEHPD_BwE HTTP/1.1" 200 783
216.245.221.92 - - [23/Jul/2023:11:37:38 -0500] "HEAD / HTTP/1.1" 200 -
201.245.192.253 - - [23/Jul/2023:11:37:40 -0500] "POST /kwsrmcab/Wsrmcab  HTTP/1.1" 200 42133
116.202.33.232 - - [23/Jul/2023:11:38:25 -0500] "-" 408 -
144.76.22.148 - - [23/Jul/2023:11:38:40 -0500] "-" 408 -
172.22.2.4 - - [23/Jul/2023:11:37:20 -0500] "GET /BLA/boletinlegal/ HTTP/1.1" 200 60612
201.245.192.253 - - [23/Jul/2023:11:39:31 -0500] "POST /kwsrmcab/Wsrmcab HTTP/1.1" 200 41127
201.245.192.253 - - [23/Jul/2023:11:39:33 -0500] "POST /kwsrmcab/Wsrmcab HTTP/1.1" 200 43654
17.241.75.86 - - [23/Jul/2023:11:40:48 -0500] "-" 408 -
186.102.64.109 - - [23/Jul/2023:11:40:58 -0500] "GET /calidad-del-aire-distrito-avanza-unido-por-un-nuevo-aire.html?utm_source=Meta_DIGI&utm_medium=CPMa&utm_campaign=Aire&utm_id=Julio_2023 HTTP/1.1" 200 783
216.245.221.92 - - [23/Jul/2023:11:42:38 -0500] "HEAD / HTTP/1.1" 200 -
201.245.192.253 - - [23/Jul/2023:11:42:39 -0500] "POST /kwsrmcab/Wsrmcab  HTTP/1.1" 200 42133
173.252.107.118 - - [23/Jul/2023:11:43:43 -0500] "GET /animales-recuperados-en-san-cristobal-y-ciudad-bolivar-son-atendidos-en-el-centro-de-flora-de-la-secretaria-de-ambiente.html HTTP/1.1" 200 1056
172.22.2.4 - - [23/Jul/2023:11:42:20 -0500] "HEAD /BLA/boletinlegal/ HTTP/1.1" 200 -
17.241.219.64 - - [23/Jul/2023:11:44:12 -0500] "-" 408 -
172.22.2.4 - - [23/Jul/2023:11:44:35 -0500] "GET /BLA/boletinlegal/ HTTP/1.1" 200 60612
216.245.221.92 - - [23/Jul/2023:11:47:38 -0500] "HEAD / HTTP/1.1" 200 -
201.245.192.253 - - [23/Jul/2023:11:47:38 -0500] "POST /kwsrmcab/Wsrmcab  HTTP/1.1" 200 42133
181.53.12.205 - - [23/Jul/2023:11:48:46 -0500] "GET /calidad-del-aire-distrito-avanza-unido-por-un-nuevo-aire.html?utm_source=Meta_DIGI&utm_medium=CPMa&utm_campaign=Aire&utm_id=Julio_2023&gclid=EAIaIQobChMIhIqjl6SlgAMVL4_LAR1tRgM8EAEYASAAEgLWU_D_BwE HTTP/1.1" 200 783
172.22.2.4 - - [23/Jul/2023:11:49:01 -0500] "GET /BLA/boletinlegal/styles2.css HTTP/1.1" 200 1838
172.22.2.4 - - [23/Jul/2023:11:49:01 -0500] "GET /BLA/boletinlegal/js/jquery.js HTTP/1.1" 200 57254
172.22.2.4 - - [23/Jul/2023:11:49:01 -0500] "GET /BLA/boletinlegal/images/subscribe-icon-big.png HTTP/1.1" 200 47702
172.22.2.4 - - [23/Jul/2023:11:49:01 -0500] "GET /BLA/boletinlegal/images/registro-usuarios.png HTTP/1.1" 200 8106
172.22.2.4 - - [23/Jul/2023:11:49:01 -0500] "GET /BLA/boletinlegal/images/arr_l.jpg HTTP/1.1" 200 1979
172.22.2.4 - - [23/Jul/2023:11:49:01 -0500] "GET /BLA/boletinlegal/images/screen_1.png HTTP/1.1" 200 202547
172.22.2.4 - - [23/Jul/2023:11:49:08 -0500] "GET /BLA/boletinlegal/images/screen_2.png HTTP/1.1" 200 362502
172.22.2.4 - - [23/Jul/2023:11:49:08 -0500] "GET /BLA/boletinlegal/images/screen_3.png HTTP/1.1" 200 210620
172.22.2.4 - - [23/Jul/2023:11:49:08 -0500] "GET /BLA/boletinlegal/images/screen_5.png HTTP/1.1" 200 368876
172.22.2.4 - - [23/Jul/2023:11:49:09 -0500] "GET /BLA/boletinlegal/images/arr_r.jpg HTTP/1.1" 200 1998
172.22.2.4 - - [23/Jul/2023:11:49:16 -0500] "GET /BLA/boletinlegal/images/pdf.gif HTTP/1.1" 200 567
152.203.159.8 - - [23/Jul/2023:11:49:23 -0500] "GET /galeria/galeria/jquery.fancybox.css?v=2.1.5 HTTP/1.1" 200 4895
152.203.159.8 - - [23/Jul/2023:11:49:24 -0500] "GET /BLA/boletinlegal/js/jquery.scrollShow.js HTTP/1.1" 200 4586
152.203.159.8 - - [23/Jul/2023:11:49:24 -0500] "GET /galeria/galeria/jquery.fancybox.js?v=2.1.5 HTTP/1.1" 200 48706
172.22.2.4 - - [23/Jul/2023:11:50:28 -0500] "GET /BLA/boletinlegal/favicon.ico HTTP/1.1" 404 1326
172.22.2.4 - - [23/Jul/2023:11:49:00 -0500] "GET /BLA/boletinlegal/ HTTP/1.1" 200 60612
172.22.2.4 - - [23/Jul/2023:11:51:11 -0500] "GET /BLA/boletinlegal/favicon.ico HTTP/1.1" 404 1308
172.22.2.4 - - [23/Jul/2023:11:51:18 -0500] "GET /BLA/boletinlegal/Directivas/2022/DIRECTIVA%20No.%2000002%20DEL%2022%20DE%20JUNIO%20DEL%202022.pdf HTTP/1.1" 304 -
216.245.221.92 - - [23/Jul/2023:11:52:38 -0500] "HEAD / HTTP/1.1" 200 -
201.245.192.253 - - [23/Jul/2023:11:52:36 -0500] "POST /kwsrmcab/Wsrmcab  HTTP/1.1" 200 42133
172.22.2.4 - - [23/Jul/2023:11:51:21 -0500] "GET /BLA/boletinlegal/ HTTP/1.1" 200 60612
157.55.39.216 - - [23/Jul/2023:11:54:41 -0500] "GET /BLA/resoluciones/RESOLUCIONES%202020/0208.pdf HTTP/1.1" 304 -
66.249.70.196 - - [23/Jul/2023:11:57:08 -0500] "-" 408 -
201.245.192.253 - - [23/Jul/2023:11:57:35 -0500] "POST /kwsrmcab/Wsrmcab  HTTP/1.1" 200 42133
216.245.221.92 - - [23/Jul/2023:11:57:38 -0500] "HEAD / HTTP/1.1" 200 -
172.22.2.4 - - [23/Jul/2023:11:56:20 -0500] "HEAD /BLA/boletinlegal/ HTTP/1.1" 200 -
172.22.2.4 - - [23/Jul/2023:11:57:11 -0500] "GET /BLA/boletinlegal/ HTTP/1.1" 200 55739
200.118.62.29 - - [23/Jul/2023:11:59:35 -0500] "GET /calidad-del-aire-distrito-avanza-unido-por-un-nuevo-aire.html?utm_source=Meta_DIGI&utm_medium=CPMa&utm_campaign=Aire&utm_id=Julio_2023&gclid=EAIaIQobChMIhZ_7y6algAMVKS2tBh2xmQjrEAEYASAAEgKaFvD_BwE HTTP/1.1" 200 783
172.22.2.4 - - [23/Jul/2023:12:01:08 -0500] "GET /BLA/boletinlegal/owa/auth/logon.aspx?url=https%3a%2f%2f1%2fecp%2f HTTP/1.1" 404 1018
31.13.103.9 - - [23/Jul/2023:12:01:39 -0500] "GET /calidad-del-aire-distrito-avanza-unido-por-un-nuevo-aire.html?utm_id=Julio_2023 HTTP/1.1" 200 783
216.245.221.92 - - [23/Jul/2023:12:02:38 -0500] "HEAD / HTTP/1.1" 200 -
201.245.192.253 - - [23/Jul/2023:12:03:42 -0500] "POST /kwsrmcab/Wsrmcab  HTTP/1.1" 200 42133
106.53.138.99 - - [23/Jul/2023:12:04:30 -0500] "-" 408 -
106.53.138.99 - - [23/Jul/2023:12:04:36 -0500] "-" 408 -
172.22.2.4 - - [23/Jul/2023:12:03:01 -0500] "GET /BLA/boletinlegal/ HTTP/1.1" 200 57272
201.245.192.253 - - [23/Jul/2023:12:04:43 -0500] "POST /kwsrmcab/Wsrmcab  HTTP/1.1" 200 42133
181.58.60.135 - - [23/Jul/2023:12:05:33 -0500] "GET /BLA/resoluciones/AUTOS%202014/4628.pdf HTTP/1.1" 200 469768
172.22.2.4 - - [23/Jul/2023:12:04:00 -0500] "GET /BLA/boletinlegal/ HTTP/1.1" 200 56816
172.22.2.4 - - [23/Jul/2023:12:05:44 -0500] "GET /BLA/boletinlegal/actos.php HTTP/1.1" 200 9682
172.22.2.4 - - [23/Jul/2023:12:05:44 -0500] "GET /BLA/boletinlegal/actos.php HTTP/1.1" 200 9682
172.22.2.4 - - [23/Jul/2023:12:05:44 -0500] "GET /BLA/boletinlegal/styles2.css HTTP/1.1" 200 1838
172.22.2.4 - - [23/Jul/2023:12:06:54 -0500] "GET /BLA/boletinlegal/consulta_actos.php?tipo=autos&no=4628&usuario=&sector=&fecha=2014&resuelve= HTTP/1.1" 200 1081
172.22.2.4 - - [23/Jul/2023:12:06:54 -0500] "GET /BLA/boletinlegal/images/pdf.gif HTTP/1.1" 200 567
181.58.60.135 - - [23/Jul/2023:12:07:00 -0500] "GET /BLA/resoluciones/ HTTP/1.1" 200 13502
181.58.60.135 - - [23/Jul/2023:12:07:00 -0500] "GET /BLA/resoluciones/dlf/styles.css HTTP/1.1" 200 3049
181.58.60.135 - - [23/Jul/2023:12:07:00 -0500] "GET /BLA/resoluciones/dlf/folder.png HTTP/1.1" 200 410
181.58.60.135 - - [23/Jul/2023:12:07:00 -0500] "GET /BLA/resoluciones/dlf/bg.gif HTTP/1.1" 200 54
181.58.60.135 - - [23/Jul/2023:12:07:00 -0500] "GET /favicon.ico HTTP/1.1" 200 7782
181.58.60.135 - - [23/Jul/2023:12:07:02 -0500] "GET /BLA/resoluciones/index.php?dir=AUTOS+2014%2F HTTP/1.1" 200 12235
181.58.60.135 - - [23/Jul/2023:12:07:03 -0500] "GET /BLA/resoluciones/dlf/dirup.png HTTP/1.1" 200 644
181.58.60.135 - - [23/Jul/2023:12:07:03 -0500] "GET /BLA/resoluciones/dlf/pdf.gif HTTP/1.1" 200 272
181.58.60.135 - - [23/Jul/2023:12:07:02 -0500] "GET /BLA/resoluciones/index.php?dir=AUTOS+2014%2F HTTP/1.1" 200 890362
181.58.60.135 - - [23/Jul/2023:12:07:04 -0500] "GET /BLA/resoluciones/dlf/unknown.png HTTP/1.1" 200 266
181.58.60.135 - - [23/Jul/2023:12:07:12 -0500] "GET /BLA/resoluciones/AUTOS%202014/4628.pdf HTTP/1.1" 200 469768
181.58.60.135 - - [23/Jul/2023:12:07:12 -0500] "GET /BLA/resoluciones/AUTOS%202014/4628.pdf HTTP/1.1" 200 469768
181.53.12.30 - - [23/Jul/2023:12:07:22 -0500] "GET /calidad-del-aire-distrito-avanza-unido-por-un-nuevo-aire.html?utm_source=Meta_DIGI&utm_medium=CPMa&utm_campaign=Aire&utm_id=Julio_2023&fbclid=IwAR1PSqJ9GVizwly3K_54BkP25JW5f8sQ4cAybYm-VKRwXBB6EfgmlP5YsuE_aem_Ad6L75EkANREH_rsgi5DjFF_FRKbXVit-6Bf3noV2n5q2cYNKTD870qQ5HWvfcASYjWUb-9ncjc5mQ6Idr-G8rSO HTTP/1.1" 200 783
216.245.221.92 - - [23/Jul/2023:12:07:38 -0500] "HEAD / HTTP/1.1" 200 -
181.58.60.135 - - [23/Jul/2023:12:09:05 -0500] "GET /BLA/resoluciones/AUTOS%202014/4628.pdf HTTP/1.1" 200 469768
181.58.60.135 - - [23/Jul/2023:12:09:06 -0500] "GET /BLA/resoluciones/AUTOS%202014/4628.pdf HTTP/1.1" 200 469768
201.245.192.253 - - [23/Jul/2023:12:09:40 -0500] "POST /kwsrmcab/Wsrmcab  HTTP/1.1" 200 42133
190.25.119.240 - - [23/Jul/2023:12:11:55 -0500] "GET /calidad-del-aire-distrito-avanza-unido-por-un-nuevo-aire.html?utm_source=Meta_DIGI&utm_medium=CPMa&utm_campaign=Aire&utm_id=Julio_2023&fbclid=IwAR3MALO3oRPz4yfQfy58tu1H6Jz_vTiqEFVWJKzZVLj309WZA4QjQfia-WQ_aem_Ad4YrHzv9XbSsnt-SImCqDhROMe8oyeduhrgo6ua-y4iV36z0tv4Uw62iPWZG62JhofCGBFPoSdw4Z8dDy3p1vwC HTTP/1.1" 200 783
172.22.2.4 - - [23/Jul/2023:12:10:58 -0500] "GET /BLA/boletinlegal/index.php HTTP/1.1" 200 48778
216.245.221.92 - - [23/Jul/2023:12:12:38 -0500] "HEAD / HTTP/1.1" 200 -
172.22.2.4 - - [23/Jul/2023:12:13:23 -0500] "GET /BLA/boletinlegal/actos.php HTTP/1.1" 200 9682
172.22.2.4 - - [23/Jul/2023:12:13:24 -0500] "GET /BLA/boletinlegal/style.css HTTP/1.1" 200 9406
200.119.59.132 - - [23/Jul/2023:12:13:27 -0500] "GET /BLA/resoluciones/ HTTP/1.1" 200 13502
200.119.59.132 - - [23/Jul/2023:12:13:30 -0500] "GET /BLA/resoluciones/index.php?dir=RESOLUCIONES+2022%2F HTTP/1.1" 200 311612
186.84.90.214 - - [23/Jul/2023:12:13:50 -0500] "GET /calidad-del-aire-distrito-avanza-unido-por-un-nuevo-aire.html?utm_source=Meta_DIGI&utm_medium=CPMa&utm_campaign=Aire&utm_id=Julio_2023&gclid=EAIaIQobChMI4bex46mlgAMV8T1ECB0L9QbwEAEYASAAEgKQ-_D_BwE HTTP/1.1" 200 783
172.22.2.4 - - [23/Jul/2023:12:14:25 -0500] "GET /BLA/boletinlegal/favicon.ico HTTP/1.1" 404 1308
200.119.59.132 - - [23/Jul/2023:12:14:36 -0500] "GET /BLA/resoluciones/RESOLUCIONES%202022/4737.pdf HTTP/1.1" 200 486837
201.245.192.253 - - [23/Jul/2023:12:14:39 -0500] "POST /kwsrmcab/Wsrmcab  HTTP/1.1" 200 42133
172.22.2.4 - - [23/Jul/2023:12:13:50 -0500] "GET /BLA/boletinlegal/ HTTP/1.1" 200 60612
207.46.13.217 - - [23/Jul/2023:12:16:13 -0500] "GET /BLA/resoluciones/AUTOS%202022/1594.pdf HTTP/1.1" 304 -
216.245.221.92 - - [23/Jul/2023:12:17:38 -0500] "HEAD / HTTP/1.1" 200 -
52.167.144.147 - - [23/Jul/2023:12:18:25 -0500] "GET /Publicaciones/2023EE137035.pdf HTTP/1.1" 404 228
179.19.67.136 - - [23/Jul/2023:12:19:27 -0500] "GET /calidad-del-aire-distrito-avanza-unido-por-un-nuevo-aire.html?utm_source=Meta_DIGI&utm_medium=CPMa&utm_campaign=Aire&utm_id=Julio_2023&gclid=EAIaIQobChMI0v758KqlgAMVbqLRBB3pzQsnEAEYASAAEgLImfD_BwE HTTP/1.1" 200 783
201.245.192.253 - - [23/Jul/2023:12:19:30 -0500] "POST /kwsrmcab/Wsrmcab HTTP/1.1" 200 41567
201.245.192.253 - - [23/Jul/2023:12:19:33 -0500] "POST /kwsrmcab/Wsrmcab HTTP/1.1" 200 43651
201.245.192.253 - - [23/Jul/2023:12:19:38 -0500] "POST /kwsrmcab/Wsrmcab  HTTP/1.1" 200 42133
172.22.2.4 - - [23/Jul/2023:12:18:50 -0500] "HEAD /BLA/boletinlegal/ HTTP/1.1" 200 -
216.245.221.92 - - [23/Jul/2023:12:22:38 -0500] "HEAD / HTTP/1.1" 200 -
172.22.2.4 - - [23/Jul/2023:12:21:04 -0500] "GET /BLA/boletinlegal/ HTTP/1.1" 200 60612
191.156.233.86 - - [23/Jul/2023:12:23:18 -0500] "GET /calidad-del-aire-distrito-avanza-unido-por-un-nuevo-aire.html?utm_source=Meta_DIGI&utm_medium=CPMa&utm_campaign=Aire&utm_id=Julio_2023&fbclid=IwAR2eE8YY4vSxvljzxkFOnISAx9lSa9PVg_1Eu7Wt0hFU0hIdnHBINtVXI0U_aem_Ad7fnXlRTEA-4LDqx_PU_KpOeBwFX03VLL8LIbiY4hYh3L97sWfNVpM_u-5F0KMbm6KyNFbxVGDl6oDxu1ZSE_R6 HTTP/1.1" 200 783
52.167.144.147 - - [23/Jul/2023:12:23:45 -0500] "GET /Publicaciones/2023EE125084.pdf HTTP/1.1" 404 228
172.22.2.4 - - [23/Jul/2023:12:24:01 -0500] "GET /BLA/boletinlegal/Circulares/2020/Circular%2000010%20del%2027%20de%20julio%20de%202020.pdf HTTP/1.1" 304 -
172.22.2.4 - - [23/Jul/2023:12:24:14 -0500] "GET /BLA/boletinlegal/actos.php HTTP/1.1" 200 9682
201.245.192.253 - - [23/Jul/2023:12:24:37 -0500] "POST /kwsrmcab/Wsrmcab  HTTP/1.1" 200 42133
200.119.59.132 - - [23/Jul/2023:12:25:10 -0500] "GET /BLA/resoluciones/ HTTP/1.1" 200 13502
200.119.59.132 - - [23/Jul/2023:12:25:15 -0500] "GET /BLA/resoluciones/index.php?dir=RESOLUCIONES+2023%2F HTTP/1.1" 200 45246
200.119.59.132 - - [23/Jul/2023:12:25:31 -0500] "GET /BLA/resoluciones/RESOLUCIONES%202023/0358.pdf HTTP/1.1" 200 352012
66.249.70.196 - - [23/Jul/2023:12:27:08 -0500] "-" 408 -
181.237.74.46 - - [23/Jul/2023:12:27:19 -0500] "GET /calidad-del-aire-distrito-avanza-unido-por-un-nuevo-aire.html?utm_source=Meta_DIGI&utm_medium=CPMa&utm_campaign=Aire&utm_id=Julio_2023&fbclid=IwAR2WL7w0Kmd2mC4a5trg3Na8IhiVWmw0Jvp4wqRYH_xL6JOXlJDIYs5zny8_aem_Ad4FrT-ZbtJVLaCEKecKSScqpZvD8vjUbPRhE5aqilBfssJL9NhUwTN-WY9zcD3frokKckg3M4QaMQzUEnWDes_l HTTP/1.1" 200 783
172.22.2.4 - - [23/Jul/2023:12:27:24 -0500] "GET /BLA/boletinlegal/actos.php HTTP/1.1" 200 9682
172.22.2.4 - - [23/Jul/2023:12:27:24 -0500] "GET /BLA/boletinlegal/styles2.css HTTP/1.1" 200 1838
172.22.2.4 - - [23/Jul/2023:12:27:24 -0500] "GET /BLA/boletinlegal/js/ajax_actos.js HTTP/1.1" 200 1322
172.22.2.4 - - [23/Jul/2023:12:27:24 -0500] "GET /BLA/boletinlegal/niceforms.js HTTP/1.1" 200 22876
172.22.2.4 - - [23/Jul/2023:12:27:24 -0500] "GET /BLA/boletinlegal/niceforms-default.css HTTP/1.1" 200 6694
172.22.2.4 - - [23/Jul/2023:12:27:24 -0500] "GET /BLA/boletinlegal/js/lib.js HTTP/1.1" 200 6474
172.22.2.4 - - [23/Jul/2023:12:27:24 -0500] "GET /BLA/boletinlegal/js/popup.js HTTP/1.1" 200 1270
172.22.2.4 - - [23/Jul/2023:12:27:24 -0500] "GET /BLA/boletinlegal/js/jquery1.js HTTP/1.1" 200 29846
172.22.2.4 - - [23/Jul/2023:12:27:24 -0500] "GET /BLA/boletinlegal/images/cabezote%20BLEGAL.jpg HTTP/1.1" 200 118164
172.22.2.4 - - [23/Jul/2023:12:27:24 -0500] "GET /BLA/boletinlegal/images/subscribe-icon-big.png HTTP/1.1" 200 47702
172.22.2.4 - - [23/Jul/2023:12:27:24 -0500] "GET /BLA/boletinlegal/images/historia.png HTTP/1.1" 200 52775
172.22.2.4 - - [23/Jul/2023:12:27:24 -0500] "GET /BLA/boletinlegal/images/registro-usuarios.png HTTP/1.1" 200 8106
172.22.2.4 - - [23/Jul/2023:12:27:24 -0500] "GET /BLA/boletinlegal/images/green-yellow-blue-pink-th.png HTTP/1.1" 200 7394
172.22.2.4 - - [23/Jul/2023:12:27:24 -0500] "GET /BLA/boletinlegal/images/tel.png HTTP/1.1" 200 14477
172.22.2.4 - - [23/Jul/2023:12:27:24 -0500] "GET /BLA/boletinlegal/images/icono-email.png HTTP/1.1" 200 5544
216.245.221.92 - - [23/Jul/2023:12:27:38 -0500] "HEAD / HTTP/1.1" 200 -
157.55.39.216 - - [23/Jul/2023:12:29:26 -0500] "GET /BLA/resoluciones/AUTOS%202019/1789.pdf HTTP/1.1" 200 248748
201.245.192.253 - - [23/Jul/2023:12:29:31 -0500] "POST /kwsrmcab/Wsrmcab HTTP/1.1" 200 41567
172.22.2.4 - - [23/Jul/2023:12:29:34 -0500] "GET /BLA/boletinlegal/img/0.png HTTP/1.1" 200 110
172.22.2.4 - - [23/Jul/2023:12:29:34 -0500] "GET /BLA/boletinlegal/img/button.png HTTP/1.1" 200 43241
172.22.2.4 - - [23/Jul/2023:12:29:34 -0500] "GET /BLA/boletinlegal/img/button-left.png HTTP/1.1" 200 57071
172.22.2.4 - - [23/Jul/2023:12:29:34 -0500] "GET /BLA/boletinlegal/favicon.ico HTTP/1.1" 404 1326
172.22.2.4 - - [23/Jul/2023:12:29:34 -0500] "GET /BLA/boletinlegal/img/select-left.png HTTP/1.1" 200 263
172.22.2.4 - - [23/Jul/2023:12:29:34 -0500] "GET /BLA/boletinlegal/img/select-right.png HTTP/1.1" 200 44019
172.22.2.4 - - [23/Jul/2023:12:29:34 -0500] "GET /BLA/boletinlegal/img/button-right.png HTTP/1.1" 200 57878
201.245.192.253 - - [23/Jul/2023:12:29:35 -0500] "POST /kwsrmcab/Wsrmcab  HTTP/1.1" 200 42133
181.53.14.150 - - [23/Jul/2023:12:29:37 -0500] "GET /BLA/resoluciones/ HTTP/1.1" 200 13502
181.53.14.150 - - [23/Jul/2023:12:29:37 -0500] "GET /BLA/resoluciones/dlf/styles.css HTTP/1.1" 200 3049
181.53.14.150 - - [23/Jul/2023:12:29:37 -0500] "GET /BLA/resoluciones/dlf/folder.png HTTP/1.1" 200 410
181.53.14.150 - - [23/Jul/2023:12:29:37 -0500] "GET /BLA/resoluciones/dlf/bg.gif HTTP/1.1" 200 54
181.53.14.150 - - [23/Jul/2023:12:29:38 -0500] "GET /favicon.ico HTTP/1.1" 200 7782
181.53.14.150 - - [23/Jul/2023:12:29:49 -0500] "GET /BLA/resoluciones/index.php?dir=RESOLUCIONES+2008%2F HTTP/1.1" 200 12235
181.53.14.150 - - [23/Jul/2023:12:29:50 -0500] "GET /BLA/resoluciones/dlf/dirup.png HTTP/1.1" 200 644
181.53.14.150 - - [23/Jul/2023:12:29:50 -0500] "GET /BLA/resoluciones/dlf/pdf.gif HTTP/1.1" 200 272
181.53.14.150 - - [23/Jul/2023:12:29:49 -0500] "GET /BLA/resoluciones/index.php?dir=RESOLUCIONES+2008%2F HTTP/1.1" 200 976272
181.53.14.150 - - [23/Jul/2023:12:29:50 -0500] "GET /BLA/resoluciones/dlf/unknown.png HTTP/1.1" 200 266
191.102.224.200 - - [23/Jul/2023:12:29:52 -0500] "GET /BLA/resoluciones/index.php?dir=RESOLUCIONES+2008%2F HTTP/1.1" 200 976272
191.102.224.200 - - [23/Jul/2023:12:29:53 -0500] "GET /BLA/resoluciones/dlf/styles.css HTTP/1.1" 200 3049
191.102.224.200 - - [23/Jul/2023:12:29:53 -0500] "GET /BLA/resoluciones/dlf/dirup.png HTTP/1.1" 200 644
191.102.224.200 - - [23/Jul/2023:12:29:53 -0500] "GET /BLA/resoluciones/dlf/pdf.gif HTTP/1.1" 200 272
191.102.224.200 - - [23/Jul/2023:12:29:54 -0500] "GET /BLA/resoluciones/dlf/unknown.png HTTP/1.1" 200 266
191.102.224.200 - - [23/Jul/2023:12:29:54 -0500] "GET /BLA/resoluciones/dlf/bg.gif HTTP/1.1" 200 54
181.53.14.150 - - [23/Jul/2023:12:29:58 -0500] "GET /BLA/resoluciones/RESOLUCIONES%202008/2863.pdf HTTP/1.1" 200 308819
181.53.14.150 - - [23/Jul/2023:12:29:58 -0500] "GET /BLA/resoluciones/RESOLUCIONES%202008/2863.pdf HTTP/1.1" 206 1025
181.53.14.150 - - [23/Jul/2023:12:29:58 -0500] "GET /BLA/resoluciones/RESOLUCIONES%202008/2863.pdf HTTP/1.1" 200 308819
172.22.2.4 - - [23/Jul/2023:12:31:52 -0500] "GET /BLA/boletinlegal/style.css HTTP/1.1" 200 9406
172.22.2.4 - - [23/Jul/2023:12:31:52 -0500] "GET /BLA/boletinlegal/styles2.css HTTP/1.1" 200 1838
172.22.2.4 - - [23/Jul/2023:12:31:52 -0500] "GET /BLA/boletinlegal/js/jquery.scrollTo-min.js HTTP/1.1" 200 1150
172.22.2.4 - - [23/Jul/2023:12:31:52 -0500] "GET /BLA/boletinlegal/js/jquery.scrollShow.js HTTP/1.1" 200 4586
172.22.2.4 - - [23/Jul/2023:12:31:52 -0500] "GET /BLA/boletinlegal/images/cabezote%20BLEGAL.jpg HTTP/1.1" 200 118164
172.22.2.4 - - [23/Jul/2023:12:31:52 -0500] "GET /BLA/boletinlegal/images/subscribe-icon-big.png HTTP/1.1" 200 47702
172.22.2.4 - - [23/Jul/2023:12:31:52 -0500] "GET /BLA/boletinlegal/images/historia.png HTTP/1.1" 200 52775
172.22.2.4 - - [23/Jul/2023:12:31:52 -0500] "GET /BLA/boletinlegal/images/registro-usuarios.png HTTP/1.1" 200 8106
172.22.2.4 - - [23/Jul/2023:12:31:52 -0500] "GET /BLA/boletinlegal/images/arr_l.jpg HTTP/1.1" 200 1979
172.22.2.4 - - [23/Jul/2023:12:31:52 -0500] "GET /BLA/boletinlegal/images/screen_1.png HTTP/1.1" 200 202547
172.22.2.4 - - [23/Jul/2023:12:31:52 -0500] "GET /BLA/boletinlegal/images/launch.jpg HTTP/1.1" 200 14577
172.22.2.4 - - [23/Jul/2023:12:31:59 -0500] "GET /BLA/boletinlegal/images/screen_2.png HTTP/1.1" 200 362502
172.22.2.4 - - [23/Jul/2023:12:31:59 -0500] "GET /BLA/boletinlegal/images/screen_3.png HTTP/1.1" 200 210620
172.22.2.4 - - [23/Jul/2023:12:31:59 -0500] "GET /BLA/boletinlegal/images/screen_5.png HTTP/1.1" 200 368876
172.22.2.4 - - [23/Jul/2023:12:31:59 -0500] "GET /BLA/boletinlegal/images/arr_r.jpg HTTP/1.1" 200 1998
165.1.173.142 - - [23/Jul/2023:12:32:29 -0500] "GET /galeria/nivo-slider/demo/images/Bannercuidate.jpg HTTP/1.1" 304 -
172.22.2.4 - - [23/Jul/2023:12:31:51 -0500] "GET /BLA/boletinlegal/ HTTP/1.1" 200 32715
65.154.226.169 - - [23/Jul/2023:12:32:55 -0500] "GET /galeria/nivo-slider/demo/images/bannercuidate.jpg HTTP/1.1" 200 75508
172.22.2.4 - - [23/Jul/2023:12:32:46 -0500] "GET /BLA/boletinlegal/ HTTP/1.1" 200 60612
172.22.2.4 - - [23/Jul/2023:12:34:47 -0500] "GET /BLA/boletinlegal/actos.php HTTP/1.1" 200 9682
172.22.2.4 - - [23/Jul/2023:12:34:47 -0500] "GET /BLA/boletinlegal/js/ajax_actos.js HTTP/1.1" 200 1322
172.22.2.4 - - [23/Jul/2023:12:34:47 -0500] "GET /BLA/boletinlegal/niceforms.js HTTP/1.1" 200 22876
172.22.2.4 - - [23/Jul/2023:12:34:47 -0500] "GET /BLA/boletinlegal/niceforms-default.css HTTP/1.1" 200 6694
172.22.2.4 - - [23/Jul/2023:12:34:47 -0500] "GET /BLA/boletinlegal/js/lib.js HTTP/1.1" 200 6474
172.22.2.4 - - [23/Jul/2023:12:34:47 -0500] "GET /BLA/boletinlegal/js/jquery1.js HTTP/1.1" 200 29846
172.22.2.4 - - [23/Jul/2023:12:34:47 -0500] "GET /BLA/boletinlegal/js/popup.js HTTP/1.1" 200 1270
172.22.2.4 - - [23/Jul/2023:12:34:47 -0500] "GET /BLA/boletinlegal/images/tel.png HTTP/1.1" 200 14477
172.22.2.4 - - [23/Jul/2023:12:34:47 -0500] "GET /BLA/boletinlegal/images/icono-email.png HTTP/1.1" 200 5544
172.22.2.4 - - [23/Jul/2023:12:34:47 -0500] "GET /BLA/boletinlegal/images/green-yellow-blue-pink-th.png HTTP/1.1" 200 7394
172.22.2.4 - - [23/Jul/2023:12:34:47 -0500] "GET /BLA/boletinlegal/images/menu_rght.gif HTTP/1.1" 200 1627
172.22.2.4 - - [23/Jul/2023:12:34:47 -0500] "GET /BLA/boletinlegal/images/body_bg.jpg HTTP/1.1" 200 1601
172.22.2.4 - - [23/Jul/2023:12:34:47 -0500] "GET /BLA/boletinlegal/images/menu_bg.jpg HTTP/1.1" 200 620
172.22.2.4 - - [23/Jul/2023:12:34:47 -0500] "GET /BLA/boletinlegal/images/bg_top.jpg HTTP/1.1" 200 522
172.22.2.4 - - [23/Jul/2023:12:34:47 -0500] "GET /BLA/boletinlegal/images/text.jpg HTTP/1.1" 200 568
172.22.2.4 - - [23/Jul/2023:12:34:47 -0500] "GET /BLA/boletinlegal/images/hover.jpg HTTP/1.1" 200 640
172.22.2.4 - - [23/Jul/2023:12:34:47 -0500] "GET /BLA/boletinlegal/images/footer_bg.jpg HTTP/1.1" 200 586
172.22.2.4 - - [23/Jul/2023:12:34:47 -0500] "GET /BLA/boletinlegal/images/footer_bg_l.jpg HTTP/1.1" 200 776
18.221.56.27 - - [23/Jul/2023:12:34:47 -0500] "GET / HTTP/1.1" 200 319
54.79.28.129 - - [23/Jul/2023:12:34:48 -0500] "GET / HTTP/1.1" 200 319
172.22.2.4 - - [23/Jul/2023:12:34:49 -0500] "GET /BLA/boletinlegal/actos.php HTTP/1.1" 200 9682
172.22.2.4 - - [23/Jul/2023:12:34:49 -0500] "GET /BLA/boletinlegal/images/menu_lft.gif HTTP/1.1" 200 1713
172.22.2.4 - - [23/Jul/2023:12:34:49 -0500] "GET /BLA/boletinlegal/img/0.png HTTP/1.1" 200 110
172.22.2.4 - - [23/Jul/2023:12:34:49 -0500] "GET /BLA/boletinlegal/img/select-left.png HTTP/1.1" 200 263
172.22.2.4 - - [23/Jul/2023:12:34:49 -0500] "GET /BLA/boletinlegal/img/select-right.png HTTP/1.1" 200 44019
172.22.2.4 - - [23/Jul/2023:12:34:49 -0500] "GET /BLA/boletinlegal/img/button.png HTTP/1.1" 200 43241
172.22.2.4 - - [23/Jul/2023:12:34:49 -0500] "GET /BLA/boletinlegal/img/button-left.png HTTP/1.1" 200 57071
172.22.2.4 - - [23/Jul/2023:12:34:49 -0500] "GET /BLA/boletinlegal/img/button-right.png HTTP/1.1" 200 57878
191.111.8.179 - - [23/Jul/2023:12:34:51 -0500] "GET /BLA/resoluciones/ HTTP/1.1" 200 13502
191.111.8.179 - - [23/Jul/2023:12:34:53 -0500] "GET /BLA/resoluciones/index.php?dir=AUTOS+2022%2F HTTP/1.1" 200 501937
201.245.192.253 - - [23/Jul/2023:12:35:43 -0500] "POST /kwsrmcab/Wsrmcab  HTTP/1.1" 200 42133
69.63.184.3 - - [23/Jul/2023:12:36:08 -0500] "GET /secretaria-de-ambiente-y-sena-abren-curso-de-jardines-verticales.html HTTP/1.1" 200 734
173.252.83.8 - - [23/Jul/2023:12:36:13 -0500] "GET /images/jardines-verticales-plantas-24-mayo.jpg HTTP/1.1" 200 148288
201.245.192.253 - - [23/Jul/2023:12:36:44 -0500] "POST /kwsrmcab/Wsrmcab  HTTP/1.1" 200 42133
17.241.75.5 - - [23/Jul/2023:12:38:24 -0500] "-" 408 -
216.245.221.92 - - [23/Jul/2023:12:38:28 -0500] "HEAD / HTTP/1.1" 200 -
52.167.144.147 - - [23/Jul/2023:12:38:56 -0500] "GET /BLA/resoluciones/index.php?dir= HTTP/1.1" 200 13502
