66.249.70.198 - - [23/Jul/2023:21:46:50 -0500] "-" 408 -
172.22.2.4 - - [23/Jul/2023:21:45:27 -0500] "HEAD /BLA/boletinlegal/ HTTP/1.1" 200 -
216.245.221.92 - - [23/Jul/2023:21:47:37 -0500] "HEAD / HTTP/1.1" 200 -
159.69.179.16 - - [23/Jul/2023:21:48:06 -0500] "GET / HTTP/1.1" 200 319
159.69.179.16 - - [23/Jul/2023:21:48:07 -0500] "GET / HTTP/1.1" 200 4720
190.27.159.101 - - [23/Jul/2023:21:48:39 -0500] "GET /galeria/galeria/jquery.fancybox.js?v=2.1.5 HTTP/1.1" 200 48706
190.27.159.101 - - [23/Jul/2023:21:48:39 -0500] "GET /galeria/galeria/jquery.fancybox.css?v=2.1.5 HTTP/1.1" 200 4895
190.27.159.101 - - [23/Jul/2023:21:48:39 -0500] "GET /BLA/boletinlegal/js/jquery.scrollShow.js HTTP/1.1" 200 4586
64.124.8.52 - - [23/Jul/2023:21:48:56 -0500] "-" 408 -
181.78.16.34 - - [23/Jul/2023:21:49:11 -0500] "GET /calidad-del-aire-distrito-avanza-unido-por-un-nuevo-aire.html?utm_source=Meta_DIGI&utm_medium=CPMa&utm_campaign=Aire&utm_id=Julio_2023&gclid=Cj0KCQjwn_OlBhDhARIsAG2y6zM_X4rCq-XHpWTfxXMffqLNCm9m1JoT5NNUAJImjSOQNtq3bH_822saAgLwEALw_wcB HTTP/1.1" 200 783
172.22.2.4 - - [23/Jul/2023:21:47:41 -0500] "GET /BLA/boletinlegal/ HTTP/1.1" 200 47717
172.22.2.4 - - [23/Jul/2023:21:47:41 -0500] "GET /BLA/boletinlegal/ HTTP/1.1" 200 48153
52.167.144.147 - - [23/Jul/2023:21:49:28 -0500] "GET / HTTP/1.1" 200 319
181.78.1.187 - - [23/Jul/2023:21:51:25 -0500] "GET /calidad-del-aire-distrito-avanza-unido-por-un-nuevo-aire.html?utm_source=Meta_DIGI&utm_medium=CPMa&utm_campaign=Aire&utm_id=Julio_2023&gclid=EAIaIQobChMIrei_9KqmgAMVggjBCh1IiAVMEAEYASAAEgK61_D_BwE HTTP/1.1" 200 783
201.245.192.253 - - [23/Jul/2023:21:51:47 -0500] "POST /kwsrmcab/Wsrmcab  HTTP/1.1" 200 42133
173.252.107.7 - - [23/Jul/2023:21:52:10 -0500] "GET /olga-romero-una-mujer-que-reverdece-con-corazon-inquieto-que-encontro-en-el-reciclaje-su-pasion.html HTTP/1.1" 200 798
186.31.200.43 - - [23/Jul/2023:21:52:13 -0500] "GET /calidad-del-aire-distrito-avanza-unido-por-un-nuevo-aire.html?utm_source=Meta_DIGI&utm_medium=CPMa&utm_campaign=Aire&utm_id=Julio_2023&gclid=EAIaIQobChMI5pmXiqumgAMVoCmtBh2eRAiBEAEYASAAEgJCFfD_BwE HTTP/1.1" 200 783
216.245.221.92 - - [23/Jul/2023:21:52:37 -0500] "HEAD / HTTP/1.1" 200 -
64.124.8.23 - - [23/Jul/2023:21:52:58 -0500] "-" 408 -
172.22.2.4 - - [23/Jul/2023:21:52:07 -0500] "GET /BLA/boletinlegal/ HTTP/1.1" 200 60612
179.1.95.101 - - [23/Jul/2023:21:56:11 -0500] "GET /calidad-del-aire-distrito-avanza-unido-por-un-nuevo-aire.html?utm_source=Meta_DIGI&utm_medium=CPMa&utm_campaign=Aire&utm_id=Julio_2023&gclid=EAIaIQobChMI6eXk-qumgAMVwSH5AB0Q6As1EAEYASAAEgKyrfD_BwE HTTP/1.1" 200 783
172.105.128.11 - - [23/Jul/2023:21:56:15 -0500] "\x16\x03\x01" 400 226
201.245.192.253 - - [23/Jul/2023:21:56:45 -0500] "POST /kwsrmcab/Wsrmcab  HTTP/1.1" 200 42133
216.245.221.92 - - [23/Jul/2023:21:57:37 -0500] "HEAD / HTTP/1.1" 200 -
201.244.235.71 - - [23/Jul/2023:21:57:53 -0500] "GET /calidad-del-aire-distrito-avanza-unido-por-un-nuevo-aire.html?utm_source=Meta_DIGI&utm_medium=CPMa&utm_campaign=Aire&utm_id=Julio_2023&gclid=EAIaIQobChMI9KqjqaymgAMVxRKtBh3KqwUAEAEYASAAEgIeC_D_BwE HTTP/1.1" 200 783
201.245.192.253 - - [23/Jul/2023:22:01:45 -0500] "POST /kwsrmcab/Wsrmcab  HTTP/1.1" 200 42133
157.55.39.216 - - [23/Jul/2023:22:02:18 -0500] "GET /BLA/resoluciones/AUTOS%202021/2619.pdf HTTP/1.1" 304 -
216.245.221.92 - - [23/Jul/2023:22:02:37 -0500] "HEAD / HTTP/1.1" 200 -
191.156.231.215 - - [23/Jul/2023:22:03:23 -0500] "GET /calidad-del-aire-distrito-avanza-unido-por-un-nuevo-aire.html?utm_source=Meta_DIGI&utm_medium=CPMa&utm_campaign=Aire&utm_id=Julio_2023&fbclid=IwAR1wIvxFyKlIhNLTl_WAR8o0EBvubFdgQ6PhqqJJnxgUbMcTJYVeGGjJMOE_aem_AUPNFPbRBnZBniQyWBuv1NXcpgZt8n3ggPT6NSw5nL1h9T6Lg86qbx7j3IsTrCjY1LraAkusl_jRxM14Xz0CrIFE HTTP/1.1" 200 783
172.22.2.4 - - [23/Jul/2023:22:05:24 -0500] "GET /BLA/boletinlegal/actos.php HTTP/1.1" 200 9682
201.245.192.253 - - [23/Jul/2023:22:06:44 -0500] "POST /kwsrmcab/Wsrmcab  HTTP/1.1" 200 42133
216.245.221.92 - - [23/Jul/2023:22:07:37 -0500] "HEAD / HTTP/1.1" 200 -
13.214.239.244 - - [23/Jul/2023:22:08:08 -0500] "GET /transparencia/financiera/Desagregado%20con%20modificaciones/? HTTP/1.1" 404 1484
13.214.239.244 - - [23/Jul/2023:22:08:10 -0500] "GET /transparencia/financiera/Desagregado%20con%20modificaciones/? HTTP/1.1" 404 1484
186.86.32.35 - - [23/Jul/2023:22:09:03 -0500] "GET /calidad-del-aire-distrito-avanza-unido-por-un-nuevo-aire.html?utm_source=Meta_DIGI&utm_medium=CPMa&utm_campaign=Aire&utm_id=Julio_2023&gclid=EAIaIQobChMI-uOO6a6mgAMVFdhbCh0muA5SEAEYASAAEgLBRvD_BwE HTTP/1.1" 200 783
172.22.2.4 - - [23/Jul/2023:22:09:06 -0500] "GET /BLA/boletinlegal/favicon.ico HTTP/1.1" 404 1326
146.190.38.179 - - [23/Jul/2023:22:09:12 -0500] "GET / HTTP/1.1" 200 319
172.22.2.4 - - [23/Jul/2023:22:09:41 -0500] "GET /BLA/boletinlegal/js/jquery1.js HTTP/1.1" 200 29846
172.22.2.4 - - [23/Jul/2023:22:09:41 -0500] "GET /BLA/boletinlegal/niceforms.js HTTP/1.1" 200 22876
172.22.2.4 - - [23/Jul/2023:22:09:41 -0500] "GET /BLA/boletinlegal/images/cabezote%20BLEGAL.jpg HTTP/1.1" 200 118164
172.22.2.4 - - [23/Jul/2023:22:09:41 -0500] "GET /BLA/boletinlegal/images/subscribe-icon-big.png HTTP/1.1" 200 47702
172.22.2.4 - - [23/Jul/2023:22:09:41 -0500] "GET /BLA/boletinlegal/images/historia.png HTTP/1.1" 200 52775
172.22.2.4 - - [23/Jul/2023:22:09:41 -0500] "GET /BLA/boletinlegal/images/registro-usuarios.png HTTP/1.1" 200 8106
172.22.2.4 - - [23/Jul/2023:22:09:41 -0500] "GET /BLA/boletinlegal/images/green-yellow-blue-pink-th.png HTTP/1.1" 200 7394
172.22.2.4 - - [23/Jul/2023:22:09:41 -0500] "GET /BLA/boletinlegal/images/tel.png HTTP/1.1" 200 14477
172.22.2.4 - - [23/Jul/2023:22:09:41 -0500] "GET /BLA/boletinlegal/images/icono-email.png HTTP/1.1" 200 5544
172.22.2.4 - - [23/Jul/2023:22:09:42 -0500] "GET /BLA/boletinlegal/img/button-left.png HTTP/1.1" 200 57071
172.22.2.4 - - [23/Jul/2023:22:09:42 -0500] "GET /BLA/boletinlegal/img/select-right.png HTTP/1.1" 200 44019
172.22.2.4 - - [23/Jul/2023:22:09:42 -0500] "GET /BLA/boletinlegal/img/button.png HTTP/1.1" 200 43241
172.22.2.4 - - [23/Jul/2023:22:09:42 -0500] "GET /BLA/boletinlegal/img/button-right.png HTTP/1.1" 200 57878
172.22.2.4 - - [23/Jul/2023:22:09:42 -0500] "GET /BLA/boletinlegal/favicon.ico HTTP/1.1" 404 1326
191.156.148.194 - - [23/Jul/2023:22:10:04 -0500] "GET /calidad-del-aire-distrito-avanza-unido-por-un-nuevo-aire.html?utm_source=Meta_DIGI&utm_medium=CPMa&utm_campaign=Aire&utm_id=Julio_2023&gclid=Cj0KCQjwn_OlBhDhARIsAG2y6zP0TB1enX6IWgPOkZS5ukaUS8fxFgBTPPMC4ZK3R3mzHwhNmqMpTzAaAv9VEALw_wcB HTTP/1.1" 200 783
66.249.83.2 - - [23/Jul/2023:22:10:05 -0500] "GET /calidad-del-aire-distrito-avanza-unido-por-un-nuevo-aire.html?utm_source=Meta_DIGI&utm_medium=CPMa&utm_campaign=Aire&utm_id=Julio_2023&gclid=Cj0KCQjwn_OlBhDhARIsAG2y6zP0TB1enX6IWgPOkZS5ukaUS8fxFgBTPPMC4ZK3R3mzHwhNmqMpTzAaAv9VEALw_wcB HTTP/1.1" 200 783
66.249.83.1 - - [23/Jul/2023:22:10:05 -0500] "GET /calidad-del-aire-distrito-avanza-unido-por-un-nuevo-aire.html?utm_source=Meta_DIGI&utm_medium=CPMa&utm_campaign=Aire&utm_id=Julio_2023&gclid=Cj0KCQjwn_OlBhDhARIsAG2y6zP0TB1enX6IWgPOkZS5ukaUS8fxFgBTPPMC4ZK3R3mzHwhNmqMpTzAaAv9VEALw_wcB HTTP/1.1" 200 783
66.249.83.1 - - [23/Jul/2023:22:10:05 -0500] "GET /calidad-del-aire-distrito-avanza-unido-por-un-nuevo-aire.html?utm_source=Meta_DIGI&utm_medium=CPMa&utm_campaign=Aire&utm_id=Julio_2023&gclid=Cj0KCQjwn_OlBhDhARIsAG2y6zP0TB1enX6IWgPOkZS5ukaUS8fxFgBTPPMC4ZK3R3mzHwhNmqMpTzAaAv9VEALw_wcB HTTP/1.1" 200 783
191.156.154.8 - - [23/Jul/2023:22:10:24 -0500] "GET /calidad-del-aire-distrito-avanza-unido-por-un-nuevo-aire.html?utm_source=Meta_DIGI&utm_medium=CPMa&utm_campaign=Aire&utm_id=Julio_2023&fbclid=IwAR0Fsxs28z795JCApbu-TkneW_6bSB5v4LHduOJLyq1r-BYqw8nYZxjbmyw_aem_AUNkdDAkIrXYjRZWLWZtKTlRrv4czSHMnw5S7es1rhXmMwxibslsYlmYPLgNBPc41cdZkOxLEjmXZFqcBsZWTCGp HTTP/1.1" 200 783
173.252.107.119 - - [23/Jul/2023:22:10:51 -0500] "GET /humedal-guaymaral-refugio-de-animales-silvestres.html HTTP/1.1" 200 728
172.22.2.4 - - [23/Jul/2023:22:09:43 -0500] "GET /BLA/boletinlegal/ HTTP/1.1" 200 60612
173.252.107.116 - - [23/Jul/2023:22:11:41 -0500] "GET /fima-2023-secretaria-de-ambiente-presento-red-de-monitoreo-de-fauna-y-de-prediccion-climatica.html HTTP/1.1" 200 779
173.252.107.117 - - [23/Jul/2023:22:11:41 -0500] "GET /fima-2023-mas-de-700-personas-asistieron-al-stand-de-la-secretaria-de-ambiente.html HTTP/1.1" 200 857
173.252.107.8 - - [23/Jul/2023:22:11:41 -0500] "GET /fima-2023-mas-de-700-personas-asistieron-al-stand-de-la-secretaria-de-ambiente.html HTTP/1.1" 200 857
173.252.107.116 - - [23/Jul/2023:22:11:41 -0500] "GET /fima-2023-secretaria-de-ambiente-presento-red-de-monitoreo-de-fauna-y-de-prediccion-climatica.html HTTP/1.1" 200 779
173.252.107.10 - - [23/Jul/2023:22:11:43 -0500] "GET /images/camara-trampa.jpeg HTTP/1.1" 200 77809
173.252.83.1 - - [23/Jul/2023:22:11:43 -0500] "GET /images/serpiente-sabanera.jpeg HTTP/1.1" 200 167272
173.252.87.9 - - [23/Jul/2023:22:11:43 -0500] "GET /images/stand-secretaria-ambiente-fima.jpg HTTP/1.1" 200 42537
201.245.192.253 - - [23/Jul/2023:22:11:43 -0500] "POST /kwsrmcab/Wsrmcab  HTTP/1.1" 200 42133
173.252.83.3 - - [23/Jul/2023:22:11:53 -0500] "GET /images/aire-bogota.jpeg HTTP/1.1" 200 169194
216.245.221.92 - - [23/Jul/2023:22:12:37 -0500] "HEAD / HTTP/1.1" 200 -
172.22.2.4 - - [23/Jul/2023:22:13:04 -0500] "GET /BLA/boletinlegal/Circulares/2011/Circular%20No.%207%20del%2023%20de%20Diciembre%20de%202011.pdf HTTP/1.1" 200 1107785
179.19.107.89 - - [23/Jul/2023:22:13:16 -0500] "GET /calidad-del-aire-distrito-avanza-unido-por-un-nuevo-aire.html?utm_source=Meta_DIGI&utm_medium=CPMa&utm_campaign=Aire&utm_id=Julio_2023&gclid=EAIaIQobChMI0Nzx5K-mgAMVSCqtBh3XUQcZEAEYASAAEgIDtvD_BwE HTTP/1.1" 200 783
179.19.107.89 - - [23/Jul/2023:22:13:20 -0500] "GET /favicon.ico HTTP/1.1" 404 1136
69.171.249.4 - - [23/Jul/2023:22:13:57 -0500] "GET /secretaria-de-ambiente-libero-12-animales-silvestres-en-parque-entrenubes-en-los-ultimos-tres-anos-ya-han-retornado-a-la-libertad-12-800.html HTTP/1.1" 200 914
17.241.227.180 - - [23/Jul/2023:22:14:39 -0500] "-" 408 -
186.154.37.84 - - [23/Jul/2023:22:15:03 -0500] "GET /calidad-del-aire-distrito-avanza-unido-por-un-nuevo-aire.html?utm_source=Meta_DIGI&utm_medium=CPMa&utm_campaign=Aire&utm_id=Julio_2023&fbclid=IwAR06GZi2nSJKrZQVxc_63EHhRdZdmtPtga0GIuiujx-qzzI_GR6i9ZVqreY_aem_AUOpvlWfav7BSxD2tBgV6yKMfQZP-nKzp-OlUQqzJgKAApfBV8jFSchF8ALi2wrWYsJCpB_PpBRHHYcJeieZRyAk HTTP/1.1" 200 783
173.252.107.4 - - [23/Jul/2023:22:15:07 -0500] "GET /reverdeciendo-bogota-mas-de-100-arboles-se-plantaron-en-el-humedal-capellania.html HTTP/1.1" 200 811
173.252.107.119 - - [23/Jul/2023:22:15:07 -0500] "GET /bogota-celebra-la-semana-de-los-insectos.html HTTP/1.1" 200 717
172.22.2.4 - - [23/Jul/2023:22:14:43 -0500] "HEAD /BLA/boletinlegal/ HTTP/1.1" 200 -
66.249.70.198 - - [23/Jul/2023:22:16:49 -0500] "-" 408 -
172.22.2.4 - - [23/Jul/2023:22:15:33 -0500] "GET /BLA/boletinlegal/ HTTP/1.1" 200 53643
179.51.114.2 - - [23/Jul/2023:22:17:16 -0500] "GET /calidad-del-aire-distrito-avanza-unido-por-un-nuevo-aire.html?utm_source=Meta_DIGI&utm_medium=CPMa&utm_campaign=Aire&utm_id=Julio_2023&gclid=EAIaIQobChMIjvP-0rCmgAMVCZh_BB3A0ATREAEYASAAEgJHxfD_BwE HTTP/1.1" 200 783
216.245.221.92 - - [23/Jul/2023:22:17:36 -0500] "HEAD / HTTP/1.1" 200 -
207.46.13.217 - - [23/Jul/2023:22:17:44 -0500] "GET /BLA/resoluciones/AUTOS%202022/3348.pdf HTTP/1.1" 304 -
201.245.192.253 - - [23/Jul/2023:22:17:50 -0500] "POST /kwsrmcab/Wsrmcab  HTTP/1.1" 200 42133
69.63.189.1 - - [23/Jul/2023:22:18:06 -0500] "GET /images/Caminatas-ecologicas-julio.jpg HTTP/1.1" 200 480557
69.63.189.5 - - [23/Jul/2023:22:18:06 -0500] "GET /images/construccion-sostenible-.jpg HTTP/1.1" 200 82949
69.63.189.5 - - [23/Jul/2023:22:18:07 -0500] "GET /images/camino-guadalupe-aguanoso.jpg HTTP/1.1" 200 103489
201.245.192.253 - - [23/Jul/2023:22:18:51 -0500] "POST /kwsrmcab/Wsrmcab  HTTP/1.1" 200 42133
173.252.107.9 - - [23/Jul/2023:22:19:12 -0500] "GET /secretaria-de-ambiente-libero-19-animales-silvestres-en-bogota-en-el-humedal-torca-y-guaymaral.html HTTP/1.1" 200 904
201.245.192.253 - - [23/Jul/2023:22:19:29 -0500] "POST /kwsrmcab/Wsrmcab HTTP/1.1" 200 43007
201.245.192.253 - - [23/Jul/2023:22:19:32 -0500] "POST /kwsrmcab/Wsrmcab HTTP/1.1" 200 43649
52.53.168.171 - - [23/Jul/2023:22:21:21 -0500] "GET / HTTP/1.1" 200 319
191.95.165.191 - - [23/Jul/2023:22:21:50 -0500] "GET /calidad-del-aire-distrito-avanza-unido-por-un-nuevo-aire.html?utm_source=Meta_DIGI&utm_medium=CPMa&utm_campaign=Aire&utm_id=Julio_2023&gclid=EAIaIQobChMI8pHT17GmgAMVvtT9BR0JCgpGEAEYASAAEgJjjfD_BwE HTTP/1.1" 200 783
173.252.107.4 - - [23/Jul/2023:22:22:01 -0500] "GET /raton-de-campo-o-arrocero-nuevo-registro-en-el-humedal-torca-guaymaral.html HTTP/1.1" 200 727
190.60.254.216 - - [23/Jul/2023:22:22:13 -0500] "GET /secretaria-de-ambiente-libero-19-animales-silvestres-en-bogota-en-el-humedal-torca-y-guaymaral.html?fbclid=IwAR0LG8NPffbF9yAmGJRuWHI6oYtxUuggqpFhD5lNiEN0CofS-d_GMqv2upA HTTP/1.1" 200 904
216.245.221.92 - - [23/Jul/2023:22:22:37 -0500] "HEAD / HTTP/1.1" 200 -
172.22.2.4 - - [23/Jul/2023:22:21:23 -0500] "GET /BLA/boletinlegal/ HTTP/1.1" 200 60612
186.155.12.248 - - [23/Jul/2023:22:23:12 -0500] "GET /calidad-del-aire-distrito-avanza-unido-por-un-nuevo-aire.html?utm_source=Meta_DIGI&utm_medium=CPMa&utm_campaign=Aire&utm_id=Julio_2023&gclid=EAIaIQobChMIxc3VgLKmgAMVRhqtBh3PWQC3EAEYASAAEgLSgPD_BwE HTTP/1.1" 200 783
172.22.2.4 - - [23/Jul/2023:22:23:31 -0500] "GET /BLA/boletinlegal/robots.txt HTTP/1.1" 404 1038
191.156.57.95 - - [23/Jul/2023:22:23:40 -0500] "-" 408 -
201.245.192.253 - - [23/Jul/2023:22:23:49 -0500] "POST /kwsrmcab/Wsrmcab  HTTP/1.1" 200 42133
172.22.2.4 - - [23/Jul/2023:22:24:01 -0500] "GET /BLA/boletinlegal/ HTTP/1.1" 200 20427
186.102.16.56 - - [23/Jul/2023:22:24:43 -0500] "OPTIONS /kwssiamovil/sm/setfile/f? HTTP/1.1" 200 13
172.22.2.4 - - [23/Jul/2023:22:23:31 -0500] "GET /BLA/boletinlegal/ HTTP/1.1" 200 56100
186.102.16.56 - - [23/Jul/2023:22:24:43 -0500] "POST /kwssiamovil/sm/setfile/f? HTTP/1.1" 200 381
186.102.16.56 - - [23/Jul/2023:22:25:47 -0500] "OPTIONS /kwssiamovil/sm/setfile/f? HTTP/1.1" 200 13
186.102.16.56 - - [23/Jul/2023:22:25:47 -0500] "POST /kwssiamovil/sm/setfile/f? HTTP/1.1" 200 381
186.102.16.56 - - [23/Jul/2023:22:26:25 -0500] "OPTIONS /kwssiamovil/sm/setfile/f? HTTP/1.1" 200 13
186.102.16.56 - - [23/Jul/2023:22:26:25 -0500] "POST /kwssiamovil/sm/setfile/f? HTTP/1.1" 200 381
186.102.16.56 - - [23/Jul/2023:22:26:51 -0500] "OPTIONS /kwssiamovil/sm/setfile/f? HTTP/1.1" 200 13
186.102.16.56 - - [23/Jul/2023:22:26:51 -0500] "POST /kwssiamovil/sm/setfile/f? HTTP/1.1" 200 381
186.102.16.56 - - [23/Jul/2023:22:27:00 -0500] "GET /kwssiamovil/sm/acme/a?s=U2FsdGVkX1/lJ/58HG/WgZ2zpxQvTzGbwYqItuUPRRGXiGuSTA/vDTTnWyoL2EkY6agMrgDRBzRrFUMXxdRyLVlfEP41cj2Zd5prDbblshWln129W4cG2L7XIRieDSlCwe8givT0pillzSzM3ZcOgpmF5V18ZMjkwBJfvgoipg8ecC+tozMkJ/SRSEQxLKBbX77OZ18xyr5kHIjODIkw7zC5B2z9J1kL+V06Fv/ZT++OlNgtwc6I+uunyhn0N6UP/5MfCbFLU4q63dbmvgvT8A==&u=U2FsdGVkX19kuogT1ec83ZbCBTcjv6Dcl0YCnZaD4Hk=&y=U2FsdGVkX19lz3zvJgJmlYSBI8qrp/j/WbOjJ4ogMVXOw7JKz33c2PoG+fh59op6 HTTP/1.1" 200 26
186.102.16.56 - - [23/Jul/2023:22:27:01 -0500] "GET /kwssiamovil/sm/acme/a?s=U2FsdGVkX1+mHV2R68lPbqFAHCdsmHgsU96fyC9Wuf0RBmW8q6ME7ty+qVqly3UedvGh2qLelvMQeaP12yotdUZVShuyXrsONFxpln/PTIqvgrgIrQZvO/MVU60AI4j+uJQnbFAql7KSAYeNhKvKp3r1xQI18QaLSq927/hUPMi23WEh+GDijSV6M8NQtT6iU3UYccsedejA5FVR0/NK0OdmbpIb9ShTgOEeLLerpfKTl4YoGH8VTbHDe9JtFKG7+rJHnjDFfqH119Q/OksTLd8vWvB5TaRhFdbGPse7rzkrIf7tf1YNNbH912O9tYU16KFywIl0byyT60hoUDGFNEdjvTnGA4bjHotKz1ix9lfSnsyvryqBl4f902Ilo60gM4dGF0rrNT4Cb4pLgHygfsW+0UI8npZm5/j2AfIEkuez72TmZDRBQu10Aula3eFdan+Kpu0gXsFs0d/EawhGIHEtD1MxOMCBdMD6DubzLd8ird5kwoHX+irHXKzoLw8hyUl1AWHjuTV4aYkpEemcfdkgqgOjishaRm3h2lB9ZKlOU5wqzICoDjzQErfkIsC+acqgNABD82qB573UTiFuMwG1yZkcOoQrTcCbdO4uL01vN/a//9hs17UIlo20ZhaXQ0bHlmtdds9TgSE6WE4aLBjAcorVwLSv0ovndrmz945Fa/rl/QmuQtejmi25oNsrupAFS+Dgt3pmQya8Fo4txFI/jbTRJu4Oy2j342mCOZ795SXYMkWDLk6/d+91TKvzXtcT7sBwYtldzjTOGVL4J+dGBlN6VFzRpQISxDT7Tlk8rtZgJm8460P7P26NbnNHFH62otH7azXsBSgLniVJoc8M03Rowqm23riVUC7bDmMHvT1bzRWCbvvW6eQWucrK/UjMPMwLB+DJ/iAta0cUA5TbFKHzU645RRc+FOQ7yCA+L+HPvxspkeZEgjUK5EXkr1YB6CrHTQaPQz7uRAYzlpzFUjznyk/34cfobP8i8XbDVD5ujDxsxMse+LdkQIJyRvTuZJRGEJ8IoJYOwTe0t2iQdr0w25D2lJO2ov9YJ9woNThGaFlhK9c+Vy9IvgtfYMC4TJD1yuowlpvuBzA1LTduepHseAxo6ylC63CkQnAJirYHUIqu/e8+wlds1vNv0iivAMVjWf1Qq9QCor60mg==&u=U2FsdGVkX19kuogT1ec83ZbCBTcjv6Dcl0YCnZaD4Hk=&y=U2FsdGVkX19lz3zvJgJmlYSBI8qrp/j/WbOjJ4ogMVXOw7JKz33c2PoG+fh59op6 HTTP/1.1" 200 26
186.102.16.56 - - [23/Jul/2023:22:27:02 -0500] "GET /kwssiamovil/sm/acme/a?s=U2FsdGVkX1+6b8ScEAwLG0gALS50onDbI5wW17lxavbAOhprAT4kzt1mZpSSH5zn23IxMulfr8RdQCPPuolaFWoldVWqjKalm7zKJ1BRmPOL/alo8CpxUAWVroKIjhhkpl3I3+bCKAOfTm548PejZGa7nJ6y2gGDeTQFi2J10/E=&u=U2FsdGVkX19kuogT1ec83ZbCBTcjv6Dcl0YCnZaD4Hk=&y=U2FsdGVkX19lz3zvJgJmlYSBI8qrp/j/WbOjJ4ogMVXOw7JKz33c2PoG+fh59op6 HTTP/1.1" 200 26
186.102.16.56 - - [23/Jul/2023:22:27:02 -0500] "GET /kwssiamovil/sm/acme/a?s=U2FsdGVkX18PxCgckMNPDuUNo/NV20qlB8FQ10bjeyXyH2Pn5IYAFIrDmiFaYJE1tE/1Uox4ZsMg7eBDY6Oqj1sTho93igemeuPxK0PeMgdGEd/uMjavbzWWb+xMptsS4SFHCcWYI21rF8DTZq2al/8Fg2EhJW8lBmfXeCxTq1g=&u=U2FsdGVkX19kuogT1ec83ZbCBTcjv6Dcl0YCnZaD4Hk=&y=U2FsdGVkX19lz3zvJgJmlYSBI8qrp/j/WbOjJ4ogMVXOw7JKz33c2PoG+fh59op6 HTTP/1.1" 200 26
186.102.16.56 - - [23/Jul/2023:22:27:02 -0500] "GET /kwssiamovil/sm/acme/a?s=U2FsdGVkX18FUexVCajxDhHvB7+1CCtX4GumZqeJjRxqr+nm82aXqr/h3fFoyWcg9NQByBCUSgyMJI8NWwmsBhslEaAzrgdWnx/4AqnscoZOrbd12phPYebCGk0UkNUFYrrMJo86HoSrlrQhWsuy3ctXqqyJ9qNR/7JtgIaYWWM=&u=U2FsdGVkX19kuogT1ec83ZbCBTcjv6Dcl0YCnZaD4Hk=&y=U2FsdGVkX19lz3zvJgJmlYSBI8qrp/j/WbOjJ4ogMVXOw7JKz33c2PoG+fh59op6 HTTP/1.1" 200 26
186.102.16.56 - - [23/Jul/2023:22:27:03 -0500] "GET /kwssiamovil/sm/acme/a?s=U2FsdGVkX18IqYqQUVRGR38kQy82JjZfUAtrw54F7xX/zxoUhoG4nS30KomdEZwio7jNeg1JTWgp9e1qEcspMijLGHuTZlWMDKELYvZzoRj91SA0PHQrC72cqOuAT8U7WeTo2VCYmjw2eLuNGVsPXLX0ahTVyjdnPw/SpeETp/iVrjGB311t1/OgvPTb8/MT9wCcyuFOqGfNUXLyzqz6yw==&u=U2FsdGVkX19kuogT1ec83ZbCBTcjv6Dcl0YCnZaD4Hk=&y=U2FsdGVkX19lz3zvJgJmlYSBI8qrp/j/WbOjJ4ogMVXOw7JKz33c2PoG+fh59op6 HTTP/1.1" 200 26
186.102.16.56 - - [23/Jul/2023:22:27:03 -0500] "GET /kwssiamovil/sm/acme/a?s=U2FsdGVkX18ETfrfdz0eSzO1gqh4U/NDrdCWxVroVLvI9vW9UR26ozwXHliXwu+qwFI3lf9RTyZSZYStBzXr5YosBYaWKrbHizkjmLTdgeJMg047jW9AU7NGnfERO84bjRXeCA3BTspf6Q6SHiJl8ROUMCdtY4PnFmHX6EjkkESMTALAl70nURAkHeA/o8DPdzOfxIYZr7DO6sNT+ZGAPQ==&u=U2FsdGVkX19kuogT1ec83ZbCBTcjv6Dcl0YCnZaD4Hk=&y=U2FsdGVkX19lz3zvJgJmlYSBI8qrp/j/WbOjJ4ogMVXOw7JKz33c2PoG+fh59op6 HTTP/1.1" 200 26
186.102.16.56 - - [23/Jul/2023:22:27:03 -0500] "GET /kwssiamovil/sm/acme/a?s=U2FsdGVkX19A/sFzjaGx/NDgVh+yPXyS255TLoSOzjWppF23tWQJadwUMtcDyUET36JBi6R20bVCoS1Iu0sfcZGKa6yTR0G/Scdh927H2J6CC8/5xi9O708akexdBCP+GmdwBzEf9IP+IewUoKrtL/wLW/oeF86X6RWj0pEI74D8AuFZv4dD0uGmxbKTVwUXp0kv0EQSMJrxWPSjBFqp0LhBVvii7+jqy0XNxt14nFQMtmIRBCb6WyWAu8Gk9ZHqBRPmm3b4k119LyiLqM0yWAmLIS1fR0mEOWxRvCd8TlbOgk0CEOYkHbj3chHqblHPF3g4GHBm+6PokXj1S64nUDhlsJO+Inof+nP4NjS1Ro6VhbAqeL2C7M7jh0YdN6IsCnrkRnqO5woADCsiQ86Zi/ZZ82/JOvi36EgsBzC9dlAJwmAu7imZkbOcwQCnWh1e6bef0z1EN7t79wY+Ui0aBg==&u=U2FsdGVkX19kuogT1ec83ZbCBTcjv6Dcl0YCnZaD4Hk=&y=U2FsdGVkX19lz3zvJgJmlYSBI8qrp/j/WbOjJ4ogMVXOw7JKz33c2PoG+fh59op6 HTTP/1.1" 200 25
186.102.16.56 - - [23/Jul/2023:22:27:04 -0500] "GET /kwssiamovil/sm/acme/a?s=U2FsdGVkX1+Boehyu/vsnFt3jVZNHYH6LUNkzhmjYqREbmDRAQRLschKwwvdtq2gQuOW3qa3O9+RQda+IKZkwkjytBzWtZopZZQax0GKpU95S3P5kcbfeiVkZ5qwYNXkdKSPgsKAm88FpHCA06rEP1tzqKeCKRLDmvupAQHsuKyGEFycd9BPJEKADq+XcnP7&u=U2FsdGVkX19kuogT1ec83ZbCBTcjv6Dcl0YCnZaD4Hk=&y=U2FsdGVkX19lz3zvJgJmlYSBI8qrp/j/WbOjJ4ogMVXOw7JKz33c2PoG+fh59op6 HTTP/1.1" 200 26
186.102.16.56 - - [23/Jul/2023:22:27:04 -0500] "GET /kwssiamovil/sm/acme/a?s=U2FsdGVkX191q9S29BtmXU+CUCnO+NMNR8hNFkybqnF6uZZ01JpYkBwcz8ZnIkuIWYNKjJTKpRtckHwuZ7CTmYvaWkpPl3s9HB+4VeOIYt2svHB59+c8gMgihOlREc8W2KCbGFI4QcA+SeurUzqzZtb+PQKL5JZA0nX7lX2dE0oSN0eBPlpaDK4vfhmnm+Iq9Iil89LOODXfi6tN6mCfIaDYzElEAM+rKouQWUncqqgrC+bAl87eAQNrPBWJaIhGc30vm5SnKuT7hP7jpR5+sSV0f9m4d1AZwDkTYppxfM0ijx+KDhPVz2IB79MVoEOI2RoKUGge4cdqenz8F5Plc9JL6EzehzVsSfE+TPgJtv1d0e1mvGCSmUlAava1p+eFbjIiZMYxi8ZRnwyUs7hyWrf8Yv3s2+Hi8M7av4cHE8c=&u=U2FsdGVkX19kuogT1ec83ZbCBTcjv6Dcl0YCnZaD4Hk=&y=U2FsdGVkX19lz3zvJgJmlYSBI8qrp/j/WbOjJ4ogMVXOw7JKz33c2PoG+fh59op6 HTTP/1.1" 200 25
186.102.16.56 - - [23/Jul/2023:22:27:04 -0500] "GET /kwssiamovil/sm/acme/a?s=U2FsdGVkX1+PPjG+j9+smJz/GHHPG0T2uUL9vIBUIpMISFjuN653aMJK8e+xt2LF0WiZ5uCoe2gNTexH4zQE3CP6rNf+QQ7mkZR1ePnMpa+nJkOzcvyK9CJDCVYc3hh26XuRxxmroLxLTXcJXxW1ySghsjWXbgqzG/zEGUjGl6SYSRYWGGo0wCfz0Gj3kOwifmctPEUurg6Z8WifSET2HQ==&u=U2FsdGVkX19kuogT1ec83ZbCBTcjv6Dcl0YCnZaD4Hk=&y=U2FsdGVkX19lz3zvJgJmlYSBI8qrp/j/WbOjJ4ogMVXOw7JKz33c2PoG+fh59op6 HTTP/1.1" 200 26
186.102.16.56 - - [23/Jul/2023:22:27:04 -0500] "GET /kwssiamovil/sm/acme/a?s=U2FsdGVkX1+1XV4u1M6OJOqNSKo1UVruZHyFS+JCJO1lc/2YeHCnT20ZN/NxOLC5WJGW8s08HJ6mD+KmQDKP8OikFVc1lRt+Ms8DhvCGIzfQD6VY2u4aqbgGc+YDEty/wSltufiDNTixFCXbGnuq1c/jRZ0rya0ItOVK/3njfmJ8jXnTF0U3lCIQ3ii0+VGU&u=U2FsdGVkX19kuogT1ec83ZbCBTcjv6Dcl0YCnZaD4Hk=&y=U2FsdGVkX19lz3zvJgJmlYSBI8qrp/j/WbOjJ4ogMVXOw7JKz33c2PoG+fh59op6 HTTP/1.1" 200 26
186.102.16.56 - - [23/Jul/2023:22:27:05 -0500] "GET /kwssiamovil/sm/acme/a?s=U2FsdGVkX19xYnEtAtXke721Uv6o7+eB1D4SWsp8ov4czIRSiv6OfW77bXL8TDhjZ8YiX1WvCeSF9P1lLkKxJsfC/Wyjlr9zUKpJasJlINVu08hFk+ybUVypEXjirwzjuJiVtOeP5CKxNwTST9B0SeSZf9jvZ1BZ/Re49tTUfdz1y7jCHdL/lT0KHM7NkgOFKLUTFSm0WtKZx+ZmfDBMvQ==&u=U2FsdGVkX19kuogT1ec83ZbCBTcjv6Dcl0YCnZaD4Hk=&y=U2FsdGVkX19lz3zvJgJmlYSBI8qrp/j/WbOjJ4ogMVXOw7JKz33c2PoG+fh59op6 HTTP/1.1" 200 26
186.102.16.56 - - [23/Jul/2023:22:27:05 -0500] "GET /kwssiamovil/sm/acme/a?s=U2FsdGVkX1+2g+Mx+cImg1HZuBODMRolsEhGh4GfkKgfwE5KuWyZbetFBSboqa+NnjSSXS0qa3VhOOWbUbVPn7hXLe8cbQHsn5A9ut/pUY0zvur5oygKaSdSss99+9VUZlnkKZDrEvInc5c2tx3tHcWsTLjK1seizrr0NqVx+HTh5WX1FO6YfChn3C4L0G0vmUnSwfZli7cWQ/GUDdpStA==&u=U2FsdGVkX19kuogT1ec83ZbCBTcjv6Dcl0YCnZaD4Hk=&y=U2FsdGVkX19lz3zvJgJmlYSBI8qrp/j/WbOjJ4ogMVXOw7JKz33c2PoG+fh59op6 HTTP/1.1" 200 26
66.249.70.196 - - [23/Jul/2023:22:27:10 -0500] "-" 408 -
186.84.89.31 - - [23/Jul/2023:22:27:21 -0500] "GET /calidad-del-aire-distrito-avanza-unido-por-un-nuevo-aire.html?utm_source=Meta_DIGI&utm_medium=CPMa&utm_campaign=Aire&utm_id=Julio_2023&fbclid=IwAR2l5s8K6J-lYxy_0ePPfoFDcFYsoNTyE0no1GfuuAsfPzd1AZyInorqs0I_aem_AUOPuAybeST0i5Hw1PR_EyVBmeYXjpXcYfC3jDFWJNDPXmzewYNDIXAl18LtjxvwVYR-8MrcNYf4UDMlS-OE4Idi HTTP/1.1" 200 783
216.245.221.92 - - [23/Jul/2023:22:27:37 -0500] "HEAD / HTTP/1.1" 200 -
190.24.58.137 - - [23/Jul/2023:22:27:38 -0500] "GET /calidad-del-aire-distrito-avanza-unido-por-un-nuevo-aire.html?utm_source=Meta_DIGI&utm_medium=CPMa&utm_campaign=Aire&utm_id=Julio_2023&fbclid=IwAR3zryYiNk-dCI6WXjnCtox0prrwUysZ8OICswpzEfF41vQe6bp83tUW0dg_aem_AUO98qXf-vp1IBx0SDznz5sUiqoCHqoCJWnPShPN9miWooFBa_zZ91RITEDEyE3zcNnGkgwYOt7EJdjcwIMqGKkh HTTP/1.1" 200 783
186.102.16.56 - - [23/Jul/2023:22:27:54 -0500] "GET /kwssiamovil/sm/acme/u?s=U2FsdGVkX19obWdYDXrXsQ/BLIJ41E/YvMVe39+Z05CBcS0iqypYo9hmvyWKB73KIGpCE1Nd5rR+OIW6uWfVEK/d+0uvorzr+LjUWwly4VEJjbBhUE6NhmHoDmItOGSfE0IF04FBMo7HYFa1jP8IO5DxaPDy6MYoP6TMrOmmfu8=&u=U2FsdGVkX19kuogT1ec83ZbCBTcjv6Dcl0YCnZaD4Hk=&y=U2FsdGVkX19lz3zvJgJmlYSBI8qrp/j/WbOjJ4ogMVXOw7JKz33c2PoG+fh59op6 HTTP/1.1" 200 60
172.22.2.4 - - [23/Jul/2023:22:26:23 -0500] "HEAD /BLA/boletinlegal/ HTTP/1.1" 200 -
172.22.2.4 - - [23/Jul/2023:22:28:27 -0500] "GET /BLA/boletinlegal/Circulares/2012/Circular%20No.%203%20del%2023%20de%20Marzo%20de%202012.pdf HTTP/1.1" 200 572950
201.245.192.253 - - [23/Jul/2023:22:28:47 -0500] "POST /kwsrmcab/Wsrmcab  HTTP/1.1" 200 42133
172.22.2.4 - - [23/Jul/2023:22:27:13 -0500] "GET /BLA/boletinlegal/ HTTP/1.1" 200 54453
201.245.192.253 - - [23/Jul/2023:22:29:29 -0500] "POST /kwsrmcab/Wsrmcab HTTP/1.1" 200 43007
201.245.192.253 - - [23/Jul/2023:22:29:32 -0500] "POST /kwsrmcab/Wsrmcab HTTP/1.1" 200 43649
172.22.2.4 - - [23/Jul/2023:22:32:04 -0500] "GET /BLA/boletinlegal/actos.php HTTP/1.1" 200 9682
186.80.52.205 - - [23/Jul/2023:22:32:07 -0500] "GET /BLA/resoluciones/ HTTP/1.1" 200 13502
186.80.52.205 - - [23/Jul/2023:22:32:08 -0500] "GET /BLA/resoluciones/index.php?dir=AUTOS+2023%2F HTTP/1.1" 200 176769
216.245.221.92 - - [23/Jul/2023:22:32:36 -0500] "HEAD / HTTP/1.1" 200 -
201.245.192.253 - - [23/Jul/2023:22:33:47 -0500] "POST /kwsrmcab/Wsrmcab  HTTP/1.1" 200 42133
172.22.2.4 - - [23/Jul/2023:22:32:13 -0500] "HEAD /BLA/boletinlegal/ HTTP/1.1" 200 -
186.85.146.68 - - [23/Jul/2023:22:34:15 -0500] "GET /calidad-del-aire-distrito-avanza-unido-por-un-nuevo-aire.html?utm_source=Meta_DIGI&utm_medium=CPMa&utm_campaign=Aire&utm_id=Julio_2023&gclid=EAIaIQobChMI5ZratLSmgAMVznliCh0NeQ5NEAEYASAAEgKif_D_BwE HTTP/1.1" 200 783
186.102.16.56 - - [23/Jul/2023:22:34:24 -0500] "OPTIONS /kwssiamovil/sm/setfile/f? HTTP/1.1" 200 13
172.22.2.4 - - [23/Jul/2023:22:32:53 -0500] "GET /BLA/boletinlegal/ HTTP/1.1" 200 42218
172.22.2.4 - - [23/Jul/2023:22:33:03 -0500] "GET /BLA/boletinlegal/ HTTP/1.1" 200 46503
207.46.13.217 - - [23/Jul/2023:22:34:51 -0500] "GET /BLA/resoluciones/AUTOS%202022/8254.pdf HTTP/1.1" 200 393614
186.102.16.56 - - [23/Jul/2023:22:34:24 -0500] "POST /kwssiamovil/sm/setfile/f? HTTP/1.1" 200 381
186.102.16.56 - - [23/Jul/2023:22:35:07 -0500] "OPTIONS /kwssiamovil/sm/setfile/f? HTTP/1.1" 200 13
186.102.16.56 - - [23/Jul/2023:22:35:08 -0500] "POST /kwssiamovil/sm/setfile/f? HTTP/1.1" 200 381
186.102.16.56 - - [23/Jul/2023:22:35:34 -0500] "OPTIONS /kwssiamovil/sm/setfile/f? HTTP/1.1" 200 13
186.102.16.56 - - [23/Jul/2023:22:35:35 -0500] "POST /kwssiamovil/sm/setfile/f? HTTP/1.1" 200 381
186.102.16.56 - - [23/Jul/2023:22:35:54 -0500] "OPTIONS /kwssiamovil/sm/setfile/f? HTTP/1.1" 200 13
186.102.16.56 - - [23/Jul/2023:22:35:54 -0500] "POST /kwssiamovil/sm/setfile/f? HTTP/1.1" 200 381
186.102.16.56 - - [23/Jul/2023:22:36:10 -0500] "OPTIONS /kwssiamovil/sm/setfile/f? HTTP/1.1" 200 13
186.102.16.56 - - [23/Jul/2023:22:36:10 -0500] "POST /kwssiamovil/sm/setfile/f? HTTP/1.1" 200 381
186.102.16.56 - - [23/Jul/2023:22:36:37 -0500] "GET /kwssiamovil/sm/acme/a?s=U2FsdGVkX1/AMe/XmFsEjU9VJH6hECEZ0WQxWgC3MNa28GEORPKjSm6XU5gq/84KcunGX78q4Y7PEHlLnIWBsG/33QlBVPfP0erJBt03CK4ntJn3QKeGh8mQEzahpJJXNoUcZlaQgD/Z2u+a2wg93M5VMA3TvvhUAq+DHqQ3KMZu1b3d0tHmTNwWPf9amzHTlpC9zqCJvSb4CY5pi+tNyeZ25kRg1Gd8egF+rDQpDrpbjj2Q1yEQfGKDAuv0LSbszhRn82Ur2VIYZ1iYuQpG8A==&u=U2FsdGVkX19kuogT1ec83ZbCBTcjv6Dcl0YCnZaD4Hk=&y=U2FsdGVkX19lz3zvJgJmlYSBI8qrp/j/WbOjJ4ogMVXOw7JKz33c2PoG+fh59op6 HTTP/1.1" 200 26
186.102.16.56 - - [23/Jul/2023:22:36:38 -0500] "GET /kwssiamovil/sm/acme/a?s=U2FsdGVkX1+63/F2yDvGdac6JcMT9Wq2NpJ6QczqbVwWRjLymuLNDcH+KE4js08y5KZr0JNX+O9fCL7JdC2kCrHB3q8FZq3CLFZhA8ixWRsOYbx90Vdi7B2ELcnn0Ua5Z80PTmWkJpFrxv3tQYlKbF/jEoEIaUQVonqVfeX+jY8X6sH4+rsOro9HqbcQCP4aZd1VJIoQRY4DbOLItelelf3bT50tYk1y19db7pLzjIF/FLzNapqHldd0QVFDZeGLvzKDBogOOkHXGQKEC9fk5mBCAUo5Bv7afYbh7YTItZYjFtrAb4Zp2+VnVlun0bHnQBCX+MR8f32V18WDuPz2PMd9QPtiX2YrsAPHXxjZcQ1mGsCiU2uXy/ezQv7+F9YnPZgA7qnCBg6QuWECirnRvNCM9TJIZiSbMnUlyi5IGD0QrXWQc6RB2esZxB9eIk4w5Xe9hgiGjLhOOtgH+AbJSp2Ba7RKN1EuTwwNorayYx63CsSZZTwk3/KUd0k5dfeNn6YE3OH7bL3VE8i+Q5dgV8wfzKIRutyG7AYjsWViTjoEvctYTOeUIlwRiWTiZ3pQCgxuOq3or2lzibF/eFLTe2WRZhL8OYb/q1mFWjiNFEv8FGKkgzyL2lcjbhD8QZx2wkZfW73S2JH0MGyQNRp9Pc8DHEaze2/ENGdPvGm4U9SpZCoYtt4KsrBZNnQSiQbDf7IaFg8Yzr36A223GxsoORPcK+VWwlHjmhOEj2GO/4yCNZfDZZ1ZgczdjuWmPKcNuSkdIqFmTf+hA/tPCy1Fq8SE+exmhklh889iSocndk2lxiD8Y80K9jtu75PWMMdEpz5ojwuWB4zO1FPcLypWZPWeTbqSsV1QAjYsUXgCA8D8jyU90BhvVCt3XGA236I/l/hirI8SUFQqieklG21+9kJmpvS8LUxhYdAfnNOZvTDqsscgASBCjx6TfwYT+3E5ja0/ot9G0/uMSi7JVeqcGH7dOgeConYTmV56SvFzVsOlauLNOVOTs19GMhmOkADJspDEcdnCnrVAX9a+nNtC0IWD8EaFmF9hEPnW1r44SnPXTKVrs/z3SG5SBlFJAnP2HK3hZGn/Isym6oWK2p5khE8kkhiV84dbupg3U9HOmo9tOo2o5zhOb7tfifQWteYoONQmbAC2l8oXUChVZIXWOHhlljcC2yXoi/weo0TnDkf6h2tqO62QGrFFFrJoz03R8Q6+i3yXFg/fhAQF448mqg==&u=U2FsdGVkX19kuogT1ec83ZbCBTcjv6Dcl0YCnZaD4Hk=&y=U2FsdGVkX19lz3zvJgJmlYSBI8qrp/j/WbOjJ4ogMVXOw7JKz33c2PoG+fh59op6 HTTP/1.1" 200 26
186.102.16.56 - - [23/Jul/2023:22:36:38 -0500] "GET /kwssiamovil/sm/acme/a?s=U2FsdGVkX19ghGlZspbNvUzavCZLWtNclKS2JfxFZJxcde//6fIWC4jiFEJYlFaeSCBufxYOkcthiT2oLBrzejlbJWgmI6FwEM6Ob/+/IJPN197LdRbr8nfWol7v1zELZxI6tBdDXh16CJNgi/lkSoIU+amXsMm33wlQVFXBJBA=&u=U2FsdGVkX19kuogT1ec83ZbCBTcjv6Dcl0YCnZaD4Hk=&y=U2FsdGVkX19lz3zvJgJmlYSBI8qrp/j/WbOjJ4ogMVXOw7JKz33c2PoG+fh59op6 HTTP/1.1" 200 26
186.102.16.56 - - [23/Jul/2023:22:36:38 -0500] "GET /kwssiamovil/sm/acme/a?s=U2FsdGVkX1/DvzbrWWgMax0le9PrIjGkRYi764LccVW3bHJaAsvg/6YgWl1Fmffq0mF3897D/AyFpgR5IXPMzG15a5VzfAeiUBS/o61M9qp58x4/M3UQoc9H5yrbLaG2Wn+vvGyd+/Phwf7BiYo+28WVQhzOstSWbSJO0mYneyg=&u=U2FsdGVkX19kuogT1ec83ZbCBTcjv6Dcl0YCnZaD4Hk=&y=U2FsdGVkX19lz3zvJgJmlYSBI8qrp/j/WbOjJ4ogMVXOw7JKz33c2PoG+fh59op6 HTTP/1.1" 200 26
186.102.16.56 - - [23/Jul/2023:22:36:38 -0500] "GET /kwssiamovil/sm/acme/a?s=U2FsdGVkX1+7p87LBMMlXOJ3FlaK2pmYNq9WR0FbWsKqzS5jn1FTDzFGulW3Q8T9entvJ37Qbvw9FWj9h38hJKvw7wswEOqqp7lI7okiaEIIVapf3B+7gGO+ZbJhas26VbbseShQayuIQJk+Y6NvDYMKRNBVzDbAZVJpqE3kIP8=&u=U2FsdGVkX19kuogT1ec83ZbCBTcjv6Dcl0YCnZaD4Hk=&y=U2FsdGVkX19lz3zvJgJmlYSBI8qrp/j/WbOjJ4ogMVXOw7JKz33c2PoG+fh59op6 HTTP/1.1" 200 26
186.102.16.56 - - [23/Jul/2023:22:36:39 -0500] "GET /kwssiamovil/sm/acme/a?s=U2FsdGVkX19hVRJ53mLapFB/6lsfoYl328sHJwsxRtr5/vxwIJjVHHFU3yGnlinsUCxkUPQeh0IMuftaYp4sV1hEqErqYJYcx3Ihrv02CRIOVSHxgwMmm0wCXL7Ii9vnMNRVXdFJfYrPz67ZBDPKvPIifXIYMndoNUs1N1PKqBXzqXnPb+/CaLux6EO2d3Oc67YU0sCgIsntkh7ANrKk2w==&u=U2FsdGVkX19kuogT1ec83ZbCBTcjv6Dcl0YCnZaD4Hk=&y=U2FsdGVkX19lz3zvJgJmlYSBI8qrp/j/WbOjJ4ogMVXOw7JKz33c2PoG+fh59op6 HTTP/1.1" 200 26
186.102.16.56 - - [23/Jul/2023:22:36:39 -0500] "GET /kwssiamovil/sm/acme/a?s=U2FsdGVkX18YGQ6pBnnB3TmWOC/yvsWWmdfqZ9NyharNrsoG6z3KxtLBzwKlPkQnQGZniHV1ho3XS9eqLfJStiUEAkR5lFL+rMSL6CmjsLpaAYlxVWus62n/PSJw8DK2g6uBuxfwR2C2DAIpeoooXwtiWtYFzzRsrpfKDnhtMwbDbrEq5orJJj89UiZOZBczqhoMS6nGeDlk8fw+5IQw7Q==&u=U2FsdGVkX19kuogT1ec83ZbCBTcjv6Dcl0YCnZaD4Hk=&y=U2FsdGVkX19lz3zvJgJmlYSBI8qrp/j/WbOjJ4ogMVXOw7JKz33c2PoG+fh59op6 HTTP/1.1" 200 26
186.102.16.56 - - [23/Jul/2023:22:36:39 -0500] "GET /kwssiamovil/sm/acme/a?s=U2FsdGVkX191xchI8GtIH1qLD/KEmEY3zmxajGVv0yU1CXs6HKWDH4MSNnv04Fl+cHHOHX5REX74dkgaua2UrgtH7Je7gTfrZNBRPiPUYOAB0kfG+NSaV/ugdY+1Ko5a083ZefSITCffBqYfEdxvzgOxCH15WhVXBSdGi2U1U/9xfoEaich8aoh0WTohNBwdea3ZzQF49tg+x1Z/yfg2yGFhy3VCxfNdAJ8S4qDhVuJBPdtDNTfLBBx4kUkLErZz/SbnaAHHJald0l2PAFG4asn4eKMgE1PyjtZ2WFZZQFZ2oRQgdijkb4ktMwrynynoOLIEAc6tTAeGXAk5beEd7zY2En+qifBBSqpMuAg7tPXS62WdpqHSVQZsAW2qnmwhE4CR91OJUoZ4T0408ixTPRA1aq0ypa1ZSq0DIGWST50=&u=U2FsdGVkX19kuogT1ec83ZbCBTcjv6Dcl0YCnZaD4Hk=&y=U2FsdGVkX19lz3zvJgJmlYSBI8qrp/j/WbOjJ4ogMVXOw7JKz33c2PoG+fh59op6 HTTP/1.1" 200 25
186.102.16.56 - - [23/Jul/2023:22:36:40 -0500] "GET /kwssiamovil/sm/acme/a?s=U2FsdGVkX19TvB1YIzsQVsouT2ryIHwCb7XeW4Vpz3fsb7Q9o4VBATJ2G71npiXkUQKfRcD9wkwfKmWkRy8bShXdd0KqO7F4fMDa9B8sSQ4XZvTRibnkkJ84iMwjGvTLoqYzmTf+1/oqrWJEaPPv8X54ogCcRFfthmv/h6yVTiD/MEWaO1YcFU2Cbmsu4Bbp8GJ2T45WyT7MoUYHf31+Yw==&u=U2FsdGVkX19kuogT1ec83ZbCBTcjv6Dcl0YCnZaD4Hk=&y=U2FsdGVkX19lz3zvJgJmlYSBI8qrp/j/WbOjJ4ogMVXOw7JKz33c2PoG+fh59op6 HTTP/1.1" 200 26
186.102.16.56 - - [23/Jul/2023:22:36:40 -0500] "GET /kwssiamovil/sm/acme/a?s=U2FsdGVkX1/N0NBskqKCkaGMHx1s7gDS9r5D26j/F+VozLNKg/kjfTQm9do+F27dGFWA1wMuhiDxYgWHRECykPjufINzuSs3lV9v2P9uvHJfRI7NVT0T9iGleZQh/0Xm4wm6CBT6NuMsvNQXZtMjIZqVSBiI828ZQIwVvb/7V3Yaf/WYUe6Gf1LQv3GAHCSihO0nX4Ep+77riC1Dsn62kBKgJDWiIYkSWToWvl2FfWox74lcrRa1MHacP4taPiwb3u5Sf+W7cX29LD4T09eZAP8I9nVnkOb/XuMVBbGCcCV7jpmJUVIb9qrs/Nxh714oQ5WK0ht39QpDGLig5yp9kbx+vO+17SYvSfLDCH9hFS/4IP6+9PiKyIU5zb0slZY6&u=U2FsdGVkX19kuogT1ec83ZbCBTcjv6Dcl0YCnZaD4Hk=&y=U2FsdGVkX19lz3zvJgJmlYSBI8qrp/j/WbOjJ4ogMVXOw7JKz33c2PoG+fh59op6 HTTP/1.1" 200 25
186.102.16.56 - - [23/Jul/2023:22:36:40 -0500] "GET /kwssiamovil/sm/acme/a?s=U2FsdGVkX1+0IT5B5sHFlubtANRPTjlwJSu3i9/edodAXPZUyxdM4qaQvbiNjwSPvJ+Yyw/qK9qmjIHcsKFivmdpD5cg1ZOS/7b1cxl+p9b/m2CwzU0E/U0EPMQmIGeB3IL/R7PQp5nRwIOiVD9on6a6Z9dx9cs4Uo+nqKa5+NCOqsJRCIjzulX4YgBa/H03id7NGwRDtHUDM/Kfqlvm2g==&u=U2FsdGVkX19kuogT1ec83ZbCBTcjv6Dcl0YCnZaD4Hk=&y=U2FsdGVkX19lz3zvJgJmlYSBI8qrp/j/WbOjJ4ogMVXOw7JKz33c2PoG+fh59op6 HTTP/1.1" 200 26
186.102.16.56 - - [23/Jul/2023:22:36:40 -0500] "GET /kwssiamovil/sm/acme/a?s=U2FsdGVkX19KABoqaxFZnrurmLhNa5sz/qQQvENx4lMNjz/A4n8ShjbINIiHWcNFKqVdDg+NQw6skzz1rLACujyz4EW0c0r14cCWsdcvFgF5EIeUOYMvqxnWBt1V/l4NiZuc+h2CLdMy35nOZzJqHJu4/Nx332PhKSfqsGxZ0ziMZ7nouTBN6dZUybkEiNN/&u=U2FsdGVkX19kuogT1ec83ZbCBTcjv6Dcl0YCnZaD4Hk=&y=U2FsdGVkX19lz3zvJgJmlYSBI8qrp/j/WbOjJ4ogMVXOw7JKz33c2PoG+fh59op6 HTTP/1.1" 200 26
186.102.16.56 - - [23/Jul/2023:22:36:41 -0500] "GET /kwssiamovil/sm/acme/a?s=U2FsdGVkX1/8QqDP9ZQ74CFQymP6FmRp59puzBvnOY0ioXj+NwWMG+hs3JbYwFqx+Z85f1V9SRJlsdHZfD3IkiEWmqlpPyD5hQ2XQG3RAd6/f4/YRbWd07g0RxECO2vxoLz6rGB7l+m29msZDrB0mhdOzfDMJuuXcf5j7FqAP74kupDTPqo9KWsCNjBKZqgwG2iHSHINS+iO6WPiOjGBNQ==&u=U2FsdGVkX19kuogT1ec83ZbCBTcjv6Dcl0YCnZaD4Hk=&y=U2FsdGVkX19lz3zvJgJmlYSBI8qrp/j/WbOjJ4ogMVXOw7JKz33c2PoG+fh59op6 HTTP/1.1" 200 26
186.102.16.56 - - [23/Jul/2023:22:36:41 -0500] "GET /kwssiamovil/sm/acme/a?s=U2FsdGVkX181z7L4J1pyGSU9C/El8/NxRBW9O+NX4lNvwN09MxiKk2zI0f3wrC45PAG4BbH7PO6tY4vj2vIAFIk47jNvRCyd9PCcBUeqti64S2AA4wQz/23s15qEDx6G+rGV2VJG3vzbZBj4XzY7mXZyW8ZgSbgMm6CpJyTqnL/d5d44bVB8tldHJdKp0YfG&u=U2FsdGVkX19kuogT1ec83ZbCBTcjv6Dcl0YCnZaD4Hk=&y=U2FsdGVkX19lz3zvJgJmlYSBI8qrp/j/WbOjJ4ogMVXOw7JKz33c2PoG+fh59op6 HTTP/1.1" 200 26
186.102.16.56 - - [23/Jul/2023:22:36:41 -0500] "GET /kwssiamovil/sm/acme/a?s=U2FsdGVkX1/s1HHRb4mPPj/rcfLHstQ9ujJ/3PxwZ1Ul0jtKif+5qeA8t8xFPtdo5uUpLhn4AtaJcn2pPYBZmNAKqld1mdozdhcpVxGMWYgCwk4/lV8WGJK7CwzYjNIbZqeGCGaH3d3cWUjVTHqutAEl3+hhsNaJF/wnjg0Yp72oQtm9+glepfH87W0/GQDXrqj37iEU1NyPpiW+Pry2GA==&u=U2FsdGVkX19kuogT1ec83ZbCBTcjv6Dcl0YCnZaD4Hk=&y=U2FsdGVkX19lz3zvJgJmlYSBI8qrp/j/WbOjJ4ogMVXOw7JKz33c2PoG+fh59op6 HTTP/1.1" 200 26
186.102.16.56 - - [23/Jul/2023:22:36:41 -0500] "GET /kwssiamovil/sm/acme/a?s=U2FsdGVkX1+x4tZJ5NEJcnRiYwNJj4YFPpfFeEsxrzxO8zXQkgebSgU0g8+4WL/DyoOz+TV7goHA9aVzd3Av80fE/ezUMHH9zC5axWShlVf3J0RsO0Eq1W3kfbd3k15vES53Nc9k3Ii0YW9WMv+egeHwPrN4tCBIVqYMNfmNt8AXbipWR8v1JrsFAHfbOiuo&u=U2FsdGVkX19kuogT1ec83ZbCBTcjv6Dcl0YCnZaD4Hk=&y=U2FsdGVkX19lz3zvJgJmlYSBI8qrp/j/WbOjJ4ogMVXOw7JKz33c2PoG+fh59op6 HTTP/1.1" 200 26
172.22.2.4 - - [23/Jul/2023:22:36:46 -0500] "GET /BLA/boletinlegal/Circulares/2019/.pdf HTTP/1.1" 404 1218
186.102.16.56 - - [23/Jul/2023:22:36:53 -0500] "GET /kwssiamovil/sm/acme/u?s=U2FsdGVkX18iHQAjwDmQgKovo6VYFp7DvBj9ASH23OuAXVVyfxXkmcp9gb6RhhDJc5N1skYx+oNr5Vm3NRH4B68FeDWKevqCDSQZg1+Gcf368gLqdMqZYskLWRA+m1Ero8vy2FCHy+y9iCByMtorrEvmM903Ce8bs5xM1jfLg6c=&u=U2FsdGVkX19kuogT1ec83ZbCBTcjv6Dcl0YCnZaD4Hk=&y=U2FsdGVkX19lz3zvJgJmlYSBI8qrp/j/WbOjJ4ogMVXOw7JKz33c2PoG+fh59op6 HTTP/1.1" 200 60
186.80.52.205 - - [23/Jul/2023:22:37:15 -0500] "GET /BLA/resoluciones/ HTTP/1.1" 200 13502
216.245.221.92 - - [23/Jul/2023:22:37:37 -0500] "HEAD / HTTP/1.1" 200 -
186.84.88.177 - - [23/Jul/2023:22:37:57 -0500] "GET /calidad-del-aire-distrito-avanza-unido-por-un-nuevo-aire.html?utm_source=Meta_DIGI&utm_medium=CPMa&utm_campaign=Aire&utm_id=Julio_2023&gclid=EAIaIQobChMIq_Ocp7WmgAMVE5KnCh3sIw7SEAEYASAAEgISMPD_BwE HTTP/1.1" 200 783
186.102.16.56 - - [23/Jul/2023:22:38:36 -0500] "GET /kwssiamovil/sm/ldap/au?x=U2FsdGVkX18jiGwZKC9cQcqSJeHH/ntHfP0H5a4Dw4ia8hZLxETvDkrPmOKF2JVC&y=U2FsdGVkX1+/I/MkrbX/+mdGXdzu4/GieK7+d4etykQizpXK7dNzT/9Q0KTqxxqv HTTP/1.1" 200 30
186.102.16.56 - - [23/Jul/2023:22:38:37 -0500] "GET /kwssiamovil/sm/acme/s?s=U2FsdGVkX1/hgah3bgzENy1APMGETTZtcc8873l7TgStVEFuTgkYXGDYr7KQIK+RCTsmekpdqf4vov0gp8KTtdWFgFDqkturMGYoq65PzeA=&u=U2FsdGVkX18Z4f6mJ8SgmhdvYHNMsFvcHug7c5luEg0=&y=U2FsdGVkX1+/I/MkrbX/+mdGXdzu4/GieK7+d4etykQizpXK7dNzT/9Q0KTqxxqv HTTP/1.1" 200 97
186.102.16.56 - - [23/Jul/2023:22:38:37 -0500] "GET /kwssiamovil/sm/acme/s?s=U2FsdGVkX1+0YuFBE+R6Gw6Ube2FnkY3y2+USsZPweRDKOv2j7/eWtB8SkSnREV0QYqoWVHt+47QKQ1C+zJOxBTJATalQI+CWSjRs0Vj7QSD9EulQL2uiPAGR+V1GDQflvVNRjL3Ht80CfC++mkWDm8gvTPMRXmkPygG4XyjoekPynvuzyCk+JQo0Zzz4NMxWhuyOdkKNe9n6RX/P2u+Tzx/TeVzwXb629MjcBTnUTLSlvqdI2yo0RsreQy5wncSQIgtM3WeooGbPZVmYiArGdkzPBDeR5cDeL0SDA42vzGFwPecIx15FMmDdOCHT3sXuXeAhj6Jdo4XdN7QPReDxOvgDybuEGOJyfZJ+kRUPPuuJKkKQyiYiiajufh7XO58hv++9Lo3/avcpSjCeu7S0DPUZXQ8ZhrLu49S85gdzWZ7Hi2QX3cn+LCpAuKliixCEw8fs30cdGO5ldqFhhEZBhKuwPj9pLB7xCI2u1zhn9ta+59jo6nisQ18uZSQWocjWgGOgfxPD0T5OtjLvdd0byJTFVvax3Zl0Aflkf1Xq4uyHcloipbfkh3j8XQ6FN3z191C8omcHKtjedRtYjB/bU7BKkwXZwFZVx1v9hAN82n4+88nIkjrqUVHtivVhOmX/0bKRuFscyK9yfJfhEdZTYfyVyvi7SIy1QEk0RLug7ashyq5HSL9AVUBvj++tGWbLWfCNzRzbQo0RryhXNeQXUsnCbrmM7FuzfXzYOpoKwOacrhQupPzPdmAglCUg6S2gKdi8SumbsDq5IBE0LTXre64tgUjhnaeJUbR075EkCY8r2Q+RfNOWpxDZDtMwNu8eQqZKMtKbZF/II2M4CgPcX9+phCoV1T0laFp1a6S1v091YHqY/s0hlaSyGMYUZAI07j2tpChyiKMWNOnoacg2Rs9/u0IjPpaSSW9xhrcyRn+5jVAXTTTZraTJlhKd6itE5Ea8qaMZ7H96Z/j4U514uwMj4Sd+MfdKEbCSq7ga+5Zhd/bgueIZNMr6ZINhDkOWCaOYlT3MP3Cz48mzJLkIG13+klenv/I7509apUTdbd8SBvfHTgWdXVqulfyNT5yN3hlEP5IOs3K4ByRY99HK17JUlBfNV0ry2Gj1pldkN0ij3G/Em9MRFeGkBT7CQvSgzPo5BN86UOUtShxBSVlWHt+MGAUt63F3jajEyfXcUZ20wCZ2Y45YRGh21Gi2B6tjcl3/fXYdD62jQC+r1aRQKe8G9haQz6wn907Cxc9DSTHacfx9Ul+RuTHMVozF4Vf+fckZayXdXSpoAb3LjDloYCMGpVYXWFE8jW/MZ12m7O9b2I2xI2lAEXXSfnR8xusdowh5y7PvUysBt3eypP2TCUsNzCTNftVGN5hEUl1K9r6IBOnJCBzIZzGzS2+XSbI7Zgr26B26MNcFAexsbIMBdtyD6ywdU+UQlG0yyeavP6o71n2JSC4CG0NG8FS12fvRvZhCWxdx/7VBIlWWuOs5/rbWy3w7rA3iDbgOwuUkgEMOQLBDrn7/HcOiZGxf9SlQ5Q6LGRdEppQ3W4CBAy9UxpWRubzlfwUCaTSEEqoLt8e0JV5DkBjk2a9ceS3PTJL8SY5jjeI/VHXA3+jzsuNam3wHjmQGHMI7LZ6G4n66/NoSV3mBPAZZQrrjwpRR27376lK3JEhsVrAJa8h0YxDsCEHQYhqhXbI4fPIniA6qPybmWDJElh027h5+Nf6VChSXeOX+Nfo0/TlQve9LrZ99WwNqw4ZBPCzuddN++8AhTw=&u=U2FsdGVkX18Z4f6mJ8SgmhdvYHNMsFvcHug7c5luEg0=&y=U2FsdGVkX1+/I/MkrbX/+mdGXdzu4/GieK7+d4etykQizpXK7dNzT/9Q0KTqxxqv HTTP/1.1" 200 945
186.102.16.56 - - [23/Jul/2023:22:38:37 -0500] "GET /kwssiamovil/sm/acme/s?s=U2FsdGVkX18Y6Y+uOQ6XA2qyP0PB4KwFc/6WaHe3krTDpHqcuvKBclDLoOFvbsboKyxngUJb1YNfJG3bDMXUC4IZH8bQ6bstP1X79LqtuoBdlRVe/ovLkwT0z4g7TpYJiNJOtPY2jRGCF4gfPsib4eThoqwgv0oBSywgMK5KRVILzuaAIzbSy9Zc9ighTN7rbf7gRbItUf0S9U//9uArZop9bSXUJHmpP6V+7jKa+FQ27vMvgpfWoALX0aSr5Tu5Ci0+K1CHuslMH2Mj3ZNUVySTQavuWS/W+V8Z78xvQIvEhD+if5ly2h4cOjSAdaC0davkF0OrQhaheACSl5sfRXXJSwH5xNThxMQ0fm27F02vdRNGdFlWF7y36uQ7i2W+99jMXc8O3g57DOI2thPrj67mbjSd3u6Sqhp//RM35Z9BFqn+IQQw7u9JFO0OLf2uTqLyTvuG+xA/PZMmCv+n451W/U3WMOXxYwS5i2V6r4omdw49nrDzGaR+ZkN6JhgPl0QmH4lkwX9wGx2LzjMXkrTxYUkYHEgKyPWBl5m8oVCJKG9zA88tyBwZZpk5RwiT4fb/kUBuV/DQ7/T+LE8B1OWtmTyD8o5U1dIuYqypjuA5E7+/u9+t3AG7Z6b2l8mYEV1kZhbGxGtTomGEKz1lT55Biv1OzO28I7Td79SxAyLO9wUd+RZtov1QHSVdI9hC6qY7hq+Idds6tS7snzhlM5db4j1xMgVdtySfstYVjYHs+bfi2A8B3iVrukMuwKml&u=U2FsdGVkX18Z4f6mJ8SgmhdvYHNMsFvcHug7c5luEg0=&y=U2FsdGVkX1+/I/MkrbX/+mdGXdzu4/GieK7+d4etykQizpXK7dNzT/9Q0KTqxxqv HTTP/1.1" 200 208
186.102.16.56 - - [23/Jul/2023:22:38:37 -0500] "GET /kwssiamovil/sm/cjson/pre?f=1&x=U2FsdGVkX18jiGwZKC9cQcqSJeHH/ntHfP0H5a4Dw4ia8hZLxETvDkrPmOKF2JVC HTTP/1.1" 200 31032
201.245.192.253 - - [23/Jul/2023:22:38:46 -0500] "POST /kwsrmcab/Wsrmcab  HTTP/1.1" 200 42133
162.55.35.116 - - [23/Jul/2023:22:38:49 -0500] "GET / HTTP/1.1" 200 319
162.55.35.116 - - [23/Jul/2023:22:38:50 -0500] "GET / HTTP/1.1" 200 4720
66.249.70.196 - - [23/Jul/2023:22:39:28 -0500] "-" 408 -
201.245.192.253 - - [23/Jul/2023:22:39:29 -0500] "GET /kwsrmcab/Wsrmcab?wsdl HTTP/1.1" 200 6948
201.245.192.253 - - [23/Jul/2023:22:39:29 -0500] "POST /kwsrmcab/Wsrmcab HTTP/1.1" 200 43007
201.245.192.253 - - [23/Jul/2023:22:39:32 -0500] "POST /kwsrmcab/Wsrmcab HTTP/1.1" 200 43649
172.22.2.4 - - [23/Jul/2023:22:39:38 -0500] "GET /BLA/boletinlegal/owa/auth/logon.aspx?url=https%3a%2f%2f1%2fecp%2f HTTP/1.1" 404 1018
172.22.2.4 - - [23/Jul/2023:22:38:03 -0500] "HEAD /BLA/boletinlegal/ HTTP/1.1" 200 -
172.22.2.4 - - [23/Jul/2023:22:40:16 -0500] "GET /BLA/boletinlegal/ HTTP/1.1" 200 24523
52.167.144.147 - - [23/Jul/2023:22:41:31 -0500] "GET /Publicaciones/2023EE110333.pdf HTTP/1.1" 404 228
172.22.2.4 - - [23/Jul/2023:22:40:18 -0500] "GET /BLA/boletinlegal/ HTTP/1.1" 200 56452
186.102.16.56 - - [23/Jul/2023:22:42:49 -0500] "OPTIONS /kwssiamovil/sm/setfile/f? HTTP/1.1" 200 13
191.95.51.40 - - [23/Jul/2023:22:42:55 -0500] "GET /calidad-del-aire-distrito-avanza-unido-por-un-nuevo-aire.html?utm_source=Meta_DIGI&utm_medium=CPMa&utm_campaign=Aire&utm_id=Julio_2023&gclid=EAIaIQobChMIm63Ir7amgAMVAoNiCh2AYAXiEAEYASAAEgJR4_D_BwE HTTP/1.1" 200 783
186.102.16.56 - - [23/Jul/2023:22:42:49 -0500] "POST /kwssiamovil/sm/setfile/f? HTTP/1.1" 200 381
186.102.16.56 - - [23/Jul/2023:22:43:28 -0500] "OPTIONS /kwssiamovil/sm/setfile/f? HTTP/1.1" 200 13
173.252.87.6 - - [23/Jul/2023:22:43:43 -0500] "GET /secretaria-de-ambiente-libero-12-animales-silvestres-en-parque-entrenubes-en-los-ultimos-tres-anos-ya-han-retornado-a-la-libertad-12-800.html HTTP/1.1" 200 914
201.245.192.253 - - [23/Jul/2023:22:43:45 -0500] "POST /kwsrmcab/Wsrmcab  HTTP/1.1" 200 42133
186.102.16.56 - - [23/Jul/2023:22:43:28 -0500] "POST /kwssiamovil/sm/setfile/f? HTTP/1.1" 200 381
186.102.16.56 - - [23/Jul/2023:22:44:01 -0500] "OPTIONS /kwssiamovil/sm/setfile/f? HTTP/1.1" 200 13
191.156.190.7 - - [23/Jul/2023:22:44:01 -0500] "GET /calidad-del-aire-distrito-avanza-unido-por-un-nuevo-aire.html?utm_source=Meta_DIGI&utm_medium=CPMa&utm_campaign=Aire&utm_id=Julio_2023&gclid=EAIaIQobChMIvMzq1bamgAMVvJ9_BB2rwgeNEAEYASAAEgKOIvD_BwE HTTP/1.1" 200 783
186.102.16.56 - - [23/Jul/2023:22:44:01 -0500] "POST /kwssiamovil/sm/setfile/f? HTTP/1.1" 200 381
186.102.16.56 - - [23/Jul/2023:22:44:12 -0500] "GET /kwssiamovil/sm/acme/a?s=U2FsdGVkX18rn2yBfvhyoNw8MEQTShvktRY4gY7bcz0eeWq/0eVTriIHKp+QjHnveQiBFkWb+3wS/xmqGNq+FFW3HqsUHIF+iiW7EHyTPHBZQpj467eyILX/gbH0OF8xXElRJVZO1WVJcJ3UzgANhQVmbAw+vAdb00P42Ty86JYubZj7jLV9DhuxwgC3eOY3exIcOYeDC/zy4BeDEfKnI9oycRcBgqasEDn506SK/ASOG+tc7jC89miFMqB9rJfNzj+3OuS0vxq/3mK/qs/qaQ==&u=U2FsdGVkX18Z4f6mJ8SgmhdvYHNMsFvcHug7c5luEg0=&y=U2FsdGVkX1+/I/MkrbX/+mdGXdzu4/GieK7+d4etykQizpXK7dNzT/9Q0KTqxxqv HTTP/1.1" 200 26
186.102.16.56 - - [23/Jul/2023:22:44:12 -0500] "GET /kwssiamovil/sm/acme/a?s=U2FsdGVkX1/WgvYV7M8gQVc+zGErSbJj5cgltaGVBzb2o9vHhOV28fiD/GMaWN1WsCgB5OJ8IdgD4OgwN7GHadkjl4wLoH3nWgnKZuiPpmVrvl/z0oJfnzWnFEEiDXc1dWE88OPR+Xg+kyYmrwQbDqZ0TQ9JtpOH5E/DcmaqS24JfWZiRe4HmuLwpfBfxQWV+BHseeSIatuj4+bAlInJkL2mk4yj0bFhxg/quyMotSUspciKA9iSWFvaaaZ0HSwmA56RJ+ukjDP9ObwbJc69B3Zgz+quYNVzF967l3VxZ2DWOMY+JmKiUYnLQGUxu5F133kG9wjtpqiWHPIDZn5tDAIT/ZYzW2g0P6k62BrA6Bz+IbNlXl6eRF3bBchJFA6vYi7Od4nV0quS4UHV8IpRLTJIw5NaiUNooFkpG57/YBbPr1wmtGjQWZsvkr9ALjjJMkzqBQM2rocTGmsVh/ypOJznn0KfAN+tW9O3slpf4yUmqpfyEA/sG+ns9+rxN8jkIVGpXv4IPiko0B/GszYgQAuG/2kA21iTP4z+UphFkeoT5OaaJu+Qw+CxOICiKT1gyjIXPxtZ6SYM+OPN2di4/IkqEyUmKPmXuOOJlGBFus9pdXmqxDwjzORUQEqgloI0SxnDbDATh490GpGN+zHjhv9cV8I6AnBVemZdxzdbZabZUZwvF2n3dnZJOToFxATXxEKLf2wWUp6WSiwBqeq4Hjj1fb+ftiC8iQEqKwXvhqm7NMPLHH4I3DAK/JNpQmSYjXuzK5GnRXBIL7wTU3KqgxV4zj+3djJkVkdTUPbLyyRCyS5pxHUhawpOBXd4k579YLyir3ZqFKOOr/ESIpFXvCwTdONxD02rZ6jama5ver08m+z+FFmac3BQ85oOWin/ErQARJsXSYe4xlSwBEA41dy90yUFM46tRPE6TwVohD87anTenY6/vu+JBj1f8shvmV7yzI5pPCDUqKIR4Dd3/TejLuh8f+6Hj9vmBzuCfJg=&u=U2FsdGVkX18Z4f6mJ8SgmhdvYHNMsFvcHug7c5luEg0=&y=U2FsdGVkX1+/I/MkrbX/+mdGXdzu4/GieK7+d4etykQizpXK7dNzT/9Q0KTqxxqv HTTP/1.1" 200 26
186.102.16.56 - - [23/Jul/2023:22:44:13 -0500] "GET /kwssiamovil/sm/acme/a?s=U2FsdGVkX182+wVoef5Zt43Z6HBva42SJK/fcOXswI8bw6FOkVaV8Ea1GdqwV4JNMynYYNQWtjVtAXsHK3bi8n30sJLWzkHfgKkgTNzL75QHXwc8RKLZwV7uz8lAryZh4vi3hQ6Bx3hcQa1JJX7S63GO4PmW8h6VV82sr/NkfNQ=&u=U2FsdGVkX18Z4f6mJ8SgmhdvYHNMsFvcHug7c5luEg0=&y=U2FsdGVkX1+/I/MkrbX/+mdGXdzu4/GieK7+d4etykQizpXK7dNzT/9Q0KTqxxqv HTTP/1.1" 200 26
186.102.16.56 - - [23/Jul/2023:22:44:13 -0500] "GET /kwssiamovil/sm/acme/a?s=U2FsdGVkX1/uctAx7LS9HDd5Y2sdSAG2p1TtOmjFBXO1dQYWkQ8dk22GqAcRIoscOVkA4FojcJUN4kdFSoNU9fw4YQVsjsDGM6pz0y9hw1KjlHbhocKkeaIrIgXdDg98NdC43l5Z6YHUg8j1pM468nK/9W65gA1VN0CEc8qvH/g=&u=U2FsdGVkX18Z4f6mJ8SgmhdvYHNMsFvcHug7c5luEg0=&y=U2FsdGVkX1+/I/MkrbX/+mdGXdzu4/GieK7+d4etykQizpXK7dNzT/9Q0KTqxxqv HTTP/1.1" 200 26
186.102.16.56 - - [23/Jul/2023:22:44:13 -0500] "GET /kwssiamovil/sm/acme/a?s=U2FsdGVkX1956pPYDgfmESVzPUmXT7fW2n45pPd3B4HlJw0dLQd+WErx5uSBX51j19zR6yq+Tlt2emvOZLxMVJqx/PjsagtZDXEe3/zdGYXes5kXPbdBY5GcbI8LLbqz+s+quYgQtdsAF5j8MpPda7wq6OlKaCVPLSc4fTpDHio=&u=U2FsdGVkX18Z4f6mJ8SgmhdvYHNMsFvcHug7c5luEg0=&y=U2FsdGVkX1+/I/MkrbX/+mdGXdzu4/GieK7+d4etykQizpXK7dNzT/9Q0KTqxxqv HTTP/1.1" 200 26
186.102.16.56 - - [23/Jul/2023:22:44:13 -0500] "GET /kwssiamovil/sm/acme/a?s=U2FsdGVkX19/Uf4fdtH3OToJJo/MN49vWjt5lywnr+XWToJiFV+zlzm8q6PfsxjTYvIVZMniXj4qOOOe9xic/HHZUN7cmAop4xwImgjlT4AGCZkYACfzY2zqWtFafJoy0D9kKb2m8UuK8hY+y9UE6JAbJYJpz8m2dvDcBdRz4P1OTSdj45mz6EC29J5K6Y7YeHRHFghnHQXylj4oR/+scQ==&u=U2FsdGVkX18Z4f6mJ8SgmhdvYHNMsFvcHug7c5luEg0=&y=U2FsdGVkX1+/I/MkrbX/+mdGXdzu4/GieK7+d4etykQizpXK7dNzT/9Q0KTqxxqv HTTP/1.1" 200 26
186.102.16.56 - - [23/Jul/2023:22:44:14 -0500] "GET /kwssiamovil/sm/acme/a?s=U2FsdGVkX19QLLvyCV8KTzRKub9KXi7biZ3eInsZ6vRFnAketouTb3f1clXScGNMGiNTi+bTT/lEOcjzB2FwROy3jCgHeCj6uACLNek1JmSrgVNbi0eHoOOLWae13SN3RGMJffNHyswpjZUzZiMG5E8/u3YsXi2+cuEW6w0A5p/IpMOxDkHMhWJ/NLEuZjo56wlhHpuD5x+Wm7rZTPozAw==&u=U2FsdGVkX18Z4f6mJ8SgmhdvYHNMsFvcHug7c5luEg0=&y=U2FsdGVkX1+/I/MkrbX/+mdGXdzu4/GieK7+d4etykQizpXK7dNzT/9Q0KTqxxqv HTTP/1.1" 200 26
186.102.16.56 - - [23/Jul/2023:22:44:14 -0500] "GET /kwssiamovil/sm/acme/a?s=U2FsdGVkX18wbX1IlxvMB5BNt1/EgiRFFi2/LbTQLn3/ITCAtovaKK25/NJHyTKfkO7ob7so424qyvveTF12kkU/rGJYrT/dtIyjUnpJCrjHPFIGeEKM12zqbwnQLi+aebdJaw5bpivjAIBDvX+tJhxQdoJzkIRX0dZmiz4/C15dasZ1+7gwPWOqXHuknjDXXkpwm04BEsLxsHhmDZB+gx7LhbBGlPXYYRzoyZyHcf6qp4/YyTrZN9AhnicL83gzVLvYtzOlSHP7JGTS2URoRGraWgcAcRpXt5lfKPkeLkIzMF6YrMVWX2wNqnh9s4AH9lqx2RYDVK6hEdBmIIFMivVrL4wE3xkbhR/73GKwsde9bKSjRKSy4BE1EHJi/aSc&u=U2FsdGVkX18Z4f6mJ8SgmhdvYHNMsFvcHug7c5luEg0=&y=U2FsdGVkX1+/I/MkrbX/+mdGXdzu4/GieK7+d4etykQizpXK7dNzT/9Q0KTqxxqv HTTP/1.1" 200 25
186.102.16.56 - - [23/Jul/2023:22:44:14 -0500] "GET /kwssiamovil/sm/acme/a?s=U2FsdGVkX1+hpwxp/I3aCeY+43XMu4w/pXEQwI2X+1rF9Osmy1JWoDxD1sf7IDp1L+HE64vrZff1zJBt603ZMBS9CYg2FSPsQuogDpKEttSKMA4ZlqkIcENA2k+41fN/AszltGq3LmyQsQMuY79ZBkudvXxnHXB1MRfmvmicIpOAVAL/tMETWFbkYhizbqId&u=U2FsdGVkX18Z4f6mJ8SgmhdvYHNMsFvcHug7c5luEg0=&y=U2FsdGVkX1+/I/MkrbX/+mdGXdzu4/GieK7+d4etykQizpXK7dNzT/9Q0KTqxxqv HTTP/1.1" 200 26
186.102.16.56 - - [23/Jul/2023:22:44:15 -0500] "GET /kwssiamovil/sm/acme/a?s=U2FsdGVkX1+yfTR1rxCaTZ2dMaEMswXdm3Zpt0E5hWwumuDgIFyrAtvcZkE3es/6ed5hipQos231OPqMK6PusYrayrDQB1m2LBfiTIMLE0MuRsctMVlbWrEeRBsCegZtYOBtTcnQV5MdaGqrwORqCEcIEzMGznSWLt0NpB4SliDbbJzYSJNXPjUNyCyPNQIvZ2v15FCMTEEtA6/Gy+Xdwnfe8fPWdFr/MB8bRhMxZhDvwRvnZKYVTWd/bIlmqrp66tfEhUY1Uclz+GPX96LdOsyHaVWGE8Y3XcYAf/tfsHmI8kWuL2ZfU6QIxfmWE66zhc/wkZemKNFoCVOBiW8jjg==&u=U2FsdGVkX18Z4f6mJ8SgmhdvYHNMsFvcHug7c5luEg0=&y=U2FsdGVkX1+/I/MkrbX/+mdGXdzu4/GieK7+d4etykQizpXK7dNzT/9Q0KTqxxqv HTTP/1.1" 200 25
186.102.16.56 - - [23/Jul/2023:22:44:15 -0500] "GET /kwssiamovil/sm/acme/a?s=U2FsdGVkX19lSg9u1an2n5TOmDpqMLL+gOUqI+CyJI7uxQ2Ds+wb0dFtkjgcinbhgFGIGGucFU/YQPLD9MJQKrs+tiSyjh9oCKcuwDGIoe/dDEDeP+mOZJ02hJOkxBXVjDNPtE8hjAYQk9uu58/S7DcnPAvsnFfKoi4sMh9/x8kQjr1hFtN8OzvV/SExIfufnVzVqgwtIpTOZIMQp7hxMg==&u=U2FsdGVkX18Z4f6mJ8SgmhdvYHNMsFvcHug7c5luEg0=&y=U2FsdGVkX1+/I/MkrbX/+mdGXdzu4/GieK7+d4etykQizpXK7dNzT/9Q0KTqxxqv HTTP/1.1" 200 26
186.102.16.56 - - [23/Jul/2023:22:44:15 -0500] "GET /kwssiamovil/sm/acme/a?s=U2FsdGVkX1/oDZJvHnRd2P7VpOt76Bp1YuN62DckA4zSlK7M9/c1NPGeD/rTorML0s4hshkUKTlGJtGmzcaMuVBCOFfEiQLPGF+Dn9W5FQWtFpRBrzkImB+LCPdGg1ry/mbxJVi1Qh8eG/ZFpml8ucM/N3EJlCX/GvoSaKDEZpiDbanfJc3g+wRp//+KcqCX&u=U2FsdGVkX18Z4f6mJ8SgmhdvYHNMsFvcHug7c5luEg0=&y=U2FsdGVkX1+/I/MkrbX/+mdGXdzu4/GieK7+d4etykQizpXK7dNzT/9Q0KTqxxqv HTTP/1.1" 200 26
186.102.16.56 - - [23/Jul/2023:22:44:27 -0500] "GET /kwssiamovil/sm/acme/u?s=U2FsdGVkX1+h+H/g0BossbpUtOKuvQlK2Nba2Tb7tnrejHVMFBQhMuMvNu+q7XFNI6YNinvvIDWv2MKDxth8d38vXJ1+RWIOgY5/AwT8N9Z05NL/ZCbJR/jhtluYE3NY6foxFOach8LfQUO2lGCLodm2nG35CuHYOQ6Rl78RKI4=&u=U2FsdGVkX18Z4f6mJ8SgmhdvYHNMsFvcHug7c5luEg0=&y=U2FsdGVkX1+/I/MkrbX/+mdGXdzu4/GieK7+d4etykQizpXK7dNzT/9Q0KTqxxqv HTTP/1.1" 200 60
54.64.67.106 - - [23/Jul/2023:22:44:44 -0500] "GET / HTTP/1.1" 200 319
122.248.234.23 - - [23/Jul/2023:22:44:46 -0500] "GET / HTTP/1.1" 200 319
52.167.144.147 - - [23/Jul/2023:22:45:14 -0500] "GET /BLA/resoluciones/AUTOS%202023/1988.pdf HTTP/1.1" 200 396748
40.77.167.224 - - [23/Jul/2023:22:45:20 -0500] "GET /BLA/resoluciones/AUTOS%202023/3452.pdf HTTP/1.1" 200 495837
172.22.2.4 - - [23/Jul/2023:22:45:30 -0500] "GET /BLA/boletinlegal/ HTTP/1.1" 200 40907
13.228.45.17 - - [23/Jul/2023:22:46:44 -0500] "GET /galeria/nivo-slider/demo/convocatorias.html? HTTP/1.1" 200 3464
13.228.45.17 - - [23/Jul/2023:22:46:44 -0500] "GET /galeria/nivo-slider/demo/images/bannerconvocatoriaacercar.jpg HTTP/1.1" 200 91528
13.228.45.17 - - [23/Jul/2023:22:46:44 -0500] "GET /galeria/nivo-slider/themes/default/default.css HTTP/1.1" 200 1569
13.228.45.17 - - [23/Jul/2023:22:46:44 -0500] "GET /galeria/nivo-slider/themes/pascal/pascal.css HTTP/1.1" 200 2258
13.228.45.17 - - [23/Jul/2023:22:46:44 -0500] "GET /galeria/nivo-slider/themes/orman/orman.css HTTP/1.1" 200 2152
13.228.45.17 - - [23/Jul/2023:22:46:44 -0500] "GET /galeria/nivo-slider/nivo-slider.css HTTP/1.1" 200 1507
13.228.45.17 - - [23/Jul/2023:22:46:44 -0500] "GET /galeria/nivo-slider/demo/style.css HTTP/1.1" 200 2222
13.228.45.17 - - [23/Jul/2023:22:46:45 -0500] "GET /galeria/nivo-slider/demo/scripts/jquery-1.7.1.min.js HTTP/1.1" 200 93868
13.228.45.17 - - [23/Jul/2023:22:46:45 -0500] "GET /galeria/nivo-slider/jquery.nivo.slider.pack.js HTTP/1.1" 200 11561
172.22.2.4 - - [23/Jul/2023:22:47:49 -0500] "GET /BLA/boletinlegal/Circulares/2013/Circular%20No.%206%20del%2019%20de%20julio%20de%202013.pdf HTTP/1.1" 200 4210437
64.124.8.52 - - [23/Jul/2023:22:47:50 -0500] "-" 408 -
216.245.221.92 - - [23/Jul/2023:22:48:26 -0500] "HEAD / HTTP/1.1" 200 -
201.245.192.253 - - [23/Jul/2023:22:48:44 -0500] "POST /kwsrmcab/Wsrmcab  HTTP/1.1" 200 42133
186.102.16.56 - - [23/Jul/2023:22:49:00 -0500] "OPTIONS /kwssiamovil/sm/setfile/f? HTTP/1.1" 200 13
186.102.16.56 - - [23/Jul/2023:22:49:00 -0500] "POST /kwssiamovil/sm/setfile/f? HTTP/1.1" 200 381
186.102.16.56 - - [23/Jul/2023:22:49:39 -0500] "OPTIONS /kwssiamovil/sm/setfile/f? HTTP/1.1" 200 13
186.102.16.56 - - [23/Jul/2023:22:49:40 -0500] "POST /kwssiamovil/sm/setfile/f? HTTP/1.1" 200 381
186.102.16.56 - - [23/Jul/2023:22:50:13 -0500] "OPTIONS /kwssiamovil/sm/setfile/f? HTTP/1.1" 200 13
