190.158.204.24 - - [24/Jul/2023:12:18:10 -0500] "POST /sipse/faces/presentacion/financiero/solicitudProceso/consultar.xhtml HTTP/1.1" 200 35421
190.158.204.24 - - [24/Jul/2023:12:18:10 -0500] "POST /sipse/faces/presentacion/financiero/solicitudProceso/consultar.xhtml HTTP/1.1" 200 35421
190.158.204.24 - - [24/Jul/2023:12:18:10 -0500] "POST /sipse/faces/presentacion/financiero/solicitudProceso/consultar.xhtml HTTP/1.1" 200 35421
190.158.204.24 - - [24/Jul/2023:12:18:10 -0500] "POST /sipse/faces/presentacion/financiero/solicitudProceso/consultar.xhtml HTTP/1.1" 200 35421
190.158.204.24 - - [24/Jul/2023:12:18:10 -0500] "POST /sipse/faces/presentacion/financiero/solicitudProceso/consultar.xhtml HTTP/1.1" 200 35421
190.158.204.24 - - [24/Jul/2023:12:18:13 -0500] "POST /sipse/faces/presentacion/financiero/solicitudProceso/consultar.xhtml HTTP/1.1" 200 12796
192.168.176.52 - - [24/Jul/2023:12:18:16 -0500] "POST /BLA/boletinlegal/admin/actos/ingresar.php HTTP/1.1" 200 7302
216.245.221.92 - - [24/Jul/2023:12:18:24 -0500] "HEAD / HTTP/1.1" 200 -
190.158.204.24 - - [24/Jul/2023:12:18:26 -0500] "POST /sipse/faces/presentacion/financiero/solicitudProceso/consultar.xhtml HTTP/1.1" 200 150549
190.158.204.24 - - [24/Jul/2023:12:18:27 -0500] "GET /sipse/faces/javax.faces.resource/theme.css?ln=primefaces-sipse HTTP/1.1" 304 -
190.158.204.24 - - [24/Jul/2023:12:18:27 -0500] "GET /sipse/faces/javax.faces.resource/primefaces.css?ln=primefaces&v=4.0 HTTP/1.1" 304 -
190.158.204.24 - - [24/Jul/2023:12:18:27 -0500] "GET /sipse/faces/javax.faces.resource/layout/layout.css?ln=primefaces&v=4.0 HTTP/1.1" 304 -
190.158.204.24 - - [24/Jul/2023:12:18:27 -0500] "GET /sipse/faces/javax.faces.resource/jquery/jquery.js?ln=primefaces&v=4.0 HTTP/1.1" 304 -
190.158.204.24 - - [24/Jul/2023:12:18:27 -0500] "GET /sipse/faces/javax.faces.resource/jquery/jquery-plugins.js?ln=primefaces&v=4.0 HTTP/1.1" 304 -
190.158.204.24 - - [24/Jul/2023:12:18:27 -0500] "GET /sipse/faces/javax.faces.resource/primefaces.js?ln=primefaces&v=4.0 HTTP/1.1" 304 -
190.158.204.24 - - [24/Jul/2023:12:18:27 -0500] "GET /sipse/faces/javax.faces.resource/layout/layout.js?ln=primefaces&v=4.0 HTTP/1.1" 304 -
190.158.204.24 - - [24/Jul/2023:12:18:27 -0500] "GET /sipse/faces/javax.faces.resource/dynamiccontent.properties?ln=primefaces&pfdrid=XjOR5%2F%2FfPAZAuY9TpWQeCiM0BhlXxYRBGKi%2FQcXXfeA%3D&pfdrid_c=false HTTP/1.1" 500 383
190.158.204.24 - - [24/Jul/2023:12:18:31 -0500] "POST /sipse/faces/presentacion/financiero/solicitudProceso/consultarSolicitudProceso.xhtml HTTP/1.1" 200 83392
111.225.149.55 - - [24/Jul/2023:12:19:05 -0500] "GET /BLA/resoluciones/AUTOS%202008/2970.pdf HTTP/1.1" 200 182454
201.245.192.253 - - [24/Jul/2023:12:19:12 -0500] "POST /sipse/faces/presentacion/financiero/solicitudProceso/consultarSolicitudProceso.xhtml HTTP/1.1" 200 37345
201.245.192.253 - - [24/Jul/2023:12:19:12 -0500] "GET /sipse/faces/javax.faces.resource/theme.css?ln=primefaces-sipse HTTP/1.1" 304 -
201.245.192.253 - - [24/Jul/2023:12:19:12 -0500] "GET /sipse/faces/javax.faces.resource/primefaces.css?ln=primefaces&v=4.0 HTTP/1.1" 304 -
201.245.192.253 - - [24/Jul/2023:12:19:12 -0500] "GET /sipse/faces/javax.faces.resource/layout/layout.css?ln=primefaces&v=4.0 HTTP/1.1" 304 -
201.245.192.253 - - [24/Jul/2023:12:19:12 -0500] "GET /sipse/faces/javax.faces.resource/jquery/jquery.js?ln=primefaces&v=4.0 HTTP/1.1" 304 -
201.245.192.253 - - [24/Jul/2023:12:19:12 -0500] "GET /sipse/faces/javax.faces.resource/jquery/jquery-plugins.js?ln=primefaces&v=4.0 HTTP/1.1" 304 -
201.245.192.253 - - [24/Jul/2023:12:19:12 -0500] "GET /sipse/faces/javax.faces.resource/primefaces.js?ln=primefaces&v=4.0 HTTP/1.1" 304 -
201.245.192.253 - - [24/Jul/2023:12:19:12 -0500] "GET /sipse/faces/javax.faces.resource/layout/layout.js?ln=primefaces&v=4.0 HTTP/1.1" 304 -
201.245.192.253 - - [24/Jul/2023:12:19:12 -0500] "POST /sipse/faces/presentacion/financiero/solicitudProceso/listarSolicitudProceso.xhtml HTTP/1.1" 200 1416
201.245.192.253 - - [24/Jul/2023:12:19:14 -0500] "POST /sipse/faces/presentacion/financiero/solicitudProceso/listarSolicitudProceso.xhtml HTTP/1.1" 200 30742
201.245.192.253 - - [24/Jul/2023:12:19:14 -0500] "POST /sipse/faces/presentacion/financiero/solicitudProceso/listarSolicitudProceso.xhtml HTTP/1.1" 200 30742
201.245.192.253 - - [24/Jul/2023:12:19:15 -0500] "POST /sipse/faces/presentacion/financiero/solicitudProceso/listarSolicitudProceso.xhtml HTTP/1.1" 200 1416
201.245.192.253 - - [24/Jul/2023:12:19:15 -0500] "POST /sipse/faces/presentacion/financiero/solicitudProceso/listarSolicitudProceso.xhtml HTTP/1.1" 200 1420
192.168.176.52 - - [24/Jul/2023:12:19:32 -0500] "POST /BLA/boletinlegal/admin/actos/ingresar.php HTTP/1.1" 200 7302
165.1.173.142 - - [24/Jul/2023:12:19:34 -0500] "GET /galeria/nivo-slider/demo/images/bannerplan2020.png HTTP/1.1" 304 -
172.22.2.4 - - [24/Jul/2023:12:18:23 -0500] "HEAD /BLA/boletinlegal/ HTTP/1.1" 200 -
110.249.202.20 - - [24/Jul/2023:12:20:11 -0500] "GET /BLA/resoluciones/AUTOS%202008/0760.pdf HTTP/1.1" 200 138182
190.84.43.231 - - [24/Jul/2023:12:20:12 -0500] "POST /sipse/faces/presentacion/financiero/solicitudProceso/consultarSolicitudProceso.xhtml HTTP/1.1" 200 5541
190.84.43.231 - - [24/Jul/2023:12:20:12 -0500] "GET /sipse/faces/javax.faces.resource/dynamiccontent.properties?ln=primefaces&pfdrid=XjOR5%2F%2FfPAZAuY9TpWQeCiM0BhlXxYRBGKi%2FQcXXfeA%3D&pfdrid_c=false HTTP/1.1" 200 104920
152.202.66.199 - - [24/Jul/2023:12:20:18 -0500] "GET /BLA/resoluciones/ HTTP/1.1" 200 13502
152.202.66.199 - - [24/Jul/2023:12:20:18 -0500] "GET /BLA/resoluciones/dlf/styles.css HTTP/1.1" 200 3049
152.202.66.199 - - [24/Jul/2023:12:20:18 -0500] "GET /BLA/resoluciones/dlf/folder.png HTTP/1.1" 200 410
152.202.66.199 - - [24/Jul/2023:12:20:18 -0500] "GET /BLA/resoluciones/dlf/bg.gif HTTP/1.1" 200 54
152.202.66.199 - - [24/Jul/2023:12:20:18 -0500] "GET /favicon.ico HTTP/1.1" 200 7782
66.249.66.138 - - [24/Jul/2023:12:20:28 -0500] "GET /en-julio-programate-para-asistir-a-las-caminatas-ecologicas-y-conectarte-con-la-naturaleza.html HTTP/1.1" 200 773
201.245.192.253 - - [24/Jul/2023:12:20:26 -0500] "POST /kwsrmcab/Wsrmcab HTTP/1.1" 200 42298
152.202.66.199 - - [24/Jul/2023:12:20:30 -0500] "GET /BLA/resoluciones/dlf/dirup.png HTTP/1.1" 200 644
152.202.66.199 - - [24/Jul/2023:12:20:30 -0500] "GET /BLA/resoluciones/dlf/pdf.gif HTTP/1.1" 200 272
152.202.66.199 - - [24/Jul/2023:12:20:30 -0500] "GET /BLA/resoluciones/index.php?dir=RESOLUCIONES+2022%2F HTTP/1.1" 200 311952
190.84.43.231 - - [24/Jul/2023:12:20:37 -0500] "POST /sipse/faces/presentacion/financiero/solicitudProceso/consultarSolicitudProceso.xhtml HTTP/1.1" 200 5530
192.168.176.52 - - [24/Jul/2023:12:20:47 -0500] "POST /BLA/boletinlegal/admin/actos/ingresar.php HTTP/1.1" 200 7302
152.202.66.199 - - [24/Jul/2023:12:20:51 -0500] "GET /BLA/resoluciones/RESOLUCIONES%202022/3544.pdf HTTP/1.1" 200 354873
190.84.43.231 - - [24/Jul/2023:12:20:59 -0500] "POST /sipse/faces/presentacion/financiero/solicitudProceso/consultarSolicitudProceso.xhtml HTTP/1.1" 200 5530
190.84.43.231 - - [24/Jul/2023:12:20:58 -0500] "POST /sipse/faces/presentacion/financiero/solicitudProceso/consultarSolicitudProceso.xhtml HTTP/1.1" 200 6989998
110.249.202.167 - - [24/Jul/2023:12:21:19 -0500] "GET /BLA/resoluciones/RESOLUCIONES%202013/2438.pdf HTTP/1.1" 200 1312153
172.22.2.4 - - [24/Jul/2023:12:20:32 -0500] "GET /BLA/boletinlegal/ HTTP/1.1" 200 52149
172.22.2.4 - - [24/Jul/2023:12:20:32 -0500] "GET /BLA/boletinlegal/ HTTP/1.1" 200 51550
192.168.176.52 - - [24/Jul/2023:12:22:18 -0500] "POST /BLA/boletinlegal/admin/actos/ingresar.php HTTP/1.1" 200 7302
110.249.201.72 - - [24/Jul/2023:12:22:28 -0500] "GET /BLA/resoluciones/RESOLUCIONES%202016/0443.pdf HTTP/1.1" 200 1034407
201.245.192.253 - - [24/Jul/2023:12:22:56 -0500] "POST /kwsrmcab/Wsrmcab  HTTP/1.1" 200 42133
190.84.43.231 - - [24/Jul/2023:12:23:07 -0500] "GET /sipse/faces/javax.faces.resource/theme.css?ln=primefaces-sipse HTTP/1.1" 304 -
190.84.43.231 - - [24/Jul/2023:12:23:07 -0500] "GET /sipse/faces/javax.faces.resource/primefaces.css?ln=primefaces&v=4.0 HTTP/1.1" 304 -
190.84.43.231 - - [24/Jul/2023:12:23:07 -0500] "GET /sipse/faces/javax.faces.resource/jquery/jquery.js?ln=primefaces&v=4.0 HTTP/1.1" 304 -
190.84.43.231 - - [24/Jul/2023:12:23:07 -0500] "GET /sipse/faces/javax.faces.resource/layout/layout.css?ln=primefaces&v=4.0 HTTP/1.1" 304 -
190.84.43.231 - - [24/Jul/2023:12:23:07 -0500] "GET /sipse/faces/javax.faces.resource/jquery/jquery-plugins.js?ln=primefaces&v=4.0 HTTP/1.1" 304 -
190.84.43.231 - - [24/Jul/2023:12:23:07 -0500] "GET /sipse/faces/javax.faces.resource/layout/layout.js?ln=primefaces&v=4.0 HTTP/1.1" 304 -
190.84.43.231 - - [24/Jul/2023:12:23:07 -0500] "GET /sipse/faces/javax.faces.resource/primefaces.js?ln=primefaces&v=4.0 HTTP/1.1" 304 -
190.84.43.231 - - [24/Jul/2023:12:23:07 -0500] "GET /sipse/css/imagen/contrasena.png HTTP/1.1" 404 383
190.84.43.231 - - [24/Jul/2023:12:23:07 -0500] "GET /sipse/faces/javax.faces.resource/images/ui-icons_898989_256x240.png?ln=primefaces-aristo HTTP/1.1" 304 -
190.84.43.231 - - [24/Jul/2023:12:23:06 -0500] "POST /sipse/faces/presentacion/financiero/solicitudProceso/consultarSolicitudProceso.xhtml HTTP/1.1" 200 190327
191.156.59.127 - - [24/Jul/2023:12:23:17 -0500] "GET /galeria/galeria/jquery.fancybox.css?v=2.1.5 HTTP/1.1" 200 4895
191.156.51.146 - - [24/Jul/2023:12:23:17 -0500] "GET /BLA/boletinlegal/js/jquery.scrollShow.js HTTP/1.1" 200 4586
191.156.55.141 - - [24/Jul/2023:12:23:17 -0500] "GET /galeria/galeria/jquery.fancybox.js?v=2.1.5 HTTP/1.1" 200 48706
216.245.221.92 - - [24/Jul/2023:12:23:24 -0500] "HEAD / HTTP/1.1" 200 -
192.168.176.52 - - [24/Jul/2023:12:23:30 -0500] "POST /BLA/boletinlegal/admin/actos/ingresar.php HTTP/1.1" 200 7302
111.225.149.180 - - [24/Jul/2023:12:23:35 -0500] "GET /BLA/resoluciones/RESOLUCIONES%202016/2267.pdf HTTP/1.1" 200 446931
172.22.2.4 - - [24/Jul/2023:12:22:06 -0500] "GET /BLA/boletinlegal/ HTTP/1.1" 200 59192
201.245.192.253 - - [24/Jul/2023:12:24:04 -0500] "GET /sipse/faces/index.xhtml HTTP/1.1" 200 677
201.245.192.253 - - [24/Jul/2023:12:24:04 -0500] "GET /sipse/faces/javax.faces.resource/theme.css?ln=primefaces-sipse HTTP/1.1" 200 50058
201.245.192.253 - - [24/Jul/2023:12:24:04 -0500] "GET /favicon.ico HTTP/1.1" 200 7782
201.245.192.253 - - [24/Jul/2023:12:24:11 -0500] "GET /sipse/faces/index.xhtml HTTP/1.1" 200 677
201.245.192.253 - - [24/Jul/2023:12:24:11 -0500] "GET /sipse/faces/javax.faces.resource/theme.css?ln=primefaces-sipse HTTP/1.1" 304 -
201.245.192.253 - - [24/Jul/2023:12:24:15 -0500] "GET /sipse/faces/index.xhtml HTTP/1.1" 200 677
201.245.192.253 - - [24/Jul/2023:12:24:15 -0500] "GET /sipse/faces/javax.faces.resource/theme.css?ln=primefaces-sipse HTTP/1.1" 304 -
201.245.192.253 - - [24/Jul/2023:12:24:16 -0500] "GET /sipse/faces/faces/autenticacion.xhtml HTTP/1.1" 200 12177
201.245.192.253 - - [24/Jul/2023:12:24:16 -0500] "GET /sipse/js/disable_browser_buttons.js HTTP/1.1" 200 3230
201.245.192.253 - - [24/Jul/2023:12:24:16 -0500] "GET /sipse/css/custom_css_sg.css HTTP/1.1" 200 9694
201.245.192.253 - - [24/Jul/2023:12:24:16 -0500] "GET /sipse/faces/javax.faces.resource/theme.css?ln=primefaces-sipse HTTP/1.1" 304 -
201.245.192.253 - - [24/Jul/2023:12:24:16 -0500] "GET /sipse/css/custom_css_sg_prime_login.css HTTP/1.1" 200 443
201.245.192.253 - - [24/Jul/2023:12:24:16 -0500] "GET /sipse/faces/javax.faces.resource/layout/layout.css?ln=primefaces&v=4.0 HTTP/1.1" 200 542
201.245.192.253 - - [24/Jul/2023:12:24:16 -0500] "GET /sipse/js/funciones.js HTTP/1.1" 200 12592
201.245.192.253 - - [24/Jul/2023:12:24:16 -0500] "GET /sipse/faces/javax.faces.resource/primefaces.css?ln=primefaces&v=4.0 HTTP/1.1" 200 53295
201.245.192.253 - - [24/Jul/2023:12:24:16 -0500] "GET /sipse/faces/javax.faces.resource/layout/layout.js?ln=primefaces&v=4.0 HTTP/1.1" 200 87560
201.245.192.253 - - [24/Jul/2023:12:24:16 -0500] "GET /sipse/faces/javax.faces.resource/jquery/jquery.js?ln=primefaces&v=4.0 HTTP/1.1" 200 105384
201.245.192.253 - - [24/Jul/2023:12:24:16 -0500] "GET /sipse/faces/javax.faces.resource/jquery/jquery-plugins.js?ln=primefaces&v=4.0 HTTP/1.1" 200 220526
201.245.192.253 - - [24/Jul/2023:12:24:16 -0500] "GET /sipse/faces/javax.faces.resource/primefaces.js?ln=primefaces&v=4.0 HTTP/1.1" 200 276924
201.245.192.253 - - [24/Jul/2023:12:24:16 -0500] "GET /sipse/faces/javax.faces.resource/images/ui-icons_898989_256x240.png?ln=primefaces-aristo HTTP/1.1" 200 5355
201.245.192.253 - - [24/Jul/2023:12:24:16 -0500] "GET /sipse/css/imagen/loginimg.png HTTP/1.1" 200 71635
201.245.192.253 - - [24/Jul/2023:12:24:16 -0500] "GET /sipse/css/imagen/logoSDG.png HTTP/1.1" 200 53064
110.249.201.204 - - [24/Jul/2023:12:24:43 -0500] "GET /BLA/resoluciones/RESOLUCIONES%202011/3043.pdf HTTP/1.1" 200 634298
110.249.202.138 - - [24/Jul/2023:12:25:51 -0500] "GET /BLA/resoluciones/AUTOS%202009/0111.pdf HTTP/1.1" 200 72816
172.22.2.4 - - [24/Jul/2023:12:24:14 -0500] "HEAD /BLA/boletinlegal/ HTTP/1.1" 200 -
192.168.176.52 - - [24/Jul/2023:12:26:15 -0500] "POST /BLA/boletinlegal/admin/actos/ingresar.php HTTP/1.1" 200 7302
110.249.201.145 - - [24/Jul/2023:12:26:59 -0500] "GET /BLA/resoluciones/AUTOS%202013/2831.pdf HTTP/1.1" 200 222583
190.84.43.231 - - [24/Jul/2023:12:27:07 -0500] "POST /sipse/faces/presentacion/financiero/solicitudProceso/consultarSolicitudProceso.xhtml HTTP/1.1" 200 2045682
173.252.79.1 - - [24/Jul/2023:12:27:19 -0500] "GET /images/Rmasar%2018%20de%20febrero%20Grupo.jpg HTTP/1.1" 200 68398
192.168.176.52 - - [24/Jul/2023:12:27:22 -0500] "POST /BLA/boletinlegal/admin/actos/ingresar.php HTTP/1.1" 200 7302
190.84.43.231 - - [24/Jul/2023:12:27:32 -0500] "POST /sipse/faces/presentacion/financiero/solicitudProceso/consultarSolicitudProceso.xhtml HTTP/1.1" 200 6989998
157.55.39.216 - - [24/Jul/2023:12:27:53 -0500] "GET /Publicaciones/2023EE124603.pdf HTTP/1.1" 404 228
111.225.149.240 - - [24/Jul/2023:12:28:06 -0500] "GET /BLA/resoluciones/AUTOS%202008/1517.pdf HTTP/1.1" 200 75347
216.245.221.92 - - [24/Jul/2023:12:28:24 -0500] "HEAD / HTTP/1.1" 200 -
190.84.43.231 - - [24/Jul/2023:12:28:25 -0500] "GET /sipse/faces/javax.faces.resource/images/ui-bg_flat_0_2d5972_40x100.png?ln=primefaces-aristo HTTP/1.1" 304 -
190.84.43.231 - - [24/Jul/2023:12:28:26 -0500] "POST /sipse/faces/presentacion/financiero/solicitudProceso/consultarSolicitudProceso.xhtml HTTP/1.1" 200 35397
190.84.43.231 - - [24/Jul/2023:12:28:29 -0500] "GET /sipse/faces/javax.faces.resource/theme.css?ln=primefaces-sipse HTTP/1.1" 304 -
190.84.43.231 - - [24/Jul/2023:12:28:29 -0500] "GET /sipse/faces/javax.faces.resource/jquery/jquery.js?ln=primefaces&v=4.0 HTTP/1.1" 304 -
190.84.43.231 - - [24/Jul/2023:12:28:29 -0500] "GET /sipse/faces/javax.faces.resource/jquery/jquery-plugins.js?ln=primefaces&v=4.0 HTTP/1.1" 304 -
190.84.43.231 - - [24/Jul/2023:12:28:29 -0500] "GET /sipse/faces/javax.faces.resource/primefaces.js?ln=primefaces&v=4.0 HTTP/1.1" 304 -
190.84.43.231 - - [24/Jul/2023:12:28:29 -0500] "GET /sipse/faces/javax.faces.resource/layout/layout.js?ln=primefaces&v=4.0 HTTP/1.1" 304 -
190.84.43.231 - - [24/Jul/2023:12:28:29 -0500] "GET /sipse/faces/javax.faces.resource/primefaces.css?ln=primefaces&v=4.0 HTTP/1.1" 304 -
190.84.43.231 - - [24/Jul/2023:12:28:29 -0500] "GET /sipse/faces/javax.faces.resource/layout/layout.css?ln=primefaces&v=4.0 HTTP/1.1" 304 -
190.84.43.231 - - [24/Jul/2023:12:28:29 -0500] "GET /sipse/faces/javax.faces.resource/messages/messages.png?ln=primefaces&v=4.0 HTTP/1.1" 304 -
190.84.43.231 - - [24/Jul/2023:12:28:29 -0500] "POST /sipse/faces/presentacion/financiero/solicitudProceso/listarSolicitudProceso.xhtml HTTP/1.1" 200 1400
192.168.176.52 - - [24/Jul/2023:12:28:33 -0500] "POST /BLA/boletinlegal/admin/actos/ingresar.php HTTP/1.1" 200 7302
190.84.43.231 - - [24/Jul/2023:12:28:38 -0500] "POST /sipse/faces/presentacion/financiero/solicitudProceso/listarSolicitudProceso.xhtml HTTP/1.1" 200 7502
172.22.2.4 - - [24/Jul/2023:12:28:39 -0500] "GET /BLA/boletinlegal/actos.php HTTP/1.1" 200 9682
172.22.2.4 - - [24/Jul/2023:12:28:47 -0500] "GET /BLA/boletinlegal/favicon.ico HTTP/1.1" 404 1308
201.245.192.253 - - [24/Jul/2023:12:29:03 -0500] "POST /kwsrmcab/Wsrmcab  HTTP/1.1" 200 42133
110.249.202.3 - - [24/Jul/2023:12:29:17 -0500] "GET /BLA/resoluciones/RESOLUCIONES%202007/1058.pdf HTTP/1.1" 200 28840
201.245.192.253 - - [24/Jul/2023:12:29:26 -0500] "POST /kwsrmcab/Wsrmcab HTTP/1.1" 200 43061
201.245.192.253 - - [24/Jul/2023:12:29:29 -0500] "POST /kwsrmcab/Wsrmcab HTTP/1.1" 200 42298
192.168.176.52 - - [24/Jul/2023:12:29:38 -0500] "POST /BLA/boletinlegal/admin/actos/ingresar.php HTTP/1.1" 200 7302
192.168.176.52 - - [24/Jul/2023:12:29:50 -0500] "GET /BLA/boletinlegal/admin/admin.php HTTP/1.1" 200 496
192.168.176.52 - - [24/Jul/2023:12:30:05 -0500] "GET /BLA/boletinlegal/admin/admin.php HTTP/1.1" 302 -
201.245.192.253 - - [24/Jul/2023:12:30:05 -0500] "POST /kwsrmcab/Wsrmcab  HTTP/1.1" 200 42133
192.168.176.52 - - [24/Jul/2023:12:30:05 -0500] "GET /BLA/boletinlegal/admin/index.php HTTP/1.1" 200 5699
192.168.176.52 - - [24/Jul/2023:12:30:21 -0500] "GET /BLA/boletinlegal/admin/index_files/index_files/tback.gif HTTP/1.1" 404 1322
111.225.148.166 - - [24/Jul/2023:12:30:23 -0500] "GET /BLA/resoluciones/AUTOS%202008/1867.pdf HTTP/1.1" 200 197507
201.245.192.253 - - [24/Jul/2023:12:30:47 -0500] "GET /BLA/boletinlegal/admin/ HTTP/1.1" 200 2324
201.245.192.253 - - [24/Jul/2023:12:30:47 -0500] "GET /BLA/boletinlegal/admin/index_files/style.css HTTP/1.1" 200 6223
201.245.192.253 - - [24/Jul/2023:12:30:47 -0500] "GET /BLA/boletinlegal/admin/images/bg.png HTTP/1.1" 200 332965
201.245.192.253 - - [24/Jul/2023:12:30:47 -0500] "GET /favicon.ico HTTP/1.1" 200 7782
172.22.2.4 - - [24/Jul/2023:12:30:49 -0500] "GET /BLA/boletinlegal/actos.php HTTP/1.1" 200 9682
172.22.2.4 - - [24/Jul/2023:12:30:51 -0500] "GET /BLA/boletinlegal/actos.php HTTP/1.1" 200 9682
172.22.2.4 - - [24/Jul/2023:12:30:54 -0500] "GET /BLA/boletinlegal/consulta_actos.php?tipo=autos&no=1327&usuario=&sector=&fecha=2023&resuelve= HTTP/1.1" 200 1074
172.22.2.4 - - [24/Jul/2023:12:31:01 -0500] "GET /BLA/boletinlegal/consulta_actos.php?tipo=autos&no=2892&usuario=&sector=&fecha=2023&resuelve= HTTP/1.1" 200 1071
192.168.176.52 - - [24/Jul/2023:12:31:07 -0500] "GET /BLA/boletinlegal/admin/usuarios/process.php HTTP/1.1" 302 -
192.168.176.52 - - [24/Jul/2023:12:31:08 -0500] "GET /BLA/boletinlegal/admin/index.php HTTP/1.1" 200 2324
192.168.176.52 - - [24/Jul/2023:12:31:10 -0500] "GET /BLA/boletinlegal/admin/index.php HTTP/1.1" 200 2324
172.22.2.4 - - [24/Jul/2023:12:31:15 -0500] "GET /BLA/boletinlegal/actos.php HTTP/1.1" 200 9682
201.245.192.253 - - [24/Jul/2023:12:31:25 -0500] "GET /BLA/resoluciones/ HTTP/1.1" 200 13502
201.245.192.253 - - [24/Jul/2023:12:31:28 -0500] "GET /BLA/resoluciones/index.php?dir=RESOLUCIONES+2020%2F HTTP/1.1" 200 168722
201.245.192.253 - - [24/Jul/2023:12:31:32 -0500] "GET /BLA/resoluciones/RESOLUCIONES%202020/0031.pdf HTTP/1.1" 200 366755
110.249.202.88 - - [24/Jul/2023:12:31:32 -0500] "GET /BLA/resoluciones/RESOLUCIONES%202011/2144.pdf HTTP/1.1" 200 515983
172.22.2.4 - - [24/Jul/2023:12:30:03 -0500] "GET /BLA/boletinlegal/ HTTP/1.1" 200 56816
172.22.2.4 - - [24/Jul/2023:12:31:13 -0500] "GET /BLA/boletinlegal/ HTTP/1.1" 200 24523
201.245.192.253 - - [24/Jul/2023:12:32:10 -0500] "GET /BLA/resoluciones/ HTTP/1.1" 200 13502
201.245.192.253 - - [24/Jul/2023:12:32:12 -0500] "GET /BLA/resoluciones/index.php?dir=AUTOS+2014%2F HTTP/1.1" 200 890362
201.245.192.253 - - [24/Jul/2023:12:32:13 -0500] "GET /BLA/resoluciones/dlf/unknown.png HTTP/1.1" 200 266
201.245.192.253 - - [24/Jul/2023:12:32:33 -0500] "GET /BLA/resoluciones/AUTOS%202014/5398.pdf HTTP/1.1" 200 567122
173.252.107.1 - - [24/Jul/2023:12:32:38 -0500] "GET /incautadas-tarantulas-que-iban-a-ser-exportadas-ilegalmente-desde-bogota-hasta-mexico.html HTTP/1.1" 200 899
111.225.148.167 - - [24/Jul/2023:12:32:39 -0500] "GET /BLA/resoluciones/AUTOS%202018/1775.pdf HTTP/1.1" 200 336934
52.167.144.147 - - [24/Jul/2023:12:33:09 -0500] "GET /BLA/resoluciones/RESOLUCIONES%202023/0677.pdf HTTP/1.1" 200 440480
172.22.2.4 - - [24/Jul/2023:12:33:23 -0500] "GET /BLA/boletinlegal/consulta_actos.php?tipo=autos&no=2763&usuario=&sector=&fecha=2023&resuelve= HTTP/1.1" 200 1073
216.245.221.92 - - [24/Jul/2023:12:33:24 -0500] "HEAD / HTTP/1.1" 200 -
110.249.202.173 - - [24/Jul/2023:12:33:48 -0500] "GET /BLA/resoluciones/AUTOS%202015/0179.pdf HTTP/1.1" 200 161293
172.22.2.4 - - [24/Jul/2023:12:34:03 -0500] "GET /BLA/boletinlegal/niceforms.js HTTP/1.1" 200 22876
186.29.152.243 - - [24/Jul/2023:12:34:45 -0500] "GET /calidad-del-aire-distrito-avanza-unido-por-un-nuevo-aire.html?utm_source=Meta_DIGI&utm_medium=CPMa&utm_campaign=Aire&utm_id=Julio_2023&fbclid=IwAR29hDkKBjFEpXnczC26aHRMKV-wcHOa2KfJ0g3hetnlDOfAN4-qjFlJiTc_aem_Adpn134k1Ugdu6KX9utUu2RshFRTGysE2w2UjIuOgj2e4ep-M5mz2JEO6ZW_06PXqdoR_azg87M6pCI4nr0EcwtC HTTP/1.1" 200 783
144.76.22.130 - - [24/Jul/2023:12:34:46 -0500] "-" 408 -
111.225.148.88 - - [24/Jul/2023:12:34:55 -0500] "GET /BLA/resoluciones/AUTOS%202010/1279.pdf HTTP/1.1" 200 464777
201.245.192.253 - - [24/Jul/2023:12:35:03 -0500] "POST /kwsrmcab/Wsrmcab  HTTP/1.1" 200 42133
201.245.192.253 - - [24/Jul/2023:12:35:19 -0500] "POST /forms/lservlet;jsessionid=ac16012b30d656abb248ac7e45a8a597991d79c37b0c.e3iSbxaKaheRe34KbxiPbh0Naxr0n6jAmljGr5XDqQLvpAe HTTP/1.1" 200 13
201.245.192.253 - - [24/Jul/2023:12:35:20 -0500] "POST /forms/lservlet;jsessionid=ac16012b30d656abb248ac7e45a8a597991d79c37b0c.e3iSbxaKaheRe34KbxiPbh0Naxr0n6jAmljGr5XDqQLvpAe HTTP/1.1" 200 13
201.245.192.253 - - [24/Jul/2023:12:35:21 -0500] "POST /forms/lservlet;jsessionid=ac16012b30d656abb248ac7e45a8a597991d79c37b0c.e3iSbxaKaheRe34KbxiPbh0Naxr0n6jAmljGr5XDqQLvpAe HTTP/1.1" 200 13
201.245.192.253 - - [24/Jul/2023:12:35:22 -0500] "POST /forms/lservlet;jsessionid=ac16012b30d656abb248ac7e45a8a597991d79c37b0c.e3iSbxaKaheRe34KbxiPbh0Naxr0n6jAmljGr5XDqQLvpAe HTTP/1.1" 200 13
201.245.192.253 - - [24/Jul/2023:12:35:23 -0500] "POST /forms/lservlet;jsessionid=ac16012b30d656abb248ac7e45a8a597991d79c37b0c.e3iSbxaKaheRe34KbxiPbh0Naxr0n6jAmljGr5XDqQLvpAe HTTP/1.1" 200 13
201.245.192.253 - - [24/Jul/2023:12:35:24 -0500] "POST /forms/lservlet;jsessionid=ac16012b30d656abb248ac7e45a8a597991d79c37b0c.e3iSbxaKaheRe34KbxiPbh0Naxr0n6jAmljGr5XDqQLvpAe HTTP/1.1" 200 13
186.102.52.247 - - [24/Jul/2023:12:35:53 -0500] "GET /kwssiamovil/sm/acme/a?s=U2FsdGVkX1/6aF2a/kGeDWT+6zCEAFMQtxv2Ukpdvvas1nmqa+UDAOdkctbz0WmBWuYqdpnO2Zu7ASwzxzJgxHrivjg4TBA9iTxx1fYwIwIIwH6qd5uUBtsp5jPN45Sup5XUfFoNAc6dlkmy8nFMFwAL1USrXYxsrxxoDx8PMPF3oxD3pK6TMbk3DdHD/ArRU0euoQY4wU4zP9OBr5nfaTgh0d5A88cFnqpQkt0RYeEFy9EIdReWS4LFnInbIGhfVOCFaH94ETiq0syHizhdQw==&u=U2FsdGVkX1+cqJYUPh/pz3ZiXh4L6vuH3FdLHWfaoL8=&y=U2FsdGVkX1/DAO2GPEi+GSr1K3GTkQYEbGBiQdVMhMY7qn1NsROlyN2YnVHnW6Si HTTP/1.1" 200 26
186.102.52.247 - - [24/Jul/2023:12:35:53 -0500] "GET /kwssiamovil/sm/acme/a?s=U2FsdGVkX18l/2upD3g+HptjdqliZGe3ejZrRVwYGVecZ7mtPt5cD+qNeVNNsQ1n3tcyTYzg0dmc/pLmJ/QU9MZmbK20iBtSFNR+rAQORSKi4MWz8B52zgxE4i8r3h7Nw0jqyZsd2UKnng0LyJOyb/1rfyoN7ZWgSfHcHLyUocJz/TOwkYL4qSkhIyoAuBM3u7AbmPcY3TXkCXAJAeHpNE2vsg22W1vHTHiJ63gqikSsWDEhUoZolAC/Igy0EL2lWwr6KsHqbKwonTKdh5zDglnexlXcEs2tDdIkYuHvQxnkhK2D/5GwPatJ6xw/EHWAe97hdkOtb6uykkmJiDFIB2yaAZYf7BjZ4gS6qEkeXcXWsGpiknmltfnjHIGzLQRaflqXuN1mUtA2wByjJOcUqxdbDMDFJ4gV62Lh93k0lHyhIGuiXGPlpQtVMdf+r8ouLRAMn+q3Kj36GyeJdmj5H4RGRUJ9Sv2dNqWSb0gBIGEK6Cf0yfTfjWK244b/HvdQSNnEI2s4Ddug8LEwnaiRAysnXi9CBGGfujHWu/za9Vd1NNh9yIMVdOAGOdd5xnlj3Quj44Ovv0L2ipY3adf0D2vXvmsD+HNwl0dWGuI9rfow0XRc38xz32yApYqUzVrIVWEiTrwG5jMoRVK9Xr62hAdkRDntsCJDiH83on5hCPsh5cqUyeFwbiy68GoMcI8979wu84QNulIWeXTnFTIs64V7u45DWPeZnfvgXKLtgBFtfKC8xLo0wwM/w+aBw0jHu2Yk8E8HbHDZV7sPBaVcXgDJ3fmjUwEOG5R3TUWkjd0o/s0nFHDiL9xqsGT0d7GMAvY/UvBwSkmAn4jpY+IgDeZrY7rWrpxNhK4wYUZERPnpXGdum5YY1k5Cpffex5sp1Zy6mDUAairawPp4LajHINiSMLcmXKpZzW2rYlG3wyNr/tBL2bhsznFJomR9qLpS3YRG7RtqeK7b1z2ON4O7Zg6Z1QSE5DuOIO+j+wC86SkjROnoLlIzkCZe0DCKXuiyLFm/wIzIoRZ6ScNipX17u/o5LZ0ZJ7HpU8cWbffIxsYzJ+pgoHLVIOOxzx+SOtqLWLUHs4SwYW/NYb7Y7IvPlH/Nu/d/gXOE+8G7B+oEpjqdnNCIhOdXCWYkT1aFltU0IOT5KMIpY8tE+CN/IreF1BAnwqYO17b/tMyM10U/faLXmLwr1+1qschj+o5wLZGHETrS8kb4lTjvNkQ+p926mpxZRkJvZYcE+gISpleS4utvuESrk15AP3NkI+3GY75v9LZ0gJZHw9RS3DrGWcaRMdETBG5yfAJe+pcE4FAtouLptcLAAHJZIZQzHqlZpwnovYst4j8qkUmv8ypJEpEJNj8QIQRO78JTD214rJgpSHYyzMT/9p1xEOK/aTV99zItQzU005ydBAoIGtI1GmeDFfHbv7+wX+pBwFSYDrTB343BWB1vaCxOJDMyVvoHCreMcHRMf2+xMY276mqITKcBnmoeTQ09xcW8N1wwkiV6zR7ozOiuetLPx5KISL1zs7pd2UAKHakc+YZhFQpcJonS0HdrRZnHtu5USh1y5M+KOusziZ9MN4eQ12Ogr1WjYBWI&u=U2FsdGVkX1+cqJYUPh/pz3ZiXh4L6vuH3FdLHWfaoL8=&y=U2FsdGVkX1/DAO2GPEi+GSr1K3GTkQYEbGBiQdVMhMY7qn1NsROlyN2YnVHnW6Si HTTP/1.1" 200 26
186.102.52.247 - - [24/Jul/2023:12:35:53 -0500] "GET /kwssiamovil/sm/acme/a?s=U2FsdGVkX1/8LUu4RV0cvQfklLZ2NqFqZ/dyLV3vQmzelfIyZEWxErhjYxjNBxtmGKoaFBd4o2mZRaTU84y3Zh9gAxKFnz6atk7JalE4rdYt5YWM6BvMVhwAn9kCTcgbRd3LPhB0KPVu4x7ZElVhTneK5OEwP24tjIsP8lJS1w8=&u=U2FsdGVkX1+cqJYUPh/pz3ZiXh4L6vuH3FdLHWfaoL8=&y=U2FsdGVkX1/DAO2GPEi+GSr1K3GTkQYEbGBiQdVMhMY7qn1NsROlyN2YnVHnW6Si HTTP/1.1" 200 26
186.102.52.247 - - [24/Jul/2023:12:35:54 -0500] "GET /kwssiamovil/sm/acme/a?s=U2FsdGVkX1/0TLJHCAg86HKtyhGqoAuVAnJbeiTerSywB0ZxAiN7tXnMzp3vIMmyoVtY9etM5VMs11c/MKtju4+fq5hrxWWRdFNnvwhScTe8SOh1x0rFdPWQUYa2CkpHPAaqhpFun7rvnQdzhC44Cb9IiGL8HeJ0Dxkutaps89s=&u=U2FsdGVkX1+cqJYUPh/pz3ZiXh4L6vuH3FdLHWfaoL8=&y=U2FsdGVkX1/DAO2GPEi+GSr1K3GTkQYEbGBiQdVMhMY7qn1NsROlyN2YnVHnW6Si HTTP/1.1" 200 26
186.102.52.247 - - [24/Jul/2023:12:35:54 -0500] "GET /kwssiamovil/sm/acme/a?s=U2FsdGVkX18G3re0Fp+LiwTLrNdJlgiKiGz7RTGqESUALy5id5YkiOBdDKO8DghFLT1JZNXrQP0iH54by9QB26Ky4w9Fx5usM2/ZQdl5sgxMjusAYcASP9UDWDEBXsy3kWcmiVyOqjMi5RSswUAhn7/biyHhNS1gmRpUuDiIYHQ=&u=U2FsdGVkX1+cqJYUPh/pz3ZiXh4L6vuH3FdLHWfaoL8=&y=U2FsdGVkX1/DAO2GPEi+GSr1K3GTkQYEbGBiQdVMhMY7qn1NsROlyN2YnVHnW6Si HTTP/1.1" 200 26
186.102.52.247 - - [24/Jul/2023:12:35:54 -0500] "GET /kwssiamovil/sm/acme/a?s=U2FsdGVkX1//5nvHNKn4GCPcRMDjeM3PlYsGjgnEew73by1us858GfzIegvKMVLJO6bECxT3J/HK7dcjxPUaocnZ8n2bOu+G333ddvu8erynv9wlxQdBA8ZKSes+uTf0SyD2oY8eiXE59RAv73dRElfZBOJTyHxTCRpMBO/APLZpqoIJUfQk7XIgBZhl/Pe+SxbRTDdGNOh5kdi5lpXQ9A==&u=U2FsdGVkX1+cqJYUPh/pz3ZiXh4L6vuH3FdLHWfaoL8=&y=U2FsdGVkX1/DAO2GPEi+GSr1K3GTkQYEbGBiQdVMhMY7qn1NsROlyN2YnVHnW6Si HTTP/1.1" 200 26
110.249.201.146 - - [24/Jul/2023:12:36:05 -0500] "GET /BLA/resoluciones/AUTOS%202017/2898.pdf HTTP/1.1" 200 553386
201.245.192.253 - - [24/Jul/2023:12:36:22 -0500] "POST /forms/lservlet;jsessionid=ac16012b30d6c67073b6606b426faaa9fab2afb58b72.e3iSbxaKaheRe34KbxiPbh0Naxr0n6jAmljGr5XDqQLvpAe HTTP/1.1" 200 13
172.22.2.4 - - [24/Jul/2023:12:36:22 -0500] "GET /BLA/boletinlegal/consulta_actos.php?tipo=autos&no=1496&usuario=&sector=&fecha=2023&resuelve= HTTP/1.1" 200 1070
201.245.192.253 - - [24/Jul/2023:12:36:23 -0500] "POST /forms/lservlet;jsessionid=ac16012b30d6c67073b6606b426faaa9fab2afb58b72.e3iSbxaKaheRe34KbxiPbh0Naxr0n6jAmljGr5XDqQLvpAe HTTP/1.1" 200 13
201.245.192.253 - - [24/Jul/2023:12:36:24 -0500] "POST /forms/lservlet;jsessionid=ac16012b30d6c67073b6606b426faaa9fab2afb58b72.e3iSbxaKaheRe34KbxiPbh0Naxr0n6jAmljGr5XDqQLvpAe HTTP/1.1" 200 13
201.245.192.253 - - [24/Jul/2023:12:36:25 -0500] "POST /forms/lservlet;jsessionid=ac16012b30d6c67073b6606b426faaa9fab2afb58b72.e3iSbxaKaheRe34KbxiPbh0Naxr0n6jAmljGr5XDqQLvpAe HTTP/1.1" 200 13
201.245.192.253 - - [24/Jul/2023:12:36:26 -0500] "POST /forms/lservlet;jsessionid=ac16012b30d6c67073b6606b426faaa9fab2afb58b72.e3iSbxaKaheRe34KbxiPbh0Naxr0n6jAmljGr5XDqQLvpAe HTTP/1.1" 200 13
201.245.192.253 - - [24/Jul/2023:12:36:27 -0500] "POST /forms/lservlet;jsessionid=ac16012b30d6c67073b6606b426faaa9fab2afb58b72.e3iSbxaKaheRe34KbxiPbh0Naxr0n6jAmljGr5XDqQLvpAe HTTP/1.1" 200 13
111.225.149.67 - - [24/Jul/2023:12:37:13 -0500] "GET /BLA/resoluciones/RESOLUCIONES%202018/0110.pdf HTTP/1.1" 200 303910
186.29.60.142 - - [24/Jul/2023:12:37:39 -0500] "GET / HTTP/1.1" 200 4720
186.29.60.142 - - [24/Jul/2023:12:37:39 -0500] "GET /js/url.js HTTP/1.1" 404 1294
186.29.60.142 - - [24/Jul/2023:12:37:39 -0500] "GET /favicon.ico HTTP/1.1" 404 1294
201.245.192.253 - - [24/Jul/2023:12:37:45 -0500] "GET /appsia/controlador HTTP/1.1" 200 4799
201.245.192.253 - - [24/Jul/2023:12:37:52 -0500] "POST /appsia/controlador HTTP/1.1" 200 5437
201.245.192.253 - - [24/Jul/2023:12:37:54 -0500] "POST /appsia/controlador HTTP/1.1" 200 7773
201.245.192.253 - - [24/Jul/2023:12:37:55 -0500] "POST /appsia/controlador HTTP/1.1" 200 5232
201.245.192.253 - - [24/Jul/2023:12:37:57 -0500] "GET /appsia/controlador?comando=ingresarMenuPrincipal&id=79481233&funcionario=HERNANDO+REYES+DELGADO&desde=79481233&hasta=79481233&version=79481233&accion=Regresar HTTP/1.1" 200 5437
201.245.192.253 - - [24/Jul/2023:12:37:58 -0500] "POST /appsia/controlador HTTP/1.1" 200 7773
201.245.192.253 - - [24/Jul/2023:12:38:04 -0500] "POST /appsia/controlador HTTP/1.1" 200 6638
172.22.2.4 - - [24/Jul/2023:12:38:06 -0500] "GET /BLA/boletinlegal/actos.php HTTP/1.1" 200 9682
201.245.192.253 - - [24/Jul/2023:12:38:07 -0500] "GET /appsia/controlador?comando=ingresarMenuPrincipal&id=79481233&funcionario=HERNANDO+REYES+DELGADO&desde=79481233&hasta=79481233&version=79481233&accion=Regresar HTTP/1.1" 200 5437
201.245.192.253 - - [24/Jul/2023:12:38:08 -0500] "POST /appsia/controlador HTTP/1.1" 200 7773
201.245.192.253 - - [24/Jul/2023:12:38:13 -0500] "POST /appsia/controlador HTTP/1.1" 200 5232
201.245.192.253 - - [24/Jul/2023:12:38:15 -0500] "GET /appsia/controlador?comando=ingresarMenuPrincipal&id=79481233&funcionario=HERNANDO+REYES+DELGADO&desde=79481233&hasta=79481233&version=79481233&accion=Regresar HTTP/1.1" 200 5437
172.22.2.4 - - [24/Jul/2023:12:38:17 -0500] "GET /BLA/boletinlegal/actos.php HTTP/1.1" 200 9682
110.249.202.3 - - [24/Jul/2023:12:38:20 -0500] "GET /BLA/resoluciones/RESOLUCIONES%202007/RESOLUCION%201931%20DE%202007.PDF HTTP/1.1" 200 96220
172.22.2.4 - - [24/Jul/2023:12:38:22 -0500] "GET /BLA/boletinlegal/consulta_actos.php?tipo=autos&no=1496&usuario=&sector=&fecha=2023&resuelve= HTTP/1.1" 200 1070
216.245.221.92 - - [24/Jul/2023:12:38:24 -0500] "HEAD / HTTP/1.1" 200 -
172.22.2.4 - - [24/Jul/2023:12:38:35 -0500] "GET /BLA/boletinlegal/consulta_actos.php?tipo=autos&no=1463&usuario=&sector=&fecha=2023&resuelve= HTTP/1.1" 200 1110
201.245.192.253 - - [24/Jul/2023:12:39:26 -0500] "POST /kwsrmcab/Wsrmcab HTTP/1.1" 200 43061
110.249.201.115 - - [24/Jul/2023:12:39:28 -0500] "GET /BLA/resoluciones/AUTOS%202020/1197.pdf HTTP/1.1" 200 1048184
69.171.249.1 - - [24/Jul/2023:12:39:48 -0500] "GET /incautadas-cuatro-aves-y-mas-9-mil-gramos-de-productos-de-fauna-silvestre.html HTTP/1.1" 200 884
66.220.149.17 - - [24/Jul/2023:12:39:49 -0500] "GET /images/incautan-animales-semana-santa-2023.jpeg HTTP/1.1" 200 36611
69.171.249.3 - - [24/Jul/2023:12:39:51 -0500] "GET /30-tinguas-azules-volvieron-a-alzar-vuelo-en-el-humedal-jaboque-en-engativa.html HTTP/1.1" 200 1102
186.80.192.221 - - [24/Jul/2023:12:39:57 -0500] "GET /galeria/galeria/jquery.fancybox.css?v=2.1.5 HTTP/1.1" 200 4895
186.80.192.221 - - [24/Jul/2023:12:39:57 -0500] "GET /BLA/boletinlegal/js/jquery.scrollShow.js HTTP/1.1" 200 4586
186.80.192.221 - - [24/Jul/2023:12:39:57 -0500] "GET /galeria/galeria/jquery.fancybox.js?v=2.1.5 HTTP/1.1" 200 48706
186.80.108.8 - - [24/Jul/2023:12:39:58 -0500] "POST /sipse/faces/presentacion/financiero/solicitudProceso/listarSolicitudProceso.xhtml HTTP/1.1" 200 144290
186.80.108.8 - - [24/Jul/2023:12:39:59 -0500] "GET /sipse/faces/javax.faces.resource/primefaces.css?ln=primefaces&v=4.0 HTTP/1.1" 304 -
186.80.108.8 - - [24/Jul/2023:12:39:59 -0500] "GET /sipse/faces/javax.faces.resource/theme.css?ln=primefaces-sipse HTTP/1.1" 304 -
186.80.108.8 - - [24/Jul/2023:12:39:59 -0500] "GET /sipse/faces/javax.faces.resource/layout/layout.css?ln=primefaces&v=4.0 HTTP/1.1" 304 -
186.80.108.8 - - [24/Jul/2023:12:40:00 -0500] "GET /sipse/faces/javax.faces.resource/jquery/jquery.js?ln=primefaces&v=4.0 HTTP/1.1" 304 -
186.80.108.8 - - [24/Jul/2023:12:40:00 -0500] "GET /sipse/faces/javax.faces.resource/jquery/jquery-plugins.js?ln=primefaces&v=4.0 HTTP/1.1" 304 -
186.80.108.8 - - [24/Jul/2023:12:40:00 -0500] "GET /sipse/faces/javax.faces.resource/primefaces.js?ln=primefaces&v=4.0 HTTP/1.1" 304 -
186.80.108.8 - - [24/Jul/2023:12:40:00 -0500] "GET /sipse/faces/javax.faces.resource/layout/layout.js?ln=primefaces&v=4.0 HTTP/1.1" 304 -
186.80.108.8 - - [24/Jul/2023:12:40:19 -0500] "POST /sipse/faces/presentacion/financiero/solicitudProceso/consultarSolicitudProceso.xhtml HTTP/1.1" 200 241104
190.84.165.14 - - [24/Jul/2023:12:40:28 -0500] "GET /galeria/galeria/jquery.fancybox.css?v=2.1.5 HTTP/1.1" 200 4895
190.84.165.14 - - [24/Jul/2023:12:40:28 -0500] "GET /BLA/boletinlegal/js/jquery.scrollShow.js HTTP/1.1" 200 4586
190.84.165.14 - - [24/Jul/2023:12:40:28 -0500] "GET /galeria/galeria/jquery.fancybox.js?v=2.1.5 HTTP/1.1" 200 48706
111.225.148.185 - - [24/Jul/2023:12:40:36 -0500] "GET /BLA/resoluciones/AUTOS%202018/4928.pdf HTTP/1.1" 200 326330
110.249.202.134 - - [24/Jul/2023:12:41:45 -0500] "GET /BLA/resoluciones/RESOLUCIONES%202016/0360.pdf HTTP/1.1" 200 790431
172.22.2.4 - - [24/Jul/2023:12:41:48 -0500] "GET /BLA/boletinlegal/_ignition/execute-solution HTTP/1.1" 404 1018
201.245.192.253 - - [24/Jul/2023:12:42:22 -0500] "POST /kwsrmcab/Wsrmcab  HTTP/1.1" 200 42133
111.225.149.194 - - [24/Jul/2023:12:42:56 -0500] "GET /BLA/resoluciones/AUTOS%202015/3092.pdf HTTP/1.1" 200 538642
186.29.60.142 - - [24/Jul/2023:12:43:04 -0500] "POST /procesar.php HTTP/1.1" 200 992
18.140.146.159 - - [24/Jul/2023:12:43:32 -0500] "GET /galeria/nivo-slider/demo/images/Banner%20canales%20virtuales.jpg HTTP/1.1" 200 209438
186.80.192.221 - - [24/Jul/2023:12:43:42 -0500] "GET /catalogoisis/ HTTP/1.1" 200 8575
186.29.60.142 - - [24/Jul/2023:12:43:50 -0500] "GET /la-feria-de-servicios-ambientales-llega-a-la-localidad-rafael-uribe-uribe.html HTTP/1.1" 206 866
186.29.60.142 - - [24/Jul/2023:12:43:50 -0500] "GET /images/feria-rafael-uribe-uribe.jpg HTTP/1.1" 206 68437
110.249.202.185 - - [24/Jul/2023:12:44:02 -0500] "GET /BLA/resoluciones/RESOLUCIONES%202020/0563.pdf HTTP/1.1" 200 425179
216.245.221.92 - - [24/Jul/2023:12:44:15 -0500] "GET / HTTP/1.1" 200 319
201.245.192.253 - - [24/Jul/2023:12:44:31 -0500] "POST /kwsrmcab/Wsrmcab  HTTP/1.1" 200 42133
186.31.146.86 - - [24/Jul/2023:12:44:33 -0500] "GET /calidad-del-aire-distrito-avanza-unido-por-un-nuevo-aire.html?utm_source=Meta_DIGI&utm_medium=CPMa&utm_campaign=Aire&utm_id=Julio_2023&fbclid=IwAR3TbxXoaVyuJO2uUMUjj8-0nePGh0OC9v-bORoLKb87aDm_2x09VFuv68E_aem_AePMVj4useMQbcpEqxLi3Xmx3OwQQLDgasqVnTs2IK5W9w23RX-pZxYPueWdyxN4qupQFwFvvNP4BpOHczbSz1rX HTTP/1.1" 200 783
66.249.79.101 - - [24/Jul/2023:12:44:39 -0500] "-" 408 -
111.225.149.159 - - [24/Jul/2023:12:45:10 -0500] "GET /BLA/resoluciones/AUTOS%202015/0645.pdf HTTP/1.1" 200 102242
207.46.13.217 - - [24/Jul/2023:12:45:13 -0500] "GET /BLA/resoluciones/RESOLUCIONES%202023/1060.pdf HTTP/1.1" 200 363337
173.252.111.9 - - [24/Jul/2023:12:46:10 -0500] "GET /images/cr\xc3\xb3nica-29-nov-1_optimized.jpeg HTTP/1.1" 404 1034
110.249.201.188 - - [24/Jul/2023:12:46:19 -0500] "GET /BLA/resoluciones/RESOLUCIONES%202011/1131.pdf HTTP/1.1" 200 367734
110.249.202.178 - - [24/Jul/2023:12:47:27 -0500] "GET /BLA/resoluciones/AUTOS%202008/1150.pdf HTTP/1.1" 200 96013
201.245.192.253 - - [24/Jul/2023:12:47:49 -0500] "POST /kwsrmcab/Wsrmcab  HTTP/1.1" 200 42133
186.80.108.8 - - [24/Jul/2023:12:48:31 -0500] "POST /sipse/faces/presentacion/financiero/solicitudProceso/consultarSolicitudProceso.xhtml HTTP/1.1" 200 44474
186.80.108.8 - - [24/Jul/2023:12:48:33 -0500] "GET /sipse/faces/javax.faces.resource/theme.css?ln=primefaces-sipse HTTP/1.1" 304 -
186.80.108.8 - - [24/Jul/2023:12:48:33 -0500] "GET /sipse/faces/javax.faces.resource/primefaces.css?ln=primefaces&v=4.0 HTTP/1.1" 304 -
186.80.108.8 - - [24/Jul/2023:12:48:33 -0500] "GET /sipse/faces/javax.faces.resource/layout/layout.css?ln=primefaces&v=4.0 HTTP/1.1" 304 -
186.80.108.8 - - [24/Jul/2023:12:48:33 -0500] "GET /sipse/faces/javax.faces.resource/jquery/jquery.js?ln=primefaces&v=4.0 HTTP/1.1" 304 -
186.80.108.8 - - [24/Jul/2023:12:48:33 -0500] "GET /sipse/faces/javax.faces.resource/jquery/jquery-plugins.js?ln=primefaces&v=4.0 HTTP/1.1" 304 -
186.80.108.8 - - [24/Jul/2023:12:48:33 -0500] "GET /sipse/faces/javax.faces.resource/primefaces.js?ln=primefaces&v=4.0 HTTP/1.1" 304 -
186.80.108.8 - - [24/Jul/2023:12:48:34 -0500] "GET /sipse/faces/javax.faces.resource/layout/layout.js?ln=primefaces&v=4.0 HTTP/1.1" 304 -
111.225.148.71 - - [24/Jul/2023:12:48:34 -0500] "GET /BLA/resoluciones/RESOLUCIONES%202017/3513.pdf HTTP/1.1" 200 429829
186.80.108.8 - - [24/Jul/2023:12:48:34 -0500] "POST /sipse/faces/presentacion/financiero/solicitudProceso/listarSolicitudProceso.xhtml HTTP/1.1" 200 37846
186.80.108.8 - - [24/Jul/2023:12:48:36 -0500] "POST /sipse/faces/presentacion/financiero/solicitudProceso/listarSolicitudProceso.xhtml HTTP/1.1" 200 1456
186.80.108.8 - - [24/Jul/2023:12:48:36 -0500] "POST /sipse/faces/presentacion/financiero/solicitudProceso/listarSolicitudProceso.xhtml HTTP/1.1" 200 1456
186.80.108.8 - - [24/Jul/2023:12:48:37 -0500] "POST /sipse/faces/presentacion/financiero/solicitudProceso/listarSolicitudProceso.xhtml HTTP/1.1" 200 13359
186.80.108.8 - - [24/Jul/2023:12:48:38 -0500] "POST /sipse/faces/presentacion/financiero/solicitudProceso/listarSolicitudProceso.xhtml HTTP/1.1" 200 13355
201.245.192.253 - - [24/Jul/2023:12:48:50 -0500] "POST /kwsrmcab/Wsrmcab  HTTP/1.1" 200 42133
199.16.157.180 - - [24/Jul/2023:12:49:00 -0500] "GET /images/secretaria-de-ambiente-carolina-urrutia-manos-reparadoras.jpg HTTP/1.1" 200 46600
216.245.221.92 - - [24/Jul/2023:12:49:14 -0500] "HEAD / HTTP/1.1" 200 -
110.249.202.54 - - [24/Jul/2023:12:49:42 -0500] "GET /BLA/resoluciones/RESOLUCIONES%202014/1998.pdf HTTP/1.1" 200 461088
172.22.2.4 - - [24/Jul/2023:12:48:48 -0500] "GET /BLA/boletinlegal/ HTTP/1.1" 200 36811
172.22.2.4 - - [24/Jul/2023:12:48:48 -0500] "GET /BLA/boletinlegal/ HTTP/1.1" 200 54079
111.225.148.50 - - [24/Jul/2023:12:50:50 -0500] "GET /BLA/resoluciones/RESOLUCIONES%202011/4764.pdf HTTP/1.1" 200 623474
190.84.43.231 - - [24/Jul/2023:12:51:17 -0500] "POST /sipse/faces/presentacion/financiero/solicitudProceso/listarSolicitudProceso.xhtml HTTP/1.1" 200 142129
190.84.43.231 - - [24/Jul/2023:12:51:18 -0500] "GET /sipse/faces/javax.faces.resource/theme.css?ln=primefaces-sipse HTTP/1.1" 304 -
190.84.43.231 - - [24/Jul/2023:12:51:18 -0500] "GET /sipse/faces/javax.faces.resource/primefaces.css?ln=primefaces&v=4.0 HTTP/1.1" 304 -
190.84.43.231 - - [24/Jul/2023:12:51:18 -0500] "GET /sipse/faces/javax.faces.resource/layout/layout.css?ln=primefaces&v=4.0 HTTP/1.1" 304 -
190.84.43.231 - - [24/Jul/2023:12:51:18 -0500] "GET /sipse/faces/javax.faces.resource/jquery/jquery.js?ln=primefaces&v=4.0 HTTP/1.1" 304 -
190.84.43.231 - - [24/Jul/2023:12:51:18 -0500] "GET /sipse/faces/javax.faces.resource/jquery/jquery-plugins.js?ln=primefaces&v=4.0 HTTP/1.1" 304 -
190.84.43.231 - - [24/Jul/2023:12:51:18 -0500] "GET /sipse/faces/javax.faces.resource/primefaces.js?ln=primefaces&v=4.0 HTTP/1.1" 304 -
190.84.43.231 - - [24/Jul/2023:12:51:18 -0500] "GET /sipse/faces/javax.faces.resource/layout/layout.js?ln=primefaces&v=4.0 HTTP/1.1" 304 -
162.55.175.138 - - [24/Jul/2023:12:51:21 -0500] "GET / HTTP/1.1" 200 319
162.55.175.138 - - [24/Jul/2023:12:51:21 -0500] "GET / HTTP/1.1" 200 4720
110.249.201.169 - - [24/Jul/2023:12:51:58 -0500] "GET /BLA/resoluciones/AUTOS%202008/0597.pdf HTTP/1.1" 200 336784
190.84.43.231 - - [24/Jul/2023:12:52:17 -0500] "POST /sipse/faces/presentacion/financiero/solicitudProceso/consultarSolicitudProceso.xhtml HTTP/1.1" 200 490673
186.102.92.85 - - [24/Jul/2023:12:52:33 -0500] "GET /kwssiamovil/sm/acme/a?s=U2FsdGVkX1+T9iyBVu22Hvc0D0VwFwWCqs0QqlDB4hw5pkcXM2PpL9GS6u9Daabh8Q/cvx+hlxSHEZEyZQmC3p2g+S8CoENHJANtHhe/d5fX8Tr/m72Ijuab6ccZF34gf3c8BPHfYXtzxR0jtX89U8N3yVU3/RMOPXR9d86/AXvCuulvbKSghom0Pd/pJsOZfcoGvVroqfVeW2tUhCIAoeqqkEI5v/hmlmwymk2kmm8NSDV4LHmTlR2J4UCvpDr7MhLz+53C9Pq7gj5Bm4Mu/Q==&u=U2FsdGVkX18qZhYMCz6utbzP5XiGJMQbPbLMvVCf9lYy+6OXbTstK+qdIwWk5uTX&y=U2FsdGVkX18/ytfwZ+bP60HVB0Z3Vi4RJrOXJ4fe2JsAw/cRTwAuZ9e3KNZYfo3z HTTP/1.1" 200 26
186.102.92.85 - - [24/Jul/2023:12:52:34 -0500] "GET /kwssiamovil/sm/acme/a?s=U2FsdGVkX18dSFPLh+8/hwJqkpLa49eYnQGswI0rmRKVbmwrcprNG+P0QCjH2GYNOaVK4LMr04UbHQReoiomN/xbetrh5/xZ+S9OhptrtRkqotlGYyzYxiJ2oRAapA393GmYFME6BIrs1cyy71ToxGxzUuXa4L82We456gLn96Lko3ULqLrXQUYouPGTkweLCjQ3+tQrhJADGXMiXWXQXwrgutt/JWgi0tYBD1Q28GDeqvxIDZCq0QyEqLbKV5IlCi4ZjRpVo+IH9F2MLWz57DUx9AktQupyI54uqgYRYcFbJCci2ZXYllRXBDriA8l7KNhim3k6ADhGWfdWmHMJAupop863K5zUcWiJqp9kuKmAem33TxBheEUMQkib52QqT7cxyycSCXwxjbmKV2wQP1b+IlAXTfjXp7j51ojeIiQ9SRXGC+hsWxJx1ITDf15g13lZF3EkS+DmdIgEC2nLwNUzMAZyuXv2iHLY8EznhB+AGfTvIGbUgDdc0Q2TEb66yhgL3xAOp6l0t4NSTvV7c5dTEujYmZArFNAN+XUINhUbqR0FmdC4ic7j9xUJmGmX4UTezjdoVh4kWTw7ZrSJoLbriXUiCul8PQx1WFUWZZrBbon5i8dlro7R/CR9luxxEeC/UUdIJ3Qsp7PhO8WvUyzdjZQB1BJjUmZ31hakjTYiow9aDPNuXQw1FCne+dW/e6jczz8bWrHsrmVWBZZTxHxnGPCmk8gszPsvfPn7RHRySake6FD5lhBZixwfRc+ikT3c0xL4PtF/JkbRFhp61eONTWqmQivopNWoKuHkbxIUIX0h5xOMrXBh6NKWZs8f7lFaZenKvlaskQZqaX9eopCKfXEQHD7JCZqbA07FHJ9EeMvilID5tr6O5ts+cqfi7FRmFN80ZR5t0b7K9OMgpSW8iOTFMlH227m3O4h1n9/zEw0tTsXW1z191q3skTU+YhMAyMpMgzH+m+gR+UaYU2M1yVByNbovI7avO6SNlCGdt3r7+NUxwAOOH+N5tC9rdy1Y0+s+gxKD0etm0x3LaUsLjN0hsMaPDuv9UFbDgO1iZ2r/v45tVb77JoUJ1OHv9xhT1uIG6Kq7LdWdOX18gdd9WqAGnjol+8UWPWtChZ1c9sub+rTktrxqDB97NBv9TfUTFlXU4IrSWrSTET6qj8G8h8dZgCUIqv8bHEnFoQoBjpIAxAZ+qRSHs6ydJB1AWwYPcXo07w7wZRHIgZei+h4BHGlLexIW8mDTOrL3x0TwUCNwmU94aBOmtbv6j36pBA3aRHDrhd591cUUfyyk+A1buhGttyX4e76eUEw54jaxgIZ+tbCZmUVuaYGggOFBSHEt0YmyPmkc2Kc6SpMlzU3p+JXNJwj4alh1n+UNMuNy/SMO37ILakSXxfnQSM1xu2lHb3VBwEHse3FMOCd1BhyNyMUtsojOpQgixV+jvCcCnjR38a7l3+1/0NbHW4/G+0faxM0trtzaRdwkfUwQNFsbboh5Sokq6Wh4+YDALQ9HX/0Opn8mGzsLStTkCzEz/uvRs0dn9BBwaahlBHfEN6uLBPSF48GOrYfjR/NG5NR0rySL/Szj8OsMNONf4xTPYUhBrBvLaNQPVebJ8t33d4eagUKAF6bVLMgG4UyNpsoObfSwsU1/oqiTUgRoyPu5fEh/yqXK3vjlcr1HBlH0eTopBpH6RM9eEy2RkYqwXy4BNCauFWuprgYkS4Wh9C8FZaZ7sLwqT0rFuTw/+oT4K4QqnJ903ygghFAkp7w9WcPCJ/buxPJgbUDD7ptwD26Jgdfw/yk4VKa57uueEBOdz8Ix9frniaR94AwQ7pSkJRYkZhnWLSHlHvNytZ4b0/OcpjSiJSB0ZSJQoP8g6PTLtpsO53hpv/I6kg1Zm+P7lty7JGUrcB+rOTAwx0sXT25cDzWVpWWRw8vdpWyGnWCRSParG9RF2Ij4Pd2mo3fuIZaRn0sRU2TbZ4036/GX8aNF9aehfJ5jBPzhrw61nKuWOvUQm+ICja3xT8wg+IreIyeVs+Ja3SbOfbRgUCSiTQ4phm8H//HinrMuaICB5yNLLDVFPBp0JofwruhZVSrA+4RKMKVQt0uSCINOCIEZ8PrGj0HeH5osns5nAuOpZhUJ1st4srxuNnWZ0AKBuWjvYPYWiykbAKq8c6Is/k9IZftvm3KVqAvJaoIjduU5LQLJwscPepnt3FMlDeQ5wb9NxtC1/rQiB5VgAURBCm+vz37UmDz46CYw6BdB1rVe36Kr1RifM21rsNWstYviDhGwfbirQYhLmooeN1w16LrEFLEXQOSKHVtnWC+TouIJJ961xxue0IvNgi1H6MmYeky4mSWY/zg+3T48SVy/xnhIHVPy6nNkbmLGEn9nQjdFD9i0Xy2YHX+wene4rZetD1m1zuJRGLMVzForbeRvuwiQCFRLbM+FLQ5+NVIZ/UfHrLLUdGE8hjlcl/0+Xi5fs4wZ92F9jHFPDg/8xu+9ic5rsQDp7+YLhHJdXkR++82SQjNfSL23MZI6pqmEAPSTfZ7EvBI9EHLZjCj6iaEtlOCvrkr+mSg1Nr8R9mEbjZ2BmE39vEwmGvrjS4T9PneKMUWvaJ9K/dElpTBsr52jZFct7hbWqgwXF8Mz+Pr0i+ep8ALpEcZ3mtwUgWpi4Kzo9qflcLZVHiQlRXLfwMIsaR1w7CL/teeyDir8RuF2dcRra7ZYwaILwSPw4ojTsIO641cy7+O92ASZHuckyPE83BL+ZUZrWyQnm8WAAF1BqD+PwMUW0KaKyEqCmTspplhhsoQnr2g8nN8X5DeYTpLIIuqIQGHGmEK8HQ1wfCJIqf4375renwrkKz5IobkhQdvuuDWtD0vICN8AMh0FKqZ+0GWDOlNpeqm9WAtdnRnOxUR/FiLdgWdSGSNQvMoCOE0NVjPbG0GV0vYIhsqPg3J9Dzyu2E53&u=U2FsdGVkX18qZhYMCz6utbzP5XiGJMQbPbLMvVCf9lYy+6OXbTstK+qdIwWk5uTX&y=U2FsdGVkX18/ytfwZ+bP60HVB0Z3Vi4RJrOXJ4fe2JsAw/cRTwAuZ9e3KNZYfo3z HTTP/1.1" 200 26
186.102.92.85 - - [24/Jul/2023:12:52:34 -0500] "GET /kwssiamovil/sm/acme/a?s=U2FsdGVkX18Ss374peNGNLKu2WK62AV5PULbap8DIL2RxpvaY/zcbL89wLG1eJFMhG43uLAPDCMhdAVQ9Pn5Op6reCNxpJe8F+4Pkd0csUh/i6KIxo4Fklo/en/o56QAwytr0YWjPLsPxTPgqcDijyW8zVI1bwAuaAqCBDqM3To=&u=U2FsdGVkX18qZhYMCz6utbzP5XiGJMQbPbLMvVCf9lYy+6OXbTstK+qdIwWk5uTX&y=U2FsdGVkX18/ytfwZ+bP60HVB0Z3Vi4RJrOXJ4fe2JsAw/cRTwAuZ9e3KNZYfo3z HTTP/1.1" 200 26
186.102.92.85 - - [24/Jul/2023:12:52:34 -0500] "GET /kwssiamovil/sm/acme/a?s=U2FsdGVkX19FroLQiRCRQr5J2w5F1kGfFhDKZ2avT0abpewcl6c2fcPVogXutIUxuPH3YjS30OiaZn5ULxPLvRPbyyk3Y+PevEy0trdBApIEHb6LogbtnAZQVzg0FAtNzGg1/yF8hLvFSCx7ldmL7KFf4uVyCllBuKnwn7EIROE=&u=U2FsdGVkX18qZhYMCz6utbzP5XiGJMQbPbLMvVCf9lYy+6OXbTstK+qdIwWk5uTX&y=U2FsdGVkX18/ytfwZ+bP60HVB0Z3Vi4RJrOXJ4fe2JsAw/cRTwAuZ9e3KNZYfo3z HTTP/1.1" 200 26
186.102.92.85 - - [24/Jul/2023:12:52:35 -0500] "GET /kwssiamovil/sm/acme/a?s=U2FsdGVkX1/HhfPSE7ooRIIeYWKjnz27M7hAqKEu16qblN4gEqWrtQ9pbudQ412ibjTocUWH/7z7KzJ3XAiEBcAXRCJDMLud8RznPWjScLnshJTdvxo8iJCgA42v47ocKjYn5TNJSlpIAB1tgvOwBk3AXwsmqFmh3NatnLLHR5U=&u=U2FsdGVkX18qZhYMCz6utbzP5XiGJMQbPbLMvVCf9lYy+6OXbTstK+qdIwWk5uTX&y=U2FsdGVkX18/ytfwZ+bP60HVB0Z3Vi4RJrOXJ4fe2JsAw/cRTwAuZ9e3KNZYfo3z HTTP/1.1" 200 26
186.102.92.85 - - [24/Jul/2023:12:52:35 -0500] "GET /kwssiamovil/sm/acme/a?s=U2FsdGVkX19Sx7X0zthWuGFilpO3MZ83qWug2BALU+bXY2v8K0uiCXysQ/d7L6Af1bxVaxCgfzwxgkuUjjOLg2mRPVY/CUYGuD2LktCyaMCynaFn2/UKKuvIiL85dUTMsdiogL68ZxSQxxYEYq9iwyomqDzKErSrynKrZ0rwxEDfuC7T2A/g1M/VsNtlpi7tbrNC+oiLJi7MYcw2pD5obg==&u=U2FsdGVkX18qZhYMCz6utbzP5XiGJMQbPbLMvVCf9lYy+6OXbTstK+qdIwWk5uTX&y=U2FsdGVkX18/ytfwZ+bP60HVB0Z3Vi4RJrOXJ4fe2JsAw/cRTwAuZ9e3KNZYfo3z HTTP/1.1" 200 26
190.84.43.231 - - [24/Jul/2023:12:52:54 -0500] "POST /sipse/faces/presentacion/financiero/solicitudProceso/consultarSolicitudProceso.xhtml HTTP/1.1" 200 150092
190.84.43.231 - - [24/Jul/2023:12:52:54 -0500] "POST /sipse/faces/presentacion/financiero/solicitudProceso/consultarSolicitudProceso.xhtml HTTP/1.1" 200 84297
110.249.201.140 - - [24/Jul/2023:12:53:06 -0500] "GET /BLA/resoluciones/RESOLUCIONES%202019/3056.pdf HTTP/1.1" 200 351902
172.22.2.4 - - [24/Jul/2023:12:52:51 -0500] "GET /BLA/boletinlegal/ HTTP/1.1" 200 20427
173.252.83.113 - - [24/Jul/2023:12:53:17 -0500] "GET /images/24%20de%20febrero%20Sendero%20guadalupe%202.jpeg HTTP/1.1" 200 70964
201.245.192.253 - - [24/Jul/2023:12:53:48 -0500] "POST /kwsrmcab/Wsrmcab  HTTP/1.1" 200 42133
190.84.43.231 - - [24/Jul/2023:12:54:10 -0500] "POST /sipse/faces/presentacion/financiero/solicitudProceso/consultarSolicitudProceso.xhtml HTTP/1.1" 200 5541
190.84.43.231 - - [24/Jul/2023:12:54:10 -0500] "GET /sipse/faces/javax.faces.resource/dynamiccontent.properties?ln=primefaces&pfdrid=XjOR5%2F%2FfPAZAuY9TpWQeCiM0BhlXxYRBGKi%2FQcXXfeA%3D&pfdrid_c=false HTTP/1.1" 200 104920
190.84.43.231 - - [24/Jul/2023:12:54:08 -0500] "POST /sipse/faces/presentacion/financiero/solicitudProceso/consultarSolicitudProceso.xhtml HTTP/1.1" 200 6252568
216.245.221.92 - - [24/Jul/2023:12:54:14 -0500] "HEAD / HTTP/1.1" 200 -
111.225.149.150 - - [24/Jul/2023:12:54:15 -0500] "GET /BLA/resoluciones/AUTOS%202020/1446.pdf HTTP/1.1" 200 1584010
190.84.43.231 - - [24/Jul/2023:12:54:36 -0500] "POST /sipse/faces/presentacion/financiero/solicitudProceso/consultarSolicitudProceso.xhtml HTTP/1.1" 200 5530
173.252.107.120 - - [24/Jul/2023:12:55:20 -0500] "GET /dia-mundial-de-los-humedales-mas-de-60-aves-alzaron-vuelo-en-el-humedal-el-tunjo.html HTTP/1.1" 200 885
110.249.202.5 - - [24/Jul/2023:12:55:23 -0500] "GET /BLA/resoluciones/RESOLUCIONES%202011/0954.pdf HTTP/1.1" 200 73837
190.84.43.231 - - [24/Jul/2023:12:55:29 -0500] "GET /sipse/faces/javax.faces.resource/theme.css?ln=primefaces-sipse HTTP/1.1" 304 -
190.84.43.231 - - [24/Jul/2023:12:55:29 -0500] "GET /sipse/faces/javax.faces.resource/primefaces.js?ln=primefaces&v=4.0 HTTP/1.1" 304 -
190.84.43.231 - - [24/Jul/2023:12:55:29 -0500] "GET /sipse/faces/javax.faces.resource/primefaces.css?ln=primefaces&v=4.0 HTTP/1.1" 304 -
190.84.43.231 - - [24/Jul/2023:12:55:29 -0500] "GET /sipse/faces/javax.faces.resource/jquery/jquery-plugins.js?ln=primefaces&v=4.0 HTTP/1.1" 304 -
190.84.43.231 - - [24/Jul/2023:12:55:29 -0500] "GET /sipse/faces/javax.faces.resource/jquery/jquery.js?ln=primefaces&v=4.0 HTTP/1.1" 304 -
190.84.43.231 - - [24/Jul/2023:12:55:29 -0500] "GET /sipse/faces/javax.faces.resource/layout/layout.css?ln=primefaces&v=4.0 HTTP/1.1" 304 -
190.84.43.231 - - [24/Jul/2023:12:55:29 -0500] "GET /sipse/faces/javax.faces.resource/layout/layout.js?ln=primefaces&v=4.0 HTTP/1.1" 304 -
190.84.43.231 - - [24/Jul/2023:12:55:29 -0500] "GET /sipse/faces/javax.faces.resource/images/ui-icons_898989_256x240.png?ln=primefaces-aristo HTTP/1.1" 304 -
190.84.43.231 - - [24/Jul/2023:12:55:29 -0500] "GET /sipse/css/imagen/contrasena.png HTTP/1.1" 404 383
190.84.43.231 - - [24/Jul/2023:12:55:28 -0500] "POST /sipse/faces/presentacion/financiero/solicitudProceso/consultarSolicitudProceso.xhtml HTTP/1.1" 200 190335
190.84.43.231 - - [24/Jul/2023:12:55:30 -0500] "GET /favicon.ico HTTP/1.1" 200 7782
40.77.167.85 - - [24/Jul/2023:12:55:42 -0500] "-" 408 -
190.84.43.231 - - [24/Jul/2023:12:56:09 -0500] "GET /sipse/faces/javax.faces.resource/images/ui-bg_flat_0_2d5972_40x100.png?ln=primefaces-aristo HTTP/1.1" 304 -
190.84.43.231 - - [24/Jul/2023:12:56:11 -0500] "POST /sipse/faces/presentacion/financiero/solicitudProceso/consultarSolicitudProceso.xhtml HTTP/1.1" 200 38351
190.84.43.231 - - [24/Jul/2023:12:56:14 -0500] "GET /sipse/faces/javax.faces.resource/theme.css?ln=primefaces-sipse HTTP/1.1" 304 -
190.84.43.231 - - [24/Jul/2023:12:56:14 -0500] "GET /sipse/faces/javax.faces.resource/layout/layout.css?ln=primefaces&v=4.0 HTTP/1.1" 304 -
190.84.43.231 - - [24/Jul/2023:12:56:14 -0500] "GET /sipse/faces/javax.faces.resource/jquery/jquery.js?ln=primefaces&v=4.0 HTTP/1.1" 304 -
190.84.43.231 - - [24/Jul/2023:12:56:14 -0500] "GET /sipse/faces/javax.faces.resource/primefaces.css?ln=primefaces&v=4.0 HTTP/1.1" 304 -
190.84.43.231 - - [24/Jul/2023:12:56:14 -0500] "GET /sipse/faces/javax.faces.resource/jquery/jquery-plugins.js?ln=primefaces&v=4.0 HTTP/1.1" 304 -
190.84.43.231 - - [24/Jul/2023:12:56:14 -0500] "GET /sipse/faces/javax.faces.resource/primefaces.js?ln=primefaces&v=4.0 HTTP/1.1" 304 -
190.84.43.231 - - [24/Jul/2023:12:56:15 -0500] "GET /sipse/faces/javax.faces.resource/layout/layout.js?ln=primefaces&v=4.0 HTTP/1.1" 304 -
190.84.43.231 - - [24/Jul/2023:12:56:15 -0500] "POST /sipse/faces/presentacion/financiero/solicitudProceso/listarSolicitudProceso.xhtml HTTP/1.1" 200 1416
190.84.43.231 - - [24/Jul/2023:12:56:15 -0500] "GET /sipse/faces/javax.faces.resource/messages/messages.png?ln=primefaces&v=4.0 HTTP/1.1" 304 -
