191.95.55.251 - - [26/Jul/2023:12:40:05 -0500] "GET /BLA/resoluciones/index.php?dir=RESOLUCIONES+2021%2F HTTP/1.1" 200 441690
186.102.60.175 - - [26/Jul/2023:12:38:05 -0500] "GET /kwssiamovil/sm/ldap/au?x=U2FsdGVkX1/WWWyBw07nuNTIYlStN0AHPmHzCaMJzJhJeoz8uYey3TGQF1ji3Vd4&y=U2FsdGVkX18eGexiE5XxfInVrsmuudk1WHCXXUPJu7I= HTTP/1.1" 200 31
201.244.254.28 - - [26/Jul/2023:12:40:18 -0500] "POST /BLA/boletinlegal/admin/actos/ingresar.php HTTP/1.1" 200 7302
186.102.60.175 - - [26/Jul/2023:12:38:12 -0500] "GET /kwssiamovil/sm/ldap/au?x=U2FsdGVkX1/vJwWG0oQWP0bHmBHABoHit+dEm0bV5jB+mreng4yvoPQWj6Vh6Edi&y=U2FsdGVkX1+e2ZKaISNugaWgCj/V+2WX6Fz4e4d8iC0= HTTP/1.1" 200 31
186.102.60.175 - - [26/Jul/2023:12:38:13 -0500] "GET /kwssiamovil/sm/ldap/au?x=U2FsdGVkX1+2SYGDFHtHCCPUIo4LGA1mFqUd3eH9JzdXG4ROzgVaI61m6if4aHRc&y=U2FsdGVkX18Sbv4PCOP2bi8Q1qzrUbTMjW1phqyjdys= HTTP/1.1" 200 31
111.225.149.9 - - [26/Jul/2023:12:40:29 -0500] "GET /BLA/resoluciones/AUTOS%202010/0776.pdf HTTP/1.1" 200 186644
186.86.32.120 - - [26/Jul/2023:12:40:31 -0500] "GET /calidad-del-aire-distrito-avanza-unido-por-un-nuevo-aire.html?utm_source=Meta_DIGI&utm_medium=CPMa&utm_campaign=Aire&utm_id=Julio_2023&fbclid=IwAR2WflMOI-VGlQPJijmNIGCeYrYbv4kTF0xIbMmXKUsOA_t9kUv2B3894Ws_aem_Ae9UPhkrjHBL0rx77K2vJPWgmnN7kqZTXsefI7jAdiFJBfaAt0s_z3Ole2nSII8OrrqVY4CdmH7ItkvsuUZH391X HTTP/1.1" 200 783
201.245.192.253 - - [26/Jul/2023:12:40:44 -0500] "GET /sipse/faces/faces/autenticacion.xhtml HTTP/1.1" 200 12188
201.245.192.253 - - [26/Jul/2023:12:40:45 -0500] "GET /sipse/faces/javax.faces.resource/theme.css?ln=primefaces-sipse HTTP/1.1" 304 -
201.245.192.253 - - [26/Jul/2023:12:40:45 -0500] "GET /sipse/faces/javax.faces.resource/layout/layout.css?ln=primefaces&v=4.0 HTTP/1.1" 304 -
201.245.192.253 - - [26/Jul/2023:12:40:45 -0500] "GET /sipse/faces/javax.faces.resource/jquery/jquery.js?ln=primefaces&v=4.0 HTTP/1.1" 304 -
201.245.192.253 - - [26/Jul/2023:12:40:45 -0500] "GET /sipse/faces/javax.faces.resource/primefaces.css?ln=primefaces&v=4.0 HTTP/1.1" 304 -
201.245.192.253 - - [26/Jul/2023:12:40:45 -0500] "GET /sipse/faces/javax.faces.resource/primefaces.js?ln=primefaces&v=4.0 HTTP/1.1" 304 -
201.245.192.253 - - [26/Jul/2023:12:40:45 -0500] "GET /sipse/faces/javax.faces.resource/jquery/jquery-plugins.js?ln=primefaces&v=4.0 HTTP/1.1" 304 -
201.245.192.253 - - [26/Jul/2023:12:40:45 -0500] "GET /sipse/faces/javax.faces.resource/layout/layout.js?ln=primefaces&v=4.0 HTTP/1.1" 304 -
201.245.192.253 - - [26/Jul/2023:12:40:45 -0500] "GET /sipse/faces/javax.faces.resource/images/ui-icons_898989_256x240.png?ln=primefaces-aristo HTTP/1.1" 304 -
201.245.192.253 - - [26/Jul/2023:12:40:45 -0500] "GET /sipse/faces/faces/index.xhtml HTTP/1.1" 200 677
201.245.192.253 - - [26/Jul/2023:12:40:45 -0500] "GET /sipse/faces/javax.faces.resource/theme.css?ln=primefaces-sipse HTTP/1.1" 304 -
201.245.192.253 - - [26/Jul/2023:12:40:45 -0500] "GET /sipse/faces/faces/faces/autenticacion.xhtml HTTP/1.1" 200 12188
201.245.192.253 - - [26/Jul/2023:12:40:45 -0500] "GET /sipse/faces/javax.faces.resource/theme.css?ln=primefaces-sipse HTTP/1.1" 304 -
201.245.192.253 - - [26/Jul/2023:12:40:45 -0500] "GET /sipse/faces/javax.faces.resource/primefaces.css?ln=primefaces&v=4.0 HTTP/1.1" 304 -
201.245.192.253 - - [26/Jul/2023:12:40:45 -0500] "GET /sipse/faces/javax.faces.resource/jquery/jquery.js?ln=primefaces&v=4.0 HTTP/1.1" 304 -
201.245.192.253 - - [26/Jul/2023:12:40:45 -0500] "GET /sipse/faces/javax.faces.resource/layout/layout.css?ln=primefaces&v=4.0 HTTP/1.1" 304 -
201.245.192.253 - - [26/Jul/2023:12:40:45 -0500] "GET /sipse/faces/javax.faces.resource/primefaces.js?ln=primefaces&v=4.0 HTTP/1.1" 304 -
201.245.192.253 - - [26/Jul/2023:12:40:45 -0500] "GET /sipse/faces/javax.faces.resource/jquery/jquery-plugins.js?ln=primefaces&v=4.0 HTTP/1.1" 304 -
201.245.192.253 - - [26/Jul/2023:12:40:45 -0500] "GET /sipse/faces/javax.faces.resource/layout/layout.js?ln=primefaces&v=4.0 HTTP/1.1" 304 -
201.245.192.253 - - [26/Jul/2023:12:40:47 -0500] "POST /sipse/faces/autenticacion.xhtml HTTP/1.1" 200 11192
201.245.192.253 - - [26/Jul/2023:12:40:48 -0500] "GET /sipse/faces/javax.faces.resource/theme.css?ln=primefaces-sipse HTTP/1.1" 304 -
201.245.192.253 - - [26/Jul/2023:12:40:48 -0500] "GET /sipse/faces/javax.faces.resource/layout/layout.css?ln=primefaces&v=4.0 HTTP/1.1" 304 -
201.245.192.253 - - [26/Jul/2023:12:40:48 -0500] "GET /sipse/faces/javax.faces.resource/jquery/jquery.js?ln=primefaces&v=4.0 HTTP/1.1" 304 -
201.245.192.253 - - [26/Jul/2023:12:40:48 -0500] "GET /sipse/faces/javax.faces.resource/primefaces.css?ln=primefaces&v=4.0 HTTP/1.1" 304 -
201.245.192.253 - - [26/Jul/2023:12:40:48 -0500] "GET /sipse/faces/javax.faces.resource/jquery/jquery-plugins.js?ln=primefaces&v=4.0 HTTP/1.1" 304 -
201.245.192.253 - - [26/Jul/2023:12:40:48 -0500] "GET /sipse/faces/javax.faces.resource/primefaces.js?ln=primefaces&v=4.0 HTTP/1.1" 304 -
201.245.192.253 - - [26/Jul/2023:12:40:48 -0500] "GET /sipse/faces/javax.faces.resource/layout/layout.js?ln=primefaces&v=4.0 HTTP/1.1" 304 -
201.245.192.253 - - [26/Jul/2023:12:40:48 -0500] "GET /sipse/faces/javax.faces.resource/messages/messages.png?ln=primefaces&v=4.0 HTTP/1.1" 304 -
201.245.192.253 - - [26/Jul/2023:12:40:49 -0500] "GET /sipse/faces/javax.faces.resource/images/ui-icons_898989_256x240.png?ln=primefaces-aristo HTTP/1.1" 304 -
201.245.192.253 - - [26/Jul/2023:12:40:51 -0500] "POST /sipse/faces/presentacion/sistema/seguridad/seleccionRol.xhtml HTTP/1.1" 200 15169
191.156.146.73 - - [26/Jul/2023:12:40:47 -0500] "POST /sipse/faces/presentacion/financiero/solicitudProceso/crearModificarSolicitudProceso.xhtml HTTP/1.1" 200 48131
201.245.192.253 - - [26/Jul/2023:12:40:53 -0500] "GET /sipse/faces/javax.faces.resource/primefaces.css?ln=primefaces&v=4.0 HTTP/1.1" 304 -
201.245.192.253 - - [26/Jul/2023:12:40:53 -0500] "GET /sipse/faces/javax.faces.resource/layout/layout.css?ln=primefaces&v=4.0 HTTP/1.1" 304 -
201.245.192.253 - - [26/Jul/2023:12:40:53 -0500] "GET /sipse/faces/javax.faces.resource/theme.css?ln=primefaces-sipse HTTP/1.1" 304 -
201.245.192.253 - - [26/Jul/2023:12:40:53 -0500] "GET /sipse/faces/javax.faces.resource/jquery/jquery.js?ln=primefaces&v=4.0 HTTP/1.1" 304 -
201.245.192.253 - - [26/Jul/2023:12:40:53 -0500] "GET /sipse/faces/javax.faces.resource/jquery/jquery-plugins.js?ln=primefaces&v=4.0 HTTP/1.1" 304 -
201.245.192.253 - - [26/Jul/2023:12:40:53 -0500] "GET /sipse/faces/javax.faces.resource/primefaces.js?ln=primefaces&v=4.0 HTTP/1.1" 304 -
201.245.192.253 - - [26/Jul/2023:12:40:53 -0500] "GET /sipse/faces/javax.faces.resource/layout/layout.js?ln=primefaces&v=4.0 HTTP/1.1" 304 -
201.245.192.253 - - [26/Jul/2023:12:40:53 -0500] "GET /sipse/css/imagen/contrasena.png HTTP/1.1" 404 383
191.156.146.73 - - [26/Jul/2023:12:40:53 -0500] "POST /sipse/faces/presentacion/financiero/solicitudProceso/crearModificarSolicitudProceso.xhtml HTTP/1.1" 200 48127
201.245.192.253 - - [26/Jul/2023:12:40:54 -0500] "GET /sipse/faces/javax.faces.resource/images/ui-bg_flat_0_2d5972_40x100.png?ln=primefaces-aristo HTTP/1.1" 304 -
201.245.192.253 - - [26/Jul/2023:12:40:54 -0500] "POST /sipse/faces/bienvenido.xhtml HTTP/1.1" 200 3246
191.156.146.73 - - [26/Jul/2023:12:40:54 -0500] "POST /sipse/faces/presentacion/financiero/solicitudProceso/crearModificarSolicitudProceso.xhtml HTTP/1.1" 200 48131
201.245.192.253 - - [26/Jul/2023:12:40:55 -0500] "POST /sipse/faces/bienvenido.xhtml HTTP/1.1" 200 63135
201.245.192.253 - - [26/Jul/2023:12:40:57 -0500] "GET /sipse/faces/javax.faces.resource/primefaces.css?ln=primefaces&v=4.0 HTTP/1.1" 304 -
201.245.192.253 - - [26/Jul/2023:12:40:57 -0500] "GET /sipse/faces/javax.faces.resource/theme.css?ln=primefaces-sipse HTTP/1.1" 304 -
201.245.192.253 - - [26/Jul/2023:12:40:57 -0500] "GET /sipse/faces/javax.faces.resource/layout/layout.css?ln=primefaces&v=4.0 HTTP/1.1" 304 -
201.245.192.253 - - [26/Jul/2023:12:40:57 -0500] "GET /sipse/faces/javax.faces.resource/jquery/jquery.js?ln=primefaces&v=4.0 HTTP/1.1" 304 -
201.245.192.253 - - [26/Jul/2023:12:40:57 -0500] "GET /sipse/faces/javax.faces.resource/jquery/jquery-plugins.js?ln=primefaces&v=4.0 HTTP/1.1" 304 -
201.245.192.253 - - [26/Jul/2023:12:40:57 -0500] "GET /sipse/faces/javax.faces.resource/primefaces.js?ln=primefaces&v=4.0 HTTP/1.1" 304 -
201.245.192.253 - - [26/Jul/2023:12:40:57 -0500] "GET /sipse/faces/javax.faces.resource/layout/layout.js?ln=primefaces&v=4.0 HTTP/1.1" 304 -
201.245.192.253 - - [26/Jul/2023:12:40:57 -0500] "POST /sipse/faces/presentacion/financiero/solicitudProceso/listarSolicitudProceso.xhtml HTTP/1.1" 200 1556
201.245.192.253 - - [26/Jul/2023:12:40:59 -0500] "POST /sipse/faces/presentacion/financiero/solicitudProceso/listarSolicitudProceso.xhtml HTTP/1.1" 200 46138
201.245.192.253 - - [26/Jul/2023:12:40:59 -0500] "POST /sipse/faces/presentacion/financiero/solicitudProceso/listarSolicitudProceso.xhtml HTTP/1.1" 200 1556
191.156.146.73 - - [26/Jul/2023:12:40:59 -0500] "POST /sipse/faces/presentacion/financiero/solicitudProceso/crearModificarSolicitudProceso.xhtml HTTP/1.1" 200 4289
201.245.192.253 - - [26/Jul/2023:12:41:00 -0500] "POST /sipse/faces/presentacion/financiero/solicitudProceso/listarSolicitudProceso.xhtml HTTP/1.1" 200 1861
201.245.192.253 - - [26/Jul/2023:12:41:00 -0500] "POST /sipse/faces/presentacion/financiero/solicitudProceso/listarSolicitudProceso.xhtml HTTP/1.1" 200 13354
191.156.146.73 - - [26/Jul/2023:12:41:02 -0500] "POST /sipse/faces/presentacion/financiero/solicitudProceso/crearModificarSolicitudProceso.xhtml HTTP/1.1" 200 38982
191.156.146.73 - - [26/Jul/2023:12:41:03 -0500] "GET /sipse/faces/javax.faces.resource/theme.css?ln=primefaces-sipse HTTP/1.1" 304 -
191.156.154.8 - - [26/Jul/2023:12:41:03 -0500] "GET /sipse/faces/javax.faces.resource/jquery/jquery.js?ln=primefaces&v=4.0 HTTP/1.1" 304 -
191.156.155.229 - - [26/Jul/2023:12:41:03 -0500] "GET /sipse/faces/javax.faces.resource/layout/layout.css?ln=primefaces&v=4.0 HTTP/1.1" 304 -
191.156.144.18 - - [26/Jul/2023:12:41:03 -0500] "GET /sipse/faces/javax.faces.resource/primefaces.css?ln=primefaces&v=4.0 HTTP/1.1" 304 -
191.156.154.8 - - [26/Jul/2023:12:41:03 -0500] "GET /sipse/faces/javax.faces.resource/jquery/jquery-plugins.js?ln=primefaces&v=4.0 HTTP/1.1" 304 -
191.156.154.8 - - [26/Jul/2023:12:41:03 -0500] "GET /sipse/faces/javax.faces.resource/primefaces.js?ln=primefaces&v=4.0 HTTP/1.1" 304 -
191.156.154.8 - - [26/Jul/2023:12:41:03 -0500] "GET /sipse/faces/javax.faces.resource/layout/layout.js?ln=primefaces&v=4.0 HTTP/1.1" 304 -
191.156.154.8 - - [26/Jul/2023:12:41:03 -0500] "POST /sipse/faces/presentacion/financiero/solicitudProceso/consultar.xhtml HTTP/1.1" 200 32391
191.156.154.8 - - [26/Jul/2023:12:41:05 -0500] "POST /sipse/faces/presentacion/financiero/solicitudProceso/consultar.xhtml HTTP/1.1" 200 32391
191.156.154.8 - - [26/Jul/2023:12:41:08 -0500] "POST /sipse/faces/presentacion/financiero/solicitudProceso/consultar.xhtml HTTP/1.1" 200 12938
111.225.149.178 - - [26/Jul/2023:12:41:16 -0500] "GET /BLA/resoluciones/AUTOS%202011/2428.pdf HTTP/1.1" 200 483836
191.156.147.81 - - [26/Jul/2023:12:41:15 -0500] "POST /sipse/faces/presentacion/financiero/solicitudProceso/consultar.xhtml HTTP/1.1" 200 116360
191.156.147.81 - - [26/Jul/2023:12:41:17 -0500] "GET /sipse/faces/javax.faces.resource/theme.css?ln=primefaces-sipse HTTP/1.1" 304 -
191.156.154.8 - - [26/Jul/2023:12:41:17 -0500] "GET /sipse/faces/javax.faces.resource/jquery/jquery.js?ln=primefaces&v=4.0 HTTP/1.1" 304 -
191.156.144.18 - - [26/Jul/2023:12:41:17 -0500] "GET /sipse/faces/javax.faces.resource/primefaces.css?ln=primefaces&v=4.0 HTTP/1.1" 304 -
191.156.156.121 - - [26/Jul/2023:12:41:18 -0500] "GET /sipse/faces/javax.faces.resource/layout/layout.css?ln=primefaces&v=4.0 HTTP/1.1" 304 -
191.156.144.18 - - [26/Jul/2023:12:41:18 -0500] "GET /sipse/faces/javax.faces.resource/jquery/jquery-plugins.js?ln=primefaces&v=4.0 HTTP/1.1" 304 -
191.156.156.121 - - [26/Jul/2023:12:41:19 -0500] "GET /sipse/faces/javax.faces.resource/primefaces.js?ln=primefaces&v=4.0 HTTP/1.1" 304 -
191.156.156.121 - - [26/Jul/2023:12:41:19 -0500] "GET /sipse/faces/javax.faces.resource/layout/layout.js?ln=primefaces&v=4.0 HTTP/1.1" 304 -
191.156.156.121 - - [26/Jul/2023:12:41:25 -0500] "GET /sipse/faces/javax.faces.resource/dynamiccontent.properties?ln=primefaces&pfdrid=XjOR5%2F%2FfPAZAuY9TpWQeCiM0BhlXxYRBGKi%2FQcXXfeA%3D&pfdrid_c=false HTTP/1.1" 500 383
201.244.254.28 - - [26/Jul/2023:12:41:26 -0500] "POST /BLA/boletinlegal/admin/actos/ingresar.php HTTP/1.1" 200 7302
191.156.154.8 - - [26/Jul/2023:12:41:52 -0500] "POST /sipse/faces/presentacion/financiero/solicitudProceso/consultarSolicitudProceso.xhtml HTTP/1.1" 200 5718
191.156.154.8 - - [26/Jul/2023:12:41:55 -0500] "POST /sipse/faces/presentacion/financiero/solicitudProceso/consultarSolicitudProceso.xhtml HTTP/1.1" 200 40488
216.245.221.92 - - [26/Jul/2023:12:41:55 -0500] "HEAD / HTTP/1.1" 200 -
191.156.154.8 - - [26/Jul/2023:12:41:56 -0500] "GET /sipse/faces/javax.faces.resource/theme.css?ln=primefaces-sipse HTTP/1.1" 304 -
191.156.146.73 - - [26/Jul/2023:12:41:56 -0500] "GET /sipse/faces/javax.faces.resource/jquery/jquery.js?ln=primefaces&v=4.0 HTTP/1.1" 304 -
191.156.144.179 - - [26/Jul/2023:12:41:56 -0500] "GET /sipse/faces/javax.faces.resource/primefaces.css?ln=primefaces&v=4.0 HTTP/1.1" 304 -
191.156.154.8 - - [26/Jul/2023:12:41:56 -0500] "GET /sipse/faces/javax.faces.resource/layout/layout.css?ln=primefaces&v=4.0 HTTP/1.1" 304 -
191.156.146.73 - - [26/Jul/2023:12:41:56 -0500] "GET /sipse/faces/javax.faces.resource/jquery/jquery-plugins.js?ln=primefaces&v=4.0 HTTP/1.1" 304 -
191.156.146.73 - - [26/Jul/2023:12:41:56 -0500] "GET /sipse/faces/javax.faces.resource/primefaces.js?ln=primefaces&v=4.0 HTTP/1.1" 304 -
191.156.146.73 - - [26/Jul/2023:12:41:56 -0500] "GET /sipse/faces/javax.faces.resource/layout/layout.js?ln=primefaces&v=4.0 HTTP/1.1" 304 -
191.156.146.73 - - [26/Jul/2023:12:41:56 -0500] "POST /sipse/faces/presentacion/financiero/solicitudProceso/listarSolicitudProceso.xhtml HTTP/1.1" 200 33871
191.156.146.73 - - [26/Jul/2023:12:41:58 -0500] "POST /sipse/faces/presentacion/financiero/solicitudProceso/listarSolicitudProceso.xhtml HTTP/1.1" 200 33871
111.225.149.131 - - [26/Jul/2023:12:42:00 -0500] "GET /BLA/resoluciones/AUTOS%202012/1132.pdf HTTP/1.1" 200 154186
191.156.146.73 - - [26/Jul/2023:12:42:00 -0500] "POST /sipse/faces/presentacion/financiero/solicitudProceso/listarSolicitudProceso.xhtml HTTP/1.1" 200 33871
172.22.2.4 - - [26/Jul/2023:12:42:05 -0500] "GET /BLA/boletinlegal/ab2g HTTP/1.1" 404 1018
191.156.146.73 - - [26/Jul/2023:12:42:04 -0500] "POST /sipse/faces/presentacion/financiero/solicitudProceso/listarSolicitudProceso.xhtml HTTP/1.1" 200 33871
172.22.2.4 - - [26/Jul/2023:12:42:06 -0500] "GET /BLA/boletinlegal/ab2h HTTP/1.1" 404 1018
191.156.146.73 - - [26/Jul/2023:12:42:08 -0500] "POST /sipse/faces/presentacion/financiero/solicitudProceso/listarSolicitudProceso.xhtml HTTP/1.1" 200 1416
191.156.146.73 - - [26/Jul/2023:12:42:08 -0500] "POST /sipse/faces/presentacion/financiero/solicitudProceso/listarSolicitudProceso.xhtml HTTP/1.1" 200 1420
191.156.146.73 - - [26/Jul/2023:12:42:10 -0500] "POST /sipse/faces/presentacion/financiero/solicitudProceso/listarSolicitudProceso.xhtml HTTP/1.1" 200 1420
191.156.146.73 - - [26/Jul/2023:12:42:12 -0500] "POST /sipse/faces/presentacion/financiero/solicitudProceso/listarSolicitudProceso.xhtml HTTP/1.1" 200 1420
191.156.146.73 - - [26/Jul/2023:12:42:12 -0500] "POST /sipse/faces/presentacion/financiero/solicitudProceso/listarSolicitudProceso.xhtml HTTP/1.1" 200 1420
191.156.146.73 - - [26/Jul/2023:12:42:14 -0500] "POST /sipse/faces/presentacion/financiero/solicitudProceso/listarSolicitudProceso.xhtml HTTP/1.1" 200 60203
191.156.146.73 - - [26/Jul/2023:12:42:19 -0500] "GET /sipse/faces/javax.faces.resource/theme.css?ln=primefaces-sipse HTTP/1.1" 304 -
191.156.146.73 - - [26/Jul/2023:12:42:20 -0500] "GET /sipse/faces/javax.faces.resource/jquery/jquery.js?ln=primefaces&v=4.0 HTTP/1.1" 304 -
191.156.154.8 - - [26/Jul/2023:12:42:20 -0500] "GET /sipse/faces/javax.faces.resource/primefaces.css?ln=primefaces&v=4.0 HTTP/1.1" 304 -
191.156.146.73 - - [26/Jul/2023:12:42:20 -0500] "GET /sipse/faces/javax.faces.resource/layout/layout.css?ln=primefaces&v=4.0 HTTP/1.1" 304 -
191.156.146.73 - - [26/Jul/2023:12:42:21 -0500] "GET /sipse/faces/javax.faces.resource/jquery/jquery-plugins.js?ln=primefaces&v=4.0 HTTP/1.1" 304 -
172.22.2.4 - - [26/Jul/2023:12:41:48 -0500] "GET /BLA/boletinlegal/ HTTP/1.1" 200 32715
186.102.33.81 - - [26/Jul/2023:12:40:22 -0500] "GET /kwssiamovil/sm/ldap/au?x=U2FsdGVkX1+zhF7iOMmRakJaYbN63kzXxcaoNUK0Xvard+v/eMO9JXBlxIs4KFE5&y=U2FsdGVkX19eSizZt7OZYqHBU4IFqw0TEk7x4VGSV0w= HTTP/1.1" 200 31
186.102.33.81 - - [26/Jul/2023:12:40:25 -0500] "GET /kwssiamovil/sm/ldap/au?x=U2FsdGVkX1+hl/0LD6aICzHFLOwjxBEt4Owk11MXJ9VppeHPo6LVpJUQouUFdsr9&y=U2FsdGVkX196PciQvZ7CVD/pxQdEa2Fbcg1UOViFUnQ= HTTP/1.1" 200 31
191.156.146.73 - - [26/Jul/2023:12:42:36 -0500] "GET /sipse/faces/javax.faces.resource/primefaces.js?ln=primefaces&v=4.0 HTTP/1.1" 304 -
191.156.146.73 - - [26/Jul/2023:12:42:36 -0500] "GET /sipse/faces/javax.faces.resource/layout/layout.js?ln=primefaces&v=4.0 HTTP/1.1" 304 -
186.102.33.81 - - [26/Jul/2023:12:40:30 -0500] "GET /kwssiamovil/sm/ldap/au?x=U2FsdGVkX19ju9CEIyBw+ClM9lBcuseZP4t7itS4Zu+dQONOFujQETYnNxHfQyYR&y=U2FsdGVkX1/iaDnYljMhfv6F9yTzZ1PAAvFL/sNVbMk= HTTP/1.1" 200 31
201.244.254.28 - - [26/Jul/2023:12:42:38 -0500] "POST /BLA/boletinlegal/admin/actos/ingresar.php HTTP/1.1" 200 7302
186.102.33.81 - - [26/Jul/2023:12:40:37 -0500] "GET /kwssiamovil/sm/ldap/au?x=U2FsdGVkX18Eklp4Bn1aVpsFHG/8M1V5DYZCBFi1A/1daJnuP63/J/IROewIRhV4&y=U2FsdGVkX19WtBcgRqq/3LjOEHON+HeaVHGN2XqKKA4= HTTP/1.1" 200 31
191.156.146.73 - - [26/Jul/2023:12:42:43 -0500] "POST /sipse/faces/presentacion/financiero/solicitudProceso/crearModificarSolicitudProceso.xhtml HTTP/1.1" 200 26615
111.225.149.192 - - [26/Jul/2023:12:42:47 -0500] "GET /BLA/resoluciones/AUTOS%202018/0278.pdf HTTP/1.1" 200 289033
66.249.70.196 - - [26/Jul/2023:12:43:01 -0500] "-" 408 -
186.102.33.81 - - [26/Jul/2023:12:41:00 -0500] "GET /kwssiamovil/sm/ldap/au?x=U2FsdGVkX1/VKZ0bKPqQH5eDJOPhFAZFq0e0dghqKN2CxEJO33tQJyIATMBL8+qk&y=U2FsdGVkX1+5hJQSSJsrj6ekktbQZdopNGWAPDSysGY= HTTP/1.1" 200 31
186.102.33.81 - - [26/Jul/2023:12:41:07 -0500] "GET /kwssiamovil/sm/ldap/au?x=U2FsdGVkX1/Z7O1iGpUaMffCvi3C4JEBqXSIBtagUG8xw/4D/nA5kzckHhFuZzY6&y=U2FsdGVkX1/tQvqKPDueYC0Ytx+Mv8+/MVBSaV62AYg= HTTP/1.1" 200 31
191.156.147.81 - - [26/Jul/2023:12:43:25 -0500] "POST /sipse/faces/presentacion/financiero/solicitudProceso/crearModificarSolicitudProceso.xhtml HTTP/1.1" 200 9362
110.249.201.234 - - [26/Jul/2023:12:43:32 -0500] "GET /BLA/resoluciones/RESOLUCIONES%202000/RESOLUCION%201956%20DE%202000.pdf HTTP/1.1" 200 46432
201.244.254.28 - - [26/Jul/2023:12:43:48 -0500] "POST /BLA/boletinlegal/admin/actos/ingresar.php HTTP/1.1" 200 7302
172.22.2.4 - - [26/Jul/2023:12:42:30 -0500] "HEAD /BLA/boletinlegal/ HTTP/1.1" 200 -
191.156.144.18 - - [26/Jul/2023:12:44:10 -0500] "GET /sipse/faces/javax.faces.resource/theme.css?ln=primefaces-sipse HTTP/1.1" 304 -
191.156.144.179 - - [26/Jul/2023:12:44:10 -0500] "GET /sipse/faces/javax.faces.resource/primefaces.css?ln=primefaces&v=4.0 HTTP/1.1" 304 -
191.156.144.18 - - [26/Jul/2023:12:44:10 -0500] "GET /sipse/faces/javax.faces.resource/jquery/jquery.js?ln=primefaces&v=4.0 HTTP/1.1" 304 -
191.156.144.179 - - [26/Jul/2023:12:44:10 -0500] "GET /sipse/faces/javax.faces.resource/layout/layout.css?ln=primefaces&v=4.0 HTTP/1.1" 304 -
191.156.153.224 - - [26/Jul/2023:12:44:10 -0500] "GET /sipse/faces/javax.faces.resource/jquery/jquery-plugins.js?ln=primefaces&v=4.0 HTTP/1.1" 304 -
191.156.155.229 - - [26/Jul/2023:12:44:10 -0500] "GET /sipse/faces/javax.faces.resource/layout/layout.js?ln=primefaces&v=4.0 HTTP/1.1" 304 -
191.156.156.121 - - [26/Jul/2023:12:44:10 -0500] "GET /sipse/faces/javax.faces.resource/primefaces.js?ln=primefaces&v=4.0 HTTP/1.1" 304 -
191.156.144.18 - - [26/Jul/2023:12:44:09 -0500] "POST /sipse/faces/presentacion/financiero/solicitudProceso/crearModificarSolicitudProceso.xhtml HTTP/1.1" 200 24606
110.249.201.194 - - [26/Jul/2023:12:44:19 -0500] "GET /BLA/resoluciones/RESOLUCIONES%202017/3768.pdf HTTP/1.1" 200 259705
201.245.192.253 - - [26/Jul/2023:12:44:20 -0500] "GET /sipse/faces/autenticacion.xhtml HTTP/1.1" 200 12504
201.245.192.253 - - [26/Jul/2023:12:44:20 -0500] "GET /sipse/faces/javax.faces.resource/layout/layout.css;jsessionid=XXGH0gA-YcAkOUMTpI0tMPcH.undefined?ln=primefaces&v=4.0 HTTP/1.1" 200 542
172.22.2.4 - - [26/Jul/2023:12:44:20 -0500] "GET /BLA/boletinlegal/remote/login HTTP/1.1" 406 -
201.245.192.253 - - [26/Jul/2023:12:44:20 -0500] "GET /sipse/faces/javax.faces.resource/primefaces.css;jsessionid=XXGH0gA-YcAkOUMTpI0tMPcH.undefined?ln=primefaces&v=4.0 HTTP/1.1" 200 53295
201.245.192.253 - - [26/Jul/2023:12:44:21 -0500] "GET /sipse/faces/javax.faces.resource/theme.css?ln=primefaces-sipse HTTP/1.1" 304 -
172.22.2.4 - - [26/Jul/2023:12:44:21 -0500] "POST /BLA/boletinlegal/remote/logincheck HTTP/1.1" 406 -
201.245.192.253 - - [26/Jul/2023:12:44:21 -0500] "GET /sipse/faces/javax.faces.resource/layout/layout.js;jsessionid=XXGH0gA-YcAkOUMTpI0tMPcH.undefined?ln=primefaces&v=4.0 HTTP/1.1" 200 87560
201.245.192.253 - - [26/Jul/2023:12:44:20 -0500] "GET /sipse/faces/javax.faces.resource/jquery/jquery.js;jsessionid=XXGH0gA-YcAkOUMTpI0tMPcH.undefined?ln=primefaces&v=4.0 HTTP/1.1" 200 105384
201.245.192.253 - - [26/Jul/2023:12:44:21 -0500] "GET /sipse/faces/javax.faces.resource/jquery/jquery-plugins.js;jsessionid=XXGH0gA-YcAkOUMTpI0tMPcH.undefined?ln=primefaces&v=4.0 HTTP/1.1" 200 220526
201.245.192.253 - - [26/Jul/2023:12:44:21 -0500] "GET /sipse/faces/javax.faces.resource/primefaces.js;jsessionid=XXGH0gA-YcAkOUMTpI0tMPcH.undefined?ln=primefaces&v=4.0 HTTP/1.1" 200 276924
201.245.192.253 - - [26/Jul/2023:12:44:22 -0500] "GET /favicon.ico HTTP/1.1" 200 7782
201.245.192.253 - - [26/Jul/2023:12:44:22 -0500] "GET /sipse/css/imagen/logoSDG.png HTTP/1.1" 200 15714
201.245.192.253 - - [26/Jul/2023:12:44:22 -0500] "GET /sipse/faces/javax.faces.resource/images/ui-icons_898989_256x240.png?ln=primefaces-aristo HTTP/1.1" 200 5355
201.245.192.253 - - [26/Jul/2023:12:44:22 -0500] "GET /sipse/css/imagen/loginimg.png HTTP/1.1" 200 12242
201.245.192.253 - - [26/Jul/2023:12:44:22 -0500] "GET /sipse/faces/index.xhtml HTTP/1.1" 200 677
201.245.192.253 - - [26/Jul/2023:12:44:22 -0500] "GET /sipse/faces/javax.faces.resource/theme.css?ln=primefaces-sipse HTTP/1.1" 304 -
201.245.192.253 - - [26/Jul/2023:12:44:23 -0500] "GET /sipse/faces/faces/autenticacion.xhtml HTTP/1.1" 200 12182
201.245.192.253 - - [26/Jul/2023:12:44:23 -0500] "GET /sipse/faces/javax.faces.resource/theme.css?ln=primefaces-sipse HTTP/1.1" 304 -
201.245.192.253 - - [26/Jul/2023:12:44:23 -0500] "GET /sipse/faces/javax.faces.resource/layout/layout.css?ln=primefaces&v=4.0 HTTP/1.1" 200 542
201.245.192.253 - - [26/Jul/2023:12:44:23 -0500] "GET /sipse/faces/javax.faces.resource/jquery/jquery.js?ln=primefaces&v=4.0 HTTP/1.1" 304 -
201.245.192.253 - - [26/Jul/2023:12:44:23 -0500] "GET /sipse/faces/javax.faces.resource/jquery/jquery-plugins.js?ln=primefaces&v=4.0 HTTP/1.1" 304 -
201.245.192.253 - - [26/Jul/2023:12:44:23 -0500] "GET /sipse/faces/javax.faces.resource/layout/layout.js?ln=primefaces&v=4.0 HTTP/1.1" 304 -
201.245.192.253 - - [26/Jul/2023:12:44:23 -0500] "GET /sipse/faces/javax.faces.resource/primefaces.js?ln=primefaces&v=4.0 HTTP/1.1" 304 -
201.245.192.253 - - [26/Jul/2023:12:44:23 -0500] "GET /sipse/faces/javax.faces.resource/primefaces.css?ln=primefaces&v=4.0 HTTP/1.1" 200 53295
201.245.192.253 - - [26/Jul/2023:12:44:24 -0500] "GET /sipse/faces/javax.faces.resource/images/ui-icons_898989_256x240.png?ln=primefaces-aristo HTTP/1.1" 304 -
52.167.144.16 - - [26/Jul/2023:12:44:29 -0500] "GET /BLA/resoluciones/AUTOS%202018/3865.pdf HTTP/1.1" 200 335662
191.156.156.121 - - [26/Jul/2023:12:44:28 -0500] "POST /sipse/faces/presentacion/financiero/solicitudProyectoActividad/asociarProyectoSolicitud.xhtml HTTP/1.1" 200 6715
201.245.192.253 - - [26/Jul/2023:12:44:36 -0500] "POST /sipse/faces/autenticacion.xhtml HTTP/1.1" 200 11844
201.245.192.253 - - [26/Jul/2023:12:44:36 -0500] "GET /sipse/css/custom_css_sg_prime.css HTTP/1.1" 200 5201
201.245.192.253 - - [26/Jul/2023:12:44:36 -0500] "GET /sipse/faces/javax.faces.resource/jquery/jquery.js?ln=primefaces&v=4.0 HTTP/1.1" 304 -
201.245.192.253 - - [26/Jul/2023:12:44:36 -0500] "GET /sipse/faces/javax.faces.resource/jquery/jquery-plugins.js?ln=primefaces&v=4.0 HTTP/1.1" 304 -
201.245.192.253 - - [26/Jul/2023:12:44:36 -0500] "GET /sipse/faces/javax.faces.resource/primefaces.js?ln=primefaces&v=4.0 HTTP/1.1" 304 -
201.245.192.253 - - [26/Jul/2023:12:44:37 -0500] "GET /sipse/faces/javax.faces.resource/layout/layout.js?ln=primefaces&v=4.0 HTTP/1.1" 304 -
191.156.154.8 - - [26/Jul/2023:12:44:37 -0500] "POST /sipse/faces/presentacion/financiero/solicitudProyectoActividad/asociarProyectoSolicitud.xhtml HTTP/1.1" 200 2158
201.245.192.253 - - [26/Jul/2023:12:44:37 -0500] "GET /sipse/faces/javax.faces.resource/messages/messages.png?ln=primefaces&v=4.0 HTTP/1.1" 200 27209
201.245.192.253 - - [26/Jul/2023:12:44:39 -0500] "POST /sipse/faces/presentacion/sistema/seguridad/seleccionRol.xhtml HTTP/1.1" 200 6275
201.245.192.253 - - [26/Jul/2023:12:44:41 -0500] "POST /sipse/faces/presentacion/sistema/seguridad/seleccionRol.xhtml HTTP/1.1" 200 18777
201.245.192.253 - - [26/Jul/2023:12:44:41 -0500] "GET /sipse/faces/javax.faces.resource/jquery/jquery.js?ln=primefaces&v=4.0 HTTP/1.1" 304 -
201.245.192.253 - - [26/Jul/2023:12:44:41 -0500] "GET /sipse/faces/javax.faces.resource/jquery/jquery-plugins.js?ln=primefaces&v=4.0 HTTP/1.1" 304 -
201.245.192.253 - - [26/Jul/2023:12:44:41 -0500] "GET /sipse/faces/javax.faces.resource/primefaces.js?ln=primefaces&v=4.0 HTTP/1.1" 304 -
201.245.192.253 - - [26/Jul/2023:12:44:42 -0500] "GET /sipse/faces/javax.faces.resource/layout/layout.js?ln=primefaces&v=4.0 HTTP/1.1" 304 -
201.245.192.253 - - [26/Jul/2023:12:44:42 -0500] "GET /sipse/css/v_mergente.css HTTP/1.1" 200 1505
201.245.192.253 - - [26/Jul/2023:12:44:42 -0500] "GET /sipse/imagenes/cargando.gif HTTP/1.1" 200 12242
201.245.192.253 - - [26/Jul/2023:12:44:42 -0500] "GET /sipse/imagenes/logoAplicacion.jpg HTTP/1.1" 200 16767
201.245.192.253 - - [26/Jul/2023:12:44:42 -0500] "GET /sipse/css/imagen/contrasena.png HTTP/1.1" 404 383
191.156.156.121 - - [26/Jul/2023:12:44:47 -0500] "POST /sipse/faces/presentacion/financiero/solicitudProyectoActividad/asociarProyectoSolicitud.xhtml HTTP/1.1" 200 1760
172.22.2.4 - - [26/Jul/2023:12:44:56 -0500] "GET /BLA/boletinlegal/jurisprudencia.php HTTP/1.1" 200 17583
191.156.147.81 - - [26/Jul/2023:12:44:55 -0500] "POST /sipse/faces/presentacion/financiero/solicitudProyectoActividad/asociarProyectoSolicitud.xhtml HTTP/1.1" 200 77768
191.156.147.81 - - [26/Jul/2023:12:44:59 -0500] "GET /sipse/faces/javax.faces.resource/theme.css?ln=primefaces-sipse HTTP/1.1" 304 -
201.244.254.28 - - [26/Jul/2023:12:45:00 -0500] "POST /BLA/boletinlegal/admin/actos/ingresar.php HTTP/1.1" 200 7302
191.156.144.179 - - [26/Jul/2023:12:45:00 -0500] "GET /sipse/faces/javax.faces.resource/primefaces.css?ln=primefaces&v=4.0 HTTP/1.1" 304 -
191.156.147.197 - - [26/Jul/2023:12:45:00 -0500] "GET /sipse/faces/javax.faces.resource/jquery/jquery.js?ln=primefaces&v=4.0 HTTP/1.1" 304 -
172.22.2.4 - - [26/Jul/2023:12:43:20 -0500] "GET /BLA/boletinlegal/ HTTP/1.1" 200 58079
191.156.156.121 - - [26/Jul/2023:12:45:00 -0500] "GET /sipse/faces/javax.faces.resource/layout/layout.css?ln=primefaces&v=4.0 HTTP/1.1" 304 -
191.156.147.197 - - [26/Jul/2023:12:45:03 -0500] "GET /sipse/faces/javax.faces.resource/jquery/jquery-plugins.js?ln=primefaces&v=4.0 HTTP/1.1" 304 -
191.156.147.197 - - [26/Jul/2023:12:45:03 -0500] "GET /sipse/faces/javax.faces.resource/primefaces.js?ln=primefaces&v=4.0 HTTP/1.1" 304 -
191.156.147.197 - - [26/Jul/2023:12:45:04 -0500] "GET /sipse/faces/javax.faces.resource/layout/layout.js?ln=primefaces&v=4.0 HTTP/1.1" 304 -
111.225.149.172 - - [26/Jul/2023:12:45:05 -0500] "GET /BLA/resoluciones/AUTOS%202020/2906.pdf HTTP/1.1" 200 380382
186.154.88.122 - - [26/Jul/2023:12:45:12 -0500] "GET /BLA/resoluciones/RESOLUCIONES%202018/1123.pdf HTTP/1.1" 200 1887646
191.156.147.197 - - [26/Jul/2023:12:45:13 -0500] "GET /sipse/faces/javax.faces.resource/images/ui-icons_898989_256x240.png?ln=primefaces-aristo HTTP/1.1" 304 -
186.154.88.123 - - [26/Jul/2023:12:45:13 -0500] "GET /favicon.ico HTTP/1.1" 200 7782
191.156.153.224 - - [26/Jul/2023:12:45:17 -0500] "POST /sipse/faces/presentacion/financiero/solicitudProyectoActividad/asociarActividadSolicitud.xhtml HTTP/1.1" 200 60770
191.156.153.224 - - [26/Jul/2023:12:45:24 -0500] "GET /sipse/faces/javax.faces.resource/theme.css?ln=primefaces-sipse HTTP/1.1" 304 -
191.156.147.197 - - [26/Jul/2023:12:45:24 -0500] "GET /sipse/faces/javax.faces.resource/jquery/jquery.js?ln=primefaces&v=4.0 HTTP/1.1" 304 -
191.156.146.73 - - [26/Jul/2023:12:45:24 -0500] "GET /sipse/faces/javax.faces.resource/layout/layout.css?ln=primefaces&v=4.0 HTTP/1.1" 304 -
191.156.144.18 - - [26/Jul/2023:12:45:24 -0500] "GET /sipse/faces/javax.faces.resource/primefaces.css?ln=primefaces&v=4.0 HTTP/1.1" 304 -
191.156.147.197 - - [26/Jul/2023:12:45:24 -0500] "GET /sipse/faces/javax.faces.resource/jquery/jquery-plugins.js?ln=primefaces&v=4.0 HTTP/1.1" 304 -
191.156.147.197 - - [26/Jul/2023:12:45:24 -0500] "GET /sipse/faces/javax.faces.resource/primefaces.js?ln=primefaces&v=4.0 HTTP/1.1" 304 -
191.156.147.197 - - [26/Jul/2023:12:45:25 -0500] "GET /sipse/faces/javax.faces.resource/layout/layout.js?ln=primefaces&v=4.0 HTTP/1.1" 304 -
201.245.192.253 - - [26/Jul/2023:12:45:25 -0500] "GET /galeria/galeria/jquery.fancybox.css?v=2.1.5 HTTP/1.1" 200 4895
191.156.155.229 - - [26/Jul/2023:12:45:42 -0500] "GET /sipse/faces/javax.faces.resource/layout/layout.css?ln=primefaces&v=4.0 HTTP/1.1" 304 -
191.156.154.8 - - [26/Jul/2023:12:45:42 -0500] "GET /sipse/faces/javax.faces.resource/theme.css?ln=primefaces-sipse HTTP/1.1" 304 -
191.156.147.81 - - [26/Jul/2023:12:45:42 -0500] "GET /sipse/faces/javax.faces.resource/jquery/jquery.js?ln=primefaces&v=4.0 HTTP/1.1" 304 -
191.156.156.121 - - [26/Jul/2023:12:45:42 -0500] "GET /sipse/faces/javax.faces.resource/primefaces.css?ln=primefaces&v=4.0 HTTP/1.1" 304 -
191.156.154.8 - - [26/Jul/2023:12:45:42 -0500] "GET /sipse/faces/javax.faces.resource/jquery/jquery-plugins.js?ln=primefaces&v=4.0 HTTP/1.1" 304 -
191.156.147.81 - - [26/Jul/2023:12:45:42 -0500] "GET /sipse/faces/javax.faces.resource/primefaces.js?ln=primefaces&v=4.0 HTTP/1.1" 304 -
191.156.154.8 - - [26/Jul/2023:12:45:42 -0500] "GET /sipse/faces/javax.faces.resource/layout/layout.js?ln=primefaces&v=4.0 HTTP/1.1" 304 -
191.156.156.121 - - [26/Jul/2023:12:45:34 -0500] "POST /sipse/faces/presentacion/financiero/solicitudProceso/crearModificarSolicitudProceso.xhtml HTTP/1.1" 200 45769
111.225.149.147 - - [26/Jul/2023:12:45:52 -0500] "GET /BLA/resoluciones/AUTOS%202012/1959.pdf HTTP/1.1" 200 382462
191.156.156.121 - - [26/Jul/2023:12:45:49 -0500] "POST /sipse/faces/presentacion/financiero/contrato/consultarContratosSolicitudProceso.xhtml HTTP/1.1" 200 73879
191.156.156.121 - - [26/Jul/2023:12:45:52 -0500] "POST /sipse/faces/presentacion/financiero/contrato/consultarContratosSolicitudProceso.xhtml HTTP/1.1" 200 73923
186.154.56.42 - - [26/Jul/2023:12:43:55 -0500] "GET /kwssiamovil/sm/des/cjson/pre?f=9&x=U2FsdGVkX19vpnVF0nGKqtyvKUUNkEhKq88669L91bXFJyEn1vsy1xIOXVn/GyYw HTTP/1.1" 200 77
186.154.56.42 - - [26/Jul/2023:12:46:02 -0500] "GET /favicon.ico HTTP/1.1" 200 7782
186.102.33.81 - - [26/Jul/2023:12:44:01 -0500] "GET /kwssiamovil/sm/ldap/au?x=U2FsdGVkX19hsWCeI9nE1dW8y8/TvjAz4oUqiBjOcwOu44z6wHosFgCRk3lOflaE&y=U2FsdGVkX1+NmWEs3JSxs7H3+1zsLmOIVU/nw5kSLrc= HTTP/1.1" 200 31
191.156.156.121 - - [26/Jul/2023:12:46:01 -0500] "POST /sipse/faces/presentacion/financiero/contrato/consultarContratosSolicitudProceso.xhtml HTTP/1.1" 200 73879
201.244.254.28 - - [26/Jul/2023:12:46:10 -0500] "POST /BLA/boletinlegal/admin/actos/ingresar.php HTTP/1.1" 200 7302
191.156.156.121 - - [26/Jul/2023:12:46:11 -0500] "POST /sipse/faces/presentacion/financiero/contrato/consultarContratosSolicitudProceso.xhtml HTTP/1.1" 200 73923
186.102.33.81 - - [26/Jul/2023:12:44:13 -0500] "GET /kwssiamovil/sm/ldap/au?x=U2FsdGVkX1+DcaRQc/NLAzpp72HW7lmEDyU+/7m/mVDUuDWgoCfVB2YYtNXCZJbQ&y=U2FsdGVkX1/3ZVchUgU3O7r7MkB22n1gKM7uCfWUmj8= HTTP/1.1" 200 31
201.245.192.253 - - [26/Jul/2023:12:46:29 -0500] "GET /sipse/faces/index.xhtml HTTP/1.1" 200 677
186.102.33.81 - - [26/Jul/2023:12:44:22 -0500] "GET /kwssiamovil/sm/ldap/au?x=U2FsdGVkX1/UlSvH7qRie4mh9ZPAzz+0YSWmmhd0LwoR2Dkw0OjT51NsTSbbapZq&y=U2FsdGVkX1/dPF4vO0dhsECW6d1WHpB3ABusAesjrjo= HTTP/1.1" 200 31
201.245.192.253 - - [26/Jul/2023:12:46:29 -0500] "GET /sipse/faces/javax.faces.resource/theme.css?ln=primefaces-sipse HTTP/1.1" 200 50058
201.245.192.253 - - [26/Jul/2023:12:46:30 -0500] "GET /sipse/faces/faces/autenticacion.xhtml HTTP/1.1" 200 12182
201.245.192.253 - - [26/Jul/2023:12:46:31 -0500] "GET /sipse/faces/javax.faces.resource/theme.css?ln=primefaces-sipse HTTP/1.1" 304 -
201.245.192.253 - - [26/Jul/2023:12:46:31 -0500] "GET /sipse/faces/javax.faces.resource/primefaces.css?ln=primefaces&v=4.0 HTTP/1.1" 304 -
201.245.192.253 - - [26/Jul/2023:12:46:31 -0500] "GET /sipse/faces/javax.faces.resource/layout/layout.css?ln=primefaces&v=4.0 HTTP/1.1" 200 542
201.245.192.253 - - [26/Jul/2023:12:46:31 -0500] "GET /sipse/faces/javax.faces.resource/jquery/jquery.js?ln=primefaces&v=4.0 HTTP/1.1" 304 -
201.245.192.253 - - [26/Jul/2023:12:46:31 -0500] "GET /sipse/faces/javax.faces.resource/jquery/jquery-plugins.js?ln=primefaces&v=4.0 HTTP/1.1" 304 -
201.245.192.253 - - [26/Jul/2023:12:46:31 -0500] "GET /sipse/faces/javax.faces.resource/layout/layout.js?ln=primefaces&v=4.0 HTTP/1.1" 304 -
201.245.192.253 - - [26/Jul/2023:12:46:31 -0500] "GET /sipse/faces/javax.faces.resource/primefaces.js?ln=primefaces&v=4.0 HTTP/1.1" 304 -
191.156.156.121 - - [26/Jul/2023:12:46:23 -0500] "POST /sipse/faces/presentacion/financiero/contrato/consultarContratosSolicitudProceso.xhtml HTTP/1.1" 200 73879
201.245.192.253 - - [26/Jul/2023:12:46:34 -0500] "GET /sipse/css/imagen/logoSDG.png HTTP/1.1" 200 20242
201.245.192.253 - - [26/Jul/2023:12:46:34 -0500] "GET /sipse/css/imagen/loginimg.png HTTP/1.1" 200 19186
201.245.192.253 - - [26/Jul/2023:12:46:34 -0500] "GET /sipse/faces/javax.faces.resource/images/ui-icons_898989_256x240.png?ln=primefaces-aristo HTTP/1.1" 200 5355
110.249.202.98 - - [26/Jul/2023:12:46:38 -0500] "GET /BLA/resoluciones/AUTOS%202013/2623.pdf HTTP/1.1" 200 1182580
201.245.192.253 - - [26/Jul/2023:12:46:39 -0500] "POST /sipse/faces/autenticacion.xhtml HTTP/1.1" 200 11972
201.245.192.253 - - [26/Jul/2023:12:46:40 -0500] "GET /sipse/css/custom_css_sg_prime.css HTTP/1.1" 200 5201
201.245.192.253 - - [26/Jul/2023:12:46:40 -0500] "GET /sipse/faces/javax.faces.resource/jquery/jquery.js?ln=primefaces&v=4.0 HTTP/1.1" 304 -
201.245.192.253 - - [26/Jul/2023:12:46:40 -0500] "GET /sipse/faces/javax.faces.resource/jquery/jquery-plugins.js?ln=primefaces&v=4.0 HTTP/1.1" 304 -
191.156.156.121 - - [26/Jul/2023:12:46:34 -0500] "POST /sipse/faces/presentacion/financiero/contrato/consultarContratosSolicitudProceso.xhtml HTTP/1.1" 200 73923
201.245.192.253 - - [26/Jul/2023:12:46:44 -0500] "GET /sipse/faces/javax.faces.resource/primefaces.js?ln=primefaces&v=4.0 HTTP/1.1" 304 -
201.245.192.253 - - [26/Jul/2023:12:46:44 -0500] "GET /sipse/faces/javax.faces.resource/layout/layout.js?ln=primefaces&v=4.0 HTTP/1.1" 304 -
201.245.192.253 - - [26/Jul/2023:12:46:44 -0500] "GET /sipse/faces/javax.faces.resource/messages/messages.png?ln=primefaces&v=4.0 HTTP/1.1" 200 27209
201.245.192.253 - - [26/Jul/2023:12:46:47 -0500] "POST /sipse/faces/presentacion/sistema/seguridad/seleccionRol.xhtml HTTP/1.1" 200 6403
201.245.192.253 - - [26/Jul/2023:12:46:48 -0500] "POST /sipse/faces/presentacion/sistema/seguridad/seleccionRol.xhtml HTTP/1.1" 200 18783
201.245.192.253 - - [26/Jul/2023:12:46:49 -0500] "GET /sipse/faces/javax.faces.resource/jquery/jquery.js?ln=primefaces&v=4.0 HTTP/1.1" 304 -
201.245.192.253 - - [26/Jul/2023:12:46:49 -0500] "GET /sipse/faces/javax.faces.resource/jquery/jquery-plugins.js?ln=primefaces&v=4.0 HTTP/1.1" 304 -
201.245.192.253 - - [26/Jul/2023:12:46:49 -0500] "GET /sipse/faces/javax.faces.resource/primefaces.js?ln=primefaces&v=4.0 HTTP/1.1" 304 -
201.245.192.253 - - [26/Jul/2023:12:46:49 -0500] "GET /sipse/faces/javax.faces.resource/layout/layout.js?ln=primefaces&v=4.0 HTTP/1.1" 304 -
201.245.192.253 - - [26/Jul/2023:12:46:49 -0500] "GET /sipse/imagenes/logoAplicacion.jpg HTTP/1.1" 200 155084
201.245.192.253 - - [26/Jul/2023:12:46:51 -0500] "GET /sipse/css/imagen/contrasena.png HTTP/1.1" 404 383
201.245.192.253 - - [26/Jul/2023:12:46:49 -0500] "GET /sipse/imagenes/cargando.gif HTTP/1.1" 200 36959
216.245.221.92 - - [26/Jul/2023:12:46:55 -0500] "HEAD / HTTP/1.1" 200 -
186.30.116.46 - - [26/Jul/2023:12:46:55 -0500] "POST /sipse/faces/presentacion/financiero/solicitudProceso/consultarSolicitudProceso.xhtml HTTP/1.1" 200 42080
186.30.116.46 - - [26/Jul/2023:12:46:56 -0500] "GET /sipse/faces/javax.faces.resource/theme.css?ln=primefaces-sipse HTTP/1.1" 304 -
186.30.116.46 - - [26/Jul/2023:12:46:56 -0500] "GET /sipse/faces/javax.faces.resource/primefaces.css?ln=primefaces&v=4.0 HTTP/1.1" 304 -
186.30.116.46 - - [26/Jul/2023:12:46:56 -0500] "GET /sipse/faces/javax.faces.resource/layout/layout.css?ln=primefaces&v=4.0 HTTP/1.1" 304 -
186.30.116.46 - - [26/Jul/2023:12:46:56 -0500] "GET /sipse/faces/javax.faces.resource/jquery/jquery.js?ln=primefaces&v=4.0 HTTP/1.1" 304 -
186.30.116.46 - - [26/Jul/2023:12:46:56 -0500] "GET /sipse/faces/javax.faces.resource/jquery/jquery-plugins.js?ln=primefaces&v=4.0 HTTP/1.1" 304 -
186.30.116.46 - - [26/Jul/2023:12:46:56 -0500] "GET /sipse/faces/javax.faces.resource/primefaces.js?ln=primefaces&v=4.0 HTTP/1.1" 304 -
186.30.116.46 - - [26/Jul/2023:12:46:56 -0500] "GET /sipse/faces/javax.faces.resource/layout/layout.js?ln=primefaces&v=4.0 HTTP/1.1" 304 -
186.30.116.46 - - [26/Jul/2023:12:46:56 -0500] "POST /sipse/faces/presentacion/financiero/solicitudProceso/consultar.xhtml HTTP/1.1" 200 35487
186.30.116.46 - - [26/Jul/2023:12:46:56 -0500] "POST /sipse/faces/presentacion/financiero/solicitudProceso/consultar.xhtml HTTP/1.1" 200 35487
186.30.116.46 - - [26/Jul/2023:12:46:56 -0500] "POST /sipse/faces/presentacion/financiero/solicitudProceso/consultar.xhtml HTTP/1.1" 200 35487
186.30.116.46 - - [26/Jul/2023:12:46:56 -0500] "POST /sipse/faces/presentacion/financiero/solicitudProceso/consultar.xhtml HTTP/1.1" 200 35487
186.30.116.46 - - [26/Jul/2023:12:46:59 -0500] "POST /sipse/faces/presentacion/financiero/solicitudProceso/consultar.xhtml HTTP/1.1" 200 12881
186.102.33.81 - - [26/Jul/2023:12:44:53 -0500] "GET /kwssiamovil/sm/ldap/au?x=U2FsdGVkX1+vFTqkBwL7DSafM77lYemFljDJL1Kry6dr5ABteGdmTa6y5bJWgAA+&y=U2FsdGVkX1/n3jwhioiEjOqBAUSsl66EDr5+LXo5D04= HTTP/1.1" 200 31
186.30.116.46 - - [26/Jul/2023:12:47:02 -0500] "POST /sipse/faces/presentacion/financiero/solicitudProceso/consultar.xhtml HTTP/1.1" 200 158174
186.30.116.46 - - [26/Jul/2023:12:47:03 -0500] "GET /sipse/faces/javax.faces.resource/primefaces.css?ln=primefaces&v=4.0 HTTP/1.1" 304 -
186.30.116.46 - - [26/Jul/2023:12:47:03 -0500] "GET /sipse/faces/javax.faces.resource/theme.css?ln=primefaces-sipse HTTP/1.1" 304 -
186.30.116.46 - - [26/Jul/2023:12:47:03 -0500] "GET /sipse/faces/javax.faces.resource/layout/layout.css?ln=primefaces&v=4.0 HTTP/1.1" 304 -
186.30.116.46 - - [26/Jul/2023:12:47:03 -0500] "GET /sipse/faces/javax.faces.resource/jquery/jquery.js?ln=primefaces&v=4.0 HTTP/1.1" 304 -
186.30.116.46 - - [26/Jul/2023:12:47:03 -0500] "GET /sipse/faces/javax.faces.resource/jquery/jquery-plugins.js?ln=primefaces&v=4.0 HTTP/1.1" 304 -
186.30.116.46 - - [26/Jul/2023:12:47:03 -0500] "GET /sipse/faces/javax.faces.resource/primefaces.js?ln=primefaces&v=4.0 HTTP/1.1" 304 -
186.30.116.46 - - [26/Jul/2023:12:47:03 -0500] "GET /sipse/faces/javax.faces.resource/layout/layout.js?ln=primefaces&v=4.0 HTTP/1.1" 304 -
186.30.116.46 - - [26/Jul/2023:12:47:03 -0500] "GET /sipse/faces/javax.faces.resource/dynamiccontent.properties?ln=primefaces&pfdrid=XjOR5%2F%2FfPAZAuY9TpWQeCiM0BhlXxYRBGKi%2FQcXXfeA%3D&pfdrid_c=false HTTP/1.1" 500 383
201.245.192.253 - - [26/Jul/2023:12:47:08 -0500] "POST /sipse/faces/bienvenido.xhtml HTTP/1.1" 200 3887
201.245.192.253 - - [26/Jul/2023:12:47:08 -0500] "GET /sipse/faces/javax.faces.resource/images/ui-bg_flat_0_2d5972_40x100.png?ln=primefaces-aristo HTTP/1.1" 200 183
186.30.116.46 - - [26/Jul/2023:12:47:07 -0500] "POST /sipse/faces/presentacion/financiero/solicitudProceso/consultarSolicitudProceso.xhtml HTTP/1.1" 200 4112058
201.245.192.253 - - [26/Jul/2023:12:47:11 -0500] "POST /sipse/faces/bienvenido.xhtml HTTP/1.1" 200 43236
201.245.192.253 - - [26/Jul/2023:12:47:12 -0500] "GET /sipse/faces/javax.faces.resource/jquery/jquery.js?ln=primefaces&v=4.0 HTTP/1.1" 304 -
201.245.192.253 - - [26/Jul/2023:12:47:12 -0500] "GET /sipse/faces/javax.faces.resource/jquery/jquery-plugins.js?ln=primefaces&v=4.0 HTTP/1.1" 304 -
201.245.192.253 - - [26/Jul/2023:12:47:12 -0500] "GET /sipse/faces/javax.faces.resource/primefaces.js?ln=primefaces&v=4.0 HTTP/1.1" 304 -
201.245.192.253 - - [26/Jul/2023:12:47:12 -0500] "GET /sipse/faces/javax.faces.resource/layout/layout.js?ln=primefaces&v=4.0 HTTP/1.1" 304 -
110.249.202.161 - - [26/Jul/2023:12:47:24 -0500] "GET /BLA/resoluciones/AUTOS%202008/2171.pdf HTTP/1.1" 200 177474
201.245.192.253 - - [26/Jul/2023:12:47:15 -0500] "POST /sipse/faces/presentacion/financiero/solicitudProceso/consultar.xhtml HTTP/1.1" 200 42417
201.244.254.28 - - [26/Jul/2023:12:47:28 -0500] "POST /BLA/boletinlegal/admin/actos/ingresar.php HTTP/1.1" 200 7302
186.102.53.38 - - [26/Jul/2023:12:47:38 -0500] "GET /kwssiamovil/sm/acme/a?s=U2FsdGVkX1+4WVcOgS5jT2wf0YdTrjWaOHIJp9jumxChJs1TIUzZsLfC9Fqc52G9Wio/EtK9DDNhMrraG9g3nHHgK5zskd8bgsgeOd7OW9xSncfw7Qw7PYYIhQd6CseerZTN/slZ1rtpx9o04nCDkJmZ1WB/WZUWvcdZIiuqPtEl0JFbcG5euz0Gtef/gF08xpTCWF4Td0yYbbaXlhPgZeUpRcD040G9sR2/DuIr81sDApKaHs893jbet9o7x/hMwjvsmBjHtWzKWSGD0fNiWA==&u=U2FsdGVkX19WzKvGww1h43XqTmi/NLtmP/nSRFDa7ShlghYZC0aqOwoxTQdeiXTM&y=U2FsdGVkX19LdPE7hMTlv07xcogiLc7wokPStjTQDZqUcA0V5dTbQFyDpm+qqscV HTTP/1.1" 200 26
186.102.53.38 - - [26/Jul/2023:12:47:38 -0500] "GET /kwssiamovil/sm/acme/a?s=U2FsdGVkX18icS7XhvZBISZbIoMCRMfI5ohkZ76GHT7Lrjol22BxZWmBA4BIX6B/B6sizsrHRoUbBEpdYtkTTLR/TVPyl+KuctWoFmbe8HMgAYrctysX6mGGXFeB1WKaPzHiRe/0Y+9LD9tjSuPzZHGmq3JI2ILKnT2dhTRMBIS569WerhTbkHPVcdQ+614BL3/E4Gso2gdbbM7WHR9Z1nqOwos7aKs+izClxwXPN23oivWt0gu9t1IM5A5ZVbnOKsHjzxMuQw2x9lA575PDKjuDQJs9D+GB4/p97jKrMhf5exhNbIbF9UuuxLZxkf2wJNOIpAsxZmk7cmWqW2qCmEWrd92eryb9ei0Zn6f4NBdFXe6Dn2FPerdJy4RDGpZxfeqZhDoPO+XLGbsno7+ukoUxNAFd5xL2k/6NtVaGXL/EblR2zuZJ+kwL9gDGn/jeYv4b60cL3AodxujXwMo8d0wOF8y9t+94dxqhyVeMftDbfeDWcuVlDN1GW0hqxWWc+apF5T2+Xeje7kV47GKye1JSgYXSl/z+64dDuEMAtgj1QZYou9KQgRkhosF5531gJZ/SBTcYbmy3SKmTgLKSDDcGK3o1Ft1IVdF7NB8BApMmTahcijurdMG1RTCLRArCs3Yq8MgAiQI30zzERVmRev8xyJUE1xX22jvuItsDI/giI7ljP8zjrwK2yF9t3dPqwFjNfz1iRPGhBJPfdtnr+EmFNtxQ//b9re4KFqyVrcw10fA/XgZOYnc3cBHJ3YSkTcXB9wem+eTwzEsv3W2TuJklQJydHY9r5LHHEoANS4+OCumoJlsvfDBKjKwOhDDrCvIdvxpjh0rj+vkN0PSkvAZRpMwsXYY/S1BKhmnXZOPui5f+4tW0+0H6yukCiJiOs7K/1jaoBkuJS0/Ru7qbI9pOmc1zupIndIbNawanx00CCyN3FsZnvcZZCdsQIOZA2/aJojEaLfVE5TxXR/XAuIMtrc+CfNATQ+yfd4mLk/iq18MMwGAIhq7+9NcQynHeupBxk8jhcIZG8y0vz3tPo6phN+p+Qeai3qdkag21gWVCLzRcwFVM3K9FtJY1tfD5haazbcg+oIwlTjplKwaUlJPGUitj2S5DXk6xPwJQbkQD8tZWqkn6IHsivXHhSmsn+OZ91hOs/Ep619mQa/hZwIxEayLkI/WIBOCJKMIHy8EPEz62dESD5kDEi+wUnnPiCYiQ4vvavOuVRXpyWAPtwFKOk0T25sNhFW9WsU172ML/uP60zyrnPDz/bl9t3AL7P6b56pji9Uj8SubNsbMF8IqThzAVKqq3yvsIZDoyGDamO9OtnTvLOgzYSpmNcSPBHJvvArumfaun68kMw+FocN17rjL1QtuE9sXgREXbf6CbU1hdqikbsj/O1gw9oIqLMsYeBobcRwoIwtruL9ASboWsMvAAlr4dXwezTo+iwfzVOE3kIdmBH6af/UvfNAdJoElYppLCAYMu6zcbxotDwA1ekjp5v5kaXhAIIGp0k02hihDfK5/qhj/i7lvdNQDOEWtvwh/N6gDUHgHaJjEg5PLSyeK8lU7xyrmb5RIbL/aIAvxP4AoyIk+3/ZJwxUTb3pUwIcZXjbuYrUUC0aKLdXU962C+Y/coeRpwkE6R18vivXqtvKHhJNSdn1VUeT+HFNJzh0pUDZ0/sHMYM9DvQ/WJh/LGo4o+hj+FLpE3eIuD36OrfupqJWNgSW/wZQf/jXq+NlGiOt9+hm0EfOSPR0nrUEAWsmQLc47k3uQtm+7u1KueBXWMR72Mj9KGLep9hT69S+W2izQjyVLtrilatXHfy+A1KDs0zmKmgVjtz1Pqy6ckfLes+sNheV1F6Lck9F+kWvioU8Bd8i4XaPZjacGQ9D5OsNRnpcXF1WJXuFXYnDDJuwke4GvK4NhLTnNYnr5CeBkGBiPO/EaociILRIqFjjvlgrLu28c+dhQSJgB9AdK0ZgBdZe5jp2F4mqbAQZ8Y+Ax4hb5ZdaKu/J2rpK4FblyhdVeiaucLMGYAdcD3lbL1/CQ6vH1rNcBOB7ncPArARJgjLIinwacIzVcpHYSMmgXHjGfQB9FtrxWx1h8Kn+IkQkMdQO0dvxxheq8ruHSwofcoefs/buCqpeZKmJhJ8pq+vC+TFJBInq+x0czSw+6RvbxCHJR4TtinnIE/emb4NPYE8rac+yafywZ1W9QhCpejuc/P/9B3XFexGjz8tjIjZGJKJ7DSrl/c0/AyjND+K+P77C5Kaht8qeu9y6aNzg+rRE0sZlS3c6mcVR1mCMrEWwWwc9nvg78P2aGgtpdcdEHyZMHmsep+ww1Bqt0iZpJPQiTOqaB7ED1986OMMrGh75AfYHBerwB4dfzl9AfpzcaA5gdbRZe5ZIC0d4Z5I5WGFyEsMsB4y/NXtltT3zrt07ECJtvoYV64lBMnZYOvKOh8ybPkgedGgnF+ef2+K+gkUTIT8gqHMY+RicOc22guUHT0YHjfD3+vXEdWkAsmBiBJHW0Bgz5EjSSV+vMYXMcc14ZnoPNKPjmmhuIxqFmdNd+bGE+BEv9y5/bC&u=U2FsdGVkX19WzKvGww1h43XqTmi/NLtmP/nSRFDa7ShlghYZC0aqOwoxTQdeiXTM&y=U2FsdGVkX19LdPE7hMTlv07xcogiLc7wokPStjTQDZqUcA0V5dTbQFyDpm+qqscV HTTP/1.1" 200 26
186.102.53.38 - - [26/Jul/2023:12:47:39 -0500] "GET /kwssiamovil/sm/acme/a?s=U2FsdGVkX1+O1R2YxKP8H/GezNvBWxZQsey/rRtjgvksOFbzLtX5QZ3+5y7qCIfoaJkf6RxtrMFZIHcjCb151nejcgNqWNN0aXu1uc9onnSTqX29oYAApiqc9lSDw3npc+oBJ1rQ6+UyB2erMEgomreihYOwYeFPbaJ49t2NXQI=&u=U2FsdGVkX19WzKvGww1h43XqTmi/NLtmP/nSRFDa7ShlghYZC0aqOwoxTQdeiXTM&y=U2FsdGVkX19LdPE7hMTlv07xcogiLc7wokPStjTQDZqUcA0V5dTbQFyDpm+qqscV HTTP/1.1" 200 26
186.102.53.38 - - [26/Jul/2023:12:47:39 -0500] "GET /kwssiamovil/sm/acme/a?s=U2FsdGVkX1+DCb1UZvseY0o5GskB416gRyiEyBkvLr6PmwjHapqX/FTBGsxqZBi5ETQ57Ybkba4NxKnc4htoIKsmlX7+gYo5s6EfIIZgJ0mOi4+w6xI5WJQ8RQf/KUs0TD4oVHE1JqCLAsp2KPQ07QV4+8YZrbPr3DEM15VowOA=&u=U2FsdGVkX19WzKvGww1h43XqTmi/NLtmP/nSRFDa7ShlghYZC0aqOwoxTQdeiXTM&y=U2FsdGVkX19LdPE7hMTlv07xcogiLc7wokPStjTQDZqUcA0V5dTbQFyDpm+qqscV HTTP/1.1" 200 26
186.102.53.38 - - [26/Jul/2023:12:47:39 -0500] "GET /kwssiamovil/sm/acme/a?s=U2FsdGVkX1/bQbDVyZJ6ZC0SAhDkaWAHL5ja6LW5Dq9envv7R46NZLKqqJKIYP/ghfPchiqvoPxfrMfX+XYw3/l4VegLIzEjy1ItBxFJSWNk/a1FxxIrzvHb7da1A8fz3HMfzdQIWAKwXBkpAEUHUKyZ9zDzpRGfCwodeVmeVPY=&u=U2FsdGVkX19WzKvGww1h43XqTmi/NLtmP/nSRFDa7ShlghYZC0aqOwoxTQdeiXTM&y=U2FsdGVkX19LdPE7hMTlv07xcogiLc7wokPStjTQDZqUcA0V5dTbQFyDpm+qqscV HTTP/1.1" 200 26
186.102.53.38 - - [26/Jul/2023:12:47:40 -0500] "GET /kwssiamovil/sm/acme/a?s=U2FsdGVkX18X1RF9XWZGaMDXcX1TZYOcTYaEShMz45R3fqZlS+QkE95yRN11HWNa7+ODdCTRwnxuLobaWcJTeLpDh7YATwWvHmPJc0E9Y4DQv+DXzVG1/CxlqBiwYh4X+9CGd/L6M0hvQmvFp82TUsCw4XD4qVX2918uO0c/ESHVJOktLjhz3u1L2Ly4evhgDKjkQ+k0LX263r3V1F2VMg==&u=U2FsdGVkX19WzKvGww1h43XqTmi/NLtmP/nSRFDa7ShlghYZC0aqOwoxTQdeiXTM&y=U2FsdGVkX19LdPE7hMTlv07xcogiLc7wokPStjTQDZqUcA0V5dTbQFyDpm+qqscV HTTP/1.1" 200 26
191.95.55.251 - - [26/Jul/2023:12:48:04 -0500] "GET /BLA/resoluciones/index.php?dir=AUTOS+2014%2F HTTP/1.1" 200 890362
110.249.201.162 - - [26/Jul/2023:12:48:10 -0500] "GET /BLA/resoluciones/AUTOS%202015/6467.pdf HTTP/1.1" 200 554561
191.95.55.251 - - [26/Jul/2023:12:48:14 -0500] "GET /BLA/resoluciones/AUTOS%202014/4193.pdf HTTP/1.1" 200 300611
201.244.254.28 - - [26/Jul/2023:12:48:37 -0500] "POST /BLA/boletinlegal/admin/actos/ingresar.php HTTP/1.1" 200 7302
186.154.56.42 - - [26/Jul/2023:12:46:40 -0500] "GET /kwssiamovil/sm/des/cjson/pre?f=9&x=U2FsdGVkX19vpnVF0nGKqtyvKUUNkEhKq88669L91bXFJyEn1vsy1xIOXVn/GyYw HTTP/1.1" 200 77
111.225.149.14 - - [26/Jul/2023:12:48:58 -0500] "GET /BLA/resoluciones/AUTOS%202008/0227.pdf HTTP/1.1" 200 254693
66.249.70.196 - - [26/Jul/2023:12:49:06 -0500] "-" 408 -
191.95.55.251 - - [26/Jul/2023:12:49:13 -0500] "GET /BLA/resoluciones/index.php?dir=RESOLUCIONES+2015%2F HTTP/1.1" 200 130562
191.95.55.251 - - [26/Jul/2023:12:49:19 -0500] "GET /BLA/resoluciones/RESOLUCIONES%202015/2675.pdf HTTP/1.1" 200 706114
191.156.147.81 - - [26/Jul/2023:12:49:14 -0500] "POST /sipse/faces/presentacion/financiero/contrato/consultarContratosSolicitudProceso.xhtml HTTP/1.1" 200 73889
111.225.148.19 - - [26/Jul/2023:12:49:45 -0500] "GET /BLA/resoluciones/RESOLUCIONES%202012/1529.pdf HTTP/1.1" 200 503832
201.244.254.28 - - [26/Jul/2023:12:49:50 -0500] "POST /BLA/boletinlegal/admin/actos/ingresar.php HTTP/1.1" 200 7302
172.22.2.4 - - [26/Jul/2023:12:48:19 -0500] "HEAD /BLA/boletinlegal/ HTTP/1.1" 200 -
191.156.144.141 - - [26/Jul/2023:12:50:16 -0500] "POST /sipse/faces/presentacion/financiero/contrato/consultarContratosSolicitudProceso.xhtml HTTP/1.1" 200 73933
191.156.144.141 - - [26/Jul/2023:12:50:21 -0500] "POST /sipse/faces/presentacion/financiero/contrato/consultarContratosSolicitudProceso.xhtml HTTP/1.1" 200 73893
110.249.201.164 - - [26/Jul/2023:12:50:31 -0500] "GET /BLA/resoluciones/AUTOS%202020/3846.pdf HTTP/1.1" 200 400298
191.156.151.72 - - [26/Jul/2023:12:50:34 -0500] "POST /sipse/faces/presentacion/financiero/contrato/consultarContratosSolicitudProceso.xhtml HTTP/1.1" 200 61521
191.156.151.72 - - [26/Jul/2023:12:50:43 -0500] "POST /sipse/faces/presentacion/financiero/contrato/consultarContratosSolicitudProceso.xhtml HTTP/1.1" 200 61477
191.156.148.48 - - [26/Jul/2023:12:50:53 -0500] "POST /sipse/faces/presentacion/financiero/contrato/consultarContratosSolicitudProceso.xhtml HTTP/1.1" 200 61575
191.156.148.48 - - [26/Jul/2023:12:50:55 -0500] "GET /sipse/faces/javax.faces.resource/theme.css?ln=primefaces-sipse HTTP/1.1" 304 -
191.156.154.8 - - [26/Jul/2023:12:50:55 -0500] "GET /sipse/faces/javax.faces.resource/jquery/jquery.js?ln=primefaces&v=4.0 HTTP/1.1" 304 -
191.156.154.8 - - [26/Jul/2023:12:50:55 -0500] "GET /sipse/faces/javax.faces.resource/primefaces.css?ln=primefaces&v=4.0 HTTP/1.1" 304 -
191.156.148.48 - - [26/Jul/2023:12:50:55 -0500] "GET /sipse/faces/javax.faces.resource/layout/layout.css?ln=primefaces&v=4.0 HTTP/1.1" 304 -
