!C99Shell v. 1.0 pre-release build #13!

Software: Apache. PHP/5.5.15 

uname -a: Windows NT SVR-DMZ 6.1 build 7600 (Windows Server 2008 R2 Enterprise Edition) i586 

SYSTEM 

Safe-mode: OFF (not secure)

E:\nuevo\apache\logs\   drwxrwxrwx
Free 9.41 GB of 239.26 GB (3.93%)
Detected drives: [ a ] [ c ] [ d ] [ e ] [ f ]
Home    Back    Forward    UPDIR    Refresh    Search    Buffer    Encoder    Tools    Proc.    FTP brute    Sec.    SQL    PHP-code    Update    Feedback    Self remove    Logout    


Viewing file:     access.2023.07.31.log (2.61 MB)      -rw-rw-rw-
Select action/file-type:
(+) | (+) | (+) | Code (+) | Session (+) | (+) | SDB (+) | (+) | (+) | (+) | (+) | (+) |
3.10.198.239 - - [31/Jul/2023:00:01:30 -0500] "\x16\x03\x01" 400 226
172.22.2.4 - - [31/Jul/2023:00:00:16 -0500] "GET /BLA/boletinlegal/ HTTP/1.1" 200 53248
172.22.2.4 - - [31/Jul/2023:00:00:17 -0500] "GET /BLA/boletinlegal/ HTTP/1.1" 200 53248
52.167.144.33 - - [31/Jul/2023:00:02:20 -0500] "GET /BLA/resoluciones/AUTOS%202022/6382.pdf HTTP/1.1" 200 417186
3.10.198.239 - - [31/Jul/2023:00:02:21 -0500] "GET /cgi-bin/login.cgi HTTP/1.1" 404 1018
201.245.192.253 - - [31/Jul/2023:00:02:35 -0500] "POST /kwsrmcab/Wsrmcab  HTTP/1.1" 200 42691
216.245.221.92 - - [31/Jul/2023:00:03:03 -0500] "HEAD / HTTP/1.1" 200 -
3.10.198.239 - - [31/Jul/2023:00:04:10 -0500] "\x16\x03\x01" 400 226
3.10.198.239 - - [31/Jul/2023:00:05:06 -0500] "GET / HTTP/1.1" 200 319
173.252.111.119 - - [31/Jul/2023:00:05:39 -0500] "GET /cumpleanos-485-de-bogota-inscribete-a-las-jornadas-de-monitoreo-a-la-biodiversidad.html HTTP/1.1" 206 847
172.22.2.4 - - [31/Jul/2023:00:04:47 -0500] "GET /BLA/boletinlegal/ HTTP/1.1" 200 61779
173.252.107.7 - - [31/Jul/2023:00:06:31 -0500] "GET /andrea-murcia-la-creadora-del-primer-hogar-de-paso-para-perros-y-gatos-en-un-colegio.html HTTP/1.1" 200 973
52.167.144.33 - - [31/Jul/2023:00:06:51 -0500] "GET /BLA/resoluciones/AUTOS%202021/1903.pdf HTTP/1.1" 200 350150
52.167.144.69 - - [31/Jul/2023:00:07:03 -0500] "GET /Publicaciones/2023EE130111.pdf HTTP/1.1" 404 228
201.245.192.253 - - [31/Jul/2023:00:07:33 -0500] "POST /kwsrmcab/Wsrmcab  HTTP/1.1" 200 42691
216.245.221.92 - - [31/Jul/2023:00:08:03 -0500] "HEAD / HTTP/1.1" 200 -
172.22.2.4 - - [31/Jul/2023:00:09:03 -0500] "GET /BLA/boletinlegal/Circulares/2022/CIRCULAR%20No.%2000003%20DEL%2007%20DE%20MARZO%20DEL%202022.pdf HTTP/1.1" 304 -
172.22.2.4 - - [31/Jul/2023:00:10:42 -0500] "GET /BLA/boletinlegal/ HTTP/1.1" 200 59824
52.167.144.124 - - [31/Jul/2023:00:12:32 -0500] "GET /BLA/boletinlegal/Circulares/2012/Circular%20No.%2016%20del%2022%20de%20octubre%20de%202012.pdf HTTP/1.1" 200 381186
201.245.192.253 - - [31/Jul/2023:00:12:32 -0500] "POST /kwsrmcab/Wsrmcab  HTTP/1.1" 200 42691
208.100.26.244 - - [31/Jul/2023:00:12:43 -0500] "GET / HTTP/1.1" 200 319
172.22.2.4 - - [31/Jul/2023:00:11:56 -0500] "GET /BLA/boletinlegal/ HTTP/1.1" 200 40907
216.245.221.92 - - [31/Jul/2023:00:13:03 -0500] "HEAD / HTTP/1.1" 200 -
152.61.192.232 - - [31/Jul/2023:00:14:17 -0500] "GET / HTTP/1.1" 200 319
179.6.164.116 - - [31/Jul/2023:00:15:43 -0500] "GET /BLA/boletinlegal/js/jquery.scrollShow.js HTTP/1.1" 200 4586
179.6.164.116 - - [31/Jul/2023:00:15:43 -0500] "GET /galeria/galeria/jquery.fancybox.css?v=2.1.5 HTTP/1.1" 200 4895
179.6.164.116 - - [31/Jul/2023:00:15:43 -0500] "GET /galeria/galeria/jquery.fancybox.js?v=2.1.5 HTTP/1.1" 200 48706
201.245.192.253 - - [31/Jul/2023:00:17:31 -0500] "POST /kwsrmcab/Wsrmcab  HTTP/1.1" 200 42691
66.249.66.192 - - [31/Jul/2023:00:18:02 -0500] "GET /red-de-calidad-hidrica-de-bogota-una-herramienta-para-monitorear-la-calidad-del-agua.html HTTP/1.1" 200 817
216.245.221.92 - - [31/Jul/2023:00:18:03 -0500] "HEAD / HTTP/1.1" 200 -
179.6.164.116 - - [31/Jul/2023:00:18:24 -0500] "GET /galeria/carrusel/Carrusel/jquery.thumbnailScroller.css HTTP/1.1" 200 2066
179.6.164.116 - - [31/Jul/2023:00:18:24 -0500] "GET /galeria/carrusel/Carrusel/jquery-ui-1.8.13.custom.min.js HTTP/1.1" 200 10800
179.6.164.116 - - [31/Jul/2023:00:18:24 -0500] "GET /galeria/carrusel/Carrusel/jquery.thumbnailScroller.js HTTP/1.1" 200 8157
179.6.164.116 - - [31/Jul/2023:00:18:25 -0500] "GET /galeria/nivo-slider/demo/banner.html HTTP/1.1" 200 5446
179.6.164.116 - - [31/Jul/2023:00:18:25 -0500] "GET /galeria/nivo-slider/themes/default/default.css HTTP/1.1" 200 1569
179.6.164.116 - - [31/Jul/2023:00:18:25 -0500] "GET /galeria/nivo-slider/themes/pascal/pascal.css HTTP/1.1" 200 2258
179.6.164.116 - - [31/Jul/2023:00:18:25 -0500] "GET /galeria/nivo-slider/nivo-slider.css HTTP/1.1" 200 1507
179.6.164.116 - - [31/Jul/2023:00:18:25 -0500] "GET /galeria/nivo-slider/themes/orman/orman.css HTTP/1.1" 200 2152
179.6.164.116 - - [31/Jul/2023:00:18:26 -0500] "GET /galeria/nivo-slider/demo/style.css HTTP/1.1" 200 2222
179.6.164.116 - - [31/Jul/2023:00:18:26 -0500] "GET /galeria/nivo-slider/demo/images/bannertortuga_optimized.jpg HTTP/1.1" 200 39066
179.6.164.116 - - [31/Jul/2023:00:18:26 -0500] "GET /galeria/nivo-slider/demo/scripts/jquery-1.7.1.min.js HTTP/1.1" 200 93868
179.6.164.116 - - [31/Jul/2023:00:18:26 -0500] "GET /galeria/nivo-slider/demo/images/banneraccionpopular.jpeg HTTP/1.1" 200 41707
179.6.164.116 - - [31/Jul/2023:00:18:26 -0500] "GET /galeria/nivo-slider/demo/images/banneraire2021.jpg HTTP/1.1" 200 265101
179.6.164.116 - - [31/Jul/2023:00:18:26 -0500] "GET /galeria/nivo-slider/demo/images/Bannerenvases.jpg HTTP/1.1" 200 37316
179.6.164.116 - - [31/Jul/2023:00:18:26 -0500] "GET /galeria/nivo-slider/demo/images/bannercapacitacionesbogota.jpg HTTP/1.1" 200 42416
172.22.2.4 - - [31/Jul/2023:00:17:46 -0500] "GET /BLA/boletinlegal/?PagePrincipale/rss&id=1%27+and+extractvalue(0x0a,concat(0x0a,(select+concat_ws(0x207c20,md5(999999999),1,user()))))--+- HTTP/1.1" 200 32715
179.6.164.116 - - [31/Jul/2023:00:18:26 -0500] "GET /galeria/nivo-slider/demo/images/banneraccionpopularcrr68.jpg HTTP/1.1" 200 51887
179.6.164.116 - - [31/Jul/2023:00:18:26 -0500] "GET /galeria/nivo-slider/demo/images/bannerclases2021.jpg HTTP/1.1" 200 68230
179.6.164.116 - - [31/Jul/2023:00:18:26 -0500] "GET /galeria/nivo-slider/demo/images/Bannerplasticosseptiembre.jpg HTTP/1.1" 200 45633
179.6.164.116 - - [31/Jul/2023:00:18:26 -0500] "GET /galeria/nivo-slider/demo/images/Bannersedeelectronica.jpg HTTP/1.1" 200 40383
179.6.164.116 - - [31/Jul/2023:00:18:26 -0500] "GET /galeria/nivo-slider/demo/images/Bannervirtualescanales.jpg HTTP/1.1" 200 174544
179.6.164.116 - - [31/Jul/2023:00:18:27 -0500] "GET /galeria/nivo-slider/demo/images/Bannermujeresquereverdecen.jpg HTTP/1.1" 200 46558
179.6.164.116 - - [31/Jul/2023:00:18:27 -0500] "GET /galeria/nivo-slider/demo/images/bannertrafico_optimized.jpg HTTP/1.1" 200 42578
179.6.164.116 - - [31/Jul/2023:00:18:27 -0500] "GET /galeria/nivo-slider/demo/images/bannerrutaesperanza.jpg HTTP/1.1" 200 55560
179.6.164.116 - - [31/Jul/2023:00:18:27 -0500] "GET /galeria/nivo-slider/demo/images/bannerresiduoshospitalariosagosto.jpg HTTP/1.1" 200 36499
179.6.164.116 - - [31/Jul/2023:00:18:27 -0500] "GET /galeria/nivo-slider/themes/default/loading.gif HTTP/1.1" 200 1737
179.6.164.116 - - [31/Jul/2023:00:18:27 -0500] "GET /galeria/nivo-slider/demo/images/4Simple_Slider.png HTTP/1.1" 200 11722
179.6.164.116 - - [31/Jul/2023:00:18:27 -0500] "GET /galeria/nivo-slider/jquery.nivo.slider.pack.js HTTP/1.1" 200 11561
179.6.164.116 - - [31/Jul/2023:00:18:27 -0500] "GET /galeria/nivo-slider/themes/default/arrows.png HTTP/1.1" 200 824
179.6.164.116 - - [31/Jul/2023:00:18:27 -0500] "GET /galeria/nivo-slider/themes/default/bullets.png HTTP/1.1" 200 1281
201.245.192.253 - - [31/Jul/2023:00:18:55 -0500] "POST /kwsrmcab/Wsrmcab HTTP/1.1" 200 43560
201.245.192.253 - - [31/Jul/2023:00:18:58 -0500] "POST /kwsrmcab/Wsrmcab HTTP/1.1" 200 43877
52.167.144.69 - - [31/Jul/2023:00:19:24 -0500] "GET /BLA/resoluciones/RESOLUCIONES%202023/0728.pdf HTTP/1.1" 200 414843
157.55.39.217 - - [31/Jul/2023:00:22:29 -0500] "GET /portaldeninos/wp-content/uploads/2021/06/titulo-videos-ni%C3%B1os.png HTTP/1.1" 200 10502
201.245.192.253 - - [31/Jul/2023:00:22:30 -0500] "POST /kwsrmcab/Wsrmcab  HTTP/1.1" 200 42691
216.245.221.92 - - [31/Jul/2023:00:23:03 -0500] "HEAD / HTTP/1.1" 200 -
172.22.2.4 - - [31/Jul/2023:00:23:17 -0500] "GET /BLA/boletinlegal/ HTTP/1.1" 200 61779
152.61.128.50 - - [31/Jul/2023:00:25:10 -0500] "GET / HTTP/1.1" 200 319
162.55.175.144 - - [31/Jul/2023:00:26:15 -0500] "GET / HTTP/1.1" 200 319
103.136.220.239 - - [31/Jul/2023:00:26:32 -0500] "GET /galeria/galeria/fotos/Peque4Parque-nacional.jpg HTTP/1.1" 200 14623
201.245.192.253 - - [31/Jul/2023:00:27:28 -0500] "POST /kwsrmcab/Wsrmcab  HTTP/1.1" 200 42691
216.245.221.92 - - [31/Jul/2023:00:28:03 -0500] "HEAD / HTTP/1.1" 200 -
40.77.167.113 - - [31/Jul/2023:00:28:21 -0500] "GET /BLA/resoluciones/RESOLUCIONES%202023/0997.pdf HTTP/1.1" 200 451636
201.245.192.253 - - [31/Jul/2023:00:28:55 -0500] "POST /kwsrmcab/Wsrmcab HTTP/1.1" 200 43560
216.245.221.92 - - [31/Jul/2023:00:33:03 -0500] "HEAD / HTTP/1.1" 200 -
52.167.144.140 - - [31/Jul/2023:00:33:54 -0500] "GET /portaldeninos/wp-content/uploads/2020/01/Tierra-escenario.jpg HTTP/1.1" 200 181491
172.22.2.4 - - [31/Jul/2023:00:35:02 -0500] "GET /BLA/boletinlegal/ HTTP/1.1" 200 61779
201.245.192.253 - - [31/Jul/2023:00:37:02 -0500] "POST /kwsrmcab/Wsrmcab  HTTP/1.1" 200 42691
40.77.167.113 - - [31/Jul/2023:00:37:33 -0500] "GET /BLA/resoluciones/AUTOS%202013/1962.pdf HTTP/1.1" 304 -
216.245.221.92 - - [31/Jul/2023:00:38:03 -0500] "HEAD / HTTP/1.1" 200 -
52.167.144.69 - - [31/Jul/2023:00:38:37 -0500] "GET /BLA/resoluciones/RESOLUCIONES%202023/1038.pdf HTTP/1.1" 200 498627
201.245.192.253 - - [31/Jul/2023:00:38:54 -0500] "GET /kwsrmcab/Wsrmcab?wsdl HTTP/1.1" 200 6948
201.245.192.253 - - [31/Jul/2023:00:38:54 -0500] "POST /kwsrmcab/Wsrmcab HTTP/1.1" 200 43560
201.245.192.253 - - [31/Jul/2023:00:38:57 -0500] "POST /kwsrmcab/Wsrmcab HTTP/1.1" 200 43877
66.249.66.192 - - [31/Jul/2023:00:39:03 -0500] "GET /mujeres-que-reverdecen-secretaria-de-ambiente-anuncia-300-cupos-para-la-tercera-fase-del-programa.html HTTP/1.1" 200 823
66.249.66.193 - - [31/Jul/2023:00:39:04 -0500] "GET /por-un-corazon-mas-verde-del-1-al-9-de-junio-se-celebrara-la-semana-ambiental-2023-en-bogota.html HTTP/1.1" 200 819
201.245.192.253 - - [31/Jul/2023:00:39:11 -0500] "POST /kwsrmcab/Wsrmcab  HTTP/1.1" 200 42691
201.245.192.253 - - [31/Jul/2023:00:40:13 -0500] "POST /kwsrmcab/Wsrmcab  HTTP/1.1" 200 42691
172.22.2.4 - - [31/Jul/2023:00:40:02 -0500] "HEAD /BLA/boletinlegal/ HTTP/1.1" 200 -
52.167.144.69 - - [31/Jul/2023:00:42:26 -0500] "GET /BLA/resoluciones/RESOLUCIONES%202023/0831.pdf HTTP/1.1" 200 471241
172.22.2.4 - - [31/Jul/2023:00:40:53 -0500] "GET /BLA/boletinlegal/ HTTP/1.1" 200 54079
216.245.221.92 - - [31/Jul/2023:00:43:03 -0500] "HEAD / HTTP/1.1" 200 -
201.245.192.253 - - [31/Jul/2023:00:45:11 -0500] "POST /kwsrmcab/Wsrmcab  HTTP/1.1" 200 42691
172.22.2.4 - - [31/Jul/2023:00:45:52 -0500] "HEAD /BLA/boletinlegal/ HTTP/1.1" 200 -
216.245.221.92 - - [31/Jul/2023:00:48:03 -0500] "HEAD / HTTP/1.1" 200 -
172.22.2.4 - - [31/Jul/2023:00:46:43 -0500] "GET /BLA/boletinlegal/ HTTP/1.1" 200 59824
186.176.138.11 - - [31/Jul/2023:00:48:31 -0500] "GET /BLA/resoluciones/index.php HTTP/1.1" 200 13502
165.1.173.142 - - [31/Jul/2023:00:48:42 -0500] "GET /galeria/nivo-slider/demo/images/Bannerwebhumedales.jpg HTTP/1.1" 304 -
186.176.138.11 - - [31/Jul/2023:00:48:40 -0500] "GET /BLA/resoluciones/index.php?dir=AUTOS+2014%2F HTTP/1.1" 200 890362
201.245.192.253 - - [31/Jul/2023:00:50:10 -0500] "POST /kwsrmcab/Wsrmcab  HTTP/1.1" 200 42691
152.61.192.232 - - [31/Jul/2023:00:50:40 -0500] "GET /arcgis/services/Calidad_del_Agua_WQI/MapServer/WMSServer?request=GetCapabilities&service=WMS HTTP/1.1" 503 1020
152.61.192.232 - - [31/Jul/2023:00:50:41 -0500] "GET /arcgis/services/Calidad_del_Agua_WQI/MapServer/WMSServer?SERVICE=WMS&REQUEST=GetCapabilities HTTP/1.1" 503 1020
152.61.192.232 - - [31/Jul/2023:00:50:41 -0500] "GET /arcgis/services/Calidad_del_Agua_WQI/MapServer/WMSServer?WMTVER=1.0.0&REQUEST=capabilities HTTP/1.1" 503 1020
216.245.221.92 - - [31/Jul/2023:00:53:03 -0500] "HEAD / HTTP/1.1" 200 -
172.22.2.4 - - [31/Jul/2023:00:52:33 -0500] "GET /BLA/boletinlegal/ HTTP/1.1" 200 61779
199.16.157.183 - - [31/Jul/2023:00:54:57 -0500] "GET /images/cr%C3%B3nica-29-nov-1_optimized.jpeg HTTP/1.1" 404 1034
157.55.39.217 - - [31/Jul/2023:00:55:32 -0500] "GET /portaldeninos/wp-content/uploads/2018/11/tigrillo.jpg HTTP/1.1" 200 402961
40.77.167.113 - - [31/Jul/2023:00:56:43 -0500] "GET /BLA/resoluciones/AUTOS%202022/2775.pdf HTTP/1.1" 304 -
173.252.83.1 - - [31/Jul/2023:00:56:59 -0500] "GET /cumpleanos-485-de-bogota-inscribete-a-las-jornadas-de-monitoreo-a-la-biodiversidad.html HTTP/1.1" 200 847
173.252.83.119 - - [31/Jul/2023:00:56:59 -0500] "GET /cumpleanos-485-de-bogota-inscribete-a-las-jornadas-de-monitoreo-a-la-biodiversidad.html HTTP/1.1" 200 847
103.136.220.239 - - [31/Jul/2023:00:57:03 -0500] "GET /galeria/galeria/fotos/Humedal-la-conejera4P.jpg HTTP/1.1" 200 33365
216.245.221.92 - - [31/Jul/2023:00:58:03 -0500] "HEAD / HTTP/1.1" 200 -
201.245.192.253 - - [31/Jul/2023:00:58:35 -0500] "POST /kwsrmcab/Wsrmcab  HTTP/1.1" 200 42691
66.249.66.192 - - [31/Jul/2023:00:58:43 -0500] "GET /aeropuerto-el-dorado-distrito-sensibilizo-a-viajeros-para-evitar-el-trafico-de-especies-silvestres.html HTTP/1.1" 200 851
172.22.2.4 - - [31/Jul/2023:00:57:32 -0500] "HEAD /BLA/boletinlegal/ HTTP/1.1" 200 -
201.245.192.253 - - [31/Jul/2023:00:59:36 -0500] "POST /kwsrmcab/Wsrmcab  HTTP/1.1" 200 42691
52.167.144.33 - - [31/Jul/2023:01:01:17 -0500] "GET /BLA/resoluciones/RESOLUCIONES%202023/0750.pdf HTTP/1.1" 200 460899
216.245.221.92 - - [31/Jul/2023:01:03:03 -0500] "HEAD / HTTP/1.1" 200 -
52.167.144.140 - - [31/Jul/2023:01:04:28 -0500] "GET /arelis-salgado-sanando-heridas-y-mirando-la-vida-con-esperanza-de-la-mano-de-las-mujeres-que-reverdecen.html HTTP/1.1" 200 915
201.245.192.253 - - [31/Jul/2023:01:04:35 -0500] "POST /kwsrmcab/Wsrmcab  HTTP/1.1" 200 42691
172.22.2.4 - - [31/Jul/2023:01:03:22 -0500] "GET /BLA/boletinlegal/ HTTP/1.1" 200 61779
186.102.101.106 - - [31/Jul/2023:01:06:31 -0500] "GET /kwssiamovil/sm/acme/a?s=U2FsdGVkX19KeJEJ2eGvb6hvzVDFtKu3zWvgLWlfXJadc8MxD7Uzt8OObNlS/8SN4lyWKTHX6CeuWnZ26H31OxIbEO5Geaj0zHT43SagRiB0myKB1r68yLjZWQWqdpldVVWKZm9ehS6DpI82hvkxsdHJTcaio0OoPRgHPLYQUvUWRR9cmaomZEC5W+McZDbH/Usc7roYf7k/5Ea3QbAh29ruUA/aYOMt5oGqVDIGwMdk5OdKllOjE+2T5rjJ+HuLD1S9+hjdYmehi4JanlbnfA==&u=U2FsdGVkX19oweicM7d6qHPHoNjI0/lXsNZbS+DtHVs=&y=U2FsdGVkX18xEA3BAysTpjwoXsAXpsaUZTwLt8JPmaSg4s4PP+6qCGbXH0yJgNpn HTTP/1.1" 200 26
186.102.101.106 - - [31/Jul/2023:01:06:32 -0500] "GET /kwssiamovil/sm/acme/a?s=U2FsdGVkX1+t8f42oPhYiYDp9xZdF8m7DG+mwD0Z8KlABDhB5GBUxGgl3rfiDvB6408Gfhh6dAQ9I4aUfQbgYOFvsAe/Y2SaZ8LiVXRURJ7NUS9F1YQgl3X65RXdGkoXrDaegv4PNJbw4erkmLBYiIGqoh9xFI2kRPxjljltVAN2//xjqhyZaw9pRjgLPDetkJMMZJ25k+LuZc7mzYzNBdGSQsctzHgagcdl+oTx/GSes/f66zp9+y/vUHRuIArPZg5GqsG4UMabrwOSohItEU0atfVNDYdGtP0MgJ1qkPZdKiBBRLKtM4j3JcqixNHgItKQPgrzeVZah8tj02N1hF1ldZiHp2DmxO/7gowodBsEfVcIRO9zD0TaxMkc5XsCOomNqScCrymRu83gwEYhQHpnRXPTq9DZx4nFCo1jwciqroJZnjdxSIvCXuP0aAsoXx4nmyensNTcrN56oJo+Wr8/I1kLUU0kB1I28I51S4+iMdzmuh4hueaRXzKQC5rWNwFliMjIgovmyFyZunl35TohIIgGFPMORPnSFyPLcOlYzAnmZHypVhaBdgPFZmYabGNGCxnMR9YruyHpHiVO02v4SxMDK55zVrZo0Z7+8KpdidY6TmLa0oytteluNpAbGGjPGYBQIJ0L4AjS6ym/9B4sWZEWoZm010EfM1ufwqFmyFc0xUdENqJNabMJnnzhGQCxW8CCtbrV0v7gtGyPOVJT1gz/ZQxi6pYFf4ZMbiw5SHp1SUpUiIa+WjTNEO+L1D5+oA/3PT/R21R8tFe5tOROIPDyT4x/RjcLkN/2IXs8Uxw/fr8obnUV7PCS1KzOTerg3Z+LoSn9XHbQe38tv9OGfSQfWeHhEI1L+Ment0eT/9MNnCX9m7zxjqW8/MJ673seICT3qFyme4q/ifijqXJTr6lURHDaGKm0w/2RSt5QGFBVDLVJMdFwBEq4FYySyKIEiGd+CXbapRCy3em4ePR4bXMTpkHWqvRjiF4AoUhPmfNwBdheZmBXHPqtP1AJAp5zzoopIzIUWW71w5rOotJ92bM4wbQnyBpgMls225LXBy+hiB+21FEnRDPtxw9Cuq3qmpuEsUu/3kAqBI3c4jakb6kjbYW68jN71GeDoeXpAWf8Kv5cHVcKWKGljHd/Iv9LbcRCkv0cAZL4ULCELOqpooe47QkcpYl3RSk2Sy54rTep2ooYQ9HfeU5i1rZiaFZWBmu02oLSz5uV0hVgl1AHmrci1DVDQWBdQSMT7DSa4xvuSRMMP3DhVhqGrBJ9ndnXjaRKjXJBMuod6+9tPD4k3P02WbVyTBEORdSNk9DvPyMjrL1vdY6lsvZFk0m4l+SbRvXA+Zi6S762bFnccYBK8bhVdVlcCC2JmGShUj8=&u=U2FsdGVkX19oweicM7d6qHPHoNjI0/lXsNZbS+DtHVs=&y=U2FsdGVkX18xEA3BAysTpjwoXsAXpsaUZTwLt8JPmaSg4s4PP+6qCGbXH0yJgNpn HTTP/1.1" 200 26
186.102.101.106 - - [31/Jul/2023:01:06:32 -0500] "GET /kwssiamovil/sm/acme/a?s=U2FsdGVkX19XAL1AbDsIg+bGdXqsiw4a/vgXtvbJ88Y68oalrNqQamamq1nu2IQiB4eAPy2nApCxz4Ad9IoOQZ2J0vnQsJCJFnKEPE2rxx/Gq9pfRk3n1T49jFJOpuc1EQvGfijqHGAjpBEDh3BzVO3p0mObTLGGlcgksW+kGcU=&u=U2FsdGVkX19oweicM7d6qHPHoNjI0/lXsNZbS+DtHVs=&y=U2FsdGVkX18xEA3BAysTpjwoXsAXpsaUZTwLt8JPmaSg4s4PP+6qCGbXH0yJgNpn HTTP/1.1" 200 26
186.102.101.106 - - [31/Jul/2023:01:06:33 -0500] "GET /kwssiamovil/sm/acme/a?s=U2FsdGVkX18hOqT23+QUCy5r8EbxQjYIA9EY+gW7QuzgfcT4FGW4nvrs5QzFsvle1cSd++GA776XvqfntM/R5TjTCY94OX4NilqetcQSn9CAI2XyoZDQgObRfvpyhPQBK0dGWj8pXtGcMg5LBK8BM4miT+O+H/rbH+y7ymmrC5A=&u=U2FsdGVkX19oweicM7d6qHPHoNjI0/lXsNZbS+DtHVs=&y=U2FsdGVkX18xEA3BAysTpjwoXsAXpsaUZTwLt8JPmaSg4s4PP+6qCGbXH0yJgNpn HTTP/1.1" 200 26
186.102.101.106 - - [31/Jul/2023:01:06:33 -0500] "GET /kwssiamovil/sm/acme/a?s=U2FsdGVkX1+DlKP7+ymr0YyPyeW838PaAZDiYiR8Py/t5xJfvoeUZmACEpxtxSlyQq/W8HFYuZpPoKG1AhA90ixgPKlYpx7U6aKOIXJ3uNH9R9FYJB+EbuyojsQRA2noPWxukalpS7DFFtFmhHj1Oe0uSOEUbgEdLUVUISMTndY=&u=U2FsdGVkX19oweicM7d6qHPHoNjI0/lXsNZbS+DtHVs=&y=U2FsdGVkX18xEA3BAysTpjwoXsAXpsaUZTwLt8JPmaSg4s4PP+6qCGbXH0yJgNpn HTTP/1.1" 200 26
186.102.101.106 - - [31/Jul/2023:01:06:33 -0500] "GET /kwssiamovil/sm/acme/a?s=U2FsdGVkX1+J7vPdyjygw8nxKJglukz7whyJQYuyywKxg1wcb1p6CfIEy4TGAyimP0XuvJAfb2/UQEZ+0++xZ1XPtWhwXYkBR2AWe7TSWqgHc2HlS+4FHyukZNEZk6sdIUxIkQXqJEgHFWhvB9beeBrutOZBPW9YVj6AijRZFST1mXu0MaUjdZVI4iwQtr8n&u=U2FsdGVkX19oweicM7d6qHPHoNjI0/lXsNZbS+DtHVs=&y=U2FsdGVkX18xEA3BAysTpjwoXsAXpsaUZTwLt8JPmaSg4s4PP+6qCGbXH0yJgNpn HTTP/1.1" 200 26
216.245.221.92 - - [31/Jul/2023:01:08:03 -0500] "HEAD / HTTP/1.1" 200 -
201.245.192.253 - - [31/Jul/2023:01:09:34 -0500] "POST /kwsrmcab/Wsrmcab  HTTP/1.1" 200 42691
172.22.2.4 - - [31/Jul/2023:01:08:22 -0500] "HEAD /BLA/boletinlegal/ HTTP/1.1" 200 -
52.167.144.140 - - [31/Jul/2023:01:10:18 -0500] "GET /portaldeninos/2021/06/29/jasbleady-castaneda-una-mujer-que-le-pone-el-alma-a-la-proteccion-de-las-tinguas-azules/ HTTP/1.1" 200 108388
104.248.166.245 - - [31/Jul/2023:01:11:08 -0500] "\x16\x03\x01\x01\xfd\x01" 400 226
52.167.144.33 - - [31/Jul/2023:01:11:16 -0500] "GET /BLA/resoluciones/AUTOS%202022/0425.pdf HTTP/1.1" 304 -
54.151.231.169 - - [31/Jul/2023:01:11:37 -0500] "GET /galeria/nivo-slider/demo/convocatorias.html? HTTP/1.1" 200 3464
54.151.231.169 - - [31/Jul/2023:01:11:38 -0500] "GET /galeria/nivo-slider/demo/images/bannerconvocatoriaacercar.jpg HTTP/1.1" 200 91528
172.22.2.4 - - [31/Jul/2023:01:10:33 -0500] "GET /BLA/boletinlegal/ HTTP/1.1" 200 57680
172.22.2.4 - - [31/Jul/2023:01:10:33 -0500] "GET /BLA/boletinlegal/ HTTP/1.1" 200 58079
216.245.221.92 - - [31/Jul/2023:01:13:03 -0500] "HEAD / HTTP/1.1" 200 -
201.245.192.253 - - [31/Jul/2023:01:14:32 -0500] "POST /kwsrmcab/Wsrmcab  HTTP/1.1" 200 42691
66.249.70.198 - - [31/Jul/2023:01:15:02 -0500] "GET /robots.txt HTTP/1.1" 404 1018
66.249.70.198 - - [31/Jul/2023:01:15:02 -0500] "GET /BLA/resoluciones/RESOLUCIONES%202010/6625.pdf HTTP/1.1" 200 1587443
191.111.2.154 - - [31/Jul/2023:01:15:12 -0500] "GET /appsia/controlador HTTP/1.1" 200 4799
191.111.2.154 - - [31/Jul/2023:01:15:13 -0500] "GET /appsia/css/estilos.css HTTP/1.1" 200 4804
191.111.2.154 - - [31/Jul/2023:01:15:13 -0500] "GET /appsia/scripts/validarIngreso.js HTTP/1.1" 200 851
191.111.2.154 - - [31/Jul/2023:01:15:13 -0500] "GET /appsia/images/cabezoteHojaVida.png HTTP/1.1" 200 32493
191.111.2.154 - - [31/Jul/2023:01:15:13 -0500] "GET /appsia/images/logo_bogota_p.png HTTP/1.1" 200 14951
191.111.2.154 - - [31/Jul/2023:01:15:13 -0500] "GET /favicon.ico HTTP/1.1" 200 7782
191.111.2.154 - - [31/Jul/2023:01:15:28 -0500] "GET /BLA/resoluciones/ HTTP/1.1" 200 13502
191.111.2.154 - - [31/Jul/2023:01:15:39 -0500] "GET /BLA/resoluciones/index.php?dir=RESOLUCIONES+2021%2F HTTP/1.1" 200 12235
191.111.2.154 - - [31/Jul/2023:01:15:39 -0500] "GET /BLA/resoluciones/dlf/archive.png HTTP/1.1" 200 632
191.111.2.154 - - [31/Jul/2023:01:15:39 -0500] "GET /BLA/resoluciones/index.php?dir=RESOLUCIONES+2021%2F HTTP/1.1" 200 441861
191.111.2.154 - - [31/Jul/2023:01:15:43 -0500] "GET /BLA/resoluciones/RESOLUCIONES%202021/3102.pdf HTTP/1.1" 200 1318355
191.111.2.154 - - [31/Jul/2023:01:15:43 -0500] "GET /BLA/resoluciones/RESOLUCIONES%202021/3102.pdf HTTP/1.1" 206 1
191.111.2.154 - - [31/Jul/2023:01:15:43 -0500] "GET /BLA/resoluciones/RESOLUCIONES%202021/3102.pdf HTTP/1.1" 206 1315749
191.111.2.154 - - [31/Jul/2023:01:15:43 -0500] "GET /BLA/resoluciones/RESOLUCIONES%202021/3102.pdf HTTP/1.1" 206 1025
191.111.2.154 - - [31/Jul/2023:01:15:43 -0500] "GET /BLA/resoluciones/RESOLUCIONES%202021/3102.pdf HTTP/1.1" 200 1318355
172.22.2.4 - - [31/Jul/2023:01:15:03 -0500] "GET /BLA/boletinlegal/ HTTP/1.1" 200 61779
216.245.221.92 - - [31/Jul/2023:01:18:03 -0500] "HEAD / HTTP/1.1" 200 -
152.61.128.50 - - [31/Jul/2023:01:18:55 -0500] "GET /arcgis/services/Calidad_del_Agua_WQI/MapServer/WMSServer?request=GetCapabilities&service=WMS HTTP/1.1" 503 1020
201.245.192.253 - - [31/Jul/2023:01:18:54 -0500] "POST /kwsrmcab/Wsrmcab HTTP/1.1" 200 43545
152.61.128.50 - - [31/Jul/2023:01:18:57 -0500] "GET /arcgis/services/Calidad_del_Agua_WQI/MapServer/WMSServer?SERVICE=WMS&REQUEST=GetCapabilities HTTP/1.1" 503 1020
152.61.128.50 - - [31/Jul/2023:01:18:57 -0500] "GET /arcgis/services/Calidad_del_Agua_WQI/MapServer/WMSServer?WMTVER=1.0.0&REQUEST=capabilities HTTP/1.1" 503 1020
201.245.192.253 - - [31/Jul/2023:01:18:57 -0500] "POST /kwsrmcab/Wsrmcab HTTP/1.1" 200 43870
159.203.92.199 - - [31/Jul/2023:01:19:30 -0500] "GET / HTTP/1.1" 200 319
201.245.192.253 - - [31/Jul/2023:01:19:31 -0500] "POST /kwsrmcab/Wsrmcab  HTTP/1.1" 200 42691
162.55.38.160 - - [31/Jul/2023:01:20:21 -0500] "GET / HTTP/1.1" 200 319
172.22.2.4 - - [31/Jul/2023:01:20:53 -0500] "GET /BLA/boletinlegal/ HTTP/1.1" 200 61779
216.245.221.92 - - [31/Jul/2023:01:23:03 -0500] "HEAD / HTTP/1.1" 200 -
201.245.192.253 - - [31/Jul/2023:01:24:30 -0500] "POST /kwsrmcab/Wsrmcab  HTTP/1.1" 200 42691
66.249.70.198 - - [31/Jul/2023:01:26:29 -0500] "GET /galeria/galeria/jquery.fancybox.js?v=2.1.5 HTTP/1.1" 200 48706
172.22.2.4 - - [31/Jul/2023:01:25:52 -0500] "HEAD /BLA/boletinlegal/ HTTP/1.1" 200 -
172.22.2.4 - - [31/Jul/2023:01:26:43 -0500] "GET /BLA/boletinlegal/ HTTP/1.1" 200 57272
186.102.101.106 - - [31/Jul/2023:01:28:41 -0500] "GET /kwssiamovil/sm/acme/a?s=U2FsdGVkX1+NIZ39mPtWM54JG8LafJ//FHV5KoacTjnBiHGBZSEz/no8CK9Qdp9HQi/vHmJjBtnU5uBkB2oM4iIFHIkjOEZxKC2B4XfVRf29Hhl1BknWgKlyqY9fS5MIAKqd2QIU8bkq2sB4ht4sdHkfryhHVEPqgH9lZQcLKC6KvME5NlY6309v+0yWuG6A3D4hExSls/e64gSOeu66/FSNhxfzigaOl3YEui7KfCbiJFHlXXY0HsKc8GV+GE330K6BxziZovAATn5k9ZckkQ==&u=U2FsdGVkX19oweicM7d6qHPHoNjI0/lXsNZbS+DtHVs=&y=U2FsdGVkX18xEA3BAysTpjwoXsAXpsaUZTwLt8JPmaSg4s4PP+6qCGbXH0yJgNpn HTTP/1.1" 200 26
186.102.101.106 - - [31/Jul/2023:01:28:41 -0500] "GET /kwssiamovil/sm/acme/a?s=U2FsdGVkX18pJrqzNqzu5k5Rg0vNXUCRHnJpWcyE5UbdXrFFHpuwm0leWjxMVDOLVoohKxsbXGni32UXxH4NzfwiENg7GC/03XzsBoXXY26vjR65YZ0okVQ3yC8l5DplwuChy4UY6H2ZR+QVDKW60vt4PuI/zbE4GMP4/lKoMV8G2ySVk831iT8On79WBwuC9zXrhTNCwCBk3iJkb8Fm8l9zOnZqQiN87NGObbR9vChQECWz8AyHQ1m817tO8IkbfbwwqB0hcZVH19N97OJ2BQrs7UHgf9E8Mo0b+jHS2ColmOVF8MCRKbE17HjPoSC2VYnHHvZiXSEUby/WSwBGCw4KkgVy++7Y+WBajcM/KdpZOEsg6AePnRzdxJmhoHKRQ2xpQA0WUFOSA19FEOsRbRhno/ovX41/mPlGQ6P3ZFfxz0b9JszO/D3TgnMpDRwdebwd3XmmcEitopCGZ5iLmN8KHdDcSxsswtpWR6oYd2NNrBABoFoWUBMpjoLyatNLQo8P2ny76LgjHvVUNSaMDWCFfBZxAyAU45Kj5LonKYmxl0Pk2MrGqpTLWkc163MPx7r82AP659wUXpCkx4iqvaTuCVi+H+TouHJZR/2tFcwuUIGw0y1KWVLBhbSCPYWxhsIcKeJvQbEOMdR4jsmYp2Laiu0xn4KnlV7oIecOykregQ5fRm3hZ+0gFkNuW86hnccBUiG3G0bU8/MHgcoVL/6o5NU2e4khszmXahvuGQqHZmgTdftB9bsdvQR6pDdmQFF6pIxYsLAzWO2oFQ2hPZ37XGZsYOUw3JM+GygacV3Or8ApLJpcAmBZpt6MYPrmmoR6zHIpoNB+B2frZWZ9y2LMmZGnv6/VBoAHhEqsIlJFrTh+RxHHjEyOVDE75JQQECq1f1GEkTN70l1Ps69Xfg04qP/GsRR1lquLRc8dQ5ImnE12rFDN7x1Z5zCoYqhY2fNNEh6rymJxj4Dr2yjQDsRBaM3nXGpjnP29bx6E6Al4Dl2/Q1lBpN4WE6/kWI1zKq2JlRbtfY1Rr91mQGcXkCZjG9b29HBJCQ9+yhm48lxEhGxFuFya1USA5AQCPESXxDvMSlyplFuioRThYsS05Vl/SdywD0ITQxDmBIS2oHuhEFkDc9bv2rCAM3aFvtV4nDgtCToQMhYXEiSo0QzarXpzBsjLLDVoXv7AJINymjCelty2jzIA+P6FBDMmaMnuuVXYGoaPDSmZL+Mz/DyoymSc0Kr4QEWFgkiF2GpHttDsFZdP6r0KqnnRmR4gs6MXOfR0bONMZHMec0YAs8eMO8XeUG4OCSMGWn/W60xpUTgSuKlyD/BYHix6iebvr6kAgsMtFsD+hiHgDDX000Y5KsovCn0elZv2/30BMFD1W8tG7FoRk9+dTcVf4f1GdtR6A/UjuxS00Jz1YuOSEXikWJqcv/UC2b5M/K85tcyFoAx1f91bm/L3Q4Vo+5TzZG/ZxpPxRyvpwZKa2IWqs8xNPw1e3ZpO4BRtojWvpy4iFmeJqTBfvWmWTD6bpq/y2qfysmgVNVRV7xUpbUvr7tv8sEp88f6sAZLmr+YrZuoBLnNpFOtAhJSLjUIo+ef9uAghK69HtfG4G9fr6QnMe0eT6Q==&u=U2FsdGVkX19oweicM7d6qHPHoNjI0/lXsNZbS+DtHVs=&y=U2FsdGVkX18xEA3BAysTpjwoXsAXpsaUZTwLt8JPmaSg4s4PP+6qCGbXH0yJgNpn HTTP/1.1" 200 26
186.102.101.106 - - [31/Jul/2023:01:28:42 -0500] "GET /kwssiamovil/sm/acme/a?s=U2FsdGVkX1/3S6wruA3+b83IIHyFhMmsSEnPbwwudeiRL+eIVIGKjpUKMgMBQwDkjnixGCCBK8twCk9M6d9ZrNlpQ0RwxO2pUKoVVbbXH2zY2F6E9Pini4+/GDkxOCFPIePvCAjq11VCvtBXzseqT/FXLClzlVO4BGl5E1U6I14=&u=U2FsdGVkX19oweicM7d6qHPHoNjI0/lXsNZbS+DtHVs=&y=U2FsdGVkX18xEA3BAysTpjwoXsAXpsaUZTwLt8JPmaSg4s4PP+6qCGbXH0yJgNpn HTTP/1.1" 200 26
186.102.101.106 - - [31/Jul/2023:01:28:42 -0500] "GET /kwssiamovil/sm/acme/a?s=U2FsdGVkX1+nBsr/w4oiAG0nAOf5fr37Xegt/kVbD2R/M79J26yesfzLVGpFyB0c7LyVUNlqzqBpmD87R2QTubomwQYMQNbe0fS3tsB8umEEn5nWQgt84/TYUHA5oi8yDF3I8sg6JosKSvtFIaXncL0KEpivjYcJTmRZILJ/azc=&u=U2FsdGVkX19oweicM7d6qHPHoNjI0/lXsNZbS+DtHVs=&y=U2FsdGVkX18xEA3BAysTpjwoXsAXpsaUZTwLt8JPmaSg4s4PP+6qCGbXH0yJgNpn HTTP/1.1" 200 26
186.102.101.106 - - [31/Jul/2023:01:28:42 -0500] "GET /kwssiamovil/sm/acme/a?s=U2FsdGVkX1+Fptt8k84xpUfU9HayqRXKmijNLUrEcfI7iZxb9Jvucyjxmgt1TKXyAP7c66tfvmrWQnph82ExQffbUG9+/S9/kF9gh//Ur8HqWyXjMaNSXrk1mN21a76HdtdGuxMw0F/KiFjoOYVXM0xpB6ih8cWzhPTL40zAwkc=&u=U2FsdGVkX19oweicM7d6qHPHoNjI0/lXsNZbS+DtHVs=&y=U2FsdGVkX18xEA3BAysTpjwoXsAXpsaUZTwLt8JPmaSg4s4PP+6qCGbXH0yJgNpn HTTP/1.1" 200 26
186.102.101.106 - - [31/Jul/2023:01:28:42 -0500] "GET /kwssiamovil/sm/acme/a?s=U2FsdGVkX19aDW1ENrmxdh0eM3cybsqMfkh1AcZf/Qi2P14gnAXKJxlqVmJ7eawpAMV7ziyTRofDHAIvL4AgJjCrBOd92m1cnZuAANgQoHMML1+czZZBcJMSHvJilTlg7p5U6yuHQViTbXotxyDrgjhV9TuhBHs0yTHyw9p6P+PhwqjqSXliNGGJpoRTR+uz&u=U2FsdGVkX19oweicM7d6qHPHoNjI0/lXsNZbS+DtHVs=&y=U2FsdGVkX18xEA3BAysTpjwoXsAXpsaUZTwLt8JPmaSg4s4PP+6qCGbXH0yJgNpn HTTP/1.1" 200 26
216.245.221.92 - - [31/Jul/2023:01:28:53 -0500] "GET / HTTP/1.1" 200 319
201.245.192.253 - - [31/Jul/2023:01:28:54 -0500] "POST /kwsrmcab/Wsrmcab HTTP/1.1" 200 43545
201.245.192.253 - - [31/Jul/2023:01:28:57 -0500] "POST /kwsrmcab/Wsrmcab HTTP/1.1" 200 43870
201.245.192.253 - - [31/Jul/2023:01:29:28 -0500] "POST /kwsrmcab/Wsrmcab  HTTP/1.1" 200 42691
69.63.184.7 - - [31/Jul/2023:01:33:13 -0500] "GET /images/avistamiento-aves.jpg HTTP/1.1" 200 104313
172.22.2.4 - - [31/Jul/2023:01:31:42 -0500] "HEAD /BLA/boletinlegal/ HTTP/1.1" 200 -
172.22.2.4 - - [31/Jul/2023:01:33:26 -0500] "GET /BLA/boletinlegal/Circulares/2020/Circular%2000010%20del%2027%20de%20julio%20de%202020.pdf HTTP/1.1" 200 422655
52.167.144.33 - - [31/Jul/2023:01:33:39 -0500] "GET /BLA/resoluciones/AUTOS%202022/0120.pdf HTTP/1.1" 304 -
216.245.221.92 - - [31/Jul/2023:01:33:53 -0500] "HEAD / HTTP/1.1" 200 -
172.22.2.4 - - [31/Jul/2023:01:32:33 -0500] "GET /BLA/boletinlegal/ HTTP/1.1" 200 57680
201.245.192.253 - - [31/Jul/2023:01:34:27 -0500] "POST /kwsrmcab/Wsrmcab  HTTP/1.1" 200 42691
167.94.138.50 - - [31/Jul/2023:01:36:30 -0500] "GET / HTTP/1.1" 200 319
167.94.138.50 - - [31/Jul/2023:01:36:30 -0500] "GET / HTTP/1.1" 200 319
167.94.138.50 - - [31/Jul/2023:01:36:30 -0500] "PRI * HTTP/2.0" 400 946
167.94.138.50 - - [31/Jul/2023:01:36:31 -0500] "GET /favicon.ico HTTP/1.1" 200 7782
216.245.221.92 - - [31/Jul/2023:01:38:53 -0500] "HEAD / HTTP/1.1" 200 -
172.22.2.4 - - [31/Jul/2023:01:37:32 -0500] "HEAD /BLA/boletinlegal/ HTTP/1.1" 200 -
201.245.192.253 - - [31/Jul/2023:01:39:25 -0500] "POST /kwsrmcab/Wsrmcab  HTTP/1.1" 200 42691
201.245.192.253 - - [31/Jul/2023:01:39:54 -0500] "POST /kwsrmcab/Wsrmcab HTTP/1.1" 200 43870
172.22.2.4 - - [31/Jul/2023:01:38:23 -0500] "GET /BLA/boletinlegal/ HTTP/1.1" 200 57680
40.77.167.113 - - [31/Jul/2023:01:40:57 -0500] "GET /Publicaciones/2023EE137335.pdf HTTP/1.1" 404 228
5.255.231.195 - - [31/Jul/2023:01:41:35 -0500] "GET /robots.txt HTTP/1.1" 404 1018
95.108.213.133 - - [31/Jul/2023:01:41:36 -0500] "GET / HTTP/1.1" 200 319
213.180.203.162 - - [31/Jul/2023:01:43:41 -0500] "GET / HTTP/1.1" 200 319
216.245.221.92 - - [31/Jul/2023:01:43:53 -0500] "HEAD / HTTP/1.1" 200 -
172.22.2.4 - - [31/Jul/2023:01:43:22 -0500] "HEAD /BLA/boletinlegal/ HTTP/1.1" 200 -
201.245.192.253 - - [31/Jul/2023:01:45:33 -0500] "POST /kwsrmcab/Wsrmcab  HTTP/1.1" 200 42691
172.22.2.4 - - [31/Jul/2023:01:44:13 -0500] "GET /BLA/boletinlegal/ HTTP/1.1" 200 48153
201.245.192.253 - - [31/Jul/2023:01:46:33 -0500] "POST /kwsrmcab/Wsrmcab  HTTP/1.1" 200 42691
216.245.221.92 - - [31/Jul/2023:01:49:43 -0500] "GET / HTTP/1.1" 200 319
172.22.2.4 - - [31/Jul/2023:01:49:12 -0500] "HEAD /BLA/boletinlegal/ HTTP/1.1" 200 -
201.245.192.253 - - [31/Jul/2023:01:51:32 -0500] "POST /kwsrmcab/Wsrmcab  HTTP/1.1" 200 42691
103.136.220.239 - - [31/Jul/2023:01:52:25 -0500] "GET /portaldeninos/wp-content/uploads/2020/06/tw.jpg HTTP/1.1" 200 11056
40.77.167.85 - - [31/Jul/2023:01:53:08 -0500] "GET /robots.txt HTTP/1.1" 404 1018
52.167.144.33 - - [31/Jul/2023:01:53:12 -0500] "GET /BLA/resoluciones/AUTOS%202022/0435.pdf HTTP/1.1" 304 -
172.22.2.4 - - [31/Jul/2023:01:51:32 -0500] "GET /BLA/boletinlegal/ HTTP/1.1" 200 58079
172.22.2.4 - - [31/Jul/2023:01:51:34 -0500] "GET /BLA/boletinlegal/ HTTP/1.1" 200 57680
216.245.221.92 - - [31/Jul/2023:01:54:43 -0500] "HEAD / HTTP/1.1" 200 -
201.245.192.253 - - [31/Jul/2023:01:56:30 -0500] "POST /kwsrmcab/Wsrmcab  HTTP/1.1" 200 42691
172.22.2.4 - - [31/Jul/2023:01:55:53 -0500] "GET /BLA/boletinlegal/ HTTP/1.1" 200 61779
40.77.167.113 - - [31/Jul/2023:02:00:10 -0500] "GET /BLA/resoluciones/AUTOS%202021/2045.pdf HTTP/1.1" 304 -
216.245.221.92 - - [31/Jul/2023:02:00:33 -0500] "GET / HTTP/1.1" 200 319
201.245.192.253 - - [31/Jul/2023:02:01:29 -0500] "POST /kwsrmcab/Wsrmcab  HTTP/1.1" 200 42691
172.22.2.4 - - [31/Jul/2023:02:00:52 -0500] "HEAD /BLA/boletinlegal/ HTTP/1.1" 200 -
40.77.167.113 - - [31/Jul/2023:02:03:09 -0500] "GET /BLA/resoluciones/RESOLUCIONES%202023/0575.pdf HTTP/1.1" 200 507780
172.22.2.4 - - [31/Jul/2023:02:01:43 -0500] "GET /BLA/boletinlegal/ HTTP/1.1" 200 48778
52.167.144.69 - - [31/Jul/2023:02:03:33 -0500] "GET /BLA/resoluciones/RESOLUCIONES%202023/0981.pdf HTTP/1.1" 200 460183
52.167.144.69 - - [31/Jul/2023:02:03:33 -0500] "GET /BLA/resoluciones/AUTOS%202018/3865.pdf HTTP/1.1" 200 335662
216.245.221.92 - - [31/Jul/2023:02:05:33 -0500] "HEAD / HTTP/1.1" 200 -
201.245.192.253 - - [31/Jul/2023:02:06:29 -0500] "POST /kwsrmcab/Wsrmcab  HTTP/1.1" 200 42691
172.22.2.4 - - [31/Jul/2023:02:06:42 -0500] "HEAD /BLA/boletinlegal/ HTTP/1.1" 200 -
66.249.66.193 - - [31/Jul/2023:02:09:02 -0500] "GET /mas-de-28-toneladas-de-residuos-se-recolectaron-en-la-primera-reciclaton-2023.html HTTP/1.1" 304 -
216.245.221.92 - - [31/Jul/2023:02:10:33 -0500] "HEAD / HTTP/1.1" 200 -
201.245.192.253 - - [31/Jul/2023:02:11:28 -0500] "POST /kwsrmcab/Wsrmcab  HTTP/1.1" 200 42691
216.245.221.92 - - [31/Jul/2023:02:15:33 -0500] "HEAD / HTTP/1.1" 200 -
201.245.192.253 - - [31/Jul/2023:02:16:26 -0500] "POST /kwsrmcab/Wsrmcab  HTTP/1.1" 200 42691
172.22.2.4 - - [31/Jul/2023:02:17:32 -0500] "GET /BLA/boletinlegal/ HTTP/1.1" 200 61779
201.245.192.253 - - [31/Jul/2023:02:19:54 -0500] "POST /kwsrmcab/Wsrmcab HTTP/1.1" 200 43863
216.245.221.92 - - [31/Jul/2023:02:20:33 -0500] "HEAD / HTTP/1.1" 200 -
201.245.192.253 - - [31/Jul/2023:02:22:35 -0500] "POST /kwsrmcab/Wsrmcab  HTTP/1.1" 200 42691
201.245.192.253 - - [31/Jul/2023:02:23:35 -0500] "POST /kwsrmcab/Wsrmcab  HTTP/1.1" 200 42691
172.22.2.4 - - [31/Jul/2023:02:22:32 -0500] "HEAD /BLA/boletinlegal/ HTTP/1.1" 200 -
172.22.2.4 - - [31/Jul/2023:02:23:23 -0500] "GET /BLA/boletinlegal/ HTTP/1.1" 200 57680
216.245.221.92 - - [31/Jul/2023:02:25:33 -0500] "HEAD / HTTP/1.1" 200 -
87.236.176.74 - - [31/Jul/2023:02:26:56 -0500] "GET / HTTP/1.1" 200 319
162.55.37.179 - - [31/Jul/2023:02:27:22 -0500] "GET / HTTP/1.1" 200 319
201.245.192.253 - - [31/Jul/2023:02:28:34 -0500] "POST /kwsrmcab/Wsrmcab  HTTP/1.1" 200 42691
201.245.192.253 - - [31/Jul/2023:02:28:54 -0500] "POST /kwsrmcab/Wsrmcab HTTP/1.1" 200 43542
201.245.192.253 - - [31/Jul/2023:02:28:57 -0500] "POST /kwsrmcab/Wsrmcab HTTP/1.1" 200 43863
52.167.144.147 - - [31/Jul/2023:02:29:38 -0500] "GET /BLA/resoluciones/AUTOS%202013/0146.pdf HTTP/1.1" 304 -
172.22.2.4 - - [31/Jul/2023:02:28:22 -0500] "HEAD /BLA/boletinlegal/ HTTP/1.1" 200 -
216.245.221.92 - - [31/Jul/2023:02:30:33 -0500] "HEAD / HTTP/1.1" 200 -
172.22.2.4 - - [31/Jul/2023:02:29:13 -0500] "GET /BLA/boletinlegal/ HTTP/1.1" 200 59824
201.245.192.253 - - [31/Jul/2023:02:33:32 -0500] "POST /kwsrmcab/Wsrmcab  HTTP/1.1" 200 42691
216.245.221.92 - - [31/Jul/2023:02:35:33 -0500] "HEAD / HTTP/1.1" 200 -
172.22.2.4 - - [31/Jul/2023:02:35:03 -0500] "GET /BLA/boletinlegal/ HTTP/1.1" 200 61779
201.245.192.253 - - [31/Jul/2023:02:38:31 -0500] "POST /kwsrmcab/Wsrmcab  HTTP/1.1" 200 42691
201.245.192.253 - - [31/Jul/2023:02:38:54 -0500] "POST /kwsrmcab/Wsrmcab HTTP/1.1" 200 43542
201.245.192.253 - - [31/Jul/2023:02:38:57 -0500] "POST /kwsrmcab/Wsrmcab HTTP/1.1" 200 43863
216.245.221.92 - - [31/Jul/2023:02:40:33 -0500] "HEAD / HTTP/1.1" 200 -
201.245.192.253 - - [31/Jul/2023:02:43:29 -0500] "POST /kwsrmcab/Wsrmcab  HTTP/1.1" 200 42691
172.22.2.4 - - [31/Jul/2023:02:42:12 -0500] "GET /BLA/boletinlegal/ HTTP/1.1" 200 49099
172.22.2.4 - - [31/Jul/2023:02:42:13 -0500] "GET /BLA/boletinlegal/ HTTP/1.1" 200 54453
216.245.221.92 - - [31/Jul/2023:02:45:33 -0500] "HEAD / HTTP/1.1" 200 -
201.245.192.253 - - [31/Jul/2023:02:48:28 -0500] "POST /kwsrmcab/Wsrmcab  HTTP/1.1" 200 42691
216.245.221.92 - - [31/Jul/2023:02:51:23 -0500] "GET / HTTP/1.1" 200 319
40.77.167.113 - - [31/Jul/2023:02:52:15 -0500] "GET /BLA/resoluciones/AUTOS%202022/1021.pdf HTTP/1.1" 304 -
201.245.192.253 - - [31/Jul/2023:02:53:26 -0500] "POST /kwsrmcab/Wsrmcab  HTTP/1.1" 200 42691
216.245.221.92 - - [31/Jul/2023:02:56:23 -0500] "HEAD / HTTP/1.1" 200 -
201.245.192.253 - - [31/Jul/2023:02:58:24 -0500] "POST /kwsrmcab/Wsrmcab  HTTP/1.1" 200 42691
173.252.127.116 - - [31/Jul/2023:02:58:39 -0500] "GET /images/pl\xc3\xa1sticos%20foto%201..jpg HTTP/1.1" 404 1034
172.22.2.4 - - [31/Jul/2023:02:57:14 -0500] "GET /BLA/boletinlegal/ HTTP/1.1" 200 61779
172.22.2.4 - - [31/Jul/2023:03:00:13 -0500] "POST /BLA/boletinlegal/upload/UploadResourcePic.ashx?ResourceID=8382 HTTP/1.1" 404 1018
173.252.107.118 - - [31/Jul/2023:03:01:53 -0500] "GET /representantes-de-colombia-y-europa-se-reunieron-para-desarrollar-estrategias-innovadoras-en-la-gestion-del-plastico.html HTTP/1.1" 200 851
136.62.62.217 - - [31/Jul/2023:03:02:04 -0500] "GET / HTTP/1.1" 200 319
216.245.221.92 - - [31/Jul/2023:03:02:13 -0500] "GET / HTTP/1.1" 200 319
201.245.192.253 - - [31/Jul/2023:03:03:23 -0500] "POST /kwsrmcab/Wsrmcab  HTTP/1.1" 200 42691
172.22.2.4 - - [31/Jul/2023:03:02:14 -0500] "HEAD /BLA/boletinlegal/ HTTP/1.1" 200 -
172.22.2.4 - - [31/Jul/2023:03:03:05 -0500] "GET /BLA/boletinlegal/ HTTP/1.1" 200 52149
216.245.221.92 - - [31/Jul/2023:03:07:13 -0500] "HEAD / HTTP/1.1" 200 -
179.51.119.61 - - [31/Jul/2023:03:07:50 -0500] "GET /sipse/faces/presentacion/financiero/solicitudAnulacion/consultarSolicitudAnulacion.xhtml HTTP/1.1" 302 -
179.51.119.61 - - [31/Jul/2023:03:07:50 -0500] "GET /sipse/faces/autenticacion.xhtml HTTP/1.1" 200 12177
179.51.119.61 - - [31/Jul/2023:03:07:52 -0500] "GET /sipse/js/disable_browser_buttons.js HTTP/1.1" 304 -
179.51.119.61 - - [31/Jul/2023:03:07:52 -0500] "GET /sipse/js/funciones.js HTTP/1.1" 304 -
179.51.119.61 - - [31/Jul/2023:03:07:52 -0500] "GET /sipse/css/custom_css_sg.css HTTP/1.1" 304 -
179.51.119.61 - - [31/Jul/2023:03:07:52 -0500] "GET /sipse/css/custom_css_sg_prime_login.css HTTP/1.1" 304 -
179.51.119.61 - - [31/Jul/2023:03:07:52 -0500] "GET /sipse/faces/javax.faces.resource/theme.css?ln=primefaces-sipse HTTP/1.1" 304 -
179.51.119.61 - - [31/Jul/2023:03:07:53 -0500] "GET /sipse/faces/javax.faces.resource/layout/layout.css?ln=primefaces&v=4.0 HTTP/1.1" 304 -
179.51.119.61 - - [31/Jul/2023:03:07:53 -0500] "GET /sipse/faces/javax.faces.resource/primefaces.css?ln=primefaces&v=4.0 HTTP/1.1" 304 -
179.51.119.61 - - [31/Jul/2023:03:07:53 -0500] "GET /sipse/faces/javax.faces.resource/jquery/jquery.js?ln=primefaces&v=4.0 HTTP/1.1" 304 -
179.51.119.61 - - [31/Jul/2023:03:07:53 -0500] "GET /sipse/faces/javax.faces.resource/jquery/jquery-plugins.js?ln=primefaces&v=4.0 HTTP/1.1" 304 -
179.51.119.61 - - [31/Jul/2023:03:07:53 -0500] "GET /sipse/faces/javax.faces.resource/primefaces.js?ln=primefaces&v=4.0 HTTP/1.1" 304 -
179.51.119.61 - - [31/Jul/2023:03:07:53 -0500] "GET /sipse/faces/javax.faces.resource/layout/layout.js?ln=primefaces&v=4.0 HTTP/1.1" 304 -
179.51.119.61 - - [31/Jul/2023:03:07:53 -0500] "GET /sipse/css/imagen/logoSDG.png HTTP/1.1" 304 -
179.51.119.61 - - [31/Jul/2023:03:07:53 -0500] "GET /sipse/css/imagen/loginimg.png HTTP/1.1" 304 -
179.51.119.61 - - [31/Jul/2023:03:07:53 -0500] "GET /sipse/faces/javax.faces.resource/images/ui-icons_898989_256x240.png?ln=primefaces-aristo HTTP/1.1" 304 -
179.51.119.61 - - [31/Jul/2023:03:07:54 -0500] "GET /sipse/faces/index.xhtml HTTP/1.1" 200 677
179.51.119.61 - - [31/Jul/2023:03:07:54 -0500] "GET /sipse/faces/javax.faces.resource/theme.css?ln=primefaces-sipse HTTP/1.1" 304 -
179.51.119.61 - - [31/Jul/2023:03:07:54 -0500] "GET /sipse/faces/faces/autenticacion.xhtml HTTP/1.1" 200 12177
179.51.119.61 - - [31/Jul/2023:03:07:54 -0500] "GET /sipse/faces/javax.faces.resource/theme.css?ln=primefaces-sipse HTTP/1.1" 304 -
179.51.119.61 - - [31/Jul/2023:03:07:54 -0500] "GET /sipse/faces/javax.faces.resource/primefaces.css?ln=primefaces&v=4.0 HTTP/1.1" 304 -
179.51.119.61 - - [31/Jul/2023:03:07:54 -0500] "GET /sipse/faces/javax.faces.resource/layout/layout.css?ln=primefaces&v=4.0 HTTP/1.1" 304 -
179.51.119.61 - - [31/Jul/2023:03:07:54 -0500] "GET /sipse/faces/javax.faces.resource/jquery/jquery-plugins.js?ln=primefaces&v=4.0 HTTP/1.1" 304 -
179.51.119.61 - - [31/Jul/2023:03:07:54 -0500] "GET /sipse/faces/javax.faces.resource/jquery/jquery.js?ln=primefaces&v=4.0 HTTP/1.1" 304 -
179.51.119.61 - - [31/Jul/2023:03:07:54 -0500] "GET /sipse/faces/javax.faces.resource/primefaces.js?ln=primefaces&v=4.0 HTTP/1.1" 304 -
179.51.119.61 - - [31/Jul/2023:03:07:55 -0500] "GET /sipse/faces/javax.faces.resource/layout/layout.js?ln=primefaces&v=4.0 HTTP/1.1" 304 -
201.245.192.253 - - [31/Jul/2023:03:08:21 -0500] "POST /kwsrmcab/Wsrmcab  HTTP/1.1" 200 42691
69.63.184.2 - - [31/Jul/2023:03:09:35 -0500] "GET /en-navidad-bogota-protege-el-musgo-y-sus-ecosistemas.html HTTP/1.1" 200 802
172.22.2.4 - - [31/Jul/2023:03:08:55 -0500] "GET /BLA/boletinlegal/ HTTP/1.1" 200 61779
216.245.221.92 - - [31/Jul/2023:03:12:13 -0500] "HEAD / HTTP/1.1" 200 -
178.33.230.232 - - [31/Jul/2023:03:13:17 -0500] "GET /chapinero-reverdece-con-200-nuevos-arboles.html HTTP/1.1" 200 851
201.245.192.253 - - [31/Jul/2023:03:13:19 -0500] "POST /kwsrmcab/Wsrmcab  HTTP/1.1" 200 42691
172.22.2.4 - - [31/Jul/2023:03:14:45 -0500] "GET /BLA/boletinlegal/ HTTP/1.1" 200 61779
216.245.221.92 - - [31/Jul/2023:03:17:13 -0500] "HEAD / HTTP/1.1" 200 -
201.245.192.253 - - [31/Jul/2023:03:18:54 -0500] "POST /kwsrmcab/Wsrmcab HTTP/1.1" 200 43528
201.245.192.253 - - [31/Jul/2023:03:18:57 -0500] "POST /kwsrmcab/Wsrmcab HTTP/1.1" 200 43734
201.245.192.253 - - [31/Jul/2023:03:19:27 -0500] "POST /kwsrmcab/Wsrmcab  HTTP/1.1" 200 42691
172.22.2.4 - - [31/Jul/2023:03:19:44 -0500] "HEAD /BLA/boletinlegal/ HTTP/1.1" 200 -
201.245.192.253 - - [31/Jul/2023:03:21:37 -0500] "POST /kwsrmcab/Wsrmcab  HTTP/1.1" 200 42691
216.245.221.92 - - [31/Jul/2023:03:22:13 -0500] "HEAD / HTTP/1.1" 200 -
172.22.2.4 - - [31/Jul/2023:03:20:35 -0500] "GET /BLA/boletinlegal/ HTTP/1.1" 200 57272
201.245.192.253 - - [31/Jul/2023:03:23:46 -0500] "POST /kwsrmcab/Wsrmcab  HTTP/1.1" 200 42691
201.245.192.253 - - [31/Jul/2023:03:24:47 -0500] "POST /kwsrmcab/Wsrmcab  HTTP/1.1" 200 42691
216.245.221.92 - - [31/Jul/2023:03:27:13 -0500] "HEAD / HTTP/1.1" 200 -
172.22.2.4 - - [31/Jul/2023:03:26:24 -0500] "GET /BLA/boletinlegal/ HTTP/1.1" 200 61779
201.245.192.253 - - [31/Jul/2023:03:29:47 -0500] "POST /kwsrmcab/Wsrmcab  HTTP/1.1" 200 42691
201.245.192.253 - - [31/Jul/2023:03:29:54 -0500] "POST /kwsrmcab/Wsrmcab HTTP/1.1" 200 43734
216.245.221.92 - - [31/Jul/2023:03:32:13 -0500] "HEAD / HTTP/1.1" 200 -
172.22.2.4 - - [31/Jul/2023:03:31:24 -0500] "HEAD /BLA/boletinlegal/ HTTP/1.1" 200 -
172.22.2.4 - - [31/Jul/2023:03:32:14 -0500] "GET /BLA/boletinlegal/ HTTP/1.1" 200 56452
201.245.192.253 - - [31/Jul/2023:03:34:45 -0500] "POST /kwsrmcab/Wsrmcab  HTTP/1.1" 200 42691
216.245.221.92 - - [31/Jul/2023:03:37:13 -0500] "HEAD / HTTP/1.1" 200 -
201.245.192.253 - - [31/Jul/2023:03:38:54 -0500] "POST /kwsrmcab/Wsrmcab HTTP/1.1" 200 43528
201.245.192.253 - - [31/Jul/2023:03:38:57 -0500] "POST /kwsrmcab/Wsrmcab HTTP/1.1" 200 43734
66.249.66.205 - - [31/Jul/2023:03:39:02 -0500] "GET /robots.txt HTTP/1.1" 404 1043
66.249.66.206 - - [31/Jul/2023:03:39:02 -0500] "GET /BLA/boletinlegal/Directivas/2017/Directiva%20No.%2001%20del%2027%20de%20Junio%20de%202018.pdf HTTP/1.1" 200 217496
172.22.2.4 - - [31/Jul/2023:03:38:05 -0500] "GET /BLA/boletinlegal/ HTTP/1.1" 200 61779
201.245.192.253 - - [31/Jul/2023:03:39:42 -0500] "POST /kwsrmcab/Wsrmcab  HTTP/1.1" 200 42691
3.140.11.254 - - [31/Jul/2023:03:40:02 -0500] "HEAD /mas-de-1300-tinguas-fueron-recuperadas-en-epoca-migratoria-en-bogota.html HTTP/1.1" 200 -
34.86.208.255 - - [31/Jul/2023:03:40:50 -0500] "\x16\x03\x01" 400 226
34.86.208.255 - - [31/Jul/2023:03:40:52 -0500] "OPTIONS / HTTP/1.0" 200 -
216.245.221.92 - - [31/Jul/2023:03:42:13 -0500] "HEAD / HTTP/1.1" 200 -
3.140.11.254 - - [31/Jul/2023:03:43:00 -0500] "HEAD /bogota-sostenible-articulacion-entre-el-distrito-y-el-sector-privado-claves-del-exito.html HTTP/1.1" 200 -
201.245.192.253 - - [31/Jul/2023:03:44:41 -0500] "POST /kwsrmcab/Wsrmcab  HTTP/1.1" 200 42691
172.22.2.4 - - [31/Jul/2023:03:43:54 -0500] "GET /BLA/boletinlegal/ HTTP/1.1" 200 61779
216.245.221.92 - - [31/Jul/2023:03:47:13 -0500] "HEAD / HTTP/1.1" 200 -
172.22.2.4 - - [31/Jul/2023:03:48:52 -0500] "GET /BLA/boletinlegal/Circulares/2013/Circular%20No.%203%20del%2005%20de%20abril%20de%202013.pdf HTTP/1.1" 200 93580
172.22.2.4 - - [31/Jul/2023:03:48:52 -0500] "GET /BLA/boletinlegal/robots.txt HTTP/1.1" 404 1038
201.245.192.253 - - [31/Jul/2023:03:49:40 -0500] "POST /kwsrmcab/Wsrmcab  HTTP/1.1" 200 42691
52.167.144.33 - - [31/Jul/2023:03:50:00 -0500] "GET /sipse/faces/autenticacion.xhtml HTTP/1.1" 200 12499
172.22.2.4 - - [31/Jul/2023:03:48:54 -0500] "HEAD /BLA/boletinlegal/ HTTP/1.1" 200 -
172.22.2.4 - - [31/Jul/2023:03:49:45 -0500] "GET /BLA/boletinlegal/ HTTP/1.1" 200 59824
216.245.221.92 - - [31/Jul/2023:03:52:13 -0500] "HEAD / HTTP/1.1" 200 -
52.167.144.69 - - [31/Jul/2023:03:54:04 -0500] "GET /Publicaciones/2021EE148645.pdf HTTP/1.1" 404 228
201.245.192.253 - - [31/Jul/2023:03:55:47 -0500] "POST /kwsrmcab/Wsrmcab  HTTP/1.1" 200 42691
172.22.2.4 - - [31/Jul/2023:03:54:44 -0500] "HEAD /BLA/boletinlegal/ HTTP/1.1" 200 -
201.245.192.253 - - [31/Jul/2023:03:56:49 -0500] "POST /kwsrmcab/Wsrmcab  HTTP/1.1" 200 42691
3.140.11.254 - - [31/Jul/2023:03:57:12 -0500] "HEAD /arelis-salgado-sanando-heridas-y-mirando-la-vida-con-esperanza-de-la-mano-de-las-mujeres-que-reverdecen.html HTTP/1.1" 200 -
216.245.221.92 - - [31/Jul/2023:03:57:13 -0500] "HEAD / HTTP/1.1" 200 -
172.22.2.4 - - [31/Jul/2023:03:55:34 -0500] "GET /BLA/boletinlegal/ HTTP/1.1" 200 54942
3.140.11.254 - - [31/Jul/2023:03:58:35 -0500] "HEAD /cumpleanos-485-de-bogota-inscribete-a-las-jornadas-de-monitoreo-a-la-biodiversidad.html HTTP/1.1" 200 -
3.140.11.254 - - [31/Jul/2023:03:59:15 -0500] "HEAD /aeropuerto-el-dorado-distrito-sensibilizo-a-viajeros-para-evitar-el-trafico-de-especies-silvestres.html HTTP/1.1" 200 -
52.167.144.33 - - [31/Jul/2023:03:59:53 -0500] "GET /BLA/resoluciones/AUTOS%202016/1888.pdf HTTP/1.1" 304 -
201.245.192.253 - - [31/Jul/2023:04:01:47 -0500] "POST /kwsrmcab/Wsrmcab  HTTP/1.1" 200 42691
3.140.11.254 - - [31/Jul/2023:04:01:56 -0500] "HEAD /secretaria-de-ambiente-libero-12-animales-silvestres-en-parque-entrenubes-en-los-ultimos-tres-anos-ya-han-retornado-a-la-libertad-12-800.html HTTP/1.1" 200 -
172.22.2.4 - - [31/Jul/2023:04:00:34 -0500] "HEAD /BLA/boletinlegal/ HTTP/1.1" 200 -
216.245.221.92 - - [31/Jul/2023:04:03:03 -0500] "GET / HTTP/1.1" 200 319
162.55.165.184 - - [31/Jul/2023:04:03:12 -0500] "GET / HTTP/1.1" 200 319
172.22.2.4 - - [31/Jul/2023:04:02:43 -0500] "GET /BLA/boletinlegal/ HTTP/1.1" 200 61387
64.62.197.203 - - [31/Jul/2023:04:06:30 -0500] "\x16\x03\x01" 400 226
201.245.192.253 - - [31/Jul/2023:04:06:46 -0500] "POST /kwsrmcab/Wsrmcab  HTTP/1.1" 200 42691
216.245.221.92 - - [31/Jul/2023:04:08:03 -0500] "HEAD / HTTP/1.1" 200 -
3.140.11.254 - - [31/Jul/2023:04:09:25 -0500] "HEAD /cumpleanos-485-de-bogota-inscribete-a-las-jornadas-de-monitoreo-a-la-biodiversidad.html HTTP/1.1" 200 -
201.245.192.253 - - [31/Jul/2023:04:11:46 -0500] "POST /kwsrmcab/Wsrmcab  HTTP/1.1" 200 42691
216.245.221.92 - - [31/Jul/2023:04:13:03 -0500] "HEAD / HTTP/1.1" 200 -
3.140.11.254 - - [31/Jul/2023:04:13:25 -0500] "HEAD /arelis-salgado-sanando-heridas-y-mirando-la-vida-con-esperanza-de-la-mano-de-las-mujeres-que-reverdecen.html HTTP/1.1" 200 -
52.167.144.33 - - [31/Jul/2023:04:15:02 -0500] "GET /BLA/resoluciones/index.php?dir=AUTOS+2011%2F HTTP/1.1" 200 636588
157.55.39.217 - - [31/Jul/2023:04:15:23 -0500] "GET /ojo-con-los-arboles-en-la-temporada-de-vientos.html HTTP/1.1" 200 769
172.22.2.4 - - [31/Jul/2023:04:15:54 -0500] "GET /BLA/boletinlegal/sitemap_index.xml HTTP/1.1" 404 1038
201.245.192.253 - - [31/Jul/2023:04:16:43 -0500] "POST /kwsrmcab/Wsrmcab  HTTP/1.1" 200 42691
172.22.2.4 - - [31/Jul/2023:04:17:15 -0500] "GET /BLA/boletinlegal/Circulares/2023/CIRCULAR%20No.%2000005%20DEL%2013%20DE%20JUNIO%20DEL%202023.pdf HTTP/1.1" 304 -
216.245.221.92 - - [31/Jul/2023:04:18:03 -0500] "HEAD / HTTP/1.1" 200 -
40.77.167.113 - - [31/Jul/2023:04:18:12 -0500] "GET /BLA/resoluciones/RESOLUCIONES%202023/0203.pdf HTTP/1.1" 200 354122
172.22.2.4 - - [31/Jul/2023:04:18:43 -0500] "GET /BLA/boletinlegal/actos.php HTTP/1.1" 200 9682
172.22.2.4 - - [31/Jul/2023:04:18:43 -0500] "GET /BLA/boletinlegal/favicon.ico HTTP/1.1" 404 1326
201.185.97.236 - - [31/Jul/2023:04:18:48 -0500] "GET /BLA/resoluciones/ HTTP/1.1" 200 13502
201.185.97.236 - - [31/Jul/2023:04:18:50 -0500] "GET /BLA/resoluciones/index.php?dir=AUTOS+2023%2F HTTP/1.1" 200 189826
172.22.2.4 - - [31/Jul/2023:04:19:03 -0500] "GET /BLA/boletinlegal/manage/account/login HTTP/1.1" 404 1018
201.245.192.253 - - [31/Jul/2023:04:19:54 -0500] "POST /kwsrmcab/Wsrmcab HTTP/1.1" 200 43874
201.245.192.253 - - [31/Jul/2023:04:21:42 -0500] "POST /kwsrmcab/Wsrmcab  HTTP/1.1" 200 42691
172.22.2.4 - - [31/Jul/2023:04:22:58 -0500] "GET /BLA/boletinlegal/styles2.css HTTP/1.1" 200 1838
172.22.2.4 - - [31/Jul/2023:04:22:58 -0500] "GET /BLA/boletinlegal/js/jquery.js HTTP/1.1" 200 57254
172.22.2.4 - - [31/Jul/2023:04:22:58 -0500] "GET /BLA/boletinlegal/js/jquery.scrollTo-min.js HTTP/1.1" 200 1150
172.22.2.4 - - [31/Jul/2023:04:22:58 -0500] "GET /BLA/boletinlegal/js/jquery.scrollShow.js HTTP/1.1" 200 4586
172.22.2.4 - - [31/Jul/2023:04:22:58 -0500] "GET /BLA/boletinlegal/images/cabezote%20BLEGAL.jpg HTTP/1.1" 200 118164
172.22.2.4 - - [31/Jul/2023:04:22:58 -0500] "GET /BLA/boletinlegal/images/subscribe-icon-big.png HTTP/1.1" 200 47702
172.22.2.4 - - [31/Jul/2023:04:22:58 -0500] "GET /BLA/boletinlegal/images/historia.png HTTP/1.1" 200 52775
172.22.2.4 - - [31/Jul/2023:04:22:59 -0500] "GET /BLA/boletinlegal/images/registro-usuarios.png HTTP/1.1" 200 8106
172.22.2.4 - - [31/Jul/2023:04:22:59 -0500] "GET /BLA/boletinlegal/images/arr_l.jpg HTTP/1.1" 200 1979
172.22.2.4 - - [31/Jul/2023:04:22:59 -0500] "GET /BLA/boletinlegal/images/screen_1.png HTTP/1.1" 200 202547
172.22.2.4 - - [31/Jul/2023:04:22:59 -0500] "GET /BLA/boletinlegal/images/launch.jpg HTTP/1.1" 200 14577
216.245.221.92 - - [31/Jul/2023:04:23:03 -0500] "HEAD / HTTP/1.1" 200 -
172.22.2.4 - - [31/Jul/2023:04:23:07 -0500] "GET /BLA/boletinlegal/images/screen_2.png HTTP/1.1" 200 362502
172.22.2.4 - - [31/Jul/2023:04:23:08 -0500] "GET /BLA/boletinlegal/images/screen_3.png HTTP/1.1" 200 210620
172.22.2.4 - - [31/Jul/2023:04:23:08 -0500] "GET /BLA/boletinlegal/images/screen_5.png HTTP/1.1" 200 368876
172.22.2.4 - - [31/Jul/2023:04:23:09 -0500] "GET /BLA/boletinlegal/images/arr_r.jpg HTTP/1.1" 200 1998
172.22.2.4 - - [31/Jul/2023:04:23:17 -0500] "GET /BLA/boletinlegal/images/pdf.gif HTTP/1.1" 200 567
52.167.144.69 - - [31/Jul/2023:04:23:58 -0500] "GET /BLA/resoluciones/AUTOS%202014/2475.pdf HTTP/1.1" 304 -
40.77.167.113 - - [31/Jul/2023:04:24:03 -0500] "GET /BLA/resoluciones/RESOLUCIONES%202023/1011.pdf HTTP/1.1" 200 473369
172.22.2.4 - - [31/Jul/2023:04:22:45 -0500] "GET /BLA/boletinlegal/ HTTP/1.1" 200 54453
172.22.2.4 - - [31/Jul/2023:04:22:58 -0500] "GET /BLA/boletinlegal/ HTTP/1.1" 200 54453
172.22.2.4 - - [31/Jul/2023:04:24:56 -0500] "GET /BLA/boletinlegal/robots.txt HTTP/1.1" 404 1037
172.22.2.4 - - [31/Jul/2023:04:25:54 -0500] "GET /BLA/boletinlegal/actos.php HTTP/1.1" 200 9682
201.245.192.253 - - [31/Jul/2023:04:26:41 -0500] "POST /kwsrmcab/Wsrmcab  HTTP/1.1" 200 42691
172.22.2.4 - - [31/Jul/2023:04:26:55 -0500] "GET /BLA/boletinlegal/style.css HTTP/1.1" 200 9406
172.22.2.4 - - [31/Jul/2023:04:26:55 -0500] "GET /BLA/boletinlegal/images/body_bg.jpg HTTP/1.1" 200 1601
172.22.2.4 - - [31/Jul/2023:04:26:55 -0500] "GET /BLA/boletinlegal/images/menu_rght.gif HTTP/1.1" 200 1627
172.22.2.4 - - [31/Jul/2023:04:26:55 -0500] "GET /BLA/boletinlegal/images/menu_lft.gif HTTP/1.1" 200 1713
