!C99Shell v. 1.0 pre-release build #13!

Software: Apache. PHP/5.5.15 

uname -a: Windows NT SVR-DMZ 6.1 build 7600 (Windows Server 2008 R2 Enterprise Edition) i586 

SYSTEM 

Safe-mode: OFF (not secure)

E:\nuevo\apache\logs\   drwxrwxrwx
Free 8.02 GB of 239.26 GB (3.35%)
Detected drives: [ a ] [ c ] [ d ] [ e ] [ f ]
Home    Back    Forward    UPDIR    Refresh    Search    Buffer    Encoder    Tools    Proc.    FTP brute    Sec.    SQL    PHP-code    Update    Feedback    Self remove    Logout    


Viewing file:     access.2023.08.03.log (2.77 MB)      -rw-rw-rw-
Select action/file-type:
(+) | (+) | (+) | Code (+) | Session (+) | (+) | SDB (+) | (+) | (+) | (+) | (+) | (+) |
172.22.2.4 - - [03/Aug/2023:00:00:42 -0500] "HEAD /BLA/boletinlegal/ HTTP/1.1" 200 -
173.252.107.8 - - [03/Aug/2023:00:02:58 -0500] "GET /primer-festival-de-la-papa-nativa-en-el-jardin-botanico-conozca-pruebe-y-disfrute-estos-manjares-criollos-y-saludables.html HTTP/1.1" 200 1116
172.22.2.4 - - [03/Aug/2023:00:01:32 -0500] "GET /BLA/boletinlegal/ HTTP/1.1" 200 58474
52.167.144.147 - - [03/Aug/2023:00:03:29 -0500] "GET /BLA/resoluciones/index.php?dir=AUTOS+2018%2F HTTP/1.1" 200 461713
172.22.2.4 - - [03/Aug/2023:00:03:49 -0500] "GET /BLA/boletinlegal/actos.php HTTP/1.1" 200 9682
201.245.192.253 - - [03/Aug/2023:00:03:53 -0500] "POST /kwsrmcab/Wsrmcab  HTTP/1.1" 200 42098
172.22.2.4 - - [03/Aug/2023:00:03:58 -0500] "GET /BLA/boletinlegal/styles2.css HTTP/1.1" 200 1838
172.22.2.4 - - [03/Aug/2023:00:03:58 -0500] "GET /BLA/boletinlegal/style.css HTTP/1.1" 200 9406
172.22.2.4 - - [03/Aug/2023:00:04:07 -0500] "GET /BLA/boletinlegal/niceforms.js HTTP/1.1" 200 22876
172.22.2.4 - - [03/Aug/2023:00:04:07 -0500] "GET /BLA/boletinlegal/niceforms-default.css HTTP/1.1" 200 6694
172.22.2.4 - - [03/Aug/2023:00:04:12 -0500] "GET /BLA/boletinlegal/js/ajax_actos.js HTTP/1.1" 200 1322
216.245.221.92 - - [03/Aug/2023:00:04:49 -0500] "HEAD / HTTP/1.1" 200 -
172.22.2.4 - - [03/Aug/2023:00:06:32 -0500] "HEAD /BLA/boletinlegal/ HTTP/1.1" 200 -
201.245.192.253 - - [03/Aug/2023:00:08:52 -0500] "POST /kwsrmcab/Wsrmcab  HTTP/1.1" 200 42098
172.22.2.4 - - [03/Aug/2023:00:07:22 -0500] "GET /BLA/boletinlegal/ HTTP/1.1" 200 60612
40.77.167.113 - - [03/Aug/2023:00:09:18 -0500] "GET /Publicaciones/2023EE137023.pdf HTTP/1.1" 404 228
216.245.221.92 - - [03/Aug/2023:00:09:49 -0500] "HEAD / HTTP/1.1" 200 -
64.124.8.34 - - [03/Aug/2023:00:10:27 -0500] "GET /transparencia/General%20Asignado/2%20Historico HTTP/1.1" 301 277
165.1.173.142 - - [03/Aug/2023:00:10:48 -0500] "GET /galeria/nivo-slider/demo/images/bannerincendiosweb.jpg HTTP/1.1" 304 -
64.124.8.34 - - [03/Aug/2023:00:11:17 -0500] "GET /transparencia/financiera/1%20Ejecucion%20Presupuestal/1%20Vigencia%20actual/11%20Ejecucion%20reservas%20febrero%202023.xlsx HTTP/1.1" 200 43510
201.245.192.253 - - [03/Aug/2023:00:13:51 -0500] "POST /kwsrmcab/Wsrmcab  HTTP/1.1" 200 42098
172.22.2.4 - - [03/Aug/2023:00:12:22 -0500] "HEAD /BLA/boletinlegal/ HTTP/1.1" 200 -
216.245.221.92 - - [03/Aug/2023:00:14:49 -0500] "HEAD / HTTP/1.1" 200 -
172.22.2.4 - - [03/Aug/2023:00:13:13 -0500] "GET /BLA/boletinlegal/ HTTP/1.1" 200 60612
152.61.192.232 - - [03/Aug/2023:00:15:54 -0500] "GET / HTTP/1.1" 200 319
172.22.2.4 - - [03/Aug/2023:00:15:28 -0500] "GET /BLA/boletinlegal/?XDEBUG_SESSION_START=phpstorm HTTP/1.1" 200 32715
64.124.8.34 - - [03/Aug/2023:00:16:12 -0500] "GET /transparencia/financiera/2%20Desagregado%20con%20modificaciones/2%20Historico/93%20Modificaciones%20Pptales%202021.xlsx HTTP/1.1" 200 115386
162.55.35.116 - - [03/Aug/2023:00:16:54 -0500] "GET / HTTP/1.1" 200 319
201.245.192.253 - - [03/Aug/2023:00:18:49 -0500] "POST /kwsrmcab/Wsrmcab  HTTP/1.1" 200 42098
172.22.2.4 - - [03/Aug/2023:00:19:33 -0500] "GET /BLA/boletinlegal/Circulares/2019/Circular%20No.%200005%20del%2020%20de%20Marzo%20de%202019.pdf HTTP/1.1" 304 -
201.245.192.253 - - [03/Aug/2023:00:19:46 -0500] "POST /kwsrmcab/Wsrmcab HTTP/1.1" 200 42938
216.245.221.92 - - [03/Aug/2023:00:19:49 -0500] "HEAD / HTTP/1.1" 200 -
172.22.2.4 - - [03/Aug/2023:00:18:12 -0500] "HEAD /BLA/boletinlegal/ HTTP/1.1" 200 -
201.245.192.253 - - [03/Aug/2023:00:19:50 -0500] "POST /kwsrmcab/Wsrmcab HTTP/1.1" 200 41247
66.249.70.196 - - [03/Aug/2023:00:20:22 -0500] "GET /BLA/resoluciones/RESOLUCIONES%202010/5866.pdf HTTP/1.1" 200 136348
66.249.66.194 - - [03/Aug/2023:00:20:29 -0500] "GET /ciudadanos-pueden-enviar-comentarios-y-propuestas-al-proyecto-de-decreto-para-reducir-la-utilizacion-de-plasticos-de-un-solo-uso-en-las-entidades-del-distrito.html HTTP/1.1" 304 -
172.22.2.4 - - [03/Aug/2023:00:19:03 -0500] "GET /BLA/boletinlegal/ HTTP/1.1" 200 52495
45.156.128.7 - - [03/Aug/2023:00:21:43 -0500] "GET / HTTP/1.1" 200 319
66.249.70.196 - - [03/Aug/2023:00:23:19 -0500] "GET /portel_dama/libreria/php/2006/ECOSISTEMAS%20FINAL%20web_mz27/incendios/sitio/xtras/2.pdf HTTP/1.1" 404 1018
201.245.192.253 - - [03/Aug/2023:00:23:48 -0500] "POST /kwsrmcab/Wsrmcab  HTTP/1.1" 200 42098
216.245.221.92 - - [03/Aug/2023:00:24:49 -0500] "HEAD / HTTP/1.1" 200 -
66.249.70.198 - - [03/Aug/2023:00:25:06 -0500] "GET /BLA/resoluciones/AUTOS%202012/2430.pdf HTTP/1.1" 200 737417
172.22.2.4 - - [03/Aug/2023:00:24:02 -0500] "HEAD /BLA/boletinlegal/ HTTP/1.1" 200 -
172.22.2.4 - - [03/Aug/2023:00:24:52 -0500] "GET /BLA/boletinlegal/ HTTP/1.1" 200 60612
152.61.128.50 - - [03/Aug/2023:00:26:35 -0500] "GET / HTTP/1.1" 200 319
40.77.167.113 - - [03/Aug/2023:00:26:51 -0500] "GET /BLA/resoluciones/RESOLUCIONES%202023/0997.pdf HTTP/1.1" 200 451636
198.235.24.236 - - [03/Aug/2023:00:27:00 -0500] "\x16\x03\x01" 400 226
207.46.13.217 - - [03/Aug/2023:00:27:39 -0500] "GET /en-julio-programate-para-asistir-a-las-caminatas-ecologicas-y-conectarte-con-la-naturaleza.html HTTP/1.1" 200 773
201.245.192.253 - - [03/Aug/2023:00:28:47 -0500] "POST /kwsrmcab/Wsrmcab  HTTP/1.1" 200 42098
165.1.173.142 - - [03/Aug/2023:00:29:24 -0500] "GET /galeria/nivo-slider/demo/images/Bannerpread2020.jpg HTTP/1.1" 304 -
201.245.192.253 - - [03/Aug/2023:00:29:46 -0500] "POST /kwsrmcab/Wsrmcab HTTP/1.1" 200 42938
216.245.221.92 - - [03/Aug/2023:00:29:49 -0500] "HEAD / HTTP/1.1" 200 -
201.245.192.253 - - [03/Aug/2023:00:29:49 -0500] "POST /kwsrmcab/Wsrmcab HTTP/1.1" 200 41247
172.22.2.4 - - [03/Aug/2023:00:29:52 -0500] "HEAD /BLA/boletinlegal/ HTTP/1.1" 200 -
172.22.2.4 - - [03/Aug/2023:00:30:42 -0500] "GET /BLA/boletinlegal/ HTTP/1.1" 200 60612
66.249.70.196 - - [03/Aug/2023:00:33:43 -0500] "GET /BLA/resoluciones/AUTOS%202013/3500.pdf HTTP/1.1" 200 423980
201.245.192.253 - - [03/Aug/2023:00:33:46 -0500] "POST /kwsrmcab/Wsrmcab  HTTP/1.1" 200 42098
216.245.221.92 - - [03/Aug/2023:00:34:49 -0500] "HEAD / HTTP/1.1" 200 -
66.249.70.196 - - [03/Aug/2023:00:35:30 -0500] "GET /BLA/resoluciones/RESOLUCIONES%202013/0097.pdf HTTP/1.1" 200 936078
40.77.167.113 - - [03/Aug/2023:00:36:02 -0500] "GET /BLA/resoluciones/RESOLUCIONES%202023/1035.pdf HTTP/1.1" 200 439565
172.22.2.4 - - [03/Aug/2023:00:36:14 -0500] "GET /BLA/boletinlegal/actos.php HTTP/1.1" 200 9682
201.245.241.176 - - [03/Aug/2023:00:36:16 -0500] "GET /BLA/resoluciones/ HTTP/1.1" 200 13502
201.245.241.176 - - [03/Aug/2023:00:36:20 -0500] "GET /BLA/resoluciones/index.php?dir=RESOLUCIONES+2019%2F HTTP/1.1" 200 255631
66.249.70.197 - - [03/Aug/2023:00:36:20 -0500] "GET /BLA/resoluciones/RESOLUCIONES%202011/0295.pdf HTTP/1.1" 200 539885
201.245.241.176 - - [03/Aug/2023:00:36:25 -0500] "GET /BLA/resoluciones/RESOLUCIONES%202019/1651.pdf HTTP/1.1" 200 792463
172.22.2.4 - - [03/Aug/2023:00:35:42 -0500] "HEAD /BLA/boletinlegal/ HTTP/1.1" 200 -
172.22.2.4 - - [03/Aug/2023:00:37:41 -0500] "GET /BLA/boletinlegal/Circulares/2013/Circular%20No.%206%20del%2019%20de%20julio%20de%202013.pdf HTTP/1.1" 200 4210437
172.22.2.4 - - [03/Aug/2023:00:36:11 -0500] "GET /BLA/boletinlegal/ HTTP/1.1" 200 47717
66.249.70.196 - - [03/Aug/2023:00:38:05 -0500] "GET /BLA/resoluciones/AUTOS%202014/4223.pdf HTTP/1.1" 200 312740
172.22.2.4 - - [03/Aug/2023:00:36:32 -0500] "GET /BLA/boletinlegal/ HTTP/1.1" 200 44583
201.245.192.253 - - [03/Aug/2023:00:38:45 -0500] "POST /kwsrmcab/Wsrmcab  HTTP/1.1" 200 42098
201.245.192.253 - - [03/Aug/2023:00:39:46 -0500] "POST /kwsrmcab/Wsrmcab HTTP/1.1" 200 42938
216.245.221.92 - - [03/Aug/2023:00:39:49 -0500] "HEAD / HTTP/1.1" 200 -
201.245.192.253 - - [03/Aug/2023:00:39:49 -0500] "POST /kwsrmcab/Wsrmcab HTTP/1.1" 200 41247
64.124.8.34 - - [03/Aug/2023:00:41:01 -0500] "GET /transparencia/financiera/1%20Ejecucion%20Presupuestal/1%20Vigencia%20actual/7%20Ejecucion%20vigencia%20junio%202023.xlsx HTTP/1.1" 200 120011
60.217.75.70 - - [03/Aug/2023:00:41:35 -0500] "GET / HTTP/1.1" 200 319
37.44.238.177 - - [03/Aug/2023:00:42:54 -0500] "POST /GponForm/diag_Form?images/ HTTP/1.1" 400 946
172.22.2.4 - - [03/Aug/2023:00:41:32 -0500] "HEAD /BLA/boletinlegal/ HTTP/1.1" 200 -
201.245.192.253 - - [03/Aug/2023:00:43:44 -0500] "POST /kwsrmcab/Wsrmcab  HTTP/1.1" 200 42098
172.22.2.4 - - [03/Aug/2023:00:42:22 -0500] "GET /BLA/boletinlegal/ HTTP/1.1" 200 52495
216.245.221.92 - - [03/Aug/2023:00:44:49 -0500] "HEAD / HTTP/1.1" 200 -
40.77.167.113 - - [03/Aug/2023:00:45:53 -0500] "GET /BLA/resoluciones/RESOLUCIONES%202023/1011.pdf HTTP/1.1" 200 473369
40.77.167.113 - - [03/Aug/2023:00:46:24 -0500] "GET /POT-2013/Cartografia/15_Sistema%20de%20Movilidad%20_Secciones%20Viales_Circuitos_movilida.pdf HTTP/1.1" 304 -
40.77.167.113 - - [03/Aug/2023:00:47:24 -0500] "GET /BLA/resoluciones/RESOLUCIONES%202010/7605.pdf HTTP/1.1" 200 69029
185.180.143.141 - - [03/Aug/2023:00:47:45 -0500] "GET /portaldeninos/ HTTP/1.1" 200 110197
52.167.144.147 - - [03/Aug/2023:00:48:31 -0500] "GET /Publicaciones/2023EE121481.pdf HTTP/1.1" 404 228
69.171.249.5 - - [03/Aug/2023:00:48:42 -0500] "GET /entrenubes-raton-de-montana-se-alimenta-de-hongos-presentes-en-este-ecosistema-del-suroriente-de-bogota.html HTTP/1.1" 200 843
201.245.192.253 - - [03/Aug/2023:00:48:41 -0500] "POST /kwsrmcab/Wsrmcab  HTTP/1.1" 200 42098
172.22.2.4 - - [03/Aug/2023:00:47:22 -0500] "HEAD /BLA/boletinlegal/ HTTP/1.1" 200 -
20.120.134.34 - - [03/Aug/2023:00:49:07 -0500] "GET /Publicaciones/2023EE121481.pdf HTTP/1.1" 404 228
216.245.221.92 - - [03/Aug/2023:00:49:49 -0500] "HEAD / HTTP/1.1" 200 -
172.22.2.4 - - [03/Aug/2023:00:48:12 -0500] "GET /BLA/boletinlegal/ HTTP/1.1" 200 60612
201.245.241.176 - - [03/Aug/2023:00:50:35 -0500] "GET /BLA/resoluciones/ HTTP/1.1" 200 13502
201.245.241.176 - - [03/Aug/2023:00:50:38 -0500] "GET /BLA/resoluciones/index.php?dir=RESOLUCIONES+2019%2F HTTP/1.1" 200 255631
201.245.241.176 - - [03/Aug/2023:00:50:44 -0500] "GET /BLA/resoluciones/RESOLUCIONES%202019/2639.pdf HTTP/1.1" 200 418204
52.167.144.147 - - [03/Aug/2023:00:51:01 -0500] "GET /BLA/resoluciones/RESOLUCIONES%202023/1038.pdf HTTP/1.1" 200 498627
172.22.2.4 - - [03/Aug/2023:00:51:37 -0500] "GET /BLA/boletinlegal/Circulares/2017/Circular%20No.%20011%20del%2005%20de%20julio%20de%202017.pdf HTTP/1.1" 304 -
152.61.192.232 - - [03/Aug/2023:00:52:13 -0500] "GET /arcgis/services/Calidad_del_Agua_WQI/MapServer/WMSServer?request=GetCapabilities&service=WMS HTTP/1.1" 503 1020
152.61.192.232 - - [03/Aug/2023:00:52:15 -0500] "GET /arcgis/services/Calidad_del_Agua_WQI/MapServer/WMSServer?SERVICE=WMS&REQUEST=GetCapabilities HTTP/1.1" 503 1020
152.61.192.232 - - [03/Aug/2023:00:52:15 -0500] "GET /arcgis/services/Calidad_del_Agua_WQI/MapServer/WMSServer?WMTVER=1.0.0&REQUEST=capabilities HTTP/1.1" 503 1020
66.249.70.197 - - [03/Aug/2023:00:52:56 -0500] "GET /BLA/resoluciones/Autos%202008/1810.pdf HTTP/1.1" 200 171944
201.245.192.253 - - [03/Aug/2023:00:53:40 -0500] "POST /kwsrmcab/Wsrmcab  HTTP/1.1" 200 42098
216.245.221.92 - - [03/Aug/2023:00:54:49 -0500] "HEAD / HTTP/1.1" 200 -
172.22.2.4 - - [03/Aug/2023:00:53:12 -0500] "HEAD /BLA/boletinlegal/ HTTP/1.1" 200 -
66.249.70.198 - - [03/Aug/2023:00:55:11 -0500] "GET /resoluciones/RESOLUCIONES%202009/8727.pdf HTTP/1.1" 404 1018
172.22.2.4 - - [03/Aug/2023:00:54:02 -0500] "GET /BLA/boletinlegal/ HTTP/1.1" 200 53248
66.249.70.197 - - [03/Aug/2023:00:56:14 -0500] "GET /resoluciones/RESOLUCIONES%202008/3500.pdf HTTP/1.1" 404 1018
40.77.167.113 - - [03/Aug/2023:00:58:04 -0500] "GET /BLA/resoluciones/RESOLUCIONES%202022/5384.pdf HTTP/1.1" 200 411146
66.249.70.196 - - [03/Aug/2023:00:58:18 -0500] "GET /BLA/resoluciones/RESOLUCIONES%202011/5118.pdf HTTP/1.1" 200 447963
66.249.70.197 - - [03/Aug/2023:00:58:27 -0500] "GET /BLA/resoluciones/Autos%202008/2080.pdf HTTP/1.1" 200 98515
201.245.192.253 - - [03/Aug/2023:00:58:38 -0500] "POST /kwsrmcab/Wsrmcab  HTTP/1.1" 200 42098
66.249.70.196 - - [03/Aug/2023:00:58:45 -0500] "GET /BLA/resoluciones/Autos%202008/2857.pdf HTTP/1.1" 200 78767
66.249.70.196 - - [03/Aug/2023:00:59:11 -0500] "GET /BLA/resoluciones/RESOLUCIONES%202010/2803.pdf HTTP/1.1" 200 541315
66.249.66.194 - - [03/Aug/2023:00:59:34 -0500] "GET /los-pies-descalzos-que-recorrieron-chinavita-boyaca-y-que-hoy-siembran-esperanza-en-bogota.html HTTP/1.1" 200 802
216.245.221.92 - - [03/Aug/2023:00:59:49 -0500] "HEAD / HTTP/1.1" 200 -
66.249.70.197 - - [03/Aug/2023:01:00:02 -0500] "GET /BLA/resoluciones/AUTOS%202014/6726.pdf HTTP/1.1" 200 221231
172.22.2.4 - - [03/Aug/2023:00:59:02 -0500] "HEAD /BLA/boletinlegal/ HTTP/1.1" 200 -
66.249.70.196 - - [03/Aug/2023:01:00:53 -0500] "GET /resoluciones/RESOLUCIONES%202009/0228.pdf HTTP/1.1" 404 1018
172.22.2.4 - - [03/Aug/2023:00:59:52 -0500] "GET /BLA/boletinlegal/ HTTP/1.1" 200 60612
66.249.70.196 - - [03/Aug/2023:01:01:42 -0500] "GET /BLA/resoluciones/Autos%202008/1748.pdf HTTP/1.1" 200 186219
66.249.70.197 - - [03/Aug/2023:01:01:49 -0500] "GET /BLA/resoluciones/RESOLUCIONES%202010/5689.pdf HTTP/1.1" 200 248802
201.245.192.253 - - [03/Aug/2023:01:03:37 -0500] "POST /kwsrmcab/Wsrmcab  HTTP/1.1" 200 42098
66.249.70.197 - - [03/Aug/2023:01:04:48 -0500] "GET /BLA/resoluciones/RESOLUCIONES%202009/3793.pdf HTTP/1.1" 200 377088
216.245.221.92 - - [03/Aug/2023:01:04:49 -0500] "HEAD / HTTP/1.1" 200 -
64.124.8.34 - - [03/Aug/2023:01:04:58 -0500] "GET /transparencia/financiera/2%20Desagregado%20con%20modificaciones/2%20Historico/92%20Modificaciones%20Pptales%202022.xlsx HTTP/1.1" 200 56758
172.22.2.4 - - [03/Aug/2023:01:04:52 -0500] "HEAD /BLA/boletinlegal/ HTTP/1.1" 200 -
172.22.2.4 - - [03/Aug/2023:01:05:42 -0500] "GET /BLA/boletinlegal/ HTTP/1.1" 200 60612
66.249.70.196 - - [03/Aug/2023:01:07:26 -0500] "GET /BLA/resoluciones/RESOLUCIONES%202009/1931.pdf HTTP/1.1" 200 590321
87.236.176.151 - - [03/Aug/2023:01:07:49 -0500] "GET / HTTP/1.1" 200 319
69.171.249.119 - - [03/Aug/2023:01:08:05 -0500] "GET /inicia-la-convocatoria-2023-para-el-panel-distrital-de-cambio-climatico.html HTTP/1.1" 200 887
201.245.192.253 - - [03/Aug/2023:01:08:36 -0500] "POST /kwsrmcab/Wsrmcab  HTTP/1.1" 200 42098
168.119.253.13 - - [03/Aug/2023:01:09:06 -0500] "GET / HTTP/1.1" 200 319
216.245.221.92 - - [03/Aug/2023:01:09:49 -0500] "HEAD / HTTP/1.1" 200 -
66.249.66.204 - - [03/Aug/2023:01:11:06 -0500] "GET /robots.txt HTTP/1.1" 404 1043
66.249.66.204 - - [03/Aug/2023:01:11:06 -0500] "GET / HTTP/1.1" 200 319
40.77.167.182 - - [03/Aug/2023:01:11:07 -0500] "GET /varios-individuos-de-fauna-regresaron-a-la-libertad-en-el-dia-nacional-de-la-vida-silvestre.html HTTP/1.1" 200 870
172.22.2.4 - - [03/Aug/2023:01:10:42 -0500] "HEAD /BLA/boletinlegal/ HTTP/1.1" 200 -
172.22.2.4 - - [03/Aug/2023:01:11:32 -0500] "GET /BLA/boletinlegal/ HTTP/1.1" 200 58079
40.77.167.113 - - [03/Aug/2023:01:13:35 -0500] "GET /BLA/resoluciones/RESOLUCIONES%202023/0761.pdf HTTP/1.1" 200 646812
201.245.192.253 - - [03/Aug/2023:01:13:35 -0500] "POST /kwsrmcab/Wsrmcab  HTTP/1.1" 200 42098
66.249.70.196 - - [03/Aug/2023:01:14:11 -0500] "GET /BLA/resoluciones/RESOLUCIONES%202011/1806.pdf HTTP/1.1" 200 479052
66.249.66.194 - - [03/Aug/2023:01:14:23 -0500] "GET /carolina-urrutia-secretaria-de-ambiente-en-el-primer-seminario-iberoamericano-de-coberturas-vegetales-urbanas.html HTTP/1.1" 200 864
216.245.221.92 - - [03/Aug/2023:01:14:49 -0500] "HEAD / HTTP/1.1" 200 -
199.16.157.180 - - [03/Aug/2023:01:14:52 -0500] "GET /images/Leandra-Marulanda-mujer-que-reverdece.jpg HTTP/1.1" 200 207099
199.16.157.183 - - [03/Aug/2023:01:14:54 -0500] "GET /asi-fue-el-reverdecer-de-leandra-marulanda-mujer-resiliente-que-ahora-emprende-con-el-compostaje.html HTTP/1.1" 200 842
66.249.70.196 - - [03/Aug/2023:01:15:14 -0500] "GET /resoluciones/AUTOS%202007/3246.pdf HTTP/1.1" 404 1018
64.124.8.34 - - [03/Aug/2023:01:16:56 -0500] "GET /transparencia/financiera/2%20Desagregado%20con%20modificaciones/1%20Vigencia%20actual/08%20Modificaciones%20presupuestales%20mayo%20de%202023.xlsx HTTP/1.1" 200 24906
172.22.2.4 - - [03/Aug/2023:01:16:32 -0500] "HEAD /BLA/boletinlegal/ HTTP/1.1" 200 -
201.245.192.253 - - [03/Aug/2023:01:18:33 -0500] "POST /kwsrmcab/Wsrmcab  HTTP/1.1" 200 42098
172.22.2.4 - - [03/Aug/2023:01:17:22 -0500] "GET /BLA/boletinlegal/ HTTP/1.1" 200 58474
201.245.192.253 - - [03/Aug/2023:01:19:46 -0500] "GET /kwsrmcab/Wsrmcab?wsdl HTTP/1.1" 200 6948
201.245.192.253 - - [03/Aug/2023:01:19:46 -0500] "POST /kwsrmcab/Wsrmcab HTTP/1.1" 200 42789
216.245.221.92 - - [03/Aug/2023:01:19:49 -0500] "HEAD / HTTP/1.1" 200 -
201.245.192.253 - - [03/Aug/2023:01:19:49 -0500] "POST /kwsrmcab/Wsrmcab HTTP/1.1" 200 41256
172.22.2.4 - - [03/Aug/2023:01:20:04 -0500] "GET /BLA/boletinlegal/owa/auth/x.js HTTP/1.1" 404 1018
152.61.128.50 - - [03/Aug/2023:01:21:20 -0500] "GET /arcgis/services/Calidad_del_Agua_WQI/MapServer/WMSServer?request=GetCapabilities&service=WMS HTTP/1.1" 503 1020
152.61.128.50 - - [03/Aug/2023:01:21:21 -0500] "GET /arcgis/services/Calidad_del_Agua_WQI/MapServer/WMSServer?SERVICE=WMS&REQUEST=GetCapabilities HTTP/1.1" 503 1020
152.61.128.50 - - [03/Aug/2023:01:21:21 -0500] "GET /arcgis/services/Calidad_del_Agua_WQI/MapServer/WMSServer?WMTVER=1.0.0&REQUEST=capabilities HTTP/1.1" 503 1020
201.245.192.253 - - [03/Aug/2023:01:23:32 -0500] "POST /kwsrmcab/Wsrmcab  HTTP/1.1" 200 42098
172.22.2.4 - - [03/Aug/2023:01:22:22 -0500] "HEAD /BLA/boletinlegal/ HTTP/1.1" 200 -
216.245.221.92 - - [03/Aug/2023:01:24:49 -0500] "HEAD / HTTP/1.1" 200 -
172.22.2.4 - - [03/Aug/2023:01:23:12 -0500] "GET /BLA/boletinlegal/ HTTP/1.1" 200 60612
201.245.192.253 - - [03/Aug/2023:01:28:30 -0500] "POST /kwsrmcab/Wsrmcab  HTTP/1.1" 200 42098
201.245.192.253 - - [03/Aug/2023:01:29:46 -0500] "POST /kwsrmcab/Wsrmcab HTTP/1.1" 200 42789
216.245.221.92 - - [03/Aug/2023:01:29:49 -0500] "HEAD / HTTP/1.1" 200 -
201.245.192.253 - - [03/Aug/2023:01:29:49 -0500] "POST /kwsrmcab/Wsrmcab HTTP/1.1" 200 41256
172.22.2.4 - - [03/Aug/2023:01:28:12 -0500] "HEAD /BLA/boletinlegal/ HTTP/1.1" 200 -
66.249.66.192 - - [03/Aug/2023:01:30:22 -0500] "GET /por-un-corazon-mas-verde-del-1-al-9-de-junio-se-celebrara-la-semana-ambiental-2023-en-bogota.html HTTP/1.1" 304 -
172.22.2.4 - - [03/Aug/2023:01:29:02 -0500] "GET /BLA/boletinlegal/ HTTP/1.1" 200 58079
172.22.2.4 - - [03/Aug/2023:01:31:36 -0500] "GET /BLA/boletinlegal/ HTTP/1.1" 200 32715
201.245.192.253 - - [03/Aug/2023:01:33:29 -0500] "POST /kwsrmcab/Wsrmcab  HTTP/1.1" 200 42098
216.245.221.92 - - [03/Aug/2023:01:34:49 -0500] "HEAD / HTTP/1.1" 200 -
172.22.2.4 - - [03/Aug/2023:01:34:02 -0500] "HEAD /BLA/boletinlegal/ HTTP/1.1" 200 -
64.124.8.34 - - [03/Aug/2023:01:35:47 -0500] "GET /transparencia/financiera/2%20Desagregado%20con%20modificaciones/2%20Historico/97%20Modificaciones%20Pptales%202017.xlsx HTTP/1.1" 200 16806
172.22.2.4 - - [03/Aug/2023:01:34:52 -0500] "GET /BLA/boletinlegal/ HTTP/1.1" 200 57272
52.167.144.33 - - [03/Aug/2023:01:37:40 -0500] "GET /BLA/resoluciones/AUTOS%202008/0621.pdf HTTP/1.1" 304 -
201.245.192.253 - - [03/Aug/2023:01:38:28 -0500] "POST /kwsrmcab/Wsrmcab  HTTP/1.1" 200 42098
64.124.8.34 - - [03/Aug/2023:01:39:17 -0500] "GET /transparencia/financiera/1%20Ejecucion%20Presupuestal/1%20Vigencia%20actual HTTP/1.1" 301 306
201.245.192.253 - - [03/Aug/2023:01:39:46 -0500] "POST /kwsrmcab/Wsrmcab HTTP/1.1" 200 42789
216.245.221.92 - - [03/Aug/2023:01:39:49 -0500] "HEAD / HTTP/1.1" 200 -
201.245.192.253 - - [03/Aug/2023:01:39:49 -0500] "POST /kwsrmcab/Wsrmcab HTTP/1.1" 200 41256
143.110.161.223 - - [03/Aug/2023:01:41:01 -0500] "\x16\x03\x01\x01\xfd\x01" 400 226
172.22.2.4 - - [03/Aug/2023:01:39:52 -0500] "HEAD /BLA/boletinlegal/ HTTP/1.1" 200 -
168.119.253.32 - - [03/Aug/2023:01:41:58 -0500] "GET / HTTP/1.1" 200 319
64.124.8.34 - - [03/Aug/2023:01:42:00 -0500] "GET /BLA/boletinlegal/jurisprudencia/analisis/AnalisisT-146-16.docx HTTP/1.1" 200 23021
172.22.2.4 - - [03/Aug/2023:01:40:42 -0500] "GET /BLA/boletinlegal/ HTTP/1.1" 200 52495
201.245.192.253 - - [03/Aug/2023:01:43:26 -0500] "POST /kwsrmcab/Wsrmcab  HTTP/1.1" 200 42098
216.245.221.92 - - [03/Aug/2023:01:44:49 -0500] "HEAD / HTTP/1.1" 200 -
172.22.2.4 - - [03/Aug/2023:01:45:42 -0500] "HEAD /BLA/boletinlegal/ HTTP/1.1" 200 -
172.22.2.4 - - [03/Aug/2023:01:46:32 -0500] "GET /BLA/boletinlegal/ HTTP/1.1" 200 52495
201.221.172.15 - - [03/Aug/2023:01:48:13 -0500] "-" 408 -
201.245.192.253 - - [03/Aug/2023:01:48:25 -0500] "POST /kwsrmcab/Wsrmcab  HTTP/1.1" 200 42098
216.245.221.92 - - [03/Aug/2023:01:49:49 -0500] "HEAD / HTTP/1.1" 200 -
172.22.2.4 - - [03/Aug/2023:01:50:02 -0500] "GET /BLA/boletinlegal/actos.php HTTP/1.1" 200 9682
52.167.144.33 - - [03/Aug/2023:01:51:01 -0500] "GET /BLA/resoluciones/AUTOS%202014/4038.pdf HTTP/1.1" 304 -
40.77.167.230 - - [03/Aug/2023:01:52:35 -0500] "GET /BLA/resoluciones/AUTOS%202014/4736.pdf HTTP/1.1" 304 -
66.249.66.75 - - [03/Aug/2023:01:52:41 -0500] "GET /portaldeninos/wp-content/uploads/2019/06/CabezoteAMBIENTIC.mp4 HTTP/1.1" 200 15849688
172.22.2.4 - - [03/Aug/2023:01:51:32 -0500] "HEAD /BLA/boletinlegal/ HTTP/1.1" 200 -
201.245.192.253 - - [03/Aug/2023:01:53:24 -0500] "POST /kwsrmcab/Wsrmcab  HTTP/1.1" 200 42098
172.22.2.4 - - [03/Aug/2023:01:52:22 -0500] "GET /BLA/boletinlegal/ HTTP/1.1" 200 55337
216.245.221.92 - - [03/Aug/2023:01:54:49 -0500] "HEAD / HTTP/1.1" 200 -
172.22.2.4 - - [03/Aug/2023:01:55:20 -0500] "GET /BLA/boletinlegal/.svn/entries HTTP/1.1" 404 1018
172.22.2.4 - - [03/Aug/2023:01:57:03 -0500] "GET /BLA/boletinlegal/jurisprudencia/analisis/analisis%20C-595-2010.doc HTTP/1.1" 200 39424
64.124.8.34 - - [03/Aug/2023:01:57:12 -0500] "GET /transparencia/financiera/1%20Ejecucion%20Presupuestal/2%20Historico/EJECUCION%20RESERVAS%20DICIEMBRE%202017.xlsx HTTP/1.1" 200 19578
201.245.192.253 - - [03/Aug/2023:01:58:23 -0500] "POST /kwsrmcab/Wsrmcab  HTTP/1.1" 200 42098
172.22.2.4 - - [03/Aug/2023:01:57:22 -0500] "HEAD /BLA/boletinlegal/ HTTP/1.1" 200 -
52.167.144.147 - - [03/Aug/2023:01:59:07 -0500] "GET /Publicaciones/2023EE121483.pdf HTTP/1.1" 404 228
216.245.221.92 - - [03/Aug/2023:01:59:49 -0500] "HEAD / HTTP/1.1" 200 -
172.22.2.4 - - [03/Aug/2023:01:58:12 -0500] "GET /BLA/boletinlegal/ HTTP/1.1" 200 52855
47.128.25.27 - - [03/Aug/2023:02:00:35 -0500] "GET /galeria/nivo-slider/demo/convocatorias.html? HTTP/1.1" 200 3464
47.128.25.27 - - [03/Aug/2023:02:00:36 -0500] "GET /galeria/nivo-slider/demo/images/bannerconvocatoriaacercar.jpg HTTP/1.1" 200 91528
47.128.25.27 - - [03/Aug/2023:02:00:36 -0500] "GET /galeria/nivo-slider/nivo-slider.css HTTP/1.1" 200 1507
47.128.25.27 - - [03/Aug/2023:02:00:36 -0500] "GET /galeria/nivo-slider/themes/pascal/pascal.css HTTP/1.1" 200 2258
47.128.25.27 - - [03/Aug/2023:02:00:36 -0500] "GET /galeria/nivo-slider/themes/orman/orman.css HTTP/1.1" 200 2152
47.128.25.27 - - [03/Aug/2023:02:00:36 -0500] "GET /galeria/nivo-slider/themes/default/default.css HTTP/1.1" 200 1569
47.128.25.27 - - [03/Aug/2023:02:00:36 -0500] "GET /galeria/nivo-slider/demo/style.css HTTP/1.1" 200 2222
47.128.25.27 - - [03/Aug/2023:02:00:36 -0500] "GET /galeria/nivo-slider/demo/scripts/jquery-1.7.1.min.js HTTP/1.1" 200 93868
47.128.25.27 - - [03/Aug/2023:02:00:36 -0500] "GET /galeria/nivo-slider/jquery.nivo.slider.pack.js HTTP/1.1" 200 11561
172.22.2.4 - - [03/Aug/2023:02:01:06 -0500] "GET /BLA/boletinlegal/ HTTP/1.1" 200 32715
20.197.112.232 - - [03/Aug/2023:02:02:06 -0500] "GET /Publicaciones/2023EE121483.pdf HTTP/1.1" 404 228
172.22.2.4 - - [03/Aug/2023:02:02:57 -0500] "GET /BLA/boletinlegal/actuator/gateway/routes HTTP/1.1" 404 1018
201.245.192.253 - - [03/Aug/2023:02:03:21 -0500] "POST /kwsrmcab/Wsrmcab  HTTP/1.1" 200 42098
40.77.167.113 - - [03/Aug/2023:02:04:30 -0500] "GET /BLA/resoluciones/RESOLUCIONES%202022/0458.pdf HTTP/1.1" 304 -
216.245.221.92 - - [03/Aug/2023:02:04:49 -0500] "HEAD / HTTP/1.1" 200 -
172.22.2.4 - - [03/Aug/2023:02:03:12 -0500] "HEAD /BLA/boletinlegal/ HTTP/1.1" 200 -
172.22.2.4 - - [03/Aug/2023:02:04:02 -0500] "GET /BLA/boletinlegal/ HTTP/1.1" 200 60612
201.245.192.253 - - [03/Aug/2023:02:08:20 -0500] "POST /kwsrmcab/Wsrmcab  HTTP/1.1" 200 42098
216.245.221.92 - - [03/Aug/2023:02:09:49 -0500] "HEAD / HTTP/1.1" 200 -
172.22.2.4 - - [03/Aug/2023:02:09:02 -0500] "HEAD /BLA/boletinlegal/ HTTP/1.1" 200 -
64.124.8.34 - - [03/Aug/2023:02:10:56 -0500] "GET /transparencia/financiera/1%20Ejecucion%20Presupuestal/2%20Historico/EJECUCION%20%20VIGENCIA%20DICIEMBRE%202017.xlsx HTTP/1.1" 200 35079
172.22.2.4 - - [03/Aug/2023:02:09:52 -0500] "GET /BLA/boletinlegal/ HTTP/1.1" 200 52855
52.167.144.147 - - [03/Aug/2023:02:12:52 -0500] "GET /BLA/resoluciones/AUTOS%202013/0622.pdf HTTP/1.1" 304 -
201.245.192.253 - - [03/Aug/2023:02:13:19 -0500] "POST /kwsrmcab/Wsrmcab  HTTP/1.1" 200 42098
185.180.140.6 - - [03/Aug/2023:02:13:47 -0500] "GET /portaldeninos/ HTTP/1.1" 200 110197
40.77.167.247 - - [03/Aug/2023:02:14:10 -0500] "GET /BLA/resoluciones/RESOLUCIONES%202023/0729.pdf HTTP/1.1" 200 760919
40.77.167.113 - - [03/Aug/2023:02:14:20 -0500] "GET /BLA/resoluciones/RESOLUCIONES%202010/7407.pdf HTTP/1.1" 200 493747
216.245.221.92 - - [03/Aug/2023:02:14:49 -0500] "HEAD / HTTP/1.1" 200 -
172.22.2.4 - - [03/Aug/2023:02:14:52 -0500] "HEAD /BLA/boletinlegal/ HTTP/1.1" 200 -
172.22.2.4 - - [03/Aug/2023:02:15:42 -0500] "GET /BLA/boletinlegal/ HTTP/1.1" 200 60612
162.55.175.143 - - [03/Aug/2023:02:17:35 -0500] "GET / HTTP/1.1" 200 319
201.245.192.253 - - [03/Aug/2023:02:18:17 -0500] "POST /kwsrmcab/Wsrmcab  HTTP/1.1" 200 42098
201.245.192.253 - - [03/Aug/2023:02:19:46 -0500] "POST /kwsrmcab/Wsrmcab HTTP/1.1" 200 42590
216.245.221.92 - - [03/Aug/2023:02:19:49 -0500] "HEAD / HTTP/1.1" 200 -
201.245.192.253 - - [03/Aug/2023:02:19:49 -0500] "POST /kwsrmcab/Wsrmcab HTTP/1.1" 200 41417
152.203.134.109 - - [03/Aug/2023:02:21:19 -0500] "GET /carolina-urrutia-secretaria-de-ambiente-en-el-primer-seminario-iberoamericano-de-coberturas-vegetales-urbanas.html?fbclid=IwAR0cgu64uIPc7dYwopPiCXTGoWWwnu6yMlqFYP0wIz0Artw0olwiQgInS_o HTTP/1.1" 200 864
137.184.174.217 - - [03/Aug/2023:02:21:25 -0500] "\x16\x03\x01" 400 226
137.184.174.217 - - [03/Aug/2023:02:21:25 -0500] "\x16\x03\x01" 400 226
137.184.174.217 - - [03/Aug/2023:02:21:25 -0500] "GET / HTTP/1.1" 200 319
137.184.174.217 - - [03/Aug/2023:02:21:25 -0500] "GET /client/get_targets HTTP/1.1" 404 1018
137.184.174.217 - - [03/Aug/2023:02:21:25 -0500] "GET /upl.php HTTP/1.1" 404 1018
137.184.174.217 - - [03/Aug/2023:02:21:26 -0500] "\x16\x03\x01" 400 226
137.184.174.217 - - [03/Aug/2023:02:21:26 -0500] "GET /geoip/ HTTP/1.1" 404 1018
137.184.174.217 - - [03/Aug/2023:02:21:26 -0500] "GET / HTTP/1.1" 200 319
137.184.174.217 - - [03/Aug/2023:02:21:26 -0500] "GET /favicon.ico HTTP/1.1" 200 7782
137.184.174.217 - - [03/Aug/2023:02:21:27 -0500] "GET /1.php HTTP/1.1" 404 1018
137.184.174.217 - - [03/Aug/2023:02:21:27 -0500] "GET /bundle.js HTTP/1.1" 404 1018
137.184.174.217 - - [03/Aug/2023:02:21:27 -0500] "GET /files/ HTTP/1.1" 404 1018
172.22.2.4 - - [03/Aug/2023:02:20:42 -0500] "HEAD /BLA/boletinlegal/ HTTP/1.1" 200 -
172.22.2.4 - - [03/Aug/2023:02:21:32 -0500] "GET /BLA/boletinlegal/ HTTP/1.1" 200 60612
201.245.192.253 - - [03/Aug/2023:02:23:16 -0500] "POST /kwsrmcab/Wsrmcab  HTTP/1.1" 200 42098
64.124.8.34 - - [03/Aug/2023:02:24:38 -0500] "GET /transparencia/financiera/2%20Desagregado%20con%20modificaciones/2%20Historico/96%20Modificaciones%20Pptales%202018.xlsx HTTP/1.1" 200 22850
216.245.221.92 - - [03/Aug/2023:02:24:49 -0500] "HEAD / HTTP/1.1" 200 -
172.22.2.4 - - [03/Aug/2023:02:26:32 -0500] "HEAD /BLA/boletinlegal/ HTTP/1.1" 200 -
201.245.192.253 - - [03/Aug/2023:02:28:15 -0500] "POST /kwsrmcab/Wsrmcab  HTTP/1.1" 200 42098
185.180.140.6 - - [03/Aug/2023:02:28:32 -0500] "GET / HTTP/1.1" 200 319
172.22.2.4 - - [03/Aug/2023:02:27:22 -0500] "GET /BLA/boletinlegal/ HTTP/1.1" 200 58079
40.77.167.48 - - [03/Aug/2023:02:29:28 -0500] "GET /BLA/resoluciones/RESOLUCIONES%202022/0482.pdf HTTP/1.1" 304 -
201.245.192.253 - - [03/Aug/2023:02:29:46 -0500] "POST /kwsrmcab/Wsrmcab HTTP/1.1" 200 42590
216.245.221.92 - - [03/Aug/2023:02:29:49 -0500] "HEAD / HTTP/1.1" 200 -
201.245.192.253 - - [03/Aug/2023:02:29:49 -0500] "POST /kwsrmcab/Wsrmcab HTTP/1.1" 200 41417
52.167.144.33 - - [03/Aug/2023:02:30:46 -0500] "GET /BLA/resoluciones/RESOLUCIONES%202023/0736.pdf HTTP/1.1" 200 400364
201.245.192.253 - - [03/Aug/2023:02:33:13 -0500] "POST /kwsrmcab/Wsrmcab  HTTP/1.1" 200 42098
172.22.2.4 - - [03/Aug/2023:02:32:22 -0500] "HEAD /BLA/boletinlegal/ HTTP/1.1" 200 -
216.245.221.92 - - [03/Aug/2023:02:34:49 -0500] "HEAD / HTTP/1.1" 200 -
172.22.2.4 - - [03/Aug/2023:02:33:12 -0500] "GET /BLA/boletinlegal/ HTTP/1.1" 200 58079
201.245.192.253 - - [03/Aug/2023:02:38:11 -0500] "POST /kwsrmcab/Wsrmcab  HTTP/1.1" 200 42098
201.245.192.253 - - [03/Aug/2023:02:39:45 -0500] "POST /kwsrmcab/Wsrmcab HTTP/1.1" 200 42590
216.245.221.92 - - [03/Aug/2023:02:39:49 -0500] "HEAD / HTTP/1.1" 200 -
201.245.192.253 - - [03/Aug/2023:02:39:49 -0500] "POST /kwsrmcab/Wsrmcab HTTP/1.1" 200 41417
172.22.2.4 - - [03/Aug/2023:02:38:12 -0500] "HEAD /BLA/boletinlegal/ HTTP/1.1" 200 -
172.22.2.4 - - [03/Aug/2023:02:39:02 -0500] "GET /BLA/boletinlegal/ HTTP/1.1" 200 60612
201.245.192.253 - - [03/Aug/2023:02:43:09 -0500] "POST /kwsrmcab/Wsrmcab  HTTP/1.1" 200 42098
64.124.8.34 - - [03/Aug/2023:02:43:30 -0500] "GET /transparencia/financiera/1%20Ejecucion%20Presupuestal/1%20Vigencia%20actual/08%20Ejecucion%20reserva%20mayo%202023.xlsx HTTP/1.1" 200 42391
216.245.221.92 - - [03/Aug/2023:02:44:48 -0500] "HEAD / HTTP/1.1" 200 -
173.252.95.1 - - [03/Aug/2023:02:45:34 -0500] "GET /cumpleanos-485-de-bogota-inscribete-a-las-jornadas-de-monitoreo-a-la-biodiversidad.html HTTP/1.1" 206 847
173.252.95.8 - - [03/Aug/2023:02:45:34 -0500] "GET /cumpleanos-485-de-bogota-inscribete-a-las-jornadas-de-monitoreo-a-la-biodiversidad.html HTTP/1.1" 200 847
173.252.95.5 - - [03/Aug/2023:02:45:39 -0500] "GET /cumpleanos-485-de-bogota-inscribete-a-las-jornadas-de-monitoreo-a-la-biodiversidad.html HTTP/1.1" 206 847
172.22.2.4 - - [03/Aug/2023:02:44:02 -0500] "HEAD /BLA/boletinlegal/ HTTP/1.1" 200 -
172.22.2.4 - - [03/Aug/2023:02:44:52 -0500] "GET /BLA/boletinlegal/ HTTP/1.1" 200 58825
66.249.70.196 - - [03/Aug/2023:02:47:13 -0500] "GET /arcgis/services/Calidad_del_Agua_WQI/MapServer/WMSServer? HTTP/1.1" 503 1020
201.245.192.253 - - [03/Aug/2023:02:48:08 -0500] "POST /kwsrmcab/Wsrmcab  HTTP/1.1" 200 42098
165.1.173.142 - - [03/Aug/2023:02:48:21 -0500] "GET /galeria/nivo-slider/demo/images/Bannercalculadoraweb.jpg HTTP/1.1" 304 -
65.154.226.170 - - [03/Aug/2023:02:48:27 -0500] "GET /galeria/nivo-slider/demo/images/bannercalculadoraweb.jpg HTTP/1.1" 200 301964
64.124.8.34 - - [03/Aug/2023:02:48:54 -0500] "GET /BLA/boletinlegal/jurisprudencia/analisis/G__Jurisp.%20Junio%202014_Sent%20Tutela%20Drumond.docx HTTP/1.1" 200 25380
40.77.167.113 - - [03/Aug/2023:02:49:05 -0500] "GET /sipse/faces/faces/autenticacion.xhtml HTTP/1.1" 200 12492
216.245.221.92 - - [03/Aug/2023:02:49:48 -0500] "HEAD / HTTP/1.1" 200 -
172.22.2.4 - - [03/Aug/2023:02:49:52 -0500] "HEAD /BLA/boletinlegal/ HTTP/1.1" 200 -
172.22.2.4 - - [03/Aug/2023:02:50:42 -0500] "GET /BLA/boletinlegal/ HTTP/1.1" 200 52495
201.245.192.253 - - [03/Aug/2023:02:53:07 -0500] "POST /kwsrmcab/Wsrmcab  HTTP/1.1" 200 42098
216.245.221.92 - - [03/Aug/2023:02:54:48 -0500] "HEAD / HTTP/1.1" 200 -
66.249.70.198 - - [03/Aug/2023:02:55:03 -0500] "GET /galeria/bibloteca/contentflow.js HTTP/1.1" 200 42804
66.249.70.197 - - [03/Aug/2023:02:55:04 -0500] "GET /galeria/bibloteca/mycontentflow.css HTTP/1.1" 200 3110
66.249.70.198 - - [03/Aug/2023:02:55:05 -0500] "GET /galeria/bibloteca/contentflow.css HTTP/1.1" 200 3201
66.249.70.197 - - [03/Aug/2023:02:55:05 -0500] "GET /galeria/bibloteca/ContentFlowAddOn_white.js HTTP/1.1" 200 2497
66.249.70.196 - - [03/Aug/2023:02:55:06 -0500] "GET /galeria/bibloteca/ContentFlowAddOn_white.css HTTP/1.1" 200 3355
165.1.173.142 - - [03/Aug/2023:02:57:01 -0500] "GET /galeria/nivo-slider/demo/images/bannerclases.jpg HTTP/1.1" 304 -
64.124.8.34 - - [03/Aug/2023:02:56:44 -0500] "GET /BLA/boletinlegal/ HTTP/1.1" 200 16331
172.22.2.4 - - [03/Aug/2023:02:55:42 -0500] "HEAD /BLA/boletinlegal/ HTTP/1.1" 200 -
54.39.177.173 - - [03/Aug/2023:02:57:47 -0500] "GET /carolina-urrutia-secretaria-de-ambiente-en-el-primer-seminario-iberoamericano-de-coberturas-vegetales-urbanas.html HTTP/1.1" 200 864
201.245.192.253 - - [03/Aug/2023:02:58:05 -0500] "POST /kwsrmcab/Wsrmcab  HTTP/1.1" 200 42098
172.22.2.4 - - [03/Aug/2023:02:56:32 -0500] "GET /BLA/boletinlegal/ HTTP/1.1" 200 55337
40.77.167.113 - - [03/Aug/2023:02:59:15 -0500] "GET /BLA/resoluciones/RESOLUCIONES%202023/0997.pdf HTTP/1.1" 200 451636
216.245.221.92 - - [03/Aug/2023:02:59:48 -0500] "HEAD / HTTP/1.1" 200 -
66.249.66.193 - - [03/Aug/2023:03:02:04 -0500] "GET /mujeres-que-reverdecen-secretaria-de-ambiente-anuncia-300-cupos-para-la-tercera-fase-del-programa.html HTTP/1.1" 200 823
201.245.192.253 - - [03/Aug/2023:03:03:03 -0500] "POST /kwsrmcab/Wsrmcab  HTTP/1.1" 200 42098
172.22.2.4 - - [03/Aug/2023:03:01:32 -0500] "HEAD /BLA/boletinlegal/ HTTP/1.1" 200 -
64.124.8.34 - - [03/Aug/2023:03:03:12 -0500] "GET /transparencia/financiera/2%20Desagregado%20con%20modificaciones/1%20Vigencia%20actual/7%20Modificaciones%20presupuestales%20junio%20de%202023.xlsx HTTP/1.1" 200 45505
172.22.2.4 - - [03/Aug/2023:03:02:22 -0500] "GET /BLA/boletinlegal/ HTTP/1.1" 200 56100
216.245.221.92 - - [03/Aug/2023:03:04:48 -0500] "HEAD / HTTP/1.1" 200 -
201.245.192.253 - - [03/Aug/2023:03:08:01 -0500] "POST /kwsrmcab/Wsrmcab  HTTP/1.1" 200 42098
190.26.42.43 - - [03/Aug/2023:03:08:07 -0500] "GET /BLA/boletinlegal/js/jquery.scrollShow.js HTTP/1.1" 200 4586
190.26.42.43 - - [03/Aug/2023:03:08:07 -0500] "GET /galeria/galeria/jquery.fancybox.js?v=2.1.5 HTTP/1.1" 200 48706
190.26.42.43 - - [03/Aug/2023:03:08:07 -0500] "GET /galeria/galeria/jquery.fancybox.css?v=2.1.5 HTTP/1.1" 200 4895
64.124.8.34 - - [03/Aug/2023:03:08:25 -0500] "GET /transparencia/financiera/1%20Ejecucion%20Presupuestal/2%20Historico/2022%20Ejecucion%20de%20Vigencia%20Diciembre.xlsx HTTP/1.1" 200 141285
172.22.2.4 - - [03/Aug/2023:03:07:22 -0500] "HEAD /BLA/boletinlegal/ HTTP/1.1" 200 -
216.245.221.92 - - [03/Aug/2023:03:09:48 -0500] "HEAD / HTTP/1.1" 200 -
172.22.2.4 - - [03/Aug/2023:03:08:12 -0500] "GET /BLA/boletinlegal/ HTTP/1.1" 200 53643
64.124.8.34 - - [03/Aug/2023:03:10:51 -0500] "GET /transparencia/financiera/1%20Ejecucion%20Presupuestal/1%20Vigencia%20actual/09%20Ejecucion%20reservas%20abril%202023.xlsx HTTP/1.1" 200 42628
201.245.192.253 - - [03/Aug/2023:03:12:59 -0500] "POST /kwsrmcab/Wsrmcab  HTTP/1.1" 200 42098
216.245.221.92 - - [03/Aug/2023:03:14:48 -0500] "HEAD / HTTP/1.1" 200 -
172.22.2.4 - - [03/Aug/2023:03:13:11 -0500] "HEAD /BLA/boletinlegal/ HTTP/1.1" 200 -
64.124.8.34 - - [03/Aug/2023:03:14:52 -0500] "GET /transparencia/financiera/2%20Desagregado%20con%20modificaciones/2%20Historico/95%20Modificaciones%20Pptales%202019.xlsx HTTP/1.1" 200 128865
172.22.2.4 - - [03/Aug/2023:03:14:02 -0500] "GET /BLA/boletinlegal/ HTTP/1.1" 200 53248
52.90.210.66 - - [03/Aug/2023:03:16:03 -0500] "GET /galeria/galeria/fotos/Jaboque4P.jpg HTTP/1.1" 200 27446
201.245.192.253 - - [03/Aug/2023:03:17:57 -0500] "POST /kwsrmcab/Wsrmcab  HTTP/1.1" 200 42098
40.77.167.113 - - [03/Aug/2023:03:18:17 -0500] "GET /BLA/resoluciones/RESOLUCIONES%202023/1011.pdf HTTP/1.1" 200 473369
201.245.192.253 - - [03/Aug/2023:03:19:45 -0500] "POST /kwsrmcab/Wsrmcab HTTP/1.1" 200 42760
216.245.221.92 - - [03/Aug/2023:03:19:48 -0500] "HEAD / HTTP/1.1" 200 -
201.245.192.253 - - [03/Aug/2023:03:19:48 -0500] "POST /kwsrmcab/Wsrmcab HTTP/1.1" 200 41402
66.249.70.198 - - [03/Aug/2023:03:20:05 -0500] "GET /resoluciones/RESOLUCIONES%202007/RES%202007%20701%20AL%20800/RESOLUCION%200717%20DE%202007.pdf HTTP/1.1" 404 1018
66.249.70.197 - - [03/Aug/2023:03:20:05 -0500] "GET /robots.txt HTTP/1.1" 404 1018
172.22.2.4 - - [03/Aug/2023:03:19:02 -0500] "HEAD /BLA/boletinlegal/ HTTP/1.1" 200 -
172.22.2.4 - - [03/Aug/2023:03:19:52 -0500] "GET /BLA/boletinlegal/ HTTP/1.1" 200 53643
52.167.144.147 - - [03/Aug/2023:03:22:46 -0500] "GET /BLA/resoluciones/RESOLUCIONES%202023/1038.pdf HTTP/1.1" 200 498627
201.245.192.253 - - [03/Aug/2023:03:22:56 -0500] "POST /kwsrmcab/Wsrmcab  HTTP/1.1" 200 42098
66.249.70.198 - - [03/Aug/2023:03:23:21 -0500] "GET /BLA/resoluciones/RESOLUCIONES%202010/1951.pdf HTTP/1.1" 200 996932
66.249.70.196 - - [03/Aug/2023:03:24:02 -0500] "GET /BLA/resoluciones/AUTOS%202012/0533.pdf HTTP/1.1" 200 697006
66.249.70.196 - - [03/Aug/2023:03:24:03 -0500] "GET /PDC/actos/1731.pdf HTTP/1.1" 200 724138
172.22.2.4 - - [03/Aug/2023:03:23:33 -0500] "GET /BLA/boletinlegal/ HTTP/1.1" 200 24523
216.245.221.92 - - [03/Aug/2023:03:24:48 -0500] "HEAD / HTTP/1.1" 200 -
66.249.70.196 - - [03/Aug/2023:03:25:47 -0500] "GET /BLA/resoluciones/AUTOS%202008/1949.pdf HTTP/1.1" 200 100174
172.22.2.4 - - [03/Aug/2023:03:24:51 -0500] "HEAD /BLA/boletinlegal/ HTTP/1.1" 200 -
172.22.2.4 - - [03/Aug/2023:03:25:42 -0500] "GET /BLA/boletinlegal/ HTTP/1.1" 200 60612
201.245.192.253 - - [03/Aug/2023:03:27:55 -0500] "POST /kwsrmcab/Wsrmcab  HTTP/1.1" 200 42098
217.182.175.162 - - [03/Aug/2023:03:28:11 -0500] "HEAD /distrito-lamenta-incendio-en-humedal-tibanica-e-inicia-valoraciones-para-definir-el-proceso-de-recuperacion.html HTTP/1.1" 200 -
217.182.175.162 - - [03/Aug/2023:03:28:11 -0500] "HEAD /carolina-urrutia-secretaria-de-ambiente-en-el-primer-seminario-iberoamericano-de-coberturas-vegetales-urbanas.html HTTP/1.1" 200 -
201.245.192.253 - - [03/Aug/2023:03:29:46 -0500] "POST /kwsrmcab/Wsrmcab HTTP/1.1" 200 42760
216.245.221.92 - - [03/Aug/2023:03:29:48 -0500] "HEAD / HTTP/1.1" 200 -
201.245.192.253 - - [03/Aug/2023:03:29:49 -0500] "POST /kwsrmcab/Wsrmcab HTTP/1.1" 200 41402
66.249.70.198 - - [03/Aug/2023:03:30:33 -0500] "GET /BLA/resoluciones/AUTOS%202017/4179.pdf HTTP/1.1" 200 3154196
172.22.2.4 - - [03/Aug/2023:03:30:42 -0500] "HEAD /BLA/boletinlegal/ HTTP/1.1" 200 -
201.245.192.253 - - [03/Aug/2023:03:32:55 -0500] "POST /kwsrmcab/Wsrmcab  HTTP/1.1" 200 42098
172.22.2.4 - - [03/Aug/2023:03:31:32 -0500] "GET /BLA/boletinlegal/ HTTP/1.1" 200 61035
172.22.2.4 - - [03/Aug/2023:03:34:07 -0500] "GET /BLA/boletinlegal/norma_menu.php HTTP/1.1" 200 6328
172.22.2.4 - - [03/Aug/2023:03:34:20 -0500] "GET /BLA/boletinlegal/js/ajax.js HTTP/1.1" 200 772
172.22.2.4 - - [03/Aug/2023:03:34:20 -0500] "GET /BLA/boletinlegal/swfobject.js HTTP/1.1" 200 9763
216.245.221.92 - - [03/Aug/2023:03:34:48 -0500] "HEAD / HTTP/1.1" 200 -
54.36.148.100 - - [03/Aug/2023:03:37:03 -0500] "GET /robots.txt HTTP/1.1" 404 1018
64.124.8.34 - - [03/Aug/2023:03:37:48 -0500] "GET /transparencia/financiera/1%20Ejecucion%20Presupuestal/2%20Historico HTTP/1.1" 301 298
201.245.192.253 - - [03/Aug/2023:03:37:52 -0500] "POST /kwsrmcab/Wsrmcab  HTTP/1.1" 200 42098
172.22.2.4 - - [03/Aug/2023:03:36:31 -0500] "HEAD /BLA/boletinlegal/ HTTP/1.1" 200 -
172.22.2.4 - - [03/Aug/2023:03:37:22 -0500] "GET /BLA/boletinlegal/ HTTP/1.1" 200 52495
66.249.70.197 - - [03/Aug/2023:03:39:03 -0500] "GET /BLA/resoluciones/AUTOS%202014/1111.pdf HTTP/1.1" 200 424329
40.77.167.113 - - [03/Aug/2023:03:39:39 -0500] "GET /BLA/resoluciones/RESOLUCIONES%202023/0870.pdf HTTP/1.1" 200 432144
201.245.192.253 - - [03/Aug/2023:03:39:46 -0500] "POST /kwsrmcab/Wsrmcab HTTP/1.1" 200 42760
216.245.221.92 - - [03/Aug/2023:03:39:48 -0500] "HEAD / HTTP/1.1" 200 -
201.245.192.253 - - [03/Aug/2023:03:39:49 -0500] "POST /kwsrmcab/Wsrmcab HTTP/1.1" 200 41402
52.167.144.140 - - [03/Aug/2023:03:42:09 -0500] "GET /acuerdos-de-conservacion-camaras-trampa-registran-fauna-en-la-reserva-umbral-cultural-horizontes.html HTTP/1.1" 200 818
201.245.192.253 - - [03/Aug/2023:03:42:51 -0500] "POST /kwsrmcab/Wsrmcab  HTTP/1.1" 200 42098
40.77.167.113 - - [03/Aug/2023:03:43:49 -0500] "GET /BLA/resoluciones/RESOLUCIONES%202023/0761.pdf HTTP/1.1" 200 646812
172.22.2.4 - - [03/Aug/2023:03:42:21 -0500] "HEAD /BLA/boletinlegal/ HTTP/1.1" 200 -
216.245.221.92 - - [03/Aug/2023:03:44:48 -0500] "HEAD / HTTP/1.1" 200 -
172.22.2.4 - - [03/Aug/2023:03:43:12 -0500] "GET /BLA/boletinlegal/ HTTP/1.1" 200 54079
66.249.70.198 - - [03/Aug/2023:03:45:09 -0500] "GET /BLA/resoluciones/AUTOS%202011/3183.pdf HTTP/1.1" 200 225765
52.167.144.33 - - [03/Aug/2023:03:46:12 -0500] "GET /BLA/resoluciones/RESOLUCIONES%202010/6906.pdf HTTP/1.1" 200 68675
201.245.192.253 - - [03/Aug/2023:03:47:50 -0500] "POST /kwsrmcab/Wsrmcab  HTTP/1.1" 200 42098
172.22.2.4 - - [03/Aug/2023:03:49:00 -0500] "GET /BLA/boletinlegal/.git/config HTTP/1.1" 404 1018
52.167.144.33 - - [03/Aug/2023:03:49:33 -0500] "GET /BLA/resoluciones/AUTOS%202021/5320.pdf HTTP/1.1" 304 -
216.245.221.92 - - [03/Aug/2023:03:49:48 -0500] "HEAD / HTTP/1.1" 200 -
172.22.2.4 - - [03/Aug/2023:03:48:12 -0500] "HEAD /BLA/boletinlegal/ HTTP/1.1" 200 -
66.249.70.198 - - [03/Aug/2023:03:49:56 -0500] "GET /BLA/resoluciones/RESOLUCIONES%202007/RES%202007%203501%20AL%203600/RESOLUCION%203526%20DE%202007.pdf HTTP/1.1" 200 208928
172.22.2.4 - - [03/Aug/2023:03:49:02 -0500] "GET /BLA/boletinlegal/ HTTP/1.1" 200 60612
201.245.192.253 - - [03/Aug/2023:03:52:49 -0500] "POST /kwsrmcab/Wsrmcab  HTTP/1.1" 200 42098
40.77.167.113 - - [03/Aug/2023:03:52:52 -0500] "GET /BLA/resoluciones/RESOLUCIONES%202022/0853.pdf HTTP/1.1" 304 -
216.245.221.92 - - [03/Aug/2023:03:54:48 -0500] "HEAD / HTTP/1.1" 200 -
172.22.2.4 - - [03/Aug/2023:03:54:01 -0500] "HEAD /BLA/boletinlegal/ HTTP/1.1" 200 -
172.22.2.4 - - [03/Aug/2023:03:54:52 -0500] "GET /BLA/boletinlegal/ HTTP/1.1" 200 53643
104.194.8.237 - - [03/Aug/2023:03:56:52 -0500] "GET /portaldeninos/wp-content/uploads/2020/06/mapa-humedales-de-bogot%C3%A1-1.jpg HTTP/1.1" 200 1170768
201.245.192.253 - - [03/Aug/2023:03:57:48 -0500] "POST /kwsrmcab/Wsrmcab  HTTP/1.1" 200 42098
52.167.144.33 - - [03/Aug/2023:03:58:34 -0500] "GET /BLA/resoluciones/RESOLUCIONES%202023/0889.pdf HTTP/1.1" 200 355794
95.108.213.237 - - [03/Aug/2023:03:59:24 -0500] "GET /robots.txt HTTP/1.1" 404 1018
87.250.224.72 - - [03/Aug/2023:03:59:24 -0500] "GET / HTTP/1.1" 200 319
216.245.221.92 - - [03/Aug/2023:03:59:48 -0500] "HEAD / HTTP/1.1" 200 -
172.22.2.4 - - [03/Aug/2023:03:59:51 -0500] "HEAD /BLA/boletinlegal/ HTTP/1.1" 200 -
52.167.144.33 - - [03/Aug/2023:04:02:13 -0500] "GET /Publicaciones/2023EE137032.pdf HTTP/1.1" 404 228
172.22.2.4 - - [03/Aug/2023:04:00:42 -0500] "GET /BLA/boletinlegal/ HTTP/1.1" 200 41415
201.245.192.253 - - [03/Aug/2023:04:02:46 -0500] "POST /kwsrmcab/Wsrmcab  HTTP/1.1" 200 42098
172.22.2.4 - - [03/Aug/2023:04:03:26 -0500] "GET /BLA/boletinlegal/login HTTP/1.1" 404 1018
216.245.221.92 - - [03/Aug/2023:04:04:48 -0500] "HEAD / HTTP/1.1" 200 -
66.249.70.198 - - [03/Aug/2023:04:05:34 -0500] "GET /galeria/nivo-slider/themes/default/default.css HTTP/1.1" 200 1569
64.124.8.34 - - [03/Aug/2023:04:07:19 -0500] "GET /transparencia/financiera/1%20Ejecucion%20Presupuestal/1%20Vigencia%20actual/10%20Ejecucion%20reservas%20marzo%202023.xlsx HTTP/1.1" 200 42087
172.22.2.4 - - [03/Aug/2023:04:05:41 -0500] "HEAD /BLA/boletinlegal/ HTTP/1.1" 200 -
201.245.192.253 - - [03/Aug/2023:04:07:44 -0500] "POST /kwsrmcab/Wsrmcab  HTTP/1.1" 200 42098
172.22.2.4 - - [03/Aug/2023:04:06:32 -0500] "GET /BLA/boletinlegal/ HTTP/1.1" 200 54453
66.249.66.194 - - [03/Aug/2023:04:09:37 -0500] "GET /mas-de-28-toneladas-de-residuos-se-recolectaron-en-la-primera-reciclaton-2023.html HTTP/1.1" 304 -
52.167.144.33 - - [03/Aug/2023:04:09:45 -0500] "GET /BLA/resoluciones/AUTOS%202021/5117.pdf HTTP/1.1" 304 -
216.245.221.92 - - [03/Aug/2023:04:09:48 -0500] "HEAD / HTTP/1.1" 200 -
64.124.8.34 - - [03/Aug/2023:04:12:06 -0500] "GET /transparencia/financiera/1%20Ejecucion%20Presupuestal/1%20Vigencia%20actual/12%20Ejecucion%20vigencia%20enero%202023.xlsx HTTP/1.1" 200 96320
20.15.133.180 - - [03/Aug/2023:04:12:31 -0500] "GET /portaldeninos/2021/05/27/estos-son-los-ganadores-del-concurso-a-vuelo-de-pajaro/ HTTP/1.1" 200 102370
201.245.192.253 - - [03/Aug/2023:04:12:43 -0500] "POST /kwsrmcab/Wsrmcab  HTTP/1.1" 200 42098
172.22.2.4 - - [03/Aug/2023:04:11:31 -0500] "HEAD /BLA/boletinlegal/ HTTP/1.1" 200 -
172.22.2.4 - - [03/Aug/2023:04:13:50 -0500] "GET /BLA/boletinlegal/autodiscover/autodiscover.json?@zdi/Powershell HTTP/1.1" 404 1018
172.22.2.4 - - [03/Aug/2023:04:12:22 -0500] "GET /BLA/boletinlegal/ HTTP/1.1" 200 58474
216.245.221.92 - - [03/Aug/2023:04:14:48 -0500] "HEAD / HTTP/1.1" 200 -
172.22.2.4 - - [03/Aug/2023:04:14:54 -0500] "GET /BLA/boletinlegal/.git/config HTTP/1.1" 404 1018
198.199.76.233 - - [03/Aug/2023:04:15:14 -0500] "GET / HTTP/1.1" 200 319
201.245.192.253 - - [03/Aug/2023:04:17:43 -0500] "POST /kwsrmcab/Wsrmcab  HTTP/1.1" 200 42098
52.167.144.133 - - [03/Aug/2023:04:18:44 -0500] "GET /robots.txt HTTP/1.1" 404 1032
40.77.167.182 - - [03/Aug/2023:04:18:54 -0500] "GET / HTTP/1.1" 200 319
172.22.2.4 - - [03/Aug/2023:04:17:21 -0500] "HEAD /BLA/boletinlegal/ HTTP/1.1" 200 -
201.245.192.253 - - [03/Aug/2023:04:19:45 -0500] "POST /kwsrmcab/Wsrmcab HTTP/1.1" 200 42770
216.245.221.92 - - [03/Aug/2023:04:19:48 -0500] "HEAD / HTTP/1.1" 200 -
201.245.192.253 - - [03/Aug/2023:04:19:48 -0500] "POST /kwsrmcab/Wsrmcab HTTP/1.1" 200 41414
172.22.2.4 - - [03/Aug/2023:04:18:12 -0500] "GET /BLA/boletinlegal/ HTTP/1.1" 200 52495
216.218.206.67 - - [03/Aug/2023:04:21:10 -0500] "\x16\x03\x01" 400 226
201.245.192.253 - - [03/Aug/2023:04:22:41 -0500] "POST /kwsrmcab/Wsrmcab  HTTP/1.1" 200 42098
216.245.221.92 - - [03/Aug/2023:04:24:48 -0500] "HEAD / HTTP/1.1" 200 -
172.22.2.4 - - [03/Aug/2023:04:23:11 -0500] "HEAD /BLA/boletinlegal/ HTTP/1.1" 200 -
162.55.175.144 - - [03/Aug/2023:04:25:37 -0500] "GET / HTTP/1.1" 200 319
172.22.2.4 - - [03/Aug/2023:04:24:02 -0500] "GET /BLA/boletinlegal/ HTTP/1.1" 200 58079
52.167.144.147 - - [03/Aug/2023:04:25:43 -0500] "GET /BLA/resoluciones/AUTOS%202018/3865.pdf HTTP/1.1" 200 335662
66.249.70.196 - - [03/Aug/2023:04:27:38 -0500] "GET /BLA/resoluciones/RESOLUCIONES%202010/6625.pdf HTTP/1.1" 304 -
201.245.192.253 - - [03/Aug/2023:04:27:40 -0500] "POST /kwsrmcab/Wsrmcab  HTTP/1.1" 200 42098
201.245.192.253 - - [03/Aug/2023:04:29:45 -0500] "POST /kwsrmcab/Wsrmcab HTTP/1.1" 200 42770
216.245.221.92 - - [03/Aug/2023:04:29:48 -0500] "HEAD / HTTP/1.1" 200 -
201.245.192.253 - - [03/Aug/2023:04:29:48 -0500] "POST /kwsrmcab/Wsrmcab HTTP/1.1" 200 41414
64.124.8.34 - - [03/Aug/2023:04:30:41 -0500] "GET /transparencia/financiera/1%20Ejecucion%20Presupuestal HTTP/1.1" 301 284
172.22.2.4 - - [03/Aug/2023:04:29:01 -0500] "HEAD /BLA/boletinlegal/ HTTP/1.1" 200 -
172.22.2.4 - - [03/Aug/2023:04:29:52 -0500] "GET /BLA/boletinlegal/ HTTP/1.1" 200 61035
201.245.192.253 - - [03/Aug/2023:04:32:39 -0500] "POST /kwsrmcab/Wsrmcab  HTTP/1.1" 200 42098
66.249.70.196 - - [03/Aug/2023:04:32:47 -0500] "GET /Publicaciones/2023EE164633.pdf HTTP/1.1" 304 -
216.245.221.92 - - [03/Aug/2023:04:34:48 -0500] "HEAD / HTTP/1.1" 200 -
172.22.2.4 - - [03/Aug/2023:04:35:54 -0500] "GET /BLA/boletinlegal/robots.txt HTTP/1.1" 404 1038
172.22.2.4 - - [03/Aug/2023:04:35:54 -0500] "GET /BLA/boletinlegal/actos.php HTTP/1.1" 200 9682
172.22.2.4 - - [03/Aug/2023:04:35:56 -0500] "GET /BLA/boletinlegal/js/ajax_actos.js HTTP/1.1" 200 1322
172.22.2.4 - - [03/Aug/2023:04:35:57 -0500] "GET /BLA/boletinlegal/js/jquery1.js HTTP/1.1" 200 29846
66.115.142.154 - - [03/Aug/2023:04:36:05 -0500] "GET /wp-login.php HTTP/1.1" 404 1018
172.22.2.4 - - [03/Aug/2023:04:34:51 -0500] "HEAD /BLA/boletinlegal/ HTTP/1.1" 200 -
172.22.2.4 - - [03/Aug/2023:04:35:42 -0500] "GET /BLA/boletinlegal/ HTTP/1.1" 200 58079
201.245.192.253 - - [03/Aug/2023:04:37:38 -0500] "POST /kwsrmcab/Wsrmcab  HTTP/1.1" 200 42098
64.124.8.34 - - [03/Aug/2023:04:38:12 -0500] "GET /transparencia/financiera/2%20Desagregado%20con%20modificaciones/2%20Historico HTTP/1.1" 301 308
201.245.192.253 - - [03/Aug/2023:04:39:45 -0500] "POST /kwsrmcab/Wsrmcab HTTP/1.1" 200 42770
216.245.221.92 - - [03/Aug/2023:04:39:48 -0500] "HEAD / HTTP/1.1" 200 -
201.245.192.253 - - [03/Aug/2023:04:39:48 -0500] "POST /kwsrmcab/Wsrmcab HTTP/1.1" 200 41414
66.249.70.196 - - [03/Aug/2023:04:40:15 -0500] "GET /BLA/resoluciones/Notificaciones/AUTOS%202017/03326.pdf HTTP/1.1" 200 273425
172.22.2.4 - - [03/Aug/2023:04:40:41 -0500] "HEAD /BLA/boletinlegal/ HTTP/1.1" 200 -
64.124.8.34 - - [03/Aug/2023:04:42:26 -0500] "GET /transparencia/financiera/1%20Ejecucion%20Presupuestal/1%20Vigencia%20actual/11%20Ejecucion%20vigencia%20febrero%202023.xlsx HTTP/1.1" 200 104485
201.245.192.253 - - [03/Aug/2023:04:42:36 -0500] "POST /kwsrmcab/Wsrmcab  HTTP/1.1" 200 42098
172.22.2.4 - - [03/Aug/2023:04:41:32 -0500] "GET /BLA/boletinlegal/ HTTP/1.1" 200 58474
69.63.189.116 - - [03/Aug/2023:04:44:32 -0500] "GET /images/avistamiento-aves.jpg HTTP/1.1" 200 104313
216.245.221.92 - - [03/Aug/2023:04:44:48 -0500] "HEAD / HTTP/1.1" 200 -
52.167.144.33 - - [03/Aug/2023:04:47:00 -0500] "GET /BLA/resoluciones/AUTOS%202022/1218.pdf HTTP/1.1" 304 -
201.245.192.253 - - [03/Aug/2023:04:47:35 -0500] "POST /kwsrmcab/Wsrmcab  HTTP/1.1" 200 42098
172.22.2.4 - - [03/Aug/2023:04:46:31 -0500] "HEAD /BLA/boletinlegal/ HTTP/1.1" 200 -
64.124.8.34 - - [03/Aug/2023:04:48:19 -0500] "GET /BLA/boletinlegal/index.php HTTP/1.1" 200 16331
172.22.2.4 - - [03/Aug/2023:04:47:22 -0500] "GET /BLA/boletinlegal/ HTTP/1.1" 200 57272
216.245.221.92 - - [03/Aug/2023:04:49:48 -0500] "HEAD / HTTP/1.1" 200 -
