172.22.2.4 - - [06/Aug/2023:10:24:06 -0500] "HEAD /BLA/boletinlegal/ HTTP/1.1" 200 -
172.22.2.4 - - [06/Aug/2023:10:24:56 -0500] "GET /BLA/boletinlegal/ HTTP/1.1" 200 60612
216.245.221.92 - - [06/Aug/2023:10:29:23 -0500] "HEAD / HTTP/1.1" 200 -
201.245.192.253 - - [06/Aug/2023:10:29:29 -0500] "POST /kwsrmcab/Wsrmcab HTTP/1.1" 200 40959
201.245.192.253 - - [06/Aug/2023:10:29:32 -0500] "POST /kwsrmcab/Wsrmcab HTTP/1.1" 200 44828
201.245.192.253 - - [06/Aug/2023:10:29:38 -0500] "POST /kwsrmcab/Wsrmcab  HTTP/1.1" 200 42098
172.22.2.4 - - [06/Aug/2023:10:29:48 -0500] "GET /BLA/boletinlegal/actos.php HTTP/1.1" 200 9682
172.22.2.4 - - [06/Aug/2023:10:29:52 -0500] "GET /BLA/boletinlegal/js/lib.js HTTP/1.1" 200 6474
172.22.2.4 - - [06/Aug/2023:10:29:56 -0500] "HEAD /BLA/boletinlegal/ HTTP/1.1" 200 -
172.22.2.4 - - [06/Aug/2023:10:30:46 -0500] "GET /BLA/boletinlegal/ HTTP/1.1" 200 52495
216.245.221.92 - - [06/Aug/2023:10:34:23 -0500] "HEAD / HTTP/1.1" 200 -
201.245.192.253 - - [06/Aug/2023:10:34:36 -0500] "POST /kwsrmcab/Wsrmcab  HTTP/1.1" 200 42098
40.77.167.113 - - [06/Aug/2023:10:34:43 -0500] "GET /BLA/resoluciones/AUTOS%202013/0170.pdf HTTP/1.1" 304 -
114.119.149.173 - - [06/Aug/2023:10:34:57 -0500] "GET /robots.txt HTTP/1.1" 404 1018
172.22.2.4 - - [06/Aug/2023:10:35:46 -0500] "HEAD /BLA/boletinlegal/ HTTP/1.1" 200 -
172.22.2.4 - - [06/Aug/2023:10:36:36 -0500] "GET /BLA/boletinlegal/ HTTP/1.1" 200 60612
216.245.221.92 - - [06/Aug/2023:10:39:23 -0500] "HEAD / HTTP/1.1" 200 -
201.245.192.253 - - [06/Aug/2023:10:39:29 -0500] "POST /kwsrmcab/Wsrmcab HTTP/1.1" 200 40959
201.245.192.253 - - [06/Aug/2023:10:39:32 -0500] "POST /kwsrmcab/Wsrmcab HTTP/1.1" 200 44828
201.245.192.253 - - [06/Aug/2023:10:39:35 -0500] "POST /kwsrmcab/Wsrmcab  HTTP/1.1" 200 42098
186.155.19.21 - - [06/Aug/2023:10:42:16 -0500] "GET /galeria/galeria/jquery.fancybox.css?v=2.1.5 HTTP/1.1" 200 4895
186.155.19.21 - - [06/Aug/2023:10:42:17 -0500] "GET /BLA/boletinlegal/js/jquery.scrollShow.js HTTP/1.1" 200 4586
186.155.19.21 - - [06/Aug/2023:10:42:17 -0500] "GET /galeria/galeria/jquery.fancybox.js?v=2.1.5 HTTP/1.1" 200 48706
172.22.2.4 - - [06/Aug/2023:10:41:36 -0500] "HEAD /BLA/boletinlegal/ HTTP/1.1" 200 -
52.167.144.33 - - [06/Aug/2023:10:43:31 -0500] "GET /BLA/resoluciones/AUTOS%202021/2758.pdf HTTP/1.1" 304 -
172.22.2.4 - - [06/Aug/2023:10:42:26 -0500] "GET /BLA/boletinlegal/ HTTP/1.1" 200 59824
216.245.221.92 - - [06/Aug/2023:10:44:23 -0500] "HEAD / HTTP/1.1" 200 -
201.245.192.253 - - [06/Aug/2023:10:44:34 -0500] "POST /kwsrmcab/Wsrmcab  HTTP/1.1" 200 42098
172.22.2.4 - - [06/Aug/2023:10:47:26 -0500] "HEAD /BLA/boletinlegal/ HTTP/1.1" 200 -
66.249.79.101 - - [06/Aug/2023:10:49:21 -0500] "GET /BLA/resoluciones/AUTOS%202017/3477.pdf HTTP/1.1" 200 4766490
216.245.221.92 - - [06/Aug/2023:10:49:23 -0500] "HEAD / HTTP/1.1" 200 -
201.245.192.253 - - [06/Aug/2023:10:49:32 -0500] "POST /kwsrmcab/Wsrmcab  HTTP/1.1" 200 42098
172.22.2.4 - - [06/Aug/2023:10:48:16 -0500] "GET /BLA/boletinlegal/ HTTP/1.1" 200 58079
172.22.2.4 - - [06/Aug/2023:10:52:04 -0500] "GET /BLA/boletinlegal/.env HTTP/1.1" 404 1018
172.22.2.4 - - [06/Aug/2023:10:52:05 -0500] "POST /BLA/boletinlegal/ HTTP/1.1" 200 24523
173.252.107.2 - - [06/Aug/2023:10:53:27 -0500] "GET /con-feria-agroambiental-y-actividades-artisticas-se-celebro-el-cumpleanos-de-entrenubes.html HTTP/1.1" 200 1088
173.252.107.3 - - [06/Aug/2023:10:53:27 -0500] "GET /con-feria-agroambiental-y-actividades-artisticas-se-celebro-el-cumpleanos-de-entrenubes.html HTTP/1.1" 200 1088
173.252.107.6 - - [06/Aug/2023:10:53:30 -0500] "GET /images/Aniversario1.jpg HTTP/1.1" 200 103242
173.252.107.117 - - [06/Aug/2023:10:53:33 -0500] "GET /images/Aniversario1.jpg HTTP/1.1" 200 103242
216.245.221.92 - - [06/Aug/2023:10:54:23 -0500] "HEAD / HTTP/1.1" 200 -
201.245.192.253 - - [06/Aug/2023:10:54:31 -0500] "POST /kwsrmcab/Wsrmcab  HTTP/1.1" 200 42098
172.22.2.4 - - [06/Aug/2023:10:53:16 -0500] "HEAD /BLA/boletinlegal/ HTTP/1.1" 200 -
40.77.167.113 - - [06/Aug/2023:10:55:03 -0500] "GET /sipse/faces/faces/autenticacion.xhtml HTTP/1.1" 200 12493
172.22.2.4 - - [06/Aug/2023:10:54:06 -0500] "GET /BLA/boletinlegal/ HTTP/1.1" 200 53248
216.245.221.92 - - [06/Aug/2023:10:59:23 -0500] "HEAD / HTTP/1.1" 200 -
201.245.192.253 - - [06/Aug/2023:10:59:29 -0500] "POST /kwsrmcab/Wsrmcab  HTTP/1.1" 200 42098
172.22.2.4 - - [06/Aug/2023:10:59:06 -0500] "HEAD /BLA/boletinlegal/ HTTP/1.1" 200 -
172.22.2.4 - - [06/Aug/2023:10:59:56 -0500] "GET /BLA/boletinlegal/ HTTP/1.1" 200 60612
216.245.221.92 - - [06/Aug/2023:11:04:23 -0500] "HEAD / HTTP/1.1" 200 -
201.245.192.253 - - [06/Aug/2023:11:04:28 -0500] "POST /kwsrmcab/Wsrmcab  HTTP/1.1" 200 42098
172.22.2.4 - - [06/Aug/2023:11:04:56 -0500] "HEAD /BLA/boletinlegal/ HTTP/1.1" 200 -
172.22.2.4 - - [06/Aug/2023:11:05:46 -0500] "GET /BLA/boletinlegal/ HTTP/1.1" 200 58079
216.245.221.92 - - [06/Aug/2023:11:09:23 -0500] "HEAD / HTTP/1.1" 200 -
201.245.192.253 - - [06/Aug/2023:11:09:27 -0500] "POST /kwsrmcab/Wsrmcab  HTTP/1.1" 200 42098
52.167.144.33 - - [06/Aug/2023:11:12:15 -0500] "GET /Residuos/lavanderias/files/guia_lavanderias.pdf HTTP/1.1" 304 -
172.22.2.4 - - [06/Aug/2023:11:10:46 -0500] "HEAD /BLA/boletinlegal/ HTTP/1.1" 200 -
172.22.2.4 - - [06/Aug/2023:11:11:36 -0500] "GET /BLA/boletinlegal/ HTTP/1.1" 200 58079
216.245.221.92 - - [06/Aug/2023:11:14:24 -0500] "HEAD / HTTP/1.1" 200 -
201.245.192.253 - - [06/Aug/2023:11:14:26 -0500] "POST /kwsrmcab/Wsrmcab  HTTP/1.1" 200 42098
68.235.62.219 - - [06/Aug/2023:11:16:40 -0500] "HEAD / HTTP/1.1" 200 -
68.235.62.219 - - [06/Aug/2023:11:16:40 -0500] "POST / HTTP/1.1" 200 319
188.119.51.126 - - [06/Aug/2023:11:17:44 -0500] "GET /.env HTTP/1.1" 404 1018
188.119.51.126 - - [06/Aug/2023:11:17:45 -0500] "POST / HTTP/1.1" 200 319
172.22.2.4 - - [06/Aug/2023:11:16:36 -0500] "HEAD /BLA/boletinlegal/ HTTP/1.1" 200 -
52.167.144.140 - - [06/Aug/2023:11:18:18 -0500] "GET /portaldeninos/2021/06/29/jasbleady-castaneda-una-mujer-que-le-pone-el-alma-a-la-proteccion-de-las-tinguas-azules/ HTTP/1.1" 200 108388
172.22.2.4 - - [06/Aug/2023:11:17:26 -0500] "GET /BLA/boletinlegal/ HTTP/1.1" 200 57680
66.249.79.101 - - [06/Aug/2023:11:19:21 -0500] "GET /BLA/resoluciones/RESOLUCIONES%202018/0421.pdf HTTP/1.1" 200 3636787
216.245.221.92 - - [06/Aug/2023:11:19:23 -0500] "HEAD / HTTP/1.1" 200 -
66.249.79.102 - - [06/Aug/2023:11:19:24 -0500] "GET /BLA/resoluciones/RESOLUCIONES%202009/1072.pdf HTTP/1.1" 200 47203
66.249.79.102 - - [06/Aug/2023:11:19:25 -0500] "GET /BLA/resoluciones/AUTOS%202010/2421.pdf HTTP/1.1" 200 1421114
201.245.192.253 - - [06/Aug/2023:11:19:25 -0500] "POST /kwsrmcab/Wsrmcab  HTTP/1.1" 200 42098
66.249.79.102 - - [06/Aug/2023:11:19:28 -0500] "GET /BLA/resoluciones/RESOLUCIONES%202007/RES%202007%201726%20AL%201800/RESOLUCION%201765%20DE%202007.pdf HTTP/1.1" 200 641162
201.245.192.253 - - [06/Aug/2023:11:19:29 -0500] "POST /kwsrmcab/Wsrmcab HTTP/1.1" 200 41236
201.245.192.253 - - [06/Aug/2023:11:19:32 -0500] "POST /kwsrmcab/Wsrmcab HTTP/1.1" 200 44825
172.22.2.4 - - [06/Aug/2023:11:22:26 -0500] "HEAD /BLA/boletinlegal/ HTTP/1.1" 200 -
216.245.221.92 - - [06/Aug/2023:11:24:23 -0500] "HEAD / HTTP/1.1" 200 -
201.245.192.253 - - [06/Aug/2023:11:24:24 -0500] "POST /kwsrmcab/Wsrmcab  HTTP/1.1" 200 42098
172.22.2.4 - - [06/Aug/2023:11:23:16 -0500] "GET /BLA/boletinlegal/ HTTP/1.1" 200 58474
52.167.144.219 - - [06/Aug/2023:11:28:36 -0500] "GET /BLA/resoluciones/AUTOS%202021/4024.pdf HTTP/1.1" 304 -
216.245.221.92 - - [06/Aug/2023:11:29:23 -0500] "HEAD / HTTP/1.1" 200 -
201.245.192.253 - - [06/Aug/2023:11:29:23 -0500] "POST /kwsrmcab/Wsrmcab  HTTP/1.1" 200 42098
201.245.192.253 - - [06/Aug/2023:11:29:30 -0500] "POST /kwsrmcab/Wsrmcab HTTP/1.1" 200 41236
201.245.192.253 - - [06/Aug/2023:11:29:33 -0500] "POST /kwsrmcab/Wsrmcab HTTP/1.1" 200 44825
172.22.2.4 - - [06/Aug/2023:11:28:16 -0500] "HEAD /BLA/boletinlegal/ HTTP/1.1" 200 -
172.22.2.4 - - [06/Aug/2023:11:29:06 -0500] "GET /BLA/boletinlegal/ HTTP/1.1" 200 60612
109.237.98.226 - - [06/Aug/2023:11:31:25 -0500] "GET /.env HTTP/1.1" 404 1018
109.237.98.226 - - [06/Aug/2023:11:31:25 -0500] "\x16\x03\x01\x01H\x01" 400 226
216.245.221.92 - - [06/Aug/2023:11:34:23 -0500] "HEAD / HTTP/1.1" 200 -
201.245.192.253 - - [06/Aug/2023:11:34:22 -0500] "POST /kwsrmcab/Wsrmcab  HTTP/1.1" 200 42098
172.22.2.4 - - [06/Aug/2023:11:34:06 -0500] "HEAD /BLA/boletinlegal/ HTTP/1.1" 200 -
172.22.2.4 - - [06/Aug/2023:11:34:56 -0500] "GET /BLA/boletinlegal/ HTTP/1.1" 200 52855
40.77.167.233 - - [06/Aug/2023:11:37:12 -0500] "GET /distrito-declara-alerta-fase-i-en-suroccidente-de-bogota-por-altas-concentraciones-de-material-particulado.html HTTP/1.1" 200 883
216.245.221.92 - - [06/Aug/2023:11:39:23 -0500] "HEAD / HTTP/1.1" 200 -
201.245.192.253 - - [06/Aug/2023:11:39:21 -0500] "POST /kwsrmcab/Wsrmcab  HTTP/1.1" 200 42098
201.245.192.253 - - [06/Aug/2023:11:39:29 -0500] "POST /kwsrmcab/Wsrmcab HTTP/1.1" 200 41236
201.245.192.253 - - [06/Aug/2023:11:39:32 -0500] "POST /kwsrmcab/Wsrmcab HTTP/1.1" 200 44825
172.22.2.4 - - [06/Aug/2023:11:39:56 -0500] "HEAD /BLA/boletinlegal/ HTTP/1.1" 200 -
172.22.2.4 - - [06/Aug/2023:11:40:46 -0500] "GET /BLA/boletinlegal/ HTTP/1.1" 200 58079
40.77.167.182 - - [06/Aug/2023:11:43:09 -0500] "GET /asi-fue-el-reverdecer-de-leandra-marulanda-mujer-resiliente-que-ahora-emprende-con-el-compostaje.html HTTP/1.1" 304 -
181.59.2.6 - - [06/Aug/2023:11:43:49 -0500] "GET /galeria/galeria/jquery.fancybox.css?v=2.1.5 HTTP/1.1" 200 4895
181.59.2.6 - - [06/Aug/2023:11:43:49 -0500] "GET /BLA/boletinlegal/js/jquery.scrollShow.js HTTP/1.1" 200 4586
181.59.2.6 - - [06/Aug/2023:11:43:49 -0500] "GET /galeria/galeria/jquery.fancybox.js?v=2.1.5 HTTP/1.1" 200 48706
201.245.192.253 - - [06/Aug/2023:11:44:20 -0500] "POST /kwsrmcab/Wsrmcab  HTTP/1.1" 200 42098
216.245.221.92 - - [06/Aug/2023:11:44:23 -0500] "HEAD / HTTP/1.1" 200 -
31.148.131.213 - - [06/Aug/2023:11:44:23 -0500] "GET /BLA/resoluciones/RESOLUCIONES%202021/2903.pdf HTTP/1.1" 200 474460
69.171.230.6 - - [06/Aug/2023:11:45:29 -0500] "GET /distrito-entrego-certificado-de-reconocimiento-a-mas-de-600-mujeres-que-reverdecen-tras-seis-meses-de-formacion-teorica-y-practica.html HTTP/1.1" 200 1113
172.22.2.4 - - [06/Aug/2023:11:45:46 -0500] "HEAD /BLA/boletinlegal/ HTTP/1.1" 200 -
40.77.167.113 - - [06/Aug/2023:11:47:38 -0500] "GET /BLA/resoluciones/AUTOS%202011/2983.pdf HTTP/1.1" 304 -
66.249.79.100 - - [06/Aug/2023:11:48:16 -0500] "GET /Publicaciones/2023EE164655.pdf HTTP/1.1" 304 -
172.22.2.4 - - [06/Aug/2023:11:46:36 -0500] "GET /BLA/boletinlegal/ HTTP/1.1" 200 52495
201.245.192.253 - - [06/Aug/2023:11:49:19 -0500] "POST /kwsrmcab/Wsrmcab  HTTP/1.1" 200 42098
216.245.221.92 - - [06/Aug/2023:11:49:23 -0500] "HEAD / HTTP/1.1" 200 -
52.167.144.76 - - [06/Aug/2023:11:50:03 -0500] "GET /BLA/resoluciones/AUTOS%202022/6033.pdf HTTP/1.1" 304 -
191.101.51.4 - - [06/Aug/2023:11:50:19 -0500] "HEAD /portaldeninos HTTP/1.1" 404 -
191.101.51.4 - - [06/Aug/2023:11:50:19 -0500] "GET /portaldeninos HTTP/1.1" 404 1199
66.249.79.101 - - [06/Aug/2023:11:51:12 -0500] "GET /BLA/resoluciones/Notificaciones/RESOLUCIONES%202022/3586.pdf HTTP/1.1" 200 419740
172.22.2.4 - - [06/Aug/2023:11:51:36 -0500] "HEAD /BLA/boletinlegal/ HTTP/1.1" 200 -
172.22.2.4 - - [06/Aug/2023:11:52:26 -0500] "GET /BLA/boletinlegal/ HTTP/1.1" 200 52495
201.245.192.253 - - [06/Aug/2023:11:54:18 -0500] "POST /kwsrmcab/Wsrmcab  HTTP/1.1" 200 42098
216.245.221.92 - - [06/Aug/2023:11:54:23 -0500] "HEAD / HTTP/1.1" 200 -
162.55.171.138 - - [06/Aug/2023:11:57:57 -0500] "GET / HTTP/1.1" 200 319
172.22.2.4 - - [06/Aug/2023:11:57:26 -0500] "HEAD /BLA/boletinlegal/ HTTP/1.1" 200 -
201.245.192.253 - - [06/Aug/2023:11:59:16 -0500] "POST /kwsrmcab/Wsrmcab  HTTP/1.1" 200 42098
216.245.221.92 - - [06/Aug/2023:11:59:23 -0500] "HEAD / HTTP/1.1" 200 -
172.22.2.4 - - [06/Aug/2023:11:58:16 -0500] "GET /BLA/boletinlegal/ HTTP/1.1" 200 58079
191.95.55.51 - - [06/Aug/2023:12:02:55 -0500] "GET /BLA/resoluciones/index.php?dir= HTTP/1.1" 200 13502
191.95.55.51 - - [06/Aug/2023:12:02:57 -0500] "GET /BLA/resoluciones/index.php?dir=AUTOS+2017%2F HTTP/1.1" 200 470115
201.245.192.253 - - [06/Aug/2023:12:04:15 -0500] "POST /kwsrmcab/Wsrmcab  HTTP/1.1" 200 42098
216.245.221.92 - - [06/Aug/2023:12:04:23 -0500] "HEAD / HTTP/1.1" 200 -
172.22.2.4 - - [06/Aug/2023:12:03:16 -0500] "HEAD /BLA/boletinlegal/ HTTP/1.1" 200 -
172.22.2.4 - - [06/Aug/2023:12:04:06 -0500] "GET /BLA/boletinlegal/ HTTP/1.1" 200 58079
185.180.143.72 - - [06/Aug/2023:12:08:15 -0500] "GET /portaldeninos/ HTTP/1.1" 200 110197
201.245.192.253 - - [06/Aug/2023:12:09:13 -0500] "POST /kwsrmcab/Wsrmcab  HTTP/1.1" 200 42098
216.245.221.92 - - [06/Aug/2023:12:09:23 -0500] "HEAD / HTTP/1.1" 200 -
172.22.2.4 - - [06/Aug/2023:12:09:06 -0500] "HEAD /BLA/boletinlegal/ HTTP/1.1" 200 -
172.22.2.4 - - [06/Aug/2023:12:09:56 -0500] "GET /BLA/boletinlegal/ HTTP/1.1" 200 60612
201.245.192.253 - - [06/Aug/2023:12:14:12 -0500] "POST /kwsrmcab/Wsrmcab  HTTP/1.1" 200 42098
216.245.221.92 - - [06/Aug/2023:12:14:23 -0500] "HEAD / HTTP/1.1" 200 -
34.219.164.188 - - [06/Aug/2023:12:15:40 -0500] "GET /galeria/galeria/fotos/GuaymaralTorca4G.jpg HTTP/1.1" 200 373786
172.22.2.4 - - [06/Aug/2023:12:14:56 -0500] "HEAD /BLA/boletinlegal/ HTTP/1.1" 200 -
172.22.2.4 - - [06/Aug/2023:12:15:46 -0500] "GET /BLA/boletinlegal/ HTTP/1.1" 200 52495
201.245.192.253 - - [06/Aug/2023:12:19:11 -0500] "POST /kwsrmcab/Wsrmcab  HTTP/1.1" 200 42098
216.245.221.92 - - [06/Aug/2023:12:19:22 -0500] "HEAD / HTTP/1.1" 200 -
201.245.192.253 - - [06/Aug/2023:12:19:29 -0500] "POST /kwsrmcab/Wsrmcab HTTP/1.1" 200 43103
201.245.192.253 - - [06/Aug/2023:12:19:32 -0500] "POST /kwsrmcab/Wsrmcab HTTP/1.1" 200 44823
200.118.145.9 - - [06/Aug/2023:12:19:37 -0500] "GET /BLA/resoluciones/index.php?dir= HTTP/1.1" 200 13502
200.118.145.9 - - [06/Aug/2023:12:19:44 -0500] "GET /favicon.ico HTTP/1.1" 200 7782
52.167.144.76 - - [06/Aug/2023:12:22:00 -0500] "GET /Autoliquidacion/index.php?dir=Cobro+Evaluacion+Certificaci%F3n+Para+La+Deducci%F3n+Por+Inversi%F3n+En+Medio+Ambiente%2F HTTP/1.1" 200 2774
52.167.144.221 - - [06/Aug/2023:12:22:16 -0500] "GET /Autoliquidacion/dlf/styles.css HTTP/1.1" 200 3045
172.22.2.4 - - [06/Aug/2023:12:20:46 -0500] "HEAD /BLA/boletinlegal/ HTTP/1.1" 200 -
40.77.167.182 - - [06/Aug/2023:12:23:03 -0500] "GET /varios-individuos-de-fauna-regresaron-a-la-libertad-en-el-dia-nacional-de-la-vida-silvestre.html HTTP/1.1" 200 870
172.22.2.4 - - [06/Aug/2023:12:21:37 -0500] "GET /BLA/boletinlegal/ HTTP/1.1" 200 52855
201.245.192.253 - - [06/Aug/2023:12:24:10 -0500] "POST /kwsrmcab/Wsrmcab  HTTP/1.1" 200 42098
216.245.221.92 - - [06/Aug/2023:12:24:22 -0500] "HEAD / HTTP/1.1" 200 -
52.167.144.76 - - [06/Aug/2023:12:25:10 -0500] "GET /BLA/resoluciones/AUTOS%202022/0237.pdf HTTP/1.1" 304 -
172.22.2.4 - - [06/Aug/2023:12:26:36 -0500] "HEAD /BLA/boletinlegal/ HTTP/1.1" 200 -
172.22.2.4 - - [06/Aug/2023:12:27:26 -0500] "GET /BLA/boletinlegal/ HTTP/1.1" 200 60612
201.245.192.253 - - [06/Aug/2023:12:29:09 -0500] "POST /kwsrmcab/Wsrmcab  HTTP/1.1" 200 42098
216.245.221.92 - - [06/Aug/2023:12:29:22 -0500] "HEAD / HTTP/1.1" 200 -
201.245.192.253 - - [06/Aug/2023:12:29:29 -0500] "POST /kwsrmcab/Wsrmcab HTTP/1.1" 200 43103
201.245.192.253 - - [06/Aug/2023:12:29:32 -0500] "POST /kwsrmcab/Wsrmcab HTTP/1.1" 200 44823
52.167.144.33 - - [06/Aug/2023:12:31:52 -0500] "GET /BLA/resoluciones/AUTOS%202021/4889.pdf HTTP/1.1" 304 -
52.167.144.76 - - [06/Aug/2023:12:32:38 -0500] "GET /BLA/resoluciones/AUTOS%202021/3816.pdf HTTP/1.1" 304 -
173.252.95.13 - - [06/Aug/2023:12:33:37 -0500] "GET /cumpleanos-485-de-bogota-inscribete-a-las-jornadas-de-monitoreo-a-la-biodiversidad.html HTTP/1.1" 206 847
173.252.95.14 - - [06/Aug/2023:12:33:37 -0500] "GET /cumpleanos-485-de-bogota-inscribete-a-las-jornadas-de-monitoreo-a-la-biodiversidad.html HTTP/1.1" 200 847
173.252.95.6 - - [06/Aug/2023:12:33:37 -0500] "GET /cumpleanos-485-de-bogota-inscribete-a-las-jornadas-de-monitoreo-a-la-biodiversidad.html HTTP/1.1" 200 847
172.22.2.4 - - [06/Aug/2023:12:32:26 -0500] "HEAD /BLA/boletinlegal/ HTTP/1.1" 200 -
201.245.192.253 - - [06/Aug/2023:12:34:07 -0500] "POST /kwsrmcab/Wsrmcab  HTTP/1.1" 200 42098
216.245.221.92 - - [06/Aug/2023:12:34:22 -0500] "HEAD / HTTP/1.1" 200 -
172.22.2.4 - - [06/Aug/2023:12:33:17 -0500] "GET /BLA/boletinlegal/ HTTP/1.1" 200 58474
172.22.2.4 - - [06/Aug/2023:12:35:13 -0500] "GET /BLA/boletinlegal/robots.txt HTTP/1.1" 404 1038
172.22.2.4 - - [06/Aug/2023:12:35:14 -0500] "GET /BLA/boletinlegal/Directivas/2013/Directiva%20No.%201%20del%2004%20de%20Abril%20de%202013.pdf HTTP/1.1" 200 472003
201.245.192.253 - - [06/Aug/2023:12:39:07 -0500] "POST /kwsrmcab/Wsrmcab  HTTP/1.1" 200 42098
216.245.221.92 - - [06/Aug/2023:12:39:22 -0500] "HEAD / HTTP/1.1" 200 -
201.245.192.253 - - [06/Aug/2023:12:39:29 -0500] "POST /kwsrmcab/Wsrmcab HTTP/1.1" 200 43103
201.245.192.253 - - [06/Aug/2023:12:39:32 -0500] "POST /kwsrmcab/Wsrmcab HTTP/1.1" 200 44823
172.22.2.4 - - [06/Aug/2023:12:38:16 -0500] "HEAD /BLA/boletinlegal/ HTTP/1.1" 200 -
172.22.2.4 - - [06/Aug/2023:12:39:06 -0500] "GET /BLA/boletinlegal/ HTTP/1.1" 200 58079
201.245.192.253 - - [06/Aug/2023:12:44:06 -0500] "POST /kwsrmcab/Wsrmcab  HTTP/1.1" 200 42098
216.245.221.92 - - [06/Aug/2023:12:44:22 -0500] "HEAD / HTTP/1.1" 200 -
172.22.2.4 - - [06/Aug/2023:12:44:06 -0500] "HEAD /BLA/boletinlegal/ HTTP/1.1" 200 -
27.115.124.118 - - [06/Aug/2023:12:46:25 -0500] "GET /galeria/galeria/jquery.fancybox.css?v=2.1.5 HTTP/1.1" 200 4895
27.115.124.70 - - [06/Aug/2023:12:46:25 -0500] "GET /BLA/boletinlegal/js/jquery.scrollShow.js HTTP/1.1" 200 4586
27.115.124.53 - - [06/Aug/2023:12:46:26 -0500] "GET /galeria/galeria/jquery.fancybox.js?v=2.1.5 HTTP/1.1" 200 48706
27.115.124.45 - - [06/Aug/2023:12:46:33 -0500] "GET /galeria/galeria/jquery.fancybox.css?v=2.1.5 HTTP/1.1" 200 4895
27.115.124.6 - - [06/Aug/2023:12:46:33 -0500] "GET /BLA/boletinlegal/js/jquery.scrollShow.js HTTP/1.1" 200 4586
27.115.124.38 - - [06/Aug/2023:12:46:33 -0500] "GET /galeria/galeria/jquery.fancybox.js?v=2.1.5 HTTP/1.1" 200 48706
172.22.2.4 - - [06/Aug/2023:12:44:56 -0500] "GET /BLA/boletinlegal/ HTTP/1.1" 200 56452
172.22.2.4 - - [06/Aug/2023:12:45:59 -0500] "GET /BLA/boletinlegal/ HTTP/1.1" 200 61035
173.252.107.112 - - [06/Aug/2023:12:48:02 -0500] "GET /con-actividades-pedagogicas-y-recorrido-interpretativo-bogota-conmemora-el-dia-internacional-de-los-anfibios.html HTTP/1.1" 200 964
201.245.192.253 - - [06/Aug/2023:12:49:05 -0500] "POST /kwsrmcab/Wsrmcab  HTTP/1.1" 200 42098
66.249.79.101 - - [06/Aug/2023:12:49:21 -0500] "GET /Publicaciones/2023EE173829.pdf HTTP/1.1" 200 231907
66.249.79.101 - - [06/Aug/2023:12:49:22 -0500] "GET /Publicaciones/2023EE174383.pdf HTTP/1.1" 200 231826
216.245.221.92 - - [06/Aug/2023:12:49:22 -0500] "HEAD / HTTP/1.1" 200 -
66.249.79.101 - - [06/Aug/2023:12:49:22 -0500] "GET /Publicaciones/2023EE173832.pdf HTTP/1.1" 200 231867
66.249.79.100 - - [06/Aug/2023:12:49:23 -0500] "GET /BLA/resoluciones/RESOLUCIONES%202009/0541.pdf HTTP/1.1" 200 263873
66.249.79.131 - - [06/Aug/2023:12:50:15 -0500] "GET /este-jueves-muevete-sostenible-y-dale-un-respiro-a-la-ciudad-en-el-dia-sin-carro-y-sin-moto.html HTTP/1.1" 304 -
172.22.2.4 - - [06/Aug/2023:12:49:56 -0500] "HEAD /BLA/boletinlegal/ HTTP/1.1" 200 -
172.22.2.4 - - [06/Aug/2023:12:50:46 -0500] "GET /BLA/boletinlegal/ HTTP/1.1" 200 60612
191.95.153.35 - - [06/Aug/2023:12:53:54 -0500] "GET / HTTP/1.1" 200 4720
191.95.153.35 - - [06/Aug/2023:12:53:54 -0500] "GET /js/url.js HTTP/1.1" 404 1294
191.95.153.35 - - [06/Aug/2023:12:53:54 -0500] "GET /css/style.css HTTP/1.1" 200 3473
191.95.153.35 - - [06/Aug/2023:12:53:54 -0500] "GET /css/bootstrap.min.css HTTP/1.1" 200 178212
191.95.153.35 - - [06/Aug/2023:12:53:54 -0500] "GET /fonts/icomoon/style.css HTTP/1.1" 200 79820
201.245.192.253 - - [06/Aug/2023:12:54:03 -0500] "POST /kwsrmcab/Wsrmcab  HTTP/1.1" 200 42098
216.245.221.92 - - [06/Aug/2023:12:54:22 -0500] "HEAD / HTTP/1.1" 200 -
172.22.2.4 - - [06/Aug/2023:12:55:46 -0500] "HEAD /BLA/boletinlegal/ HTTP/1.1" 200 -
172.22.2.4 - - [06/Aug/2023:12:57:52 -0500] "GET /BLA/boletinlegal/actos.php HTTP/1.1" 200 9682
168.119.253.32 - - [06/Aug/2023:12:57:53 -0500] "GET / HTTP/1.1" 200 319
172.22.2.4 - - [06/Aug/2023:12:56:36 -0500] "GET /BLA/boletinlegal/ HTTP/1.1" 200 58079
173.252.79.3 - - [06/Aug/2023:12:58:17 -0500] "GET /images/aire-bogota.jpeg HTTP/1.1" 200 169194
200.118.145.9 - - [06/Aug/2023:12:58:33 -0500] "GET /BLA/resoluciones/index.php?dir=AUTOS+2022%2F HTTP/1.1" 200 502426
201.245.192.253 - - [06/Aug/2023:12:59:01 -0500] "POST /kwsrmcab/Wsrmcab  HTTP/1.1" 200 42098
216.245.221.92 - - [06/Aug/2023:12:59:22 -0500] "HEAD / HTTP/1.1" 200 -
66.249.79.102 - - [06/Aug/2023:13:00:26 -0500] "GET /BLA/resoluciones/RESOLUCIONES%202011/6982.pdf HTTP/1.1" 200 1266045
191.95.153.35 - - [06/Aug/2023:13:01:12 -0500] "GET / HTTP/1.1" 200 4720
191.95.153.35 - - [06/Aug/2023:13:01:13 -0500] "GET /js/url.js HTTP/1.1" 404 1294
191.95.153.35 - - [06/Aug/2023:13:01:13 -0500] "GET /css/bootstrap.min.css HTTP/1.1" 200 178212
191.95.153.35 - - [06/Aug/2023:13:01:13 -0500] "GET /fonts/icomoon/style.css HTTP/1.1" 200 79820
172.22.2.4 - - [06/Aug/2023:13:01:26 -0500] "GET /BLA/boletinlegal/jurisprudencia/analisis/AnalisisT-606-15.docx HTTP/1.1" 200 26698
172.22.2.4 - - [06/Aug/2023:13:01:27 -0500] "GET /BLA/boletinlegal/apple-touch-icon-120x120-precomposed.png HTTP/1.1" 404 1140
172.22.2.4 - - [06/Aug/2023:13:01:27 -0500] "GET /BLA/boletinlegal/apple-touch-icon-120x120.png HTTP/1.1" 404 1140
172.22.2.4 - - [06/Aug/2023:13:01:27 -0500] "GET /BLA/boletinlegal/apple-touch-icon-precomposed.png HTTP/1.1" 404 1140
172.22.2.4 - - [06/Aug/2023:13:01:27 -0500] "GET /BLA/boletinlegal/apple-touch-icon.png HTTP/1.1" 404 1140
172.22.2.4 - - [06/Aug/2023:13:01:27 -0500] "GET /BLA/boletinlegal/favicon.ico HTTP/1.1" 404 1140
172.22.2.4 - - [06/Aug/2023:13:01:27 -0500] "GET /BLA/boletinlegal/apple-touch-icon-120x120-precomposed.png HTTP/1.1" 404 1140
172.22.2.4 - - [06/Aug/2023:13:01:27 -0500] "GET /BLA/boletinlegal/apple-touch-icon-120x120.png HTTP/1.1" 404 1140
172.22.2.4 - - [06/Aug/2023:13:01:27 -0500] "GET /BLA/boletinlegal/apple-touch-icon-precomposed.png HTTP/1.1" 404 1140
172.22.2.4 - - [06/Aug/2023:13:01:28 -0500] "GET /BLA/boletinlegal/apple-touch-icon.png HTTP/1.1" 404 1140
172.22.2.4 - - [06/Aug/2023:13:01:28 -0500] "GET /BLA/boletinlegal/favicon.ico HTTP/1.1" 404 1140
69.63.189.3 - - [06/Aug/2023:13:02:24 -0500] "GET /arelis-salgado-sanando-heridas-y-mirando-la-vida-con-esperanza-de-la-mano-de-las-mujeres-que-reverdecen.html HTTP/1.1" 200 915
172.22.2.4 - - [06/Aug/2023:13:01:36 -0500] "HEAD /BLA/boletinlegal/ HTTP/1.1" 200 -
201.245.192.253 - - [06/Aug/2023:13:04:00 -0500] "POST /kwsrmcab/Wsrmcab  HTTP/1.1" 200 42098
172.22.2.4 - - [06/Aug/2023:13:02:26 -0500] "GET /BLA/boletinlegal/ HTTP/1.1" 200 57680
216.245.221.92 - - [06/Aug/2023:13:04:22 -0500] "HEAD / HTTP/1.1" 200 -
173.252.95.2 - - [06/Aug/2023:13:07:35 -0500] "GET /images/reunion-planta-termovalorizacion-11-mayo.jpg HTTP/1.1" 200 34782
201.245.192.253 - - [06/Aug/2023:13:08:59 -0500] "POST /kwsrmcab/Wsrmcab  HTTP/1.1" 200 42098
173.252.107.2 - - [06/Aug/2023:13:09:03 -0500] "GET /bogota-tendra-la-primera-planta-de-termovalorizacion-de-colombia-la-cual-convertira-los-residuos-en-energia-para-la-ciudad.html HTTP/1.1" 200 883
172.22.2.4 - - [06/Aug/2023:13:07:25 -0500] "HEAD /BLA/boletinlegal/ HTTP/1.1" 200 -
216.245.221.92 - - [06/Aug/2023:13:09:22 -0500] "HEAD / HTTP/1.1" 200 -
191.95.153.35 - - [06/Aug/2023:13:09:30 -0500] "GET / HTTP/1.1" 200 4720
191.95.153.35 - - [06/Aug/2023:13:09:30 -0500] "GET /js/url.js HTTP/1.1" 404 1294
191.95.153.35 - - [06/Aug/2023:13:09:30 -0500] "GET /css/bootstrap.min.css HTTP/1.1" 200 178212
191.95.153.35 - - [06/Aug/2023:13:09:30 -0500] "GET /favicon.ico HTTP/1.1" 404 1294
172.22.2.4 - - [06/Aug/2023:13:08:16 -0500] "GET /BLA/boletinlegal/ HTTP/1.1" 200 52495
173.252.111.117 - - [06/Aug/2023:13:10:41 -0500] "GET /images/reunion-planta-termovalorizacion-11-mayo.jpg HTTP/1.1" 200 34782
173.252.107.118 - - [06/Aug/2023:13:10:42 -0500] "GET /mujeres-que-reverdecen-y-sistema-de-cuidado-ejemplo-de-que-ambiente-y-cuidado-trabajan-juntos.html HTTP/1.1" 200 893
201.245.192.253 - - [06/Aug/2023:13:13:57 -0500] "POST /kwsrmcab/Wsrmcab  HTTP/1.1" 200 42098
216.245.221.92 - - [06/Aug/2023:13:14:22 -0500] "HEAD / HTTP/1.1" 200 -
172.22.2.4 - - [06/Aug/2023:13:13:15 -0500] "HEAD /BLA/boletinlegal/ HTTP/1.1" 200 -
191.95.55.51 - - [06/Aug/2023:13:15:21 -0500] "GET /BLA/resoluciones/index.php?dir=RESOLUCIONES+2017%2F HTTP/1.1" 200 286491
172.22.2.4 - - [06/Aug/2023:13:14:06 -0500] "GET /BLA/boletinlegal/ HTTP/1.1" 200 58079
191.95.55.51 - - [06/Aug/2023:13:15:55 -0500] "GET /BLA/resoluciones/RESOLUCIONES%202017/1909.pdf HTTP/1.1" 200 476410
191.156.190.7 - - [06/Aug/2023:13:17:45 -0500] "GET /galeria/galeria/jquery.fancybox.css?v=2.1.5 HTTP/1.1" 200 4895
191.156.177.177 - - [06/Aug/2023:13:17:45 -0500] "GET /BLA/boletinlegal/js/jquery.scrollShow.js HTTP/1.1" 200 4586
191.156.190.7 - - [06/Aug/2023:13:17:45 -0500] "GET /galeria/galeria/jquery.fancybox.js?v=2.1.5 HTTP/1.1" 200 48706
201.245.192.253 - - [06/Aug/2023:13:18:56 -0500] "POST /kwsrmcab/Wsrmcab  HTTP/1.1" 200 42098
66.249.79.100 - - [06/Aug/2023:13:19:22 -0500] "GET /BLA/resoluciones/Decretos/Decreto%20814%20del%2028%20de%20Diciembre%20de%202017.pdf HTTP/1.1" 200 2271553
216.245.221.92 - - [06/Aug/2023:13:19:22 -0500] "HEAD / HTTP/1.1" 200 -
66.249.79.101 - - [06/Aug/2023:13:19:23 -0500] "GET /Publicaciones/2023EE173831.pdf HTTP/1.1" 200 231805
66.249.79.100 - - [06/Aug/2023:13:19:24 -0500] "GET /BLA/resoluciones/AUTOS%202007/1938.pdf HTTP/1.1" 200 147636
66.249.79.101 - - [06/Aug/2023:13:19:24 -0500] "GET /BLA/resoluciones/RESOLUCIONES%202007/RES%202007%201101%20AL%201200/RESOLUCION%201157%20DE%202007.pdf HTTP/1.1" 200 327794
66.249.79.101 - - [06/Aug/2023:13:19:25 -0500] "GET /Publicaciones/2023EE173722.pdf HTTP/1.1" 200 882206
66.249.79.100 - - [06/Aug/2023:13:19:27 -0500] "GET /Publicaciones/2023EE173835.pdf HTTP/1.1" 200 231899
66.249.79.101 - - [06/Aug/2023:13:19:28 -0500] "GET /Publicaciones/2023EE173754.pdf HTTP/1.1" 200 1570350
66.249.79.100 - - [06/Aug/2023:13:19:31 -0500] "GET /BLA/boletinlegal/Circulares/2018/CIRCULAR%20COJUNTA%20042%20DE%202018.pdf HTTP/1.1" 200 515008
201.245.192.253 - - [06/Aug/2023:13:19:29 -0500] "POST /kwsrmcab/Wsrmcab HTTP/1.1" 200 42938
66.249.79.100 - - [06/Aug/2023:13:19:31 -0500] "GET /BLA/resoluciones/RESOLUCIONES%202007/RES%202007%20701%20AL%20800/RESOLUCION%200767%20DE%202007.pdf HTTP/1.1" 200 159477
66.249.79.100 - - [06/Aug/2023:13:19:32 -0500] "GET /BLA/resoluciones/AUTOS%202015/6453.pdf HTTP/1.1" 200 555684
201.245.192.253 - - [06/Aug/2023:13:19:32 -0500] "POST /kwsrmcab/Wsrmcab HTTP/1.1" 200 44819
66.249.79.103 - - [06/Aug/2023:13:19:34 -0500] "GET /Publicaciones/2023EE174379.pdf HTTP/1.1" 200 231447
66.249.79.102 - - [06/Aug/2023:13:19:35 -0500] "GET /BLA/resoluciones/AUTOS%202010/0101.pdf HTTP/1.1" 200 395976
66.249.79.104 - - [06/Aug/2023:13:19:36 -0500] "GET /BLA/resoluciones/RESOLUCIONES%202009/0864.pdf HTTP/1.1" 200 307913
66.249.79.104 - - [06/Aug/2023:13:19:37 -0500] "GET /BLA/resoluciones/RESOLUCIONES%202013/3287.pdf HTTP/1.1" 200 3943327
66.249.79.105 - - [06/Aug/2023:13:19:39 -0500] "GET /BLA/resoluciones/RESOLUCIONES%202010/4761.pdf HTTP/1.1" 200 352011
66.249.79.102 - - [06/Aug/2023:13:19:40 -0500] "GET /BLA/resoluciones/AUTOS%202018/1737.pdf HTTP/1.1" 200 326043
66.249.79.101 - - [06/Aug/2023:13:19:41 -0500] "GET /BLA/resoluciones/RESOLUCIONES%202017/2490.pdf HTTP/1.1" 200 287821
66.249.79.102 - - [06/Aug/2023:13:19:43 -0500] "GET /BLA/resoluciones/RESOLUCIONES%202009/1638.pdf HTTP/1.1" 200 426689
66.249.79.104 - - [06/Aug/2023:13:19:44 -0500] "GET /Publicaciones/2023EE173833.pdf HTTP/1.1" 200 231957
66.249.79.108 - - [06/Aug/2023:13:19:45 -0500] "GET /BLA/resoluciones/RESOLUCIONES%202009/3701.pdf HTTP/1.1" 200 52244
66.249.79.103 - - [06/Aug/2023:13:19:46 -0500] "GET /BLA/resoluciones/AUTOS%202016/0403.pdf HTTP/1.1" 200 518470
66.249.79.102 - - [06/Aug/2023:13:19:48 -0500] "GET /BLA/resoluciones/RESOLUCIONES%202014/2414.pdf HTTP/1.1" 200 263555
66.249.79.101 - - [06/Aug/2023:13:19:49 -0500] "GET /BLA/resoluciones/AUTOS%202014/5259.pdf HTTP/1.1" 200 566638
66.249.79.105 - - [06/Aug/2023:13:19:50 -0500] "GET /BLA/resoluciones/RESOLUCIONES%202009/4616.pdf HTTP/1.1" 200 644535
66.249.79.106 - - [06/Aug/2023:13:19:51 -0500] "GET /BLA/resoluciones/RESOLUCIONES%202019/2339.pdf HTTP/1.1" 200 344295
66.249.79.103 - - [06/Aug/2023:13:19:53 -0500] "GET /BLA/resoluciones/RESOLUCIONES%202009/0391.pdf HTTP/1.1" 200 350606
66.249.79.104 - - [06/Aug/2023:13:19:54 -0500] "GET /BLA/resoluciones/RESOLUCIONES%202015/0729.pdf HTTP/1.1" 200 551601
66.249.79.102 - - [06/Aug/2023:13:19:55 -0500] "GET /BLA/resoluciones/AUTOS%202011/5983.pdf HTTP/1.1" 200 2768930
66.249.79.104 - - [06/Aug/2023:13:19:57 -0500] "GET /BLA/resoluciones/RESOLUCIONES%202008/3679.pdf HTTP/1.1" 200 89910
66.249.79.104 - - [06/Aug/2023:13:19:57 -0500] "GET /Publicaciones/2023EE173467.pdf HTTP/1.1" 200 1740142
66.249.79.103 - - [06/Aug/2023:13:20:00 -0500] "GET /Publicaciones/2023EE173930.pdf HTTP/1.1" 200 477571
66.249.79.101 - - [06/Aug/2023:13:20:01 -0500] "GET /BLA/resoluciones/RESOLUCIONES%202013/1539.pdf HTTP/1.1" 200 669588
66.249.79.103 - - [06/Aug/2023:13:20:02 -0500] "GET /BLA/resoluciones/RESOLUCIONES%202011/1348.pdf HTTP/1.1" 200 69581
66.249.79.104 - - [06/Aug/2023:13:20:03 -0500] "GET /BLA/resoluciones/RESOLUCIONES%202009/3530.pdf HTTP/1.1" 200 2617246
66.249.79.103 - - [06/Aug/2023:13:20:04 -0500] "GET /BLA/resoluciones/AUTOS%202015/0006.pdf HTTP/1.1" 200 502992
66.249.79.107 - - [06/Aug/2023:13:20:05 -0500] "GET /BLA/resoluciones/RESOLUCIONES%202018/3444.pdf HTTP/1.1" 200 935129
66.249.79.107 - - [06/Aug/2023:13:20:06 -0500] "GET /BLA/resoluciones/AUTOS%202017/1057.pdf HTTP/1.1" 200 335976
66.249.79.100 - - [06/Aug/2023:13:20:08 -0500] "GET /BLA/resoluciones/RESOLUCIONES%202014/3459.pdf HTTP/1.1" 200 645575
66.249.79.100 - - [06/Aug/2023:13:20:09 -0500] "GET /BLA/resoluciones/RESOLUCIONES%202015/3095.pdf HTTP/1.1" 200 1378153
66.249.79.101 - - [06/Aug/2023:13:20:10 -0500] "GET /BLA/resoluciones/AUTOS%202012/2408.pdf HTTP/1.1" 200 273808
66.249.79.103 - - [06/Aug/2023:13:20:11 -0500] "GET /BLA/resoluciones/RESOLUCIONES%202010/5220.pdf HTTP/1.1" 200 786961
66.249.79.100 - - [06/Aug/2023:13:20:12 -0500] "GET /Publicaciones/2023EE173788.pdf HTTP/1.1" 200 2439930
172.22.2.4 - - [06/Aug/2023:13:19:05 -0500] "HEAD /BLA/boletinlegal/ HTTP/1.1" 200 -
172.22.2.4 - - [06/Aug/2023:13:19:56 -0500] "GET /BLA/boletinlegal/ HTTP/1.1" 200 58079
162.55.41.96 - - [06/Aug/2023:13:22:59 -0500] "GET / HTTP/1.1" 200 319
52.167.144.76 - - [06/Aug/2023:13:23:04 -0500] "GET /catalogoisis/ HTTP/1.1" 200 8575
201.245.192.253 - - [06/Aug/2023:13:23:54 -0500] "POST /kwsrmcab/Wsrmcab  HTTP/1.1" 200 42098
216.245.221.92 - - [06/Aug/2023:13:24:22 -0500] "HEAD / HTTP/1.1" 200 -
173.252.79.5 - - [06/Aug/2023:13:25:14 -0500] "GET /images/pl%C3%A1sticos%20foto%201..jpg HTTP/1.1" 404 1034
173.252.79.118 - - [06/Aug/2023:13:25:15 -0500] "GET /images/pl\xc3\xa1sticos%20foto%201..jpg HTTP/1.1" 404 1034
167.172.93.231 - - [06/Aug/2023:13:26:13 -0500] "GET /portaldeninos/ HTTP/1.1" 200 110197
172.22.2.4 - - [06/Aug/2023:13:24:55 -0500] "HEAD /BLA/boletinlegal/ HTTP/1.1" 200 -
172.22.2.4 - - [06/Aug/2023:13:25:46 -0500] "GET /BLA/boletinlegal/ HTTP/1.1" 200 56452
201.245.192.253 - - [06/Aug/2023:13:28:53 -0500] "POST /kwsrmcab/Wsrmcab  HTTP/1.1" 200 42098
40.77.167.113 - - [06/Aug/2023:13:28:59 -0500] "GET /BLA/resoluciones/RESOLUCIONES%202022/0222.pdf HTTP/1.1" 304 -
216.245.221.92 - - [06/Aug/2023:13:29:22 -0500] "HEAD / HTTP/1.1" 200 -
201.245.192.253 - - [06/Aug/2023:13:29:29 -0500] "POST /kwsrmcab/Wsrmcab HTTP/1.1" 200 42938
201.245.192.253 - - [06/Aug/2023:13:29:32 -0500] "POST /kwsrmcab/Wsrmcab HTTP/1.1" 200 44819
191.95.55.51 - - [06/Aug/2023:13:31:10 -0500] "GET /BLA/resoluciones/index.php?dir=RESOLUCIONES+2019%2F HTTP/1.1" 200 255801
172.22.2.4 - - [06/Aug/2023:13:30:45 -0500] "HEAD /BLA/boletinlegal/ HTTP/1.1" 200 -
172.22.2.4 - - [06/Aug/2023:13:31:36 -0500] "GET /BLA/boletinlegal/ HTTP/1.1" 200 58079
201.245.192.253 - - [06/Aug/2023:13:33:52 -0500] "POST /kwsrmcab/Wsrmcab  HTTP/1.1" 200 42098
52.167.144.33 - - [06/Aug/2023:13:34:20 -0500] "GET /POT-2013/Cartografia/36_Est_Funcional_servicios_Est_Socioeconomica_Espacial%20Area%20.pdf HTTP/1.1" 200 2689602
216.245.221.92 - - [06/Aug/2023:13:34:22 -0500] "HEAD / HTTP/1.1" 200 -
172.22.2.4 - - [06/Aug/2023:13:36:35 -0500] "HEAD /BLA/boletinlegal/ HTTP/1.1" 200 -
201.245.192.253 - - [06/Aug/2023:13:38:50 -0500] "POST /kwsrmcab/Wsrmcab  HTTP/1.1" 200 42098
172.22.2.4 - - [06/Aug/2023:13:37:26 -0500] "GET /BLA/boletinlegal/ HTTP/1.1" 200 60612
216.245.221.92 - - [06/Aug/2023:13:39:22 -0500] "HEAD / HTTP/1.1" 200 -
201.245.192.253 - - [06/Aug/2023:13:39:28 -0500] "POST /kwsrmcab/Wsrmcab HTTP/1.1" 200 42938
201.245.192.253 - - [06/Aug/2023:13:39:31 -0500] "POST /kwsrmcab/Wsrmcab HTTP/1.1" 200 44819
201.245.192.253 - - [06/Aug/2023:13:43:49 -0500] "POST /kwsrmcab/Wsrmcab  HTTP/1.1" 200 42098
172.22.2.4 - - [06/Aug/2023:13:42:25 -0500] "HEAD /BLA/boletinlegal/ HTTP/1.1" 200 -
66.249.79.131 - - [06/Aug/2023:13:44:15 -0500] "GET /secretaria-de-ambiente-destaca-aportes-de-empresas-y-ciudadanos-que-ayudaron-a-mitigar-efectos-de-la-alerta-fase-i.html HTTP/1.1" 304 -
66.249.79.131 - - [06/Aug/2023:13:44:15 -0500] "GET /robots.txt HTTP/1.1" 404 1034
216.245.221.92 - - [06/Aug/2023:13:44:22 -0500] "HEAD / HTTP/1.1" 200 -
172.22.2.4 - - [06/Aug/2023:13:43:16 -0500] "GET /BLA/boletinlegal/ HTTP/1.1" 200 59824
69.171.231.1 - - [06/Aug/2023:13:46:54 -0500] "GET /cumpleanos-485-de-bogota-inscribete-a-las-jornadas-de-monitoreo-a-la-biodiversidad.html HTTP/1.1" 200 847
172.22.2.4 - - [06/Aug/2023:13:47:53 -0500] "GET /BLA/boletinlegal/robots.txt HTTP/1.1" 404 1038
201.245.192.253 - - [06/Aug/2023:13:48:47 -0500] "POST /kwsrmcab/Wsrmcab  HTTP/1.1" 200 42098
66.249.79.101 - - [06/Aug/2023:13:49:21 -0500] "GET /BLA/resoluciones/RESOLUCIONES%202011/1588.pdf HTTP/1.1" 200 74629
66.249.79.100 - - [06/Aug/2023:13:49:22 -0500] "GET /BLA/resoluciones/RESOLUCIONES%202010/6515.pdf HTTP/1.1" 200 580587
216.245.221.92 - - [06/Aug/2023:13:49:22 -0500] "HEAD / HTTP/1.1" 200 -
66.249.79.100 - - [06/Aug/2023:13:49:23 -0500] "GET /BLA/resoluciones/AUTOS%202017/2203.pdf HTTP/1.1" 200 275473
66.249.79.102 - - [06/Aug/2023:13:49:23 -0500] "GET /BLA/resoluciones/AUTOS%202015/3635.pdf HTTP/1.1" 200 544789
69.171.249.3 - - [06/Aug/2023:13:49:30 -0500] "GET /cumpleanos-485-de-bogota-inscribete-a-las-jornadas-de-monitoreo-a-la-biodiversidad.html HTTP/1.1" 200 847
69.171.249.120 - - [06/Aug/2023:13:49:30 -0500] "GET /cumpleanos-485-de-bogota-inscribete-a-las-jornadas-de-monitoreo-a-la-biodiversidad.html HTTP/1.1" 200 847
172.22.2.4 - - [06/Aug/2023:13:47:54 -0500] "GET /BLA/boletinlegal/ HTTP/1.1" 200 53643
172.22.2.4 - - [06/Aug/2023:13:48:15 -0500] "HEAD /BLA/boletinlegal/ HTTP/1.1" 200 -
172.22.2.4 - - [06/Aug/2023:13:49:06 -0500] "GET /BLA/boletinlegal/ HTTP/1.1" 200 56452
65.154.226.171 - - [06/Aug/2023:13:51:30 -0500] "GET /portaldeninos/wp-content/uploads/useanyfont/uaf.css?ver=1589905315 HTTP/1.1" 200 408
65.154.226.171 - - [06/Aug/2023:13:51:30 -0500] "GET /portaldeninos/wp-content/themes/betheme/style.css?ver=20.9.6 HTTP/1.1" 200 287
65.154.226.171 - - [06/Aug/2023:13:51:30 -0500] "GET /portaldeninos/wp-content/themes/betheme/css/base.css?ver=20.9.6 HTTP/1.1" 200 57283
65.154.226.171 - - [06/Aug/2023:13:51:30 -0500] "GET /portaldeninos/wp-content/plugins/gallery-videos/CSS/totalsoft.css?ver=4.9.8 HTTP/1.1" 200 40622
65.154.226.171 - - [06/Aug/2023:13:51:30 -0500] "GET /portaldeninos/wp-content/plugins/gallery-videos/CSS/Total-Soft-Gallery-Video-Widget.css?ver=4.9.8 HTTP/1.1" 200 51554
65.154.226.171 - - [06/Aug/2023:13:51:31 -0500] "GET /portaldeninos/wp-content/themes/betheme/assets/jplayer/css/jplayer.blue.monday.css?ver=20.9.6 HTTP/1.1" 200 9834
65.154.226.171 - - [06/Aug/2023:13:51:30 -0500] "GET /portaldeninos/wp-content/themes/betheme/assets/animations/animations.min.css?ver=20.9.6 HTTP/1.1" 200 58508
65.154.226.171 - - [06/Aug/2023:13:51:31 -0500] "GET /portaldeninos/wp-content/themes/betheme/assets/ui/jquery.ui.all.css?ver=20.9.6 HTTP/1.1" 200 18765
65.154.226.171 - - [06/Aug/2023:13:51:31 -0500] "GET /portaldeninos/wp-content/plugins/google-analytics-for-wordpress/assets/js/frontend-gtag.min.js?ver=8.5.0 HTTP/1.1" 200 11801
65.154.226.171 - - [06/Aug/2023:13:51:31 -0500] "GET /portaldeninos/wp-content/themes/betheme/css/responsive.css?ver=20.9.6 HTTP/1.1" 200 55740
65.154.226.171 - - [06/Aug/2023:13:51:30 -0500] "GET /portaldeninos/wp-content/themes/betheme/css/shortcodes.css?ver=20.9.6 HTTP/1.1" 200 138889
65.154.226.171 - - [06/Aug/2023:13:51:31 -0500] "GET /portaldeninos/wp-includes/js/jquery/jquery-migrate.min.js?ver=1.4.1 HTTP/1.1" 200 10056
65.154.226.171 - - [06/Aug/2023:13:51:31 -0500] "GET /portaldeninos/wp-includes/js/jquery/ui/core.min.js?ver=1.11.4 HTTP/1.1" 200 4000
65.154.226.171 - - [06/Aug/2023:13:51:31 -0500] "GET /portaldeninos/wp-content/plugins/gallery-videos/JS/modernizr.custom.js?ver=4.9.8 HTTP/1.1" 200 9019
65.154.226.171 - - [06/Aug/2023:13:51:31 -0500] "GET /portaldeninos/wp-includes/js/jquery/jquery.js?ver=1.12.4 HTTP/1.1" 200 97184
65.154.226.171 - - [06/Aug/2023:13:51:31 -0500] "GET /portaldeninos/wp-includes/js/jquery/ui/widget.min.js?ver=1.11.4 HTTP/1.1" 200 6908
65.154.226.171 - - [06/Aug/2023:13:51:31 -0500] "GET /portaldeninos/wp-includes/js/jquery/ui/mouse.min.js?ver=1.11.4 HTTP/1.1" 200 3148
65.154.226.171 - - [06/Aug/2023:13:51:31 -0500] "GET /portaldeninos/wp-includes/js/jquery/ui/tabs.min.js?ver=1.11.4 HTTP/1.1" 200 12110
65.154.226.171 - - [06/Aug/2023:13:51:31 -0500] "GET /portaldeninos/wp-includes/js/jquery/ui/accordion.min.js?ver=1.11.4 HTTP/1.1" 200 8584
65.154.226.171 - - [06/Aug/2023:13:51:31 -0500] "GET /portaldeninos/wp-content/plugins/gallery-videos/JS/Total-Soft-Gallery-Video-Widget.js?ver=4.9.8 HTTP/1.1" 200 80264
65.154.226.171 - - [06/Aug/2023:13:51:31 -0500] "GET /portaldeninos/wp-includes/js/jquery/ui/sortable.min.js?ver=1.11.4 HTTP/1.1" 200 24899
65.154.226.171 - - [06/Aug/2023:13:51:31 -0500] "GET /portaldeninos/wp-content/themes/betheme/js/menu.js?ver=20.9.6 HTTP/1.1" 200 2449
65.154.226.171 - - [06/Aug/2023:13:51:31 -0500] "GET /portaldeninos/wp-content/themes/betheme/assets/animations/animations.min.js?ver=20.9.6 HTTP/1.1" 200 1896
65.154.226.171 - - [06/Aug/2023:13:51:31 -0500] "GET /portaldeninos/wp-includes/js/wp-embed.min.js?ver=4.9.8 HTTP/1.1" 200 1398
65.154.226.171 - - [06/Aug/2023:13:51:31 -0500] "GET /portaldeninos/wp-content/themes/betheme/assets/jplayer/jplayer.min.js?ver=20.9.6 HTTP/1.1" 200 52702
65.154.226.171 - - [06/Aug/2023:13:51:31 -0500] "GET /portaldeninos/wp-content/themes/betheme/js/scripts.js?ver=20.9.6 HTTP/1.1" 200 77162
65.154.226.171 - - [06/Aug/2023:13:51:31 -0500] "GET /portaldeninos/wp-content/themes/betheme/js/plugins.js?ver=20.9.6 HTTP/1.1" 200 197151
65.154.226.171 - - [06/Aug/2023:13:51:32 -0500] "GET /portaldeninos/wp-includes/js/wp-emoji-release.min.js?ver=4.9.8 HTTP/1.1" 200 12026
65.154.226.171 - - [06/Aug/2023:13:51:30 -0500] "GET /portaldeninos/wp-content/themes/betheme/css/layout.css?ver=20.9.6 HTTP/1.1" 200 116639
65.154.226.171 - - [06/Aug/2023:13:51:32 -0500] "GET /portaldeninos/wp-content/themes/betheme/images/box_shadow.png HTTP/1.1" 200 108
65.154.226.171 - - [06/Aug/2023:13:51:32 -0500] "GET /portaldeninos/wp-content/themes/betheme/fonts/mfn-icons.woff?93978679 HTTP/1.1" 200 80932
191.156.159.219 - - [06/Aug/2023:13:52:15 -0500] "GET /BLA/boletinlegal/js/jquery.scrollShow.js HTTP/1.1" 200 4586
191.156.144.161 - - [06/Aug/2023:13:52:15 -0500] "GET /galeria/galeria/jquery.fancybox.css?v=2.1.5 HTTP/1.1" 200 4895
191.156.147.5 - - [06/Aug/2023:13:52:15 -0500] "GET /galeria/galeria/jquery.fancybox.js?v=2.1.5 HTTP/1.1" 200 48706
191.95.153.35 - - [06/Aug/2023:13:53:43 -0500] "GET / HTTP/1.1" 200 4720
191.95.153.35 - - [06/Aug/2023:13:53:44 -0500] "GET /fonts/icomoon/style.css HTTP/1.1" 200 79820
191.95.153.35 - - [06/Aug/2023:13:53:44 -0500] "GET /css/bootstrap.min.css HTTP/1.1" 200 178212
191.95.153.35 - - [06/Aug/2023:13:53:44 -0500] "GET /js/url.js HTTP/1.1" 404 1294
201.245.192.253 - - [06/Aug/2023:13:53:46 -0500] "POST /kwsrmcab/Wsrmcab  HTTP/1.1" 200 42098
216.245.221.92 - - [06/Aug/2023:13:54:22 -0500] "HEAD / HTTP/1.1" 200 -
172.22.2.4 - - [06/Aug/2023:13:54:05 -0500] "HEAD /BLA/boletinlegal/ HTTP/1.1" 200 -
40.77.167.48 - - [06/Aug/2023:13:56:14 -0500] "GET /galeria/galeria/jquery.fancybox.css?v=2.1.5 HTTP/1.1" 200 4895
52.167.144.76 - - [06/Aug/2023:13:56:19 -0500] "GET /galeria/galeria/jquery.fancybox.js?v=2.1.5 HTTP/1.1" 200 48706
172.22.2.4 - - [06/Aug/2023:13:54:56 -0500] "GET /BLA/boletinlegal/ HTTP/1.1" 200 57680
54.36.148.121 - - [06/Aug/2023:13:56:44 -0500] "GET /robots.txt HTTP/1.1" 404 1018
52.167.144.33 - - [06/Aug/2023:13:56:50 -0500] "GET /BLA/resoluciones/AUTOS%202022/3029.pdf HTTP/1.1" 304 -
201.245.192.253 - - [06/Aug/2023:13:58:44 -0500] "POST /kwsrmcab/Wsrmcab  HTTP/1.1" 200 42098
216.245.221.92 - - [06/Aug/2023:13:59:22 -0500] "HEAD / HTTP/1.1" 200 -
172.22.2.4 - - [06/Aug/2023:13:59:55 -0500] "HEAD /BLA/boletinlegal/ HTTP/1.1" 200 -
172.22.2.4 - - [06/Aug/2023:14:00:46 -0500] "GET /BLA/boletinlegal/ HTTP/1.1" 200 52495
201.245.192.253 - - [06/Aug/2023:14:03:43 -0500] "POST /kwsrmcab/Wsrmcab  HTTP/1.1" 200 42098
216.245.221.92 - - [06/Aug/2023:14:04:22 -0500] "HEAD / HTTP/1.1" 200 -
172.22.2.4 - - [06/Aug/2023:14:05:45 -0500] "HEAD /BLA/boletinlegal/ HTTP/1.1" 200 -
172.22.2.4 - - [06/Aug/2023:14:06:36 -0500] "GET /BLA/boletinlegal/ HTTP/1.1" 200 54453
172.22.2.4 - - [06/Aug/2023:14:08:32 -0500] "GET /BLA/boletinlegal/style.css HTTP/1.1" 200 9406
172.22.2.4 - - [06/Aug/2023:14:08:32 -0500] "GET /BLA/boletinlegal/styles2.css HTTP/1.1" 200 1838
172.22.2.4 - - [06/Aug/2023:14:08:32 -0500] "GET /BLA/boletinlegal/images/cabezote%20BLEGAL.jpg HTTP/1.1" 200 118164
172.22.2.4 - - [06/Aug/2023:14:08:32 -0500] "GET /BLA/boletinlegal/images/subscribe-icon-big.png HTTP/1.1" 200 47702
172.22.2.4 - - [06/Aug/2023:14:08:32 -0500] "GET /BLA/boletinlegal/images/historia.png HTTP/1.1" 200 52775
172.22.2.4 - - [06/Aug/2023:14:08:32 -0500] "GET /BLA/boletinlegal/images/registro-usuarios.png HTTP/1.1" 200 8106
172.22.2.4 - - [06/Aug/2023:14:08:32 -0500] "GET /BLA/boletinlegal/images/body_bg.jpg HTTP/1.1" 200 1601
172.22.2.4 - - [06/Aug/2023:14:08:32 -0500] "GET /BLA/boletinlegal/images/menu_lft.gif HTTP/1.1" 200 1713
172.22.2.4 - - [06/Aug/2023:14:08:32 -0500] "GET /BLA/boletinlegal/images/menu_rght.gif HTTP/1.1" 200 1627
172.22.2.4 - - [06/Aug/2023:14:08:32 -0500] "GET /BLA/boletinlegal/images/bg_top.jpg HTTP/1.1" 200 522
172.22.2.4 - - [06/Aug/2023:14:08:32 -0500] "GET /BLA/boletinlegal/images/menu_bg.jpg HTTP/1.1" 200 620
172.22.2.4 - - [06/Aug/2023:14:08:32 -0500] "GET /BLA/boletinlegal/images/hover.jpg HTTP/1.1" 200 640
172.22.2.4 - - [06/Aug/2023:14:08:32 -0500] "GET /BLA/boletinlegal/images/text.jpg HTTP/1.1" 200 568
172.22.2.4 - - [06/Aug/2023:14:08:33 -0500] "GET /BLA/boletinlegal/actos.php HTTP/1.1" 200 9682
172.22.2.4 - - [06/Aug/2023:14:08:33 -0500] "GET /BLA/boletinlegal/js/popup.js HTTP/1.1" 200 1270
172.22.2.4 - - [06/Aug/2023:14:08:33 -0500] "GET /BLA/boletinlegal/niceforms-default.css HTTP/1.1" 200 6694
172.22.2.4 - - [06/Aug/2023:14:08:33 -0500] "GET /BLA/boletinlegal/js/lib.js HTTP/1.1" 200 6474
172.22.2.4 - - [06/Aug/2023:14:08:33 -0500] "GET /BLA/boletinlegal/niceforms.js HTTP/1.1" 200 22876
172.22.2.4 - - [06/Aug/2023:14:08:33 -0500] "GET /BLA/boletinlegal/js/jquery1.js HTTP/1.1" 200 29846
172.22.2.4 - - [06/Aug/2023:14:08:33 -0500] "GET /BLA/boletinlegal/js/ajax_actos.js HTTP/1.1" 200 1322
172.22.2.4 - - [06/Aug/2023:14:08:33 -0500] "GET /BLA/boletinlegal/images/green-yellow-blue-pink-th.png HTTP/1.1" 200 7394
172.22.2.4 - - [06/Aug/2023:14:08:33 -0500] "GET /BLA/boletinlegal/images/tel.png HTTP/1.1" 200 14477
172.22.2.4 - - [06/Aug/2023:14:08:33 -0500] "GET /BLA/boletinlegal/images/icono-email.png HTTP/1.1" 200 5544
172.22.2.4 - - [06/Aug/2023:14:08:33 -0500] "GET /BLA/boletinlegal/images/footer_bg.jpg HTTP/1.1" 200 586
172.22.2.4 - - [06/Aug/2023:14:08:33 -0500] "GET /BLA/boletinlegal/images/footer_bg_l.jpg HTTP/1.1" 200 776
172.22.2.4 - - [06/Aug/2023:14:08:33 -0500] "GET /BLA/boletinlegal/img/select-left.png HTTP/1.1" 200 263
172.22.2.4 - - [06/Aug/2023:14:08:33 -0500] "GET /BLA/boletinlegal/img/0.png HTTP/1.1" 200 110
172.22.2.4 - - [06/Aug/2023:14:08:33 -0500] "GET /BLA/boletinlegal/img/select-right.png HTTP/1.1" 200 44019
172.22.2.4 - - [06/Aug/2023:14:08:33 -0500] "GET /BLA/boletinlegal/img/button-left.png HTTP/1.1" 200 57071
172.22.2.4 - - [06/Aug/2023:14:08:33 -0500] "GET /BLA/boletinlegal/img/button-right.png HTTP/1.1" 200 57878
172.22.2.4 - - [06/Aug/2023:14:08:33 -0500] "GET /BLA/boletinlegal/img/button.png HTTP/1.1" 200 43241
186.29.33.120 - - [06/Aug/2023:14:08:35 -0500] "GET /BLA/resoluciones/ HTTP/1.1" 200 13502
186.29.33.120 - - [06/Aug/2023:14:08:36 -0500] "GET /BLA/resoluciones/dlf/styles.css HTTP/1.1" 200 3049
186.29.33.120 - - [06/Aug/2023:14:08:36 -0500] "GET /BLA/resoluciones/dlf/folder.png HTTP/1.1" 200 410
186.29.33.120 - - [06/Aug/2023:14:08:36 -0500] "GET /BLA/resoluciones/dlf/bg.gif HTTP/1.1" 200 54
201.245.192.253 - - [06/Aug/2023:14:08:42 -0500] "POST /kwsrmcab/Wsrmcab  HTTP/1.1" 200 42098
186.29.33.120 - - [06/Aug/2023:14:08:49 -0500] "GET /BLA/resoluciones/dlf/dirup.png HTTP/1.1" 200 644
186.29.33.120 - - [06/Aug/2023:14:08:49 -0500] "GET /BLA/resoluciones/dlf/pdf.gif HTTP/1.1" 200 272
186.29.33.120 - - [06/Aug/2023:14:08:49 -0500] "GET /BLA/resoluciones/dlf/archive.png HTTP/1.1" 200 632
186.29.33.120 - - [06/Aug/2023:14:08:49 -0500] "GET /BLA/resoluciones/index.php?dir=AUTOS+2023%2F HTTP/1.1" 200 207289
172.22.2.4 - - [06/Aug/2023:14:08:31 -0500] "GET /BLA/boletinlegal/ HTTP/1.1" 200 24523
216.245.221.92 - - [06/Aug/2023:14:09:22 -0500] "HEAD / HTTP/1.1" 200 -
66.249.79.101 - - [06/Aug/2023:14:09:40 -0500] "GET /Publicaciones/2023EE166062.pdf HTTP/1.1" 304 -
172.22.2.4 - - [06/Aug/2023:14:11:35 -0500] "HEAD /BLA/boletinlegal/ HTTP/1.1" 200 -
40.77.167.113 - - [06/Aug/2023:14:13:24 -0500] "GET /sipse/faces/index.xhtml HTTP/1.1" 200 677
201.245.192.253 - - [06/Aug/2023:14:13:41 -0500] "POST /kwsrmcab/Wsrmcab  HTTP/1.1" 200 42098
172.22.2.4 - - [06/Aug/2023:14:12:26 -0500] "GET /BLA/boletinlegal/ HTTP/1.1" 200 58079
199.16.157.180 - - [06/Aug/2023:14:14:17 -0500] "GET /images/Acuerdos%2001%20(1)%20(1).jpeg HTTP/1.1" 200 32884
216.245.221.92 - - [06/Aug/2023:14:14:22 -0500] "HEAD / HTTP/1.1" 200 -
172.22.2.4 - - [06/Aug/2023:14:15:10 -0500] "GET /BLA/boletinlegal/jurisprudencia/analisis/SENTENCIA%20C-703%20DE%202010.xls HTTP/1.1" 200 38912
186.30.157.19 - - [06/Aug/2023:14:16:10 -0500] "GET /mujeres-lideran-estrategias-para-enfrentar-el-cambio-climatico-en-bogota.html?fbclid=IwAR3-nl7EoSwRIn90H-G4juBP5ujug3q_HJz6e2iGx3BYMRF9F5AclcTXj5I HTTP/1.1" 200 876
52.167.144.221 - - [06/Aug/2023:14:17:20 -0500] "GET /BLA/resoluciones/index.php?dir=RESOLUCIONES+2005%2FRES+2005++1601-1650%2F HTTP/1.1" 200 12426
201.245.192.253 - - [06/Aug/2023:14:18:39 -0500] "POST /kwsrmcab/Wsrmcab  HTTP/1.1" 200 42098
172.22.2.4 - - [06/Aug/2023:14:17:25 -0500] "HEAD /BLA/boletinlegal/ HTTP/1.1" 200 -
216.245.221.92 - - [06/Aug/2023:14:19:22 -0500] "HEAD / HTTP/1.1" 200 -
201.245.192.253 - - [06/Aug/2023:14:19:28 -0500] "POST /kwsrmcab/Wsrmcab HTTP/1.1" 200 43692
201.245.192.253 - - [06/Aug/2023:14:19:31 -0500] "POST /kwsrmcab/Wsrmcab HTTP/1.1" 200 44822
172.22.2.4 - - [06/Aug/2023:14:18:16 -0500] "GET /BLA/boletinlegal/ HTTP/1.1" 200 58079
201.245.192.253 - - [06/Aug/2023:14:23:38 -0500] "POST /kwsrmcab/Wsrmcab  HTTP/1.1" 200 42098
216.245.221.92 - - [06/Aug/2023:14:24:22 -0500] "HEAD / HTTP/1.1" 200 -
172.22.2.4 - - [06/Aug/2023:14:23:15 -0500] "HEAD /BLA/boletinlegal/ HTTP/1.1" 200 -
172.22.2.4 - - [06/Aug/2023:14:24:06 -0500] "GET /BLA/boletinlegal/ HTTP/1.1" 200 53248
201.245.192.253 - - [06/Aug/2023:14:28:36 -0500] "POST /kwsrmcab/Wsrmcab  HTTP/1.1" 200 42098
186.102.10.225 - - [06/Aug/2023:14:29:15 -0500] "GET /kwssiamovil/sm/acme/u?s=U2FsdGVkX19SQnAwtv8Mlp/QYAwCHoH9KCcLRYscyz0D1PfpFfjNFzGf+r7I/wSXehFbgzh/DVTw4++tLmSdk8paiQZgrV6oUzaB2bEctcCoHn0TImevbAU0M5t+rHWCAbvvH7Xi1i+JNQ4iCwdj6ZfZrz9vtHOlTnjUlyqHm8w=&u=U2FsdGVkX197sYiQR10BJHEP58x50WRn9Tuxawhzm8o=&y=U2FsdGVkX1+Z7sEgWlUMSyQwiljFplhwOfyMHGKYXYY= HTTP/1.1" 200 60
216.245.221.92 - - [06/Aug/2023:14:29:22 -0500] "HEAD / HTTP/1.1" 200 -
201.245.192.253 - - [06/Aug/2023:14:29:28 -0500] "POST /kwsrmcab/Wsrmcab HTTP/1.1" 200 43692
201.245.192.253 - - [06/Aug/2023:14:29:31 -0500] "POST /kwsrmcab/Wsrmcab HTTP/1.1" 200 44822
172.22.2.4 - - [06/Aug/2023:14:29:05 -0500] "HEAD /BLA/boletinlegal/ HTTP/1.1" 200 -
172.22.2.4 - - [06/Aug/2023:14:29:56 -0500] "GET /BLA/boletinlegal/ HTTP/1.1" 200 60612
201.245.192.253 - - [06/Aug/2023:14:33:34 -0500] "POST /kwsrmcab/Wsrmcab  HTTP/1.1" 200 42098
216.245.221.92 - - [06/Aug/2023:14:34:22 -0500] "HEAD / HTTP/1.1" 200 -
173.252.95.18 - - [06/Aug/2023:14:36:24 -0500] "GET /images/cr\xc3\xb3nica-29-nov-1_optimized.jpeg HTTP/1.1" 404 1034
172.22.2.4 - - [06/Aug/2023:14:34:55 -0500] "HEAD /BLA/boletinlegal/ HTTP/1.1" 200 -
172.22.2.4 - - [06/Aug/2023:14:37:18 -0500] "GET /BLA/boletinlegal/Directivas/2014/Directiva%20No.%203%20del%2020%20de%20Mayo%20de%202014.pdf HTTP/1.1" 304 -
172.22.2.4 - - [06/Aug/2023:14:35:46 -0500] "GET /BLA/boletinlegal/ HTTP/1.1" 200 61035
201.245.192.253 - - [06/Aug/2023:14:38:32 -0500] "POST /kwsrmcab/Wsrmcab  HTTP/1.1" 200 42098
40.77.167.113 - - [06/Aug/2023:14:38:34 -0500] "GET /BLA/resoluciones/AUTOS%202022/0429.pdf HTTP/1.1" 304 -
