201.245.192.253 - - [06/Aug/2023:16:37:58 -0500] "POST /kwsrmcab/Wsrmcab  HTTP/1.1" 200 42098
172.22.2.4 - - [06/Aug/2023:16:37:25 -0500] "HEAD /BLA/boletinlegal/ HTTP/1.1" 200 -
216.245.221.92 - - [06/Aug/2023:16:39:22 -0500] "HEAD / HTTP/1.1" 200 -
201.245.192.253 - - [06/Aug/2023:16:39:28 -0500] "POST /kwsrmcab/Wsrmcab HTTP/1.1" 200 43679
201.245.192.253 - - [06/Aug/2023:16:39:31 -0500] "POST /kwsrmcab/Wsrmcab HTTP/1.1" 200 44471
172.22.2.4 - - [06/Aug/2023:16:38:15 -0500] "GET /BLA/boletinlegal/ HTTP/1.1" 200 60612
51.159.195.16 - - [06/Aug/2023:16:41:55 -0500] "GET /aeropuerto-el-dorado-distrito-sensibilizo-a-viajeros-para-evitar-el-trafico-de-especies-silvestres.html HTTP/1.1" 200 851
51.159.195.16 - - [06/Aug/2023:16:41:57 -0500] "GET /cumpleanos-485-de-bogota-inscribete-a-las-jornadas-de-monitoreo-a-la-biodiversidad.html HTTP/1.1" 200 847
51.159.195.16 - - [06/Aug/2023:16:41:57 -0500] "GET /mas-de-1300-tinguas-fueron-recuperadas-en-epoca-migratoria-en-bogota.html HTTP/1.1" 200 724
51.159.195.16 - - [06/Aug/2023:16:41:57 -0500] "GET /mujeres-lideran-estrategias-para-enfrentar-el-cambio-climatico-en-bogota.html HTTP/1.1" 200 876
51.159.194.233 - - [06/Aug/2023:16:41:59 -0500] "GET /varios-individuos-de-fauna-regresaron-a-la-libertad-en-el-dia-nacional-de-la-vida-silvestre.html HTTP/1.1" 200 870
51.159.194.199 - - [06/Aug/2023:16:41:59 -0500] "GET /carolina-urrutia-secretaria-de-ambiente-en-el-primer-seminario-iberoamericano-de-coberturas-vegetales-urbanas.html HTTP/1.1" 200 864
51.159.194.233 - - [06/Aug/2023:16:42:02 -0500] "GET /chapinero-reverdece-con-200-nuevos-arboles.html HTTP/1.1" 200 858
51.159.194.199 - - [06/Aug/2023:16:42:04 -0500] "GET /distrito-lamenta-incendio-en-humedal-tibanica-e-inicia-valoraciones-para-definir-el-proceso-de-recuperacion.html HTTP/1.1" 200 854
201.245.192.253 - - [06/Aug/2023:16:42:55 -0500] "POST /kwsrmcab/Wsrmcab  HTTP/1.1" 200 42098
191.102.117.217 - - [06/Aug/2023:16:43:58 -0500] "GET /forest/ HTTP/1.1" 200 12041
191.102.117.217 - - [06/Aug/2023:16:44:06 -0500] "POST /forest/index.php HTTP/1.1" 200 12268
216.245.221.92 - - [06/Aug/2023:16:44:22 -0500] "HEAD / HTTP/1.1" 200 -
172.22.2.4 - - [06/Aug/2023:16:43:15 -0500] "HEAD /BLA/boletinlegal/ HTTP/1.1" 200 -
172.22.2.4 - - [06/Aug/2023:16:44:05 -0500] "GET /BLA/boletinlegal/ HTTP/1.1" 200 52495
40.77.167.113 - - [06/Aug/2023:16:47:09 -0500] "GET /BLA/resoluciones/AUTOS%202022/2023.pdf HTTP/1.1" 304 -
201.245.192.253 - - [06/Aug/2023:16:47:54 -0500] "POST /kwsrmcab/Wsrmcab  HTTP/1.1" 200 42098
172.22.2.4 - - [06/Aug/2023:16:47:56 -0500] "GET /BLA/boletinlegal/actos.php HTTP/1.1" 200 9682
172.22.2.4 - - [06/Aug/2023:16:47:57 -0500] "GET /BLA/boletinlegal/favicon.ico HTTP/1.1" 404 1326
186.29.213.201 - - [06/Aug/2023:16:48:00 -0500] "GET /BLA/resoluciones/ HTTP/1.1" 200 13502
186.29.213.201 - - [06/Aug/2023:16:48:02 -0500] "GET /BLA/resoluciones/index.php?dir=AUTOS+2022%2F HTTP/1.1" 200 502426
186.29.213.201 - - [06/Aug/2023:16:48:23 -0500] "GET /BLA/resoluciones/AUTOS%202022/7077.pdf HTTP/1.1" 200 545049
186.29.213.201 - - [06/Aug/2023:16:48:23 -0500] "GET /BLA/resoluciones/AUTOS%202022/7077.pdf HTTP/1.1" 206 1025
66.249.79.100 - - [06/Aug/2023:16:49:21 -0500] "GET /galeria/galeria/fotos/MeandrodelSay4G.jpg HTTP/1.1" 200 371052
216.245.221.92 - - [06/Aug/2023:16:49:22 -0500] "HEAD / HTTP/1.1" 200 -
186.30.50.210 - - [06/Aug/2023:16:49:29 -0500] "GET /mujeres-lideran-estrategias-para-enfrentar-el-cambio-climatico-en-bogota.html?fbclid=IwAR2V2ae-D6NmaB6LU4e5FTxPzKjKjyd8NqdgAAQsdfIl89w2TOubRnBQHVs HTTP/1.1" 200 876
172.22.2.4 - - [06/Aug/2023:16:49:05 -0500] "HEAD /BLA/boletinlegal/ HTTP/1.1" 200 -
172.22.2.4 - - [06/Aug/2023:16:49:55 -0500] "GET /BLA/boletinlegal/ HTTP/1.1" 200 60612
191.102.117.217 - - [06/Aug/2023:16:52:40 -0500] "GET /forest/ HTTP/1.1" 200 12041
191.102.117.217 - - [06/Aug/2023:16:52:45 -0500] "POST /forest/index.php HTTP/1.1" 200 12268
201.245.192.253 - - [06/Aug/2023:16:52:52 -0500] "POST /kwsrmcab/Wsrmcab  HTTP/1.1" 200 42098
216.245.221.92 - - [06/Aug/2023:16:54:22 -0500] "HEAD / HTTP/1.1" 200 -
34.140.248.32 - - [06/Aug/2023:16:55:09 -0500] "GET / HTTP/1.1" 200 319
172.22.2.4 - - [06/Aug/2023:16:54:10 -0500] "GET /BLA/boletinlegal/ HTTP/1.1" 200 60185
172.22.2.4 - - [06/Aug/2023:16:55:53 -0500] "GET /BLA/boletinlegal/sitemap.txt HTTP/1.1" 404 1037
172.22.2.4 - - [06/Aug/2023:16:55:59 -0500] "GET /BLA/boletinlegal/js/jquery.js HTTP/1.1" 200 57254
172.22.2.4 - - [06/Aug/2023:16:55:59 -0500] "GET /BLA/boletinlegal/style.css HTTP/1.1" 200 9406
52.167.144.76 - - [06/Aug/2023:16:56:01 -0500] "GET /BLA/resoluciones/AUTOS%202022/7077.pdf HTTP/1.1" 200 545049
172.22.2.4 - - [06/Aug/2023:16:56:03 -0500] "GET /BLA/boletinlegal/js/jquery.scrollShow.js HTTP/1.1" 200 4586
172.22.2.4 - - [06/Aug/2023:16:56:04 -0500] "GET /BLA/boletinlegal/styles2.css HTTP/1.1" 200 1838
172.22.2.4 - - [06/Aug/2023:16:56:09 -0500] "GET /BLA/boletinlegal/js/jquery.scrollTo-min.js HTTP/1.1" 200 1150
172.22.2.4 - - [06/Aug/2023:16:56:21 -0500] "GET /BLA/boletinlegal/Circulares/2022/DIRECTIVA%20No.%2000005%20DEL%2030%20DE%20JUNIO%20DEL%202022.pdf HTTP/1.1" 200 370015
172.22.2.4 - - [06/Aug/2023:16:54:55 -0500] "HEAD /BLA/boletinlegal/ HTTP/1.1" 200 -
66.249.79.130 - - [06/Aug/2023:16:57:15 -0500] "GET /secretaria-de-ambiente-adelanta-rehabilitacion-de-un-tayra-mamifero-entregado-en-bogota.html HTTP/1.1" 304 -
172.22.2.4 - - [06/Aug/2023:16:55:45 -0500] "GET /BLA/boletinlegal/ HTTP/1.1" 200 56452
201.245.192.253 - - [06/Aug/2023:16:57:50 -0500] "POST /kwsrmcab/Wsrmcab  HTTP/1.1" 200 42098
216.245.221.92 - - [06/Aug/2023:16:59:22 -0500] "HEAD / HTTP/1.1" 200 -
186.84.22.13 - - [06/Aug/2023:17:00:28 -0500] "GET / HTTP/1.1" 200 4720
172.22.2.4 - - [06/Aug/2023:17:00:45 -0500] "HEAD /BLA/boletinlegal/ HTTP/1.1" 200 -
201.245.192.253 - - [06/Aug/2023:17:02:48 -0500] "POST /kwsrmcab/Wsrmcab  HTTP/1.1" 200 42098
172.22.2.4 - - [06/Aug/2023:17:01:35 -0500] "GET /BLA/boletinlegal/ HTTP/1.1" 200 60612
216.245.221.92 - - [06/Aug/2023:17:04:22 -0500] "HEAD / HTTP/1.1" 200 -
199.203.59.201 - - [06/Aug/2023:17:05:57 -0500] "HEAD / HTTP/1.1" 200 -
199.203.59.201 - - [06/Aug/2023:17:05:57 -0500] "GET /wp-login.php HTTP/1.1" 404 1241
199.203.59.201 - - [06/Aug/2023:17:05:58 -0500] "GET /wordpress/wp-login.php HTTP/1.1" 404 1241
199.203.59.201 - - [06/Aug/2023:17:05:58 -0500] "GET /blog/wp-login.php HTTP/1.1" 404 1241
199.203.59.201 - - [06/Aug/2023:17:05:59 -0500] "GET /wp/wp-login.php HTTP/1.1" 404 1241
40.77.167.113 - - [06/Aug/2023:17:06:37 -0500] "GET /BLA/resoluciones/AUTOS%202022/3522.pdf HTTP/1.1" 304 -
190.68.153.222 - - [06/Aug/2023:17:07:25 -0500] "GET /BLA/resoluciones/RESOLUCIONES%202021/2903.pdf HTTP/1.1" 200 474460
190.68.153.222 - - [06/Aug/2023:17:07:25 -0500] "GET /favicon.ico HTTP/1.1" 200 7782
5.42.95.168 - - [06/Aug/2023:17:07:17 -0500] "POST /boaform/admin/formLogin HTTP/1.1" 404 1186
201.245.192.253 - - [06/Aug/2023:17:07:47 -0500] "POST /kwsrmcab/Wsrmcab  HTTP/1.1" 200 42098
172.22.2.4 - - [06/Aug/2023:17:06:35 -0500] "HEAD /BLA/boletinlegal/ HTTP/1.1" 200 -
172.22.2.4 - - [06/Aug/2023:17:07:25 -0500] "GET /BLA/boletinlegal/ HTTP/1.1" 200 58079
216.245.221.92 - - [06/Aug/2023:17:09:22 -0500] "HEAD / HTTP/1.1" 200 -
172.22.2.4 - - [06/Aug/2023:17:09:22 -0500] "GET /BLA/boletinlegal/ HTTP/1.1" 200 62277
201.245.192.253 - - [06/Aug/2023:17:12:46 -0500] "POST /kwsrmcab/Wsrmcab  HTTP/1.1" 200 42098
201.245.246.165 - - [06/Aug/2023:17:13:05 -0500] "GET /galeria/galeria/jquery.fancybox.css?v=2.1.5 HTTP/1.1" 200 4895
201.245.246.165 - - [06/Aug/2023:17:13:06 -0500] "GET /BLA/boletinlegal/js/jquery.scrollShow.js HTTP/1.1" 200 4586
201.245.246.165 - - [06/Aug/2023:17:13:06 -0500] "GET /galeria/galeria/jquery.fancybox.js?v=2.1.5 HTTP/1.1" 200 48706
173.252.107.120 - - [06/Aug/2023:17:13:24 -0500] "GET /calidad-del-aire-distrito-avanza-unido-por-un-nuevo-aire.html?utm_id=Julio_2023 HTTP/1.1" 200 783
172.22.2.4 - - [06/Aug/2023:17:12:25 -0500] "HEAD /BLA/boletinlegal/ HTTP/1.1" 200 -
216.245.221.92 - - [06/Aug/2023:17:14:22 -0500] "HEAD / HTTP/1.1" 200 -
172.22.2.4 - - [06/Aug/2023:17:13:15 -0500] "GET /BLA/boletinlegal/ HTTP/1.1" 200 53643
40.77.167.113 - - [06/Aug/2023:17:15:10 -0500] "GET /BLA/resoluciones/AUTOS%202016/1285.pdf HTTP/1.1" 304 -
201.245.192.253 - - [06/Aug/2023:17:17:45 -0500] "POST /kwsrmcab/Wsrmcab  HTTP/1.1" 200 42098
172.22.2.4 - - [06/Aug/2023:17:18:51 -0500] "GET /BLA/boletinlegal/jurisprudencia/analisis/AnalisisT-095-16.docx HTTP/1.1" 304 -
66.249.79.102 - - [06/Aug/2023:17:19:20 -0500] "GET /BLA/resoluciones/RESOLUCIONES%202016/1542.pdf HTTP/1.1" 200 778837
216.245.221.92 - - [06/Aug/2023:17:19:22 -0500] "HEAD / HTTP/1.1" 200 -
66.249.79.101 - - [06/Aug/2023:17:19:22 -0500] "GET /Residuos/cosmeticos/files/guia_cosmeticos-aseo.pdf HTTP/1.1" 200 13926317
200.118.145.9 - - [06/Aug/2023:17:19:29 -0500] "GET /BLA/resoluciones/index.php?dir= HTTP/1.1" 200 13502
201.245.192.253 - - [06/Aug/2023:17:19:28 -0500] "POST /kwsrmcab/Wsrmcab HTTP/1.1" 200 43680
200.118.145.9 - - [06/Aug/2023:17:19:31 -0500] "GET /BLA/resoluciones/index.php?dir=AUTOS+2022%2F HTTP/1.1" 200 502426
201.245.192.253 - - [06/Aug/2023:17:19:31 -0500] "POST /kwsrmcab/Wsrmcab HTTP/1.1" 200 44472
172.22.2.4 - - [06/Aug/2023:17:18:15 -0500] "HEAD /BLA/boletinlegal/ HTTP/1.1" 200 -
172.22.2.4 - - [06/Aug/2023:17:19:05 -0500] "GET /BLA/boletinlegal/ HTTP/1.1" 200 58079
173.252.127.5 - - [06/Aug/2023:17:21:51 -0500] "GET /images/Reciclaton-2023.jpg HTTP/1.1" 200 68883
201.245.192.253 - - [06/Aug/2023:17:22:43 -0500] "POST /kwsrmcab/Wsrmcab  HTTP/1.1" 200 42098
216.245.221.92 - - [06/Aug/2023:17:24:22 -0500] "HEAD / HTTP/1.1" 200 -
172.22.2.4 - - [06/Aug/2023:17:24:05 -0500] "HEAD /BLA/boletinlegal/ HTTP/1.1" 200 -
172.22.2.4 - - [06/Aug/2023:17:24:55 -0500] "GET /BLA/boletinlegal/ HTTP/1.1" 200 60612
173.252.95.17 - - [06/Aug/2023:17:27:20 -0500] "GET /alcaldesa-claudia-lopez-encabezo-encuentro-con-las-mujeres-que-reverdecen-a-bogota.html HTTP/1.1" 200 1069
31.13.103.7 - - [06/Aug/2023:17:27:39 -0500] "GET /alcaldesa-claudia-lopez-encabezo-encuentro-con-las-mujeres-que-reverdecen-a-bogota.html HTTP/1.1" 200 1069
31.13.103.10 - - [06/Aug/2023:17:27:40 -0500] "GET /images/tarima-mujeres-reverdeciendo.jpg HTTP/1.1" 200 39300
201.245.192.253 - - [06/Aug/2023:17:27:41 -0500] "POST /kwsrmcab/Wsrmcab  HTTP/1.1" 200 42098
216.245.221.92 - - [06/Aug/2023:17:29:22 -0500] "HEAD / HTTP/1.1" 200 -
201.245.192.253 - - [06/Aug/2023:17:29:28 -0500] "POST /kwsrmcab/Wsrmcab HTTP/1.1" 200 43680
201.245.192.253 - - [06/Aug/2023:17:29:32 -0500] "POST /kwsrmcab/Wsrmcab HTTP/1.1" 200 44472
172.22.2.4 - - [06/Aug/2023:17:29:55 -0500] "HEAD /BLA/boletinlegal/ HTTP/1.1" 200 -
172.22.2.4 - - [06/Aug/2023:17:30:45 -0500] "GET /BLA/boletinlegal/ HTTP/1.1" 200 60612
201.245.192.253 - - [06/Aug/2023:17:32:40 -0500] "POST /kwsrmcab/Wsrmcab  HTTP/1.1" 200 42098
66.249.79.102 - - [06/Aug/2023:17:34:21 -0500] "GET /galeria/galeria/fotos/tortuga2G.jpg HTTP/1.1" 200 267967
216.245.221.92 - - [06/Aug/2023:17:34:22 -0500] "HEAD / HTTP/1.1" 200 -
172.22.2.4 - - [06/Aug/2023:17:34:24 -0500] "GET /BLA/boletinlegal/ HTTP/1.1" 200 58474
173.252.79.7 - - [06/Aug/2023:17:36:55 -0500] "GET /images/publicidad-exterior-2023-oct.jpg HTTP/1.1" 200 38992
172.22.2.4 - - [06/Aug/2023:17:35:45 -0500] "HEAD /BLA/boletinlegal/ HTTP/1.1" 200 -
52.167.144.33 - - [06/Aug/2023:17:37:30 -0500] "GET /BLA/resoluciones/Notificaciones/AUTOS%202017/02880.pdf HTTP/1.1" 304 -
201.245.192.253 - - [06/Aug/2023:17:37:39 -0500] "POST /kwsrmcab/Wsrmcab  HTTP/1.1" 200 42098
172.22.2.4 - - [06/Aug/2023:17:36:35 -0500] "GET /BLA/boletinlegal/ HTTP/1.1" 200 58474
172.22.2.4 - - [06/Aug/2023:17:38:21 -0500] "GET /BLA/boletinlegal/Circulares/2019/.pdf HTTP/1.1" 404 1218
216.245.221.92 - - [06/Aug/2023:17:39:22 -0500] "HEAD / HTTP/1.1" 200 -
201.245.192.253 - - [06/Aug/2023:17:39:28 -0500] "POST /kwsrmcab/Wsrmcab HTTP/1.1" 200 43680
201.245.192.253 - - [06/Aug/2023:17:39:31 -0500] "POST /kwsrmcab/Wsrmcab HTTP/1.1" 200 44472
201.245.192.253 - - [06/Aug/2023:17:42:37 -0500] "POST /kwsrmcab/Wsrmcab  HTTP/1.1" 200 42098
172.22.2.4 - - [06/Aug/2023:17:41:35 -0500] "HEAD /BLA/boletinlegal/ HTTP/1.1" 200 -
52.167.144.76 - - [06/Aug/2023:17:43:47 -0500] "GET /BLA/resoluciones/AUTOS%202011/2809.pdf HTTP/1.1" 304 -
172.22.2.4 - - [06/Aug/2023:17:42:25 -0500] "GET /BLA/boletinlegal/ HTTP/1.1" 200 60612
216.245.221.92 - - [06/Aug/2023:17:44:22 -0500] "HEAD / HTTP/1.1" 200 -
201.245.192.253 - - [06/Aug/2023:17:47:36 -0500] "POST /kwsrmcab/Wsrmcab  HTTP/1.1" 200 42098
173.252.95.4 - - [06/Aug/2023:17:48:15 -0500] "GET /mujeres-que-trabajan-por-el-medioambiente-de-bogota.html HTTP/1.1" 200 724
173.252.95.116 - - [06/Aug/2023:17:48:15 -0500] "GET /mujeres-que-trabajan-por-el-medioambiente-de-bogota.html HTTP/1.1" 200 724
173.252.111.8 - - [06/Aug/2023:17:48:17 -0500] "GET /images/mujeres-cultura-31.jpg HTTP/1.1" 200 33736
52.167.144.33 - - [06/Aug/2023:17:48:32 -0500] "GET /BLA/resoluciones/AUTOS%202019/3948.pdf HTTP/1.1" 304 -
172.22.2.4 - - [06/Aug/2023:17:47:25 -0500] "HEAD /BLA/boletinlegal/ HTTP/1.1" 200 -
66.249.79.101 - - [06/Aug/2023:17:49:20 -0500] "GET /BLA/resoluciones/RESOLUCIONES%202009/2445.pdf HTTP/1.1" 200 538242
216.245.221.92 - - [06/Aug/2023:17:49:22 -0500] "HEAD / HTTP/1.1" 200 -
66.249.79.100 - - [06/Aug/2023:17:49:23 -0500] "GET /Publicaciones/2023EE173833.pdf HTTP/1.1" 200 231957
66.249.79.100 - - [06/Aug/2023:17:49:24 -0500] "GET /Publicaciones/2023EE173788.pdf HTTP/1.1" 304 -
186.84.21.253 - - [06/Aug/2023:17:49:51 -0500] "GET /BLA/boletinlegal/js/jquery.scrollShow.js HTTP/1.1" 200 4586
186.84.21.253 - - [06/Aug/2023:17:49:51 -0500] "GET /galeria/galeria/jquery.fancybox.css?v=2.1.5 HTTP/1.1" 200 4895
186.84.21.253 - - [06/Aug/2023:17:49:51 -0500] "GET /galeria/galeria/jquery.fancybox.js?v=2.1.5 HTTP/1.1" 200 48706
172.22.2.4 - - [06/Aug/2023:17:48:15 -0500] "GET /BLA/boletinlegal/ HTTP/1.1" 200 60612
52.167.144.76 - - [06/Aug/2023:17:51:37 -0500] "GET /BLA/resoluciones/AUTOS%202022/0805.pdf HTTP/1.1" 304 -
201.245.192.253 - - [06/Aug/2023:17:52:35 -0500] "POST /kwsrmcab/Wsrmcab  HTTP/1.1" 200 42098
216.245.221.92 - - [06/Aug/2023:17:54:22 -0500] "HEAD / HTTP/1.1" 200 -
172.22.2.4 - - [06/Aug/2023:17:53:15 -0500] "HEAD /BLA/boletinlegal/ HTTP/1.1" 200 -
190.25.43.182 - - [06/Aug/2023:17:55:04 -0500] "GET /BLA/boletinlegal/js/jquery.scrollShow.js HTTP/1.1" 200 4586
190.25.43.182 - - [06/Aug/2023:17:55:04 -0500] "GET /galeria/galeria/jquery.fancybox.css?v=2.1.5 HTTP/1.1" 200 4895
190.25.43.182 - - [06/Aug/2023:17:55:04 -0500] "GET /galeria/galeria/jquery.fancybox.js?v=2.1.5 HTTP/1.1" 200 48706
190.25.43.182 - - [06/Aug/2023:17:55:06 -0500] "GET /galeria/carrusel/Carrusel/jquery.thumbnailScroller.css HTTP/1.1" 200 2066
190.25.43.182 - - [06/Aug/2023:17:55:06 -0500] "GET /BLA/boletinlegal/js/jquery.scrollShow.js HTTP/1.1" 200 4586
190.25.43.182 - - [06/Aug/2023:17:55:06 -0500] "GET /galeria/galeria/jquery.fancybox.js?v=2.1.5 HTTP/1.1" 200 48706
190.25.43.182 - - [06/Aug/2023:17:55:06 -0500] "GET /galeria/carrusel/Carrusel/jquery-ui-1.8.13.custom.min.js HTTP/1.1" 200 10800
190.25.43.182 - - [06/Aug/2023:17:55:06 -0500] "GET /galeria/carrusel/Carrusel/jquery.thumbnailScroller.js HTTP/1.1" 200 8157
190.25.43.182 - - [06/Aug/2023:17:55:07 -0500] "GET /galeria/nivo-slider/demo/banner.html HTTP/1.1" 200 5446
190.25.43.182 - - [06/Aug/2023:17:55:08 -0500] "GET /galeria/nivo-slider/themes/default/default.css HTTP/1.1" 200 1569
190.25.43.182 - - [06/Aug/2023:17:55:08 -0500] "GET /galeria/nivo-slider/themes/orman/orman.css HTTP/1.1" 200 2152
190.25.43.182 - - [06/Aug/2023:17:55:08 -0500] "GET /galeria/nivo-slider/themes/pascal/pascal.css HTTP/1.1" 200 2258
190.25.43.182 - - [06/Aug/2023:17:55:08 -0500] "GET /galeria/nivo-slider/nivo-slider.css HTTP/1.1" 200 1507
190.25.43.182 - - [06/Aug/2023:17:55:08 -0500] "GET /galeria/nivo-slider/demo/style.css HTTP/1.1" 200 2222
190.25.43.182 - - [06/Aug/2023:17:55:08 -0500] "GET /galeria/nivo-slider/demo/images/bannertortuga_optimized.jpg HTTP/1.1" 200 39066
190.25.43.182 - - [06/Aug/2023:17:55:08 -0500] "GET /galeria/nivo-slider/demo/images/Bannermujeresquereverdecen.jpg HTTP/1.1" 200 46558
190.25.43.182 - - [06/Aug/2023:17:55:08 -0500] "GET /galeria/nivo-slider/demo/images/bannertrafico_optimized.jpg HTTP/1.1" 200 42578
190.25.43.182 - - [06/Aug/2023:17:55:08 -0500] "GET /galeria/nivo-slider/demo/images/bannerrutaesperanza.jpg HTTP/1.1" 200 55560
190.25.43.182 - - [06/Aug/2023:17:55:08 -0500] "GET /galeria/nivo-slider/jquery.nivo.slider.pack.js HTTP/1.1" 200 11561
190.25.43.182 - - [06/Aug/2023:17:55:08 -0500] "GET /galeria/nivo-slider/demo/images/Bannersedeelectronica.jpg HTTP/1.1" 200 40383
190.25.43.182 - - [06/Aug/2023:17:55:08 -0500] "GET /galeria/nivo-slider/demo/scripts/jquery-1.7.1.min.js HTTP/1.1" 200 93868
190.25.43.182 - - [06/Aug/2023:17:55:08 -0500] "GET /galeria/nivo-slider/demo/images/banneraire2021.jpg HTTP/1.1" 200 265101
190.25.43.182 - - [06/Aug/2023:17:55:08 -0500] "GET /galeria/nivo-slider/demo/images/4Simple_Slider.png HTTP/1.1" 200 11722
190.25.43.182 - - [06/Aug/2023:17:55:08 -0500] "GET /galeria/nivo-slider/themes/default/loading.gif HTTP/1.1" 200 1737
190.25.43.182 - - [06/Aug/2023:17:55:08 -0500] "GET /galeria/nivo-slider/demo/images/Bannerplasticosseptiembre.jpg HTTP/1.1" 200 45633
190.25.43.182 - - [06/Aug/2023:17:55:08 -0500] "GET /galeria/nivo-slider/demo/images/bannerresiduoshospitalariosagosto.jpg HTTP/1.1" 200 36499
190.25.43.182 - - [06/Aug/2023:17:55:08 -0500] "GET /galeria/nivo-slider/demo/images/banneraccionpopularcrr68.jpg HTTP/1.1" 200 51887
190.25.43.182 - - [06/Aug/2023:17:55:08 -0500] "GET /galeria/nivo-slider/demo/images/banneraccionpopular.jpeg HTTP/1.1" 200 41707
190.25.43.182 - - [06/Aug/2023:17:55:08 -0500] "GET /galeria/nivo-slider/demo/images/bannerclases2021.jpg HTTP/1.1" 200 68230
190.25.43.182 - - [06/Aug/2023:17:55:08 -0500] "GET /galeria/nivo-slider/demo/images/bannercapacitacionesbogota.jpg HTTP/1.1" 200 42416
190.25.43.182 - - [06/Aug/2023:17:55:08 -0500] "GET /galeria/nivo-slider/demo/images/Bannerenvases.jpg HTTP/1.1" 200 37316
190.25.43.182 - - [06/Aug/2023:17:55:08 -0500] "GET /galeria/nivo-slider/demo/images/Bannervirtualescanales.jpg HTTP/1.1" 200 174544
190.25.43.182 - - [06/Aug/2023:17:55:09 -0500] "GET /galeria/nivo-slider/themes/default/arrows.png HTTP/1.1" 200 824
190.25.43.182 - - [06/Aug/2023:17:55:09 -0500] "GET /galeria/nivo-slider/themes/default/bullets.png HTTP/1.1" 200 1281
173.252.87.117 - - [06/Aug/2023:17:55:36 -0500] "GET /images/calidad-aire-2-marzo-1_optimized.jpeg HTTP/1.1" 200 51562
190.25.43.182 - - [06/Aug/2023:17:55:39 -0500] "GET /galeria/carrusel/Carrusel/jquery.thumbnailScroller.js HTTP/1.1" 200 8157
190.25.43.182 - - [06/Aug/2023:17:55:39 -0500] "GET /galeria/carrusel/Carrusel/jquery-ui-1.8.13.custom.min.js HTTP/1.1" 200 10800
190.25.43.182 - - [06/Aug/2023:17:55:40 -0500] "GET /galeria/nivo-slider/jquery.nivo.slider.pack.js HTTP/1.1" 200 11561
190.25.43.182 - - [06/Aug/2023:17:55:40 -0500] "GET /galeria/nivo-slider/demo/scripts/jquery-1.7.1.min.js HTTP/1.1" 200 93868
172.22.2.4 - - [06/Aug/2023:17:54:05 -0500] "GET /BLA/boletinlegal/ HTTP/1.1" 200 60612
162.55.175.144 - - [06/Aug/2023:17:57:14 -0500] "GET / HTTP/1.1" 200 319
201.245.192.253 - - [06/Aug/2023:17:57:34 -0500] "POST /kwsrmcab/Wsrmcab  HTTP/1.1" 200 42098
216.245.221.92 - - [06/Aug/2023:17:59:22 -0500] "HEAD / HTTP/1.1" 200 -
172.22.2.4 - - [06/Aug/2023:17:59:05 -0500] "HEAD /BLA/boletinlegal/ HTTP/1.1" 200 -
40.77.167.37 - - [06/Aug/2023:18:00:55 -0500] "GET /BLA/resoluciones/AUTOS%202017/1218.pdf HTTP/1.1" 304 -
66.249.79.130 - - [06/Aug/2023:18:01:15 -0500] "GET /red-de-calidad-hidrica-de-bogota-una-herramienta-para-monitorear-la-calidad-del-agua.html HTTP/1.1" 200 817
172.22.2.4 - - [06/Aug/2023:17:59:55 -0500] "GET /BLA/boletinlegal/ HTTP/1.1" 200 53643
52.167.144.76 - - [06/Aug/2023:18:02:08 -0500] "GET /BLA/resoluciones/RESOLUCIONES%202010/6893.pdf HTTP/1.1" 200 283343
201.245.192.253 - - [06/Aug/2023:18:02:32 -0500] "POST /kwsrmcab/Wsrmcab  HTTP/1.1" 200 42098
186.84.21.253 - - [06/Aug/2023:18:02:52 -0500] "GET /catalogoisis/ HTTP/1.1" 200 8575
216.245.221.92 - - [06/Aug/2023:18:04:22 -0500] "HEAD / HTTP/1.1" 200 -
172.22.2.4 - - [06/Aug/2023:18:05:10 -0500] "GET /BLA/boletinlegal/favicon.ico HTTP/1.1" 404 1018
172.22.2.4 - - [06/Aug/2023:18:05:00 -0500] "GET /BLA/boletinlegal/ HTTP/1.1" 200 32715
172.22.2.4 - - [06/Aug/2023:18:04:55 -0500] "HEAD /BLA/boletinlegal/ HTTP/1.1" 200 -
40.77.167.101 - - [06/Aug/2023:18:06:48 -0500] "GET /robots.txt HTTP/1.1" 404 1049
52.167.144.26 - - [06/Aug/2023:18:06:59 -0500] "GET /BLA/boletinlegal/Circulares/2013/Circular%20No.%206%20del%2019%20de%20julio%20de%202013.pdf HTTP/1.1" 200 4210437
172.22.2.4 - - [06/Aug/2023:18:05:45 -0500] "GET /BLA/boletinlegal/ HTTP/1.1" 200 57680
201.245.192.253 - - [06/Aug/2023:18:07:30 -0500] "POST /kwsrmcab/Wsrmcab  HTTP/1.1" 200 42098
173.252.79.116 - - [06/Aug/2023:18:08:02 -0500] "GET /images/reunion-planta-termovalorizacion-11-mayo.jpg HTTP/1.1" 200 34782
52.167.144.33 - - [06/Aug/2023:18:09:03 -0500] "GET /autoliquidacion2020 HTTP/1.1" 301 250
52.167.144.33 - - [06/Aug/2023:18:09:04 -0500] "GET /autoliquidacion2020/ HTTP/1.1" 200 6146
216.245.221.92 - - [06/Aug/2023:18:09:22 -0500] "HEAD / HTTP/1.1" 200 -
52.167.144.76 - - [06/Aug/2023:18:11:53 -0500] "GET /BLA/resoluciones/RESOLUCIONES%202022/0616.pdf HTTP/1.1" 304 -
172.22.2.4 - - [06/Aug/2023:18:10:19 -0500] "GET /BLA/boletinlegal/ HTTP/1.1" 200 45662
172.22.2.4 - - [06/Aug/2023:18:10:38 -0500] "GET /BLA/boletinlegal/ HTTP/1.1" 200 40474
172.22.2.4 - - [06/Aug/2023:18:10:45 -0500] "HEAD /BLA/boletinlegal/ HTTP/1.1" 200 -
201.245.192.253 - - [06/Aug/2023:18:12:28 -0500] "POST /kwsrmcab/Wsrmcab  HTTP/1.1" 200 42098
172.22.2.4 - - [06/Aug/2023:18:10:59 -0500] "GET /BLA/boletinlegal/ HTTP/1.1" 200 40894
172.22.2.4 - - [06/Aug/2023:18:11:19 -0500] "GET /BLA/boletinlegal/ HTTP/1.1" 200 42626
172.22.2.4 - - [06/Aug/2023:18:11:35 -0500] "GET /BLA/boletinlegal/ HTTP/1.1" 200 43386
216.245.221.92 - - [06/Aug/2023:18:14:22 -0500] "HEAD / HTTP/1.1" 200 -
191.156.58.73 - - [06/Aug/2023:18:16:08 -0500] "GET /BLA/resoluciones/index.php?dir=RESOLUCIONES+2019%2F HTTP/1.1" 200 255801
191.156.58.73 - - [06/Aug/2023:18:16:12 -0500] "GET /BLA/resoluciones/dlf/styles.css HTTP/1.1" 200 3049
191.156.48.238 - - [06/Aug/2023:18:16:12 -0500] "GET /BLA/resoluciones/dlf/pdf.gif HTTP/1.1" 200 272
191.156.56.101 - - [06/Aug/2023:18:16:12 -0500] "GET /BLA/resoluciones/dlf/dirup.png HTTP/1.1" 200 644
191.156.48.238 - - [06/Aug/2023:18:16:12 -0500] "GET /BLA/resoluciones/dlf/archive.png HTTP/1.1" 200 632
191.156.56.101 - - [06/Aug/2023:18:16:13 -0500] "GET /BLA/resoluciones/dlf/bg.gif HTTP/1.1" 200 54
201.245.192.253 - - [06/Aug/2023:18:17:28 -0500] "POST /kwsrmcab/Wsrmcab  HTTP/1.1" 200 42098
172.22.2.4 - - [06/Aug/2023:18:16:35 -0500] "HEAD /BLA/boletinlegal/ HTTP/1.1" 200 -
172.22.2.4 - - [06/Aug/2023:18:17:25 -0500] "GET /BLA/boletinlegal/ HTTP/1.1" 200 58079
216.245.221.92 - - [06/Aug/2023:18:19:22 -0500] "HEAD / HTTP/1.1" 200 -
201.245.192.253 - - [06/Aug/2023:18:19:28 -0500] "POST /kwsrmcab/Wsrmcab HTTP/1.1" 200 43680
201.245.192.253 - - [06/Aug/2023:18:19:31 -0500] "POST /kwsrmcab/Wsrmcab HTTP/1.1" 200 44474
172.22.2.4 - - [06/Aug/2023:18:20:04 -0500] "GET /BLA/boletinlegal/ HTTP/1.1" 200 20427
173.252.95.119 - - [06/Aug/2023:18:20:39 -0500] "GET /images/negocios-verdes-mayo-2022.jpg HTTP/1.1" 200 48000
173.252.107.116 - - [06/Aug/2023:18:21:01 -0500] "GET /cuatro-animales-y-cerca-de-cinco-kilos-de-carne-de-especimenes-silvestres-fueron-incautados-en-los-ultimos-dias-en-bogota.html HTTP/1.1" 200 869
201.245.192.253 - - [06/Aug/2023:18:22:27 -0500] "POST /kwsrmcab/Wsrmcab  HTTP/1.1" 200 42098
172.22.2.4 - - [06/Aug/2023:18:22:25 -0500] "HEAD /BLA/boletinlegal/ HTTP/1.1" 200 -
172.22.2.4 - - [06/Aug/2023:18:24:10 -0500] "GET /BLA/boletinlegal/Circulares/2020/Circular%2000010%20del%2027%20de%20julio%20de%202020.pdf HTTP/1.1" 200 422655
216.245.221.92 - - [06/Aug/2023:18:24:22 -0500] "HEAD / HTTP/1.1" 200 -
40.77.189.251 - - [06/Aug/2023:18:24:54 -0500] "GET /dlf/styles.css HTTP/1.1" 404 1018
172.22.2.4 - - [06/Aug/2023:18:23:15 -0500] "GET /BLA/boletinlegal/ HTTP/1.1" 200 58079
66.249.79.100 - - [06/Aug/2023:18:25:25 -0500] "GET /Publicaciones/2023EE173832.pdf HTTP/1.1" 304 -
201.245.192.253 - - [06/Aug/2023:18:27:25 -0500] "POST /kwsrmcab/Wsrmcab  HTTP/1.1" 200 42098
216.245.221.92 - - [06/Aug/2023:18:29:22 -0500] "HEAD / HTTP/1.1" 200 -
201.245.192.253 - - [06/Aug/2023:18:29:27 -0500] "POST /kwsrmcab/Wsrmcab HTTP/1.1" 200 43680
201.245.192.253 - - [06/Aug/2023:18:29:30 -0500] "POST /kwsrmcab/Wsrmcab HTTP/1.1" 200 44474
172.22.2.4 - - [06/Aug/2023:18:28:15 -0500] "HEAD /BLA/boletinlegal/ HTTP/1.1" 200 -
172.22.2.4 - - [06/Aug/2023:18:29:05 -0500] "GET /BLA/boletinlegal/ HTTP/1.1" 200 58079
172.22.2.4 - - [06/Aug/2023:18:32:21 -0500] "GET /BLA/boletinlegal/Directivas/2014/Directiva%20No.%202%20del%205%20de%20Mayo%20de%202014.pdf HTTP/1.1" 304 -
201.245.192.253 - - [06/Aug/2023:18:32:23 -0500] "POST /kwsrmcab/Wsrmcab  HTTP/1.1" 200 42098
52.167.144.76 - - [06/Aug/2023:18:33:31 -0500] "GET /Publicaciones/2023EE133362.pdf HTTP/1.1" 404 228
216.245.221.92 - - [06/Aug/2023:18:34:22 -0500] "HEAD / HTTP/1.1" 200 -
172.22.2.4 - - [06/Aug/2023:18:33:22 -0500] "GET /BLA/boletinlegal/ HTTP/1.1" 200 52855
172.22.2.4 - - [06/Aug/2023:18:34:05 -0500] "HEAD /BLA/boletinlegal/ HTTP/1.1" 200 -
172.22.2.4 - - [06/Aug/2023:18:34:55 -0500] "GET /BLA/boletinlegal/ HTTP/1.1" 200 50801
172.22.2.4 - - [06/Aug/2023:18:37:17 -0500] "GET /BLA/boletinlegal/Circulares/2019/.pdf HTTP/1.1" 404 1218
201.245.192.253 - - [06/Aug/2023:18:37:22 -0500] "POST /kwsrmcab/Wsrmcab  HTTP/1.1" 200 42098
216.245.221.92 - - [06/Aug/2023:18:39:22 -0500] "HEAD / HTTP/1.1" 200 -
201.245.192.253 - - [06/Aug/2023:18:39:28 -0500] "POST /kwsrmcab/Wsrmcab HTTP/1.1" 200 43680
201.245.192.253 - - [06/Aug/2023:18:39:31 -0500] "POST /kwsrmcab/Wsrmcab HTTP/1.1" 200 44474
186.84.22.13 - - [06/Aug/2023:18:40:29 -0500] "-" 408 -
172.22.2.4 - - [06/Aug/2023:18:39:55 -0500] "HEAD /BLA/boletinlegal/ HTTP/1.1" 200 -
201.245.192.253 - - [06/Aug/2023:18:42:20 -0500] "POST /kwsrmcab/Wsrmcab  HTTP/1.1" 200 42098
172.22.2.4 - - [06/Aug/2023:18:40:45 -0500] "GET /BLA/boletinlegal/ HTTP/1.1" 200 58079
216.245.221.92 - - [06/Aug/2023:18:44:22 -0500] "HEAD / HTTP/1.1" 200 -
186.29.158.219 - - [06/Aug/2023:18:45:50 -0500] "GET /kwssiamovil/sm/acme/a?s=U2FsdGVkX19UX1GZZL/aKGEaogDhyEn1i65hmFfObhDNlN7Z+kjKXJ4mqNnFxy5yxQ236Kbg5ytIBx6O8kkulH9HrJjx79FSrGFzuqc1+lFqHTq/uHKKJT1zehhWoLAMKrO40aVE/TUilmc7kChrw4AJqAfhsNVKD++YwQ2v4/MgjzYpsJ7+cqa5aKBqwpj6YuqrMoyME/MrQ0hsz8DNMqeFoJb/I/gQ+CkU9hcuNsYR1Y279Qh6qvxoJKpuXKeQ5Qg6sSBfjuC++rKju0R6lg==&u=U2FsdGVkX19Qjog4+QOUCqvH+HHSNqshbtjm24U2S++iAayShLTA6JnvCr5TYkAa&y=U2FsdGVkX1/cRNbZOxak/NVSf/jw+1BeuCaxyQaoGHzDehVE79j1yylUGccJTjmt HTTP/1.1" 200 26
186.29.158.219 - - [06/Aug/2023:18:45:50 -0500] "GET /kwssiamovil/sm/acme/a?s=U2FsdGVkX1+z6zcPDP/BvjcLUow/HGL0v8VFqmQZrfgPJEqgfNQVWdsrT4E21sZIr4u5k9LKwVMq3qstQGhcRz2DQDlxEj9wVpEx/EFjova7qIfzeUyoml6AZZ0NB9VVPaSBrHUzBCWpHXlnrDZ7UHRi1KO11H0LCqByiFLc9/gc9NC5o+7mg6buyXYTcdc7Immg942xYvwZLFn0qZLKd7IYpuI2mV2jc3saETTjvIVsEA2YeEhe9xumhehwZj6ynHhX9uEfUOJmHHdFLNpw5uH/BFXL44vDG9zl77QjKhQvWTdardsO5U+85VwAQlG4/C4iPQiROH5RxpwI0GcGSX+TiFWwQOFlPmORBWVzI+9kTd6B082TvyHm0JMMS8g/F62y/xCSj2U3KvekBO2jSPzZeT/yG+mJs34Pw+WBcKBrJjYUiXRjhhugoVNULP7jbtluXd2DvlPzicqLFmMmveRM+YrO1UiVYQ+sSgfiXDIP4SuVt4/giDNalpUmBerwVUJziYvgG/x2j9gFGCzQO5cXrOn5owB0ymmFkUOiiUWytDLQmuUb2eGhK5mD9JG2aOaqD8cYuL46CEN8cCtJoC//oAtWyPnWJr0wvLU6SdmQa9CQxw/hJsHwXDUp0jq5K4kuCqs7JuDXoFUnDRv5tdozUCbcYQdBfBQuXKbXv1c+JT8DUO9G7zpsPrCP59DJqvXH6S5qAfLcjbX+Uy3Zr2+6yLtYOz9XESna1hMIuolTyM+D6ZxuNF8Wiio7trPFRv9SqG7wkblLgcKWDELvXwVGtMObg+keQgtswAqhxsyi0xq4SRO8Wb69/P/JykMUKvp6Vpjy9DT4Eurkjo5GyBBFo2QVgphsmUJyqslK3y2aHuz/p7vKr4vouLvWk0UrYXJrPE1rZWJOf5+6B8SHBckLWY0Tph6pOJzth3hjs8R55OBtTQjXdZan0qNVgV8m6HQK5D9Xa+2fHb5BeE0u/3/kcgWB5p0Jp2OL4JBtog+mfyi4FojY5tI1W8EXxEhkqgIa0yoiZozbvNSSkMJDqnlAbxj7ypVGVs9vGGB62r8s0V72NjDARZTX2QT+tB5tzPZhXslhZsD2xwWCUl91h2EriJgyV9hH0hN9Si4E1bL8npICRY4SUnrS+WVh+kSo/P/DA5y7Tmx41dT9j5S9YY6e0zXBR+oAUTVIOqhYQNCmkIl5PGnXXE4xy9V7M02ML+IHAkMzwu2TiWgSaNvIxxWcFUGHYmYvKsoGu2nwD0/rauA2VOfzetnlLNI8Ccy0TW7izwLkoVMAFOEz+30JbLuaRc68R/EnGF19MXfdcsKO9d7/3mEYVXDF4v6TSjV9JhSybEZ/nQD3adC6FVZtgRFxEPLPbEAZoUkDDh6IfkTSL2E+Tb/4XpPMROKTUy5hpm1g33WQElYzft+1VbuLrd5y5EgLiH2My2EF62GkEQgPVREh5tQS/+NFx2u4QycKhRrf9pFBEL/zvySHnM8GISMeXUDGe8MdhfX1lMefjNl65+aNMTRm3xWyqw7ui6lDgbG02nDSnsvg4UCqblo7aSASLnOubu0JS85ToeHSaAIWWg1FwcylpI/Py9drYrRiATJ4xW4+Kk6usAUkZMBbjXJJrvzu/fzj9QbgZiIKgK89L4/scvIexUi+uqStL2X2+5tHYDKDw9HI5c+WawPkDh5GeKk+X96Ylcth+j16xE0=&u=U2FsdGVkX19Qjog4+QOUCqvH+HHSNqshbtjm24U2S++iAayShLTA6JnvCr5TYkAa&y=U2FsdGVkX1/cRNbZOxak/NVSf/jw+1BeuCaxyQaoGHzDehVE79j1yylUGccJTjmt HTTP/1.1" 200 26
186.29.158.219 - - [06/Aug/2023:18:45:51 -0500] "GET /kwssiamovil/sm/acme/a?s=U2FsdGVkX18LoB7vHFA11ZNWCXr0iwZ0uBLi/sOQbktIE3Qw/5Nz24ysoCFySr8FovguDwMIGIdq/DV0tvBKtTzEzjNbf9EknOj1C7nfoomwmTO9TCmBeSz5ned1tPO6V76WYP/7K3ueDPqa5zsR6fyWHDSWGkwpe3MyFnlsX9M=&u=U2FsdGVkX19Qjog4+QOUCqvH+HHSNqshbtjm24U2S++iAayShLTA6JnvCr5TYkAa&y=U2FsdGVkX1/cRNbZOxak/NVSf/jw+1BeuCaxyQaoGHzDehVE79j1yylUGccJTjmt HTTP/1.1" 200 26
186.29.158.219 - - [06/Aug/2023:18:45:51 -0500] "GET /kwssiamovil/sm/acme/a?s=U2FsdGVkX19SYD5dwel2ZtLBK3bZosSwgucEbN/ngOB0FjDBc+HZx2Gvfeb4Ua5S9JHIvddffk2ZWfWvw6goQkeHtr3z1aSuRX05kUedbFKCnlQLNVWfTUbPOOwjhUpXK5/7Fu2VXIYZRwP3zYJfvLxFAmMP5ocQBecY0Qt17N0=&u=U2FsdGVkX19Qjog4+QOUCqvH+HHSNqshbtjm24U2S++iAayShLTA6JnvCr5TYkAa&y=U2FsdGVkX1/cRNbZOxak/NVSf/jw+1BeuCaxyQaoGHzDehVE79j1yylUGccJTjmt HTTP/1.1" 200 26
186.29.158.219 - - [06/Aug/2023:18:45:51 -0500] "GET /kwssiamovil/sm/acme/a?s=U2FsdGVkX1+Qo152QA0dEhmebG7nrKsJ8VypBCXEdzZ5iTYq2cKg/xZqp7GUe6DMRYCyggVWIMeQUFA03clcqQszev55fYM1pKun3pl7il5Keb9PIRJ2Kzbm2r804rBQOAGG15KJIbfdiWt9O9rcQwmi8DVUzU1Zdial2TS1nrw=&u=U2FsdGVkX19Qjog4+QOUCqvH+HHSNqshbtjm24U2S++iAayShLTA6JnvCr5TYkAa&y=U2FsdGVkX1/cRNbZOxak/NVSf/jw+1BeuCaxyQaoGHzDehVE79j1yylUGccJTjmt HTTP/1.1" 200 26
186.29.158.219 - - [06/Aug/2023:18:45:51 -0500] "GET /kwssiamovil/sm/acme/a?s=U2FsdGVkX1+uij5rCQQ1lMoXbt0rB6Kspfknwoo/5851KhbG7FoXdJDpxhnxICCo2IoNUWw3HNQrZUjuP8fOpebh0lKuQ5Yq14Npf07A4zZ8lWfqQY2djfsLIikHjN1U6rhpWyp7VlpXaVb8fDe4SGex7byABFpGf8hsaJWuMpgq3bayBNZIw0fEDcLeJ8XiF7G4NySoKCNfOkS72IxRPA==&u=U2FsdGVkX19Qjog4+QOUCqvH+HHSNqshbtjm24U2S++iAayShLTA6JnvCr5TYkAa&y=U2FsdGVkX1/cRNbZOxak/NVSf/jw+1BeuCaxyQaoGHzDehVE79j1yylUGccJTjmt HTTP/1.1" 200 26
40.77.167.1 - - [06/Aug/2023:18:46:19 -0500] "GET /BLA/resoluciones/RESOLUCIONES%202021/2987.pdf HTTP/1.1" 200 843373
201.245.192.253 - - [06/Aug/2023:18:47:20 -0500] "POST /kwsrmcab/Wsrmcab  HTTP/1.1" 200 42098
172.22.2.4 - - [06/Aug/2023:18:45:45 -0500] "HEAD /BLA/boletinlegal/ HTTP/1.1" 200 -
186.29.158.219 - - [06/Aug/2023:18:47:57 -0500] "GET /kwssiamovil/sm/acme/a?s=U2FsdGVkX18wAehuXuptlKRHWY5bev/7igI/eJZ+XdKk1oJ+CYNFakh9sLhWLrR7MBcRTEmHOIkDGp0ro72YH1sJ1wB0vnj7f/e/Qq3s32vakv+70ohb0jLV3/SfjXWXadZtzlHg/M8q1YCNgxAn3OEGDX6K0mg0EVt3zDunuO9IZy148LeB4BdMQuuWQqlYjae3cO5paluBekvCxIk6nmYmV5M6+K03VwT7xxzxxdnIT7C3VEJPTSjDv85pFdIjkmX1mVFCACBrDjGlSB4img==&u=U2FsdGVkX19Qjog4+QOUCqvH+HHSNqshbtjm24U2S++iAayShLTA6JnvCr5TYkAa&y=U2FsdGVkX1/cRNbZOxak/NVSf/jw+1BeuCaxyQaoGHzDehVE79j1yylUGccJTjmt HTTP/1.1" 200 26
186.29.158.219 - - [06/Aug/2023:18:47:57 -0500] "GET /kwssiamovil/sm/acme/a?s=U2FsdGVkX1/P2+l/pxBJsG8Vu6xYD/wx5IcmDUS0WnjUk6IQIUe9PS0Ht/y5yQGLpk8WdhnqY/PSbSgIjQtMduaSaRlKyKAVTNwauPQpShC6X25IDQdKGNb03YuVY9MIWJV/TgoE3tN3TuZHjT8J6s4XxOEA3Gb4k/qgyG3u5L0qE6Ad7Nev8YPEDkgsvIWOcHESnQiENmAx9eElWplDW8fhzfCJCCcbfI+kZN/1j/aXkvUqv7k2bh/4R4OG0IxCIwkQUWI5i5yayYLxkDBxgrGYg8edqZLQUqlbaEMVV3rvanAlxFVrycr5Qsv4wRYZfZPYOiNo8L/89i1wRmEKkkcJCtZ0tBBxodfpvmuZNd9tPiXNuwy+DPhcrGFzHbJJfkhdmmjIZAZE9z0Y0Mo5yFPqtu6ICuDx6M5bOpFqbv0eYYKNvmeYAyL+BGxmsFqSITFNPzUcM0IC3ExerHu5klgFzGR2keag6b1jZTBLOmBKTo6Hwg6AB80+TlY0n1vwl52k3ju9NxNcM2zbjbpWEmr62deBKB4RHFC8LwqQRBFcaTjGobqMv2eFpVrqxmFALohE0EAcCMf8lKIi0VDbrag3D977XHTWxXlACSFxVk5bV8dgC552IYOPAyAQI5M6OXZMDYLcqlggAr/jm1IOw5PfsQVbLYXA7Ci7olBAsco8t2vhdYHhDgq/Y+iYPghzTd34B4+6mum3nKaMBA04w5OFYV/40u33BFZj0UhzgOK9dYjur8JnaSHsEsA0niaeHACkxZwClagakhgbIF/ddHAs5kM7DZax5bewYrLJF9d/Jq0y2jB9UVgagQQ+zbtXY/jTtb3y6VmSIC/qGbHiPWCVmEEuxAn+GGiry5R/dm8IeNv4N5pbboDtSvvX7bwlZzTsZleHl7VC2qctaI2bsdcAFqfaL52wcTDgefyQs99H+oDrd6YgRldN2td0OIQxgoP994sOTb5rkEamSZOZEYPTF8o2RJU+BymMDCmygkzFt1pSl/LwX/wld4jrxl611HNtM6HQw/UYaeMQwmJbOKATWOa3axlEjYI3kPF9cYG3CtSj0VdKNs0OL0wLHe+5fx72Xv1AWlUvQP8ItovwxcLcAxfFKl8u0lvXXF/W+U+2gECiTogNEebLBKx7vFO55AFfolflMTP6v3MTuBhYpiRixCS1uRtHrcoYzm0GkwK0ljDyMGdY5ADeI6TpRvkrVwpY7mxFBaR1DkyWyt1xY/zc4vQPz9ml0P2uIM/Zayyn6JU80iMERg1E2fnkjJ0x+ni6fvsjMz1wq/pEYiV1k1psC7odirKYv5u9p/4tW0tlMoNYerFaGEE5GiSoOloR7bnQTCEGwbnmAoxpcs84v4HYAmcnNRizM/mw78cxXTrE1R5saSCDmtjv1J3O/LD38TKZ4ISQD76+wGynOsu/JP5qpzYbxY3pc16lZMwFcAm7uaJGDs0J4OOT6D7XH6R5543gGTtmxBPbXew9ADZ1rFNj7fEXC9Il0AYsOIgZ9SSBbjTBD+ajDHeNRr9hiADSH3wlQUqNjEZO2CdI+HISmsyWgvGFx4jI2KMtk8f4Bn75L7ZgqXEXDzyicSknNrE+mmKa6k+VigxlrIb7o5dykdYhRPOglqN2wRm08TPb9BYEzLULwCB/ZAJOpY+PC6mIqsberxMdLfaH3DxvqvE+bzSH7m/wl8CizPJdRmlwCVg=&u=U2FsdGVkX19Qjog4+QOUCqvH+HHSNqshbtjm24U2S++iAayShLTA6JnvCr5TYkAa&y=U2FsdGVkX1/cRNbZOxak/NVSf/jw+1BeuCaxyQaoGHzDehVE79j1yylUGccJTjmt HTTP/1.1" 200 26
186.29.158.219 - - [06/Aug/2023:18:47:58 -0500] "GET /kwssiamovil/sm/acme/a?s=U2FsdGVkX1+M4hmixnRCbQX1A2kcXKWyO5QYygy66nZQQAX3GYeEMc94mBBF9UCzAkjyh3zV3MovchTU3vHyB/amyUqcXf7ikA8LRuDmk1QWETTRvMtFBVTwr910QHVxwfBR9OAhVa7jBqDSAIN00SJaKGRa5OJGeF2kbh0hllw=&u=U2FsdGVkX19Qjog4+QOUCqvH+HHSNqshbtjm24U2S++iAayShLTA6JnvCr5TYkAa&y=U2FsdGVkX1/cRNbZOxak/NVSf/jw+1BeuCaxyQaoGHzDehVE79j1yylUGccJTjmt HTTP/1.1" 200 26
186.29.158.219 - - [06/Aug/2023:18:47:58 -0500] "GET /kwssiamovil/sm/acme/a?s=U2FsdGVkX19DNaH/E1Qjd1E3Fw4zroefk/N374PDYVevZ/FtuuKPwfxiAaTgDHv3jZjuf1ntO5DkjWdzTNvTEDbDiZHzIROko9oSkGNjXN6yKkNfmZRBSU5LGgKAewfeSFsZ5ABZsbe3D5Nb7dX/E/Q4iD8Sl+vlq+oVpJw6vsA=&u=U2FsdGVkX19Qjog4+QOUCqvH+HHSNqshbtjm24U2S++iAayShLTA6JnvCr5TYkAa&y=U2FsdGVkX1/cRNbZOxak/NVSf/jw+1BeuCaxyQaoGHzDehVE79j1yylUGccJTjmt HTTP/1.1" 200 26
186.29.158.219 - - [06/Aug/2023:18:47:58 -0500] "GET /kwssiamovil/sm/acme/a?s=U2FsdGVkX1/MVEYLFs+hUySL2kbBSscNzqeWjOFDgV49C0LnHAFfeAR6f6YhZ+0LUv81cC1RbhXjviHnastvYx0x2aQgxqN4LXgdMtZ65B1r2R1D8CWDOXmgLN44uYEtIph9YDeAn3J7NthUYWCbXWBBMcCewHb22fRBQ25VCX0=&u=U2FsdGVkX19Qjog4+QOUCqvH+HHSNqshbtjm24U2S++iAayShLTA6JnvCr5TYkAa&y=U2FsdGVkX1/cRNbZOxak/NVSf/jw+1BeuCaxyQaoGHzDehVE79j1yylUGccJTjmt HTTP/1.1" 200 26
186.29.158.219 - - [06/Aug/2023:18:47:58 -0500] "GET /kwssiamovil/sm/acme/a?s=U2FsdGVkX1+ft7yJ8tT0K7aVbWncV1OrU9tgvVaeT1PHf4aIP6aQxedCgawkV4bCv5lDdPXQG+s9D9bZoIE2LrhGGoDQ7jYSpAKH6djfqiYWyIbT/Y6Byas3thGGqSu5D5Svpg/asSoNVaHQLju0ATFoxav0P/LqViVO1PiDv51gW78aSmjkSMDGDv9AEpb5QVBkvGaZQYRvkie2huyhKQ==&u=U2FsdGVkX19Qjog4+QOUCqvH+HHSNqshbtjm24U2S++iAayShLTA6JnvCr5TYkAa&y=U2FsdGVkX1/cRNbZOxak/NVSf/jw+1BeuCaxyQaoGHzDehVE79j1yylUGccJTjmt HTTP/1.1" 200 26
172.22.2.4 - - [06/Aug/2023:18:46:35 -0500] "GET /BLA/boletinlegal/ HTTP/1.1" 200 60612
66.249.79.102 - - [06/Aug/2023:18:49:21 -0500] "GET /BLA/resoluciones/RESOLUCIONES%202010/2004.pdf HTTP/1.1" 200 333032
216.245.221.92 - - [06/Aug/2023:18:49:22 -0500] "HEAD / HTTP/1.1" 200 -
66.249.79.101 - - [06/Aug/2023:18:49:22 -0500] "GET /BLA/resoluciones/AUTOS%202007/0773.pdf HTTP/1.1" 200 116662
66.249.79.102 - - [06/Aug/2023:18:49:23 -0500] "GET /BLA/resoluciones/RESOLUCIONES%202018/2082.pdf HTTP/1.1" 200 290588
66.249.79.101 - - [06/Aug/2023:18:49:23 -0500] "GET /BLA/resoluciones/RESOLUCIONES%202010/7786.pdf HTTP/1.1" 200 37243
66.249.79.101 - - [06/Aug/2023:18:49:24 -0500] "GET /BLA/resoluciones/AUTOS%202007/1731.pdf HTTP/1.1" 200 37150
201.245.192.253 - - [06/Aug/2023:18:52:19 -0500] "POST /kwsrmcab/Wsrmcab  HTTP/1.1" 200 42098
172.22.2.4 - - [06/Aug/2023:18:51:35 -0500] "HEAD /BLA/boletinlegal/ HTTP/1.1" 200 -
172.22.2.4 - - [06/Aug/2023:18:52:25 -0500] "GET /BLA/boletinlegal/ HTTP/1.1" 200 60612
216.245.221.92 - - [06/Aug/2023:18:54:22 -0500] "HEAD / HTTP/1.1" 200 -
40.77.167.113 - - [06/Aug/2023:18:54:59 -0500] "GET /BLA/resoluciones/AUTOS%202014/3286.pdf HTTP/1.1" 304 -
157.90.244.54 - - [06/Aug/2023:18:55:45 -0500] "GET / HTTP/1.1" 200 319
201.245.192.253 - - [06/Aug/2023:18:57:17 -0500] "POST /kwsrmcab/Wsrmcab  HTTP/1.1" 200 42098
173.252.107.8 - - [06/Aug/2023:18:58:34 -0500] "GET /secretaria-de-ambiente-sensibiliza-a-ciudadanos-sobre-la-importancia-de-proteger-la-fauna-silvestre.html HTTP/1.1" 200 819
173.252.87.116 - - [06/Aug/2023:18:58:47 -0500] "GET /cumpleanos-485-de-bogota-inscribete-a-las-jornadas-de-monitoreo-a-la-biodiversidad.html HTTP/1.1" 200 847
172.22.2.4 - - [06/Aug/2023:18:57:25 -0500] "HEAD /BLA/boletinlegal/ HTTP/1.1" 200 -
216.245.221.92 - - [06/Aug/2023:18:59:22 -0500] "HEAD / HTTP/1.1" 200 -
172.22.2.4 - - [06/Aug/2023:18:58:15 -0500] "GET /BLA/boletinlegal/ HTTP/1.1" 200 58079
52.167.144.33 - - [06/Aug/2023:19:02:00 -0500] "GET /BLA/resoluciones/AUTOS%202016/2751.pdf HTTP/1.1" 304 -
201.245.192.253 - - [06/Aug/2023:19:02:16 -0500] "POST /kwsrmcab/Wsrmcab  HTTP/1.1" 200 42098
66.249.79.101 - - [06/Aug/2023:19:04:21 -0500] "GET /galeria/nivo-slider/demo/images/bannerresiduoshospitalariosagosto.jpg HTTP/1.1" 304 -
216.245.221.92 - - [06/Aug/2023:19:04:22 -0500] "HEAD / HTTP/1.1" 200 -
95.214.27.160 - - [06/Aug/2023:19:04:28 -0500] "POST /boaform/admin/formLogin HTTP/1.1" 404 1186
172.22.2.4 - - [06/Aug/2023:19:03:15 -0500] "HEAD /BLA/boletinlegal/ HTTP/1.1" 200 -
172.22.2.4 - - [06/Aug/2023:19:04:05 -0500] "GET /BLA/boletinlegal/ HTTP/1.1" 200 60612
201.245.192.253 - - [06/Aug/2023:19:07:15 -0500] "POST /kwsrmcab/Wsrmcab  HTTP/1.1" 200 42098
172.22.2.4 - - [06/Aug/2023:19:09:10 -0500] "GET /BLA/boletinlegal/jurisprudencia/analisis/ANALISIST-257-96.docx HTTP/1.1" 304 -
216.245.221.92 - - [06/Aug/2023:19:09:22 -0500] "HEAD / HTTP/1.1" 200 -
172.22.2.4 - - [06/Aug/2023:19:09:05 -0500] "HEAD /BLA/boletinlegal/ HTTP/1.1" 200 -
172.22.2.4 - - [06/Aug/2023:19:09:55 -0500] "GET /BLA/boletinlegal/ HTTP/1.1" 200 58079
52.167.144.76 - - [06/Aug/2023:19:11:44 -0500] "GET /BLA/resoluciones/AUTOS%202018/6398.pdf HTTP/1.1" 304 -
40.77.167.224 - - [06/Aug/2023:19:12:01 -0500] "GET /secretaria-de-ambiente-libero-12-animales-silvestres-en-parque-entrenubes-en-los-ultimos-tres-anos-ya-han-retornado-a-la-libertad-12-800.html HTTP/1.1" 304 -
201.245.192.253 - - [06/Aug/2023:19:12:14 -0500] "POST /kwsrmcab/Wsrmcab  HTTP/1.1" 200 42098
216.245.221.92 - - [06/Aug/2023:19:14:22 -0500] "HEAD / HTTP/1.1" 200 -
172.22.2.4 - - [06/Aug/2023:19:16:28 -0500] "GET /BLA/boletinlegal/Circulares/2021/CIRCULAR%20No.%2000009%20DEL%2001%20DE%20OCTUBRE%20DEL%202021.pdf HTTP/1.1" 304 -
172.22.2.4 - - [06/Aug/2023:19:14:55 -0500] "HEAD /BLA/boletinlegal/ HTTP/1.1" 200 -
201.245.192.253 - - [06/Aug/2023:19:17:13 -0500] "POST /kwsrmcab/Wsrmcab  HTTP/1.1" 200 42098
172.22.2.4 - - [06/Aug/2023:19:15:45 -0500] "GET /BLA/boletinlegal/ HTTP/1.1" 200 58079
66.249.79.101 - - [06/Aug/2023:19:18:15 -0500] "GET /Publicaciones/2023EE164577.pdf HTTP/1.1" 200 494657
172.22.2.4 - - [06/Aug/2023:19:17:59 -0500] "GET /BLA/boletinlegal/ HTTP/1.1" 200 24523
174.138.54.109 - - [06/Aug/2023:19:18:34 -0500] "GET /portaldeninos/ HTTP/1.1" 200 110197
216.245.221.92 - - [06/Aug/2023:19:19:21 -0500] "HEAD / HTTP/1.1" 200 -
201.245.192.253 - - [06/Aug/2023:19:19:28 -0500] "POST /kwsrmcab/Wsrmcab HTTP/1.1" 200 43509
201.245.192.253 - - [06/Aug/2023:19:19:31 -0500] "POST /kwsrmcab/Wsrmcab HTTP/1.1" 200 44461
168.119.51.200 - - [06/Aug/2023:19:19:48 -0500] "GET / HTTP/1.1" 200 319
201.245.192.253 - - [06/Aug/2023:19:22:12 -0500] "POST /kwsrmcab/Wsrmcab  HTTP/1.1" 200 42098
172.22.2.4 - - [06/Aug/2023:19:20:45 -0500] "HEAD /BLA/boletinlegal/ HTTP/1.1" 200 -
172.22.2.4 - - [06/Aug/2023:19:21:35 -0500] "GET /BLA/boletinlegal/ HTTP/1.1" 200 60612
216.245.221.92 - - [06/Aug/2023:19:24:21 -0500] "HEAD / HTTP/1.1" 200 -
201.245.192.253 - - [06/Aug/2023:19:27:10 -0500] "POST /kwsrmcab/Wsrmcab  HTTP/1.1" 200 42098
186.31.148.31 - - [06/Aug/2023:19:27:21 -0500] "GET /appsia/controlador HTTP/1.1" 200 4799
186.31.148.31 - - [06/Aug/2023:19:27:35 -0500] "POST /appsia/controlador HTTP/1.1" 200 5437
190.240.2.133 - - [06/Aug/2023:19:27:38 -0500] "GET /appsia/controlador HTTP/1.1" 200 4799
200.29.113.39 - - [06/Aug/2023:19:27:38 -0500] "GET /appsia/controlador HTTP/1.1" 200 4799
190.240.2.133 - - [06/Aug/2023:19:27:38 -0500] "GET /appsia/css/estilos.css HTTP/1.1" 200 4804
190.240.2.133 - - [06/Aug/2023:19:27:38 -0500] "GET /appsia/scripts/validarIngreso.js HTTP/1.1" 200 851
190.240.2.133 - - [06/Aug/2023:19:27:38 -0500] "GET /appsia/images/cabezoteHojaVida.png HTTP/1.1" 200 32493
190.240.2.133 - - [06/Aug/2023:19:27:38 -0500] "GET /appsia/images/logo_bogota_p.png HTTP/1.1" 200 14951
200.29.113.39 - - [06/Aug/2023:19:27:39 -0500] "GET /appsia/scripts/validarIngreso.js HTTP/1.1" 200 851
200.29.113.39 - - [06/Aug/2023:19:27:39 -0500] "GET /appsia/css/estilos.css HTTP/1.1" 200 4804
200.29.113.39 - - [06/Aug/2023:19:27:39 -0500] "GET /appsia/images/logo_bogota_p.png HTTP/1.1" 200 14951
200.29.113.39 - - [06/Aug/2023:19:27:39 -0500] "GET /appsia/images/cabezoteHojaVida.png HTTP/1.1" 200 32493
186.31.148.31 - - [06/Aug/2023:19:27:40 -0500] "POST /appsia/controlador HTTP/1.1" 200 7777
186.31.148.31 - - [06/Aug/2023:19:27:49 -0500] "POST /appsia/controlador HTTP/1.1" 200 6642
186.31.148.31 - - [06/Aug/2023:19:27:52 -0500] "POST /appsia/controlador HTTP/1.1" 200 10146
144.217.180.167 - - [06/Aug/2023:19:27:56 -0500] "GET /wp-content/themes/wp-classic/inc/index.php HTTP/1.1" 404 1035
144.217.180.167 - - [06/Aug/2023:19:27:59 -0500] "GET /wp-content/themes/wp-classic/inc/index.php HTTP/1.1" 404 1032
172.22.2.4 - - [06/Aug/2023:19:26:35 -0500] "HEAD /BLA/boletinlegal/ HTTP/1.1" 200 -
172.22.2.4 - - [06/Aug/2023:19:27:25 -0500] "GET /BLA/boletinlegal/ HTTP/1.1" 200 53248
216.245.221.92 - - [06/Aug/2023:19:29:21 -0500] "HEAD / HTTP/1.1" 200 -
201.245.192.253 - - [06/Aug/2023:19:29:28 -0500] "POST /kwsrmcab/Wsrmcab HTTP/1.1" 200 43509
201.245.192.253 - - [06/Aug/2023:19:29:31 -0500] "POST /kwsrmcab/Wsrmcab HTTP/1.1" 200 44461
191.102.198.34 - - [06/Aug/2023:19:31:04 -0500] "GET /galeria/galeria/jquery.fancybox.css?v=2.1.5 HTTP/1.1" 200 4895
191.102.198.34 - - [06/Aug/2023:19:31:04 -0500] "GET /galeria/galeria/jquery.fancybox.js?v=2.1.5 HTTP/1.1" 200 48706
191.102.198.34 - - [06/Aug/2023:19:31:04 -0500] "GET /BLA/boletinlegal/js/jquery.scrollShow.js HTTP/1.1" 200 4586
144.217.180.167 - - [06/Aug/2023:19:31:12 -0500] "GET /wp-content/themes/wp-classic/inc/index.php HTTP/1.1" 404 1035
144.217.180.167 - - [06/Aug/2023:19:31:13 -0500] "GET /wp-content/themes/wp-classic/inc/index.php HTTP/1.1" 404 1032
201.245.192.253 - - [06/Aug/2023:19:32:09 -0500] "POST /kwsrmcab/Wsrmcab  HTTP/1.1" 200 42098
172.22.2.4 - - [06/Aug/2023:19:33:17 -0500] "GET /BLA/boletinlegal/.env HTTP/1.1" 404 1018
173.252.127.19 - - [06/Aug/2023:19:33:19 -0500] "GET /incautadas-tarantulas-que-iban-a-ser-exportadas-ilegalmente-desde-bogota-hasta-mexico.html HTTP/1.1" 200 899
172.22.2.4 - - [06/Aug/2023:19:32:25 -0500] "HEAD /BLA/boletinlegal/ HTTP/1.1" 200 -
172.22.2.4 - - [06/Aug/2023:19:33:18 -0500] "POST /BLA/boletinlegal/ HTTP/1.1" 200 24523
216.245.221.92 - - [06/Aug/2023:19:34:21 -0500] "HEAD / HTTP/1.1" 200 -
172.22.2.4 - - [06/Aug/2023:19:33:09 -0500] "GET /BLA/boletinlegal/ HTTP/1.1" 200 45164
172.22.2.4 - - [06/Aug/2023:19:33:15 -0500] "GET /BLA/boletinlegal/ HTTP/1.1" 200 45164
172.22.2.4 - - [06/Aug/2023:19:37:06 -0500] "GET /BLA/boletinlegal/Circulares/2019/.pdf HTTP/1.1" 404 1218
201.245.192.253 - - [06/Aug/2023:19:37:09 -0500] "POST /kwsrmcab/Wsrmcab  HTTP/1.1" 200 42098
216.245.221.92 - - [06/Aug/2023:19:39:21 -0500] "HEAD / HTTP/1.1" 200 -
201.245.192.253 - - [06/Aug/2023:19:39:28 -0500] "POST /kwsrmcab/Wsrmcab HTTP/1.1" 200 43509
201.245.192.253 - - [06/Aug/2023:19:39:31 -0500] "POST /kwsrmcab/Wsrmcab HTTP/1.1" 200 44461
170.83.218.234 - - [06/Aug/2023:19:39:34 -0500] "GET / HTTP/1.1" 200 319
170.83.218.234 - - [06/Aug/2023:19:39:35 -0500] "GET /manager/html HTTP/1.1" 404 1018
172.22.2.4 - - [06/Aug/2023:19:38:15 -0500] "HEAD /BLA/boletinlegal/ HTTP/1.1" 200 -
172.22.2.4 - - [06/Aug/2023:19:39:05 -0500] "GET /BLA/boletinlegal/ HTTP/1.1" 200 58079
201.245.192.253 - - [06/Aug/2023:19:42:07 -0500] "POST /kwsrmcab/Wsrmcab  HTTP/1.1" 200 42098
216.245.221.92 - - [06/Aug/2023:19:44:21 -0500] "HEAD / HTTP/1.1" 200 -
172.22.2.4 - - [06/Aug/2023:19:44:05 -0500] "HEAD /BLA/boletinlegal/ HTTP/1.1" 200 -
172.22.2.4 - - [06/Aug/2023:19:44:55 -0500] "GET /BLA/boletinlegal/ HTTP/1.1" 200 58079
201.245.192.253 - - [06/Aug/2023:19:47:05 -0500] "POST /kwsrmcab/Wsrmcab  HTTP/1.1" 200 42098
173.252.107.6 - - [06/Aug/2023:19:48:48 -0500] "GET /tinguas-azules-secretaria-de-ambiente-atiende-alto-numero-de-reportes-de-aves-migratorias.html HTTP/1.1" 200 923
216.245.221.92 - - [06/Aug/2023:19:49:21 -0500] "HEAD / HTTP/1.1" 200 -
69.63.184.3 - - [06/Aug/2023:19:50:27 -0500] "GET /cumpleanos-485-de-bogota-inscribete-a-las-jornadas-de-monitoreo-a-la-biodiversidad.html HTTP/1.1" 200 847
172.22.2.4 - - [06/Aug/2023:19:49:55 -0500] "HEAD /BLA/boletinlegal/ HTTP/1.1" 200 -
201.245.192.253 - - [06/Aug/2023:19:52:03 -0500] "POST /kwsrmcab/Wsrmcab  HTTP/1.1" 200 42098
172.22.2.4 - - [06/Aug/2023:19:50:45 -0500] "GET /BLA/boletinlegal/ HTTP/1.1" 200 60612
186.102.34.187 - - [06/Aug/2023:19:53:25 -0500] "GET /kwssiamovil/sm/ldap/au?x=U2FsdGVkX1+tygsrm+dq5OoaIV5TkDDWjvPgNUF1PxVZS+q7ZElPSxEPZdEvwOww&y=U2FsdGVkX19s+rHscZ9nO3dtop4CHly9R6RtXMhmqyU= HTTP/1.1" 200 30
186.102.34.187 - - [06/Aug/2023:19:53:26 -0500] "GET /kwssiamovil/sm/acme/s?s=U2FsdGVkX1/sivxlbnYm6knoiSoEhwiG7u7RiOguLewyslUclxxpF4ec/k43VYsBHd1ePAnQs0X4NDyqNjOKIk/XVpS/yZeeDSG/PAId0yU=&u=U2FsdGVkX1+OYGaMJeqBxnH2Ctz1cHpYpHzt27GzoxI=&y=U2FsdGVkX19s+rHscZ9nO3dtop4CHly9R6RtXMhmqyU= HTTP/1.1" 200 97
186.102.34.187 - - [06/Aug/2023:19:53:26 -0500] "GET /kwssiamovil/sm/acme/s?s=U2FsdGVkX18cnVpkQvcFbaWrgcnKOPrIbAX3pL87lV+ov/SdvteYqRpLjK3WLGGLyCI0ISiolj0QveSV1Hz+bl7eMZJxax87UGn5it3G2oLRF6hnGKG0w0k1fH6nhrFyXkr4507u/jNNIPKTUqmAVZw/WxS8qafaBijObCFHnZrLQG0yD8XV6beJD90/yDd1uIMjfl/fg+0LXsAIe9rijIjHnDEFjkRV01rAXzwH21NGWwf7cxVR8BL4wbdYfFeQ/W2ONqYU/ekL8FE1Eto8V37HDOMkR8cc6+luf7WqFsLOiUIq6XF5GeWKwocm8/l6bwTP49qvoRO2LlvaQPwn3pr9RmeYc6sN4SRo3z2IkGi+jZ4ogGiqV81g+Xxh3M2bz/J98GtlKYdw7V8ofQGCGQbVqNxs9p9ZHa7nqq1GF7rk9GOAG/ql2mJyexb+90pCeRD12q0/ZuM7BAEhzhyiOF6KpRX5bVDh/+05Eh8Bx/Ojl9r+iJghFeS1/0iZEQb7M2WA6XF2Uo0nK/gJbn/Uk1UjVX+9FTdkXwoYKkx/lrHgzVhYcvjY0yVtDKQIrZ2QNrc8Aupcnw4Ged7MG0GPT2DZvyZ56nHk813owXASc7Le94MKHj5DCate945yXOaQy2um128yf1RAXGw5Z4IOYG3nJBA/aETpYpUFLxdRnB5NpI5evs/kW7F8o3BOsEn0ewbVOC50T7sIBZMSqEzLKXa55KYX4XqYjyln7jt8LK45HtoJQElHenq2PwttbfTmy8HCqGP7W1PnXYR7DKo4RmtEEW2LVwfnaHNb1STX9wh/XsPD1JvoTXmpXAKpCYpJ93GRldDh01oB8S+pn3CYlhLwe4iJgiBAVJmMGDDBZz4eoeMZzDt5yVxlD23+sv9R8bzN39nySV1al9+6MS1veiPOITxdVxRYx4426GbcU4fO6P8E3cUljKQBudQcTABTv14dABRyi3vt4bHtT9FrF4V4BKsOMKff67Oqj5Zfas1RZBWkML4Pd3XrrcGVjdmsOBZ7cOlKYK9DxQbw8qi+2cRu8NCyLmnajWcsmSGztxXN7HIUPY1YbYjvciGJEdPcxRgbuXlBF6xkQx7+Frt28dzgMtcXCVFz/1JP/gNTuyJ4eYAB33dz1IK3maoLcNjoZo99MGrTyHei4FSboHpDRwjudwuHIWAnhCCG/fXk69NCkvISw1RmPcSH9mq9MvDqU9/PCDjznyYbhNknLuG+Zv/dXTbd/vG8md0Fz0412Ul2qljUZhGqMS2YisZU0qI1mKXRrR0cKPgnMdQQl97X2OiQ374u8KLyfAW6+oDtbwmYYWUXhldGOwc9/HlP8uuN0JzIfQlLLUKbpF4oWi2+hx37oeZvJNMh+ic1VcOlFBf3153axEoppDhIHHUZBSyF6oAnioKJTI+1zfH7kmhqXlfDybm1+Ip5HZjKIs3f6LEmSDkJFTUUejCrSiJPmpQhvnNQ646oqBOX+/gUr13OBfZmOpcpFdzITC1LFMm4J5rEIrQXVDUJKei2035COiflQHGL82xziHb10+gfR4jD13s2r+ypc31wwmKf2KpgtUUqTuWmdR5fHMJBgS3Sn0ZTKlHIzZvBN//U3gK4Xj03p3PuIMZ2a3c1s3QOj0nxWPa+N62ydJXL6d4F4Rjbnq6WX4LojVTGlFCm/qRR1ty3pbOOkjLOv6hazL6gNTAtqoK2N750v/Frd+aiX5U5l43ounclaM66c/nMJbrHe6xYacgcmli7vkdi2jSkM8boYOw=&u=U2FsdGVkX1+OYGaMJeqBxnH2Ctz1cHpYpHzt27GzoxI=&y=U2FsdGVkX19s+rHscZ9nO3dtop4CHly9R6RtXMhmqyU= HTTP/1.1" 200 1396
186.102.34.187 - - [06/Aug/2023:19:53:26 -0500] "GET /kwssiamovil/sm/acme/s?s=U2FsdGVkX1/yiSaUJmBxakG4XrlbXe/w+ij0B9zknNHUK2c0QZY+KsYKLiFTeAZskzQXAQHK+Rn0fD6Xu9AbCnhrT3vyUghM8ffhVZT5DlWa23BiKRsuyFELm63MpDOSin0uFuXtu/TLcHzSD0VHipehvsOqBzJZra7nMrhgVqHa0rQSUG1vX4vEevFWc1Nuy9aS5Q4+clxJF7MptidyubX6Bnfju1ih+Mutyh+NpiT18wDcJdYN6eagItDUCJzEnY+oihHey7l5otJHDUJ5G7KvPMc+O3QeukXZVWmqU+RNt8UbzYhppEuH5baX3U38h13O0E9aEUk0WGf2iPVV/wPLn0Lf9aQGaApF6lF2TBsOWHNWoN8Z4LzbXCdAOZbm+7Cw0DTU8xcdYE8DmgdfByOvNkjsO1liJ9CwMzunygc4tRC3OdKBB8AOXdOBQjGmnuf76nwQMUfrL66JsZsMIw5ZY0vcft7ZZPOhZcprrbtycCJfAbeK4V4X7lv3bkx4YqZ3VqDWkvdk3UYybVHUFkhsF0plrGneYoTaV6mjkJU1J771f53dZBhGm8PcFUHlxreOMrXrzXAVYQ+EXWXj7WE82eOh28YgbfpJVCuTFW5aGHq4BoMiqvzh73VNFo88U8Ev7yPH2s9KNmczHssNGkW9PdRr6hnpDnjva/GvbyuZPq9R3ZRbmzb0jbuHMpdpmDmuuYh7mTZ936sGDObLmaSL8PqdDkQGAKvtZO2IA6mcxYAeKVLtRtOBgyNTl/ct&u=U2FsdGVkX1+OYGaMJeqBxnH2Ctz1cHpYpHzt27GzoxI=&y=U2FsdGVkX19s+rHscZ9nO3dtop4CHly9R6RtXMhmqyU= HTTP/1.1" 200 208
186.102.34.187 - - [06/Aug/2023:19:53:26 -0500] "GET /kwssiamovil/sm/cjson/pre?f=1&x=U2FsdGVkX1+tygsrm+dq5OoaIV5TkDDWjvPgNUF1PxVZS+q7ZElPSxEPZdEvwOww HTTP/1.1" 200 31032
172.22.2.4 - - [06/Aug/2023:19:54:10 -0500] "GET /BLA/boletinlegal/Directivas/2009/Directiva%20No.%20del%2023%20de%20Diciembre%20de%202009.pdf HTTP/1.1" 304 -
172.22.2.4 - - [06/Aug/2023:19:54:10 -0500] "GET /BLA/boletinlegal/robots.txt HTTP/1.1" 404 1037
216.245.221.92 - - [06/Aug/2023:19:54:21 -0500] "HEAD / HTTP/1.1" 200 -
20.120.134.34 - - [06/Aug/2023:19:55:44 -0500] "GET /sipse/faces/faces/autenticacion.xhtml HTTP/1.1" 200 12493
201.245.192.253 - - [06/Aug/2023:19:57:01 -0500] "POST /kwsrmcab/Wsrmcab  HTTP/1.1" 200 42098
172.22.2.4 - - [06/Aug/2023:19:55:44 -0500] "HEAD /BLA/boletinlegal/ HTTP/1.1" 200 -
172.22.2.4 - - [06/Aug/2023:19:56:35 -0500] "GET /BLA/boletinlegal/ HTTP/1.1" 200 58079
173.252.83.120 - - [06/Aug/2023:19:58:29 -0500] "GET /images/avistamiento-aves.jpg HTTP/1.1" 200 104313
69.171.251.7 - - [06/Aug/2023:19:58:31 -0500] "GET /images/aire-bogota.jpeg HTTP/1.1" 200 169194
