186.102.36.80 - - [07/Aug/2023:19:27:31 -0500] "GET /kwssiamovil/sm/acme/a?s=U2FsdGVkX198rV8+q8m9wlq7Gm7syzlP4cYmbhZtpvImtK5mveOA+dJZiGu9r9SR4ggHE6MCmk6v+fmkMPjprabN3YXIiqR3LYa7S81uQQBz1MfuFtoNivWcE+JieGSmP4Vopqtx0h/6maaRTcR3P/DKXoP4/T0/ksNKni249UCm7HqC/9baqE5pdJAa1c/nEOzpi/9JUNcEHKQqJMMrnw==&u=U2FsdGVkX18LZx/MxzhL2wAX2cPhGFKVtCLyju5gx9w=&y=U2FsdGVkX18MKrf5WqJSEUXk+/sGUabbmED6dc6sWZmZWsXLpF15K6hicdQCb+Kn HTTP/1.1" 200 26
186.102.36.80 - - [07/Aug/2023:19:27:32 -0500] "GET /kwssiamovil/sm/acme/a?s=U2FsdGVkX18XzoBxM+ZaAX5s7hoYwepmpgpOE80ELsa56bI0T0oGczwYGJe7e53eBkCUDrQLE6duppnSAOf3ezo/21NBBZSwI7jXzVeWm/6Mt3M/5LsHY1vdJnsyjSlOjS0iicHfBl2NE1mI2KgsgbgFGcpTX9Dsf57NmGCCD7IbnLSsaR5l4nzfSYSX05ooFeFVhrqLuiY4HZIZsXeMbQ==&u=U2FsdGVkX18LZx/MxzhL2wAX2cPhGFKVtCLyju5gx9w=&y=U2FsdGVkX18MKrf5WqJSEUXk+/sGUabbmED6dc6sWZmZWsXLpF15K6hicdQCb+Kn HTTP/1.1" 200 26
186.102.36.80 - - [07/Aug/2023:19:27:32 -0500] "GET /kwssiamovil/sm/acme/a?s=U2FsdGVkX1/yz4YmURVZpQNPRpgV3T25ucMPaUz11chvFfm9gJJrjt5RTepHLygdVwZRQ/6jT2x8AIugv7C9QuSJv9S/ZIs8B+whp7CJB9WAAXmlqiRAL/2O77ivIT1Grfl3kTT2ORz0Bf4h6HooynZNEpvt/YroUeGJQR8kzBs=&u=U2FsdGVkX18LZx/MxzhL2wAX2cPhGFKVtCLyju5gx9w=&y=U2FsdGVkX18MKrf5WqJSEUXk+/sGUabbmED6dc6sWZmZWsXLpF15K6hicdQCb+Kn HTTP/1.1" 200 26
201.245.192.253 - - [07/Aug/2023:19:27:42 -0500] "POST /kwsrmcab/Wsrmcab  HTTP/1.1" 200 42098
172.22.2.4 - - [07/Aug/2023:19:27:10 -0500] "HEAD /BLA/boletinlegal/ HTTP/1.1" 200 -
216.245.221.92 - - [07/Aug/2023:19:29:17 -0500] "HEAD / HTTP/1.1" 200 -
201.245.192.253 - - [07/Aug/2023:19:29:23 -0500] "POST /kwsrmcab/Wsrmcab HTTP/1.1" 200 44015
201.245.192.253 - - [07/Aug/2023:19:29:26 -0500] "POST /kwsrmcab/Wsrmcab HTTP/1.1" 200 44489
172.22.2.4 - - [07/Aug/2023:19:28:01 -0500] "GET /BLA/boletinlegal/ HTTP/1.1" 200 58474
52.167.144.140 - - [07/Aug/2023:19:30:25 -0500] "GET /portaldeninos/wp-content/uploads/2021/06/titulo-humedales-ni%C3%B1os.png HTTP/1.1" 200 13361
40.77.167.113 - - [07/Aug/2023:19:32:03 -0500] "GET /BLA/resoluciones/AUTOS%202021/5130.pdf HTTP/1.1" 200 355764
172.22.2.4 - - [07/Aug/2023:19:32:23 -0500] "GET /BLA/boletinlegal/actos.php HTTP/1.1" 200 9682
190.9.203.248 - - [07/Aug/2023:19:32:33 -0500] "GET /BLA/resoluciones/ HTTP/1.1" 200 13502
201.245.192.253 - - [07/Aug/2023:19:32:41 -0500] "POST /kwsrmcab/Wsrmcab  HTTP/1.1" 200 42098
190.9.203.248 - - [07/Aug/2023:19:32:48 -0500] "GET /BLA/resoluciones/index.php?dir=RESOLUCIONES+2018%2F HTTP/1.1" 200 276877
190.9.203.248 - - [07/Aug/2023:19:33:11 -0500] "GET /BLA/resoluciones/RESOLUCIONES%202018/1466.pdf HTTP/1.1" 200 339441
216.245.221.92 - - [07/Aug/2023:19:34:17 -0500] "HEAD / HTTP/1.1" 200 -
172.22.2.4 - - [07/Aug/2023:19:33:00 -0500] "HEAD /BLA/boletinlegal/ HTTP/1.1" 200 -
172.22.2.4 - - [07/Aug/2023:19:33:32 -0500] "GET /BLA/boletinlegal/ HTTP/1.1" 200 48153
172.22.2.4 - - [07/Aug/2023:19:33:51 -0500] "GET /BLA/boletinlegal/ HTTP/1.1" 200 50283
186.102.26.182 - - [07/Aug/2023:19:36:40 -0500] "OPTIONS /kwssiamovil/sm/setfile/f? HTTP/1.1" 200 13
186.102.26.182 - - [07/Aug/2023:19:36:40 -0500] "POST /kwssiamovil/sm/setfile/f? HTTP/1.1" 200 381
186.102.26.182 - - [07/Aug/2023:19:36:44 -0500] "OPTIONS /kwssiamovil/sm/setfile/f? HTTP/1.1" 200 13
186.102.26.182 - - [07/Aug/2023:19:36:44 -0500] "POST /kwssiamovil/sm/setfile/f? HTTP/1.1" 200 381
186.102.26.182 - - [07/Aug/2023:19:36:52 -0500] "GET /kwssiamovil/sm/acme/a?s=U2FsdGVkX19bWMRCjLCh30YDBDhCk8I3cDpLAkq7DXxcBq2m5QPSCECevnkdQtn47ic0zPLU4k0Iwfi6XToUmVTjTkGP3n+AjyoacPhnWnBXfg1e/G1bs1khl4wa7XG2NBIIndcMmd3mJOAoh2Utxcbzate1FY3HNH1RDVVOMeFqAL495XSRhlxM6I85v0zq/mbf/FLVbu5dk1UAcLkyjIofWgHNgIqgGh7LyFE7rRhw5Da464cDXlOLQENApS6Y0UTT8KskbOamNA9vDPVjHA==&u=U2FsdGVkX1+kgaka6aztqi50QjEeAySk9lTsJrr1MFfFaMMAWSHvg2wgAdRYLnTe&y=U2FsdGVkX18xnJKY+TGt70OMRtCeqywudDOicL8l798M0rzyKRZGZ6t4leslAFFg HTTP/1.1" 200 26
186.102.26.182 - - [07/Aug/2023:19:36:53 -0500] "GET /kwssiamovil/sm/acme/a?s=U2FsdGVkX1+8ZLLxUD86kMDpCBvfjsZIHSAe0CjsoehM9bBKjehOUjbKjgK7ds/mrg3njd9YXloeZS1WFEAWaVa/WdvXak8lq111Gfzy9a+kARUvcpqwrNZkk/Ii1xb6EXNadp4/EdXgEQ3/mWb8wAxfi51a4HpR99DZ6vL73PVNxswsaYVYAMq3+VSraGmQ/efg0Uso4hWpJ1KsbFHro7xzuR9vJiZDCBfs3G/qeiELMFievpWXEtoGQNj6ef9oJejlWIK8zTEJnIlZcLScLIMkayFI+ihyi6J4CVsrrkfuUsMiLlsNf3yep5A7ZT5HcANbwOR+IDkGVTj0KRGQqIFeeofc7vMYfPpztbuf6OoHlacrYtVWBiW9zLVXTonmWJz/fUGtFFV47LkOfvdYWxGKJ9eSxQL90g1w/Pup7L95rAJZZYlGJgI8w1MTRbX1/MrFpDzv53MRSHlTZeWHAMumtUPyG0nMwDepT7TwUSDKnYGgP5SqkU/tQ+53stdvHqif61cq4HjIP6bGWff7P93hczOqFLTqDksoFAJoXaepiEMSfLQtX034UDULxuJg1LNSC+J5eGd6J7pYvSX9nH3DDYUU9hIosMqJhgb61UI/IRYHlhWCiAZeT3Z2kIZYqCsHp5zNECqMB5uakmNVqGn4B+hxtLK0aN/O4cpPSB6hUYJK52Av7muSAk/qFsQlOGv+q0Iu4Xmtk/2AmBB+PqJSLwb3UAYGqjnalcblbGIv26CWXZPw19XUZZ9eqf/doYpKiOTffMJmZl71GDqrr6SVKEREsI12z9b/Ti4oWba3tK7mCE8L/eM143InBG44/0tJ0/FZpcjc1J5Yo57aJqxPxZWiwkoJCfm/yd/urYCt1gdOmqdrOa2swFTtQx9OeCBsExWlsOxjWXNbGvEbj1BxPxDLV8Gy4eNl1hPXf+5Uq7i78DoOo+sIzvwn/piGEovqN7K6gjJWni0g2gto0yiR6YURd5dKFyS4VkoogVicT7eXwBM1CF/dSxn5chpTrKM2c/VdpU3kyZnNBxnyS8uHKXevXhhHXHKeM7YwQfS+sSXhG14xQJVf0ySVzkY0D41Q6HaxPqqy2YDatHDrJyBJvk+3U2G5Tx3eH1OIEcJOKjaUcGf5kmePBfSqxJFZ0pgcIalXvlltm4LBBhyt5jK1EHn2FVqjya/vfKpYEmkVLqBLElVIwXsLTfrZGAdaYDHjcbad9slVJvNVYfB66/AqAGAIeqD7mTyWz2uYGwx0/3MkA9bwSnHUUZPi952Ac/hZSoX9Wg9QT2WU28LPAAKozuQQHXcSBAFO1mBdCO4bKpesGeeg02dxzupSIhCW15hq7iqmf/nLrJyoO4xm5mAU0e7uDvsqvniQNTAWxas0H4HurqiyoW5epvT3ebcXTY2O60NEu6q5Aihny5dYtbRQfmOT2vh0ewNhpZCeEgZihz2dGZfQiOm2/d0TmQJbMSaidTVlxIEe9YfV/EZjD0AEovhmdYyC+p14WFnyhUwTgoEPdMZpKaEqoSblfbNNkjl+EhitVkE4Kv0YYkHfmUp/b6U0qDm4BonywUqjbTpRPGMVJoTFjkITqIXtWqghJPaLjxrfge1w5MhHH6fx2XnwPak23pmTxOrWJgRsCMngJM1+snKKFWJZH9sBZsITHtQ3Lr9JwNxrpTJnkk2wUXgf9BVXdr2HJr2qohUpPOemY9Xv5Nvo+0KS/fhhzR22WaHaN2IaaMxkMa3lFMGlYNTNSiGGSuxAZKsZW0b9CaxJs8a6hpsI1KL0HTmbfMNK4IHEhrFHfT3Ntx91gGSQBDXIZKitnrGDco9R8Cr2OoZvnp27qyqu2G3hJSo+QBAgde3KNLPrxSGFc67LkcPlL/dAVB3gfO6LoXiIpeFSoZGC2/frITSEZtYvFF0kjFJzK2xmtr2LMxC1jdx/hjj17roGEfeMG+aNmyvm+JaFR4HB2b+z3HlmaSDUYeJ+aW/CIAxChvWqisY+KYairBEr7raNt5AS+u+eme0xRc2o3BT4nrxVVYW/7G4r1TAFCzQWqeZTpjV8LYd3hEsiaZqv3gmNFeuJ3SHGCLVSQBeL7Xdbi7126KBUM1sSln2JxNivFgT/E/ExYhnkOavNEC0AF3Psz02tKljJ81hQv95kfXRy2u12o+dj+iOOU15aahipg0kRP1fqRMagtWc2Kjq93bBRaPgX9ygkiP47KovUkMxEsNC9XGYaISIn8QrVybh30oD12hUhvcGfOcpr55B+hIhPO0E+hIdlOeNDvrqzoUCcqGs4kYkpR5shFMRMlw/lChp1tVdddVHjAVTx+nAaFm8qwNsTHpNZkDmp4BWYt20OUQ834N+lSN5rCdNLaoiBitFttgbMP7TLjvSWj/JtdLrAcO6BxRssM4eyyROPa37w3bPAUs6q2FkdCV4E9fWaV0aS55U+04CtjQD2S/sLBVzN5RXY/tnQcUquGbECVN45ER7G0Y8NIDliiPplXTch5KMSFn60vvNVddCui2WiL90PeeIeuoX2fe9SNNAGl2OIGAanfsESQcEGV7Sh9xq7KqDhityj0A3UzPc/dyqyTWYKRod47x8xeMVlt/8DL6PxdjijH9F2NjDuaN9q6BwOxXd7OawsLGXNM4MNbvQxBygODDWcOcT0uci0UO0FUrLIkTjSeyuEgH7S0j5hf0VqMWMvCarL04yuELysPRCTtjihwhmh4cAxCzgarcmN4VaMNNrOPeHFdwoeA9au6s7ina/YNhQGb3y19fVq0M8fX2E+hyM7atZTWKuPqMOJK9cyUKyJV7vwmPfKHiMLJQzfKz8PdhEc5FVLXzP16FjbE7NvBNn6SikUTcHJtej2+s8bwm1KGejSPMqHUvr2EM0uU34JhnIn01KELaQLXDbZzL+4W7ZEVuLpedpaLY0Hy5S1F7wluvxsoZWymE3o/rHxY6VVBizK1MtqkGJ+fUzjWfPcOGyD3n+iv6PJdT94D0sI9Bl5l+IMCLHUG9sKsYgNUPYCYZIi9hUMCv/CbKS9c3zHv6IOKj8rtFj+JwwKokhUl+GQAYxJuec88bGmCc+j4Njf3jKgBi3WOCAHHxTl/LrqQ9LsR6Gav4KR9cuHb53mvVWDyyOtG+RscvhriswEOfZ3lxDG2DeEuWM4452TNoIc31HrRkhDP6bjoUryeLjOCZaKmKsWwUIcfTRPAe53JzKBqFPgZ1q7m3uqmcD2H1aUc1Dm4ckYMI2FmmEkoZo1X6g8+HOTxqLdLTu/Fm7s/w1UWR9yeGFl9bKf60UfiD2OOSKWhOOTYbWyZa7RyiU4f0coG4QuCcFTd64iswL1a+XoaAO3g4LDF+L+KV4riiXvOIwSgTtYB8/bTOogxKQ3+2+Igo136+zjh6yMiod7W+mgepxr2f6MIRD2kmY7WPHOlTOYm4xrqpELMoH2VmEVa/o/YfjQYTL3GmPAo/NoOHgW5odwnLJr/AwVbgTqogVflK+UOgVgIQcvVC6lzdhmOsEYbUe4e3LwopM4wvQJZHMmx/+m+9ClsBFoWiyH/y65mek61gLeWwHudTX/hah++9Ya2knEpEAX/Nvht+W/SI8QP9BLPCTeXFsfHTqDRNN4DThsulywF1gDC2Cj/ggU7WcDqOnl+dqSEfU8Vvyk&u=U2FsdGVkX1+kgaka6aztqi50QjEeAySk9lTsJrr1MFfFaMMAWSHvg2wgAdRYLnTe&y=U2FsdGVkX18xnJKY+TGt70OMRtCeqywudDOicL8l798M0rzyKRZGZ6t4leslAFFg HTTP/1.1" 200 26
186.102.26.182 - - [07/Aug/2023:19:36:54 -0500] "GET /kwssiamovil/sm/acme/a?s=U2FsdGVkX1+tCCYaa9vZqc5GFPdniA7oDUlG8/rsdHIbTdhfPpoW+4hkvAYzUVs/h9zGRMnfcgx9CsCAgQvJlJmfC7MKZWhqN5c4QmM0jw6tcmRnFSGXDuDOOkY4kltogKFAvwS605fo9/ng3R1DVyRIAuLriHevV5Mlk2gd07c=&u=U2FsdGVkX1+kgaka6aztqi50QjEeAySk9lTsJrr1MFfFaMMAWSHvg2wgAdRYLnTe&y=U2FsdGVkX18xnJKY+TGt70OMRtCeqywudDOicL8l798M0rzyKRZGZ6t4leslAFFg HTTP/1.1" 200 26
186.102.26.182 - - [07/Aug/2023:19:36:54 -0500] "GET /kwssiamovil/sm/acme/a?s=U2FsdGVkX19UZKboLAnip+XBflvu4stxvbwS07EaD8g3AogNw0P2Y6c3cqHq5LLg1LpoqZln5x9ttG5cuKDkyMac+ihIF10lWxZSXwmc1zfSQ5+yj3fGeXJjj+bXTA4C/BXAaYGAfJWtoBI2d0G/u252FOlb7lQDQV+EjlrLh24=&u=U2FsdGVkX1+kgaka6aztqi50QjEeAySk9lTsJrr1MFfFaMMAWSHvg2wgAdRYLnTe&y=U2FsdGVkX18xnJKY+TGt70OMRtCeqywudDOicL8l798M0rzyKRZGZ6t4leslAFFg HTTP/1.1" 200 26
186.102.26.182 - - [07/Aug/2023:19:36:55 -0500] "GET /kwssiamovil/sm/acme/a?s=U2FsdGVkX18NLYAKT1M8X/rqRONk4AZAMcoEC4ZjGUcNDNfQKNk/hZTarC2FKP9nu01+HP8Amen90z1KBXRfGCAN5ToY62OwMn6PJEKJLdnKxQKxFWNCxHUQOFcf+b4k7ErzuCw/HziIKRkCWkaFJrtX1EOYLZzQKioIUXM8ChE=&u=U2FsdGVkX1+kgaka6aztqi50QjEeAySk9lTsJrr1MFfFaMMAWSHvg2wgAdRYLnTe&y=U2FsdGVkX18xnJKY+TGt70OMRtCeqywudDOicL8l798M0rzyKRZGZ6t4leslAFFg HTTP/1.1" 200 26
186.102.26.182 - - [07/Aug/2023:19:36:56 -0500] "GET /kwssiamovil/sm/acme/a?s=U2FsdGVkX19J4ry35tLy8pXBVfPAK4VR4MauM0oOSeJ5Qy2EcMFluZOMmlByB2YfeLc6SIIJUxTy/LwNKZB2PdtuaLZpXKPIRCE04blzbbibHsIB7Qf+VVjpGAKPlBAd8jQlYO1uDc1bAvuh75bK3ai2A2yPbnIEFYFXqrI6LiVGna/vvVNngQhAwX3/YBUrZs+6O9w+jRS+YAXmc8NwDA==&u=U2FsdGVkX1+kgaka6aztqi50QjEeAySk9lTsJrr1MFfFaMMAWSHvg2wgAdRYLnTe&y=U2FsdGVkX18xnJKY+TGt70OMRtCeqywudDOicL8l798M0rzyKRZGZ6t4leslAFFg HTTP/1.1" 200 26
186.102.26.182 - - [07/Aug/2023:19:36:56 -0500] "GET /kwssiamovil/sm/acme/a?s=U2FsdGVkX1/5SEiR9vPRu4Vpor/RNtJHIwh9hiDui6aI7gOVHLndiK/Ow7LpQ4q1fQ97+NW2hprqffYPJhl+SjJRdq/gGWid2mmnPjd174DKg/HBur4amFGldzywbbYlA9IkeHpr8LS/q0kePXGtmV+WfSnRjzzQmbGdTIjYsFoUfnGD0gS/hliEb1G+MahAoL6Azr6gxnV9BXe4DfRL6A==&u=U2FsdGVkX1+kgaka6aztqi50QjEeAySk9lTsJrr1MFfFaMMAWSHvg2wgAdRYLnTe&y=U2FsdGVkX18xnJKY+TGt70OMRtCeqywudDOicL8l798M0rzyKRZGZ6t4leslAFFg HTTP/1.1" 200 26
186.102.26.182 - - [07/Aug/2023:19:36:57 -0500] "GET /kwssiamovil/sm/acme/a?s=U2FsdGVkX1+X+KL9dVRjwp01ArImO8JRhuUZNucOTr/tGCfexEWHoH2c751QFeH4E3BB2tgt1WOCITAUaQLGRT2a6X6MwE7v+pssh8eei6/JMit6cvxzC4QGsOfVKsXqMb9FlDbQO2TdzwtfrDxwJElDimgL4p7rfRTbjLCEKjharv3w4Np/HG0cMMcDIApxxnQQGJcTA2FJ/yXbDDyl+dm46onNBNfA5SqQb0Tlg+hTFHB54U9PB8wq2K/HYUGTLQoGgIa3pL+F72diQvtNwhXPr86vnB2Fs3rhNz/GsMFGc8gb+KWhHfS4i8zzCSZA75dBLL66FrY97SYkRRxFpTmXNk9G7F5ZhF0DHQ8w22A6YeCDr9ymPEa3+YVBp3wYxiDGe7gfpTaJS++5WBusykGAb5N1YcdCrjvzscFUMhbCwEsgiDYOR6iCzUfevcyn9zqnII1962RKe2DrC1vKpTT3lhEYngED+9Ly61JkpI2EINFvwhJN8qsjGg4sD7/dwLMfmG1sXNSFrVLVu9Dz58qDtDbsL1QUCfVO+qARx1iHDRukeEHptbFlo3gJSveDKM/hpvhSWWzC87QDpHXqQ9xmqY3if72cXJ5fcTtYAZY+5IzkZWRNV8uTswTQQcgj&u=U2FsdGVkX1+kgaka6aztqi50QjEeAySk9lTsJrr1MFfFaMMAWSHvg2wgAdRYLnTe&y=U2FsdGVkX18xnJKY+TGt70OMRtCeqywudDOicL8l798M0rzyKRZGZ6t4leslAFFg HTTP/1.1" 200 25
186.102.26.182 - - [07/Aug/2023:19:36:58 -0500] "GET /kwssiamovil/sm/acme/a?s=U2FsdGVkX1/Lf1oUtHC1JyftFkzYV0halPHBcMGPqGtlSpcRrjwR+ra+8OoTpk/XhFc/Apaa1luV4fDnR0HSh4ON5EsZA5BtEy5FQJJrCGueQOoqHm0QcmjfwhcZoU2RfkOWq4gc0hvkrWKEsz02u1h4qjSE3zIA4iBP5qGjg+dLO+G/NenSiWHyk1pck/+o&u=U2FsdGVkX1+kgaka6aztqi50QjEeAySk9lTsJrr1MFfFaMMAWSHvg2wgAdRYLnTe&y=U2FsdGVkX18xnJKY+TGt70OMRtCeqywudDOicL8l798M0rzyKRZGZ6t4leslAFFg HTTP/1.1" 200 26
186.102.26.182 - - [07/Aug/2023:19:36:58 -0500] "GET /kwssiamovil/sm/acme/a?s=U2FsdGVkX18869OGNxOFyV4dPdXcq3eahA39vf3ht1qxnn4d3rRwGDuIWUQ00xOXzRiJvL6T7AZeFjvUoUJdF8PwOiXW+GKbyjY850vzTyzO13klkDWQAPf4GgGKr9QXu6nFivLODfqqn5oTX/YiXZ/IXXpFsVZLTBWQsoBtTUSdVZBmE4DL/NZOB8LDtq5ULam3M+VQaopDqSA41iYOflJ2Zl3mo7eoMGBMdC5ZVO3um9bSA8pYKM9Urkdjg9jzTyTcXKuuYVEoP7pQBaRvOmex5waSDsn/rKExTLb+m/EM6RpYym1BlvCp91+3c0XsZV7ePplvvssQ0aPQxk0FJWWAcAWNcU0PmqPbpa+QfP/6XUQXUHJoxEyDY/QzW5hKmCwKVndew8mE9JBLROWbOtAnfHc4xAoFPyqdw6tLKCTI+n2g0IQDZEzAgPRe3RsA6OShxVZS+CdDvh1shP3kMRY9wixjVyLP93R4NI+76Il73LrGDnb9fyAvteWVrXpN8mFiHL1jpAqgskcd+Y+3SqZ5vsUbte1bKmsSjScZ9UuM5lR/zFWJnwKQpiCizonLkqqOJ0FqoXwjpKlChhgSCw==&u=U2FsdGVkX1+kgaka6aztqi50QjEeAySk9lTsJrr1MFfFaMMAWSHvg2wgAdRYLnTe&y=U2FsdGVkX18xnJKY+TGt70OMRtCeqywudDOicL8l798M0rzyKRZGZ6t4leslAFFg HTTP/1.1" 200 25
172.22.2.4 - - [07/Aug/2023:19:37:28 -0500] "GET /BLA/boletinlegal/Circulares/2019/.pdf HTTP/1.1" 404 1218
154.209.125.124 - - [07/Aug/2023:19:37:33 -0500] "GET / HTTP/1.1" 200 319
201.245.192.253 - - [07/Aug/2023:19:37:39 -0500] "POST /kwsrmcab/Wsrmcab  HTTP/1.1" 200 42098
40.77.167.113 - - [07/Aug/2023:19:38:13 -0500] "GET /BLA/resoluciones/RESOLUCIONES%202010/1615.pdf HTTP/1.1" 200 620429
186.102.36.80 - - [07/Aug/2023:19:39:04 -0500] "GET /kwssiamovil/sm/ldap/au?x=U2FsdGVkX18wFeLY2QWUS6YaDQisTW/I8dOH2ZVPCkdwszQDHEu/TTXUEIEad3lr&y=U2FsdGVkX1+9dUCe9NOicm0KG7xMK2XaxThUO12yTfY+vpTIbt31sj3Sq6s1H8HU HTTP/1.1" 200 31
186.102.36.80 - - [07/Aug/2023:19:39:16 -0500] "GET /kwssiamovil/sm/ldap/au?x=U2FsdGVkX19d9aEvaU7Ae7l86vRyTWALIa8zbBXodapa9XnDo8MBOuvKx/P0wEUq&y=U2FsdGVkX1+74GKXP/cnP79Sd4Xm+8mDQZDjN62ggz68hGWmiOr8A1nTuxDEozCB HTTP/1.1" 200 30
216.245.221.92 - - [07/Aug/2023:19:39:17 -0500] "HEAD / HTTP/1.1" 200 -
201.245.192.253 - - [07/Aug/2023:19:39:23 -0500] "POST /kwsrmcab/Wsrmcab HTTP/1.1" 200 44015
201.245.192.253 - - [07/Aug/2023:19:39:26 -0500] "POST /kwsrmcab/Wsrmcab HTTP/1.1" 200 44489
186.80.52.205 - - [07/Aug/2023:19:39:42 -0500] "GET /BLA/resoluciones/ HTTP/1.1" 200 13502
186.80.52.205 - - [07/Aug/2023:19:39:44 -0500] "GET /BLA/resoluciones/index.php?dir=AUTOS+2023%2F HTTP/1.1" 200 207289
186.102.36.80 - - [07/Aug/2023:19:39:49 -0500] "GET /kwssiamovil/sm/acme/a?s=U2FsdGVkX1+rifPO7lo598upiO5zUmZ+uoCfpxtPA0HMLp9cqbk7rYueBZCv0YBU468F0mIku6EQ4WyLFKhT25PMZ9Sn6h3vduaS2j6bi29hpcB42zSkD4Bf3zeu6Eu2tpSljUmv/aPO32opIlbqYxpVrVLeoLKeS6QScDi3Sam6Hsudpoe6uSxjC15HYSK8jneL+q612L6M/oeTEDwvMnDJGVhCC6qJsa/06LhqMjKdhb4ZGEAMmucra0pDfYD4hos67Cb7R9FWJ7IsnBD7rQ==&u=U2FsdGVkX18LZx/MxzhL2wAX2cPhGFKVtCLyju5gx9w=&y=U2FsdGVkX18MKrf5WqJSEUXk+/sGUabbmED6dc6sWZmZWsXLpF15K6hicdQCb+Kn HTTP/1.1" 200 26
186.102.36.80 - - [07/Aug/2023:19:39:49 -0500] "GET /kwssiamovil/sm/acme/a?s=U2FsdGVkX19MfWOjcUOmdUXta1e0DLU7JSZKt/MPv7f9mF3R2tEcucWjPINoS8RA4G7yfJjN2q6oMPPg7NWLmvvKUl9NDAsDWDwuapVvdfROfQgf0PXJgl/IahbHSEhKmK+NcMbBqx8mIRZG0l004Xj3gte3LINPKMQ9e6wp3Y9DM8AZBHEY/yh03wEZ2yCuLZbttoUYpTy5UTqPAwYIyKJn2bOR8ZJKJvcOQaNj29xduTt/hi0i4Zepe2k8A1AFjRsJgghRss6+3bek7ST05iUIpZdIJPlYUIA/yT+dzoR6Cp12z1bsToKd6/rQRWSB6IYOkKWAfUW/sUfHgi+PLOT5HnykizkVpvjhDauZZ5Shc5BNs7VjqytrIH8t+xqMY0FbAwqoXBHlY/sGc2gwxvpSgCSzMxhyU+0wFpa2njrdTG24KEyrUgbNQe37qfki2PKE8p0E5Z95rka7B7ooXjUyWxwSkXQJLI//jMi+FPoRQ3+DXxEFilyt50fXB1+EU1ACL0AwgVqego0mdLOHaxfYijsgGLrwMXCjxlK3xq2D5gOW7REnhx4T9tbXsfZhWGhhxGFMt/mXaeJrY86B/x8tGmKtkydD1+8pK/xCTPrM9zHY9UWL3Vd6bLuFoLOX4aKGkeTfiKSrXc+Wpn/xCK6G3tluvXhem/2XjjuTYXxylG54rI/jrsae5PCTBbABRFIUnptUrDzB7irmUuO3oQNOGnvqL7DJ/9ZkRZqdwXM3WVDQBAnOBPMvZEOGURjd7F6x2N4+aaHGktUZ6fU73liDUykbg8+LCmDdj//zd+2GxZC7oc4hWs5uMV+n2FR7j2s/3bL1Js1Moqr5a9VR2r0wRHZ4l6gtcbL+a6hXfyjJOX7IX+1KvUrALn8mE/SnIH5E6ua7qjykTlv8ygkxXL/2QSTETp55P6whuTRuvkJaUaX0WHwrjjjR17dvDJHWwxFBNJR3HbJ9O44bsAmNvl7vE5MwRKyrqojB0ZbZeBs=&u=U2FsdGVkX18LZx/MxzhL2wAX2cPhGFKVtCLyju5gx9w=&y=U2FsdGVkX18MKrf5WqJSEUXk+/sGUabbmED6dc6sWZmZWsXLpF15K6hicdQCb+Kn HTTP/1.1" 200 26
186.102.36.80 - - [07/Aug/2023:19:39:49 -0500] "GET /kwssiamovil/sm/acme/a?s=U2FsdGVkX1+5YlXkbqSDGZNf1fot0qaAzoBqB7CHaoHAUzElaFPp/MQYcbDX4txDd/9Ay7Y38tGzek2MkZKEKSvR19Pchvo7t0tc8rvYcPjvx2Yq0kuvgJrZEj6Qx/OzcbzU1Puzbd6sh82qyRQcrZSdzCPw2OZffibO72L67KE=&u=U2FsdGVkX18LZx/MxzhL2wAX2cPhGFKVtCLyju5gx9w=&y=U2FsdGVkX18MKrf5WqJSEUXk+/sGUabbmED6dc6sWZmZWsXLpF15K6hicdQCb+Kn HTTP/1.1" 200 26
186.102.36.80 - - [07/Aug/2023:19:39:50 -0500] "GET /kwssiamovil/sm/acme/a?s=U2FsdGVkX18iHN7QZSUAZGn8H7YZyEZRldyilui46UgA+Sg9r+vosIuKGjcyp3AUSSrXtccNz4mt11HJbihVdCZ+yGpDbnPPMqzkoeBmYWoU0jyRMLvLWc5amyUTPR945zGu8V7VnsaWrxv31IhHVCZk3KTNF1Va2h63IdNeuPY=&u=U2FsdGVkX18LZx/MxzhL2wAX2cPhGFKVtCLyju5gx9w=&y=U2FsdGVkX18MKrf5WqJSEUXk+/sGUabbmED6dc6sWZmZWsXLpF15K6hicdQCb+Kn HTTP/1.1" 200 26
186.102.36.80 - - [07/Aug/2023:19:39:50 -0500] "GET /kwssiamovil/sm/acme/a?s=U2FsdGVkX18kkI808DsiZ0BIVP+oszQXEFkU3n3CxhSDSF3jRAShNjiROfMemoPbiE7Zw31DwnxPWAOXNwiYNUumQczpRrQkjDhz/WhIF1S34cV0e043+q0Ja69mRnT2c5bkx4ip0opyZW57n9oPacMRPnxSYpIfiTF8OjZhAQw=&u=U2FsdGVkX18LZx/MxzhL2wAX2cPhGFKVtCLyju5gx9w=&y=U2FsdGVkX18MKrf5WqJSEUXk+/sGUabbmED6dc6sWZmZWsXLpF15K6hicdQCb+Kn HTTP/1.1" 200 26
186.102.36.80 - - [07/Aug/2023:19:39:50 -0500] "GET /kwssiamovil/sm/acme/a?s=U2FsdGVkX19Crb7BTWlxnQDqR9pCWfADKEctrkKVUStmIlJFNXio3Ol4m9nnbdxYzubApsaLywZhvCjstG4SypDfLtfAGIHD+LoV2bPqml3uiX15kjUTYfZgVEJ06NM7FhhIzJfJZu6+IrtC6j/hjyWwvB+nIh0vtE+OS2+pH2OzFwv54kZDXyM+Ok8pR0QeqGMwNRJIJOh3sZ8MsYNu9w==&u=U2FsdGVkX18LZx/MxzhL2wAX2cPhGFKVtCLyju5gx9w=&y=U2FsdGVkX18MKrf5WqJSEUXk+/sGUabbmED6dc6sWZmZWsXLpF15K6hicdQCb+Kn HTTP/1.1" 200 26
186.102.36.80 - - [07/Aug/2023:19:39:50 -0500] "GET /kwssiamovil/sm/acme/a?s=U2FsdGVkX1+gVFOp/XNuiRaQTfSJ4HgiRMitrdUH7NMhkyI4DFKVL+0YkM3bSWDHJ4eccsU9K9NG7JXhM0wRjEDivaeOyD7ZJ1YFVhMZcVXuMCnZ/qhYbpvQi78gHDlnJb+qwaQ1szcN7hmleLYAeeAjkyk6DHVSeCEMwo0kGS59RSokuCfdrIf1mJfa8rIofYjZHgUXaKm2JKjag4H5Ng==&u=U2FsdGVkX18LZx/MxzhL2wAX2cPhGFKVtCLyju5gx9w=&y=U2FsdGVkX18MKrf5WqJSEUXk+/sGUabbmED6dc6sWZmZWsXLpF15K6hicdQCb+Kn HTTP/1.1" 200 26
186.102.36.80 - - [07/Aug/2023:19:39:50 -0500] "GET /kwssiamovil/sm/acme/a?s=U2FsdGVkX1/HuvolAJ6Q5DfEPl8vPod+ISUkwX5z+9cPq9SZ1WV4/qn5N7d6UBvbeBkDVQqh9WG7vCHBPb7RTYRHm+c8VwUguh5qAAi6ynP6wJeOAmWL/6EDPVAxJOuam9fjqW0jZv+wbjctwq0fJDAxDVHI1KQhajVUS9fSbZk=&u=U2FsdGVkX18LZx/MxzhL2wAX2cPhGFKVtCLyju5gx9w=&y=U2FsdGVkX18MKrf5WqJSEUXk+/sGUabbmED6dc6sWZmZWsXLpF15K6hicdQCb+Kn HTTP/1.1" 200 26
172.22.2.4 - - [07/Aug/2023:19:38:50 -0500] "HEAD /BLA/boletinlegal/ HTTP/1.1" 200 -
172.22.2.4 - - [07/Aug/2023:19:39:40 -0500] "GET /BLA/boletinlegal/ HTTP/1.1" 200 58474
201.245.192.253 - - [07/Aug/2023:19:42:38 -0500] "POST /kwsrmcab/Wsrmcab  HTTP/1.1" 200 42098
40.77.167.113 - - [07/Aug/2023:19:43:15 -0500] "GET /BLA/resoluciones/RESOLUCIONES%202022/0268.pdf HTTP/1.1" 304 -
216.245.221.92 - - [07/Aug/2023:19:44:17 -0500] "HEAD / HTTP/1.1" 200 -
66.220.149.15 - - [07/Aug/2023:19:46:18 -0500] "GET /images/cr\xc3\xb3nica-29-nov-1_optimized.jpeg HTTP/1.1" 404 1034
172.22.2.4 - - [07/Aug/2023:19:44:40 -0500] "HEAD /BLA/boletinlegal/ HTTP/1.1" 200 -
172.22.2.4 - - [07/Aug/2023:19:45:12 -0500] "GET /BLA/boletinlegal/ HTTP/1.1" 200 32715
172.22.2.4 - - [07/Aug/2023:19:45:00 -0500] "GET /BLA/boletinlegal/ HTTP/1.1" 200 42003
172.22.2.4 - - [07/Aug/2023:19:45:30 -0500] "GET /BLA/boletinlegal/ HTTP/1.1" 200 46920
81.21.231.174 - - [07/Aug/2023:19:47:11 -0500] "GET /catalogoisis/ HTTP/1.1" 200 8575
81.21.231.174 - - [07/Aug/2023:19:47:11 -0500] "GET /catalogoisis/Js/Go.js HTTP/1.1" 200 364
81.21.231.174 - - [07/Aug/2023:19:47:11 -0500] "GET /catalogoisis/Js/AceptarLimpiar.js HTTP/1.1" 200 331
81.21.231.174 - - [07/Aug/2023:19:47:11 -0500] "GET /catalogoisis/Js/LimpiarCombinada.js HTTP/1.1" 200 207
81.21.231.174 - - [07/Aug/2023:19:47:11 -0500] "GET /catalogoisis/Js/CriterioCombinada.js HTTP/1.1" 200 1843
81.21.231.174 - - [07/Aug/2023:19:47:11 -0500] "GET /catalogoisis/Js/Cookies.js HTTP/1.1" 200 1369
81.21.231.174 - - [07/Aug/2023:19:47:11 -0500] "GET /catalogoisis/Js/Remote.js HTTP/1.1" 200 436
81.21.231.174 - - [07/Aug/2023:19:47:12 -0500] "GET /catalogoisis/Js/Numero.js HTTP/1.1" 200 398
81.21.231.174 - - [07/Aug/2023:19:47:12 -0500] "GET /catalogoisis/Js/Enter.js HTTP/1.1" 200 1208
201.245.192.253 - - [07/Aug/2023:19:47:37 -0500] "POST /kwsrmcab/Wsrmcab  HTTP/1.1" 200 42098
52.167.144.76 - - [07/Aug/2023:19:48:37 -0500] "GET /BLA/resoluciones/RESOLUCIONES%202005/RES%202005%20%201601-1650/INDEX.DAT HTTP/1.1" 200 2000
216.245.221.92 - - [07/Aug/2023:19:49:17 -0500] "HEAD / HTTP/1.1" 200 -
52.167.144.33 - - [07/Aug/2023:19:50:53 -0500] "GET /BLA/resoluciones/AUTOS%202021/2201.pdf HTTP/1.1" 304 -
172.22.2.4 - - [07/Aug/2023:19:50:30 -0500] "HEAD /BLA/boletinlegal/ HTTP/1.1" 200 -
201.245.192.253 - - [07/Aug/2023:19:52:35 -0500] "POST /kwsrmcab/Wsrmcab  HTTP/1.1" 200 42098
172.22.2.4 - - [07/Aug/2023:19:51:21 -0500] "GET /BLA/boletinlegal/ HTTP/1.1" 200 60612
186.102.49.77 - - [07/Aug/2023:19:53:16 -0500] "GET /BLA/boletinlegal/js/jquery.scrollShow.js HTTP/1.1" 200 4586
186.102.49.77 - - [07/Aug/2023:19:53:16 -0500] "GET /galeria/galeria/jquery.fancybox.js?v=2.1.5 HTTP/1.1" 200 48706
186.102.49.77 - - [07/Aug/2023:19:53:16 -0500] "GET /galeria/galeria/jquery.fancybox.css?v=2.1.5 HTTP/1.1" 200 4895
216.245.221.92 - - [07/Aug/2023:19:54:17 -0500] "HEAD / HTTP/1.1" 200 -
173.252.107.118 - - [07/Aug/2023:19:56:11 -0500] "GET /caminos-de-los-cerros-espacios-naturales-seguros-para-cuidar-la-salud-fisica-y-mental-de-los-ciudadanos.html HTTP/1.1" 200 1139
201.245.192.253 - - [07/Aug/2023:19:57:35 -0500] "POST /kwsrmcab/Wsrmcab  HTTP/1.1" 200 42098
173.252.107.7 - - [07/Aug/2023:19:57:56 -0500] "GET /te-contamos-como-instalar-un-contenedor-para-baterias-de-litio-en-tu-establecimiento.html HTTP/1.1" 200 892
172.22.2.4 - - [07/Aug/2023:19:56:20 -0500] "HEAD /BLA/boletinlegal/ HTTP/1.1" 200 -
172.22.2.4 - - [07/Aug/2023:19:57:10 -0500] "GET /BLA/boletinlegal/ HTTP/1.1" 200 58079
216.245.221.92 - - [07/Aug/2023:19:59:17 -0500] "HEAD / HTTP/1.1" 200 -
172.22.2.4 - - [07/Aug/2023:20:00:43 -0500] "GET /BLA/boletinlegal/actos.php HTTP/1.1" 200 9682
172.22.2.4 - - [07/Aug/2023:20:00:44 -0500] "GET /BLA/boletinlegal/styles2.css HTTP/1.1" 200 1838
172.22.2.4 - - [07/Aug/2023:20:00:44 -0500] "GET /BLA/boletinlegal/js/ajax_actos.js HTTP/1.1" 200 1322
172.22.2.4 - - [07/Aug/2023:20:00:44 -0500] "GET /BLA/boletinlegal/style.css HTTP/1.1" 200 9406
172.22.2.4 - - [07/Aug/2023:20:00:44 -0500] "GET /BLA/boletinlegal/niceforms-default.css HTTP/1.1" 200 6694
172.22.2.4 - - [07/Aug/2023:20:00:44 -0500] "GET /BLA/boletinlegal/niceforms.js HTTP/1.1" 200 22876
172.22.2.4 - - [07/Aug/2023:20:00:44 -0500] "GET /BLA/boletinlegal/js/lib.js HTTP/1.1" 200 6474
172.22.2.4 - - [07/Aug/2023:20:00:44 -0500] "GET /BLA/boletinlegal/js/popup.js HTTP/1.1" 200 1270
172.22.2.4 - - [07/Aug/2023:20:00:44 -0500] "GET /BLA/boletinlegal/js/jquery1.js HTTP/1.1" 200 29846
172.22.2.4 - - [07/Aug/2023:20:00:44 -0500] "GET /BLA/boletinlegal/images/cabezote%20BLEGAL.jpg HTTP/1.1" 200 118164
172.22.2.4 - - [07/Aug/2023:20:00:44 -0500] "GET /BLA/boletinlegal/images/subscribe-icon-big.png HTTP/1.1" 200 47702
172.22.2.4 - - [07/Aug/2023:20:00:44 -0500] "GET /BLA/boletinlegal/images/registro-usuarios.png HTTP/1.1" 200 8106
172.22.2.4 - - [07/Aug/2023:20:00:44 -0500] "GET /BLA/boletinlegal/images/historia.png HTTP/1.1" 200 52775
172.22.2.4 - - [07/Aug/2023:20:00:44 -0500] "GET /BLA/boletinlegal/images/green-yellow-blue-pink-th.png HTTP/1.1" 200 7394
172.22.2.4 - - [07/Aug/2023:20:00:44 -0500] "GET /BLA/boletinlegal/images/tel.png HTTP/1.1" 200 14477
172.22.2.4 - - [07/Aug/2023:20:00:44 -0500] "GET /BLA/boletinlegal/images/body_bg.jpg HTTP/1.1" 200 1601
172.22.2.4 - - [07/Aug/2023:20:00:44 -0500] "GET /BLA/boletinlegal/images/icono-email.png HTTP/1.1" 200 5544
172.22.2.4 - - [07/Aug/2023:20:00:44 -0500] "GET /BLA/boletinlegal/images/menu_lft.gif HTTP/1.1" 200 1713
172.22.2.4 - - [07/Aug/2023:20:00:44 -0500] "GET /BLA/boletinlegal/images/menu_rght.gif HTTP/1.1" 200 1627
172.22.2.4 - - [07/Aug/2023:20:00:44 -0500] "GET /BLA/boletinlegal/images/bg_top.jpg HTTP/1.1" 200 522
172.22.2.4 - - [07/Aug/2023:20:00:44 -0500] "GET /BLA/boletinlegal/images/menu_bg.jpg HTTP/1.1" 200 620
172.22.2.4 - - [07/Aug/2023:20:00:44 -0500] "GET /BLA/boletinlegal/images/footer_bg.jpg HTTP/1.1" 200 586
172.22.2.4 - - [07/Aug/2023:20:00:44 -0500] "GET /BLA/boletinlegal/images/text.jpg HTTP/1.1" 200 568
172.22.2.4 - - [07/Aug/2023:20:00:44 -0500] "GET /BLA/boletinlegal/images/hover.jpg HTTP/1.1" 200 640
172.22.2.4 - - [07/Aug/2023:20:00:44 -0500] "GET /BLA/boletinlegal/images/footer_bg_l.jpg HTTP/1.1" 200 776
172.22.2.4 - - [07/Aug/2023:20:00:44 -0500] "GET /BLA/boletinlegal/img/0.png HTTP/1.1" 200 110
172.22.2.4 - - [07/Aug/2023:20:00:44 -0500] "GET /BLA/boletinlegal/img/select-left.png HTTP/1.1" 200 263
172.22.2.4 - - [07/Aug/2023:20:00:44 -0500] "GET /BLA/boletinlegal/img/button-left.png HTTP/1.1" 200 57071
172.22.2.4 - - [07/Aug/2023:20:00:44 -0500] "GET /BLA/boletinlegal/img/select-right.png HTTP/1.1" 200 44019
172.22.2.4 - - [07/Aug/2023:20:00:44 -0500] "GET /BLA/boletinlegal/img/button-right.png HTTP/1.1" 200 57878
172.22.2.4 - - [07/Aug/2023:20:00:44 -0500] "GET /BLA/boletinlegal/img/button.png HTTP/1.1" 200 43241
172.22.2.4 - - [07/Aug/2023:20:00:44 -0500] "GET /BLA/boletinlegal/favicon.ico HTTP/1.1" 404 1326
172.22.2.4 - - [07/Aug/2023:20:00:49 -0500] "GET /BLA/boletinlegal/consulta_actos.php?tipo=resoluciones&no=&usuario=&sector=&fecha=2023&resuelve= HTTP/1.1" 200 163072
172.22.2.4 - - [07/Aug/2023:20:00:50 -0500] "GET /BLA/boletinlegal/images/pdf.gif HTTP/1.1" 200 567
172.22.2.4 - - [07/Aug/2023:20:00:50 -0500] "GET /BLA/boletinlegal/images/background.gif HTTP/1.1" 200 -
186.80.121.37 - - [07/Aug/2023:20:00:58 -0500] "GET /BLA/resoluciones/RESOLUCIONES%202023/1292.pdf HTTP/1.1" 200 10409493
186.80.121.37 - - [07/Aug/2023:20:00:58 -0500] "GET /favicon.ico HTTP/1.1" 200 7782
62.122.101.21 - - [07/Aug/2023:20:02:30 -0500] "GET / HTTP/1.1" 200 319
201.245.192.253 - - [07/Aug/2023:20:02:33 -0500] "POST /kwsrmcab/Wsrmcab  HTTP/1.1" 200 42098
172.22.2.4 - - [07/Aug/2023:20:02:10 -0500] "HEAD /BLA/boletinlegal/ HTTP/1.1" 200 -
216.245.221.92 - - [07/Aug/2023:20:04:17 -0500] "HEAD / HTTP/1.1" 200 -
52.167.144.17 - - [07/Aug/2023:20:04:31 -0500] "GET / HTTP/1.1" 200 4720
172.22.2.4 - - [07/Aug/2023:20:03:01 -0500] "GET /BLA/boletinlegal/ HTTP/1.1" 200 58079
173.252.79.4 - - [07/Aug/2023:20:06:46 -0500] "GET /images/Acuerdos%2001%20(1)%20(1).jpeg HTTP/1.1" 200 32884
201.245.192.253 - - [07/Aug/2023:20:07:33 -0500] "POST /kwsrmcab/Wsrmcab  HTTP/1.1" 200 42098
66.220.149.117 - - [07/Aug/2023:20:07:44 -0500] "GET /images/ecosistema-dia-internacional-tierra-21-abril.jpg HTTP/1.1" 200 30098
152.203.237.148 - - [07/Aug/2023:20:08:37 -0500] "GET /sipse/faces/faces/faces/autenticacion.xhtml HTTP/1.1" 200 12491
152.203.237.148 - - [07/Aug/2023:20:08:37 -0500] "GET /sipse/faces/javax.faces.resource/layout/layout.css;jsessionid=GwOWxGCYQ1HiThAXeoPT3xNq.undefined?ln=primefaces&v=4.0 HTTP/1.1" 200 542
152.203.237.148 - - [07/Aug/2023:20:08:37 -0500] "GET /sipse/js/disable_browser_buttons.js HTTP/1.1" 200 3230
152.203.237.148 - - [07/Aug/2023:20:08:37 -0500] "GET /sipse/faces/javax.faces.resource/primefaces.css;jsessionid=GwOWxGCYQ1HiThAXeoPT3xNq.undefined?ln=primefaces&v=4.0 HTTP/1.1" 200 53295
152.203.237.148 - - [07/Aug/2023:20:08:37 -0500] "GET /sipse/js/funciones.js HTTP/1.1" 200 12592
152.203.237.148 - - [07/Aug/2023:20:08:37 -0500] "GET /sipse/faces/javax.faces.resource/layout/layout.js;jsessionid=GwOWxGCYQ1HiThAXeoPT3xNq.undefined?ln=primefaces&v=4.0 HTTP/1.1" 200 87560
152.203.237.148 - - [07/Aug/2023:20:08:37 -0500] "GET /sipse/css/custom_css_sg_prime_login.css HTTP/1.1" 200 443
152.203.237.148 - - [07/Aug/2023:20:08:37 -0500] "GET /sipse/css/custom_css_sg.css HTTP/1.1" 200 9694
152.203.237.148 - - [07/Aug/2023:20:08:37 -0500] "GET /sipse/faces/javax.faces.resource/theme.css?ln=primefaces-sipse HTTP/1.1" 304 -
152.203.237.148 - - [07/Aug/2023:20:08:37 -0500] "GET /sipse/faces/javax.faces.resource/jquery/jquery.js;jsessionid=GwOWxGCYQ1HiThAXeoPT3xNq.undefined?ln=primefaces&v=4.0 HTTP/1.1" 200 105384
152.203.237.148 - - [07/Aug/2023:20:08:37 -0500] "GET /sipse/faces/javax.faces.resource/jquery/jquery-plugins.js;jsessionid=GwOWxGCYQ1HiThAXeoPT3xNq.undefined?ln=primefaces&v=4.0 HTTP/1.1" 200 220526
152.203.237.148 - - [07/Aug/2023:20:08:37 -0500] "GET /sipse/faces/javax.faces.resource/primefaces.js;jsessionid=GwOWxGCYQ1HiThAXeoPT3xNq.undefined?ln=primefaces&v=4.0 HTTP/1.1" 200 276924
152.203.237.148 - - [07/Aug/2023:20:08:37 -0500] "GET /sipse/faces/javax.faces.resource/images/ui-icons_898989_256x240.png?ln=primefaces-aristo HTTP/1.1" 304 -
152.203.237.148 - - [07/Aug/2023:20:08:37 -0500] "GET /sipse/css/imagen/logoSDG.png HTTP/1.1" 200 53064
152.203.237.148 - - [07/Aug/2023:20:08:37 -0500] "GET /sipse/css/imagen/loginimg.png HTTP/1.1" 200 71635
152.203.237.148 - - [07/Aug/2023:20:08:37 -0500] "GET /sipse/faces/faces/faces/index.xhtml HTTP/1.1" 200 677
152.203.237.148 - - [07/Aug/2023:20:08:38 -0500] "GET /sipse/faces/javax.faces.resource/theme.css?ln=primefaces-sipse HTTP/1.1" 304 -
152.203.237.148 - - [07/Aug/2023:20:08:38 -0500] "GET /sipse/faces/faces/faces/faces/autenticacion.xhtml HTTP/1.1" 200 12169
152.203.237.148 - - [07/Aug/2023:20:08:38 -0500] "GET /sipse/faces/javax.faces.resource/layout/layout.css?ln=primefaces&v=4.0 HTTP/1.1" 304 -
152.203.237.148 - - [07/Aug/2023:20:08:38 -0500] "GET /sipse/faces/javax.faces.resource/theme.css?ln=primefaces-sipse HTTP/1.1" 304 -
152.203.237.148 - - [07/Aug/2023:20:08:38 -0500] "GET /sipse/faces/javax.faces.resource/primefaces.js?ln=primefaces&v=4.0 HTTP/1.1" 304 -
152.203.237.148 - - [07/Aug/2023:20:08:38 -0500] "GET /sipse/faces/javax.faces.resource/primefaces.css?ln=primefaces&v=4.0 HTTP/1.1" 304 -
152.203.237.148 - - [07/Aug/2023:20:08:38 -0500] "GET /sipse/faces/javax.faces.resource/layout/layout.js?ln=primefaces&v=4.0 HTTP/1.1" 304 -
152.203.237.148 - - [07/Aug/2023:20:08:38 -0500] "GET /sipse/faces/javax.faces.resource/jquery/jquery.js?ln=primefaces&v=4.0 HTTP/1.1" 304 -
152.203.237.148 - - [07/Aug/2023:20:08:38 -0500] "GET /sipse/faces/javax.faces.resource/jquery/jquery-plugins.js?ln=primefaces&v=4.0 HTTP/1.1" 304 -
152.203.237.148 - - [07/Aug/2023:20:08:38 -0500] "GET /sipse/faces/javax.faces.resource/images/ui-icons_898989_256x240.png?ln=primefaces-aristo HTTP/1.1" 304 -
152.203.237.148 - - [07/Aug/2023:20:08:42 -0500] "POST /sipse/faces/autenticacion.xhtml HTTP/1.1" 200 2224
152.203.237.148 - - [07/Aug/2023:20:08:43 -0500] "GET /sipse/faces/javax.faces.resource/messages/messages.png?ln=primefaces&v=4.0 HTTP/1.1" 304 -
152.203.237.148 - - [07/Aug/2023:20:08:45 -0500] "GET /sipse/faces/javax.faces.resource/images/ui-icons_898989_256x240.png?ln=primefaces-aristo HTTP/1.1" 304 -
152.203.237.148 - - [07/Aug/2023:20:08:45 -0500] "POST /sipse/faces/autenticacion.xhtml HTTP/1.1" 200 16351
152.203.237.148 - - [07/Aug/2023:20:08:45 -0500] "GET /sipse/css/custom_css_sg_prime.css HTTP/1.1" 200 5201
152.203.237.148 - - [07/Aug/2023:20:08:45 -0500] "GET /sipse/faces/javax.faces.resource/layout/layout.css?ln=primefaces&v=4.0 HTTP/1.1" 304 -
152.203.237.148 - - [07/Aug/2023:20:08:45 -0500] "GET /sipse/faces/javax.faces.resource/primefaces.css?ln=primefaces&v=4.0 HTTP/1.1" 304 -
152.203.237.148 - - [07/Aug/2023:20:08:45 -0500] "GET /sipse/faces/javax.faces.resource/theme.css?ln=primefaces-sipse HTTP/1.1" 304 -
152.203.237.148 - - [07/Aug/2023:20:08:45 -0500] "GET /sipse/js/jquery.min.js HTTP/1.1" 200 85582
152.203.237.148 - - [07/Aug/2023:20:08:45 -0500] "GET /sipse/faces/javax.faces.resource/jquery/jquery.js?ln=primefaces&v=4.0 HTTP/1.1" 304 -
152.203.237.148 - - [07/Aug/2023:20:08:45 -0500] "GET /sipse/faces/javax.faces.resource/jquery/jquery-plugins.js?ln=primefaces&v=4.0 HTTP/1.1" 304 -
152.203.237.148 - - [07/Aug/2023:20:08:45 -0500] "GET /sipse/faces/javax.faces.resource/primefaces.js?ln=primefaces&v=4.0 HTTP/1.1" 304 -
152.203.237.148 - - [07/Aug/2023:20:08:45 -0500] "GET /sipse/faces/javax.faces.resource/layout/layout.js?ln=primefaces&v=4.0 HTTP/1.1" 304 -
152.203.237.148 - - [07/Aug/2023:20:08:45 -0500] "GET /sipse/css/v_mergente.css HTTP/1.1" 200 1505
152.203.237.148 - - [07/Aug/2023:20:08:45 -0500] "GET /sipse/css/imagen/contrasena.png HTTP/1.1" 404 383
152.203.237.148 - - [07/Aug/2023:20:08:45 -0500] "GET /sipse/faces/javax.faces.resource/images/ui-icons_898989_256x240.png?ln=primefaces-aristo HTTP/1.1" 304 -
152.203.237.148 - - [07/Aug/2023:20:08:45 -0500] "GET /sipse/imagenes/cargando.gif HTTP/1.1" 200 36959
152.203.237.148 - - [07/Aug/2023:20:08:45 -0500] "GET /sipse/imagenes/logoAplicacion.jpg HTTP/1.1" 200 155084
152.203.237.148 - - [07/Aug/2023:20:08:49 -0500] "GET /sipse/faces/javax.faces.resource/images/ui-bg_flat_0_2d5972_40x100.png?ln=primefaces-aristo HTTP/1.1" 304 -
152.203.237.148 - - [07/Aug/2023:20:08:49 -0500] "POST /sipse/faces/bienvenido.xhtml HTTP/1.1" 200 2658
152.203.237.148 - - [07/Aug/2023:20:08:51 -0500] "POST /sipse/faces/bienvenido.xhtml HTTP/1.1" 200 65254
152.203.237.148 - - [07/Aug/2023:20:08:52 -0500] "GET /sipse/faces/javax.faces.resource/theme.css?ln=primefaces-sipse HTTP/1.1" 304 -
152.203.237.148 - - [07/Aug/2023:20:08:52 -0500] "GET /sipse/faces/javax.faces.resource/primefaces.css?ln=primefaces&v=4.0 HTTP/1.1" 304 -
152.203.237.148 - - [07/Aug/2023:20:08:52 -0500] "GET /sipse/faces/javax.faces.resource/layout/layout.css?ln=primefaces&v=4.0 HTTP/1.1" 304 -
152.203.237.148 - - [07/Aug/2023:20:08:52 -0500] "GET /sipse/faces/javax.faces.resource/jquery/jquery.js?ln=primefaces&v=4.0 HTTP/1.1" 304 -
152.203.237.148 - - [07/Aug/2023:20:08:52 -0500] "GET /sipse/faces/javax.faces.resource/jquery/jquery-plugins.js?ln=primefaces&v=4.0 HTTP/1.1" 304 -
152.203.237.148 - - [07/Aug/2023:20:08:52 -0500] "GET /sipse/faces/javax.faces.resource/primefaces.js?ln=primefaces&v=4.0 HTTP/1.1" 304 -
152.203.237.148 - - [07/Aug/2023:20:08:52 -0500] "GET /sipse/faces/javax.faces.resource/layout/layout.js?ln=primefaces&v=4.0 HTTP/1.1" 304 -
152.203.237.148 - - [07/Aug/2023:20:08:52 -0500] "GET /sipse/faces/javax.faces.resource/images/ui-icons_898989_256x240.png?ln=primefaces-aristo HTTP/1.1" 304 -
152.203.237.148 - - [07/Aug/2023:20:08:52 -0500] "POST /sipse/faces/presentacion/financiero/solicitudProceso/listarSolicitudProceso.xhtml HTTP/1.1" 200 1556
152.203.237.148 - - [07/Aug/2023:20:08:56 -0500] "POST /sipse/faces/presentacion/financiero/solicitudProceso/listarSolicitudProceso.xhtml HTTP/1.1" 200 17622
152.203.237.148 - - [07/Aug/2023:20:09:04 -0500] "POST /sipse/faces/presentacion/financiero/solicitudProceso/listarSolicitudProceso.xhtml HTTP/1.1" 200 29635
152.203.237.148 - - [07/Aug/2023:20:09:04 -0500] "POST /sipse/faces/presentacion/financiero/solicitudProceso/listarSolicitudProceso.xhtml HTTP/1.1" 200 29651
152.203.237.148 - - [07/Aug/2023:20:09:04 -0500] "POST /sipse/faces/presentacion/financiero/solicitudProceso/listarSolicitudProceso.xhtml HTTP/1.1" 200 29631
152.203.237.148 - - [07/Aug/2023:20:09:07 -0500] "POST /sipse/faces/presentacion/financiero/solicitudProceso/listarSolicitudProceso.xhtml HTTP/1.1" 200 44381
152.203.237.148 - - [07/Aug/2023:20:09:08 -0500] "POST /sipse/faces/presentacion/financiero/solicitudProceso/listarSolicitudProceso.xhtml HTTP/1.1" 200 44361
152.203.237.148 - - [07/Aug/2023:20:09:09 -0500] "POST /sipse/faces/presentacion/financiero/solicitudProceso/listarSolicitudProceso.xhtml HTTP/1.1" 200 44749
216.245.221.92 - - [07/Aug/2023:20:09:17 -0500] "HEAD / HTTP/1.1" 200 -
40.77.167.113 - - [07/Aug/2023:20:09:20 -0500] "GET /forest/ HTTP/1.1" 200 12041
172.22.2.4 - - [07/Aug/2023:20:08:00 -0500] "HEAD /BLA/boletinlegal/ HTTP/1.1" 200 -
152.203.237.148 - - [07/Aug/2023:20:09:41 -0500] "POST /sipse/faces/presentacion/financiero/solicitudProceso/listarSolicitudProceso.xhtml HTTP/1.1" 200 41181
152.203.237.148 - - [07/Aug/2023:20:09:42 -0500] "POST /sipse/faces/presentacion/financiero/solicitudProceso/listarSolicitudProceso.xhtml HTTP/1.1" 200 17583
172.22.2.4 - - [07/Aug/2023:20:08:50 -0500] "GET /BLA/boletinlegal/ HTTP/1.1" 200 61035
186.155.111.61 - - [07/Aug/2023:20:10:53 -0500] "GET /BLA/resoluciones/ HTTP/1.1" 200 13502
186.155.111.61 - - [07/Aug/2023:20:10:53 -0500] "GET /BLA/resoluciones/dlf/styles.css HTTP/1.1" 200 3049
186.155.111.61 - - [07/Aug/2023:20:10:53 -0500] "GET /BLA/resoluciones/dlf/folder.png HTTP/1.1" 200 410
186.155.111.61 - - [07/Aug/2023:20:10:53 -0500] "GET /BLA/resoluciones/dlf/bg.gif HTTP/1.1" 200 54
186.155.111.61 - - [07/Aug/2023:20:10:53 -0500] "GET /favicon.ico HTTP/1.1" 200 7782
172.22.2.4 - - [07/Aug/2023:20:11:35 -0500] "GET /BLA/boletinlegal/Circulares/2013/Circular%20No.%206%20del%2019%20de%20julio%20de%202013.pdf HTTP/1.1" 200 4210437
201.245.192.253 - - [07/Aug/2023:20:12:31 -0500] "POST /kwsrmcab/Wsrmcab  HTTP/1.1" 200 42098
181.61.204.4 - - [07/Aug/2023:20:13:38 -0500] "GET /BLA/boletinlegal/js/jquery.scrollShow.js HTTP/1.1" 200 4586
181.61.204.4 - - [07/Aug/2023:20:13:38 -0500] "GET /galeria/galeria/jquery.fancybox.css?v=2.1.5 HTTP/1.1" 200 4895
181.61.204.4 - - [07/Aug/2023:20:13:38 -0500] "GET /galeria/galeria/jquery.fancybox.js?v=2.1.5 HTTP/1.1" 200 48706
216.245.221.92 - - [07/Aug/2023:20:14:17 -0500] "HEAD / HTTP/1.1" 200 -
54.242.23.242 - - [07/Aug/2023:20:14:29 -0500] "GET /galeria/galeria/fotos/Humedal-techo1P.jpg HTTP/1.1" 200 33428
172.22.2.4 - - [07/Aug/2023:20:15:18 -0500] "GET /BLA/boletinlegal/consulta_conceptos.php?no=&solicitante=&radicado_entrada=&fecha_concepto=2023&objeto= HTTP/1.1" 200 16525
172.22.2.4 - - [07/Aug/2023:20:15:18 -0500] "GET /BLA/boletinlegal/images/pdf.gif HTTP/1.1" 200 567
172.22.2.4 - - [07/Aug/2023:20:15:18 -0500] "GET /BLA/boletinlegal/images/background.gif HTTP/1.1" 200 -
172.22.2.4 - - [07/Aug/2023:20:13:50 -0500] "HEAD /BLA/boletinlegal/ HTTP/1.1" 200 -
172.22.2.4 - - [07/Aug/2023:20:14:41 -0500] "GET /BLA/boletinlegal/ HTTP/1.1" 200 52495
201.245.192.253 - - [07/Aug/2023:20:17:30 -0500] "POST /kwsrmcab/Wsrmcab  HTTP/1.1" 200 42098
216.245.221.92 - - [07/Aug/2023:20:19:17 -0500] "HEAD / HTTP/1.1" 200 -
201.245.192.253 - - [07/Aug/2023:20:19:23 -0500] "POST /kwsrmcab/Wsrmcab HTTP/1.1" 200 43982
201.245.192.253 - - [07/Aug/2023:20:19:26 -0500] "POST /kwsrmcab/Wsrmcab HTTP/1.1" 200 44465
172.22.2.4 - - [07/Aug/2023:20:19:40 -0500] "HEAD /BLA/boletinlegal/ HTTP/1.1" 200 -
52.167.144.33 - - [07/Aug/2023:20:22:07 -0500] "GET /BLA/resoluciones/AUTOS%202022/0506.pdf HTTP/1.1" 304 -
172.22.2.4 - - [07/Aug/2023:20:20:30 -0500] "GET /BLA/boletinlegal/ HTTP/1.1" 200 56816
172.22.2.4 - - [07/Aug/2023:20:22:29 -0500] "GET /BLA/boletinlegal/Circulares/2022/CIRCULAR%20No.%2000009%20DEL%2010%20DE%20OCTUBRE%20DEL%202022.pdf HTTP/1.1" 304 -
201.245.192.253 - - [07/Aug/2023:20:22:29 -0500] "POST /kwsrmcab/Wsrmcab  HTTP/1.1" 200 42098
186.145.92.40 - - [07/Aug/2023:20:24:01 -0500] "GET /BLA/boletinlegal/js/jquery.scrollShow.js HTTP/1.1" 200 4586
186.145.92.40 - - [07/Aug/2023:20:24:01 -0500] "GET /galeria/galeria/jquery.fancybox.css?v=2.1.5 HTTP/1.1" 200 4895
186.145.92.40 - - [07/Aug/2023:20:24:01 -0500] "GET /galeria/galeria/jquery.fancybox.js?v=2.1.5 HTTP/1.1" 200 48706
216.245.221.92 - - [07/Aug/2023:20:24:17 -0500] "HEAD / HTTP/1.1" 200 -
172.22.2.4 - - [07/Aug/2023:20:23:59 -0500] "GET /BLA/boletinlegal/ HTTP/1.1" 200 24523
172.22.2.4 - - [07/Aug/2023:20:25:30 -0500] "HEAD /BLA/boletinlegal/ HTTP/1.1" 200 -
201.245.192.253 - - [07/Aug/2023:20:27:28 -0500] "POST /kwsrmcab/Wsrmcab  HTTP/1.1" 200 42098
172.22.2.4 - - [07/Aug/2023:20:26:21 -0500] "GET /BLA/boletinlegal/ HTTP/1.1" 200 52495
216.245.221.92 - - [07/Aug/2023:20:29:17 -0500] "HEAD / HTTP/1.1" 200 -
201.245.192.253 - - [07/Aug/2023:20:29:22 -0500] "POST /kwsrmcab/Wsrmcab HTTP/1.1" 200 43982
201.245.192.253 - - [07/Aug/2023:20:29:26 -0500] "POST /kwsrmcab/Wsrmcab HTTP/1.1" 200 44465
66.249.66.165 - - [07/Aug/2023:20:30:26 -0500] "GET /robots.txt HTTP/1.1" 404 1035
66.249.66.167 - - [07/Aug/2023:20:30:26 -0500] "GET /portaldeninos/ HTTP/1.1" 200 110197
66.249.66.165 - - [07/Aug/2023:20:30:29 -0500] "GET /portaldeninos/wp-includes/js/jquery/ui/mouse.min.js?ver=1.11.4 HTTP/1.1" 200 3148
162.55.35.116 - - [07/Aug/2023:20:32:25 -0500] "GET / HTTP/1.1" 200 319
201.245.192.253 - - [07/Aug/2023:20:32:26 -0500] "POST /kwsrmcab/Wsrmcab  HTTP/1.1" 200 42098
190.27.105.67 - - [07/Aug/2023:20:32:46 -0500] "GET /forest/ HTTP/1.1" 200 12041
190.27.105.67 - - [07/Aug/2023:20:32:52 -0500] "POST /forest/index.php HTTP/1.1" 200 12268
172.22.2.4 - - [07/Aug/2023:20:31:20 -0500] "HEAD /BLA/boletinlegal/ HTTP/1.1" 200 -
66.249.70.196 - - [07/Aug/2023:20:33:00 -0500] "GET /BLA/resoluciones/AUTOS%202014/5037.pdf HTTP/1.1" 200 434639
186.84.20.10 - - [07/Aug/2023:20:33:47 -0500] "GET /sipse/faces/presentacion/sistema/reporte/listarReportes.xhtml HTTP/1.1" 302 -
186.84.20.10 - - [07/Aug/2023:20:33:47 -0500] "GET /sipse/faces/autenticacion.xhtml HTTP/1.1" 200 12169
186.84.20.10 - - [07/Aug/2023:20:33:47 -0500] "GET /sipse/faces/javax.faces.resource/primefaces.css?ln=primefaces&v=4.0 HTTP/1.1" 304 -
186.84.20.10 - - [07/Aug/2023:20:33:47 -0500] "GET /sipse/js/disable_browser_buttons.js HTTP/1.1" 200 3230
186.84.20.10 - - [07/Aug/2023:20:33:47 -0500] "GET /sipse/css/custom_css_sg_prime_login.css HTTP/1.1" 200 443
186.84.20.10 - - [07/Aug/2023:20:33:47 -0500] "GET /sipse/css/custom_css_sg.css HTTP/1.1" 200 9694
186.84.20.10 - - [07/Aug/2023:20:33:47 -0500] "GET /sipse/faces/javax.faces.resource/theme.css?ln=primefaces-sipse HTTP/1.1" 304 -
186.84.20.10 - - [07/Aug/2023:20:33:47 -0500] "GET /sipse/js/funciones.js HTTP/1.1" 200 12592
186.84.20.10 - - [07/Aug/2023:20:33:47 -0500] "GET /sipse/faces/javax.faces.resource/layout/layout.css?ln=primefaces&v=4.0 HTTP/1.1" 304 -
186.84.20.10 - - [07/Aug/2023:20:33:47 -0500] "GET /sipse/faces/javax.faces.resource/primefaces.js?ln=primefaces&v=4.0 HTTP/1.1" 304 -
186.84.20.10 - - [07/Aug/2023:20:33:47 -0500] "GET /sipse/faces/javax.faces.resource/jquery/jquery-plugins.js?ln=primefaces&v=4.0 HTTP/1.1" 304 -
186.84.20.10 - - [07/Aug/2023:20:33:47 -0500] "GET /sipse/faces/javax.faces.resource/jquery/jquery.js?ln=primefaces&v=4.0 HTTP/1.1" 304 -
186.84.20.10 - - [07/Aug/2023:20:33:47 -0500] "GET /sipse/faces/javax.faces.resource/layout/layout.js?ln=primefaces&v=4.0 HTTP/1.1" 304 -
186.84.20.10 - - [07/Aug/2023:20:33:47 -0500] "GET /sipse/faces/javax.faces.resource/images/ui-icons_898989_256x240.png?ln=primefaces-aristo HTTP/1.1" 200 5355
186.84.20.10 - - [07/Aug/2023:20:33:47 -0500] "GET /sipse/css/imagen/loginimg.png HTTP/1.1" 200 71635
186.84.20.10 - - [07/Aug/2023:20:33:47 -0500] "GET /sipse/css/imagen/logoSDG.png HTTP/1.1" 200 53064
186.84.20.10 - - [07/Aug/2023:20:33:47 -0500] "GET /sipse/faces/index.xhtml HTTP/1.1" 200 677
186.84.20.10 - - [07/Aug/2023:20:33:47 -0500] "GET /sipse/faces/javax.faces.resource/theme.css?ln=primefaces-sipse HTTP/1.1" 304 -
186.84.20.10 - - [07/Aug/2023:20:33:47 -0500] "GET /sipse/faces/faces/autenticacion.xhtml HTTP/1.1" 200 12169
186.84.20.10 - - [07/Aug/2023:20:33:47 -0500] "GET /sipse/faces/javax.faces.resource/theme.css?ln=primefaces-sipse HTTP/1.1" 304 -
186.84.20.10 - - [07/Aug/2023:20:33:47 -0500] "GET /sipse/faces/javax.faces.resource/primefaces.css?ln=primefaces&v=4.0 HTTP/1.1" 304 -
186.84.20.10 - - [07/Aug/2023:20:33:47 -0500] "GET /sipse/faces/javax.faces.resource/layout/layout.css?ln=primefaces&v=4.0 HTTP/1.1" 304 -
186.84.20.10 - - [07/Aug/2023:20:33:47 -0500] "GET /sipse/faces/javax.faces.resource/jquery/jquery.js?ln=primefaces&v=4.0 HTTP/1.1" 304 -
186.84.20.10 - - [07/Aug/2023:20:33:47 -0500] "GET /sipse/faces/javax.faces.resource/primefaces.js?ln=primefaces&v=4.0 HTTP/1.1" 304 -
186.84.20.10 - - [07/Aug/2023:20:33:47 -0500] "GET /sipse/faces/javax.faces.resource/jquery/jquery-plugins.js?ln=primefaces&v=4.0 HTTP/1.1" 304 -
186.84.20.10 - - [07/Aug/2023:20:33:47 -0500] "GET /sipse/faces/javax.faces.resource/layout/layout.js?ln=primefaces&v=4.0 HTTP/1.1" 304 -
186.84.20.10 - - [07/Aug/2023:20:33:47 -0500] "GET /sipse/faces/javax.faces.resource/images/ui-icons_898989_256x240.png?ln=primefaces-aristo HTTP/1.1" 304 -
172.22.2.4 - - [07/Aug/2023:20:32:11 -0500] "GET /BLA/boletinlegal/ HTTP/1.1" 200 58825
216.245.221.92 - - [07/Aug/2023:20:34:17 -0500] "HEAD / HTTP/1.1" 200 -
172.22.2.4 - - [07/Aug/2023:20:33:08 -0500] "GET /BLA/boletinlegal/ HTTP/1.1" 200 61035
172.22.2.4 - - [07/Aug/2023:20:35:43 -0500] "GET /BLA/boletinlegal/actos.php HTTP/1.1" 200 9682
128.14.136.18 - - [07/Aug/2023:20:36:30 -0500] "GET / HTTP/1.1" 200 319
172.22.2.4 - - [07/Aug/2023:20:37:05 -0500] "GET /BLA/boletinlegal/Circulares/2019/.pdf HTTP/1.1" 404 1218
172.22.2.4 - - [07/Aug/2023:20:37:13 -0500] "GET /BLA/boletinlegal/Circulares/2012/Circular%20No.%2010%20del%2026%20de%20Enero%20de%202012.pdf HTTP/1.1" 404 1218
201.245.192.253 - - [07/Aug/2023:20:37:24 -0500] "POST /kwsrmcab/Wsrmcab  HTTP/1.1" 200 42098
172.22.2.4 - - [07/Aug/2023:20:37:10 -0500] "HEAD /BLA/boletinlegal/ HTTP/1.1" 200 -
66.249.70.198 - - [07/Aug/2023:20:38:53 -0500] "GET /BLA/resoluciones/AUTOS%202014/3006.pdf HTTP/1.1" 200 463066
216.245.221.92 - - [07/Aug/2023:20:39:17 -0500] "HEAD / HTTP/1.1" 200 -
201.245.192.253 - - [07/Aug/2023:20:39:23 -0500] "POST /kwsrmcab/Wsrmcab HTTP/1.1" 200 43982
201.245.192.253 - - [07/Aug/2023:20:39:26 -0500] "POST /kwsrmcab/Wsrmcab HTTP/1.1" 200 44465
52.167.144.76 - - [07/Aug/2023:20:39:40 -0500] "GET /Publicaciones/2023EE136804.pdf HTTP/1.1" 404 228
172.22.2.4 - - [07/Aug/2023:20:38:00 -0500] "GET /BLA/boletinlegal/ HTTP/1.1" 200 60612
66.249.70.196 - - [07/Aug/2023:20:42:25 -0500] "GET /BLA/resoluciones/AUTOS%202014/0921.pdf HTTP/1.1" 200 659593
176.58.115.152 - - [07/Aug/2023:20:42:25 -0500] "POST /wsman HTTP/1.1" 404 1018
201.245.192.253 - - [07/Aug/2023:20:42:24 -0500] "POST /kwsrmcab/Wsrmcab  HTTP/1.1" 200 42098
172.105.112.96 - - [07/Aug/2023:20:42:26 -0500] "GET / HTTP/1.1" 200 319
143.198.48.51 - - [07/Aug/2023:20:42:26 -0500] "GET /api/sonicos/tfa HTTP/1.1" 404 1018
143.198.48.51 - - [07/Aug/2023:20:42:26 -0500] "GET /sslvpnLogin.html HTTP/1.1" 404 1018
143.198.48.51 - - [07/Aug/2023:20:42:26 -0500] "GET /auth.html HTTP/1.1" 404 1018
143.198.48.51 - - [07/Aug/2023:20:42:26 -0500] "GET /auth1.html HTTP/1.1" 404 1018
143.198.48.51 - - [07/Aug/2023:20:42:26 -0500] "GET / HTTP/1.1" 200 319
143.198.48.51 - - [07/Aug/2023:20:42:26 -0500] "GET /api/sonicos/auth HTTP/1.1" 404 1018
181.53.13.151 - - [07/Aug/2023:20:43:39 -0500] "GET /galeria/galeria/jquery.fancybox.css?v=2.1.5 HTTP/1.1" 200 4895
181.53.13.151 - - [07/Aug/2023:20:43:39 -0500] "GET /galeria/galeria/jquery.fancybox.js?v=2.1.5 HTTP/1.1" 200 48706
181.53.13.151 - - [07/Aug/2023:20:43:39 -0500] "GET /galeria/galeria/fotos/Capellania1P.jpg HTTP/1.1" 200 33952
181.53.13.151 - - [07/Aug/2023:20:43:39 -0500] "GET /galeria/galeria/fotos/Capellania2P.jpg HTTP/1.1" 200 35380
181.53.13.151 - - [07/Aug/2023:20:43:39 -0500] "GET /galeria/galeria/fotos/Capellania4P.jpg HTTP/1.1" 200 37377
181.53.13.151 - - [07/Aug/2023:20:43:39 -0500] "GET /galeria/galeria/fotos/Capellania3P.jpg HTTP/1.1" 200 34835
216.245.221.92 - - [07/Aug/2023:20:44:17 -0500] "HEAD / HTTP/1.1" 200 -
206.189.86.252 - - [07/Aug/2023:20:44:28 -0500] "GET / HTTP/1.1" 200 319
206.189.86.252 - - [07/Aug/2023:20:44:28 -0500] "GET /favicon.ico HTTP/1.1" 200 7782
172.22.2.4 - - [07/Aug/2023:20:43:00 -0500] "HEAD /BLA/boletinlegal/ HTTP/1.1" 200 -
66.249.70.198 - - [07/Aug/2023:20:44:50 -0500] "GET /BLA/resoluciones/AUTOS%202011/7276.pdf HTTP/1.1" 200 155796
172.22.2.4 - - [07/Aug/2023:20:45:00 -0500] "GET /BLA/boletinlegal/favicon.ico HTTP/1.1" 404 1018
172.22.2.4 - - [07/Aug/2023:20:43:50 -0500] "GET /BLA/boletinlegal/ HTTP/1.1" 200 40474
172.22.2.4 - - [07/Aug/2023:20:44:29 -0500] "GET /BLA/boletinlegal/ HTTP/1.1" 200 46920
66.249.70.198 - - [07/Aug/2023:20:46:10 -0500] "GET /BLA/resoluciones/AUTOS%202014/3396.pdf HTTP/1.1" 200 367309
66.249.70.198 - - [07/Aug/2023:20:46:10 -0500] "GET /BLA/resoluciones/RESOLUCIONES%202008/0744.pdf HTTP/1.1" 200 164365
172.22.2.4 - - [07/Aug/2023:20:44:48 -0500] "GET /BLA/boletinlegal/ HTTP/1.1" 200 51550
201.245.192.253 - - [07/Aug/2023:20:47:23 -0500] "POST /kwsrmcab/Wsrmcab  HTTP/1.1" 200 42098
186.28.197.26 - - [07/Aug/2023:20:48:38 -0500] "GET /BLA/resoluciones/AUTOS%202019/4471.pdf HTTP/1.1" 304 -
186.28.197.26 - - [07/Aug/2023:20:48:38 -0500] "GET /favicon.ico HTTP/1.1" 200 7782
66.249.70.196 - - [07/Aug/2023:20:48:59 -0500] "GET /sipse/faces/index.xhtml HTTP/1.1" 200 677
66.249.70.196 - - [07/Aug/2023:20:49:01 -0500] "GET /sipse/faces/javax.faces.resource/theme.css?ln=primefaces-sipse HTTP/1.1" 200 50058
162.221.192.26 - - [07/Aug/2023:20:49:05 -0500] "GET / HTTP/1.1" 200 319
186.28.197.26 - - [07/Aug/2023:20:49:07 -0500] "GET /BLA/resoluciones/index.php?dir=AUTOS+2020%2F HTTP/1.1" 200 329753
216.245.221.92 - - [07/Aug/2023:20:49:17 -0500] "HEAD / HTTP/1.1" 200 -
172.22.2.4 - - [07/Aug/2023:20:48:50 -0500] "HEAD /BLA/boletinlegal/ HTTP/1.1" 200 -
164.92.104.138 - - [07/Aug/2023:20:50:40 -0500] "GET / HTTP/1.0" 200 319
167.99.220.163 - - [07/Aug/2023:20:51:02 -0500] "GET / HTTP/1.0" 200 319
167.99.220.163 - - [07/Aug/2023:20:51:04 -0500] "Gh0st\xad" 400 226
167.99.220.163 - - [07/Aug/2023:20:51:08 -0500] "HELP" 501 953
167.99.220.163 - - [07/Aug/2023:20:51:08 -0500] "\x1b\x84\xd5\xb0]\xf4\xc4\x93\xc50\xc2X\x8c\xda\xb1\xd7\xac\xafn\x1d\xe1\x1e\x1a3*\x85\xb7\x1d'\xb1\xc9k\xbf\xf0\xbc" 501 953
167.99.220.163 - - [07/Aug/2023:20:51:10 -0500] "\x16\x03\x01" 400 226
167.99.220.163 - - [07/Aug/2023:20:51:12 -0500] "\xbd\xff\x9e\xffE\xff\x9e\xff\xbd\xff\x9e\xff\xa4\xff\x86\xff\xc4\xff\xbe\xff\xc7\xff\xdb\xff\xee\xffx\\d9\xff\xed\xff\xa4\xff\x9d\xff\xcf\xff\xd8\xff\xe5\xff\x04\xff\x12\xff0\xff\xb1\xff\xbd\xff\xe7\xff\xe2\xff\xdd\xff\xdc\xff\xde\xff\xc8\xff\xcc\xff\xbe\xff\xf8\xff&\xff\x01\xff\x0f\xff\xf5\xff\x06\xff\xff\xff\xf7\xff!\xff\xde\xff\x02\xff&\xff\x0c\xff\x01\xff\xf5\xff" 400 946
172.22.2.4 - - [07/Aug/2023:20:49:40 -0500] "GET /BLA/boletinlegal/ HTTP/1.1" 200 52855
66.249.70.198 - - [07/Aug/2023:20:52:09 -0500] "GET /sig/Gesti%C3%B3n%20Ambiental/126PM03-PR07.pdf HTTP/1.1" 200 320788
201.245.192.253 - - [07/Aug/2023:20:52:21 -0500] "POST /kwsrmcab/Wsrmcab  HTTP/1.1" 200 42098
40.77.167.113 - - [07/Aug/2023:20:52:44 -0500] "GET /forest/ HTTP/1.1" 200 12041
186.80.157.92 - - [07/Aug/2023:20:53:17 -0500] "GET /galeria/galeria/jquery.fancybox.css?v=2.1.5 HTTP/1.1" 200 4895
186.80.157.92 - - [07/Aug/2023:20:53:17 -0500] "GET /BLA/boletinlegal/js/jquery.scrollShow.js HTTP/1.1" 200 4586
186.80.157.92 - - [07/Aug/2023:20:53:17 -0500] "GET /galeria/galeria/jquery.fancybox.js?v=2.1.5 HTTP/1.1" 200 48706
162.55.43.55 - - [07/Aug/2023:20:54:04 -0500] "GET / HTTP/1.1" 200 319
216.245.221.92 - - [07/Aug/2023:20:54:17 -0500] "HEAD / HTTP/1.1" 200 -
173.252.107.113 - - [07/Aug/2023:20:54:43 -0500] "GET /ciudad-bolivar-recibe-la-feria-de-servicios.html HTTP/1.1" 200 726
172.22.2.4 - - [07/Aug/2023:20:54:40 -0500] "HEAD /BLA/boletinlegal/ HTTP/1.1" 200 -
