190.84.43.231 - - [07/Aug/2023:16:17:27 -0500] "GET /sipse/faces/javax.faces.resource/jquery/jquery-plugins.js?ln=primefaces&v=4.0 HTTP/1.1" 304 -
190.84.43.231 - - [07/Aug/2023:16:17:27 -0500] "GET /sipse/faces/javax.faces.resource/primefaces.js?ln=primefaces&v=4.0 HTTP/1.1" 304 -
190.84.43.231 - - [07/Aug/2023:16:17:27 -0500] "GET /sipse/faces/javax.faces.resource/layout/layout.js?ln=primefaces&v=4.0 HTTP/1.1" 304 -
190.84.43.231 - - [07/Aug/2023:16:17:27 -0500] "POST /sipse/faces/presentacion/financiero/solicitudProceso/listarSolicitudProceso.xhtml HTTP/1.1" 200 1436
190.84.43.231 - - [07/Aug/2023:16:17:58 -0500] "POST /sipse/faces/presentacion/financiero/solicitudProceso/listarSolicitudProceso.xhtml HTTP/1.1" 200 4560
190.84.43.231 - - [07/Aug/2023:16:17:59 -0500] "POST /sipse/faces/presentacion/financiero/solicitudProceso/listarSolicitudProceso.xhtml HTTP/1.1" 200 146935
190.84.43.231 - - [07/Aug/2023:16:17:59 -0500] "GET /sipse/faces/javax.faces.resource/theme.css?ln=primefaces-sipse HTTP/1.1" 304 -
190.84.43.231 - - [07/Aug/2023:16:17:59 -0500] "GET /sipse/faces/javax.faces.resource/primefaces.css?ln=primefaces&v=4.0 HTTP/1.1" 304 -
190.84.43.231 - - [07/Aug/2023:16:17:59 -0500] "GET /sipse/faces/javax.faces.resource/jquery/jquery.js?ln=primefaces&v=4.0 HTTP/1.1" 304 -
190.84.43.231 - - [07/Aug/2023:16:17:59 -0500] "GET /sipse/faces/javax.faces.resource/layout/layout.css?ln=primefaces&v=4.0 HTTP/1.1" 304 -
190.84.43.231 - - [07/Aug/2023:16:17:59 -0500] "GET /sipse/faces/javax.faces.resource/jquery/jquery-plugins.js?ln=primefaces&v=4.0 HTTP/1.1" 304 -
190.84.43.231 - - [07/Aug/2023:16:17:59 -0500] "GET /sipse/faces/javax.faces.resource/primefaces.js?ln=primefaces&v=4.0 HTTP/1.1" 304 -
190.84.43.231 - - [07/Aug/2023:16:17:59 -0500] "GET /sipse/faces/javax.faces.resource/layout/layout.js?ln=primefaces&v=4.0 HTTP/1.1" 304 -
190.84.43.231 - - [07/Aug/2023:16:18:03 -0500] "POST /sipse/faces/presentacion/financiero/solicitudProceso/consultarSolicitudProceso.xhtml HTTP/1.1" 200 5537
190.84.43.231 - - [07/Aug/2023:16:18:03 -0500] "GET /sipse/faces/javax.faces.resource/dynamiccontent.properties?ln=primefaces&pfdrid=XjOR5%2F%2FfPAZAuY9TpWQeCiM0BhlXxYRBGKi%2FQcXXfeA%3D&pfdrid_c=false HTTP/1.1" 200 120574
186.83.196.24 - - [07/Aug/2023:16:18:29 -0500] "GET /mesa/contrasena.pdf HTTP/1.1" 200 443199
201.245.192.253 - - [07/Aug/2023:16:18:36 -0500] "POST /kwsrmcab/Wsrmcab  HTTP/1.1" 200 42098
200.29.113.36 - - [07/Aug/2023:16:18:40 -0500] "GET /mesa/contrasena.pdf HTTP/1.1" 200 443199
216.245.221.92 - - [07/Aug/2023:16:19:17 -0500] "HEAD / HTTP/1.1" 200 -
201.245.192.253 - - [07/Aug/2023:16:19:24 -0500] "POST /kwsrmcab/Wsrmcab HTTP/1.1" 200 43474
201.245.192.253 - - [07/Aug/2023:16:19:27 -0500] "POST /kwsrmcab/Wsrmcab HTTP/1.1" 200 44663
40.77.167.113 - - [07/Aug/2023:16:19:57 -0500] "GET /bla/resoluciones/autos%202012/2903.pdf HTTP/1.1" 200 216567
190.84.43.231 - - [07/Aug/2023:16:18:10 -0500] "POST /sipse/faces/presentacion/financiero/solicitudProceso/consultarSolicitudProceso.xhtml HTTP/1.1" 200 35461
190.84.43.231 - - [07/Aug/2023:16:20:18 -0500] "GET /sipse/faces/javax.faces.resource/theme.css?ln=primefaces-sipse HTTP/1.1" 304 -
190.84.43.231 - - [07/Aug/2023:16:20:18 -0500] "GET /sipse/faces/javax.faces.resource/primefaces.css?ln=primefaces&v=4.0 HTTP/1.1" 304 -
190.84.43.231 - - [07/Aug/2023:16:20:18 -0500] "GET /sipse/faces/javax.faces.resource/layout/layout.css?ln=primefaces&v=4.0 HTTP/1.1" 304 -
190.84.43.231 - - [07/Aug/2023:16:20:18 -0500] "GET /sipse/faces/javax.faces.resource/jquery/jquery.js?ln=primefaces&v=4.0 HTTP/1.1" 304 -
190.84.43.231 - - [07/Aug/2023:16:20:18 -0500] "GET /sipse/faces/javax.faces.resource/jquery/jquery-plugins.js?ln=primefaces&v=4.0 HTTP/1.1" 304 -
190.84.43.231 - - [07/Aug/2023:16:20:18 -0500] "GET /sipse/faces/javax.faces.resource/primefaces.js?ln=primefaces&v=4.0 HTTP/1.1" 304 -
190.84.43.231 - - [07/Aug/2023:16:20:18 -0500] "GET /sipse/faces/javax.faces.resource/layout/layout.js?ln=primefaces&v=4.0 HTTP/1.1" 304 -
190.84.43.231 - - [07/Aug/2023:16:20:18 -0500] "POST /sipse/faces/presentacion/financiero/solicitudProceso/listarSolicitudProceso.xhtml HTTP/1.1" 200 1400
172.22.2.4 - - [07/Aug/2023:16:20:31 -0500] "HEAD /BLA/boletinlegal/ HTTP/1.1" 200 -
172.22.2.4 - - [07/Aug/2023:16:21:21 -0500] "GET /BLA/boletinlegal/ HTTP/1.1" 200 58079
201.245.192.253 - - [07/Aug/2023:16:23:36 -0500] "POST /kwsrmcab/Wsrmcab  HTTP/1.1" 200 42098
190.84.43.231 - - [07/Aug/2023:16:24:12 -0500] "POST /sipse/faces/presentacion/financiero/solicitudProceso/listarSolicitudProceso.xhtml HTTP/1.1" 200 7489
216.245.221.92 - - [07/Aug/2023:16:24:17 -0500] "HEAD / HTTP/1.1" 200 -
108.174.8.27 - - [07/Aug/2023:16:24:29 -0500] "GET /images/graduacion-mujeres-7-mayo.jpg HTTP/1.1" 200 24888
190.84.43.231 - - [07/Aug/2023:16:26:53 -0500] "POST /sipse/faces/presentacion/financiero/solicitudProceso/listarSolicitudProceso.xhtml HTTP/1.1" 200 147637
190.84.43.231 - - [07/Aug/2023:16:26:54 -0500] "GET /sipse/faces/javax.faces.resource/theme.css?ln=primefaces-sipse HTTP/1.1" 304 -
190.84.43.231 - - [07/Aug/2023:16:26:54 -0500] "GET /sipse/faces/javax.faces.resource/primefaces.css?ln=primefaces&v=4.0 HTTP/1.1" 304 -
190.84.43.231 - - [07/Aug/2023:16:26:54 -0500] "GET /sipse/css/imagen/contrasena.png HTTP/1.1" 404 383
190.84.43.231 - - [07/Aug/2023:16:26:54 -0500] "GET /sipse/faces/javax.faces.resource/jquery/jquery.js?ln=primefaces&v=4.0 HTTP/1.1" 304 -
190.84.43.231 - - [07/Aug/2023:16:26:54 -0500] "GET /sipse/faces/javax.faces.resource/layout/layout.css?ln=primefaces&v=4.0 HTTP/1.1" 304 -
190.84.43.231 - - [07/Aug/2023:16:26:54 -0500] "GET /sipse/faces/javax.faces.resource/jquery/jquery-plugins.js?ln=primefaces&v=4.0 HTTP/1.1" 304 -
190.84.43.231 - - [07/Aug/2023:16:26:54 -0500] "GET /sipse/faces/javax.faces.resource/primefaces.js?ln=primefaces&v=4.0 HTTP/1.1" 304 -
190.84.43.231 - - [07/Aug/2023:16:26:54 -0500] "GET /sipse/faces/javax.faces.resource/layout/layout.js?ln=primefaces&v=4.0 HTTP/1.1" 304 -
190.84.43.231 - - [07/Aug/2023:16:26:54 -0500] "GET /sipse/faces/javax.faces.resource/images/ui-icons_898989_256x240.png?ln=primefaces-aristo HTTP/1.1" 304 -
190.84.43.231 - - [07/Aug/2023:16:26:54 -0500] "GET /sipse/faces/javax.faces.resource/dynamiccontent.properties?ln=primefaces&pfdrid=XjOR5%2F%2FfPAZAuY9TpWQeCiM0BhlXxYRBGKi%2FQcXXfeA%3D&pfdrid_c=false HTTP/1.1" 500 383
172.22.2.4 - - [07/Aug/2023:16:27:11 -0500] "GET /BLA/boletinlegal/actos.php HTTP/1.1" 200 9682
172.22.2.4 - - [07/Aug/2023:16:27:11 -0500] "GET /BLA/boletinlegal/favicon.ico HTTP/1.1" 404 1326
173.252.95.9 - - [07/Aug/2023:16:27:13 -0500] "GET /images/cr\xc3\xb3nica-29-nov-1_optimized.jpeg HTTP/1.1" 404 1034
172.22.2.4 - - [07/Aug/2023:16:27:19 -0500] "GET /BLA/boletinlegal/consulta_actos.php?tipo=resoluciones&no=0075&usuario=&sector=&fecha=2023&resuelve= HTTP/1.1" 200 1090
191.156.147.110 - - [07/Aug/2023:16:27:22 -0500] "GET /BLA/resoluciones/RESOLUCIONES%202023/0075.pdf HTTP/1.1" 200 546139
191.156.149.174 - - [07/Aug/2023:16:27:22 -0500] "GET /favicon.ico HTTP/1.1" 200 7782
172.22.2.4 - - [07/Aug/2023:16:27:09 -0500] "GET /BLA/boletinlegal/ HTTP/1.1" 200 24523
172.22.2.4 - - [07/Aug/2023:16:26:20 -0500] "HEAD /BLA/boletinlegal/ HTTP/1.1" 200 -
172.22.2.4 - - [07/Aug/2023:16:28:10 -0500] "GET /BLA/boletinlegal/images/bg_top.jpg HTTP/1.1" 200 522
172.22.2.4 - - [07/Aug/2023:16:28:10 -0500] "GET /BLA/boletinlegal/images/menu_bg.jpg HTTP/1.1" 200 620
172.22.2.4 - - [07/Aug/2023:16:28:10 -0500] "GET /BLA/boletinlegal/images/text.jpg HTTP/1.1" 200 568
172.22.2.4 - - [07/Aug/2023:16:28:10 -0500] "GET /BLA/boletinlegal/images/hover.jpg HTTP/1.1" 200 640
172.22.2.4 - - [07/Aug/2023:16:28:10 -0500] "GET /BLA/boletinlegal/images/screen_2.png HTTP/1.1" 200 362502
172.22.2.4 - - [07/Aug/2023:16:28:10 -0500] "GET /BLA/boletinlegal/images/screen_3.png HTTP/1.1" 200 210620
172.22.2.4 - - [07/Aug/2023:16:28:10 -0500] "GET /BLA/boletinlegal/images/screen_5.png HTTP/1.1" 200 368876
172.22.2.4 - - [07/Aug/2023:16:28:10 -0500] "GET /BLA/boletinlegal/images/arr_r.jpg HTTP/1.1" 200 1998
173.252.83.1 - - [07/Aug/2023:16:28:19 -0500] "GET /images/avistamiento-aves.jpg HTTP/1.1" 200 104313
172.22.2.4 - - [07/Aug/2023:16:28:21 -0500] "GET /BLA/boletinlegal/images/pdf.gif HTTP/1.1" 200 567
173.252.83.116 - - [07/Aug/2023:16:28:22 -0500] "GET /images/Caminatas-ecologicas-julio.jpg HTTP/1.1" 200 480557
173.252.83.113 - - [07/Aug/2023:16:28:22 -0500] "GET /images/camino-guadalupe-aguanoso.jpg HTTP/1.1" 200 103489
173.252.83.119 - - [07/Aug/2023:16:28:22 -0500] "GET /images/construccion-sostenible-.jpg HTTP/1.1" 200 82949
52.167.144.33 - - [07/Aug/2023:16:28:26 -0500] "GET /BLA/resoluciones/AUTOS%202022/0443.pdf HTTP/1.1" 304 -
201.245.192.253 - - [07/Aug/2023:16:28:35 -0500] "POST /kwsrmcab/Wsrmcab  HTTP/1.1" 200 42098
172.22.2.4 - - [07/Aug/2023:16:27:11 -0500] "GET /BLA/boletinlegal/ HTTP/1.1" 200 48778
172.22.2.4 - - [07/Aug/2023:16:27:59 -0500] "GET /BLA/boletinlegal/ HTTP/1.1" 200 36811
216.245.221.92 - - [07/Aug/2023:16:29:17 -0500] "HEAD / HTTP/1.1" 200 -
40.77.167.1 - - [07/Aug/2023:16:29:21 -0500] "GET /forest/ HTTP/1.1" 200 12041
201.245.192.253 - - [07/Aug/2023:16:29:24 -0500] "POST /kwsrmcab/Wsrmcab HTTP/1.1" 200 43474
201.245.192.253 - - [07/Aug/2023:16:29:27 -0500] "POST /kwsrmcab/Wsrmcab HTTP/1.1" 200 44663
66.249.70.198 - - [07/Aug/2023:16:30:46 -0500] "GET /robots.txt HTTP/1.1" 404 1018
66.249.70.198 - - [07/Aug/2023:16:30:47 -0500] "GET /Publicaciones/2023EE168850.pdf HTTP/1.1" 200 1282785
66.249.70.196 - - [07/Aug/2023:16:31:30 -0500] "GET /BLA/resoluciones/AUTOS%202013/2758.pdf HTTP/1.1" 200 554123
201.245.192.253 - - [07/Aug/2023:16:33:33 -0500] "POST /kwsrmcab/Wsrmcab  HTTP/1.1" 200 42098
172.22.2.4 - - [07/Aug/2023:16:32:10 -0500] "HEAD /BLA/boletinlegal/ HTTP/1.1" 200 -
216.245.221.92 - - [07/Aug/2023:16:34:17 -0500] "HEAD / HTTP/1.1" 200 -
172.22.2.4 - - [07/Aug/2023:16:33:01 -0500] "GET /BLA/boletinlegal/ HTTP/1.1" 200 51550
172.22.2.4 - - [07/Aug/2023:16:33:20 -0500] "GET /BLA/boletinlegal/ HTTP/1.1" 200 52855
172.22.2.4 - - [07/Aug/2023:16:35:12 -0500] "GET /BLA/boletinlegal/consulta_actos.php?tipo=resoluciones&no=&usuario=&sector=INFRAESTRUCTURA&fecha=2020&resuelve= HTTP/1.1" 200 2074
172.22.2.4 - - [07/Aug/2023:16:35:24 -0500] "GET /BLA/boletinlegal/consulta_actos.php?tipo=resoluciones&no=&usuario=&sector=INFRAESTRUCTURA&fecha=2021&resuelve= HTTP/1.1" 200 1137
172.22.2.4 - - [07/Aug/2023:16:35:30 -0500] "GET /BLA/boletinlegal/consulta_actos.php?tipo=resoluciones&no=&usuario=&sector=INFRAESTRUCTURA&fecha=2022&resuelve= HTTP/1.1" 200 3303
172.22.2.4 - - [07/Aug/2023:16:35:40 -0500] "GET /BLA/boletinlegal/consulta_actos.php?tipo=resoluciones&no=&usuario=&sector=INFRAESTRUCTURA&fecha=2023&resuelve= HTTP/1.1" 200 13848
192.133.77.16 - - [07/Aug/2023:16:36:38 -0500] "GET /images/cr%C3%B3nica-29-nov-1_optimized.jpeg HTTP/1.1" 404 1034
172.22.2.4 - - [07/Aug/2023:16:37:13 -0500] "GET /BLA/boletinlegal/Circulares/2019/.pdf HTTP/1.1" 404 1218
201.245.192.253 - - [07/Aug/2023:16:38:31 -0500] "POST /kwsrmcab/Wsrmcab  HTTP/1.1" 200 42098
216.245.221.92 - - [07/Aug/2023:16:39:17 -0500] "HEAD / HTTP/1.1" 200 -
201.245.192.253 - - [07/Aug/2023:16:39:23 -0500] "POST /kwsrmcab/Wsrmcab HTTP/1.1" 200 43474
201.245.192.253 - - [07/Aug/2023:16:39:26 -0500] "POST /kwsrmcab/Wsrmcab HTTP/1.1" 200 44663
172.22.2.4 - - [07/Aug/2023:16:38:00 -0500] "HEAD /BLA/boletinlegal/ HTTP/1.1" 200 -
172.22.2.4 - - [07/Aug/2023:16:38:01 -0500] "GET /BLA/boletinlegal/ HTTP/1.1" 200 47717
35.233.62.116 - - [07/Aug/2023:16:40:05 -0500] "GET / HTTP/1.1" 200 319
172.22.2.4 - - [07/Aug/2023:16:38:51 -0500] "GET /BLA/boletinlegal/ HTTP/1.1" 200 52495
181.53.12.219 - - [07/Aug/2023:16:41:44 -0500] "GET /galeria/galeria/jquery.fancybox.css?v=2.1.5 HTTP/1.1" 200 4895
181.53.12.219 - - [07/Aug/2023:16:41:44 -0500] "GET /BLA/boletinlegal/js/jquery.scrollShow.js HTTP/1.1" 200 4586
181.53.12.219 - - [07/Aug/2023:16:41:44 -0500] "GET /galeria/galeria/jquery.fancybox.js?v=2.1.5 HTTP/1.1" 200 48706
51.159.194.199 - - [07/Aug/2023:16:42:28 -0500] "GET /cumpleanos-485-de-bogota-inscribete-a-las-jornadas-de-monitoreo-a-la-biodiversidad.html HTTP/1.1" 200 847
51.159.194.199 - - [07/Aug/2023:16:42:29 -0500] "GET /mujeres-lideran-estrategias-para-enfrentar-el-cambio-climatico-en-bogota.html HTTP/1.1" 200 876
51.159.195.16 - - [07/Aug/2023:16:42:30 -0500] "GET /varios-individuos-de-fauna-regresaron-a-la-libertad-en-el-dia-nacional-de-la-vida-silvestre.html HTTP/1.1" 200 870
51.159.194.199 - - [07/Aug/2023:16:42:31 -0500] "GET /carolina-urrutia-secretaria-de-ambiente-en-el-primer-seminario-iberoamericano-de-coberturas-vegetales-urbanas.html HTTP/1.1" 200 864
51.159.194.233 - - [07/Aug/2023:16:42:33 -0500] "GET /chapinero-reverdece-con-200-nuevos-arboles.html HTTP/1.1" 200 858
51.159.194.199 - - [07/Aug/2023:16:42:34 -0500] "GET /distrito-lamenta-incendio-en-humedal-tibanica-e-inicia-valoraciones-para-definir-el-proceso-de-recuperacion.html HTTP/1.1" 200 854
201.245.192.253 - - [07/Aug/2023:16:43:30 -0500] "POST /kwsrmcab/Wsrmcab  HTTP/1.1" 200 42098
216.245.221.92 - - [07/Aug/2023:16:44:17 -0500] "HEAD / HTTP/1.1" 200 -
199.16.157.181 - - [07/Aug/2023:16:44:29 -0500] "GET /si-tienes-ropa-y-calzado-que-ya-no-usas-aca-te-presentamos-seis-puntos-a-donde-los-puedes-llevar.html HTTP/1.1" 200 872
199.16.157.181 - - [07/Aug/2023:16:44:30 -0500] "GET /images/prendas-1_optimized.jpeg HTTP/1.1" 200 65869
192.168.171.105 - - [07/Aug/2023:16:45:14 -0500] "GET /BLA/boletinlegal/admin/index.php HTTP/1.1" 200 2324
192.168.171.105 - - [07/Aug/2023:16:45:14 -0500] "GET /BLA/boletinlegal/admin/index_files/style.css HTTP/1.1" 200 6223
192.168.171.105 - - [07/Aug/2023:16:45:14 -0500] "GET /BLA/boletinlegal/admin/images/bg.png HTTP/1.1" 200 332965
192.168.171.105 - - [07/Aug/2023:16:45:14 -0500] "GET /favicon.ico HTTP/1.1" 200 7782
192.168.171.105 - - [07/Aug/2023:16:45:18 -0500] "POST /BLA/boletinlegal/admin/usuarios/process.php HTTP/1.1" 302 -
192.168.171.105 - - [07/Aug/2023:16:45:18 -0500] "GET /BLA/boletinlegal/admin/index.php HTTP/1.1" 200 5692
192.168.171.105 - - [07/Aug/2023:16:45:30 -0500] "GET /BLA/boletinlegal/images/can.png HTTP/1.1" 200 37574
192.168.171.105 - - [07/Aug/2023:16:45:30 -0500] "GET /BLA/boletinlegal/admin/index_files/3_5.gif HTTP/1.1" 200 1633
192.168.171.105 - - [07/Aug/2023:16:45:30 -0500] "GET /BLA/boletinlegal/admin/index_files/7_1.gif HTTP/1.1" 200 1455
192.168.171.105 - - [07/Aug/2023:16:45:30 -0500] "GET /BLA/boletinlegal/admin/index_files/7_5.gif HTTP/1.1" 200 1565
192.168.171.105 - - [07/Aug/2023:16:45:30 -0500] "GET /BLA/boletinlegal/admin/index_files/header.png HTTP/1.1" 200 240212
192.168.171.105 - - [07/Aug/2023:16:45:30 -0500] "GET /BLA/boletinlegal/admin/index_files/2_2.gif HTTP/1.1" 200 1728
192.168.171.105 - - [07/Aug/2023:16:45:30 -0500] "GET /BLA/boletinlegal/admin/index_files/2_4.gif HTTP/1.1" 200 1763
192.168.171.105 - - [07/Aug/2023:16:45:30 -0500] "GET /BLA/boletinlegal/admin/index_files/index_files/tback.gif HTTP/1.1" 404 1322
172.22.2.4 - - [07/Aug/2023:16:43:50 -0500] "HEAD /BLA/boletinlegal/ HTTP/1.1" 200 -
3.83.4.147 - - [07/Aug/2023:16:45:47 -0500] "GET / HTTP/1.1" 200 319
192.168.171.105 - - [07/Aug/2023:16:46:06 -0500] "GET /BLA/boletinlegal/admin/actos/ingresar.php HTTP/1.1" 200 7209
192.168.171.105 - - [07/Aug/2023:16:46:06 -0500] "GET /BLA/boletinlegal/admin/js/jquery-1.3.1.min.js HTTP/1.1" 200 55272
192.168.171.105 - - [07/Aug/2023:16:46:06 -0500] "GET /BLA/boletinlegal/admin/js/nicEdit-latest.js HTTP/1.1" 200 38373
192.168.171.105 - - [07/Aug/2023:16:46:06 -0500] "GET /BLA/boletinlegal/admin/js/jquery.functions.js HTTP/1.1" 200 2317
192.168.171.105 - - [07/Aug/2023:16:46:06 -0500] "GET /BLA/boletinlegal/admin/css/default.css HTTP/1.1" 200 4379
192.168.171.105 - - [07/Aug/2023:16:46:06 -0500] "GET /BLA/boletinlegal/admin/img/h1.png HTTP/1.1" 200 3227
192.168.171.105 - - [07/Aug/2023:16:46:06 -0500] "GET /BLA/boletinlegal/admin/img/overlay.png HTTP/1.1" 200 984
192.168.171.105 - - [07/Aug/2023:16:46:08 -0500] "GET /BLA/boletinlegal/images/favicon.ico HTTP/1.1" 404 1316
172.22.2.4 - - [07/Aug/2023:16:44:41 -0500] "GET /BLA/boletinlegal/ HTTP/1.1" 200 52855
192.168.171.105 - - [07/Aug/2023:16:46:48 -0500] "POST /BLA/boletinlegal/admin/actos/ingresar.php HTTP/1.1" 200 7302
172.22.2.4 - - [07/Aug/2023:16:47:02 -0500] "GET /BLA/boletinlegal/consulta_actos.php?tipo=resoluciones&no=3977&usuario=&sector=&fecha=2022&resuelve= HTTP/1.1" 200 1106
172.22.2.4 - - [07/Aug/2023:16:47:02 -0500] "GET /BLA/boletinlegal/images/pdf.gif HTTP/1.1" 200 567
201.245.192.253 - - [07/Aug/2023:16:48:29 -0500] "POST /kwsrmcab/Wsrmcab  HTTP/1.1" 200 42098
216.245.221.92 - - [07/Aug/2023:16:49:17 -0500] "HEAD / HTTP/1.1" 200 -
40.77.167.113 - - [07/Aug/2023:16:49:20 -0500] "GET /forest/ HTTP/1.1" 200 12041
172.22.2.4 - - [07/Aug/2023:16:49:55 -0500] "GET /BLA/boletinlegal/jurisprudencia/analisis/AnalisisC-746-12.docx HTTP/1.1" 200 22637
66.249.70.198 - - [07/Aug/2023:16:50:58 -0500] "GET /BLA/resoluciones/AUTOS%202014/0942.pdf HTTP/1.1" 200 570667
172.22.2.4 - - [07/Aug/2023:16:49:40 -0500] "HEAD /BLA/boletinlegal/ HTTP/1.1" 200 -
172.22.2.4 - - [07/Aug/2023:16:51:42 -0500] "GET /BLA/boletinlegal/images/cabezote%20BLEGAL.jpg HTTP/1.1" 304 -
172.22.2.4 - - [07/Aug/2023:16:50:31 -0500] "GET /BLA/boletinlegal/ HTTP/1.1" 200 57272
172.22.2.4 - - [07/Aug/2023:16:53:15 -0500] "GET /BLA/boletinlegal/robots.txt HTTP/1.1" 404 1038
201.245.192.253 - - [07/Aug/2023:16:53:26 -0500] "POST /kwsrmcab/Wsrmcab  HTTP/1.1" 200 42098
190.27.105.67 - - [07/Aug/2023:16:53:45 -0500] "GET /forest/ HTTP/1.1" 200 12041
190.27.105.67 - - [07/Aug/2023:16:53:50 -0500] "POST /forest/index.php HTTP/1.1" 200 12268
216.245.221.92 - - [07/Aug/2023:16:54:17 -0500] "HEAD / HTTP/1.1" 200 -
172.22.2.4 - - [07/Aug/2023:16:55:30 -0500] "HEAD /BLA/boletinlegal/ HTTP/1.1" 200 -
172.22.2.4 - - [07/Aug/2023:16:56:23 -0500] "GET /BLA/boletinlegal/ HTTP/1.1" 200 60185
172.22.2.4 - - [07/Aug/2023:16:58:22 -0500] "GET /BLA/boletinlegal/style.css HTTP/1.1" 200 9406
172.22.2.4 - - [07/Aug/2023:16:58:22 -0500] "GET /BLA/boletinlegal/styles2.css HTTP/1.1" 200 1838
172.22.2.4 - - [07/Aug/2023:16:58:22 -0500] "GET /BLA/boletinlegal/js/jquery.js HTTP/1.1" 200 57254
172.22.2.4 - - [07/Aug/2023:16:58:22 -0500] "GET /BLA/boletinlegal/js/jquery.scrollTo-min.js HTTP/1.1" 200 1150
172.22.2.4 - - [07/Aug/2023:16:58:22 -0500] "GET /BLA/boletinlegal/js/jquery.scrollShow.js HTTP/1.1" 200 4586
172.22.2.4 - - [07/Aug/2023:16:58:22 -0500] "GET /BLA/boletinlegal/images/cabezote%20BLEGAL.jpg HTTP/1.1" 200 118164
172.22.2.4 - - [07/Aug/2023:16:58:22 -0500] "GET /BLA/boletinlegal/images/subscribe-icon-big.png HTTP/1.1" 200 47702
172.22.2.4 - - [07/Aug/2023:16:58:22 -0500] "GET /BLA/boletinlegal/images/historia.png HTTP/1.1" 200 52775
172.22.2.4 - - [07/Aug/2023:16:58:22 -0500] "GET /BLA/boletinlegal/images/arr_l.jpg HTTP/1.1" 200 1979
172.22.2.4 - - [07/Aug/2023:16:58:22 -0500] "GET /BLA/boletinlegal/images/registro-usuarios.png HTTP/1.1" 200 8106
172.22.2.4 - - [07/Aug/2023:16:58:22 -0500] "GET /BLA/boletinlegal/images/screen_1.png HTTP/1.1" 200 202547
172.22.2.4 - - [07/Aug/2023:16:58:22 -0500] "GET /BLA/boletinlegal/images/launch.jpg HTTP/1.1" 200 14577
172.22.2.4 - - [07/Aug/2023:16:58:22 -0500] "GET /BLA/boletinlegal/images/body_bg.jpg HTTP/1.1" 200 1601
172.22.2.4 - - [07/Aug/2023:16:58:22 -0500] "GET /BLA/boletinlegal/images/menu_lft.gif HTTP/1.1" 200 1713
172.22.2.4 - - [07/Aug/2023:16:58:22 -0500] "GET /BLA/boletinlegal/images/menu_rght.gif HTTP/1.1" 200 1627
172.22.2.4 - - [07/Aug/2023:16:58:22 -0500] "GET /BLA/boletinlegal/images/bg_top.jpg HTTP/1.1" 200 522
172.22.2.4 - - [07/Aug/2023:16:58:22 -0500] "GET /BLA/boletinlegal/images/menu_bg.jpg HTTP/1.1" 200 620
172.22.2.4 - - [07/Aug/2023:16:58:22 -0500] "GET /BLA/boletinlegal/images/hover.jpg HTTP/1.1" 200 640
172.22.2.4 - - [07/Aug/2023:16:58:22 -0500] "GET /BLA/boletinlegal/images/text.jpg HTTP/1.1" 200 568
201.245.192.253 - - [07/Aug/2023:16:58:25 -0500] "POST /kwsrmcab/Wsrmcab  HTTP/1.1" 200 42098
172.22.2.4 - - [07/Aug/2023:16:58:29 -0500] "GET /BLA/boletinlegal/images/screen_5.png HTTP/1.1" 200 368876
172.22.2.4 - - [07/Aug/2023:16:58:29 -0500] "GET /BLA/boletinlegal/images/screen_2.png HTTP/1.1" 200 362502
172.22.2.4 - - [07/Aug/2023:16:58:29 -0500] "GET /BLA/boletinlegal/images/screen_3.png HTTP/1.1" 200 210620
172.22.2.4 - - [07/Aug/2023:16:58:29 -0500] "GET /BLA/boletinlegal/images/footer_bg.jpg HTTP/1.1" 200 586
172.22.2.4 - - [07/Aug/2023:16:58:29 -0500] "GET /BLA/boletinlegal/images/arr_r.jpg HTTP/1.1" 200 1998
172.22.2.4 - - [07/Aug/2023:16:58:37 -0500] "GET /BLA/boletinlegal/images/pdf.gif HTTP/1.1" 200 567
172.22.2.4 - - [07/Aug/2023:16:58:37 -0500] "GET /BLA/boletinlegal/images/background.gif HTTP/1.1" 200 -
172.22.2.4 - - [07/Aug/2023:16:58:40 -0500] "GET /BLA/boletinlegal/documentos-importantes.php HTTP/1.1" 200 4829
172.22.2.4 - - [07/Aug/2023:16:58:40 -0500] "GET /BLA/boletinlegal/ajax.js HTTP/1.1" 200 577
172.22.2.4 - - [07/Aug/2023:16:58:40 -0500] "GET /BLA/boletinlegal/js/ajax_documentos.js HTTP/1.1" 200 1155
172.22.2.4 - - [07/Aug/2023:16:58:40 -0500] "GET /BLA/boletinlegal/niceforms-default.css HTTP/1.1" 200 6694
172.22.2.4 - - [07/Aug/2023:16:58:41 -0500] "GET /BLA/boletinlegal/niceforms.js HTTP/1.1" 200 22876
172.22.2.4 - - [07/Aug/2023:16:58:41 -0500] "GET /BLA/boletinlegal/images/footer_bg_l.jpg HTTP/1.1" 200 776
172.22.2.4 - - [07/Aug/2023:16:58:41 -0500] "GET /BLA/boletinlegal/images/nuevo.gif HTTP/1.1" 200 26475
172.22.2.4 - - [07/Aug/2023:16:58:41 -0500] "GET /BLA/boletinlegal/img/0.png HTTP/1.1" 200 110
172.22.2.4 - - [07/Aug/2023:16:58:41 -0500] "GET /BLA/boletinlegal/img/textarea-tl.png HTTP/1.1" 200 269
172.22.2.4 - - [07/Aug/2023:16:58:41 -0500] "GET /BLA/boletinlegal/img/textarea-r-off.png HTTP/1.1" 200 266
172.22.2.4 - - [07/Aug/2023:16:58:41 -0500] "GET /BLA/boletinlegal/img/textarea-tr.png HTTP/1.1" 200 488
172.22.2.4 - - [07/Aug/2023:16:58:41 -0500] "GET /BLA/boletinlegal/img/textarea-l-off.png HTTP/1.1" 200 168
172.22.2.4 - - [07/Aug/2023:16:58:41 -0500] "GET /BLA/boletinlegal/img/button.png HTTP/1.1" 200 43241
172.22.2.4 - - [07/Aug/2023:16:58:41 -0500] "GET /BLA/boletinlegal/img/textarea-br.png HTTP/1.1" 200 488
172.22.2.4 - - [07/Aug/2023:16:58:41 -0500] "GET /BLA/boletinlegal/img/button-left.png HTTP/1.1" 200 57071
172.22.2.4 - - [07/Aug/2023:16:58:41 -0500] "GET /BLA/boletinlegal/img/button-right.png HTTP/1.1" 200 57878
172.22.2.4 - - [07/Aug/2023:16:58:41 -0500] "GET /BLA/boletinlegal/img/textarea-bl.png HTTP/1.1" 200 265
172.22.2.4 - - [07/Aug/2023:16:58:41 -0500] "GET /BLA/boletinlegal/favicon.ico HTTP/1.1" 404 1360
172.22.2.4 - - [07/Aug/2023:16:58:44 -0500] "GET /BLA/boletinlegal/img/textarea-r-over.png HTTP/1.1" 200 270
172.22.2.4 - - [07/Aug/2023:16:58:44 -0500] "GET /BLA/boletinlegal/img/textarea-l-over.png HTTP/1.1" 200 167
172.22.2.4 - - [07/Aug/2023:16:58:47 -0500] "POST /BLA/boletinlegal/proc.php HTTP/1.1" 200 4819
172.22.2.4 - - [07/Aug/2023:16:58:53 -0500] "GET /BLA/boletinlegal/norma_menu.php HTTP/1.1" 200 6328
172.22.2.4 - - [07/Aug/2023:16:58:53 -0500] "GET /BLA/boletinlegal/js/ajax.js HTTP/1.1" 200 772
172.22.2.4 - - [07/Aug/2023:16:58:53 -0500] "GET /BLA/boletinlegal/swfobject.js HTTP/1.1" 200 9763
172.22.2.4 - - [07/Aug/2023:16:58:53 -0500] "GET /BLA/boletinlegal/js/lib.js HTTP/1.1" 200 6474
172.22.2.4 - - [07/Aug/2023:16:58:53 -0500] "GET /BLA/boletinlegal/js/popup.js HTTP/1.1" 200 1270
172.22.2.4 - - [07/Aug/2023:16:58:53 -0500] "GET /BLA/boletinlegal/js/jquery1.js HTTP/1.1" 200 29846
172.22.2.4 - - [07/Aug/2023:16:58:53 -0500] "GET /BLA/boletinlegal/images/signo-mas.gif HTTP/1.1" 200 13689
172.22.2.4 - - [07/Aug/2023:16:58:54 -0500] "GET /BLA/boletinlegal/images/signo-menos.gif HTTP/1.1" 200 13454
172.22.2.4 - - [07/Aug/2023:16:58:54 -0500] "GET /BLA/boletinlegal/images/tel.png HTTP/1.1" 200 14477
172.22.2.4 - - [07/Aug/2023:16:58:54 -0500] "GET /BLA/boletinlegal/images/icono-email.png HTTP/1.1" 200 5544
172.22.2.4 - - [07/Aug/2023:16:58:54 -0500] "GET /BLA/boletinlegal/images/img_3.jpg HTTP/1.1" 200 1841
172.22.2.4 - - [07/Aug/2023:16:58:57 -0500] "GET /BLA/boletinlegal/consulta.php?ordenar=mas HTTP/1.1" 200 251375
172.22.2.4 - - [07/Aug/2023:16:58:57 -0500] "GET /BLA/boletinlegal/images/docs.png HTTP/1.1" 200 10288
172.22.2.4 - - [07/Aug/2023:16:58:59 -0500] "GET /BLA/boletinlegal/consulta.php?ordenar=menos HTTP/1.1" 200 251375
172.22.2.4 - - [07/Aug/2023:16:59:03 -0500] "GET /BLA/boletinlegal/norma_menu.php HTTP/1.1" 200 6328
172.22.2.4 - - [07/Aug/2023:16:59:04 -0500] "GET /BLA/boletinlegal/norma_menu.php HTTP/1.1" 200 6328
172.22.2.4 - - [07/Aug/2023:16:58:22 -0500] "GET /BLA/boletinlegal/ HTTP/1.1" 200 36811
216.245.221.92 - - [07/Aug/2023:16:59:17 -0500] "HEAD / HTTP/1.1" 200 -
172.22.2.4 - - [07/Aug/2023:16:59:21 -0500] "GET /BLA/boletinlegal/actos.php HTTP/1.1" 200 9682
172.22.2.4 - - [07/Aug/2023:16:59:21 -0500] "GET /BLA/boletinlegal/js/ajax_actos.js HTTP/1.1" 200 1322
172.22.2.4 - - [07/Aug/2023:16:59:21 -0500] "GET /BLA/boletinlegal/images/green-yellow-blue-pink-th.png HTTP/1.1" 200 7394
172.22.2.4 - - [07/Aug/2023:16:59:21 -0500] "GET /BLA/boletinlegal/img/select-left.png HTTP/1.1" 200 263
172.22.2.4 - - [07/Aug/2023:16:59:21 -0500] "GET /BLA/boletinlegal/img/select-right.png HTTP/1.1" 200 44019
172.22.2.4 - - [07/Aug/2023:16:59:27 -0500] "GET /BLA/boletinlegal/normativa.php HTTP/1.1" 200 8343
172.22.2.4 - - [07/Aug/2023:16:59:27 -0500] "GET /BLA/boletinlegal/js/ajax_normativa.js HTTP/1.1" 200 1154
172.22.2.4 - - [07/Aug/2023:16:59:42 -0500] "GET /BLA/boletinlegal/consulta_normativa.php?tipo=Manual&sector=residuos&ano=&resuelve=residuos HTTP/1.1" 200 912
172.22.2.4 - - [07/Aug/2023:16:59:08 -0500] "GET /BLA/boletinlegal/ HTTP/1.1" 200 32715
172.22.2.4 - - [07/Aug/2023:16:59:26 -0500] "GET /BLA/boletinlegal/index.php HTTP/1.1" 200 24523
172.22.2.4 - - [07/Aug/2023:17:00:30 -0500] "GET /BLA/boletinlegal/consulta_normativa.php?tipo=Manual&sector=residuos&ano=&resuelve=residuos HTTP/1.1" 200 912
191.95.62.48 - - [07/Aug/2023:17:01:15 -0500] "GET /catalogoisis/ HTTP/1.1" 200 8575
191.95.62.48 - - [07/Aug/2023:17:01:17 -0500] "GET /catalogoisis/Css/Busqueda.css HTTP/1.1" 200 1995
191.95.62.48 - - [07/Aug/2023:17:01:17 -0500] "GET /catalogoisis/Js/AceptarLimpiar.js HTTP/1.1" 200 331
191.95.62.48 - - [07/Aug/2023:17:01:17 -0500] "GET /catalogoisis/Js/CriterioCombinada.js HTTP/1.1" 200 1843
191.95.62.48 - - [07/Aug/2023:17:01:17 -0500] "GET /catalogoisis/Js/LimpiarCombinada.js HTTP/1.1" 200 207
191.95.62.48 - - [07/Aug/2023:17:01:17 -0500] "GET /catalogoisis/Js/Remote.js HTTP/1.1" 200 436
191.95.62.48 - - [07/Aug/2023:17:01:17 -0500] "GET /catalogoisis/Js/Cookies.js HTTP/1.1" 200 1369
191.95.62.48 - - [07/Aug/2023:17:01:18 -0500] "GET /catalogoisis/Js/Numero.js HTTP/1.1" 200 398
191.95.62.48 - - [07/Aug/2023:17:01:18 -0500] "GET /catalogoisis/Js/Go.js HTTP/1.1" 200 364
191.95.62.48 - - [07/Aug/2023:17:01:18 -0500] "GET /catalogoisis/Js/Enter.js HTTP/1.1" 200 1208
191.95.62.48 - - [07/Aug/2023:17:01:18 -0500] "GET /catalogoisis/imagenes/br1c1.gif HTTP/1.1" 200 172
191.95.62.48 - - [07/Aug/2023:17:01:18 -0500] "GET /catalogoisis/imagenes/br1c3.gif HTTP/1.1" 200 302
191.95.62.48 - - [07/Aug/2023:17:01:18 -0500] "GET /catalogoisis/imagenes/Turnbo1.gif HTTP/1.1" 200 227
191.95.62.48 - - [07/Aug/2023:17:01:18 -0500] "GET /catalogoisis/imagenes/aceptar1.gif HTTP/1.1" 200 604
191.95.62.48 - - [07/Aug/2023:17:01:18 -0500] "GET /catalogoisis/imagenes/limpiar1.gif HTTP/1.1" 200 606
191.95.62.48 - - [07/Aug/2023:17:01:18 -0500] "GET /catalogoisis/imagenes/br3c1.gif HTTP/1.1" 200 177
191.95.62.48 - - [07/Aug/2023:17:01:18 -0500] "GET /catalogoisis/imagenes/br3c3.gif HTTP/1.1" 200 186
191.95.62.48 - - [07/Aug/2023:17:01:18 -0500] "GET /catalogoisis/imagenes/br1c2.gif HTTP/1.1" 200 297
191.95.62.48 - - [07/Aug/2023:17:01:18 -0500] "GET /catalogoisis/imagenes/br3c2.gif HTTP/1.1" 200 285
191.95.62.48 - - [07/Aug/2023:17:01:18 -0500] "GET /catalogoisis/imagenes/br2c1.gif HTTP/1.1" 200 297
191.95.62.48 - - [07/Aug/2023:17:01:19 -0500] "GET /catalogoisis/imagenes/br2c2.gif HTTP/1.1" 200 302
191.95.62.48 - - [07/Aug/2023:17:01:18 -0500] "GET /catalogoisis/imagenes/Header.gif HTTP/1.1" 200 30313
191.95.62.48 - - [07/Aug/2023:17:01:19 -0500] "GET /catalogoisis/imagenes/br2c3.gif HTTP/1.1" 200 416
191.95.62.48 - - [07/Aug/2023:17:01:19 -0500] "GET /favicon.ico HTTP/1.1" 200 7782
69.63.184.1 - - [07/Aug/2023:17:01:35 -0500] "GET /serpiente-sabanera-pone-huevos-en-area-protegida-de-bogota.html HTTP/1.1" 200 670
69.171.231.9 - - [07/Aug/2023:17:01:38 -0500] "GET /serpiente-sabanera-pone-huevos-en-area-protegida-de-bogota.html HTTP/1.1" 200 670
172.22.2.4 - - [07/Aug/2023:17:01:20 -0500] "HEAD /BLA/boletinlegal/ HTTP/1.1" 200 -
52.167.144.25 - - [07/Aug/2023:17:03:17 -0500] "GET /BLA/resoluciones/RESOLUCIONES%202022/0180.pdf HTTP/1.1" 304 -
201.245.192.253 - - [07/Aug/2023:17:03:23 -0500] "POST /kwsrmcab/Wsrmcab  HTTP/1.1" 200 42098
69.63.184.119 - - [07/Aug/2023:17:03:47 -0500] "GET /secretaria-de-ambiente-entrego-balance-de-su-gestion-en-2022-y-presento-los-retos-para-el-2023.html HTTP/1.1" 200 968
69.63.184.1 - - [07/Aug/2023:17:03:47 -0500] "GET /secretaria-de-ambiente-entrego-balance-de-su-gestion-en-2022-y-presento-los-retos-para-el-2023.html HTTP/1.1" 200 968
172.22.2.4 - - [07/Aug/2023:17:02:11 -0500] "GET /BLA/boletinlegal/ HTTP/1.1" 200 61035
216.245.221.92 - - [07/Aug/2023:17:04:17 -0500] "HEAD / HTTP/1.1" 200 -
172.22.2.4 - - [07/Aug/2023:17:04:47 -0500] "GET /BLA/boletinlegal/consulta_actos.php?tipo=resoluciones&no=1132&usuario=&sector=&fecha=2021&resuelve= HTTP/1.1" 200 1094
191.156.147.81 - - [07/Aug/2023:17:04:50 -0500] "GET /BLA/resoluciones/RESOLUCIONES%202021/1132.pdf HTTP/1.1" 200 453667
52.167.144.76 - - [07/Aug/2023:17:05:58 -0500] "GET /BLA/resoluciones/AUTOS%202022/2111.pdf HTTP/1.1" 304 -
66.249.70.196 - - [07/Aug/2023:17:06:22 -0500] "GET /siipev/Diseno%20de%20Elementos%20de%20Mobiliario%20Urbano/Otros%20Elementos/PARTE%20B/Dise%C3%B1o%20de%20Elementos%20M-82.pdf HTTP/1.1" 200 288038
190.159.184.39 - - [07/Aug/2023:17:07:04 -0500] "GET /BLA/resoluciones/ HTTP/1.1" 200 13502
190.159.184.39 - - [07/Aug/2023:17:07:06 -0500] "GET /BLA/resoluciones/index.php?dir=AUTOS+2023%2F HTTP/1.1" 200 207289
201.245.192.253 - - [07/Aug/2023:17:08:21 -0500] "POST /kwsrmcab/Wsrmcab  HTTP/1.1" 200 42098
172.22.2.4 - - [07/Aug/2023:17:07:10 -0500] "HEAD /BLA/boletinlegal/ HTTP/1.1" 200 -
216.245.221.92 - - [07/Aug/2023:17:09:17 -0500] "HEAD / HTTP/1.1" 200 -
172.22.2.4 - - [07/Aug/2023:17:08:01 -0500] "GET /BLA/boletinlegal/ HTTP/1.1" 200 58474
40.77.167.230 - - [07/Aug/2023:17:10:38 -0500] "GET /forest/ HTTP/1.1" 200 12041
69.63.184.7 - - [07/Aug/2023:17:10:53 -0500] "GET /operativo-de-control-y-sensibilizacion-para-verificar-la-correcta-disposicion-de-residuos-peligrosos-en-el-7-de-agosto.html HTTP/1.1" 200 1042
201.245.192.253 - - [07/Aug/2023:17:13:20 -0500] "POST /kwsrmcab/Wsrmcab  HTTP/1.1" 200 42098
216.245.221.92 - - [07/Aug/2023:17:14:17 -0500] "HEAD / HTTP/1.1" 200 -
172.22.2.4 - - [07/Aug/2023:17:13:00 -0500] "HEAD /BLA/boletinlegal/ HTTP/1.1" 200 -
172.22.2.4 - - [07/Aug/2023:17:13:51 -0500] "GET /BLA/boletinlegal/ HTTP/1.1" 200 58474
172.22.2.4 - - [07/Aug/2023:17:15:44 -0500] "GET /BLA/boletinlegal/ HTTP/1.1" 200 24523
66.249.70.198 - - [07/Aug/2023:17:18:13 -0500] "GET /BLA/resoluciones/RESOLUCIONES%202008/3425.pdf HTTP/1.1" 200 317625
201.245.192.253 - - [07/Aug/2023:17:18:19 -0500] "POST /kwsrmcab/Wsrmcab  HTTP/1.1" 200 42098
216.245.221.92 - - [07/Aug/2023:17:19:17 -0500] "HEAD / HTTP/1.1" 200 -
201.245.192.253 - - [07/Aug/2023:17:19:23 -0500] "POST /kwsrmcab/Wsrmcab HTTP/1.1" 200 43294
201.245.192.253 - - [07/Aug/2023:17:19:27 -0500] "POST /kwsrmcab/Wsrmcab HTTP/1.1" 200 44488
172.22.2.4 - - [07/Aug/2023:17:18:50 -0500] "HEAD /BLA/boletinlegal/ HTTP/1.1" 200 -
172.22.2.4 - - [07/Aug/2023:17:19:26 -0500] "GET /BLA/boletinlegal/ HTTP/1.1" 200 42626
66.249.70.196 - - [07/Aug/2023:17:21:08 -0500] "GET /BLA/resoluciones/AUTOS%202014/4020.pdf HTTP/1.1" 200 541642
172.22.2.4 - - [07/Aug/2023:17:19:41 -0500] "GET /BLA/boletinlegal/ HTTP/1.1" 200 43795
201.245.192.253 - - [07/Aug/2023:17:23:17 -0500] "POST /kwsrmcab/Wsrmcab  HTTP/1.1" 200 42098
216.245.221.92 - - [07/Aug/2023:17:24:17 -0500] "HEAD / HTTP/1.1" 200 -
66.249.70.198 - - [07/Aug/2023:17:25:18 -0500] "GET /BLA/resoluciones/AUTOS%202014/1835.pdf HTTP/1.1" 200 675190
66.249.70.196 - - [07/Aug/2023:17:25:34 -0500] "GET /BLA/resoluciones/RESOLUCIONES%202009/6068.pdf HTTP/1.1" 200 537357
172.22.2.4 - - [07/Aug/2023:17:24:40 -0500] "HEAD /BLA/boletinlegal/ HTTP/1.1" 200 -
172.22.2.4 - - [07/Aug/2023:17:25:31 -0500] "GET /BLA/boletinlegal/ HTTP/1.1" 200 58079
201.245.192.253 - - [07/Aug/2023:17:28:14 -0500] "POST /kwsrmcab/Wsrmcab  HTTP/1.1" 200 42098
181.59.3.217 - - [07/Aug/2023:17:28:50 -0500] "GET /galeria/galeria/jquery.fancybox.css?v=2.1.5 HTTP/1.1" 200 4895
181.59.3.217 - - [07/Aug/2023:17:28:50 -0500] "GET /BLA/boletinlegal/js/jquery.scrollShow.js HTTP/1.1" 200 4586
181.59.3.217 - - [07/Aug/2023:17:28:50 -0500] "GET /galeria/galeria/jquery.fancybox.js?v=2.1.5 HTTP/1.1" 200 48706
192.168.171.105 - - [07/Aug/2023:17:28:52 -0500] "POST /BLA/boletinlegal/admin/actos/ingresar.php HTTP/1.1" 200 7302
172.22.2.4 - - [07/Aug/2023:17:28:59 -0500] "GET /BLA/boletinlegal/consulta_actos.php?tipo=resoluciones&no=1280&usuario=&sector=&fecha=2022&resuelve= HTTP/1.1" 200 1106
216.245.221.92 - - [07/Aug/2023:17:29:17 -0500] "HEAD / HTTP/1.1" 200 -
201.245.192.253 - - [07/Aug/2023:17:29:24 -0500] "POST /kwsrmcab/Wsrmcab HTTP/1.1" 200 43294
201.245.192.253 - - [07/Aug/2023:17:29:27 -0500] "POST /kwsrmcab/Wsrmcab HTTP/1.1" 200 44488
66.249.70.197 - - [07/Aug/2023:17:30:55 -0500] "GET /BLA/resoluciones/AUTOS%202015/4416.pdf HTTP/1.1" 200 873411
172.22.2.4 - - [07/Aug/2023:17:30:30 -0500] "HEAD /BLA/boletinlegal/ HTTP/1.1" 200 -
172.22.2.4 - - [07/Aug/2023:17:31:21 -0500] "GET /BLA/boletinlegal/ HTTP/1.1" 200 60612
201.245.192.253 - - [07/Aug/2023:17:33:14 -0500] "POST /kwsrmcab/Wsrmcab  HTTP/1.1" 200 42098
216.245.221.92 - - [07/Aug/2023:17:34:17 -0500] "HEAD / HTTP/1.1" 200 -
172.22.2.4 - - [07/Aug/2023:17:34:52 -0500] "GET /BLA/boletinlegal/jurisprudencia/analisis/G__Jurisp.%20Junio%202014_ANALISIS%20JURISPRUDENCIA%20C-634-12%20DECOMISO.docx HTTP/1.1" 200 27045
66.249.70.198 - - [07/Aug/2023:17:35:27 -0500] "GET /BLA/resoluciones/AUTOS%202014/5769.pdf HTTP/1.1" 200 421011
172.22.2.4 - - [07/Aug/2023:17:34:24 -0500] "GET /BLA/boletinlegal/ HTTP/1.1" 200 62741
172.22.2.4 - - [07/Aug/2023:17:36:20 -0500] "HEAD /BLA/boletinlegal/ HTTP/1.1" 200 -
201.245.192.253 - - [07/Aug/2023:17:38:11 -0500] "POST /kwsrmcab/Wsrmcab  HTTP/1.1" 200 42098
172.22.2.4 - - [07/Aug/2023:17:38:26 -0500] "GET /BLA/boletinlegal/Circulares/2019/.pdf HTTP/1.1" 404 1218
172.22.2.4 - - [07/Aug/2023:17:38:34 -0500] "GET /BLA/boletinlegal/Circulares/2012/Circular%20No.%2010%20del%2026%20de%20Enero%20de%202012.pdf HTTP/1.1" 404 1218
172.22.2.4 - - [07/Aug/2023:17:37:11 -0500] "GET /BLA/boletinlegal/ HTTP/1.1" 200 58474
216.245.221.92 - - [07/Aug/2023:17:39:17 -0500] "HEAD / HTTP/1.1" 200 -
201.245.192.253 - - [07/Aug/2023:17:39:23 -0500] "POST /kwsrmcab/Wsrmcab HTTP/1.1" 200 43294
201.245.192.253 - - [07/Aug/2023:17:39:26 -0500] "POST /kwsrmcab/Wsrmcab HTTP/1.1" 200 44488
201.245.192.253 - - [07/Aug/2023:17:43:11 -0500] "POST /kwsrmcab/Wsrmcab  HTTP/1.1" 200 42098
172.22.2.4 - - [07/Aug/2023:17:42:10 -0500] "HEAD /BLA/boletinlegal/ HTTP/1.1" 200 -
216.245.221.92 - - [07/Aug/2023:17:44:17 -0500] "HEAD / HTTP/1.1" 200 -
172.22.2.4 - - [07/Aug/2023:17:43:01 -0500] "GET /BLA/boletinlegal/ HTTP/1.1" 200 60612
66.249.70.197 - - [07/Aug/2023:17:45:00 -0500] "GET /BLA/resoluciones/AUTOS%202013/1949.pdf HTTP/1.1" 200 416890
201.245.192.253 - - [07/Aug/2023:17:48:09 -0500] "POST /kwsrmcab/Wsrmcab  HTTP/1.1" 200 42098
66.249.70.196 - - [07/Aug/2023:17:48:56 -0500] "GET /BLA/resoluciones/Notificaciones/AUTOS%202023/2277.pdf HTTP/1.1" 304 -
66.249.70.196 - - [07/Aug/2023:17:48:57 -0500] "GET /Residuos/cosmeticos/files/guia_cosmeticos-aseo.pdf HTTP/1.1" 200 13926317
216.245.221.92 - - [07/Aug/2023:17:49:17 -0500] "HEAD / HTTP/1.1" 200 -
66.249.70.196 - - [07/Aug/2023:17:49:34 -0500] "GET /BLA/resoluciones/RESOLUCIONES%202009/5567.pdf HTTP/1.1" 200 679413
66.249.70.196 - - [07/Aug/2023:17:49:35 -0500] "GET /BLA/resoluciones/AUTOS%202015/6803.pdf HTTP/1.1" 200 478575
66.249.70.199 - - [07/Aug/2023:17:49:36 -0500] "GET /BLA/resoluciones/AUTOS%202008/3201.pdf HTTP/1.1" 200 261978
181.59.2.89 - - [07/Aug/2023:17:49:36 -0500] "GET /galeria/galeria/jquery.fancybox.css?v=2.1.5 HTTP/1.1" 200 4895
181.59.2.89 - - [07/Aug/2023:17:49:36 -0500] "GET /galeria/galeria/jquery.fancybox.js?v=2.1.5 HTTP/1.1" 200 48706
181.59.2.89 - - [07/Aug/2023:17:49:36 -0500] "GET /BLA/boletinlegal/js/jquery.scrollShow.js HTTP/1.1" 200 4586
66.249.70.197 - - [07/Aug/2023:17:49:37 -0500] "GET /BLA/resoluciones/AUTOS%202018/4059.pdf HTTP/1.1" 200 230791
66.249.70.200 - - [07/Aug/2023:17:49:38 -0500] "GET /BLA/resoluciones/RESOLUCIONES%202010/1944.pdf HTTP/1.1" 200 543185
66.249.70.201 - - [07/Aug/2023:17:49:40 -0500] "GET /BLA/resoluciones/AUTOS%202015/4720.pdf HTTP/1.1" 200 637154
172.22.2.4 - - [07/Aug/2023:17:48:00 -0500] "HEAD /BLA/boletinlegal/ HTTP/1.1" 200 -
172.22.2.4 - - [07/Aug/2023:17:48:51 -0500] "GET /BLA/boletinlegal/ HTTP/1.1" 200 52495
201.245.192.253 - - [07/Aug/2023:17:53:09 -0500] "POST /kwsrmcab/Wsrmcab  HTTP/1.1" 200 42098
216.245.221.92 - - [07/Aug/2023:17:54:17 -0500] "HEAD / HTTP/1.1" 200 -
172.22.2.4 - - [07/Aug/2023:17:55:08 -0500] "GET /BLA/boletinlegal/actos.php HTTP/1.1" 200 9682
172.22.2.4 - - [07/Aug/2023:17:55:08 -0500] "GET /BLA/boletinlegal/styles2.css HTTP/1.1" 200 1838
172.22.2.4 - - [07/Aug/2023:17:55:08 -0500] "GET /BLA/boletinlegal/niceforms-default.css HTTP/1.1" 200 6694
172.22.2.4 - - [07/Aug/2023:17:55:08 -0500] "GET /BLA/boletinlegal/style.css HTTP/1.1" 200 9406
172.22.2.4 - - [07/Aug/2023:17:55:08 -0500] "GET /BLA/boletinlegal/js/ajax_actos.js HTTP/1.1" 200 1322
172.22.2.4 - - [07/Aug/2023:17:55:08 -0500] "GET /BLA/boletinlegal/niceforms.js HTTP/1.1" 200 22876
172.22.2.4 - - [07/Aug/2023:17:55:08 -0500] "GET /BLA/boletinlegal/js/lib.js HTTP/1.1" 200 6474
172.22.2.4 - - [07/Aug/2023:17:55:08 -0500] "GET /BLA/boletinlegal/js/popup.js HTTP/1.1" 200 1270
172.22.2.4 - - [07/Aug/2023:17:55:08 -0500] "GET /BLA/boletinlegal/js/jquery1.js HTTP/1.1" 200 29846
172.22.2.4 - - [07/Aug/2023:17:55:08 -0500] "GET /BLA/boletinlegal/images/cabezote%20BLEGAL.jpg HTTP/1.1" 200 118164
172.22.2.4 - - [07/Aug/2023:17:55:08 -0500] "GET /BLA/boletinlegal/images/subscribe-icon-big.png HTTP/1.1" 200 47702
172.22.2.4 - - [07/Aug/2023:17:55:08 -0500] "GET /BLA/boletinlegal/images/historia.png HTTP/1.1" 200 52775
172.22.2.4 - - [07/Aug/2023:17:55:08 -0500] "GET /BLA/boletinlegal/images/registro-usuarios.png HTTP/1.1" 200 8106
172.22.2.4 - - [07/Aug/2023:17:55:08 -0500] "GET /BLA/boletinlegal/images/green-yellow-blue-pink-th.png HTTP/1.1" 200 7394
172.22.2.4 - - [07/Aug/2023:17:55:08 -0500] "GET /BLA/boletinlegal/images/tel.png HTTP/1.1" 200 14477
172.22.2.4 - - [07/Aug/2023:17:55:08 -0500] "GET /BLA/boletinlegal/images/icono-email.png HTTP/1.1" 200 5544
172.22.2.4 - - [07/Aug/2023:17:55:08 -0500] "GET /BLA/boletinlegal/images/body_bg.jpg HTTP/1.1" 200 1601
172.22.2.4 - - [07/Aug/2023:17:55:08 -0500] "GET /BLA/boletinlegal/images/menu_lft.gif HTTP/1.1" 200 1713
172.22.2.4 - - [07/Aug/2023:17:55:08 -0500] "GET /BLA/boletinlegal/images/bg_top.jpg HTTP/1.1" 200 522
172.22.2.4 - - [07/Aug/2023:17:55:08 -0500] "GET /BLA/boletinlegal/images/menu_rght.gif HTTP/1.1" 200 1627
172.22.2.4 - - [07/Aug/2023:17:55:08 -0500] "GET /BLA/boletinlegal/images/menu_bg.jpg HTTP/1.1" 200 620
172.22.2.4 - - [07/Aug/2023:17:55:08 -0500] "GET /BLA/boletinlegal/images/hover.jpg HTTP/1.1" 200 640
172.22.2.4 - - [07/Aug/2023:17:55:08 -0500] "GET /BLA/boletinlegal/images/text.jpg HTTP/1.1" 200 568
172.22.2.4 - - [07/Aug/2023:17:55:08 -0500] "GET /BLA/boletinlegal/images/footer_bg.jpg HTTP/1.1" 200 586
172.22.2.4 - - [07/Aug/2023:17:55:08 -0500] "GET /BLA/boletinlegal/images/footer_bg_l.jpg HTTP/1.1" 200 776
172.22.2.4 - - [07/Aug/2023:17:55:08 -0500] "GET /BLA/boletinlegal/img/0.png HTTP/1.1" 200 110
172.22.2.4 - - [07/Aug/2023:17:55:08 -0500] "GET /BLA/boletinlegal/img/select-left.png HTTP/1.1" 200 263
172.22.2.4 - - [07/Aug/2023:17:55:08 -0500] "GET /BLA/boletinlegal/img/select-right.png HTTP/1.1" 200 44019
172.22.2.4 - - [07/Aug/2023:17:55:08 -0500] "GET /BLA/boletinlegal/img/button-left.png HTTP/1.1" 200 57071
172.22.2.4 - - [07/Aug/2023:17:55:08 -0500] "GET /BLA/boletinlegal/img/button-right.png HTTP/1.1" 200 57878
172.22.2.4 - - [07/Aug/2023:17:55:08 -0500] "GET /BLA/boletinlegal/img/button.png HTTP/1.1" 200 43241
172.22.2.4 - - [07/Aug/2023:17:55:08 -0500] "GET /BLA/boletinlegal/favicon.ico HTTP/1.1" 404 1326
186.84.22.207 - - [07/Aug/2023:17:55:10 -0500] "GET /BLA/resoluciones/ HTTP/1.1" 200 13502
186.84.22.207 - - [07/Aug/2023:17:55:10 -0500] "GET /BLA/resoluciones/dlf/styles.css HTTP/1.1" 200 3049
186.84.22.207 - - [07/Aug/2023:17:55:10 -0500] "GET /BLA/resoluciones/dlf/folder.png HTTP/1.1" 200 410
186.84.22.207 - - [07/Aug/2023:17:55:10 -0500] "GET /BLA/resoluciones/dlf/bg.gif HTTP/1.1" 200 54
186.84.22.207 - - [07/Aug/2023:17:55:10 -0500] "GET /favicon.ico HTTP/1.1" 200 7782
186.84.22.207 - - [07/Aug/2023:17:55:27 -0500] "GET /BLA/resoluciones/dlf/dirup.png HTTP/1.1" 200 644
186.84.22.207 - - [07/Aug/2023:17:55:27 -0500] "GET /BLA/resoluciones/dlf/pdf.gif HTTP/1.1" 200 272
186.84.22.207 - - [07/Aug/2023:17:55:27 -0500] "GET /BLA/resoluciones/dlf/unknown.png HTTP/1.1" 200 266
186.84.22.207 - - [07/Aug/2023:17:55:26 -0500] "GET /BLA/resoluciones/index.php?dir=AUTOS+2015%2F HTTP/1.1" 200 583842
172.22.2.4 - - [07/Aug/2023:17:53:50 -0500] "HEAD /BLA/boletinlegal/ HTTP/1.1" 200 -
172.22.2.4 - - [07/Aug/2023:17:54:41 -0500] "GET /BLA/boletinlegal/ HTTP/1.1" 200 60612
186.29.158.219 - - [07/Aug/2023:17:57:49 -0500] "GET /kwssiamovil/sm/acme/a?s=U2FsdGVkX18wIkGxd3LRVCtsx2sL4uRqqI9NA4Qxawezu7sljjLN+0e3ddvzcy9vCsRaU2Uj7vgIgUAsQHkXnSiBrFO506EGgCYylrOzXtiVZRwWM/nYM8N/A5zQ8pO7Wd2UP1a8LsDlIsxgJG6UuaDzJB9sEY4pK/NSHdS6gQ0qs1Zsnw2dofjZF9CvitFBNlEdGAf77/iPHG3ca4VTdzYW6QsGfU+Xb39ogcKYxhstwv8NdMIfBdcH6FqmBBAELPC04fiXJslqGjbHRjTApA==&u=U2FsdGVkX19Qjog4+QOUCqvH+HHSNqshbtjm24U2S++iAayShLTA6JnvCr5TYkAa&y=U2FsdGVkX1/cRNbZOxak/NVSf/jw+1BeuCaxyQaoGHzDehVE79j1yylUGccJTjmt HTTP/1.1" 200 26
186.29.158.219 - - [07/Aug/2023:17:57:50 -0500] "GET /kwssiamovil/sm/acme/a?s=U2FsdGVkX181ftSiE6tZIIODTaBrdjgokwQxtA7xN2heh9MYf67WN2bxnc8fnRUAd6L6QG9/KtcerJQqvySWAnObrqzy9aQWTqGQjT1RgBNV0Aih+p3Phhko8SRhb6r+O76uBVRBHLPpIaG3P6+E6yr43lJNRcH77GBdCGa2O97nUJNydr1lORonB+/hk4K3JR2EpCU6zh97zDgfvZ8B9rnNMk53uteL8QkDr8oBWUZgCKeNnLI22iUPWFJPObnur8yBeLFjgShXBx4lWHRD9sZI1KyaW7cRtVWh5M1jnJmmYz7ikIM7Am4ZkfIMLM5tk9WXoAGMm0XPIxlF1+IoCf/4PARK6GqNp+BHjLLiez0imuJ6OonpUgkmA1ijjJR0/FFE6fZr1sVam8adJUotziRcHh8rS3KHB4v/ijiA3iVPR2OFThuY7TS2Y0FFaoVM558AhPKg10oGDMf3GpXRDJhWFVTkD6CyjfpPqpVxs3Y0glBLJogWSSAmMh0cZJcfyE/rkDSW7sIJse57VJz9NrqvqI5pqZLCLjypgVtwFKOQWjJFYmtb+o2e7rD4ccDgQRi7v2tQhkhNzgSkrdRMPyxHPAdYr+x3AnsoJxDJuuKY1roBN8+nYw7cQoFDe/82Yq6gDRkPfT1xLnjqgdhPOAbaT5vB5p6U3GyWQ7BGuFUG+04Cjus6cG0KEYD4FPIb1EXw0D+g3EsagJfuFWVf0uhqGDxX84B2Un7HXFQEddudzouR7DS9Bns2EZi3gkOkmtpLYhgo62Z+Kx8i0Yni6TtRm79Fucu3b8Cir4TEbMSdE7hrP7e88xEr13F5K2ixsITZxcTQCZd3dOqAuclwTpfKpN6UF/NsUi4WV4uCJi+G/UELXUNiuSKZGgkVh9oEX/2J+rCwxx4rMOuwvZ444GztKrsI4Y5czNCnpvGUFL6kqBelLhMsY3N+opC0ox17QdpAHcsZ/DTsdCfOiqd4xyRgquGDqkHFgk8H45VMRUwEr6cTY5wthTU3dzEUwmTnEL6LFpttxIpWZhL2bpvGtftxfvq/S7H4ZYdOAiniEp40wyz7duRTODdd99nsseByqvPQqFKw72NEF5me+1WEWZedMZz21YERIdmOD557KX3TWhTd4q19LBupk+DunP7/Lkwzpa2iOLezVopuWwooCu1Th9o3C3WSL9hkhyQY5jgHfi3oOjCDLQUicqYnSLUJYm9UYpBa+GACm9KpHU3plkA0ZA82Aw5qboMagEcEjAPGUaB4XgnGU1Js5ailNsoUjCkLD+cXs3IinfAa3ezfJqi9FQ1gcVbIAXqyHIY4nZM4zBk6GMzggiffDFnxVyKbwged0SMrOyi2zks9VWaGdQ15hMxpqs3dyovhP+64uu6kbgjUZ8vZi3v5sKlg94axWECJtB3DxQyT+cnDsXRjvwH0/DEUQPM2z53FX+woRAmhyCnEooV/WHqDhbyPxOiUayY13oINDY5BKYk5pbUjTwThGKd/Znveqcl9CE5F0hAcD1lfzgXrAPM1um8CvIk5bqAhQZB5bf5DC5NrXoAzKR/KyugN09qrsEHo+T+Re9dBWzRCuvLYvnt3TnkwDn6rhGnoSdlmgZqlIvA30WuB6SFvrACfAQpMtpO/qPheFFqevPd70CBYR3/m0S8w0VKdM1nRrnCpKU/MHib1trvKGUhG9uGNvHhiV/oF27XHfoMfKBEZBBudSNlJCu/oIrM1AYydXPetVPzefBNoCMvNpyqf0ZDLfgRzaSTu+xDCmdUG5bW+UEVuuN4hjLht70wsLqj03MrR5W1fwHSYdYA8U0cOf6kmD/TD87e8eRZHC90uJJQh9uqOXujvhrpe3Oregh7ntM+/zK6TOtq/xrZtgxzawFSGVZcySnhFTn8J06jrua1XuoqpXvp/Fa4cEC6fqkoCb2oD4DJS6GOJkRLl6E/S4xc3+vNZSEg3u7EtQc4LgiZfhXc8c3He2Qqz2d41&u=U2FsdGVkX19Qjog4+QOUCqvH+HHSNqshbtjm24U2S++iAayShLTA6JnvCr5TYkAa&y=U2FsdGVkX1/cRNbZOxak/NVSf/jw+1BeuCaxyQaoGHzDehVE79j1yylUGccJTjmt HTTP/1.1" 200 26
186.29.158.219 - - [07/Aug/2023:17:57:50 -0500] "GET /kwssiamovil/sm/acme/a?s=U2FsdGVkX1/7eqlJHYNDBJ5ipKFjZ+ntyvEQW44LaTEb6PUyFrVakbnsgFfPimjGt+1BfB1xD31hPkLg9g4KX5/KcR5bRnPF5cbJJ+VrhYk4oR4z2TzrO4uHW9NDkt9ecO1D72xiGCoHiKVXK1ZUBDjKxHPjZewHBmmT7bWFeHo=&u=U2FsdGVkX19Qjog4+QOUCqvH+HHSNqshbtjm24U2S++iAayShLTA6JnvCr5TYkAa&y=U2FsdGVkX1/cRNbZOxak/NVSf/jw+1BeuCaxyQaoGHzDehVE79j1yylUGccJTjmt HTTP/1.1" 200 26
186.29.158.219 - - [07/Aug/2023:17:57:50 -0500] "GET /kwssiamovil/sm/acme/a?s=U2FsdGVkX1+qEh5OrEUWbYutvKwXjFdSHwFm+Vu9exyIqcJs0sggAHuYkPR6OQiSH9lVUHKs4EAXbvBuE4ME47AkNmrMLtxQofqOc5mS+1oTe1kiCGPxj7K5sIeOpUY7YWZYtP9f3ZYfTAcZ2cCQ1C/Yhvcf076NaWFxzNeKga4=&u=U2FsdGVkX19Qjog4+QOUCqvH+HHSNqshbtjm24U2S++iAayShLTA6JnvCr5TYkAa&y=U2FsdGVkX1/cRNbZOxak/NVSf/jw+1BeuCaxyQaoGHzDehVE79j1yylUGccJTjmt HTTP/1.1" 200 26
186.29.158.219 - - [07/Aug/2023:17:57:51 -0500] "GET /kwssiamovil/sm/acme/a?s=U2FsdGVkX1+KeaDtk4Ht5i+n1vMpuuYzNZUWj9mtUPX3NaK32UqgFf7Js6nBbKj8rQnx7dp9IBH9hJtrQROy7OxxyfbS09IgmYH9xJk3GHyLOA8YxV2IKXdtDPY3xAOsFkXlh+kHJHQzC2DD/ljCwcClKsgZgNFVnRNa15ratZs=&u=U2FsdGVkX19Qjog4+QOUCqvH+HHSNqshbtjm24U2S++iAayShLTA6JnvCr5TYkAa&y=U2FsdGVkX1/cRNbZOxak/NVSf/jw+1BeuCaxyQaoGHzDehVE79j1yylUGccJTjmt HTTP/1.1" 200 26
186.29.158.219 - - [07/Aug/2023:17:57:51 -0500] "GET /kwssiamovil/sm/acme/a?s=U2FsdGVkX1+3OrY4lwGqc0BoXwy3UrwSk87Oi+VuT8Caq7In2LPSLwUSAsGVXtZkQG1EWK+VX++vcXZ49y/sbEJmx2YoaSGetZ2EtrMnJ6is6WI5aM6BPl38W6qtgWWmt5d4DFniaS1hFkOFODLkUZ62/lyZZ7NZlKc9Fm2fnho/7hEuKo37WUO46LzU2O7EKArX8aXxJjMm0/AK7yU0QQ==&u=U2FsdGVkX19Qjog4+QOUCqvH+HHSNqshbtjm24U2S++iAayShLTA6JnvCr5TYkAa&y=U2FsdGVkX1/cRNbZOxak/NVSf/jw+1BeuCaxyQaoGHzDehVE79j1yylUGccJTjmt HTTP/1.1" 200 26
201.245.192.253 - - [07/Aug/2023:17:58:08 -0500] "POST /kwsrmcab/Wsrmcab  HTTP/1.1" 200 42098
216.245.221.92 - - [07/Aug/2023:17:59:17 -0500] "HEAD / HTTP/1.1" 200 -
40.77.167.113 - - [07/Aug/2023:17:59:25 -0500] "GET /BLA/resoluciones/RESOLUCIONES%202022/1985.pdf HTTP/1.1" 200 394502
172.22.2.4 - - [07/Aug/2023:17:59:40 -0500] "HEAD /BLA/boletinlegal/ HTTP/1.1" 200 -
172.22.2.4 - - [07/Aug/2023:18:00:32 -0500] "GET /BLA/boletinlegal/ HTTP/1.1" 200 58079
183.136.225.44 - - [07/Aug/2023:18:02:21 -0500] "GET / HTTP/1.1" 200 319
4.1.229.86 - - [07/Aug/2023:18:02:25 -0500] "GET /app/.env HTTP/1.1" 404 1018
4.1.229.86 - - [07/Aug/2023:18:02:25 -0500] "POST /app HTTP/1.1" 404 1018
66.249.70.197 - - [07/Aug/2023:18:02:27 -0500] "GET /BLA/resoluciones/AUTOS%202014/7241.pdf HTTP/1.1" 200 379111
201.245.192.253 - - [07/Aug/2023:18:03:06 -0500] "POST /kwsrmcab/Wsrmcab  HTTP/1.1" 200 42098
183.136.225.44 - - [07/Aug/2023:18:03:30 -0500] "GET / HTTP/1.1" 200 319
66.249.70.197 - - [07/Aug/2023:18:03:33 -0500] "GET /Publicaciones/2023EE173835.pdf HTTP/1.1" 304 -
66.249.70.197 - - [07/Aug/2023:18:03:48 -0500] "GET /BLA/resoluciones/Notificaciones/AUTOS%202023/2276.pdf HTTP/1.1" 304 -
183.136.225.44 - - [07/Aug/2023:18:03:56 -0500] "GET /robots.txt HTTP/1.1" 404 1035
216.245.221.92 - - [07/Aug/2023:18:04:17 -0500] "HEAD / HTTP/1.1" 200 -
52.167.144.23 - - [07/Aug/2023:18:06:02 -0500] "GET /images/Entrenubes%201%20(1)%20(1).jpeg HTTP/1.1" 200 70096
66.249.70.196 - - [07/Aug/2023:18:06:38 -0500] "GET /BLA/resoluciones/AUTOS%202014/2393.pdf HTTP/1.1" 200 656033
172.22.2.4 - - [07/Aug/2023:18:05:30 -0500] "HEAD /BLA/boletinlegal/ HTTP/1.1" 200 -
172.22.2.4 - - [07/Aug/2023:18:06:21 -0500] "GET /BLA/boletinlegal/ HTTP/1.1" 200 58079
201.245.192.253 - - [07/Aug/2023:18:08:04 -0500] "POST /kwsrmcab/Wsrmcab  HTTP/1.1" 200 42098
216.245.221.92 - - [07/Aug/2023:18:09:17 -0500] "HEAD / HTTP/1.1" 200 -
66.249.70.197 - - [07/Aug/2023:18:10:57 -0500] "GET /BLA/resoluciones/AUTOS%202014/3191.pdf HTTP/1.1" 200 492831
205.210.31.47 - - [07/Aug/2023:18:11:24 -0500] "GET / HTTP/1.1" 200 319
172.22.2.4 - - [07/Aug/2023:18:11:58 -0500] "GET /BLA/boletinlegal/Circulares/2012/Circular%20No.%204%20del%2019%20de%20abril%20de%202012.pdf HTTP/1.1" 200 253045
52.167.144.33 - - [07/Aug/2023:18:12:17 -0500] "GET /transparencia/financiera/Ejecucion%20Presupuestal/Vigencia%20actual/4.%20EJECUCION%20DE%20VIGENCIAS%20ABRIL%202022.xlsx HTTP/1.1" 404 1018
66.249.70.196 - - [07/Aug/2023:18:12:23 -0500] "GET /BLA/resoluciones/AUTOS%202014/0508.pdf HTTP/1.1" 200 548657
152.32.210.168 - - [07/Aug/2023:18:12:51 -0500] "GET /favicon.ico HTTP/1.1" 200 7782
152.32.210.168 - - [07/Aug/2023:18:12:52 -0500] "GET /portaldeninos/robots.txt HTTP/1.1" 404 75240
152.32.210.168 - - [07/Aug/2023:18:12:52 -0500] "GET /portaldeninos/sitemap.xml HTTP/1.1" 404 75240
152.32.210.168 - - [07/Aug/2023:18:12:53 -0500] "GET /portaldeninos/ HTTP/1.1" 200 110197
186.29.241.128 - - [07/Aug/2023:18:12:57 -0500] "GET /BLA/resoluciones/index.php?dir= HTTP/1.1" 200 13502
172.22.2.4 - - [07/Aug/2023:18:11:20 -0500] "HEAD /BLA/boletinlegal/ HTTP/1.1" 200 -
152.32.210.168 - - [07/Aug/2023:18:13:00 -0500] "GET /portaldeninos/wp-content/uploads/2019/08/Logo-Ambientic.png HTTP/1.1" 200 22941
152.32.210.168 - - [07/Aug/2023:18:13:01 -0500] "GET /portaldeninos/wp-content/plugins/gallery-videos/JS/modernizr.custom.js?ver=4.9.8 HTTP/1.1" 200 9019
