!C99Shell v. 1.0 pre-release build #13!

Software: Apache. PHP/5.5.15 

uname -a: Windows NT SVR-DMZ 6.1 build 7600 (Windows Server 2008 R2 Enterprise Edition) i586 

SYSTEM 

Safe-mode: OFF (not secure)

E:\nuevo\apache\logs\   drwxrwxrwx
Free 8.02 GB of 239.26 GB (3.35%)
Detected drives: [ a ] [ c ] [ d ] [ e ] [ f ]
Home    Back    Forward    UPDIR    Refresh    Search    Buffer    Encoder    Tools    Proc.    FTP brute    Sec.    SQL    PHP-code    Update    Feedback    Self remove    Logout    


Viewing file:     access.2023.08.07.log (492.61 KB)      -rw-rw-rw-
Select action/file-type:
(+) | (+) | (+) | Code (+) | Session (+) | (+) | SDB (+) | (+) | (+) | (+) | (+) | (+) |
69.171.249.1 - - [07/Aug/2023:00:00:00 -0500] "GET /images/pl\xc3\xa1sticos%20foto%201..jpg HTTP/1.1" 404 1034
35.177.176.176 - - [07/Aug/2023:00:00:18 -0500] "GET /manage/account/login HTTP/1.1" 404 1018
201.245.192.253 - - [07/Aug/2023:00:00:54 -0500] "POST /kwsrmcab/Wsrmcab  HTTP/1.1" 200 42098
181.56.29.243 - - [07/Aug/2023:00:01:41 -0500] "GET /galeria/galeria/jquery.fancybox.css?v=2.1.5 HTTP/1.1" 200 4895
181.56.29.243 - - [07/Aug/2023:00:01:41 -0500] "GET /BLA/boletinlegal/js/jquery.scrollShow.js HTTP/1.1" 200 4586
181.56.29.243 - - [07/Aug/2023:00:01:41 -0500] "GET /galeria/galeria/jquery.fancybox.js?v=2.1.5 HTTP/1.1" 200 48706
52.167.144.76 - - [07/Aug/2023:00:01:42 -0500] "GET /BLA/resoluciones/index.php?dir=RESOLUCIONES+2023%2F HTTP/1.1" 200 51542
172.22.2.4 - - [07/Aug/2023:00:00:44 -0500] "HEAD /BLA/boletinlegal/ HTTP/1.1" 200 -
40.77.167.113 - - [07/Aug/2023:00:02:35 -0500] "GET /BLA/resoluciones/AUTOS%202022/3666.pdf HTTP/1.1" 304 -
172.22.2.4 - - [07/Aug/2023:00:01:35 -0500] "GET /BLA/boletinlegal/ HTTP/1.1" 200 57680
35.177.176.176 - - [07/Aug/2023:00:03:52 -0500] "\x16\x03\x01" 400 226
216.245.221.92 - - [07/Aug/2023:00:04:21 -0500] "HEAD / HTTP/1.1" 200 -
35.177.176.176 - - [07/Aug/2023:00:04:40 -0500] "GET /admin/index.html HTTP/1.1" 404 1018
40.77.167.113 - - [07/Aug/2023:00:04:55 -0500] "GET /BLA/resoluciones/RESOLUCIONES%202023/0097.pdf HTTP/1.1" 200 389977
40.77.167.113 - - [07/Aug/2023:00:04:55 -0500] "GET /BLA/resoluciones/RESOLUCIONES%202023/0980.pdf HTTP/1.1" 200 370749
40.77.167.113 - - [07/Aug/2023:00:04:56 -0500] "GET /BLA/resoluciones/RESOLUCIONES%202023/0138.pdf HTTP/1.1" 200 958400
40.77.167.113 - - [07/Aug/2023:00:04:57 -0500] "GET /BLA/resoluciones/RESOLUCIONES%202023/0123.pdf HTTP/1.1" 200 1224653
40.77.167.113 - - [07/Aug/2023:00:04:58 -0500] "GET /BLA/resoluciones/RESOLUCIONES%202023/0095.pdf HTTP/1.1" 200 855777
40.77.167.113 - - [07/Aug/2023:00:04:59 -0500] "GET /BLA/resoluciones/RESOLUCIONES%202023/1368.pdf HTTP/1.1" 200 465032
40.77.167.113 - - [07/Aug/2023:00:05:00 -0500] "GET /BLA/resoluciones/RESOLUCIONES%202023/0875.pdf HTTP/1.1" 200 2118292
52.167.144.33 - - [07/Aug/2023:00:05:02 -0500] "GET /BLA/resoluciones/RESOLUCIONES%202023/0910.pdf HTTP/1.1" 200 413677
52.167.144.33 - - [07/Aug/2023:00:05:02 -0500] "GET /BLA/resoluciones/RESOLUCIONES%202023/0869.pdf HTTP/1.1" 200 428474
52.167.144.33 - - [07/Aug/2023:00:05:04 -0500] "GET /BLA/resoluciones/RESOLUCIONES%202023/1066.pdf HTTP/1.1" 200 530204
52.167.144.33 - - [07/Aug/2023:00:05:05 -0500] "GET /BLA/resoluciones/RESOLUCIONES%202023/1081.pdf HTTP/1.1" 200 483899
52.167.144.33 - - [07/Aug/2023:00:05:05 -0500] "GET /BLA/resoluciones/RESOLUCIONES%202023/0879.pdf HTTP/1.1" 200 509328
52.167.144.221 - - [07/Aug/2023:00:05:06 -0500] "GET /BLA/resoluciones/RESOLUCIONES%202023/0848.pdf HTTP/1.1" 200 495098
40.77.167.113 - - [07/Aug/2023:00:05:06 -0500] "GET /BLA/resoluciones/RESOLUCIONES%202023/1054.pdf HTTP/1.1" 200 365270
40.77.167.113 - - [07/Aug/2023:00:05:07 -0500] "GET /BLA/resoluciones/RESOLUCIONES%202023/0850.pdf HTTP/1.1" 200 422945
40.77.167.113 - - [07/Aug/2023:00:05:08 -0500] "GET /BLA/resoluciones/RESOLUCIONES%202023/0709.pdf HTTP/1.1" 200 391710
40.77.167.113 - - [07/Aug/2023:00:05:08 -0500] "GET /BLA/resoluciones/RESOLUCIONES%202023/0904.pdf HTTP/1.1" 200 448649
52.167.144.76 - - [07/Aug/2023:00:05:11 -0500] "GET /BLA/resoluciones/RESOLUCIONES%202023/0094.pdf HTTP/1.1" 200 394385
52.167.144.76 - - [07/Aug/2023:00:05:12 -0500] "GET /BLA/resoluciones/RESOLUCIONES%202023/1079.pdf HTTP/1.1" 200 650516
52.167.144.76 - - [07/Aug/2023:00:05:13 -0500] "GET /BLA/resoluciones/RESOLUCIONES%202023/0738.pdf HTTP/1.1" 200 430365
52.167.144.76 - - [07/Aug/2023:00:05:13 -0500] "GET /BLA/resoluciones/RESOLUCIONES%202023/0200.pdf HTTP/1.1" 200 416704
52.167.144.76 - - [07/Aug/2023:00:05:14 -0500] "GET /BLA/resoluciones/RESOLUCIONES%202023/1226.pdf HTTP/1.1" 200 464640
52.167.144.76 - - [07/Aug/2023:00:05:14 -0500] "GET /BLA/resoluciones/RESOLUCIONES%202023/1076.pdf HTTP/1.1" 200 551210
52.167.144.76 - - [07/Aug/2023:00:05:15 -0500] "GET /BLA/resoluciones/RESOLUCIONES%202023/0864.pdf HTTP/1.1" 200 470319
52.167.144.76 - - [07/Aug/2023:00:05:16 -0500] "GET /BLA/resoluciones/RESOLUCIONES%202023/0897.pdf HTTP/1.1" 200 509328
52.167.144.221 - - [07/Aug/2023:00:05:19 -0500] "GET /BLA/resoluciones/RESOLUCIONES%202023/0096.pdf HTTP/1.1" 200 389446
52.167.144.221 - - [07/Aug/2023:00:05:20 -0500] "GET /BLA/resoluciones/RESOLUCIONES%202023/0491.pdf HTTP/1.1" 200 449077
52.167.144.221 - - [07/Aug/2023:00:05:20 -0500] "GET /BLA/resoluciones/RESOLUCIONES%202023/0926.pdf HTTP/1.1" 200 414525
52.167.144.33 - - [07/Aug/2023:00:05:25 -0500] "GET /BLA/resoluciones/RESOLUCIONES%202023/0098.pdf HTTP/1.1" 200 389252
201.245.192.253 - - [07/Aug/2023:00:05:53 -0500] "POST /kwsrmcab/Wsrmcab  HTTP/1.1" 200 42098
172.22.2.4 - - [07/Aug/2023:00:06:34 -0500] "HEAD /BLA/boletinlegal/ HTTP/1.1" 200 -
168.119.253.6 - - [07/Aug/2023:00:08:17 -0500] "GET / HTTP/1.1" 200 319
35.177.176.176 - - [07/Aug/2023:00:08:32 -0500] "\x16\x03\x01" 400 226
172.22.2.4 - - [07/Aug/2023:00:07:24 -0500] "GET /BLA/boletinlegal/ HTTP/1.1" 200 58079
35.177.176.176 - - [07/Aug/2023:00:09:15 -0500] "GET /index.html HTTP/1.1" 200 319
216.245.221.92 - - [07/Aug/2023:00:09:21 -0500] "HEAD / HTTP/1.1" 200 -
201.245.192.253 - - [07/Aug/2023:00:10:52 -0500] "POST /kwsrmcab/Wsrmcab  HTTP/1.1" 200 42098
35.177.176.176 - - [07/Aug/2023:00:13:48 -0500] "\x16\x03\x01" 400 226
172.22.2.4 - - [07/Aug/2023:00:12:24 -0500] "HEAD /BLA/boletinlegal/ HTTP/1.1" 200 -
216.245.221.92 - - [07/Aug/2023:00:14:21 -0500] "HEAD / HTTP/1.1" 200 -
35.177.176.176 - - [07/Aug/2023:00:14:34 -0500] "GET /+CSCOE+/logon.html HTTP/1.1" 404 1018
172.22.2.4 - - [07/Aug/2023:00:13:14 -0500] "GET /BLA/boletinlegal/ HTTP/1.1" 200 58079
152.61.192.232 - - [07/Aug/2023:00:14:59 -0500] "GET / HTTP/1.1" 200 319
201.245.192.253 - - [07/Aug/2023:00:15:51 -0500] "POST /kwsrmcab/Wsrmcab  HTTP/1.1" 200 42098
35.177.176.176 - - [07/Aug/2023:00:18:19 -0500] "\x16\x03\x01" 400 226
35.177.176.176 - - [07/Aug/2023:00:18:58 -0500] "GET /cgi-bin/login.cgi HTTP/1.1" 404 1018
216.245.221.92 - - [07/Aug/2023:00:19:21 -0500] "HEAD / HTTP/1.1" 200 -
66.249.79.102 - - [07/Aug/2023:00:19:23 -0500] "GET /BLA/resoluciones/RESOLUCIONES%202012/0962.pdf HTTP/1.1" 200 425081
66.249.79.102 - - [07/Aug/2023:00:19:24 -0500] "GET /BLA/resoluciones/RESOLUCIONES%202009/3463.pdf HTTP/1.1" 200 981393
66.249.79.100 - - [07/Aug/2023:00:19:25 -0500] "GET /BLA/resoluciones/AUTOS%202014/3938.pdf HTTP/1.1" 200 332695
201.245.192.253 - - [07/Aug/2023:00:19:27 -0500] "POST /kwsrmcab/Wsrmcab HTTP/1.1" 200 43069
201.245.192.253 - - [07/Aug/2023:00:19:30 -0500] "POST /kwsrmcab/Wsrmcab HTTP/1.1" 200 44530
172.22.2.4 - - [07/Aug/2023:00:18:14 -0500] "HEAD /BLA/boletinlegal/ HTTP/1.1" 200 -
172.22.2.4 - - [07/Aug/2023:00:19:05 -0500] "GET /BLA/boletinlegal/ HTTP/1.1" 200 60612
201.245.192.253 - - [07/Aug/2023:00:20:49 -0500] "POST /kwsrmcab/Wsrmcab  HTTP/1.1" 200 42098
54.88.88.24 - - [07/Aug/2023:00:20:59 -0500] "GET /galeria/galeria/fotos/diaSC3Peq.jpg HTTP/1.1" 200 24913
172.22.2.4 - - [07/Aug/2023:00:21:20 -0500] "GET /BLA/boletinlegal/actos.php HTTP/1.1" 200 9682
162.55.171.94 - - [07/Aug/2023:00:21:30 -0500] "GET / HTTP/1.1" 200 319
172.22.2.4 - - [07/Aug/2023:00:21:50 -0500] "GET /BLA/boletinlegal/actos.php HTTP/1.1" 200 9682
172.22.2.4 - - [07/Aug/2023:00:20:53 -0500] "GET /BLA/boletinlegal/ HTTP/1.1" 200 53195
35.177.176.176 - - [07/Aug/2023:00:22:20 -0500] "\x16\x03\x01" 400 226
35.177.176.176 - - [07/Aug/2023:00:23:02 -0500] "GET / HTTP/1.1" 200 319
152.203.36.47 - - [07/Aug/2023:00:23:33 -0500] "GET /BLA/boletinlegal/js/jquery.scrollShow.js HTTP/1.1" 200 4586
152.203.36.47 - - [07/Aug/2023:00:23:33 -0500] "GET /galeria/galeria/jquery.fancybox.css?v=2.1.5 HTTP/1.1" 200 4895
152.203.36.47 - - [07/Aug/2023:00:23:33 -0500] "GET /galeria/galeria/jquery.fancybox.js?v=2.1.5 HTTP/1.1" 200 48706
216.245.221.92 - - [07/Aug/2023:00:24:21 -0500] "HEAD / HTTP/1.1" 200 -
152.61.128.50 - - [07/Aug/2023:00:25:40 -0500] "GET / HTTP/1.1" 200 319
172.22.2.4 - - [07/Aug/2023:00:24:04 -0500] "HEAD /BLA/boletinlegal/ HTTP/1.1" 200 -
201.245.192.253 - - [07/Aug/2023:00:25:48 -0500] "POST /kwsrmcab/Wsrmcab  HTTP/1.1" 200 42098
172.22.2.4 - - [07/Aug/2023:00:24:54 -0500] "GET /BLA/boletinlegal/ HTTP/1.1" 200 52495
216.245.221.92 - - [07/Aug/2023:00:29:21 -0500] "HEAD / HTTP/1.1" 200 -
201.245.192.253 - - [07/Aug/2023:00:29:27 -0500] "POST /kwsrmcab/Wsrmcab HTTP/1.1" 200 43069
201.245.192.253 - - [07/Aug/2023:00:29:30 -0500] "POST /kwsrmcab/Wsrmcab HTTP/1.1" 200 44530
201.245.192.253 - - [07/Aug/2023:00:30:47 -0500] "POST /kwsrmcab/Wsrmcab  HTTP/1.1" 200 42098
172.22.2.4 - - [07/Aug/2023:00:29:54 -0500] "HEAD /BLA/boletinlegal/ HTTP/1.1" 200 -
172.22.2.4 - - [07/Aug/2023:00:30:44 -0500] "GET /BLA/boletinlegal/ HTTP/1.1" 200 58079
172.22.2.4 - - [07/Aug/2023:00:34:01 -0500] "GET /BLA/boletinlegal/jurisprudencia/analisis/AnalisisT-606-15.docx HTTP/1.1" 200 26698
172.22.2.4 - - [07/Aug/2023:00:34:01 -0500] "GET /BLA/boletinlegal/apple-touch-icon-120x120-precomposed.png HTTP/1.1" 404 1140
172.22.2.4 - - [07/Aug/2023:00:34:02 -0500] "GET /BLA/boletinlegal/apple-touch-icon-120x120.png HTTP/1.1" 404 1140
172.22.2.4 - - [07/Aug/2023:00:34:02 -0500] "GET /BLA/boletinlegal/apple-touch-icon-precomposed.png HTTP/1.1" 404 1140
172.22.2.4 - - [07/Aug/2023:00:34:02 -0500] "GET /BLA/boletinlegal/apple-touch-icon.png HTTP/1.1" 404 1140
172.22.2.4 - - [07/Aug/2023:00:34:02 -0500] "GET /BLA/boletinlegal/favicon.ico HTTP/1.1" 404 1140
172.22.2.4 - - [07/Aug/2023:00:34:02 -0500] "GET /BLA/boletinlegal/apple-touch-icon-120x120-precomposed.png HTTP/1.1" 404 1140
172.22.2.4 - - [07/Aug/2023:00:34:02 -0500] "GET /BLA/boletinlegal/apple-touch-icon-120x120.png HTTP/1.1" 404 1140
172.22.2.4 - - [07/Aug/2023:00:34:02 -0500] "GET /BLA/boletinlegal/apple-touch-icon-precomposed.png HTTP/1.1" 404 1140
172.22.2.4 - - [07/Aug/2023:00:34:02 -0500] "GET /BLA/boletinlegal/apple-touch-icon.png HTTP/1.1" 404 1140
172.22.2.4 - - [07/Aug/2023:00:34:02 -0500] "GET /BLA/boletinlegal/favicon.ico HTTP/1.1" 404 1140
216.245.221.92 - - [07/Aug/2023:00:34:21 -0500] "HEAD / HTTP/1.1" 200 -
40.77.167.113 - - [07/Aug/2023:00:34:59 -0500] "GET /BLA/resoluciones/AUTOS%202014/7114.pdf HTTP/1.1" 304 -
52.167.144.76 - - [07/Aug/2023:00:35:17 -0500] "GET /BLA/resoluciones/AUTOS%202022/7439.pdf HTTP/1.1" 200 408984
201.245.192.253 - - [07/Aug/2023:00:35:46 -0500] "POST /kwsrmcab/Wsrmcab  HTTP/1.1" 200 42098
172.22.2.4 - - [07/Aug/2023:00:35:44 -0500] "HEAD /BLA/boletinlegal/ HTTP/1.1" 200 -
172.22.2.4 - - [07/Aug/2023:00:36:34 -0500] "GET /BLA/boletinlegal/ HTTP/1.1" 200 54079
216.245.221.92 - - [07/Aug/2023:00:39:21 -0500] "HEAD / HTTP/1.1" 200 -
201.245.192.253 - - [07/Aug/2023:00:39:26 -0500] "POST /kwsrmcab/Wsrmcab HTTP/1.1" 200 43069
201.245.192.253 - - [07/Aug/2023:00:39:29 -0500] "POST /kwsrmcab/Wsrmcab HTTP/1.1" 200 44530
40.77.167.113 - - [07/Aug/2023:00:39:44 -0500] "GET /BLA/resoluciones/AUTOS%202022/1298.pdf HTTP/1.1" 304 -
191.156.231.144 - - [07/Aug/2023:00:40:47 -0500] "GET /galeria/galeria/jquery.fancybox.css?v=2.1.5 HTTP/1.1" 200 4895
191.156.231.144 - - [07/Aug/2023:00:40:47 -0500] "GET /BLA/boletinlegal/js/jquery.scrollShow.js HTTP/1.1" 200 4586
191.156.231.144 - - [07/Aug/2023:00:40:47 -0500] "GET /galeria/galeria/jquery.fancybox.js?v=2.1.5 HTTP/1.1" 200 48706
201.245.192.253 - - [07/Aug/2023:00:40:44 -0500] "POST /kwsrmcab/Wsrmcab  HTTP/1.1" 200 42098
52.167.144.33 - - [07/Aug/2023:00:41:09 -0500] "GET /BLA/resoluciones/AUTOS%202021/2764.pdf HTTP/1.1" 304 -
172.22.2.4 - - [07/Aug/2023:00:41:34 -0500] "HEAD /BLA/boletinlegal/ HTTP/1.1" 200 -
172.22.2.4 - - [07/Aug/2023:00:42:24 -0500] "GET /BLA/boletinlegal/ HTTP/1.1" 200 60612
216.245.221.92 - - [07/Aug/2023:00:44:21 -0500] "HEAD / HTTP/1.1" 200 -
199.16.157.182 - - [07/Aug/2023:00:44:51 -0500] "GET /images/cr%C3%B3nica-29-nov-1_optimized.jpeg HTTP/1.1" 404 1034
201.245.192.253 - - [07/Aug/2023:00:45:42 -0500] "POST /kwsrmcab/Wsrmcab  HTTP/1.1" 200 42098
172.22.2.4 - - [07/Aug/2023:00:47:24 -0500] "HEAD /BLA/boletinlegal/ HTTP/1.1" 200 -
216.245.221.92 - - [07/Aug/2023:00:49:21 -0500] "HEAD / HTTP/1.1" 200 -
172.22.2.4 - - [07/Aug/2023:00:48:14 -0500] "GET /BLA/boletinlegal/ HTTP/1.1" 200 60612
201.245.192.253 - - [07/Aug/2023:00:50:41 -0500] "POST /kwsrmcab/Wsrmcab  HTTP/1.1" 200 42098
52.167.144.33 - - [07/Aug/2023:00:52:21 -0500] "GET /BLA/resoluciones/RESOLUCIONES%202021/5488.pdf HTTP/1.1" 200 424436
52.167.144.76 - - [07/Aug/2023:00:52:38 -0500] "GET /BLA/resoluciones/AUTOS%202014/3345.pdf HTTP/1.1" 304 -
152.61.192.232 - - [07/Aug/2023:00:52:57 -0500] "GET /arcgis/services/Calidad_del_Agua_WQI/MapServer/WMSServer?request=GetCapabilities&service=WMS HTTP/1.1" 503 1020
152.61.192.232 - - [07/Aug/2023:00:52:59 -0500] "GET /arcgis/services/Calidad_del_Agua_WQI/MapServer/WMSServer?SERVICE=WMS&REQUEST=GetCapabilities HTTP/1.1" 503 1020
152.61.192.232 - - [07/Aug/2023:00:52:59 -0500] "GET /arcgis/services/Calidad_del_Agua_WQI/MapServer/WMSServer?WMTVER=1.0.0&REQUEST=capabilities HTTP/1.1" 503 1020
216.245.221.92 - - [07/Aug/2023:00:54:21 -0500] "HEAD / HTTP/1.1" 200 -
172.22.2.4 - - [07/Aug/2023:00:53:14 -0500] "HEAD /BLA/boletinlegal/ HTTP/1.1" 200 -
201.245.192.253 - - [07/Aug/2023:00:55:41 -0500] "POST /kwsrmcab/Wsrmcab  HTTP/1.1" 200 42098
172.22.2.4 - - [07/Aug/2023:00:54:04 -0500] "GET /BLA/boletinlegal/ HTTP/1.1" 200 58079
52.167.144.140 - - [07/Aug/2023:00:57:34 -0500] "GET /distrito-firma-siete-nuevos-pagos-por-servicios-ambientales-en-la-ruralidad-de-bogota-ya-van-mas-de-1100-hectareas.html HTTP/1.1" 200 853
216.245.221.92 - - [07/Aug/2023:00:59:21 -0500] "HEAD / HTTP/1.1" 200 -
201.245.192.253 - - [07/Aug/2023:01:00:40 -0500] "POST /kwsrmcab/Wsrmcab  HTTP/1.1" 200 42098
172.22.2.4 - - [07/Aug/2023:00:59:04 -0500] "HEAD /BLA/boletinlegal/ HTTP/1.1" 200 -
66.249.79.131 - - [07/Aug/2023:01:01:10 -0500] "HEAD /si-usted-o-su-negocio-es-generador-de-residuos-hospitalarios-o-similares-debera-inscribirse-ante-la-secretaria-de-ambiente.html HTTP/1.1" 200 -
66.249.79.129 - - [07/Aug/2023:01:01:11 -0500] "HEAD /generadores-de-residuos-hospitalarios-son-responsables-solidarios-sobre-la-correcta-disposicion.html HTTP/1.1" 200 -
66.249.79.131 - - [07/Aug/2023:01:01:12 -0500] "HEAD /a-partir-del-1-de-febrero-bogota-tendra-un-nuevo-sistema-de-recoleccion-de-residuos-hospitalarios-y-similares.html HTTP/1.1" 200 -
66.249.79.130 - - [07/Aug/2023:01:01:12 -0500] "HEAD /generadores-de-residuos-hospitalarios-son- HTTP/1.1" 404 -
66.249.79.131 - - [07/Aug/2023:01:01:13 -0500] "HEAD /generadores-de-residuos-hospitalarios-deberan-contratar-un-gestor-autorizado-para-su-tratamiento.html HTTP/1.1" 200 -
66.249.79.129 - - [07/Aug/2023:01:01:13 -0500] "HEAD /a-partir-de-manana-1-de-febrero-cambia-el-modelo-de-manejo-de-residuos-hospitalarios-en-bogota.html HTTP/1.1" 200 -
66.249.79.131 - - [07/Aug/2023:01:01:14 -0500] "HEAD /generadores-de-residuos-hospitalarios-deberan-contratar- HTTP/1.1" 404 -
66.249.79.130 - - [07/Aug/2023:01:01:14 -0500] "HEAD /si-usted-o-su-negocio-es-generador-de-residuos- HTTP/1.1" 404 -
66.249.79.129 - - [07/Aug/2023:01:01:14 -0500] "HEAD /a-partir-de-manana-1-de-febrero-cambia-el-modelo-demanejo- HTTP/1.1" 404 -
66.249.79.130 - - [07/Aug/2023:01:01:15 -0500] "HEAD /a-partir-del-1-de-febrero-bogota-tendra-un-nuevo-sistema- HTTP/1.1" 404 -
172.22.2.4 - - [07/Aug/2023:00:59:54 -0500] "GET /BLA/boletinlegal/ HTTP/1.1" 200 52495
216.245.221.92 - - [07/Aug/2023:01:04:21 -0500] "HEAD / HTTP/1.1" 200 -
201.245.192.253 - - [07/Aug/2023:01:05:39 -0500] "POST /kwsrmcab/Wsrmcab  HTTP/1.1" 200 42098
172.22.2.4 - - [07/Aug/2023:01:04:54 -0500] "HEAD /BLA/boletinlegal/ HTTP/1.1" 200 -
172.22.2.4 - - [07/Aug/2023:01:05:44 -0500] "GET /BLA/boletinlegal/ HTTP/1.1" 200 58079
66.220.149.10 - - [07/Aug/2023:01:07:57 -0500] "GET /images/reciclaton-mayo-3-mayo.jpg HTTP/1.1" 200 278453
69.171.249.1 - - [07/Aug/2023:01:09:19 -0500] "GET /images/avistamiento-aves.jpg HTTP/1.1" 200 104313
216.245.221.92 - - [07/Aug/2023:01:09:21 -0500] "HEAD / HTTP/1.1" 200 -
69.171.249.3 - - [07/Aug/2023:01:09:23 -0500] "GET /images/camino-guadalupe-aguanoso.jpg HTTP/1.1" 200 103489
69.171.249.5 - - [07/Aug/2023:01:09:23 -0500] "GET /images/Caminatas-ecologicas-julio.jpg HTTP/1.1" 200 480557
69.171.249.8 - - [07/Aug/2023:01:09:24 -0500] "GET /images/construccion-sostenible-.jpg HTTP/1.1" 200 82949
40.77.167.113 - - [07/Aug/2023:01:10:12 -0500] "GET /BLA/resoluciones/AUTOS%202021/3461.pdf HTTP/1.1" 304 -
201.245.192.253 - - [07/Aug/2023:01:10:37 -0500] "POST /kwsrmcab/Wsrmcab  HTTP/1.1" 200 42098
172.22.2.4 - - [07/Aug/2023:01:10:45 -0500] "GET /BLA/boletinlegal/wp-content/plugins/forminator/readme.txt HTTP/1.1" 404 1018
172.22.2.4 - - [07/Aug/2023:01:09:55 -0500] "GET /BLA/boletinlegal/ HTTP/1.1" 200 40907
172.22.2.4 - - [07/Aug/2023:01:10:44 -0500] "HEAD /BLA/boletinlegal/ HTTP/1.1" 200 -
104.248.223.45 - - [07/Aug/2023:01:13:06 -0500] "GET /portaldeninos/ HTTP/1.1" 200 110197
172.22.2.4 - - [07/Aug/2023:01:11:34 -0500] "GET /BLA/boletinlegal/ HTTP/1.1" 200 60612
216.245.221.92 - - [07/Aug/2023:01:14:21 -0500] "HEAD / HTTP/1.1" 200 -
152.61.128.50 - - [07/Aug/2023:01:15:01 -0500] "GET /arcgis/services/Calidad_del_Agua_WQI/MapServer/WMSServer?request=GetCapabilities&service=WMS HTTP/1.1" 503 1020
152.61.128.50 - - [07/Aug/2023:01:15:03 -0500] "GET /arcgis/services/Calidad_del_Agua_WQI/MapServer/WMSServer?SERVICE=WMS&REQUEST=GetCapabilities HTTP/1.1" 503 1020
152.61.128.50 - - [07/Aug/2023:01:15:03 -0500] "GET /arcgis/services/Calidad_del_Agua_WQI/MapServer/WMSServer?WMTVER=1.0.0&REQUEST=capabilities HTTP/1.1" 503 1020
201.245.192.253 - - [07/Aug/2023:01:15:35 -0500] "POST /kwsrmcab/Wsrmcab  HTTP/1.1" 200 42098
172.22.2.4 - - [07/Aug/2023:01:16:34 -0500] "HEAD /BLA/boletinlegal/ HTTP/1.1" 200 -
172.22.2.4 - - [07/Aug/2023:01:17:24 -0500] "GET /BLA/boletinlegal/ HTTP/1.1" 200 60612
216.245.221.92 - - [07/Aug/2023:01:19:21 -0500] "HEAD / HTTP/1.1" 200 -
201.245.192.253 - - [07/Aug/2023:01:19:26 -0500] "POST /kwsrmcab/Wsrmcab HTTP/1.1" 200 43227
201.245.192.253 - - [07/Aug/2023:01:19:29 -0500] "POST /kwsrmcab/Wsrmcab HTTP/1.1" 200 44545
52.167.144.76 - - [07/Aug/2023:01:20:19 -0500] "GET /BLA/resoluciones/AUTOS%202022/4054.pdf HTTP/1.1" 304 -
201.245.192.253 - - [07/Aug/2023:01:20:34 -0500] "POST /kwsrmcab/Wsrmcab  HTTP/1.1" 200 42098
172.22.2.4 - - [07/Aug/2023:01:22:24 -0500] "HEAD /BLA/boletinlegal/ HTTP/1.1" 200 -
216.245.221.92 - - [07/Aug/2023:01:24:21 -0500] "HEAD / HTTP/1.1" 200 -
172.22.2.4 - - [07/Aug/2023:01:23:14 -0500] "GET /BLA/boletinlegal/ HTTP/1.1" 200 52495
201.245.192.253 - - [07/Aug/2023:01:25:33 -0500] "POST /kwsrmcab/Wsrmcab  HTTP/1.1" 200 42098
125.229.192.248 - - [07/Aug/2023:01:26:29 -0500] "GET / HTTP/1.1" 200 319
216.245.221.92 - - [07/Aug/2023:01:29:21 -0500] "HEAD / HTTP/1.1" 200 -
201.245.192.253 - - [07/Aug/2023:01:29:26 -0500] "POST /kwsrmcab/Wsrmcab HTTP/1.1" 200 43227
201.245.192.253 - - [07/Aug/2023:01:29:29 -0500] "POST /kwsrmcab/Wsrmcab HTTP/1.1" 200 44545
172.22.2.4 - - [07/Aug/2023:01:28:14 -0500] "HEAD /BLA/boletinlegal/ HTTP/1.1" 200 -
201.245.192.253 - - [07/Aug/2023:01:30:31 -0500] "POST /kwsrmcab/Wsrmcab  HTTP/1.1" 200 42098
172.22.2.4 - - [07/Aug/2023:01:29:04 -0500] "GET /BLA/boletinlegal/ HTTP/1.1" 200 58079
40.77.167.113 - - [07/Aug/2023:01:32:25 -0500] "GET /forest/ HTTP/1.1" 200 12041
216.245.221.92 - - [07/Aug/2023:01:34:20 -0500] "HEAD / HTTP/1.1" 200 -
201.245.192.253 - - [07/Aug/2023:01:35:30 -0500] "POST /kwsrmcab/Wsrmcab  HTTP/1.1" 200 42098
172.22.2.4 - - [07/Aug/2023:01:34:04 -0500] "HEAD /BLA/boletinlegal/ HTTP/1.1" 200 -
172.22.2.4 - - [07/Aug/2023:01:34:54 -0500] "GET /BLA/boletinlegal/ HTTP/1.1" 200 60612
188.165.87.98 - - [07/Aug/2023:01:37:03 -0500] "GET /portaldeninos/xmlrpc.php HTTP/1.1" 405 42
188.165.87.111 - - [07/Aug/2023:01:37:03 -0500] "GET /portaldeninos/ HTTP/1.1" 200 110197
40.77.167.113 - - [07/Aug/2023:01:37:57 -0500] "GET /BLA/resoluciones/AUTOS%202022/2864.pdf HTTP/1.1" 304 -
216.245.221.92 - - [07/Aug/2023:01:39:20 -0500] "HEAD / HTTP/1.1" 200 -
201.245.192.253 - - [07/Aug/2023:01:39:26 -0500] "GET /kwsrmcab/Wsrmcab?wsdl HTTP/1.1" 200 6948
201.245.192.253 - - [07/Aug/2023:01:39:27 -0500] "POST /kwsrmcab/Wsrmcab HTTP/1.1" 200 43227
201.245.192.253 - - [07/Aug/2023:01:39:30 -0500] "POST /kwsrmcab/Wsrmcab HTTP/1.1" 200 44545
201.245.192.253 - - [07/Aug/2023:01:40:28 -0500] "POST /kwsrmcab/Wsrmcab  HTTP/1.1" 200 42098
172.22.2.4 - - [07/Aug/2023:01:39:54 -0500] "HEAD /BLA/boletinlegal/ HTTP/1.1" 200 -
172.22.2.4 - - [07/Aug/2023:01:40:44 -0500] "GET /BLA/boletinlegal/ HTTP/1.1" 200 58079
216.245.221.92 - - [07/Aug/2023:01:44:20 -0500] "HEAD / HTTP/1.1" 200 -
201.245.192.253 - - [07/Aug/2023:01:45:28 -0500] "POST /kwsrmcab/Wsrmcab  HTTP/1.1" 200 42098
172.22.2.4 - - [07/Aug/2023:01:45:44 -0500] "HEAD /BLA/boletinlegal/ HTTP/1.1" 200 -
172.22.2.4 - - [07/Aug/2023:01:46:34 -0500] "GET /BLA/boletinlegal/ HTTP/1.1" 200 58079
181.59.3.225 - - [07/Aug/2023:01:49:03 -0500] "GET /BLA/resoluciones/index.php?dir=AUTOS+2019%2F HTTP/1.1" 200 383585
181.59.3.225 - - [07/Aug/2023:01:49:08 -0500] "GET /BLA/resoluciones/index.php HTTP/1.1" 200 13502
216.245.221.92 - - [07/Aug/2023:01:49:19 -0500] "HEAD / HTTP/1.1" 200 -
66.249.79.101 - - [07/Aug/2023:01:49:23 -0500] "GET /BLA/resoluciones/RESOLUCIONES%202014/0173.pdf HTTP/1.1" 200 698489
181.59.3.225 - - [07/Aug/2023:01:49:24 -0500] "GET /BLA/resoluciones/index.php?dir=RESOLUCIONES+2019%2F HTTP/1.1" 200 255801
66.249.79.101 - - [07/Aug/2023:01:49:24 -0500] "GET /BLA/resoluciones/RESOLUCIONES%202013/2342.pdf HTTP/1.1" 200 950409
66.249.79.100 - - [07/Aug/2023:01:49:25 -0500] "GET /BLA/resoluciones/RESOLUCIONES%202016/2419.pdf HTTP/1.1" 200 355552
66.249.79.101 - - [07/Aug/2023:01:49:26 -0500] "GET /BLA/resoluciones/RESOLUCIONES%202016/1519.pdf HTTP/1.1" 200 813769
66.249.79.100 - - [07/Aug/2023:01:49:27 -0500] "GET /Publicaciones/2023EE165073.pdf HTTP/1.1" 200 706074
181.59.3.225 - - [07/Aug/2023:01:50:12 -0500] "GET /BLA/resoluciones/RESOLUCIONES%202019/3497.pdf HTTP/1.1" 200 290396
201.245.192.253 - - [07/Aug/2023:01:50:27 -0500] "POST /kwsrmcab/Wsrmcab  HTTP/1.1" 200 42098
40.77.167.1 - - [07/Aug/2023:01:51:06 -0500] "GET /BLA/resoluciones/AUTOS%202021/1696.pdf HTTP/1.1" 304 -
168.119.253.69 - - [07/Aug/2023:01:51:25 -0500] "GET / HTTP/1.1" 200 319
172.22.2.4 - - [07/Aug/2023:01:51:34 -0500] "HEAD /BLA/boletinlegal/ HTTP/1.1" 200 -
172.22.2.4 - - [07/Aug/2023:01:52:24 -0500] "GET /BLA/boletinlegal/ HTTP/1.1" 200 58474
216.245.221.92 - - [07/Aug/2023:01:54:20 -0500] "HEAD / HTTP/1.1" 200 -
201.245.192.253 - - [07/Aug/2023:01:55:26 -0500] "POST /kwsrmcab/Wsrmcab  HTTP/1.1" 200 42098
40.77.167.113 - - [07/Aug/2023:01:55:37 -0500] "GET /BLA/resoluciones/AUTOS%202021/4053.pdf HTTP/1.1" 304 -
172.22.2.4 - - [07/Aug/2023:01:56:12 -0500] "GET /BLA/boletinlegal/ab2g HTTP/1.1" 404 1018
172.22.2.4 - - [07/Aug/2023:01:56:13 -0500] "GET /BLA/boletinlegal/ab2h HTTP/1.1" 404 1018
172.22.2.4 - - [07/Aug/2023:01:56:32 -0500] "GET /BLA/boletinlegal/t4 HTTP/1.1" 404 1018
172.22.2.4 - - [07/Aug/2023:01:56:35 -0500] "GET /BLA/boletinlegal/favicon.ico HTTP/1.1" 404 1018
172.22.2.4 - - [07/Aug/2023:01:56:21 -0500] "GET /BLA/boletinlegal/ HTTP/1.1" 200 32715
172.22.2.4 - - [07/Aug/2023:01:56:36 -0500] "GET /BLA/boletinlegal/ HTTP/1.1" 200 32715
172.22.2.4 - - [07/Aug/2023:01:57:24 -0500] "HEAD /BLA/boletinlegal/ HTTP/1.1" 200 -
216.245.221.92 - - [07/Aug/2023:01:59:20 -0500] "HEAD / HTTP/1.1" 200 -
172.22.2.4 - - [07/Aug/2023:01:58:14 -0500] "GET /BLA/boletinlegal/ HTTP/1.1" 200 59824
201.245.192.253 - - [07/Aug/2023:02:00:24 -0500] "POST /kwsrmcab/Wsrmcab  HTTP/1.1" 200 42098
40.77.167.113 - - [07/Aug/2023:02:01:58 -0500] "GET /BLA/resoluciones/AUTOS%202013/0746.pdf HTTP/1.1" 304 -
69.171.251.116 - - [07/Aug/2023:02:03:18 -0500] "GET /cumpleanos-485-de-bogota-inscribete-a-las-jornadas-de-monitoreo-a-la-biodiversidad.html HTTP/1.1" 200 847
69.171.251.10 - - [07/Aug/2023:02:03:21 -0500] "GET /cumpleanos-485-de-bogota-inscribete-a-las-jornadas-de-monitoreo-a-la-biodiversidad.html HTTP/1.1" 206 847
216.245.221.92 - - [07/Aug/2023:02:04:19 -0500] "HEAD / HTTP/1.1" 200 -
172.22.2.4 - - [07/Aug/2023:02:03:14 -0500] "HEAD /BLA/boletinlegal/ HTTP/1.1" 200 -
52.167.144.33 - - [07/Aug/2023:02:05:17 -0500] "GET /BLA/resoluciones/RESOLUCIONES%202021/2903.pdf HTTP/1.1" 200 474460
201.245.192.253 - - [07/Aug/2023:02:05:23 -0500] "POST /kwsrmcab/Wsrmcab  HTTP/1.1" 200 42098
172.22.2.4 - - [07/Aug/2023:02:04:04 -0500] "GET /BLA/boletinlegal/ HTTP/1.1" 200 53248
216.245.221.92 - - [07/Aug/2023:02:09:19 -0500] "HEAD / HTTP/1.1" 200 -
52.167.144.76 - - [07/Aug/2023:02:09:32 -0500] "GET /BLA/resoluciones/AUTOS%202022/0391.pdf HTTP/1.1" 304 -
201.245.192.253 - - [07/Aug/2023:02:10:21 -0500] "POST /kwsrmcab/Wsrmcab  HTTP/1.1" 200 42098
172.22.2.4 - - [07/Aug/2023:02:09:04 -0500] "HEAD /BLA/boletinlegal/ HTTP/1.1" 200 -
181.59.3.225 - - [07/Aug/2023:02:10:51 -0500] "GET /BLA/resoluciones/index.php HTTP/1.1" 200 13502
181.59.3.225 - - [07/Aug/2023:02:10:53 -0500] "GET /BLA/resoluciones/index.php?dir=RESOLUCIONES+2018%2F HTTP/1.1" 200 276877
52.167.144.33 - - [07/Aug/2023:02:11:19 -0500] "GET /BLA/resoluciones/RESOLUCIONES%202022/0585.pdf HTTP/1.1" 304 -
172.22.2.4 - - [07/Aug/2023:02:09:54 -0500] "GET /BLA/boletinlegal/ HTTP/1.1" 200 60612
216.245.221.92 - - [07/Aug/2023:02:14:20 -0500] "HEAD / HTTP/1.1" 200 -
201.245.192.253 - - [07/Aug/2023:02:15:20 -0500] "POST /kwsrmcab/Wsrmcab  HTTP/1.1" 200 42098
172.22.2.4 - - [07/Aug/2023:02:14:54 -0500] "HEAD /BLA/boletinlegal/ HTTP/1.1" 200 -
172.22.2.4 - - [07/Aug/2023:02:15:56 -0500] "GET /BLA/boletinlegal/ HTTP/1.1" 200 20427
172.22.2.4 - - [07/Aug/2023:02:15:35 -0500] "OPTIONS /BLA/boletinlegal/ HTTP/1.1" 200 40907
172.22.2.4 - - [07/Aug/2023:02:15:44 -0500] "GET /BLA/boletinlegal/ HTTP/1.1" 200 42626
216.245.221.92 - - [07/Aug/2023:02:19:19 -0500] "HEAD / HTTP/1.1" 200 -
201.245.192.253 - - [07/Aug/2023:02:19:26 -0500] "POST /kwsrmcab/Wsrmcab HTTP/1.1" 200 43226
201.245.192.253 - - [07/Aug/2023:02:19:29 -0500] "POST /kwsrmcab/Wsrmcab HTTP/1.1" 200 44538
51.222.253.14 - - [07/Aug/2023:02:19:35 -0500] "GET /robots.txt HTTP/1.1" 404 1018
201.245.192.253 - - [07/Aug/2023:02:20:19 -0500] "POST /kwsrmcab/Wsrmcab  HTTP/1.1" 200 42098
167.248.133.33 - - [07/Aug/2023:02:20:45 -0500] "GET / HTTP/1.1" 200 319
167.248.133.33 - - [07/Aug/2023:02:20:45 -0500] "GET / HTTP/1.1" 200 319
167.248.133.33 - - [07/Aug/2023:02:20:45 -0500] "PRI * HTTP/2.0" 400 946
167.248.133.33 - - [07/Aug/2023:02:20:45 -0500] "GET /favicon.ico HTTP/1.1" 200 7782
172.22.2.4 - - [07/Aug/2023:02:20:44 -0500] "HEAD /BLA/boletinlegal/ HTTP/1.1" 200 -
172.22.2.4 - - [07/Aug/2023:02:22:39 -0500] "POST /BLA/boletinlegal/nation.php HTTP/1.1" 404 1018
172.22.2.4 - - [07/Aug/2023:02:22:40 -0500] "GET /BLA/boletinlegal/is-bin HTTP/1.1" 404 1018
172.22.2.4 - - [07/Aug/2023:02:22:41 -0500] "GET /BLA/boletinlegal/is-bin HTTP/1.1" 404 1018
172.22.2.4 - - [07/Aug/2023:02:22:42 -0500] "GET /BLA/boletinlegal/news.php HTTP/1.1" 404 1018
172.22.2.4 - - [07/Aug/2023:02:22:42 -0500] "GET /BLA/boletinlegal/load HTTP/1.1" 404 1018
172.22.2.4 - - [07/Aug/2023:02:22:43 -0500] "GET /BLA/boletinlegal/new/login HTTP/1.1" 404 1018
172.22.2.4 - - [07/Aug/2023:02:22:44 -0500] "GET /BLA/boletinlegal/viwwwsogou?op=8&query=%E7%A8%8F%E5%BB%BA%09%E9%BE%90%E1%B7%A2 HTTP/1.1" 404 1017
172.22.2.4 - - [07/Aug/2023:02:22:45 -0500] "GET /BLA/boletinlegal/e3e7e71a0b28b5e96cc492e636722f73/4sVKAOvu3D/BDyot0NxyG.php HTTP/1.1" 406 -
172.22.2.4 - - [07/Aug/2023:02:22:46 -0500] "GET /BLA/boletinlegal/jquery.js HTTP/1.1" 404 1018
172.22.2.4 - - [07/Aug/2023:02:22:47 -0500] "GET /BLA/boletinlegal/wh/glass.php HTTP/1.1" 404 1018
172.22.2.4 - - [07/Aug/2023:02:22:48 -0500] "GET /BLA/boletinlegal/login HTTP/1.1" 404 1018
172.22.2.4 - - [07/Aug/2023:02:22:49 -0500] "GET /BLA/boletinlegal/c/msdownload/update/software/update/2021/11/6632de33-967441-x86.cab HTTP/1.1" 404 1022
172.22.2.4 - - [07/Aug/2023:02:22:49 -0500] "GET /BLA/boletinlegal/c/msdownload/update/software/update/2021/11/6632de33-967441-x86.cab HTTP/1.1" 404 1022
172.22.2.4 - - [07/Aug/2023:02:22:50 -0500] "GET /BLA/boletinlegal/fw6I HTTP/1.1" 404 1018
172.22.2.4 - - [07/Aug/2023:02:22:50 -0500] "GET /BLA/boletinlegal/fw6I HTTP/1.1" 404 1018
172.22.2.4 - - [07/Aug/2023:02:22:51 -0500] "GET /BLA/boletinlegal/UyZ4 HTTP/1.1" 404 1018
172.22.2.4 - - [07/Aug/2023:02:22:51 -0500] "GET /BLA/boletinlegal/V3gl HTTP/1.1" 404 1018
172.22.2.4 - - [07/Aug/2023:02:22:52 -0500] "GET /BLA/boletinlegal/Visu/ens/events HTTP/1.1" 404 1021
172.22.2.4 - - [07/Aug/2023:02:22:53 -0500] "GET /BLA/boletinlegal/Visu/ens/events HTTP/1.1" 404 1021
172.22.2.4 - - [07/Aug/2023:02:22:29 -0500] "GET /BLA/boletinlegal/ HTTP/1.1" 200 24523
172.22.2.4 - - [07/Aug/2023:02:21:34 -0500] "GET /BLA/boletinlegal/ HTTP/1.1" 200 56452
216.245.221.92 - - [07/Aug/2023:02:24:19 -0500] "HEAD / HTTP/1.1" 200 -
201.245.192.253 - - [07/Aug/2023:02:25:20 -0500] "POST /kwsrmcab/Wsrmcab  HTTP/1.1" 200 42098
43.139.88.124 - - [07/Aug/2023:02:26:05 -0500] "GET /xmlrpc.php HTTP/1.1" 404 1035
172.22.2.4 - - [07/Aug/2023:02:26:34 -0500] "HEAD /BLA/boletinlegal/ HTTP/1.1" 200 -
52.167.144.76 - - [07/Aug/2023:02:28:14 -0500] "GET /BLA/resoluciones/RESOLUCIONES%202021/3043.pdf HTTP/1.1" 304 -
172.22.2.4 - - [07/Aug/2023:02:27:24 -0500] "GET /BLA/boletinlegal/ HTTP/1.1" 200 60612
216.245.221.92 - - [07/Aug/2023:02:29:19 -0500] "HEAD / HTTP/1.1" 200 -
201.245.192.253 - - [07/Aug/2023:02:29:26 -0500] "POST /kwsrmcab/Wsrmcab HTTP/1.1" 200 43226
201.245.192.253 - - [07/Aug/2023:02:29:29 -0500] "POST /kwsrmcab/Wsrmcab HTTP/1.1" 200 44538
201.245.192.253 - - [07/Aug/2023:02:30:16 -0500] "POST /kwsrmcab/Wsrmcab  HTTP/1.1" 200 42098
172.22.2.4 - - [07/Aug/2023:02:32:24 -0500] "HEAD /BLA/boletinlegal/ HTTP/1.1" 200 -
216.245.221.92 - - [07/Aug/2023:02:34:19 -0500] "HEAD / HTTP/1.1" 200 -
172.22.2.4 - - [07/Aug/2023:02:33:14 -0500] "GET /BLA/boletinlegal/ HTTP/1.1" 200 57680
201.245.192.253 - - [07/Aug/2023:02:35:14 -0500] "POST /kwsrmcab/Wsrmcab  HTTP/1.1" 200 42098
172.22.2.4 - - [07/Aug/2023:02:38:06 -0500] "GET /BLA/boletinlegal/robots.txt HTTP/1.1" 404 1038
172.22.2.4 - - [07/Aug/2023:02:38:07 -0500] "GET /BLA/boletinlegal/favicon.ico HTTP/1.1" 404 1038
31.13.103.118 - - [07/Aug/2023:02:38:35 -0500] "GET /del-22-al-26-de-noviembre-se-realizara-la-semana-ecoempresarial-en-bogota.html HTTP/1.1" 200 860
216.245.221.92 - - [07/Aug/2023:02:39:19 -0500] "HEAD / HTTP/1.1" 200 -
201.245.192.253 - - [07/Aug/2023:02:39:27 -0500] "POST /kwsrmcab/Wsrmcab HTTP/1.1" 200 43226
201.245.192.253 - - [07/Aug/2023:02:39:30 -0500] "POST /kwsrmcab/Wsrmcab HTTP/1.1" 200 44538
172.22.2.4 - - [07/Aug/2023:02:38:14 -0500] "HEAD /BLA/boletinlegal/ HTTP/1.1" 200 -
201.245.192.253 - - [07/Aug/2023:02:40:14 -0500] "POST /kwsrmcab/Wsrmcab  HTTP/1.1" 200 42098
172.22.2.4 - - [07/Aug/2023:02:39:04 -0500] "GET /BLA/boletinlegal/ HTTP/1.1" 200 58079
149.28.51.173 - - [07/Aug/2023:02:42:01 -0500] "HEAD /portaldeninos/parque-mirador-de-los-nevados/ HTTP/1.1" 200 -
216.245.221.92 - - [07/Aug/2023:02:44:19 -0500] "HEAD / HTTP/1.1" 200 -
88.198.140.4 - - [07/Aug/2023:02:44:46 -0500] "GET / HTTP/1.1" 200 319
94.130.150.75 - - [07/Aug/2023:02:44:46 -0500] "GET / HTTP/1.1" 200 319
201.245.192.253 - - [07/Aug/2023:02:45:12 -0500] "POST /kwsrmcab/Wsrmcab  HTTP/1.1" 200 42098
172.22.2.4 - - [07/Aug/2023:02:44:03 -0500] "HEAD /BLA/boletinlegal/ HTTP/1.1" 200 -
54.246.76.181 - - [07/Aug/2023:02:46:19 -0500] "GET /BLA/resoluciones/AUTOS%202021/3735.pdf HTTP/1.1" 200 350230
172.22.2.4 - - [07/Aug/2023:02:44:54 -0500] "GET /BLA/boletinlegal/ HTTP/1.1" 200 58079
66.249.79.101 - - [07/Aug/2023:02:48:14 -0500] "GET /Publicaciones/2022EE308822.pdf HTTP/1.1" 404 228
52.167.144.33 - - [07/Aug/2023:02:48:32 -0500] "GET /php/CarreraAdministrativa/INSTRUCTIVO_SISTEMA_PROPIO_SDA_2010.doc HTTP/1.1" 404 1018
216.245.221.92 - - [07/Aug/2023:02:49:19 -0500] "HEAD / HTTP/1.1" 200 -
201.245.192.253 - - [07/Aug/2023:02:50:11 -0500] "POST /kwsrmcab/Wsrmcab  HTTP/1.1" 200 42098
172.22.2.4 - - [07/Aug/2023:02:49:53 -0500] "HEAD /BLA/boletinlegal/ HTTP/1.1" 200 -
172.22.2.4 - - [07/Aug/2023:02:50:44 -0500] "GET /BLA/boletinlegal/ HTTP/1.1" 200 60612
66.220.149.7 - - [07/Aug/2023:02:53:05 -0500] "GET /calidad-del-aire-distrito-avanza-unido-por-un-nuevo-aire.html?utm_id=Julio_2023 HTTP/1.1" 200 783
216.245.221.92 - - [07/Aug/2023:02:54:19 -0500] "HEAD / HTTP/1.1" 200 -
201.245.192.253 - - [07/Aug/2023:02:55:10 -0500] "POST /kwsrmcab/Wsrmcab  HTTP/1.1" 200 42098
172.22.2.4 - - [07/Aug/2023:02:55:44 -0500] "HEAD /BLA/boletinlegal/ HTTP/1.1" 200 -
172.22.2.4 - - [07/Aug/2023:02:56:34 -0500] "GET /BLA/boletinlegal/ HTTP/1.1" 200 58474
216.245.221.92 - - [07/Aug/2023:02:59:19 -0500] "HEAD / HTTP/1.1" 200 -
201.245.192.253 - - [07/Aug/2023:03:00:09 -0500] "POST /kwsrmcab/Wsrmcab  HTTP/1.1" 200 42098
173.252.95.9 - - [07/Aug/2023:03:02:09 -0500] "GET /calidad-del-aire-distrito-avanza-unido-por-un-nuevo-aire.html?utm_id=Julio_2023 HTTP/1.1" 200 783
52.167.144.33 - - [07/Aug/2023:03:03:02 -0500] "GET /BLA/resoluciones/RESOLUCIONES%202010/4316.pdf HTTP/1.1" 200 51794
172.22.2.4 - - [07/Aug/2023:03:01:33 -0500] "HEAD /BLA/boletinlegal/ HTTP/1.1" 200 -
172.22.2.4 - - [07/Aug/2023:03:02:24 -0500] "GET /BLA/boletinlegal/ HTTP/1.1" 200 58079
216.245.221.92 - - [07/Aug/2023:03:04:19 -0500] "HEAD / HTTP/1.1" 200 -
172.22.2.4 - - [07/Aug/2023:03:04:43 -0500] "GET /BLA/boletinlegal/.env HTTP/1.1" 404 1018
201.245.192.253 - - [07/Aug/2023:03:05:07 -0500] "POST /kwsrmcab/Wsrmcab  HTTP/1.1" 200 42098
172.22.2.4 - - [07/Aug/2023:03:06:57 -0500] "GET /BLA/boletinlegal/robots.txt HTTP/1.1" 404 1038
172.22.2.4 - - [07/Aug/2023:03:06:58 -0500] "GET /BLA/boletinlegal/ HTTP/1.1" 200 54453
172.22.2.4 - - [07/Aug/2023:03:07:23 -0500] "HEAD /BLA/boletinlegal/ HTTP/1.1" 200 -
216.245.221.92 - - [07/Aug/2023:03:09:19 -0500] "HEAD / HTTP/1.1" 200 -
172.22.2.4 - - [07/Aug/2023:03:08:14 -0500] "GET /BLA/boletinlegal/ HTTP/1.1" 200 57272
201.245.192.253 - - [07/Aug/2023:03:10:06 -0500] "POST /kwsrmcab/Wsrmcab  HTTP/1.1" 200 42098
172.22.2.4 - - [07/Aug/2023:03:11:28 -0500] "GET /BLA/boletinlegal/jurisprudencia.php HTTP/1.1" 200 17583
172.22.2.4 - - [07/Aug/2023:03:11:31 -0500] "GET /BLA/boletinlegal/documentos-importantes.php HTTP/1.1" 200 4829
172.22.2.4 - - [07/Aug/2023:03:11:33 -0500] "GET /BLA/boletinlegal/normativa.php HTTP/1.1" 200 8343
172.22.2.4 - - [07/Aug/2023:03:11:35 -0500] "GET /BLA/boletinlegal/doctrina.php HTTP/1.1" 200 5614
172.22.2.4 - - [07/Aug/2023:03:11:37 -0500] "GET /BLA/boletinlegal/conceptos.php HTTP/1.1" 200 7496
172.22.2.4 - - [07/Aug/2023:03:11:40 -0500] "GET /BLA/boletinlegal/sugerencias.php HTTP/1.1" 200 8615
172.22.2.4 - - [07/Aug/2023:03:11:42 -0500] "GET /BLA/boletinlegal/actos.php HTTP/1.1" 200 9682
52.167.144.33 - - [07/Aug/2023:03:11:46 -0500] "GET /BLA/resoluciones/RESOLUCIONES%202009/2871.pdf HTTP/1.1" 200 1061100
172.22.2.4 - - [07/Aug/2023:03:11:44 -0500] "GET /BLA/boletinlegal/index.php HTTP/1.1" 200 61779
40.77.167.113 - - [07/Aug/2023:03:14:03 -0500] "GET /Publicaciones/2023EE130890.pdf HTTP/1.1" 404 228
216.245.221.92 - - [07/Aug/2023:03:14:19 -0500] "HEAD / HTTP/1.1" 200 -
34.67.136.168 - - [07/Aug/2023:03:14:26 -0500] "GET / HTTP/1.1" 200 319
172.22.2.4 - - [07/Aug/2023:03:13:13 -0500] "HEAD /BLA/boletinlegal/ HTTP/1.1" 200 -
201.245.192.253 - - [07/Aug/2023:03:15:04 -0500] "POST /kwsrmcab/Wsrmcab  HTTP/1.1" 200 42098
172.22.2.4 - - [07/Aug/2023:03:14:04 -0500] "GET /BLA/boletinlegal/ HTTP/1.1" 200 58079
52.167.144.76 - - [07/Aug/2023:03:17:35 -0500] "GET /BLA/resoluciones/AUTOS%202013/1469.pdf HTTP/1.1" 304 -
40.77.167.1 - - [07/Aug/2023:03:19:17 -0500] "GET /BLA/resoluciones/index.php?dir=RESOLUCIONES%202005/RES%202005%20%201601-1650/&sort=size&order=asc HTTP/1.1" 200 12426
216.245.221.92 - - [07/Aug/2023:03:19:19 -0500] "HEAD / HTTP/1.1" 200 -
66.249.79.101 - - [07/Aug/2023:03:19:23 -0500] "GET /BLA/resoluciones/RESOLUCIONES%202011/0547.pdf HTTP/1.1" 200 69241
66.249.79.102 - - [07/Aug/2023:03:19:24 -0500] "GET /BLA/resoluciones/AUTOS%202014/6964.pdf HTTP/1.1" 200 691974
66.249.79.102 - - [07/Aug/2023:03:19:25 -0500] "GET /BLA/resoluciones/AUTOS%202007/0449.pdf HTTP/1.1" 200 107491
66.249.79.101 - - [07/Aug/2023:03:19:26 -0500] "GET /BLA/resoluciones/RESOLUCIONES%201999/RESOLUCION%20296%20DE%201999.pdf HTTP/1.1" 200 146057
66.249.79.101 - - [07/Aug/2023:03:19:26 -0500] "GET /BLA/resoluciones/AUTOS%202014/7354.pdf HTTP/1.1" 200 434309
66.249.79.102 - - [07/Aug/2023:03:19:27 -0500] "GET /BLA/resoluciones/RESOLUCIONES%202016/0012.pdf HTTP/1.1" 200 516260
201.245.192.253 - - [07/Aug/2023:03:19:26 -0500] "POST /kwsrmcab/Wsrmcab HTTP/1.1" 200 43204
201.245.192.253 - - [07/Aug/2023:03:19:29 -0500] "POST /kwsrmcab/Wsrmcab HTTP/1.1" 200 44524
201.245.192.253 - - [07/Aug/2023:03:20:03 -0500] "POST /kwsrmcab/Wsrmcab  HTTP/1.1" 200 42098
172.22.2.4 - - [07/Aug/2023:03:19:03 -0500] "HEAD /BLA/boletinlegal/ HTTP/1.1" 200 -
172.22.2.4 - - [07/Aug/2023:03:19:54 -0500] "GET /BLA/boletinlegal/ HTTP/1.1" 200 56452
216.245.221.92 - - [07/Aug/2023:03:24:19 -0500] "HEAD / HTTP/1.1" 200 -
172.22.2.4 - - [07/Aug/2023:03:24:30 -0500] "GET /BLA/boletinlegal/norma_menu.php HTTP/1.1" 200 6328
172.22.2.4 - - [07/Aug/2023:03:24:45 -0500] "GET /BLA/boletinlegal/js/jquery1.js HTTP/1.1" 200 29846
172.22.2.4 - - [07/Aug/2023:03:24:45 -0500] "GET /BLA/boletinlegal/js/ajax.js HTTP/1.1" 200 772
172.22.2.4 - - [07/Aug/2023:03:24:45 -0500] "GET /BLA/boletinlegal/swfobject.js HTTP/1.1" 200 9763
172.22.2.4 - - [07/Aug/2023:03:24:45 -0500] "GET /BLA/boletinlegal/js/popup.js HTTP/1.1" 200 1270
201.245.192.253 - - [07/Aug/2023:03:25:01 -0500] "POST /kwsrmcab/Wsrmcab  HTTP/1.1" 200 42098
172.22.2.4 - - [07/Aug/2023:03:24:53 -0500] "HEAD /BLA/boletinlegal/ HTTP/1.1" 200 -
172.22.2.4 - - [07/Aug/2023:03:25:44 -0500] "GET /BLA/boletinlegal/ HTTP/1.1" 200 58825
216.245.221.92 - - [07/Aug/2023:03:29:19 -0500] "HEAD / HTTP/1.1" 200 -
201.245.192.253 - - [07/Aug/2023:03:29:26 -0500] "POST /kwsrmcab/Wsrmcab HTTP/1.1" 200 43204
201.245.192.253 - - [07/Aug/2023:03:29:29 -0500] "POST /kwsrmcab/Wsrmcab HTTP/1.1" 200 44524
201.245.192.253 - - [07/Aug/2023:03:30:00 -0500] "POST /kwsrmcab/Wsrmcab  HTTP/1.1" 200 42098
71.6.134.234 - - [07/Aug/2023:03:30:13 -0500] "GET / HTTP/1.1" 200 319
52.167.144.33 - - [07/Aug/2023:03:31:05 -0500] "GET /BLA/resoluciones/AUTOS%202022/1498.pdf HTTP/1.1" 304 -
172.22.2.4 - - [07/Aug/2023:03:32:11 -0500] "GET /BLA/boletinlegal/norma_menu.php HTTP/1.1" 200 6328
172.22.2.4 - - [07/Aug/2023:03:32:12 -0500] "GET /BLA/boletinlegal/js/lib.js HTTP/1.1" 200 6474
172.22.2.4 - - [07/Aug/2023:03:30:43 -0500] "HEAD /BLA/boletinlegal/ HTTP/1.1" 200 -
172.22.2.4 - - [07/Aug/2023:03:31:34 -0500] "GET /BLA/boletinlegal/ HTTP/1.1" 200 52495
216.245.221.92 - - [07/Aug/2023:03:34:19 -0500] "HEAD / HTTP/1.1" 200 -
201.245.192.253 - - [07/Aug/2023:03:34:59 -0500] "POST /kwsrmcab/Wsrmcab  HTTP/1.1" 200 42098
172.22.2.4 - - [07/Aug/2023:03:35:24 -0500] "GET /BLA/boletinlegal/ HTTP/1.1" 200 40907
40.77.167.113 - - [07/Aug/2023:03:37:57 -0500] "GET /BLA/resoluciones/AUTOS%202014/2103.pdf HTTP/1.1" 304 -
172.22.2.4 - - [07/Aug/2023:03:36:33 -0500] "HEAD /BLA/boletinlegal/ HTTP/1.1" 200 -
69.63.184.117 - - [07/Aug/2023:03:38:57 -0500] "GET /cumpleanos-485-de-bogota-inscribete-a-las-jornadas-de-monitoreo-a-la-biodiversidad.html HTTP/1.1" 200 847
172.22.2.4 - - [07/Aug/2023:03:37:24 -0500] "GET /BLA/boletinlegal/ HTTP/1.1" 200 58474
173.252.87.6 - - [07/Aug/2023:03:39:12 -0500] "GET /cumpleanos-485-de-bogota-inscribete-a-las-jornadas-de-monitoreo-a-la-biodiversidad.html HTTP/1.1" 200 847
173.252.79.5 - - [07/Aug/2023:03:39:14 -0500] "GET /cumpleanos-485-de-bogota-inscribete-a-las-jornadas-de-monitoreo-a-la-biodiversidad.html HTTP/1.1" 200 847
216.245.221.92 - - [07/Aug/2023:03:39:19 -0500] "HEAD / HTTP/1.1" 200 -
201.245.192.253 - - [07/Aug/2023:03:39:26 -0500] "POST /kwsrmcab/Wsrmcab HTTP/1.1" 200 43204
201.245.192.253 - - [07/Aug/2023:03:39:29 -0500] "POST /kwsrmcab/Wsrmcab HTTP/1.1" 200 44524
201.245.192.253 - - [07/Aug/2023:03:39:58 -0500] "POST /kwsrmcab/Wsrmcab  HTTP/1.1" 200 42098
199.16.157.180 - - [07/Aug/2023:03:40:19 -0500] "GET /images/imagen-palomas_optimized.jpg HTTP/1.1" 200 184069
199.16.157.181 - - [07/Aug/2023:03:40:20 -0500] "GET /distrito-realiza-las-primeras-vasectomias-a-palomas-de-plaza.html HTTP/1.1" 200 958
172.22.2.4 - - [07/Aug/2023:03:40:26 -0500] "GET /BLA/boletinlegal/Directivas/2022/DIRECTIVA%20No.%2000002%20DEL%2022%20DE%20JUNIO%20DEL%202022.pdf HTTP/1.1" 304 -
35.228.208.187 - - [07/Aug/2023:03:43:59 -0500] "\x16\x03\x01" 400 226
35.228.208.187 - - [07/Aug/2023:03:44:01 -0500] "OPTIONS / HTTP/1.0" 200 -
172.22.2.4 - - [07/Aug/2023:03:42:23 -0500] "HEAD /BLA/boletinlegal/ HTTP/1.1" 200 -
52.167.144.76 - - [07/Aug/2023:03:42:32 -0500] "GET /BLA/boletinlegal/ HTTP/1.1" 200 41415
216.245.221.92 - - [07/Aug/2023:03:44:19 -0500] "HEAD / HTTP/1.1" 200 -
52.167.144.33 - - [07/Aug/2023:03:44:26 -0500] "GET /BLA/boletinlegal/js/jquery.js HTTP/1.1" 200 57254
52.167.144.33 - - [07/Aug/2023:03:44:26 -0500] "GET /BLA/boletinlegal/styles2.css HTTP/1.1" 200 1838
40.77.167.255 - - [07/Aug/2023:03:44:30 -0500] "GET /BLA/boletinlegal/js/jquery.scrollTo-min.js HTTP/1.1" 200 1150
40.77.167.255 - - [07/Aug/2023:03:44:30 -0500] "GET /BLA/boletinlegal/style.css HTTP/1.1" 200 9406
172.22.2.4 - - [07/Aug/2023:03:43:14 -0500] "GET /BLA/boletinlegal/ HTTP/1.1" 200 51550
201.245.192.253 - - [07/Aug/2023:03:44:56 -0500] "POST /kwsrmcab/Wsrmcab  HTTP/1.1" 200 42098
66.249.79.101 - - [07/Aug/2023:03:46:52 -0500] "GET /Publicaciones/2023EE164577.pdf HTTP/1.1" 304 -
216.245.221.92 - - [07/Aug/2023:03:49:19 -0500] "HEAD / HTTP/1.1" 200 -
66.249.79.101 - - [07/Aug/2023:03:49:23 -0500] "GET /BLA/resoluciones/RESOLUCIONES%202008/5412.pdf HTTP/1.1" 200 477945
71.6.134.234 - - [07/Aug/2023:03:49:33 -0500] "\x16\x03\x01" 400 226
172.22.2.4 - - [07/Aug/2023:03:48:13 -0500] "HEAD /BLA/boletinlegal/ HTTP/1.1" 200 -
201.245.192.253 - - [07/Aug/2023:03:49:55 -0500] "POST /kwsrmcab/Wsrmcab  HTTP/1.1" 200 42098
172.22.2.4 - - [07/Aug/2023:03:49:04 -0500] "GET /BLA/boletinlegal/ HTTP/1.1" 200 60612
172.22.2.4 - - [07/Aug/2023:03:52:06 -0500] "GET /BLA/boletinlegal/Directivas/2018/Directiva%20No.%2027%20del%2028%20de%20diciembre%20de%202018.pdf HTTP/1.1" 200 2831879
103.122.169.138 - - [07/Aug/2023:03:52:46 -0500] "GET /galeria/galeria/jquery.fancybox.css?v=2.1.5 HTTP/1.1" 200 4895
103.122.169.138 - - [07/Aug/2023:03:52:48 -0500] "GET /BLA/boletinlegal/js/jquery.scrollShow.js HTTP/1.1" 200 4586
103.122.169.138 - - [07/Aug/2023:03:52:50 -0500] "GET /galeria/galeria/jquery.fancybox.js?v=2.1.5 HTTP/1.1" 200 48706
216.245.221.92 - - [07/Aug/2023:03:54:19 -0500] "HEAD / HTTP/1.1" 200 -
201.245.192.253 - - [07/Aug/2023:03:54:54 -0500] "POST /kwsrmcab/Wsrmcab  HTTP/1.1" 200 42098
172.22.2.4 - - [07/Aug/2023:03:54:03 -0500] "HEAD /BLA/boletinlegal/ HTTP/1.1" 200 -
172.22.2.4 - - [07/Aug/2023:03:56:28 -0500] "GET /BLA/boletinlegal/jurisprudencia.php HTTP/1.1" 200 17583
172.22.2.4 - - [07/Aug/2023:03:54:54 -0500] "GET /BLA/boletinlegal/ HTTP/1.1" 200 60185
172.22.2.4 - - [07/Aug/2023:03:56:28 -0500] "GET /BLA/boletinlegal/ HTTP/1.1" 200 62277
132.191.3.57 - - [07/Aug/2023:03:59:05 -0500] "GET /galeria/galeria/jquery.fancybox.css?v=2.1.5 HTTP/1.1" 200 4895
132.191.3.57 - - [07/Aug/2023:03:59:05 -0500] "GET /BLA/boletinlegal/js/jquery.scrollShow.js HTTP/1.1" 200 4586
132.191.3.57 - - [07/Aug/2023:03:59:05 -0500] "GET /galeria/galeria/jquery.fancybox.js?v=2.1.5 HTTP/1.1" 200 48706
216.245.221.92 - - [07/Aug/2023:03:59:19 -0500] "HEAD / HTTP/1.1" 200 -
201.245.192.253 - - [07/Aug/2023:03:59:52 -0500] "POST /kwsrmcab/Wsrmcab  HTTP/1.1" 200 42098
172.22.2.4 - - [07/Aug/2023:03:59:53 -0500] "HEAD /BLA/boletinlegal/ HTTP/1.1" 200 -
172.22.2.4 - - [07/Aug/2023:04:00:44 -0500] "GET /BLA/boletinlegal/ HTTP/1.1" 200 53248
172.22.2.4 - - [07/Aug/2023:04:01:07 -0500] "GET /BLA/boletinlegal/ HTTP/1.1" 200 55337
216.245.221.92 - - [07/Aug/2023:04:04:19 -0500] "HEAD / HTTP/1.1" 200 -
201.245.192.253 - - [07/Aug/2023:04:04:50 -0500] "POST /kwsrmcab/Wsrmcab  HTTP/1.1" 200 42098
94.102.61.10 - - [07/Aug/2023:04:05:11 -0500] "GET / HTTP/1.1" 200 319
172.22.2.4 - - [07/Aug/2023:04:05:43 -0500] "HEAD /BLA/boletinlegal/ HTTP/1.1" 200 -
172.22.2.4 - - [07/Aug/2023:04:06:34 -0500] "GET /BLA/boletinlegal/ HTTP/1.1" 200 60612
216.245.221.92 - - [07/Aug/2023:04:09:19 -0500] "HEAD / HTTP/1.1" 200 -
201.245.192.253 - - [07/Aug/2023:04:09:48 -0500] "POST /kwsrmcab/Wsrmcab  HTTP/1.1" 200 42098
65.132.186.86 - - [07/Aug/2023:04:09:55 -0500] "GET /admin/.env HTTP/1.1" 404 1018
65.132.186.86 - - [07/Aug/2023:04:09:56 -0500] "POST /admin HTTP/1.1" 404 1018
172.22.2.4 - - [07/Aug/2023:04:11:33 -0500] "HEAD /BLA/boletinlegal/ HTTP/1.1" 200 -
172.22.2.4 - - [07/Aug/2023:04:12:24 -0500] "GET /BLA/boletinlegal/ HTTP/1.1" 200 57680
216.245.221.92 - - [07/Aug/2023:04:14:19 -0500] "HEAD / HTTP/1.1" 200 -
52.167.144.33 - - [07/Aug/2023:04:14:20 -0500] "GET /BLA/resoluciones/AUTOS%202013/2403.pdf HTTP/1.1" 304 -
201.245.192.253 - - [07/Aug/2023:04:14:46 -0500] "POST /kwsrmcab/Wsrmcab  HTTP/1.1" 200 42098
52.167.144.76 - - [07/Aug/2023:04:16:24 -0500] "GET /Publicaciones/2023EE115585.pdf HTTP/1.1" 404 228
40.77.167.113 - - [07/Aug/2023:04:18:41 -0500] "GET /BLA/resoluciones/AUTOS%202021/1836.pdf HTTP/1.1" 304 -
172.22.2.4 - - [07/Aug/2023:04:17:23 -0500] "HEAD /BLA/boletinlegal/ HTTP/1.1" 200 -
216.245.221.92 - - [07/Aug/2023:04:19:19 -0500] "HEAD / HTTP/1.1" 200 -
66.249.79.102 - - [07/Aug/2023:04:19:24 -0500] "GET /robots.txt HTTP/1.1" 404 1018
66.249.79.100 - - [07/Aug/2023:04:19:24 -0500] "GET /BLA/resoluciones/AUTOS%202016/3134.pdf HTTP/1.1" 200 382630
201.245.192.253 - - [07/Aug/2023:04:19:26 -0500] "POST /kwsrmcab/Wsrmcab HTTP/1.1" 200 43219
201.245.192.253 - - [07/Aug/2023:04:19:29 -0500] "POST /kwsrmcab/Wsrmcab HTTP/1.1" 200 44527
201.245.192.253 - - [07/Aug/2023:04:19:46 -0500] "POST /kwsrmcab/Wsrmcab  HTTP/1.1" 200 42098
172.22.2.4 - - [07/Aug/2023:04:18:14 -0500] "GET /BLA/boletinlegal/ HTTP/1.1" 200 58079
162.55.175.141 - - [07/Aug/2023:04:23:40 -0500] "GET / HTTP/1.1" 200 319
216.245.221.92 - - [07/Aug/2023:04:24:19 -0500] "HEAD / HTTP/1.1" 200 -
201.245.192.253 - - [07/Aug/2023:04:24:44 -0500] "POST /kwsrmcab/Wsrmcab  HTTP/1.1" 200 42098
172.22.2.4 - - [07/Aug/2023:04:23:13 -0500] "HEAD /BLA/boletinlegal/ HTTP/1.1" 200 -
172.22.2.4 - - [07/Aug/2023:04:24:04 -0500] "GET /BLA/boletinlegal/ HTTP/1.1" 200 57272
172.22.2.4 - - [07/Aug/2023:04:26:09 -0500] "GET /BLA/boletinlegal/cf_scripts/scripts/ajax/ckeditor/ckeditor.js HTTP/1.1" 404 1018
172.22.2.4 - - [07/Aug/2023:04:26:22 -0500] "GET /BLA/boletinlegal/robots.txt HTTP/1.1" 404 1038
172.22.2.4 - - [07/Aug/2023:04:26:23 -0500] "GET /BLA/boletinlegal/jurisprudencia.php HTTP/1.1" 200 17583
172.22.2.4 - - [07/Aug/2023:04:25:50 -0500] "GET /BLA/boletinlegal/ HTTP/1.1" 200 32715
216.245.221.92 - - [07/Aug/2023:04:29:19 -0500] "HEAD / HTTP/1.1" 200 -
201.245.192.253 - - [07/Aug/2023:04:29:26 -0500] "POST /kwsrmcab/Wsrmcab HTTP/1.1" 200 43219
201.245.192.253 - - [07/Aug/2023:04:29:29 -0500] "POST /kwsrmcab/Wsrmcab HTTP/1.1" 200 44527
201.245.192.253 - - [07/Aug/2023:04:29:43 -0500] "POST /kwsrmcab/Wsrmcab  HTTP/1.1" 200 42098
172.22.2.4 - - [07/Aug/2023:04:29:03 -0500] "HEAD /BLA/boletinlegal/ HTTP/1.1" 200 -
172.22.2.4 - - [07/Aug/2023:04:29:54 -0500] "GET /BLA/boletinlegal/ HTTP/1.1" 200 60612
52.167.144.33 - - [07/Aug/2023:04:31:40 -0500] "GET /BLA/resoluciones/RESOLUCIONES%202010/4546.pdf HTTP/1.1" 200 243337
185.180.143.50 - - [07/Aug/2023:04:32:19 -0500] "GET /portaldeninos/ HTTP/1.1" 200 110197
216.245.221.92 - - [07/Aug/2023:04:34:19 -0500] "HEAD / HTTP/1.1" 200 -
199.16.157.181 - - [07/Aug/2023:04:34:24 -0500] "GET /images/cr%C3%B3nica-29-nov-1_optimized.jpeg HTTP/1.1" 404 1034
201.245.192.253 - - [07/Aug/2023:04:34:42 -0500] "POST /kwsrmcab/Wsrmcab  HTTP/1.1" 200 42098
172.22.2.4 - - [07/Aug/2023:04:34:53 -0500] "HEAD /BLA/boletinlegal/ HTTP/1.1" 200 -
172.22.2.4 - - [07/Aug/2023:04:37:06 -0500] "GET /BLA/boletinlegal/Directivas/2018/Directiva%20No.%2027%20del%2028%20de%20diciembre%20de%202018.pdf HTTP/1.1" 200 2831879
172.22.2.4 - - [07/Aug/2023:04:35:44 -0500] "GET /BLA/boletinlegal/ HTTP/1.1" 200 60612
184.105.247.252 - - [07/Aug/2023:04:37:43 -0500] "\x16\x03\x01" 400 226
216.245.221.92 - - [07/Aug/2023:04:39:19 -0500] "HEAD / HTTP/1.1" 200 -
201.245.192.253 - - [07/Aug/2023:04:39:26 -0500] "POST /kwsrmcab/Wsrmcab HTTP/1.1" 200 43219
201.245.192.253 - - [07/Aug/2023:04:39:29 -0500] "POST /kwsrmcab/Wsrmcab HTTP/1.1" 200 44527
201.245.192.253 - - [07/Aug/2023:04:39:40 -0500] "POST /kwsrmcab/Wsrmcab  HTTP/1.1" 200 42098
172.22.2.4 - - [07/Aug/2023:04:41:26 -0500] "GET /BLA/boletinlegal/Circulares/2017/Circular%20No.%20011%20del%2005%20de%20julio%20de%202017.pdf HTTP/1.1" 304 -
172.22.2.4 - - [07/Aug/2023:04:40:43 -0500] "HEAD /BLA/boletinlegal/ HTTP/1.1" 200 -
