172.22.2.4 - - [07/Aug/2023:14:28:10 -0500] "GET /BLA/boletinlegal/apple-touch-icon-120x120-precomposed.png HTTP/1.1" 404 1140
172.22.2.4 - - [07/Aug/2023:14:28:10 -0500] "GET /BLA/boletinlegal/apple-touch-icon-120x120.png HTTP/1.1" 404 1140
172.22.2.4 - - [07/Aug/2023:14:28:10 -0500] "GET /BLA/boletinlegal/apple-touch-icon-precomposed.png HTTP/1.1" 404 1140
172.22.2.4 - - [07/Aug/2023:14:28:10 -0500] "GET /BLA/boletinlegal/apple-touch-icon.png HTTP/1.1" 404 1140
172.22.2.4 - - [07/Aug/2023:14:28:10 -0500] "GET /BLA/boletinlegal/favicon.ico HTTP/1.1" 404 1140
172.22.2.4 - - [07/Aug/2023:14:28:10 -0500] "GET /BLA/boletinlegal/apple-touch-icon-120x120-precomposed.png HTTP/1.1" 404 1140
172.22.2.4 - - [07/Aug/2023:14:28:10 -0500] "GET /BLA/boletinlegal/apple-touch-icon-120x120.png HTTP/1.1" 404 1140
172.22.2.4 - - [07/Aug/2023:14:28:10 -0500] "GET /BLA/boletinlegal/apple-touch-icon-precomposed.png HTTP/1.1" 404 1140
172.22.2.4 - - [07/Aug/2023:14:28:10 -0500] "GET /BLA/boletinlegal/apple-touch-icon.png HTTP/1.1" 404 1140
172.22.2.4 - - [07/Aug/2023:14:28:10 -0500] "GET /BLA/boletinlegal/favicon.ico HTTP/1.1" 404 1140
201.245.192.253 - - [07/Aug/2023:14:29:03 -0500] "POST /kwsrmcab/Wsrmcab  HTTP/1.1" 200 42098
40.77.167.113 - - [07/Aug/2023:14:29:09 -0500] "GET /BLA/resoluciones/AUTOS%202022/4072.pdf HTTP/1.1" 304 -
216.245.221.92 - - [07/Aug/2023:14:29:18 -0500] "HEAD / HTTP/1.1" 200 -
201.245.192.253 - - [07/Aug/2023:14:29:24 -0500] "POST /kwsrmcab/Wsrmcab HTTP/1.1" 200 43485
201.245.192.253 - - [07/Aug/2023:14:29:27 -0500] "POST /kwsrmcab/Wsrmcab HTTP/1.1" 200 44834
172.22.2.4 - - [07/Aug/2023:14:29:41 -0500] "HEAD /BLA/boletinlegal/ HTTP/1.1" 200 -
172.22.2.4 - - [07/Aug/2023:14:30:31 -0500] "GET /BLA/boletinlegal/ HTTP/1.1" 200 58079
201.245.192.253 - - [07/Aug/2023:14:34:02 -0500] "POST /kwsrmcab/Wsrmcab  HTTP/1.1" 200 42098
216.245.221.92 - - [07/Aug/2023:14:34:18 -0500] "HEAD / HTTP/1.1" 200 -
198.235.24.73 - - [07/Aug/2023:14:36:59 -0500] "GET / HTTP/1.0" 200 319
172.22.2.4 - - [07/Aug/2023:14:35:31 -0500] "HEAD /BLA/boletinlegal/ HTTP/1.1" 200 -
172.22.2.4 - - [07/Aug/2023:14:36:21 -0500] "GET /BLA/boletinlegal/ HTTP/1.1" 200 52495
201.245.192.253 - - [07/Aug/2023:14:39:00 -0500] "POST /kwsrmcab/Wsrmcab  HTTP/1.1" 200 42098
216.245.221.92 - - [07/Aug/2023:14:39:18 -0500] "HEAD / HTTP/1.1" 200 -
201.245.192.253 - - [07/Aug/2023:14:39:23 -0500] "POST /kwsrmcab/Wsrmcab HTTP/1.1" 200 43485
201.245.192.253 - - [07/Aug/2023:14:39:26 -0500] "POST /kwsrmcab/Wsrmcab HTTP/1.1" 200 44834
186.148.181.174 - - [07/Aug/2023:14:40:46 -0500] "GET /kwssiamovil/sm/ldap/au?x=U2FsdGVkX1/ucau8dQZ7lNM1EMMafduVHg8gn1EaMzzZSY3xu0dN0xFugCskMVBU&y=U2FsdGVkX19X5xrXmOsriK4j8jyQh8DwFOcgjSVx/YdZti3M5bQX+EU5/pR6YGXM HTTP/1.1" 200 30
186.148.181.174 - - [07/Aug/2023:14:40:46 -0500] "GET /kwssiamovil/sm/acme/s?s=U2FsdGVkX1/EiIL5pIVjlXDzN6xyQXvHspfk1jpFgwU5jmSv9wLoz1+0YwxQdgdcuY9vecgsCNg+/i/qWBz6FlRwSMHOifiC2catdNlQcgU=&u=U2FsdGVkX18P6gva4IkTesvICoCUMgoe2y9+A1Fak0Q=&y=U2FsdGVkX19X5xrXmOsriK4j8jyQh8DwFOcgjSVx/YdZti3M5bQX+EU5/pR6YGXM HTTP/1.1" 200 97
186.148.181.174 - - [07/Aug/2023:14:40:47 -0500] "GET /kwssiamovil/sm/acme/s?s=U2FsdGVkX18qbPHNe+r5zdyx2tyipuMnp7D4qUPzQuoTnjPbO5dZPTvEBEhA9KiD163303MaRo/lmGigYjrnrXkrHxCwaKvRd8AckIYmAjYqbqHmg4J/OL6xxBcI0zbIfi+IhbAYPUXnoAvAtcCQZQEoHJBGQZtieIo+nXKiy62ZqGMzJsUMAvXxDTesx8ndHTO4rlHdWbof3bm/tq5oNySEiWNt+hWd9vBhsJQpmyUJ0QzDPoVsAOnBhSbir6whqoNVRy6JgPDwLJgjvhIfZzaBkc3xIZWfvRlJzYKOIjhXzuUSjcAtr4iPxN0hQJhRlu6cqLDRJF/Iu+B/tx3nPyMeWjV4CcxmMgawstzEHklxKWxaPby1GTDUf/iatug8fpO791X2uHvBeAoF11xF6WJusJ38QhREM0bZSXrGR/2bbNtuWUfo9Uu9ul3kPHE89leStoVd2bbH2Vg0v326lGq34SZiaSIDCkHyFLvO5SlyOY/4qE3GOABKNEHzy/r0xZh6UCHEVnufPwcFqFz76OjfANBVHbUBl6qE5MKsi6CIPtS9+7wdyc94ZpxKfZ2BdEMVVxtvwMZSRaStdKLnheOY428ZKmBUcUEU/NgDLN6w+DQHrfS1dn3MruoAQ5vr4pWJoE4QC2Hsv+WH7qopkMxRbLnEgtya9R86X/fYV4mdIkamZeYc/GSSxk8v0jmu+yJlNA6dtyfI2lO+i9ghfGJuMoSGJli36V27aVYz4d/baAKI9s61pApOvK4tohp/T77K62qMb0m4EcevHC58jI35n2i2ttEKW6m+U60OjYxsbSJAEmLpOGGicOfc0WOnmWHzeQPngmaJ1A318pXhk7LFiSXi0UvZjmhmaDXXzg3zaE6UNb3DEgJHwNMmKeGW68Qx4i55jqBhuFBPRMw5mKEPF6qxU6ktfrNWPt411qcsHkJVyAjFu6YfBJYTTVK/2OaYPzv1sHlFfkU/gHF/OAAdVGUK0zthzl7G+7RICMjMQSlDvBRfraTsL0k0ddSvGneSY2adW3KNI+b8rOP1reF6xIXE7sHkST3hojh5A+A1Ynw+ic5ioLK58r0QZO7jIE69uTc3F57NaG4mR875311Sj6459yRilPfC7aesatX5j0yibQN/y8t9wbz/AXLWSV36yF3jUs9wfjNcCP8cyzVP1lSKIk3TIKVGoFPvTNVUEle0jCsDJXStOllFMDNdE+ezrLJ4XHT+jz/OqWIvm/3a1YT2SQhs1un4zLb/2qwmUe3J5X3FABwPwY3qXAnjik3s8G4jCgdUEuQ9Ueq6e5cP/RHlwY1+GJs+bgytknrXWR6xn0U+y/8ABlH8FZf70VMVtLf2xL2bECy452wBJLGB3fI+W2WmKBnqEiWkKdFVkEpMhdrJ839HdU2qONGOKnEBrUN5s6R5z8oE82g0rzyR9m1ld3LYKoGwPJB2gms=&u=U2FsdGVkX18P6gva4IkTesvICoCUMgoe2y9+A1Fak0Q=&y=U2FsdGVkX19X5xrXmOsriK4j8jyQh8DwFOcgjSVx/YdZti3M5bQX+EU5/pR6YGXM HTTP/1.1" 200 2283
186.148.181.174 - - [07/Aug/2023:14:40:47 -0500] "GET /kwssiamovil/sm/acme/s?s=U2FsdGVkX1+NZ9RyFMbokOe/i+Ej9wpiUWmzaLH8Y4yGuh/WNx5XsXftAXm0gx87mvPrFjHYt2FbL0N1q9zbLzm57y41KosXBG693OrJEQMaZhqxd/mIoPHuOoDViO+TJD2x9YjDz/ZeFizJVpjy8gkyzs/BQJTCaDuTrpWdas7IPhhG8g4bVbs859IjYM7sskj14yL2lqoT3chEvEjEWTCt8lj1D8lU6GmNNAjBHhorFuoZMwRUX4Y5p6Q4b7EE3YGITq/B+jgZSZ7mGN9W2BmhQW9hbaj4FKJpkhSyuNA5T+5hajwzYa5O+v95ozVT2WAql0JBkufHPmoMNLXkCA==&u=U2FsdGVkX18P6gva4IkTesvICoCUMgoe2y9+A1Fak0Q=&y=U2FsdGVkX19X5xrXmOsriK4j8jyQh8DwFOcgjSVx/YdZti3M5bQX+EU5/pR6YGXM HTTP/1.1" 200 196
186.148.181.174 - - [07/Aug/2023:14:40:47 -0500] "GET /kwssiamovil/sm/cjson/pre?f=1&x=U2FsdGVkX1/ucau8dQZ7lNM1EMMafduVHg8gn1EaMzzZSY3xu0dN0xFugCskMVBU HTTP/1.1" 200 31032
172.22.2.4 - - [07/Aug/2023:14:41:21 -0500] "HEAD /BLA/boletinlegal/ HTTP/1.1" 200 -
172.22.2.4 - - [07/Aug/2023:14:42:11 -0500] "GET /BLA/boletinlegal/ HTTP/1.1" 200 60612
201.245.192.253 - - [07/Aug/2023:14:44:00 -0500] "POST /kwsrmcab/Wsrmcab  HTTP/1.1" 200 42098
143.198.98.192 - - [07/Aug/2023:14:44:07 -0500] "CONNECT google.com:443 HTTP/1.1" 405 938
216.245.221.92 - - [07/Aug/2023:14:44:18 -0500] "HEAD / HTTP/1.1" 200 -
66.249.66.71 - - [07/Aug/2023:14:46:24 -0500] "GET /secretaria-de-ambiente-recuerda-a-comerciantes-implementar-o-actualizar-el-programa-de-uso-racional-de-bolsas-plasticas.html HTTP/1.1" 304 -
172.22.2.4 - - [07/Aug/2023:14:47:11 -0500] "HEAD /BLA/boletinlegal/ HTTP/1.1" 200 -
40.77.167.233 - - [07/Aug/2023:14:48:52 -0500] "GET /portaldeninos/ HTTP/1.1" 200 110197
201.245.192.253 - - [07/Aug/2023:14:48:58 -0500] "POST /kwsrmcab/Wsrmcab  HTTP/1.1" 200 42098
40.77.167.233 - - [07/Aug/2023:14:49:02 -0500] "GET /portaldeninos/ HTTP/1.1" 200 110197
216.245.221.92 - - [07/Aug/2023:14:49:18 -0500] "HEAD / HTTP/1.1" 200 -
213.180.203.51 - - [07/Aug/2023:14:49:27 -0500] "GET /robots.txt HTTP/1.1" 404 1018
213.180.203.224 - - [07/Aug/2023:14:49:28 -0500] "GET / HTTP/1.1" 200 319
172.22.2.4 - - [07/Aug/2023:14:48:01 -0500] "GET /BLA/boletinlegal/ HTTP/1.1" 200 57272
40.77.167.113 - - [07/Aug/2023:14:51:07 -0500] "GET /galeria/galeria/jquery.fancybox.css?v=2.1.5 HTTP/1.1" 200 4895
52.167.144.76 - - [07/Aug/2023:14:51:12 -0500] "GET /galeria/galeria/jquery.fancybox.js?v=2.1.5 HTTP/1.1" 200 48706
66.220.149.11 - - [07/Aug/2023:14:53:16 -0500] "GET /images/Senderos1.jpeg HTTP/1.1" 200 172777
201.245.192.253 - - [07/Aug/2023:14:53:57 -0500] "POST /kwsrmcab/Wsrmcab  HTTP/1.1" 200 42098
216.245.221.92 - - [07/Aug/2023:14:54:18 -0500] "HEAD / HTTP/1.1" 200 -
66.249.70.198 - - [07/Aug/2023:14:54:41 -0500] "GET /BLA/resoluciones/AUTOS%202012/1842.pdf HTTP/1.1" 200 643788
172.22.2.4 - - [07/Aug/2023:14:53:01 -0500] "HEAD /BLA/boletinlegal/ HTTP/1.1" 200 -
113.207.1.133 - - [07/Aug/2023:14:55:30 -0500] "GET /galeria/galeria/fotos/Humedal-techo1P.jpg HTTP/1.1" 200 33428
172.22.2.4 - - [07/Aug/2023:14:53:51 -0500] "GET /BLA/boletinlegal/ HTTP/1.1" 200 58825
3.88.199.22 - - [07/Aug/2023:14:58:07 -0500] "GET /portaldeninos/ HTTP/1.1" 200 110197
66.249.70.197 - - [07/Aug/2023:14:58:10 -0500] "GET /BLA/resoluciones/AUTOS%202014/5781.pdf HTTP/1.1" 200 421535
201.245.192.253 - - [07/Aug/2023:14:58:56 -0500] "POST /kwsrmcab/Wsrmcab  HTTP/1.1" 200 42098
52.167.144.76 - - [07/Aug/2023:14:59:13 -0500] "GET /BLA/resoluciones/AUTOS%202022/6275.pdf HTTP/1.1" 200 425270
216.245.221.92 - - [07/Aug/2023:14:59:18 -0500] "HEAD / HTTP/1.1" 200 -
168.119.101.10 - - [07/Aug/2023:14:59:41 -0500] "GET / HTTP/1.1" 200 319
66.249.70.198 - - [07/Aug/2023:15:00:28 -0500] "GET /POT-2013/Articulado/MEPOT_CTPD_FEBRERO%2020%20DE%202013.pdf HTTP/1.1" 200 11297416
172.22.2.4 - - [07/Aug/2023:14:58:51 -0500] "HEAD /BLA/boletinlegal/ HTTP/1.1" 200 -
172.22.2.4 - - [07/Aug/2023:15:01:05 -0500] "GET /BLA/boletinlegal/consulta_normativa.php?tipo=Acuerdo&sector=residuos&ano=&resuelve=residuos HTTP/1.1" 200 454
172.22.2.4 - - [07/Aug/2023:15:01:05 -0500] "GET /BLA/boletinlegal/consulta_normativa.php?tipo=Acuerdo&sector=residuos&ano=&resuelve=residuos HTTP/1.1" 200 454
172.22.2.4 - - [07/Aug/2023:15:01:05 -0500] "GET /BLA/boletinlegal/normativa.php HTTP/1.1" 200 8343
172.22.2.4 - - [07/Aug/2023:15:01:05 -0500] "GET /BLA/boletinlegal/consulta_normativa.php?tipo=Acuerdo&sector=residuos&ano=&resuelve=residuos HTTP/1.1" 200 454
172.22.2.4 - - [07/Aug/2023:15:01:15 -0500] "GET /BLA/boletinlegal/consulta_normativa.php?tipo=Acuerdo&sector=residuos&ano=&resuelve=residuos HTTP/1.1" 200 454
172.22.2.4 - - [07/Aug/2023:14:59:41 -0500] "GET /BLA/boletinlegal/ HTTP/1.1" 200 58079
172.22.2.4 - - [07/Aug/2023:15:01:22 -0500] "GET /BLA/boletinlegal/consulta_normativa.php?tipo=Resolucion&sector=residuos&ano=&resuelve=residuos HTTP/1.1" 200 4896
66.249.70.198 - - [07/Aug/2023:15:02:33 -0500] "GET /BLA/resoluciones/AUTOS%202014/6262.pdf HTTP/1.1" 200 472920
190.255.40.79 - - [07/Aug/2023:15:02:54 -0500] "GET /bla/resoluciones/RESOLUCIONES%202011/1754.pdf HTTP/1.1" 200 5933639
190.255.40.79 - - [07/Aug/2023:15:02:55 -0500] "GET /favicon.ico HTTP/1.1" 200 7782
190.255.40.79 - - [07/Aug/2023:15:02:55 -0500] "GET /bla/resoluciones/RESOLUCIONES%202011/1754.pdf HTTP/1.1" 200 5933639
190.255.40.79 - - [07/Aug/2023:15:02:55 -0500] "GET /bla/resoluciones/RESOLUCIONES%202011/1754.pdf HTTP/1.1" 206 1025
190.255.40.79 - - [07/Aug/2023:15:03:05 -0500] "GET /bla/resoluciones/RESOLUCIONES%202011/1754.pdf HTTP/1.1" 206 64512
201.245.192.253 - - [07/Aug/2023:15:03:54 -0500] "POST /kwsrmcab/Wsrmcab  HTTP/1.1" 200 42098
216.245.221.92 - - [07/Aug/2023:15:04:18 -0500] "HEAD / HTTP/1.1" 200 -
173.252.79.10 - - [07/Aug/2023:15:04:44 -0500] "GET /images/Reciclaton-2023.jpg HTTP/1.1" 200 68883
66.249.70.197 - - [07/Aug/2023:15:06:08 -0500] "GET /BLA/resoluciones/AUTOS%202014/1003.pdf HTTP/1.1" 200 650736
172.22.2.4 - - [07/Aug/2023:15:04:41 -0500] "HEAD /BLA/boletinlegal/ HTTP/1.1" 200 -
40.77.202.69 - - [07/Aug/2023:15:07:06 -0500] "GET /galeria/galeria/jquery.fancybox.css?v=2.1.5 HTTP/1.1" 200 4895
40.77.202.69 - - [07/Aug/2023:15:07:06 -0500] "GET /galeria/galeria/jquery.fancybox.js?v=2.1.5 HTTP/1.1" 200 48706
172.22.2.4 - - [07/Aug/2023:15:05:31 -0500] "GET /BLA/boletinlegal/ HTTP/1.1" 200 60612
52.167.144.33 - - [07/Aug/2023:15:07:51 -0500] "GET /BLA/resoluciones/AUTOS%202021/1790.pdf HTTP/1.1" 304 -
201.245.192.253 - - [07/Aug/2023:15:08:53 -0500] "POST /kwsrmcab/Wsrmcab  HTTP/1.1" 200 42098
216.245.221.92 - - [07/Aug/2023:15:09:18 -0500] "HEAD / HTTP/1.1" 200 -
172.22.2.4 - - [07/Aug/2023:15:10:31 -0500] "HEAD /BLA/boletinlegal/ HTTP/1.1" 200 -
66.249.70.196 - - [07/Aug/2023:15:12:13 -0500] "GET /BLA/resoluciones/AUTOS%202014/0467.pdf HTTP/1.1" 200 422328
172.22.2.4 - - [07/Aug/2023:15:11:21 -0500] "GET /BLA/boletinlegal/ HTTP/1.1" 200 58079
201.245.192.253 - - [07/Aug/2023:15:13:52 -0500] "POST /kwsrmcab/Wsrmcab  HTTP/1.1" 200 42098
216.245.221.92 - - [07/Aug/2023:15:14:18 -0500] "HEAD / HTTP/1.1" 200 -
172.22.2.4 - - [07/Aug/2023:15:15:20 -0500] "GET /BLA/boletinlegal/robots.txt HTTP/1.1" 404 1038
172.22.2.4 - - [07/Aug/2023:15:15:21 -0500] "GET /BLA/boletinlegal/jurisprudencia.php HTTP/1.1" 200 17583
66.249.66.73 - - [07/Aug/2023:15:16:44 -0500] "GET /mujeres-lideran-estrategias-para-enfrentar-el-cambio-climatico-en-bogota.html HTTP/1.1" 200 876
172.22.2.4 - - [07/Aug/2023:15:16:21 -0500] "HEAD /BLA/boletinlegal/ HTTP/1.1" 200 -
172.22.2.4 - - [07/Aug/2023:15:17:11 -0500] "GET /BLA/boletinlegal/ HTTP/1.1" 200 52855
201.245.192.253 - - [07/Aug/2023:15:18:51 -0500] "POST /kwsrmcab/Wsrmcab  HTTP/1.1" 200 42098
216.245.221.92 - - [07/Aug/2023:15:19:18 -0500] "HEAD / HTTP/1.1" 200 -
201.245.192.253 - - [07/Aug/2023:15:19:23 -0500] "POST /kwsrmcab/Wsrmcab HTTP/1.1" 200 43326
201.245.192.253 - - [07/Aug/2023:15:19:27 -0500] "POST /kwsrmcab/Wsrmcab HTTP/1.1" 200 44662
66.249.70.198 - - [07/Aug/2023:15:19:34 -0500] "GET /BLA/resoluciones/RESOLUCIONES%202010/6096.pdf HTTP/1.1" 200 658872
5.44.42.25 - - [07/Aug/2023:15:20:44 -0500] "POST /boaform/admin/formLogin HTTP/1.1" 404 1186
69.171.231.116 - - [07/Aug/2023:15:22:53 -0500] "GET /images/caminos-de-los-cerros-1_optimized.jpeg HTTP/1.1" 200 49537
69.171.231.116 - - [07/Aug/2023:15:22:54 -0500] "GET /images/empresas-alertas_optimized.jpeg HTTP/1.1" 200 142365
69.171.231.120 - - [07/Aug/2023:15:22:54 -0500] "GET /images/idpyba-4-marzo-1_optimized.jpeg HTTP/1.1" 200 115318
69.171.231.117 - - [07/Aug/2023:15:22:54 -0500] "GET /images/camino-a-los-cerros-1_optimized.jpeg HTTP/1.1" 200 222279
69.171.231.5 - - [07/Aug/2023:15:22:54 -0500] "GET /images/1%20de%20febrero%20Humedal%20El%20Tunjo.jpeg HTTP/1.1" 200 52973
69.171.231.116 - - [07/Aug/2023:15:22:54 -0500] "GET /images/1%20de%20febrer%20Operativo%20hornos.jpg HTTP/1.1" 200 69569
172.22.2.4 - - [07/Aug/2023:15:22:11 -0500] "HEAD /BLA/boletinlegal/ HTTP/1.1" 200 -
201.245.192.253 - - [07/Aug/2023:15:23:50 -0500] "POST /kwsrmcab/Wsrmcab  HTTP/1.1" 200 42098
216.245.221.92 - - [07/Aug/2023:15:24:18 -0500] "HEAD / HTTP/1.1" 200 -
172.22.2.4 - - [07/Aug/2023:15:23:02 -0500] "GET /BLA/boletinlegal/ HTTP/1.1" 200 60612
172.22.2.4 - - [07/Aug/2023:15:25:33 -0500] "GET /BLA/boletinlegal/style.css HTTP/1.1" 200 9406
172.22.2.4 - - [07/Aug/2023:15:25:33 -0500] "GET /BLA/boletinlegal/styles2.css HTTP/1.1" 200 1838
172.22.2.4 - - [07/Aug/2023:15:25:33 -0500] "GET /BLA/boletinlegal/js/jquery.js HTTP/1.1" 200 57254
172.22.2.4 - - [07/Aug/2023:15:25:33 -0500] "GET /BLA/boletinlegal/js/jquery.scrollTo-min.js HTTP/1.1" 200 1150
172.22.2.4 - - [07/Aug/2023:15:25:33 -0500] "GET /BLA/boletinlegal/js/jquery.scrollShow.js HTTP/1.1" 200 4586
172.22.2.4 - - [07/Aug/2023:15:25:33 -0500] "GET /BLA/boletinlegal/images/cabezote%20BLEGAL.jpg HTTP/1.1" 200 118164
172.22.2.4 - - [07/Aug/2023:15:25:33 -0500] "GET /BLA/boletinlegal/images/subscribe-icon-big.png HTTP/1.1" 200 47702
172.22.2.4 - - [07/Aug/2023:15:25:33 -0500] "GET /BLA/boletinlegal/images/historia.png HTTP/1.1" 200 52775
172.22.2.4 - - [07/Aug/2023:15:25:33 -0500] "GET /BLA/boletinlegal/images/registro-usuarios.png HTTP/1.1" 200 8106
172.22.2.4 - - [07/Aug/2023:15:25:33 -0500] "GET /BLA/boletinlegal/images/arr_l.jpg HTTP/1.1" 200 1979
172.22.2.4 - - [07/Aug/2023:15:25:33 -0500] "GET /BLA/boletinlegal/images/screen_1.png HTTP/1.1" 200 202547
172.22.2.4 - - [07/Aug/2023:15:25:33 -0500] "GET /BLA/boletinlegal/images/launch.jpg HTTP/1.1" 200 14577
172.22.2.4 - - [07/Aug/2023:15:25:34 -0500] "GET /BLA/boletinlegal/actos.php HTTP/1.1" 200 9682
172.22.2.4 - - [07/Aug/2023:15:25:34 -0500] "GET /BLA/boletinlegal/js/ajax_actos.js HTTP/1.1" 200 1322
172.22.2.4 - - [07/Aug/2023:15:25:34 -0500] "GET /BLA/boletinlegal/niceforms.js HTTP/1.1" 200 22876
172.22.2.4 - - [07/Aug/2023:15:25:34 -0500] "GET /BLA/boletinlegal/niceforms-default.css HTTP/1.1" 200 6694
172.22.2.4 - - [07/Aug/2023:15:25:34 -0500] "GET /BLA/boletinlegal/js/popup.js HTTP/1.1" 200 1270
172.22.2.4 - - [07/Aug/2023:15:25:34 -0500] "GET /BLA/boletinlegal/js/lib.js HTTP/1.1" 200 6474
172.22.2.4 - - [07/Aug/2023:15:25:34 -0500] "GET /BLA/boletinlegal/js/jquery1.js HTTP/1.1" 200 29846
172.22.2.4 - - [07/Aug/2023:15:25:34 -0500] "GET /BLA/boletinlegal/images/green-yellow-blue-pink-th.png HTTP/1.1" 200 7394
172.22.2.4 - - [07/Aug/2023:15:25:34 -0500] "GET /BLA/boletinlegal/images/tel.png HTTP/1.1" 200 14477
172.22.2.4 - - [07/Aug/2023:15:25:34 -0500] "GET /BLA/boletinlegal/images/icono-email.png HTTP/1.1" 200 5544
172.22.2.4 - - [07/Aug/2023:15:25:34 -0500] "GET /BLA/boletinlegal/images/body_bg.jpg HTTP/1.1" 200 1601
172.22.2.4 - - [07/Aug/2023:15:25:34 -0500] "GET /BLA/boletinlegal/images/menu_lft.gif HTTP/1.1" 200 1713
172.22.2.4 - - [07/Aug/2023:15:25:34 -0500] "GET /BLA/boletinlegal/images/menu_rght.gif HTTP/1.1" 200 1627
172.22.2.4 - - [07/Aug/2023:15:25:34 -0500] "GET /BLA/boletinlegal/images/bg_top.jpg HTTP/1.1" 200 522
172.22.2.4 - - [07/Aug/2023:15:25:34 -0500] "GET /BLA/boletinlegal/images/menu_bg.jpg HTTP/1.1" 200 620
172.22.2.4 - - [07/Aug/2023:15:25:34 -0500] "GET /BLA/boletinlegal/images/hover.jpg HTTP/1.1" 200 640
172.22.2.4 - - [07/Aug/2023:15:25:34 -0500] "GET /BLA/boletinlegal/images/text.jpg HTTP/1.1" 200 568
172.22.2.4 - - [07/Aug/2023:15:25:34 -0500] "GET /BLA/boletinlegal/images/footer_bg.jpg HTTP/1.1" 200 586
172.22.2.4 - - [07/Aug/2023:15:25:34 -0500] "GET /BLA/boletinlegal/images/footer_bg_l.jpg HTTP/1.1" 200 776
172.22.2.4 - - [07/Aug/2023:15:25:35 -0500] "GET /BLA/boletinlegal/img/0.png HTTP/1.1" 200 110
172.22.2.4 - - [07/Aug/2023:15:25:35 -0500] "GET /BLA/boletinlegal/img/select-left.png HTTP/1.1" 200 263
172.22.2.4 - - [07/Aug/2023:15:25:35 -0500] "GET /BLA/boletinlegal/img/select-right.png HTTP/1.1" 200 44019
172.22.2.4 - - [07/Aug/2023:15:25:35 -0500] "GET /BLA/boletinlegal/img/button-left.png HTTP/1.1" 200 57071
172.22.2.4 - - [07/Aug/2023:15:25:35 -0500] "GET /BLA/boletinlegal/img/button.png HTTP/1.1" 200 43241
172.22.2.4 - - [07/Aug/2023:15:25:35 -0500] "GET /BLA/boletinlegal/img/button-right.png HTTP/1.1" 200 57878
172.22.2.4 - - [07/Aug/2023:15:25:35 -0500] "GET /BLA/boletinlegal/favicon.ico HTTP/1.1" 404 1326
172.22.2.4 - - [07/Aug/2023:15:25:45 -0500] "GET /BLA/boletinlegal/consulta_actos.php?tipo=resoluciones&no=&usuario=&sector=&fecha=2022&resuelve= HTTP/1.1" 200 4960145
172.22.2.4 - - [07/Aug/2023:15:25:46 -0500] "GET /BLA/boletinlegal/images/pdf.gif HTTP/1.1" 200 567
172.22.2.4 - - [07/Aug/2023:15:25:46 -0500] "GET /BLA/boletinlegal/images/background.gif HTTP/1.1" 200 -
172.22.2.4 - - [07/Aug/2023:15:25:33 -0500] "GET /BLA/boletinlegal/ HTTP/1.1" 200 24523
201.244.229.11 - - [07/Aug/2023:15:26:08 -0500] "GET /BLA/resoluciones/RESOLUCIONES%202022/5651.pdf HTTP/1.1" 200 2102637
201.244.229.11 - - [07/Aug/2023:15:26:09 -0500] "GET /favicon.ico HTTP/1.1" 200 7782
172.22.2.4 - - [07/Aug/2023:15:27:33 -0500] "GET /BLA/boletinlegal/consulta_actos.php?tipo=resoluciones&no=&usuario=&sector=PEV&fecha=2022&resuelve= HTTP/1.1" 200 3643727
66.249.70.197 - - [07/Aug/2023:15:27:40 -0500] "GET /BLA/resoluciones/AUTOS%202014/4065.pdf HTTP/1.1" 200 503430
201.244.229.11 - - [07/Aug/2023:15:27:47 -0500] "GET /BLA/resoluciones/RESOLUCIONES%202022/3872.pdf HTTP/1.1" 200 390530
201.245.192.253 - - [07/Aug/2023:15:28:49 -0500] "POST /kwsrmcab/Wsrmcab  HTTP/1.1" 200 42098
216.245.221.92 - - [07/Aug/2023:15:29:18 -0500] "HEAD / HTTP/1.1" 200 -
201.245.192.253 - - [07/Aug/2023:15:29:24 -0500] "POST /kwsrmcab/Wsrmcab HTTP/1.1" 200 43326
201.245.192.253 - - [07/Aug/2023:15:29:27 -0500] "POST /kwsrmcab/Wsrmcab HTTP/1.1" 200 44662
172.22.2.4 - - [07/Aug/2023:15:28:01 -0500] "HEAD /BLA/boletinlegal/ HTTP/1.1" 200 -
172.22.2.4 - - [07/Aug/2023:15:28:51 -0500] "GET /BLA/boletinlegal/ HTTP/1.1" 200 58474
172.22.2.4 - - [07/Aug/2023:15:31:01 -0500] "GET /BLA/boletinlegal/consulta_actos.php?tipo=resoluciones&no=&usuario=&sector=PEV&fecha=2023&resuelve= HTTP/1.1" 200 9682
172.22.2.4 - - [07/Aug/2023:15:31:05 -0500] "GET /BLA/boletinlegal/consulta_actos.php?tipo=resoluciones&no=&usuario=&sector=PEV&fecha=2023&resuelve= HTTP/1.1" 200 9682
172.22.2.4 - - [07/Aug/2023:15:31:39 -0500] "GET /BLA/boletinlegal/consulta_actos.php?tipo=resoluciones&no=&usuario=&sector=SILVICULTURA&fecha=2022&resuelve= HTTP/1.1" 200 246050
201.244.229.11 - - [07/Aug/2023:15:32:00 -0500] "GET /BLA/resoluciones/RESOLUCIONES%202022/4977.pdf HTTP/1.1" 200 390588
172.22.2.4 - - [07/Aug/2023:15:32:49 -0500] "GET /BLA/boletinlegal/consulta_actos.php?tipo=resoluciones&no=&usuario=&sector=SILVICULTURA&fecha=2023&resuelve= HTTP/1.1" 200 63518
172.22.2.4 - - [07/Aug/2023:15:33:18 -0500] "GET /BLA/boletinlegal/consulta_actos.php?tipo=resoluciones&no=&usuario=&sector=SILVICULTURA&fecha=2021&resuelve= HTTP/1.1" 200 318225
172.22.2.4 - - [07/Aug/2023:15:33:36 -0500] "GET /BLA/boletinlegal/consulta_actos.php?tipo=resoluciones&no=&usuario=&sector=SILVICULTURA&fecha=2020&resuelve= HTTP/1.1" 200 97944
52.167.144.19 - - [07/Aug/2023:15:33:49 -0500] "GET /images/reciclaton-1.jpg HTTP/1.1" 200 58202
201.245.192.253 - - [07/Aug/2023:15:33:47 -0500] "POST /kwsrmcab/Wsrmcab  HTTP/1.1" 200 42098
172.22.2.4 - - [07/Aug/2023:15:33:59 -0500] "GET /BLA/boletinlegal/consulta_actos.php?tipo=resoluciones&no=&usuario=&sector=VERTIMIENTOS&fecha=2020&resuelve= HTTP/1.1" 200 68939
216.245.221.92 - - [07/Aug/2023:15:34:18 -0500] "HEAD / HTTP/1.1" 200 -
172.22.2.4 - - [07/Aug/2023:15:34:25 -0500] "GET /BLA/boletinlegal/consulta_actos.php?tipo=resoluciones&no=&usuario=&sector=VERTIMIENTOS&fecha=2021&resuelve= HTTP/1.1" 200 128051
172.22.2.4 - - [07/Aug/2023:15:33:15 -0500] "GET /BLA/boletinlegal/ HTTP/1.1" 200 54942
172.22.2.4 - - [07/Aug/2023:15:34:56 -0500] "GET /BLA/boletinlegal/consulta_actos.php?tipo=resoluciones&no=&usuario=&sector=VERTIMIENTOS&fecha=2022&resuelve= HTTP/1.1" 200 50260
172.22.2.4 - - [07/Aug/2023:15:35:08 -0500] "GET /BLA/boletinlegal/consulta_actos.php?tipo=resoluciones&no=&usuario=&sector=VERTIMIENTOS&fecha=2023&resuelve= HTTP/1.1" 200 4354
172.22.2.4 - - [07/Aug/2023:15:35:20 -0500] "GET /BLA/boletinlegal/consulta_actos.php?tipo=resoluciones&no=&usuario=&sector=SILVICULTURA&fecha=2021&resuelve= HTTP/1.1" 200 318225
172.22.2.4 - - [07/Aug/2023:15:33:51 -0500] "HEAD /BLA/boletinlegal/ HTTP/1.1" 200 -
172.22.2.4 - - [07/Aug/2023:15:35:34 -0500] "GET /BLA/boletinlegal/consulta_actos.php?tipo=resoluciones&no=&usuario=&sector=PEV&fecha=2021&resuelve= HTTP/1.1" 200 1479195
201.244.229.11 - - [07/Aug/2023:15:35:59 -0500] "GET /BLA/resoluciones/RESOLUCIONES%202021/0506.pdf HTTP/1.1" 200 352855
172.22.2.4 - - [07/Aug/2023:15:34:27 -0500] "GET /BLA/boletinlegal/ HTTP/1.1" 200 40894
172.22.2.4 - - [07/Aug/2023:15:34:41 -0500] "GET /BLA/boletinlegal/ HTTP/1.1" 200 43386
172.22.2.4 - - [07/Aug/2023:15:36:42 -0500] "GET /BLA/boletinlegal/consulta_actos.php?tipo=resoluciones&no=&usuario=&sector=PEV&fecha=2022&resuelve= HTTP/1.1" 200 3643727
172.22.2.4 - - [07/Aug/2023:15:37:05 -0500] "GET /BLA/boletinlegal/consulta_actos.php?tipo=resoluciones&no=&usuario=&sector=PEV&fecha=2023&resuelve= HTTP/1.1" 200 9682
172.22.2.4 - - [07/Aug/2023:15:37:52 -0500] "GET /BLA/boletinlegal/actos.php HTTP/1.1" 200 9682
172.22.2.4 - - [07/Aug/2023:15:37:52 -0500] "GET /BLA/boletinlegal/styles2.css HTTP/1.1" 200 1838
172.22.2.4 - - [07/Aug/2023:15:37:52 -0500] "GET /BLA/boletinlegal/js/ajax_actos.js HTTP/1.1" 200 1322
172.22.2.4 - - [07/Aug/2023:15:37:52 -0500] "GET /BLA/boletinlegal/niceforms-default.css HTTP/1.1" 200 6694
172.22.2.4 - - [07/Aug/2023:15:37:52 -0500] "GET /BLA/boletinlegal/style.css HTTP/1.1" 200 9406
172.22.2.4 - - [07/Aug/2023:15:37:52 -0500] "GET /BLA/boletinlegal/niceforms.js HTTP/1.1" 200 22876
172.22.2.4 - - [07/Aug/2023:15:37:52 -0500] "GET /BLA/boletinlegal/js/lib.js HTTP/1.1" 200 6474
172.22.2.4 - - [07/Aug/2023:15:37:52 -0500] "GET /BLA/boletinlegal/js/popup.js HTTP/1.1" 200 1270
172.22.2.4 - - [07/Aug/2023:15:37:52 -0500] "GET /BLA/boletinlegal/js/jquery1.js HTTP/1.1" 200 29846
172.22.2.4 - - [07/Aug/2023:15:37:53 -0500] "GET /BLA/boletinlegal/images/subscribe-icon-big.png HTTP/1.1" 200 47702
172.22.2.4 - - [07/Aug/2023:15:37:53 -0500] "GET /BLA/boletinlegal/images/green-yellow-blue-pink-th.png HTTP/1.1" 200 7394
172.22.2.4 - - [07/Aug/2023:15:37:53 -0500] "GET /BLA/boletinlegal/images/historia.png HTTP/1.1" 200 52775
172.22.2.4 - - [07/Aug/2023:15:37:53 -0500] "GET /BLA/boletinlegal/images/registro-usuarios.png HTTP/1.1" 200 8106
172.22.2.4 - - [07/Aug/2023:15:37:53 -0500] "GET /BLA/boletinlegal/images/text.jpg HTTP/1.1" 200 568
172.22.2.4 - - [07/Aug/2023:15:37:53 -0500] "GET /BLA/boletinlegal/images/body_bg.jpg HTTP/1.1" 200 1601
172.22.2.4 - - [07/Aug/2023:15:37:53 -0500] "GET /BLA/boletinlegal/images/menu_lft.gif HTTP/1.1" 200 1713
172.22.2.4 - - [07/Aug/2023:15:37:53 -0500] "GET /BLA/boletinlegal/images/cabezote%20BLEGAL.jpg HTTP/1.1" 200 118164
172.22.2.4 - - [07/Aug/2023:15:37:53 -0500] "GET /BLA/boletinlegal/images/menu_rght.gif HTTP/1.1" 200 1627
172.22.2.4 - - [07/Aug/2023:15:37:53 -0500] "GET /BLA/boletinlegal/images/hover.jpg HTTP/1.1" 200 640
172.22.2.4 - - [07/Aug/2023:15:37:53 -0500] "GET /BLA/boletinlegal/images/footer_bg.jpg HTTP/1.1" 200 586
172.22.2.4 - - [07/Aug/2023:15:37:53 -0500] "GET /BLA/boletinlegal/images/bg_top.jpg HTTP/1.1" 200 522
172.22.2.4 - - [07/Aug/2023:15:37:54 -0500] "GET /BLA/boletinlegal/images/menu_bg.jpg HTTP/1.1" 200 620
172.22.2.4 - - [07/Aug/2023:15:37:54 -0500] "GET /BLA/boletinlegal/images/tel.png HTTP/1.1" 200 14477
172.22.2.4 - - [07/Aug/2023:15:37:53 -0500] "GET /BLA/boletinlegal/consulta_actos.php?tipo=resoluciones&no=&usuario=&sector=AIRE&fecha=2020&resuelve= HTTP/1.1" 200 57165
172.22.2.4 - - [07/Aug/2023:15:37:54 -0500] "GET /BLA/boletinlegal/images/icono-email.png HTTP/1.1" 200 5544
172.22.2.4 - - [07/Aug/2023:15:37:54 -0500] "GET /BLA/boletinlegal/images/footer_bg_l.jpg HTTP/1.1" 200 776
172.22.2.4 - - [07/Aug/2023:15:37:54 -0500] "GET /BLA/boletinlegal/img/button-left.png HTTP/1.1" 200 57071
172.22.2.4 - - [07/Aug/2023:15:37:54 -0500] "GET /BLA/boletinlegal/img/select-right.png HTTP/1.1" 200 44019
172.22.2.4 - - [07/Aug/2023:15:37:54 -0500] "GET /BLA/boletinlegal/img/button.png HTTP/1.1" 200 43241
172.22.2.4 - - [07/Aug/2023:15:37:54 -0500] "GET /BLA/boletinlegal/img/0.png HTTP/1.1" 200 110
172.22.2.4 - - [07/Aug/2023:15:37:54 -0500] "GET /BLA/boletinlegal/img/select-left.png HTTP/1.1" 200 263
172.22.2.4 - - [07/Aug/2023:15:37:54 -0500] "GET /BLA/boletinlegal/img/button-right.png HTTP/1.1" 200 57878
172.22.2.4 - - [07/Aug/2023:15:37:55 -0500] "GET /BLA/boletinlegal/favicon.ico HTTP/1.1" 404 1326
190.25.79.200 - - [07/Aug/2023:15:37:57 -0500] "GET /BLA/resoluciones/dlf/styles.css HTTP/1.1" 200 3049
190.25.79.200 - - [07/Aug/2023:15:37:56 -0500] "GET /BLA/resoluciones/ HTTP/1.1" 200 13502
190.25.79.200 - - [07/Aug/2023:15:37:58 -0500] "GET /BLA/resoluciones/dlf/folder.png HTTP/1.1" 200 410
190.25.79.200 - - [07/Aug/2023:15:37:58 -0500] "GET /BLA/resoluciones/dlf/bg.gif HTTP/1.1" 200 54
66.249.70.197 - - [07/Aug/2023:15:37:59 -0500] "GET /BLA/resoluciones/AUTOS%202014/0779.pdf HTTP/1.1" 200 517387
190.25.79.200 - - [07/Aug/2023:15:37:59 -0500] "GET /favicon.ico HTTP/1.1" 200 7782
190.25.79.200 - - [07/Aug/2023:15:38:01 -0500] "GET /BLA/resoluciones/dlf/pdf.gif HTTP/1.1" 200 272
190.25.79.200 - - [07/Aug/2023:15:38:01 -0500] "GET /BLA/resoluciones/dlf/dirup.png HTTP/1.1" 200 644
172.22.2.4 - - [07/Aug/2023:15:38:02 -0500] "GET /BLA/boletinlegal/consulta_actos.php?tipo=resoluciones&no=&usuario=&sector=AIRE&fecha=2021&resuelve= HTTP/1.1" 200 264210
190.25.79.200 - - [07/Aug/2023:15:38:01 -0500] "GET /BLA/resoluciones/index.php?dir=AUTOS+2020%2F HTTP/1.1" 200 329753
201.244.229.11 - - [07/Aug/2023:15:38:12 -0500] "GET /BLA/resoluciones/RESOLUCIONES%202021/0868.pdf HTTP/1.1" 200 1950750
66.249.70.197 - - [07/Aug/2023:15:38:13 -0500] "GET /Publicaciones/2023EE169937.pdf HTTP/1.1" 200 231581
5.255.231.47 - - [07/Aug/2023:15:38:36 -0500] "GET /robots.txt HTTP/1.1" 404 1035
5.255.231.10 - - [07/Aug/2023:15:38:37 -0500] "GET /portaldeninos/ HTTP/1.1" 200 110197
201.245.192.253 - - [07/Aug/2023:15:38:46 -0500] "POST /kwsrmcab/Wsrmcab  HTTP/1.1" 200 42098
172.22.2.4 - - [07/Aug/2023:15:38:50 -0500] "GET /BLA/boletinlegal/consulta_actos.php?tipo=autos&no=4531&usuario=&sector=VERTIMIENTOS&fecha=2020&resuelve= HTTP/1.1" 200 626
172.22.2.4 - - [07/Aug/2023:15:38:56 -0500] "GET /BLA/boletinlegal/consulta_actos.php?tipo=autos&no=4531&usuario=&sector=VERTIMIENTOS&fecha=2020&resuelve= HTTP/1.1" 200 626
216.245.221.92 - - [07/Aug/2023:15:39:18 -0500] "HEAD / HTTP/1.1" 200 -
201.245.192.253 - - [07/Aug/2023:15:39:23 -0500] "POST /kwsrmcab/Wsrmcab HTTP/1.1" 200 43326
201.245.192.253 - - [07/Aug/2023:15:39:26 -0500] "POST /kwsrmcab/Wsrmcab HTTP/1.1" 200 44662
172.22.2.4 - - [07/Aug/2023:15:39:34 -0500] "GET /BLA/boletinlegal/consulta_actos.php?tipo=resoluciones&no=&usuario=&sector=AIRE&fecha=2022&resuelve= HTTP/1.1" 200 684120
172.22.2.4 - - [07/Aug/2023:15:40:07 -0500] "GET /BLA/boletinlegal/consulta_actos.php?tipo=resoluciones&no=&usuario=&sector=AIRE&fecha=2023&resuelve= HTTP/1.1" 200 16905
172.22.2.4 - - [07/Aug/2023:15:40:27 -0500] "GET /BLA/boletinlegal/consulta_actos.php?tipo=resoluciones&no=&usuario=&sector=RUIDO&fecha=2020&resuelve= HTTP/1.1" 200 46727
172.22.2.4 - - [07/Aug/2023:15:40:37 -0500] "GET /BLA/boletinlegal/consulta_actos.php?tipo=resoluciones&no=&usuario=&sector=RUIDO&fecha=2021&resuelve= HTTP/1.1" 200 48460
172.22.2.4 - - [07/Aug/2023:15:40:43 -0500] "GET /BLA/boletinlegal/actos.php HTTP/1.1" 200 9682
172.22.2.4 - - [07/Aug/2023:15:40:48 -0500] "GET /BLA/boletinlegal/consulta_actos.php?tipo=resoluciones&no=&usuario=&sector=RUIDO&fecha=2022&resuelve= HTTP/1.1" 200 36589
172.22.2.4 - - [07/Aug/2023:15:40:52 -0500] "GET /BLA/boletinlegal/js/ajax_actos.js HTTP/1.1" 200 1322
172.22.2.4 - - [07/Aug/2023:15:40:52 -0500] "GET /BLA/boletinlegal/styles2.css HTTP/1.1" 200 1838
172.22.2.4 - - [07/Aug/2023:15:40:52 -0500] "GET /BLA/boletinlegal/niceforms.js HTTP/1.1" 200 22876
172.22.2.4 - - [07/Aug/2023:15:40:52 -0500] "GET /BLA/boletinlegal/niceforms-default.css HTTP/1.1" 200 6694
172.22.2.4 - - [07/Aug/2023:15:40:52 -0500] "GET /BLA/boletinlegal/style.css HTTP/1.1" 200 9406
172.22.2.4 - - [07/Aug/2023:15:40:52 -0500] "GET /BLA/boletinlegal/js/lib.js HTTP/1.1" 200 6474
172.22.2.4 - - [07/Aug/2023:15:40:52 -0500] "GET /BLA/boletinlegal/js/popup.js HTTP/1.1" 200 1270
172.22.2.4 - - [07/Aug/2023:15:40:52 -0500] "GET /BLA/boletinlegal/js/jquery1.js HTTP/1.1" 200 29846
172.22.2.4 - - [07/Aug/2023:15:40:52 -0500] "GET /BLA/boletinlegal/images/cabezote%20BLEGAL.jpg HTTP/1.1" 200 118164
172.22.2.4 - - [07/Aug/2023:15:40:53 -0500] "GET /BLA/boletinlegal/images/subscribe-icon-big.png HTTP/1.1" 200 47702
172.22.2.4 - - [07/Aug/2023:15:40:53 -0500] "GET /BLA/boletinlegal/images/historia.png HTTP/1.1" 200 52775
172.22.2.4 - - [07/Aug/2023:15:40:53 -0500] "GET /BLA/boletinlegal/images/registro-usuarios.png HTTP/1.1" 200 8106
172.22.2.4 - - [07/Aug/2023:15:40:54 -0500] "GET /BLA/boletinlegal/images/green-yellow-blue-pink-th.png HTTP/1.1" 200 7394
172.22.2.4 - - [07/Aug/2023:15:40:54 -0500] "GET /BLA/boletinlegal/images/tel.png HTTP/1.1" 200 14477
172.22.2.4 - - [07/Aug/2023:15:40:54 -0500] "GET /BLA/boletinlegal/images/body_bg.jpg HTTP/1.1" 200 1601
172.22.2.4 - - [07/Aug/2023:15:40:54 -0500] "GET /BLA/boletinlegal/images/footer_bg.jpg HTTP/1.1" 200 586
172.22.2.4 - - [07/Aug/2023:15:40:54 -0500] "GET /BLA/boletinlegal/images/menu_lft.gif HTTP/1.1" 200 1713
172.22.2.4 - - [07/Aug/2023:15:40:54 -0500] "GET /BLA/boletinlegal/images/menu_rght.gif HTTP/1.1" 200 1627
172.22.2.4 - - [07/Aug/2023:15:40:54 -0500] "GET /BLA/boletinlegal/images/menu_bg.jpg HTTP/1.1" 200 620
172.22.2.4 - - [07/Aug/2023:15:40:54 -0500] "GET /BLA/boletinlegal/images/bg_top.jpg HTTP/1.1" 200 522
172.22.2.4 - - [07/Aug/2023:15:40:54 -0500] "GET /BLA/boletinlegal/images/text.jpg HTTP/1.1" 200 568
172.22.2.4 - - [07/Aug/2023:15:40:54 -0500] "GET /BLA/boletinlegal/images/hover.jpg HTTP/1.1" 200 640
172.22.2.4 - - [07/Aug/2023:15:40:54 -0500] "GET /BLA/boletinlegal/images/footer_bg_l.jpg HTTP/1.1" 200 776
172.22.2.4 - - [07/Aug/2023:15:40:54 -0500] "GET /BLA/boletinlegal/images/icono-email.png HTTP/1.1" 200 5544
172.22.2.4 - - [07/Aug/2023:15:40:56 -0500] "GET /BLA/boletinlegal/img/0.png HTTP/1.1" 200 110
172.22.2.4 - - [07/Aug/2023:15:40:56 -0500] "GET /BLA/boletinlegal/img/select-left.png HTTP/1.1" 200 263
172.22.2.4 - - [07/Aug/2023:15:40:56 -0500] "GET /BLA/boletinlegal/img/select-right.png HTTP/1.1" 200 44019
172.22.2.4 - - [07/Aug/2023:15:40:57 -0500] "GET /BLA/boletinlegal/img/button.png HTTP/1.1" 200 43241
172.22.2.4 - - [07/Aug/2023:15:40:57 -0500] "GET /BLA/boletinlegal/img/button-left.png HTTP/1.1" 200 57071
172.22.2.4 - - [07/Aug/2023:15:40:57 -0500] "GET /BLA/boletinlegal/img/button-right.png HTTP/1.1" 200 57878
172.22.2.4 - - [07/Aug/2023:15:40:59 -0500] "GET /BLA/boletinlegal/favicon.ico HTTP/1.1" 404 1326
201.244.229.11 - - [07/Aug/2023:15:41:00 -0500] "GET /BLA/resoluciones/RESOLUCIONES%202010/6919.pdf HTTP/1.1" 200 677426
201.244.229.11 - - [07/Aug/2023:15:41:11 -0500] "GET /BLA/resoluciones/RESOLUCIONES%202022/1323.pdf HTTP/1.1" 200 360743
172.22.2.4 - - [07/Aug/2023:15:39:41 -0500] "HEAD /BLA/boletinlegal/ HTTP/1.1" 200 -
54.36.148.5 - - [07/Aug/2023:15:41:23 -0500] "GET /robots.txt HTTP/1.1" 404 1018
172.22.2.4 - - [07/Aug/2023:15:42:05 -0500] "GET /BLA/boletinlegal/consulta_actos.php?tipo=resoluciones&no=&usuario=&sector=RUIDO&fecha=2023&resuelve= HTTP/1.1" 200 4025
172.22.2.4 - - [07/Aug/2023:15:40:31 -0500] "GET /BLA/boletinlegal/ HTTP/1.1" 200 61035
172.22.2.4 - - [07/Aug/2023:15:42:21 -0500] "GET /BLA/boletinlegal/consulta_actos.php?tipo=resoluciones&no=&usuario=&sector=RESIDUOS&fecha=2020&resuelve= HTTP/1.1" 200 8953
172.22.2.4 - - [07/Aug/2023:15:42:32 -0500] "GET /BLA/boletinlegal/consulta_actos.php?tipo=resoluciones&no=&usuario=&sector=RESIDUOS&fecha=2021&resuelve= HTTP/1.1" 200 20203
201.244.229.11 - - [07/Aug/2023:15:42:44 -0500] "GET /BLA/resoluciones/RESOLUCIONES%202021/5262.pdf HTTP/1.1" 200 370932
172.22.2.4 - - [07/Aug/2023:15:43:08 -0500] "GET /BLA/boletinlegal/consulta_actos.php?tipo=resoluciones&no=&usuario=&sector=RESIDUOS&fecha=2022&resuelve= HTTP/1.1" 200 25958
172.22.2.4 - - [07/Aug/2023:15:43:24 -0500] "GET /BLA/boletinlegal/consulta_actos.php?tipo=resoluciones&no=&usuario=&sector=RESIDUOS&fecha=2023&resuelve= HTTP/1.1" 200 3756
172.22.2.4 - - [07/Aug/2023:15:43:39 -0500] "GET /BLA/boletinlegal/consulta_actos.php?tipo=resoluciones&no=&usuario=&sector=MINERIA&fecha=2020&resuelve= HTTP/1.1" 200 6399
201.245.192.253 - - [07/Aug/2023:15:43:45 -0500] "POST /kwsrmcab/Wsrmcab  HTTP/1.1" 200 42098
172.22.2.4 - - [07/Aug/2023:15:43:51 -0500] "GET /BLA/boletinlegal/consulta_actos.php?tipo=resoluciones&no=&usuario=&sector=MINERIA&fecha=2021&resuelve= HTTP/1.1" 200 7902
172.22.2.4 - - [07/Aug/2023:15:44:01 -0500] "GET /BLA/boletinlegal/consulta_actos.php?tipo=resoluciones&no=&usuario=&sector=MINERIA&fecha=2022&resuelve= HTTP/1.1" 200 2624
172.22.2.4 - - [07/Aug/2023:15:44:15 -0500] "GET /BLA/boletinlegal/consulta_actos.php?tipo=resoluciones&no=&usuario=&sector=MINERIA&fecha=2023&resuelve= HTTP/1.1" 200 1310
216.245.221.92 - - [07/Aug/2023:15:44:18 -0500] "HEAD / HTTP/1.1" 200 -
173.252.107.116 - - [07/Aug/2023:15:44:31 -0500] "GET /en-junio-conectate-con-la-naturaleza-y-el-medioambiente-a-traves-de-estas-caminatas-ecologicas.html HTTP/1.1" 200 900
172.22.2.4 - - [07/Aug/2023:15:44:36 -0500] "GET /BLA/boletinlegal/consulta_actos.php?tipo=resoluciones&no=&usuario=&sector=COMPETENCIA&fecha=2020&resuelve= HTTP/1.1" 200 53921
185.180.143.49 - - [07/Aug/2023:15:45:43 -0500] "GET /portaldeninos/ HTTP/1.1" 200 110197
172.22.2.4 - - [07/Aug/2023:15:45:31 -0500] "HEAD /BLA/boletinlegal/ HTTP/1.1" 200 -
172.22.2.4 - - [07/Aug/2023:15:46:21 -0500] "GET /BLA/boletinlegal/ HTTP/1.1" 200 60612
66.249.70.196 - - [07/Aug/2023:15:48:20 -0500] "GET /BLA/resoluciones/AUTOS%202014/6106.pdf HTTP/1.1" 200 432250
201.245.192.253 - - [07/Aug/2023:15:48:44 -0500] "POST /kwsrmcab/Wsrmcab  HTTP/1.1" 200 42098
216.245.221.92 - - [07/Aug/2023:15:49:18 -0500] "HEAD / HTTP/1.1" 200 -
168.119.253.61 - - [07/Aug/2023:15:50:27 -0500] "GET / HTTP/1.1" 200 319
172.22.2.4 - - [07/Aug/2023:15:51:21 -0500] "HEAD /BLA/boletinlegal/ HTTP/1.1" 200 -
40.77.167.113 - - [07/Aug/2023:15:53:43 -0500] "GET /BLA/resoluciones/AUTOS%202022/1994.pdf HTTP/1.1" 200 405745
201.245.192.253 - - [07/Aug/2023:15:53:43 -0500] "POST /kwsrmcab/Wsrmcab  HTTP/1.1" 200 42098
172.22.2.4 - - [07/Aug/2023:15:52:11 -0500] "GET /BLA/boletinlegal/ HTTP/1.1" 200 58079
216.245.221.92 - - [07/Aug/2023:15:54:18 -0500] "HEAD / HTTP/1.1" 200 -
172.22.2.4 - - [07/Aug/2023:15:55:37 -0500] "GET /BLA/boletinlegal/jurisprudencia/analisis/CUADRO%20ANALISIS%20SENTENCIA%20T-411%20DE%201992.doc HTTP/1.1" 200 41984
66.249.70.198 - - [07/Aug/2023:15:58:12 -0500] "GET /Publicaciones/2022EE176907.pdf HTTP/1.1" 404 228
66.249.70.197 - - [07/Aug/2023:15:58:27 -0500] "GET /BLA/resoluciones/RESOLUCIONES%202009/0628.pdf HTTP/1.1" 200 374789
201.245.192.253 - - [07/Aug/2023:15:58:42 -0500] "POST /kwsrmcab/Wsrmcab  HTTP/1.1" 200 42098
172.22.2.4 - - [07/Aug/2023:15:57:11 -0500] "HEAD /BLA/boletinlegal/ HTTP/1.1" 200 -
216.245.221.92 - - [07/Aug/2023:15:59:17 -0500] "HEAD / HTTP/1.1" 200 -
172.22.2.4 - - [07/Aug/2023:15:58:01 -0500] "GET /BLA/boletinlegal/ HTTP/1.1" 200 52495
66.249.70.198 - - [07/Aug/2023:16:02:28 -0500] "GET /sig/Gestion%20Documental/126PA06-PR10%20INGRESO%20Y%20CATALOGACION%20MATERIAL%20BILIOG.CENTRO%20DOCUMENTACION.pdf HTTP/1.1" 200 269719
186.80.52.205 - - [07/Aug/2023:16:03:07 -0500] "-" 408 -
186.80.52.205 - - [07/Aug/2023:16:03:07 -0500] "-" 408 -
201.245.192.253 - - [07/Aug/2023:16:03:39 -0500] "POST /kwsrmcab/Wsrmcab  HTTP/1.1" 200 42098
216.245.221.92 - - [07/Aug/2023:16:04:17 -0500] "HEAD / HTTP/1.1" 200 -
172.22.2.4 - - [07/Aug/2023:16:03:01 -0500] "HEAD /BLA/boletinlegal/ HTTP/1.1" 200 -
172.22.2.4 - - [07/Aug/2023:16:03:51 -0500] "GET /BLA/boletinlegal/ HTTP/1.1" 200 52495
201.245.192.253 - - [07/Aug/2023:16:08:38 -0500] "POST /kwsrmcab/Wsrmcab  HTTP/1.1" 200 42098
172.22.2.4 - - [07/Aug/2023:16:09:00 -0500] "GET /BLA/boletinlegal/rest/applinks/1.0/manifest HTTP/1.1" 404 1018
216.245.221.92 - - [07/Aug/2023:16:09:17 -0500] "HEAD / HTTP/1.1" 200 -
168.119.101.10 - - [07/Aug/2023:16:09:52 -0500] "GET / HTTP/1.1" 200 319
172.22.2.4 - - [07/Aug/2023:16:08:51 -0500] "HEAD /BLA/boletinlegal/ HTTP/1.1" 200 -
190.255.40.79 - - [07/Aug/2023:16:10:59 -0500] "GET /BLA/resoluciones/Resoluciones%202012/1115.pdf HTTP/1.1" 200 1957133
190.255.40.79 - - [07/Aug/2023:16:11:00 -0500] "GET /BLA/resoluciones/Resoluciones%202012/1115.pdf HTTP/1.1" 206 1025
190.255.40.79 - - [07/Aug/2023:16:11:00 -0500] "GET /BLA/resoluciones/Resoluciones%202012/1115.pdf HTTP/1.1" 200 1957133
190.255.40.79 - - [07/Aug/2023:16:11:04 -0500] "GET /BLA/resoluciones/Resoluciones%202012/1115.pdf HTTP/1.1" 206 64512
66.249.70.197 - - [07/Aug/2023:16:11:04 -0500] "GET /BLA/resoluciones/AUTOS%202014/5847.pdf HTTP/1.1" 200 458403
66.249.70.196 - - [07/Aug/2023:16:11:20 -0500] "GET /BLA/resoluciones/RESOLUCIONES%202011/4176.pdf HTTP/1.1" 200 608188
172.22.2.4 - - [07/Aug/2023:16:09:41 -0500] "GET /BLA/boletinlegal/ HTTP/1.1" 200 58079
66.249.70.197 - - [07/Aug/2023:16:12:17 -0500] "GET /BLA/resoluciones/AUTOS%202014/1418.pdf HTTP/1.1" 200 652726
66.249.70.197 - - [07/Aug/2023:16:12:36 -0500] "GET /portel_dama/libreria/pdf/ecosistemas/restauracion/sitio/22_proye/xtras_in/4.pdf HTTP/1.1" 404 1018
173.252.107.5 - - [07/Aug/2023:16:13:19 -0500] "GET /images/cr\xc3\xb3nica-29-nov-1_optimized.jpeg HTTP/1.1" 404 1034
201.245.192.253 - - [07/Aug/2023:16:13:36 -0500] "POST /kwsrmcab/Wsrmcab  HTTP/1.1" 200 42098
216.245.221.92 - - [07/Aug/2023:16:14:17 -0500] "HEAD / HTTP/1.1" 200 -
172.22.2.4 - - [07/Aug/2023:16:15:31 -0500] "GET /BLA/boletinlegal/robots.txt HTTP/1.1" 404 1038
172.22.2.4 - - [07/Aug/2023:16:15:31 -0500] "GET /BLA/boletinlegal/Circulares/2022/CIRCULAR%20No.%2000003%20DEL%2007%20DE%20MARZO%20DEL%202022.pdf HTTP/1.1" 304 -
190.84.43.231 - - [07/Aug/2023:16:15:54 -0500] "GET /sipse/faces/index.xhtml HTTP/1.1" 200 677
190.84.43.231 - - [07/Aug/2023:16:15:55 -0500] "GET /sipse/faces/javax.faces.resource/theme.css?ln=primefaces-sipse HTTP/1.1" 304 -
190.84.43.231 - - [07/Aug/2023:16:15:55 -0500] "GET /sipse/faces/faces/autenticacion.xhtml HTTP/1.1" 200 12169
190.84.43.231 - - [07/Aug/2023:16:15:55 -0500] "GET /sipse/js/disable_browser_buttons.js HTTP/1.1" 200 3230
190.84.43.231 - - [07/Aug/2023:16:15:55 -0500] "GET /sipse/css/custom_css_sg.css HTTP/1.1" 200 9694
190.84.43.231 - - [07/Aug/2023:16:15:55 -0500] "GET /sipse/css/custom_css_sg_prime_login.css HTTP/1.1" 200 443
190.84.43.231 - - [07/Aug/2023:16:15:55 -0500] "GET /sipse/faces/javax.faces.resource/theme.css?ln=primefaces-sipse HTTP/1.1" 304 -
190.84.43.231 - - [07/Aug/2023:16:15:55 -0500] "GET /sipse/faces/javax.faces.resource/primefaces.css?ln=primefaces&v=4.0 HTTP/1.1" 304 -
190.84.43.231 - - [07/Aug/2023:16:15:55 -0500] "GET /sipse/faces/javax.faces.resource/layout/layout.css?ln=primefaces&v=4.0 HTTP/1.1" 304 -
190.84.43.231 - - [07/Aug/2023:16:15:55 -0500] "GET /sipse/faces/javax.faces.resource/jquery/jquery-plugins.js?ln=primefaces&v=4.0 HTTP/1.1" 304 -
190.84.43.231 - - [07/Aug/2023:16:15:55 -0500] "GET /sipse/js/funciones.js HTTP/1.1" 200 12592
190.84.43.231 - - [07/Aug/2023:16:15:55 -0500] "GET /sipse/faces/javax.faces.resource/jquery/jquery.js?ln=primefaces&v=4.0 HTTP/1.1" 304 -
190.84.43.231 - - [07/Aug/2023:16:15:55 -0500] "GET /sipse/faces/javax.faces.resource/primefaces.js?ln=primefaces&v=4.0 HTTP/1.1" 304 -
190.84.43.231 - - [07/Aug/2023:16:15:55 -0500] "GET /sipse/faces/javax.faces.resource/layout/layout.js?ln=primefaces&v=4.0 HTTP/1.1" 304 -
190.84.43.231 - - [07/Aug/2023:16:15:56 -0500] "GET /sipse/css/imagen/logoSDG.png HTTP/1.1" 200 53064
190.84.43.231 - - [07/Aug/2023:16:15:56 -0500] "GET /sipse/css/imagen/loginimg.png HTTP/1.1" 200 71635
190.84.43.231 - - [07/Aug/2023:16:15:56 -0500] "GET /sipse/faces/javax.faces.resource/images/ui-icons_898989_256x240.png?ln=primefaces-aristo HTTP/1.1" 200 5355
190.84.43.231 - - [07/Aug/2023:16:16:02 -0500] "POST /sipse/faces/autenticacion.xhtml HTTP/1.1" 200 16166
190.84.43.231 - - [07/Aug/2023:16:16:02 -0500] "GET /sipse/css/custom_css_sg_prime.css HTTP/1.1" 200 5201
190.84.43.231 - - [07/Aug/2023:16:16:02 -0500] "GET /sipse/faces/javax.faces.resource/theme.css?ln=primefaces-sipse HTTP/1.1" 304 -
190.84.43.231 - - [07/Aug/2023:16:16:02 -0500] "GET /sipse/faces/javax.faces.resource/primefaces.css?ln=primefaces&v=4.0 HTTP/1.1" 304 -
190.84.43.231 - - [07/Aug/2023:16:16:02 -0500] "GET /sipse/faces/javax.faces.resource/layout/layout.css?ln=primefaces&v=4.0 HTTP/1.1" 304 -
190.84.43.231 - - [07/Aug/2023:16:16:02 -0500] "GET /sipse/js/jquery.min.js HTTP/1.1" 200 85582
190.84.43.231 - - [07/Aug/2023:16:16:02 -0500] "GET /sipse/faces/javax.faces.resource/jquery/jquery.js?ln=primefaces&v=4.0 HTTP/1.1" 304 -
190.84.43.231 - - [07/Aug/2023:16:16:02 -0500] "GET /sipse/faces/javax.faces.resource/jquery/jquery-plugins.js?ln=primefaces&v=4.0 HTTP/1.1" 304 -
190.84.43.231 - - [07/Aug/2023:16:16:02 -0500] "GET /sipse/faces/javax.faces.resource/primefaces.js?ln=primefaces&v=4.0 HTTP/1.1" 304 -
190.84.43.231 - - [07/Aug/2023:16:16:02 -0500] "GET /sipse/faces/javax.faces.resource/layout/layout.js?ln=primefaces&v=4.0 HTTP/1.1" 304 -
190.84.43.231 - - [07/Aug/2023:16:16:02 -0500] "GET /sipse/css/v_mergente.css HTTP/1.1" 200 1505
190.84.43.231 - - [07/Aug/2023:16:16:02 -0500] "GET /sipse/css/imagen/contrasena.png HTTP/1.1" 404 383
190.84.43.231 - - [07/Aug/2023:16:16:02 -0500] "GET /sipse/imagenes/cargando.gif HTTP/1.1" 200 36959
190.84.43.231 - - [07/Aug/2023:16:16:02 -0500] "GET /sipse/faces/javax.faces.resource/messages/messages.png?ln=primefaces&v=4.0 HTTP/1.1" 200 27209
190.84.43.231 - - [07/Aug/2023:16:16:02 -0500] "GET /sipse/imagenes/logoAplicacion.jpg HTTP/1.1" 200 155084
190.84.43.231 - - [07/Aug/2023:16:16:07 -0500] "GET /sipse/faces/javax.faces.resource/images/ui-bg_flat_0_2d5972_40x100.png?ln=primefaces-aristo HTTP/1.1" 200 183
190.84.43.231 - - [07/Aug/2023:16:16:07 -0500] "POST /sipse/faces/bienvenido.xhtml HTTP/1.1" 200 1473
190.84.43.231 - - [07/Aug/2023:16:16:08 -0500] "POST /sipse/faces/bienvenido.xhtml HTTP/1.1" 200 37751
190.84.43.231 - - [07/Aug/2023:16:16:08 -0500] "GET /sipse/faces/javax.faces.resource/primefaces.css?ln=primefaces&v=4.0 HTTP/1.1" 304 -
190.84.43.231 - - [07/Aug/2023:16:16:08 -0500] "GET /sipse/faces/javax.faces.resource/theme.css?ln=primefaces-sipse HTTP/1.1" 304 -
190.84.43.231 - - [07/Aug/2023:16:16:08 -0500] "GET /sipse/faces/javax.faces.resource/layout/layout.css?ln=primefaces&v=4.0 HTTP/1.1" 304 -
190.84.43.231 - - [07/Aug/2023:16:16:08 -0500] "GET /sipse/faces/javax.faces.resource/jquery/jquery.js?ln=primefaces&v=4.0 HTTP/1.1" 304 -
190.84.43.231 - - [07/Aug/2023:16:16:08 -0500] "GET /sipse/faces/javax.faces.resource/jquery/jquery-plugins.js?ln=primefaces&v=4.0 HTTP/1.1" 304 -
190.84.43.231 - - [07/Aug/2023:16:16:08 -0500] "GET /sipse/faces/javax.faces.resource/primefaces.js?ln=primefaces&v=4.0 HTTP/1.1" 304 -
190.84.43.231 - - [07/Aug/2023:16:16:08 -0500] "GET /sipse/faces/javax.faces.resource/layout/layout.js?ln=primefaces&v=4.0 HTTP/1.1" 304 -
190.84.43.231 - - [07/Aug/2023:16:16:12 -0500] "POST /sipse/faces/presentacion/financiero/solicitudProceso/consultar.xhtml HTTP/1.1" 200 12816
172.22.2.4 - - [07/Aug/2023:16:14:41 -0500] "HEAD /BLA/boletinlegal/ HTTP/1.1" 200 -
190.84.43.231 - - [07/Aug/2023:16:16:22 -0500] "POST /sipse/faces/presentacion/financiero/solicitudProceso/consultar.xhtml HTTP/1.1" 200 12818
69.171.231.119 - - [07/Aug/2023:16:16:36 -0500] "GET /images/buenas-practicas-ambientales21-octubre.jpg HTTP/1.1" 200 77514
190.84.43.231 - - [07/Aug/2023:16:16:38 -0500] "POST /sipse/faces/presentacion/financiero/solicitudProceso/consultar.xhtml HTTP/1.1" 200 144024
190.84.43.231 - - [07/Aug/2023:16:16:38 -0500] "GET /sipse/faces/javax.faces.resource/theme.css?ln=primefaces-sipse HTTP/1.1" 304 -
190.84.43.231 - - [07/Aug/2023:16:16:38 -0500] "GET /sipse/faces/javax.faces.resource/layout/layout.css?ln=primefaces&v=4.0 HTTP/1.1" 304 -
190.84.43.231 - - [07/Aug/2023:16:16:38 -0500] "GET /sipse/faces/javax.faces.resource/primefaces.css?ln=primefaces&v=4.0 HTTP/1.1" 304 -
190.84.43.231 - - [07/Aug/2023:16:16:38 -0500] "GET /sipse/faces/javax.faces.resource/jquery/jquery.js?ln=primefaces&v=4.0 HTTP/1.1" 304 -
190.84.43.231 - - [07/Aug/2023:16:16:38 -0500] "GET /sipse/faces/javax.faces.resource/jquery/jquery-plugins.js?ln=primefaces&v=4.0 HTTP/1.1" 304 -
190.84.43.231 - - [07/Aug/2023:16:16:38 -0500] "GET /sipse/faces/javax.faces.resource/primefaces.js?ln=primefaces&v=4.0 HTTP/1.1" 304 -
190.84.43.231 - - [07/Aug/2023:16:16:38 -0500] "GET /sipse/faces/javax.faces.resource/layout/layout.js?ln=primefaces&v=4.0 HTTP/1.1" 304 -
190.84.43.231 - - [07/Aug/2023:16:16:49 -0500] "POST /sipse/faces/presentacion/financiero/solicitudProceso/consultarSolicitudProceso.xhtml HTTP/1.1" 200 41148
190.84.43.231 - - [07/Aug/2023:16:16:49 -0500] "GET /sipse/faces/javax.faces.resource/theme.css?ln=primefaces-sipse HTTP/1.1" 304 -
190.84.43.231 - - [07/Aug/2023:16:16:49 -0500] "GET /sipse/faces/javax.faces.resource/primefaces.css?ln=primefaces&v=4.0 HTTP/1.1" 304 -
190.84.43.231 - - [07/Aug/2023:16:16:49 -0500] "GET /sipse/faces/javax.faces.resource/layout/layout.css?ln=primefaces&v=4.0 HTTP/1.1" 304 -
190.84.43.231 - - [07/Aug/2023:16:16:49 -0500] "GET /sipse/faces/javax.faces.resource/jquery/jquery.js?ln=primefaces&v=4.0 HTTP/1.1" 304 -
190.84.43.231 - - [07/Aug/2023:16:16:49 -0500] "GET /sipse/faces/javax.faces.resource/jquery/jquery-plugins.js?ln=primefaces&v=4.0 HTTP/1.1" 304 -
190.84.43.231 - - [07/Aug/2023:16:16:49 -0500] "GET /sipse/faces/javax.faces.resource/primefaces.js?ln=primefaces&v=4.0 HTTP/1.1" 304 -
190.84.43.231 - - [07/Aug/2023:16:16:49 -0500] "GET /sipse/faces/javax.faces.resource/layout/layout.js?ln=primefaces&v=4.0 HTTP/1.1" 304 -
190.84.43.231 - - [07/Aug/2023:16:16:55 -0500] "GET /sipse/faces/javax.faces.resource/theme.css?ln=primefaces-sipse HTTP/1.1" 304 -
190.84.43.231 - - [07/Aug/2023:16:16:55 -0500] "GET /sipse/faces/javax.faces.resource/primefaces.css?ln=primefaces&v=4.0 HTTP/1.1" 304 -
190.84.43.231 - - [07/Aug/2023:16:16:55 -0500] "GET /sipse/faces/javax.faces.resource/layout/layout.css?ln=primefaces&v=4.0 HTTP/1.1" 304 -
190.84.43.231 - - [07/Aug/2023:16:16:55 -0500] "GET /sipse/faces/javax.faces.resource/jquery/jquery.js?ln=primefaces&v=4.0 HTTP/1.1" 304 -
190.84.43.231 - - [07/Aug/2023:16:16:55 -0500] "GET /sipse/faces/javax.faces.resource/jquery/jquery-plugins.js?ln=primefaces&v=4.0 HTTP/1.1" 304 -
190.84.43.231 - - [07/Aug/2023:16:16:55 -0500] "GET /sipse/faces/javax.faces.resource/primefaces.js?ln=primefaces&v=4.0 HTTP/1.1" 304 -
190.84.43.231 - - [07/Aug/2023:16:16:55 -0500] "GET /sipse/faces/javax.faces.resource/layout/layout.js?ln=primefaces&v=4.0 HTTP/1.1" 304 -
190.84.43.231 - - [07/Aug/2023:16:16:55 -0500] "POST /sipse/faces/presentacion/financiero/solicitudProceso/consultarHistorialSolProceso.xhtml HTTP/1.1" 200 189818
190.84.43.231 - - [07/Aug/2023:16:17:07 -0500] "POST /sipse/faces/presentacion/financiero/solicitudProceso/consultarSolicitudProceso.xhtml HTTP/1.1" 200 71265
172.22.2.4 - - [07/Aug/2023:16:15:31 -0500] "GET /BLA/boletinlegal/ HTTP/1.1" 200 54942
190.84.43.231 - - [07/Aug/2023:16:17:26 -0500] "POST /sipse/faces/presentacion/financiero/solicitudProceso/consultarSolicitudProceso.xhtml HTTP/1.1" 200 4675
190.84.43.231 - - [07/Aug/2023:16:17:26 -0500] "POST /sipse/faces/presentacion/financiero/solicitudProceso/consultarSolicitudProceso.xhtml HTTP/1.1" 200 40915
190.84.43.231 - - [07/Aug/2023:16:17:27 -0500] "GET /sipse/faces/javax.faces.resource/theme.css?ln=primefaces-sipse HTTP/1.1" 304 -
190.84.43.231 - - [07/Aug/2023:16:17:27 -0500] "GET /sipse/faces/javax.faces.resource/layout/layout.css?ln=primefaces&v=4.0 HTTP/1.1" 304 -
190.84.43.231 - - [07/Aug/2023:16:17:27 -0500] "GET /sipse/faces/javax.faces.resource/primefaces.css?ln=primefaces&v=4.0 HTTP/1.1" 304 -
190.84.43.231 - - [07/Aug/2023:16:17:27 -0500] "GET /sipse/faces/javax.faces.resource/jquery/jquery.js?ln=primefaces&v=4.0 HTTP/1.1" 304 -
