66.249.70.197 - - [07/Aug/2023:12:09:13 -0500] "GET /BLA/resoluciones/AUTOS%202014/5903.pdf HTTP/1.1" 200 425242
216.245.221.92 - - [07/Aug/2023:12:09:18 -0500] "HEAD / HTTP/1.1" 200 -
201.245.192.253 - - [07/Aug/2023:12:09:43 -0500] "POST /kwsrmcab/Wsrmcab  HTTP/1.1" 200 42098
66.249.70.197 - - [07/Aug/2023:12:10:22 -0500] "GET /BLA/resoluciones/RESOLUCIONES%202009/8471.pdf HTTP/1.1" 200 48508
51.158.113.206 - - [07/Aug/2023:12:10:35 -0500] "GET /galeria/galeria/jquery.fancybox.js?v=2.1.5 HTTP/1.1" 200 48706
51.158.113.206 - - [07/Aug/2023:12:10:35 -0500] "GET /BLA/boletinlegal/js/jquery.scrollShow.js HTTP/1.1" 200 4586
51.15.201.186 - - [07/Aug/2023:12:10:45 -0500] "GET /galeria/galeria/jquery.fancybox.js?v=2.1.5 HTTP/1.1" 200 48706
51.15.201.186 - - [07/Aug/2023:12:10:45 -0500] "GET /BLA/boletinlegal/js/jquery.scrollShow.js HTTP/1.1" 200 4586
172.22.2.4 - - [07/Aug/2023:12:09:41 -0500] "HEAD /BLA/boletinlegal/ HTTP/1.1" 200 -
51.15.227.96 - - [07/Aug/2023:12:11:40 -0500] "GET /BLA/boletinlegal/js/jquery.scrollShow.js HTTP/1.1" 200 4586
51.15.227.96 - - [07/Aug/2023:12:11:40 -0500] "GET /galeria/galeria/jquery.fancybox.js?v=2.1.5 HTTP/1.1" 200 48706
172.22.2.4 - - [07/Aug/2023:12:10:32 -0500] "GET /BLA/boletinlegal/ HTTP/1.1" 200 58474
216.245.221.92 - - [07/Aug/2023:12:14:18 -0500] "HEAD / HTTP/1.1" 200 -
66.249.70.198 - - [07/Aug/2023:12:14:34 -0500] "GET /BLA/resoluciones/RESOLUCIONES%202010/3411.pdf HTTP/1.1" 200 317124
201.245.192.253 - - [07/Aug/2023:12:14:42 -0500] "POST /kwsrmcab/Wsrmcab  HTTP/1.1" 200 42098
40.77.167.113 - - [07/Aug/2023:12:16:13 -0500] "GET /sipse/faces/faces/autenticacion.xhtml HTTP/1.1" 200 12491
172.22.2.4 - - [07/Aug/2023:12:15:31 -0500] "HEAD /BLA/boletinlegal/ HTTP/1.1" 200 -
172.22.2.4 - - [07/Aug/2023:12:16:22 -0500] "GET /BLA/boletinlegal/ HTTP/1.1" 200 60612
172.22.2.4 - - [07/Aug/2023:12:18:21 -0500] "GET /BLA/boletinlegal/consulta_actos.php?tipo=autos&no=2086&usuario=&sector=&fecha=2023&resuelve= HTTP/1.1" 200 626
172.22.2.4 - - [07/Aug/2023:12:18:22 -0500] "GET /BLA/boletinlegal/consulta_actos.php?tipo=autos&no=2086&usuario=&sector=&fecha=2023&resuelve= HTTP/1.1" 200 626
172.22.2.4 - - [07/Aug/2023:12:18:22 -0500] "GET /BLA/boletinlegal/consulta_actos.php?tipo=autos&no=2086&usuario=&sector=&fecha=2023&resuelve= HTTP/1.1" 200 626
172.22.2.4 - - [07/Aug/2023:12:18:22 -0500] "GET /BLA/boletinlegal/consulta_actos.php?tipo=autos&no=2086&usuario=&sector=&fecha=2023&resuelve= HTTP/1.1" 200 626
172.22.2.4 - - [07/Aug/2023:12:18:22 -0500] "GET /BLA/boletinlegal/consulta_actos.php?tipo=autos&no=2086&usuario=&sector=&fecha=2023&resuelve= HTTP/1.1" 200 626
152.203.247.58 - - [07/Aug/2023:12:18:32 -0500] "GET /kwssiamovil/sm/ldap/au?x=U2FsdGVkX1+AydVnHZwOK6+K20rTST2wBHpktRnGAdNymVAdnuEr3YENgrb9kusV&y=U2FsdGVkX1/MMPJJ91vc9qeoecGU3Tf466JP+kKFJ3SL7ACNbLbLLIBB2hx/+0/+ HTTP/1.1" 200 30
152.203.247.58 - - [07/Aug/2023:12:18:32 -0500] "GET /kwssiamovil/sm/acme/s?s=U2FsdGVkX19tGs1fWOsXN/pQZxRAIyddJEdUnBRz9/D/o26fsh7YorbfjA/HUCy+BTpTJNyjqtin6jw6ra43EvIaynxvnRG+GuF0rEM/tOA=&u=U2FsdGVkX1/b+c8GPjXrhaJlqzC6y4DZMxxvuDpiFvQXLQNhexSaIT3x0jV8aclB&y=U2FsdGVkX1/MMPJJ91vc9qeoecGU3Tf466JP+kKFJ3SL7ACNbLbLLIBB2hx/+0/+ HTTP/1.1" 200 97
152.203.247.58 - - [07/Aug/2023:12:18:32 -0500] "GET /kwssiamovil/sm/acme/s?s=U2FsdGVkX1/tb8Y+TWrhYclFXGCBvVMWCt9d5ZpHNCjGoxbHagTY9pdoRqXmQZPUsSL4EHOsYpQRDLWmCyhCltI8oIeKzcR28z7ID4Kk0z0lQF7mYeJ50mkFoUBkBVAEPK3Jrwuk+T63WoKKycU38HzACQ8HFQcXuf0EgVy4yzkma/dFRy45mcG2dxn6MmrsMsNIOXUWZdiOPRJ/zgQHy5GH07S/NM3HQKTk5Km071hJcZ6H0onl6mITDb2eMgb/XtdstgXEcueBaDJ3Rzerl0YBtORwuHB5IYmoEOh8qRAbmWKnldhcswFK5Fu+9oJh//z41m6z2WVyoorXwqTcgOXu8GHvGFdnvFb+hUtIoXjn2npSowvtxTDbxxurbaGfQ5O4vNApY394I8TbrfSATMM2YOzDM+QTIeQ0rlHJGpRhcDcjN0UULkiM9Kvyn1Y4UVyIY66ZXP8yRtxJoiC/XLxtA7H6FYA3vVnrBV+HU3OGxT2n0YRGZVU5hSKZ9kQOYbDDyHrQrOHT5SaN9tZ20z7FHr3V8Tq96RGUqP0KH7VwjuniavK51O9Mh+/Q3KVTmHu3/M53L/VFeYCon1bim8yuIlDEKsGT1QqTMk8M6OBzUZuqPnyA+2I+ddRzmTlGBFqT9Gx4wyV6oNExJw34WPMcBJ07gcUZAmR8S6A+eVShoEI0D1xSN/ggZ1jWaklxjLQUN7a1hTdGhLnRsFeWXDDapMSVJ5gWkn3S9rlfu2JBSw38/pgBz1t3Bs8A/OBnhQ6fxuAMqiznV/yruvqD1GCEYvhSjdV9Jved6SRbryW/kD8PsmPTiBRML4R/Gxd1rhuisXODj/V4vYbH/zeQKxiw3MCE8tq68xRjlbtTs+nosPyQEzCGiqHPmqyKcnwd8/057p4n50fydozQXO4EKYztTFrtw7GzVHcFC7Z5kAylUIoeQYKLnYfl0nK7XqT3u9rBqUFSewSvAVNCxOiijHRICwSZfbjF/v/fGz04eagP8g1LxlmulgIJSF/aZbAp2NtRYCW3SnUNS81bkBeOMBo4IrullNdD1sk+OL1q9l+uFNB0hDggyq9L2MrY4Wi3G1fWP/kByVPlfVoMOSX53/R1jMpZ/IPfTMKvC/dDQxH+1198rG9zmRq+ICwLKNITMrmwbcZRUo/zvtf7cHcelFwuXpGq6wKV0MXQ9kU2UObYWMrPHmF46bDsgDsF7RP2gf6PLgF4zR8ChitLfSN/FZu+jXXkhNUHO1TTFtJbYZUnZMO7R2vT1ViXsG3wa7vIIywz7Fr8jZyJKf4N6FxhOruIbK6HUYVW79nVnICfMwSCuQ8oKpT/129pqysTpiy/ktknBb5PPH1s1cpxP5X1/jmT10P9gx/tMXECdHTNSzS93mm02RhsaBw0P5tbgt0CFXB7Ed28E6x0hVCf+xwJP2zZVAEEz3aBUetgsHXDz4c=&u=U2FsdGVkX1/b+c8GPjXrhaJlqzC6y4DZMxxvuDpiFvQXLQNhexSaIT3x0jV8aclB&y=U2FsdGVkX1/MMPJJ91vc9qeoecGU3Tf466JP+kKFJ3SL7ACNbLbLLIBB2hx/+0/+ HTTP/1.1" 200 621
152.203.247.58 - - [07/Aug/2023:12:18:33 -0500] "GET /kwssiamovil/sm/acme/s?s=U2FsdGVkX1+bZlPGUoh3pKeg97IYzxJWQsor1DRsUMaCMDOlocDG7geTkapbL9O+/r66TxdtsTnegROMiF3MGga7OWKBHO4kC4czSabsaESo9D/Ukf/DncZjf20mafE5XyfJL9/6PG+7l0ScPjXIb4+VDPDiOCfaonIIAii6JA5OTnrxEQkw+5EOojvCgfk4XfRX4UFblX/y/AoN5fOS0hEMOPqv9ScoAL89QOsK4BQb4eJy5uc4W9yTiaiu4RWimOosfNWLJIrjDfG3AvGLetccfN5U7h6oL2DCqj9mwANv0UgHdRqz39B4eyy66vndpubWA0jt6lL1uRo+KSgJhCkRjcpOETFPFwf3xOq8eCo=&u=U2FsdGVkX1/b+c8GPjXrhaJlqzC6y4DZMxxvuDpiFvQXLQNhexSaIT3x0jV8aclB&y=U2FsdGVkX1/MMPJJ91vc9qeoecGU3Tf466JP+kKFJ3SL7ACNbLbLLIBB2hx/+0/+ HTTP/1.1" 200 196
152.203.247.58 - - [07/Aug/2023:12:18:33 -0500] "GET /kwssiamovil/sm/cjson/pre?f=1&x=U2FsdGVkX1+AydVnHZwOK6+K20rTST2wBHpktRnGAdNymVAdnuEr3YENgrb9kusV HTTP/1.1" 200 31032
66.249.70.197 - - [07/Aug/2023:12:18:47 -0500] "GET /BLA/resoluciones/AUTOS%202014/1348.pdf HTTP/1.1" 200 515891
216.245.221.92 - - [07/Aug/2023:12:19:18 -0500] "HEAD / HTTP/1.1" 200 -
66.249.70.196 - - [07/Aug/2023:12:19:22 -0500] "GET /resoluciones/RESOLUCIONES%202009/2869.pdf HTTP/1.1" 404 1018
201.245.192.253 - - [07/Aug/2023:12:19:25 -0500] "POST /kwsrmcab/Wsrmcab HTTP/1.1" 200 42656
201.245.192.253 - - [07/Aug/2023:12:19:27 -0500] "POST /kwsrmcab/Wsrmcab HTTP/1.1" 200 44836
163.172.145.160 - - [07/Aug/2023:12:19:37 -0500] "GET /BLA/boletinlegal/js/jquery.scrollShow.js HTTP/1.1" 200 4586
163.172.145.160 - - [07/Aug/2023:12:19:37 -0500] "GET /galeria/galeria/jquery.fancybox.js?v=2.1.5 HTTP/1.1" 200 48706
201.245.192.253 - - [07/Aug/2023:12:19:41 -0500] "POST /kwsrmcab/Wsrmcab  HTTP/1.1" 200 42098
66.249.66.4 - - [07/Aug/2023:12:19:52 -0500] "GET /el-ejemplo-comienza-por-casa-alcaldia-de-bogota-expide-decreto-para-reducir-plasticos-de-un-solo-uso-en-las-entidades-del-distrito.html HTTP/1.1" 304 -
66.249.70.198 - - [07/Aug/2023:12:20:25 -0500] "GET /BLA/resoluciones/RESOLUCIONES%202011/3772.pdf HTTP/1.1" 200 688124
66.249.70.196 - - [07/Aug/2023:12:21:45 -0500] "GET /BLA/resoluciones/AUTOS%202014/4280.pdf HTTP/1.1" 200 522453
66.249.70.196 - - [07/Aug/2023:12:22:06 -0500] "GET /resoluciones/RESOLUCIONES%202007/RES%202007%202301%20AL%202400/RESOLUCION%202375%20DE%202007.pdf HTTP/1.1" 404 1018
172.22.2.4 - - [07/Aug/2023:12:20:28 -0500] "GET /BLA/boletinlegal/ HTTP/1.1" 200 52855
172.22.2.4 - - [07/Aug/2023:12:21:21 -0500] "HEAD /BLA/boletinlegal/ HTTP/1.1" 200 -
172.22.2.4 - - [07/Aug/2023:12:22:12 -0500] "GET /BLA/boletinlegal/ HTTP/1.1" 200 60612
186.31.4.124 - - [07/Aug/2023:12:24:11 -0500] "GET /mesa/contrasena.pdf HTTP/1.1" 200 443199
216.245.221.92 - - [07/Aug/2023:12:24:18 -0500] "HEAD / HTTP/1.1" 200 -
40.77.167.113 - - [07/Aug/2023:12:24:38 -0500] "GET /BLA/resoluciones/AUTOS%202022/1010.pdf HTTP/1.1" 304 -
201.245.192.253 - - [07/Aug/2023:12:24:38 -0500] "POST /kwsrmcab/Wsrmcab  HTTP/1.1" 200 42098
66.249.70.198 - - [07/Aug/2023:12:27:21 -0500] "GET /BLA/resoluciones/AUTOS%202008/1818.pdf HTTP/1.1" 200 144095
66.249.70.198 - - [07/Aug/2023:12:28:40 -0500] "GET /BLA/resoluciones/RESOLUCIONES%202009/7990.pdf HTTP/1.1" 200 530531
172.22.2.4 - - [07/Aug/2023:12:27:11 -0500] "HEAD /BLA/boletinlegal/ HTTP/1.1" 200 -
216.245.221.92 - - [07/Aug/2023:12:29:18 -0500] "HEAD / HTTP/1.1" 200 -
51.158.103.81 - - [07/Aug/2023:12:29:23 -0500] "GET /BLA/boletinlegal/js/jquery.scrollShow.js HTTP/1.1" 200 4586
51.158.103.81 - - [07/Aug/2023:12:29:23 -0500] "GET /galeria/galeria/jquery.fancybox.js?v=2.1.5 HTTP/1.1" 200 48706
201.245.192.253 - - [07/Aug/2023:12:29:24 -0500] "POST /kwsrmcab/Wsrmcab HTTP/1.1" 200 42656
201.245.192.253 - - [07/Aug/2023:12:29:27 -0500] "POST /kwsrmcab/Wsrmcab HTTP/1.1" 200 44836
201.245.192.253 - - [07/Aug/2023:12:29:35 -0500] "POST /kwsrmcab/Wsrmcab  HTTP/1.1" 200 42098
172.22.2.4 - - [07/Aug/2023:12:28:02 -0500] "GET /BLA/boletinlegal/ HTTP/1.1" 200 59192
172.22.2.4 - - [07/Aug/2023:12:33:18 -0500] "GET /BLA/boletinlegal/ HTTP/1.1" 200 32715
216.245.221.92 - - [07/Aug/2023:12:34:18 -0500] "HEAD / HTTP/1.1" 200 -
52.167.144.76 - - [07/Aug/2023:12:34:31 -0500] "GET /BLA/resoluciones/AUTOS%202020/3366.pdf HTTP/1.1" 200 411580
201.245.192.253 - - [07/Aug/2023:12:34:34 -0500] "POST /kwsrmcab/Wsrmcab  HTTP/1.1" 200 42098
66.249.70.196 - - [07/Aug/2023:12:34:36 -0500] "GET /siipev/Diseno%20de%20Elementos%20de%20Mobiliario%20Urbano/Diseno%20pertenecientes%20al%20mobiliario%20urbano%20M10-M160/PARTE%20A/Dise%C3%B1o%20de%20Elementos%20M-41.pdf HTTP/1.1" 200 313556
172.22.2.4 - - [07/Aug/2023:12:33:01 -0500] "HEAD /BLA/boletinlegal/ HTTP/1.1" 200 -
66.249.70.198 - - [07/Aug/2023:12:35:06 -0500] "GET /resoluciones/RESOLUCIONES%202007/RES%202007%203901%20AL%204000/RESOLUCION%203984%20DE%202007.pdf HTTP/1.1" 404 1018
66.249.70.197 - - [07/Aug/2023:12:35:15 -0500] "GET /BLA/resoluciones/RESOLUCIONES%202009/1800.pdf HTTP/1.1" 200 770609
152.203.247.58 - - [07/Aug/2023:12:35:30 -0500] "GET /kwssiamovil/sm/ldap/au?x=U2FsdGVkX1/uaSlzQcSsS4cWLxBrHEJ9YhVmMsOXSZ9F/av1uxoWnqiDmcphKUt1&y=U2FsdGVkX1+KoPFkap7U4CIWRQclFRLzx0gvBdP+4motJHpu06e7khOmbx6xKDmz HTTP/1.1" 200 30
152.203.247.58 - - [07/Aug/2023:12:35:30 -0500] "GET /kwssiamovil/sm/acme/s?s=U2FsdGVkX1+Sz5wCrr25f+zufMpd6Cud5l83PTzcjIkDkqBn5Tka+2q6QxLX2GRpTzihHQ0GYEh0AaFHo8Q4GDnxGySbpOvsFoNfbqnCPzM=&u=U2FsdGVkX1+eQSIefjtqtZ96Dcr8p2N4tajZ/BVqYClf15YQ5eS57ZB83DTljxCz&y=U2FsdGVkX1+KoPFkap7U4CIWRQclFRLzx0gvBdP+4motJHpu06e7khOmbx6xKDmz HTTP/1.1" 200 97
152.203.247.58 - - [07/Aug/2023:12:35:30 -0500] "GET /kwssiamovil/sm/acme/s?s=U2FsdGVkX1/sYK+Aor/SynFnkbIOg+3p+eTiO8LLbDZpjLttm1cMss/lQ4bbVZAUrcvkDUM/nAyD8gcJY4Bn/07RJI2ztVzYKxpXTG54/bEfhY8tlJcxtEBwdFf34PRWOl+xqeS5l4bI0WgSfBYcQhYI+wTFknvMuO8ORdTm+eAVKJLYoBOmc2Y/rRvphaDA+R1GkAaJKN6vFFLwBaTEeXNo39wr5bF/NWyGTF+xNZddlHs+AEpsRv41US3sbr96DLeaCcfftNVUcAaeQp1DreSxYLNF3QRehGotodFq8m7FsM1l9UMDKgQTQd5654BkaG1bSpfLoiUgaslNj3xVBJBPCrdJ7th0TQq7Sd9WShtvd4AkzZR0nYxlvjmH8KkyhvdqqLGuF2Q42cvFch+85Yjrczuasj8zaWWvdbq3hXkMWNOYjFjhxag9Fh3Gj/0HOuFxTCWlIwpR7Ak3xP4mWSsaobp8hc+oYVCkh6ljs2X/4Fb5jGsOD0RTBDGupEBL7iDMUKuw5oYjsSxqG7j1NrWmvkVuWnYmvHqKWUn59oQKd+IVboBmlka4IFL/rlj0cYz3FIJGbXTPOhYGe+aiulwSjDXERz84hFlkFGhriKHzvCFMADqrmhrQH35HaBLi+7DpH0us20HFTLjwQ/BWUIcylosp+i7fxnSq/CPqmDB15QTpe4Rue3/Ab2FT1vrTiNAq6zhJw+/51TIHdGPr6rBZ3bP8OkouhmGCRkAk/UK1cvDW+8l57r0BgNoaZq1ucyACu5zTrxSPUQrD/+/1f6VAb6RwglEAvkPeKBjwssAxNy0r57y9EGSIOWk1BgeI9E5OB6v2QtSo9jc73ckCURkXqFFY0SOvSSab6KlKC4S4h6QOzyjGXN9iX6j2rh3C+KFXiD9j92NG5r/CMFfCudvKsDGGJJeBbjyEj9i2ZZ0lkKydMUacbKPm3EcNKO2xJ57xIKutoNOgbW/bG1lVW6C4yklIhTSh+sCggdmaHiQxPDndCHcEW0Q7jRCC9r4AISrVPtttqg6MC4zHOHeLPWyp3aS4lRrtsvtp9J5KA9Z4J9Rn6G+YVZ32pU6AiAzjoXxnC+UdtHsn7obKdlzsAvWZjQQHStlgY6s9u+6OgCbo/eMT1up7wrSGHDsFl3k6C4+jjlHvwv1sc+kv/LQ6TNtI6CFpFFMf3fHpzFkJSTI9BgoWoitKJpdJRoHRiTyI1UzGI7nkobs6L60fGa6YmnwrbtKzOXhvzi3ZyExSiuypNENORQLkSbKLqt0Sf2lwiE+UMfbxktD/128Du4EMGUeOhLDjDxc8hCpqshM6ZpnnBBaKjd8MdPYY/gMc++JdiTr71vqvj+hwjesaJ8RbxdKZ2vxqT7XX9gRDye5uNVy2cf/JQlOVY5QII9RfFVcz4uPe5S+k3/218l/WECd85yrYwlOaF5x6JVVIgtgMP34=&u=U2FsdGVkX1+eQSIefjtqtZ96Dcr8p2N4tajZ/BVqYClf15YQ5eS57ZB83DTljxCz&y=U2FsdGVkX1+KoPFkap7U4CIWRQclFRLzx0gvBdP+4motJHpu06e7khOmbx6xKDmz HTTP/1.1" 200 1989
152.203.247.58 - - [07/Aug/2023:12:35:30 -0500] "GET /kwssiamovil/sm/acme/s?s=U2FsdGVkX1/kG7RJxZcSsjCRcxJlaLv0DiLVvHinkIKNzt5TbZHt63kinNa6Ognt/10DMqGD2thPvONk3La7iIZF9aq32xKAHmNH4K9Dk2g77mWytUjr31G9AMiUxVXOphih4B4OjePUKRndB8GFOmBN66XG6GadriuNsaVUr+ybNy9+H4hJZ6N7X5ww9/oGAaYMM0W3P/joKh5oqExPCMYAjShyuK3hXZ4aoPILinTOuzvgP00ksCtOHH9SrhpCp4+WwWgQWDNrQ86TrNmyTzJHozwyFRBiu8oj1R2alAXKlomPa9zq8EslvL2WYdoFd42BEIsagKuOoppE43Zq+RXj7GK9UJQNHDH+CbxVIDY=&u=U2FsdGVkX1+eQSIefjtqtZ96Dcr8p2N4tajZ/BVqYClf15YQ5eS57ZB83DTljxCz&y=U2FsdGVkX1+KoPFkap7U4CIWRQclFRLzx0gvBdP+4motJHpu06e7khOmbx6xKDmz HTTP/1.1" 200 196
152.203.247.58 - - [07/Aug/2023:12:35:30 -0500] "GET /kwssiamovil/sm/cjson/pre?f=1&x=U2FsdGVkX1/uaSlzQcSsS4cWLxBrHEJ9YhVmMsOXSZ9F/av1uxoWnqiDmcphKUt1 HTTP/1.1" 200 31032
172.22.2.4 - - [07/Aug/2023:12:33:51 -0500] "GET /BLA/boletinlegal/ HTTP/1.1" 200 53248
181.59.3.253 - - [07/Aug/2023:12:35:44 -0500] "GET /galeria/galeria/jquery.fancybox.css?v=2.1.5 HTTP/1.1" 200 4895
181.59.3.253 - - [07/Aug/2023:12:35:45 -0500] "GET /BLA/boletinlegal/js/jquery.scrollShow.js HTTP/1.1" 200 4586
181.59.3.253 - - [07/Aug/2023:12:35:45 -0500] "GET /galeria/galeria/jquery.fancybox.js?v=2.1.5 HTTP/1.1" 200 48706
66.249.70.198 - - [07/Aug/2023:12:37:24 -0500] "GET /resoluciones/RESOLUCIONES%202008/1691.pdf HTTP/1.1" 404 1018
172.22.2.4 - - [07/Aug/2023:12:38:53 -0500] "GET /BLA/boletinlegal/Circulares/2020/Circular%20No.%2000018%20del%2002%20de%20diciembre%20del%202020.pdf HTTP/1.1" 304 -
172.22.2.4 - - [07/Aug/2023:12:39:08 -0500] "GET /BLA/boletinlegal/actos.php HTTP/1.1" 200 9682
190.159.184.39 - - [07/Aug/2023:12:39:14 -0500] "GET /BLA/resoluciones/ HTTP/1.1" 200 13502
172.22.2.4 - - [07/Aug/2023:12:39:17 -0500] "GET /BLA/boletinlegal/consulta_actos.php?tipo=resoluciones&no=175&usuario=&sector=&fecha=2023&resuelve= HTTP/1.1" 200 626
216.245.221.92 - - [07/Aug/2023:12:39:18 -0500] "HEAD / HTTP/1.1" 200 -
172.22.2.4 - - [07/Aug/2023:12:39:19 -0500] "GET /BLA/boletinlegal/consulta_actos.php?tipo=resoluciones&no=1175&usuario=&sector=&fecha=2023&resuelve= HTTP/1.1" 200 626
172.22.2.4 - - [07/Aug/2023:12:39:20 -0500] "GET /BLA/boletinlegal/consulta_actos.php?tipo=resoluciones&no=1175&usuario=&sector=&fecha=2023&resuelve= HTTP/1.1" 200 626
172.22.2.4 - - [07/Aug/2023:12:39:20 -0500] "GET /BLA/boletinlegal/consulta_actos.php?tipo=resoluciones&no=1175&usuario=&sector=&fecha=2023&resuelve= HTTP/1.1" 200 626
172.22.2.4 - - [07/Aug/2023:12:39:20 -0500] "GET /BLA/boletinlegal/consulta_actos.php?tipo=resoluciones&no=1175&usuario=&sector=&fecha=2023&resuelve= HTTP/1.1" 200 626
172.22.2.4 - - [07/Aug/2023:12:39:20 -0500] "GET /BLA/boletinlegal/consulta_actos.php?tipo=resoluciones&no=1175&usuario=&sector=&fecha=2023&resuelve= HTTP/1.1" 200 626
172.22.2.4 - - [07/Aug/2023:12:39:21 -0500] "GET /BLA/boletinlegal/consulta_actos.php?tipo=resoluciones&no=1175&usuario=&sector=&fecha=2023&resuelve= HTTP/1.1" 200 626
172.22.2.4 - - [07/Aug/2023:12:39:21 -0500] "GET /BLA/boletinlegal/consulta_actos.php?tipo=resoluciones&no=1175&usuario=&sector=&fecha=2023&resuelve= HTTP/1.1" 200 626
172.22.2.4 - - [07/Aug/2023:12:39:21 -0500] "GET /BLA/boletinlegal/consulta_actos.php?tipo=resoluciones&no=1175&usuario=&sector=&fecha=2023&resuelve= HTTP/1.1" 200 626
172.22.2.4 - - [07/Aug/2023:12:39:21 -0500] "GET /BLA/boletinlegal/consulta_actos.php?tipo=resoluciones&no=1175&usuario=&sector=&fecha=2023&resuelve= HTTP/1.1" 200 626
201.245.192.253 - - [07/Aug/2023:12:39:24 -0500] "POST /kwsrmcab/Wsrmcab HTTP/1.1" 200 42656
201.245.192.253 - - [07/Aug/2023:12:39:27 -0500] "POST /kwsrmcab/Wsrmcab HTTP/1.1" 200 44836
201.245.192.253 - - [07/Aug/2023:12:39:32 -0500] "POST /kwsrmcab/Wsrmcab  HTTP/1.1" 200 42098
66.249.70.197 - - [07/Aug/2023:12:40:09 -0500] "GET /resoluciones/RESOLUCIONES%202009/1148.pdf HTTP/1.1" 404 1018
172.22.2.4 - - [07/Aug/2023:12:38:51 -0500] "HEAD /BLA/boletinlegal/ HTTP/1.1" 200 -
190.60.254.241 - - [07/Aug/2023:12:41:08 -0500] "GET /galeria/galeria/jquery.fancybox.js?v=2.1.5 HTTP/1.1" 200 48706
190.60.254.241 - - [07/Aug/2023:12:41:08 -0500] "GET /galeria/galeria/jquery.fancybox.css?v=2.1.5 HTTP/1.1" 200 4895
190.60.254.241 - - [07/Aug/2023:12:41:08 -0500] "GET /BLA/boletinlegal/js/jquery.scrollShow.js HTTP/1.1" 200 4586
172.22.2.4 - - [07/Aug/2023:12:39:42 -0500] "GET /BLA/boletinlegal/ HTTP/1.1" 200 60612
66.249.70.197 - - [07/Aug/2023:12:41:49 -0500] "GET /BLA/resoluciones/RESOLUCIONES%202009/5748.pdf HTTP/1.1" 200 509847
66.249.70.196 - - [07/Aug/2023:12:42:34 -0500] "GET /BLA/resoluciones/RESOLUCIONES%202009/6897.pdf HTTP/1.1" 200 339065
66.249.70.197 - - [07/Aug/2023:12:43:21 -0500] "GET /resoluciones/RESOLUCIONES%202009/7465.pdf HTTP/1.1" 404 1018
163.172.158.231 - - [07/Aug/2023:12:43:50 -0500] "GET /BLA/boletinlegal/js/jquery.scrollShow.js HTTP/1.1" 200 4586
163.172.158.231 - - [07/Aug/2023:12:43:50 -0500] "GET /galeria/galeria/jquery.fancybox.js?v=2.1.5 HTTP/1.1" 200 48706
172.22.2.4 - - [07/Aug/2023:12:43:54 -0500] "GET /BLA/boletinlegal/actos.php HTTP/1.1" 200 9682
172.22.2.4 - - [07/Aug/2023:12:43:54 -0500] "GET /BLA/boletinlegal/favicon.ico HTTP/1.1" 404 1326
186.80.52.205 - - [07/Aug/2023:12:43:57 -0500] "GET /BLA/resoluciones/ HTTP/1.1" 200 13502
186.80.52.205 - - [07/Aug/2023:12:44:07 -0500] "GET /BLA/resoluciones/index.php?dir=RESOLUCIONES+2015%2F HTTP/1.1" 200 130562
186.80.52.205 - - [07/Aug/2023:12:44:07 -0500] "GET /BLA/resoluciones/dlf/unknown.png HTTP/1.1" 200 266
216.245.221.92 - - [07/Aug/2023:12:44:18 -0500] "HEAD / HTTP/1.1" 200 -
66.249.70.196 - - [07/Aug/2023:12:44:23 -0500] "GET /BLA/resoluciones/RESOLUCIONES%202008/3722.pdf HTTP/1.1" 200 408764
201.245.192.253 - - [07/Aug/2023:12:44:31 -0500] "POST /kwsrmcab/Wsrmcab  HTTP/1.1" 200 42098
186.80.52.205 - - [07/Aug/2023:12:45:31 -0500] "GET /BLA/resoluciones/RESOLUCIONES%202015/0757.pdf HTTP/1.1" 200 2541940
66.249.70.198 - - [07/Aug/2023:12:45:32 -0500] "GET /BLA/resoluciones/AUTOS%202014/5759.pdf HTTP/1.1" 200 435642
172.22.2.4 - - [07/Aug/2023:12:44:41 -0500] "HEAD /BLA/boletinlegal/ HTTP/1.1" 200 -
66.249.70.198 - - [07/Aug/2023:12:46:21 -0500] "GET /BLA/resoluciones/RESOLUCIONES%202010/5876.pdf HTTP/1.1" 200 142306
173.252.95.13 - - [07/Aug/2023:12:46:57 -0500] "GET /cumpleanos-485-de-bogota-inscribete-a-las-jornadas-de-monitoreo-a-la-biodiversidad.html HTTP/1.1" 200 847
172.22.2.4 - - [07/Aug/2023:12:45:31 -0500] "GET /BLA/boletinlegal/ HTTP/1.1" 200 52855
66.249.70.196 - - [07/Aug/2023:12:48:30 -0500] "GET /BLA/resoluciones/RESOLUCIONES%202013/1138.pdf HTTP/1.1" 200 495266
216.245.221.92 - - [07/Aug/2023:12:49:18 -0500] "HEAD / HTTP/1.1" 200 -
201.245.192.253 - - [07/Aug/2023:12:49:30 -0500] "POST /kwsrmcab/Wsrmcab  HTTP/1.1" 200 42098
66.249.70.197 - - [07/Aug/2023:12:49:33 -0500] "GET /BLA/resoluciones/RESOLUCIONES%202010/0891.pdf HTTP/1.1" 200 112800
66.249.70.196 - - [07/Aug/2023:12:49:34 -0500] "GET /BLA/resoluciones/RESOLUCIONES%202007/RES%202007%20201%20AL%20300/RESOLUCION%200229%20DE%202007.pdf HTTP/1.1" 200 275992
66.249.70.198 - - [07/Aug/2023:12:49:34 -0500] "GET /BLA/resoluciones/AUTOS%202014/0803.pdf HTTP/1.1" 200 515738
66.249.70.197 - - [07/Aug/2023:12:49:35 -0500] "GET /BLA/resoluciones/RESOLUCIONES%202010/2919.pdf HTTP/1.1" 200 116497
66.249.70.197 - - [07/Aug/2023:12:49:35 -0500] "GET /BLA/resoluciones/RESOLUCIONES%202008/0897.pdf HTTP/1.1" 200 111408
40.77.167.1 - - [07/Aug/2023:12:51:50 -0500] "GET /BLA/resoluciones/AUTOS%202022/2458.pdf HTTP/1.1" 304 -
172.22.2.4 - - [07/Aug/2023:12:50:31 -0500] "HEAD /BLA/boletinlegal/ HTTP/1.1" 200 -
172.22.2.4 - - [07/Aug/2023:12:51:21 -0500] "GET /BLA/boletinlegal/ HTTP/1.1" 200 58474
216.245.221.92 - - [07/Aug/2023:12:54:18 -0500] "HEAD / HTTP/1.1" 200 -
172.22.2.4 - - [07/Aug/2023:12:54:28 -0500] "GET /BLA/boletinlegal/actos.php HTTP/1.1" 200 9682
172.22.2.4 - - [07/Aug/2023:12:54:29 -0500] "GET /BLA/boletinlegal/favicon.ico HTTP/1.1" 404 1326
186.29.213.201 - - [07/Aug/2023:12:54:30 -0500] "GET /BLA/resoluciones/ HTTP/1.1" 200 13502
201.245.192.253 - - [07/Aug/2023:12:54:28 -0500] "POST /kwsrmcab/Wsrmcab  HTTP/1.1" 200 42098
186.29.213.201 - - [07/Aug/2023:12:54:36 -0500] "GET /BLA/resoluciones/index.php?dir=AUTOS+2022%2F HTTP/1.1" 200 502426
186.29.213.201 - - [07/Aug/2023:12:54:53 -0500] "GET /BLA/resoluciones/AUTOS%202022/7077.pdf HTTP/1.1" 200 545049
186.29.213.201 - - [07/Aug/2023:12:54:53 -0500] "GET /BLA/resoluciones/AUTOS%202022/7077.pdf HTTP/1.1" 206 1025
40.77.167.113 - - [07/Aug/2023:12:56:06 -0500] "GET /BLA/resoluciones/AUTOS%202022/3421.pdf HTTP/1.1" 304 -
186.29.213.201 - - [07/Aug/2023:12:56:10 -0500] "GET /BLA/resoluciones/AUTOS%202022/6275.pdf HTTP/1.1" 200 425270
186.29.213.201 - - [07/Aug/2023:12:56:10 -0500] "GET /BLA/resoluciones/AUTOS%202022/6275.pdf HTTP/1.1" 206 1025
172.22.2.4 - - [07/Aug/2023:12:56:21 -0500] "HEAD /BLA/boletinlegal/ HTTP/1.1" 200 -
172.22.2.4 - - [07/Aug/2023:12:57:12 -0500] "GET /BLA/boletinlegal/ HTTP/1.1" 200 60612
216.245.221.92 - - [07/Aug/2023:12:59:18 -0500] "HEAD / HTTP/1.1" 200 -
201.245.192.253 - - [07/Aug/2023:12:59:27 -0500] "POST /kwsrmcab/Wsrmcab  HTTP/1.1" 200 42098
162.55.43.55 - - [07/Aug/2023:13:00:11 -0500] "GET / HTTP/1.1" 200 319
172.22.2.4 - - [07/Aug/2023:13:01:25 -0500] "GET /BLA/boletinlegal/ HTTP/1.1" 200 32715
172.22.2.4 - - [07/Aug/2023:13:02:22 -0500] "GET /BLA/boletinlegal/Circulares/2011/Circular%20No.%203%20del%2023%20de%20Junio%20de%202011.pdf HTTP/1.1" 304 -
181.53.12.219 - - [07/Aug/2023:13:03:29 -0500] "GET /BLA/boletinlegal/js/jquery.scrollShow.js HTTP/1.1" 200 4586
181.53.12.219 - - [07/Aug/2023:13:03:29 -0500] "GET /galeria/galeria/jquery.fancybox.css?v=2.1.5 HTTP/1.1" 200 4895
181.53.12.219 - - [07/Aug/2023:13:03:29 -0500] "GET /galeria/galeria/jquery.fancybox.js?v=2.1.5 HTTP/1.1" 200 48706
172.22.2.4 - - [07/Aug/2023:13:02:11 -0500] "HEAD /BLA/boletinlegal/ HTTP/1.1" 200 -
216.245.221.92 - - [07/Aug/2023:13:04:18 -0500] "HEAD / HTTP/1.1" 200 -
201.245.192.253 - - [07/Aug/2023:13:04:25 -0500] "POST /kwsrmcab/Wsrmcab  HTTP/1.1" 200 42098
172.22.2.4 - - [07/Aug/2023:13:03:02 -0500] "GET /BLA/boletinlegal/ HTTP/1.1" 200 60612
66.249.66.37 - - [07/Aug/2023:13:04:52 -0500] "GET /la-feria-de-servicios-ambientales-llega-a-la-localidad-rafael-uribe-uribe.html HTTP/1.1" 304 -
191.156.61.113 - - [07/Aug/2023:13:06:57 -0500] "GET /asi-fue-el-reverdecer-de-leandra-marulanda-mujer-resiliente-que-ahora-emprende-con-el-compostaje.html HTTP/1.1" 304 -
172.22.2.4 - - [07/Aug/2023:13:07:35 -0500] "GET /BLA/boletinlegal/favicon.ico HTTP/1.1" 404 1326
216.245.221.92 - - [07/Aug/2023:13:09:18 -0500] "HEAD / HTTP/1.1" 200 -
201.245.192.253 - - [07/Aug/2023:13:09:23 -0500] "POST /kwsrmcab/Wsrmcab  HTTP/1.1" 200 42098
172.22.2.4 - - [07/Aug/2023:13:08:01 -0500] "HEAD /BLA/boletinlegal/ HTTP/1.1" 200 -
172.22.2.4 - - [07/Aug/2023:13:10:00 -0500] "GET /BLA/boletinlegal/owa/auth/x.js HTTP/1.1" 404 1018
69.171.249.9 - - [07/Aug/2023:13:10:02 -0500] "GET /serpiente-sabanera-pone-huevos-en-area-protegida-de-bogota.html HTTP/1.1" 200 670
172.22.2.4 - - [07/Aug/2023:13:08:51 -0500] "GET /BLA/boletinlegal/ HTTP/1.1" 200 54079
186.28.197.26 - - [07/Aug/2023:13:12:20 -0500] "GET /BLA/resoluciones/index.php?dir=AUTOS+2019%2F HTTP/1.1" 200 383585
186.28.197.26 - - [07/Aug/2023:13:12:43 -0500] "GET /BLA/resoluciones/AUTOS%202019/4471.pdf HTTP/1.1" 200 305477
181.54.109.144 - - [07/Aug/2023:13:13:07 -0500] "GET /secretaria-de-ambiente-en-sumapaz-trabajo-de-la-mano-con-los-campesinos-aliados-de-la-conservacion.html?fbclid=IwAR17i8nkPb4regJCrhWvjdNQ1_EFLQ2-lTDRiHGbLiuw7s-Xhj56uiecJTE HTTP/1.1" 200 853
173.252.107.117 - - [07/Aug/2023:13:13:30 -0500] "GET /secretaria-de-ambiente-en-sumapaz-trabajo-de-la-mano-con-los-campesinos-aliados-de-la-conservacion.html HTTP/1.1" 200 853
216.245.221.92 - - [07/Aug/2023:13:14:18 -0500] "HEAD / HTTP/1.1" 200 -
201.245.192.253 - - [07/Aug/2023:13:14:22 -0500] "POST /kwsrmcab/Wsrmcab  HTTP/1.1" 200 42098
172.22.2.4 - - [07/Aug/2023:13:13:51 -0500] "HEAD /BLA/boletinlegal/ HTTP/1.1" 200 -
94.156.102.230 - - [07/Aug/2023:13:16:03 -0500] "GET /.env HTTP/1.1" 404 1018
94.156.102.230 - - [07/Aug/2023:13:16:03 -0500] "POST / HTTP/1.1" 200 319
172.22.2.4 - - [07/Aug/2023:13:14:41 -0500] "GET /BLA/boletinlegal/ HTTP/1.1" 200 59192
173.252.107.8 - - [07/Aug/2023:13:17:48 -0500] "GET /bogota-sostenible-articulacion-entre-el-distrito-y-el-sector-privado-claves-del-exito.html HTTP/1.1" 200 868
216.245.221.92 - - [07/Aug/2023:13:19:18 -0500] "HEAD / HTTP/1.1" 200 -
201.245.192.253 - - [07/Aug/2023:13:19:21 -0500] "POST /kwsrmcab/Wsrmcab  HTTP/1.1" 200 42098
201.245.192.253 - - [07/Aug/2023:13:19:24 -0500] "POST /kwsrmcab/Wsrmcab HTTP/1.1" 200 43480
201.245.192.253 - - [07/Aug/2023:13:19:27 -0500] "POST /kwsrmcab/Wsrmcab HTTP/1.1" 200 44844
66.249.70.196 - - [07/Aug/2023:13:19:33 -0500] "GET /BLA/resoluciones/RESOLUCIONES%202009/3701.pdf HTTP/1.1" 200 52244
66.249.70.197 - - [07/Aug/2023:13:19:34 -0500] "GET /BLA/resoluciones/AUTOS%202016/0403.pdf HTTP/1.1" 200 518470
66.249.70.197 - - [07/Aug/2023:13:19:35 -0500] "GET /BLA/resoluciones/AUTOS%202015/3393.pdf HTTP/1.1" 200 671835
66.249.70.197 - - [07/Aug/2023:13:19:35 -0500] "GET /BLA/resoluciones/AUTOS%202009/0384.pdf HTTP/1.1" 200 102601
66.249.70.198 - - [07/Aug/2023:13:19:36 -0500] "GET /BLA/resoluciones/RESOLUCIONES%202008/3920.pdf HTTP/1.1" 200 255914
66.249.70.197 - - [07/Aug/2023:13:19:36 -0500] "GET /BLA/resoluciones/AUTOS%202015/4824.pdf HTTP/1.1" 200 500225
66.249.70.196 - - [07/Aug/2023:13:19:36 -0500] "GET /BLA/resoluciones/AUTOS%202016/1410.pdf HTTP/1.1" 200 364882
66.249.70.196 - - [07/Aug/2023:13:19:37 -0500] "GET /BLA/resoluciones/RESOLUCIONES%202018/1840.pdf HTTP/1.1" 200 278647
66.249.70.196 - - [07/Aug/2023:13:19:37 -0500] "GET /BLA/resoluciones/RESOLUCIONES%202011/5529.pdf HTTP/1.1" 200 1383484
66.249.70.196 - - [07/Aug/2023:13:19:38 -0500] "GET /BLA/resoluciones/RESOLUCIONES%202007/RES%202007%203001%20AL%203100/RESOLUCION%203044%20%20DE%202007.pdf HTTP/1.1" 200 467105
52.167.144.25 - - [07/Aug/2023:13:21:04 -0500] "GET /sipse/faces/presentacion/sistema/anexos/cargarAnexoSolicitudProceso.xhtml HTTP/1.1" 302 -
52.167.144.25 - - [07/Aug/2023:13:21:05 -0500] "GET /sipse/faces/autenticacion.xhtml HTTP/1.1" 200 12169
172.22.2.4 - - [07/Aug/2023:13:19:41 -0500] "HEAD /BLA/boletinlegal/ HTTP/1.1" 200 -
163.172.128.153 - - [07/Aug/2023:13:21:24 -0500] "GET /galeria/galeria/jquery.fancybox.js?v=2.1.5 HTTP/1.1" 200 48706
163.172.128.153 - - [07/Aug/2023:13:21:24 -0500] "GET /BLA/boletinlegal/js/jquery.scrollShow.js HTTP/1.1" 200 4586
172.22.2.4 - - [07/Aug/2023:13:20:31 -0500] "GET /BLA/boletinlegal/ HTTP/1.1" 200 58079
69.63.184.8 - - [07/Aug/2023:13:23:35 -0500] "GET /calidad-del-aire-distrito-avanza-unido-por-un-nuevo-aire.html?utm_id=Julio_2023 HTTP/1.1" 200 783
69.63.184.2 - - [07/Aug/2023:13:23:35 -0500] "GET /calidad-del-aire-distrito-avanza-unido-por-un-nuevo-aire.html?utm_id=Julio_2023 HTTP/1.1" 206 783
69.63.184.5 - - [07/Aug/2023:13:23:35 -0500] "GET /calidad-del-aire-distrito-avanza-unido-por-un-nuevo-aire.html?utm_id=Julio_2023 HTTP/1.1" 200 783
216.245.221.92 - - [07/Aug/2023:13:24:18 -0500] "HEAD / HTTP/1.1" 200 -
201.245.192.253 - - [07/Aug/2023:13:24:19 -0500] "POST /kwsrmcab/Wsrmcab  HTTP/1.1" 200 42098
31.13.127.19 - - [07/Aug/2023:13:27:10 -0500] "GET /cumpleanos-485-de-bogota-inscribete-a-las-jornadas-de-monitoreo-a-la-biodiversidad.html HTTP/1.1" 200 847
172.22.2.4 - - [07/Aug/2023:13:25:31 -0500] "HEAD /BLA/boletinlegal/ HTTP/1.1" 200 -
172.22.2.4 - - [07/Aug/2023:13:26:21 -0500] "GET /BLA/boletinlegal/ HTTP/1.1" 200 60612
216.245.221.92 - - [07/Aug/2023:13:29:18 -0500] "HEAD / HTTP/1.1" 200 -
201.245.192.253 - - [07/Aug/2023:13:29:18 -0500] "POST /kwsrmcab/Wsrmcab  HTTP/1.1" 200 42098
201.245.192.253 - - [07/Aug/2023:13:29:24 -0500] "POST /kwsrmcab/Wsrmcab HTTP/1.1" 200 43480
201.245.192.253 - - [07/Aug/2023:13:29:27 -0500] "POST /kwsrmcab/Wsrmcab HTTP/1.1" 200 44844
172.22.2.4 - - [07/Aug/2023:13:31:21 -0500] "HEAD /BLA/boletinlegal/ HTTP/1.1" 200 -
172.22.2.4 - - [07/Aug/2023:13:32:11 -0500] "GET /BLA/boletinlegal/ HTTP/1.1" 200 57680
216.245.221.92 - - [07/Aug/2023:13:34:18 -0500] "HEAD / HTTP/1.1" 200 -
201.245.192.253 - - [07/Aug/2023:13:34:17 -0500] "POST /kwsrmcab/Wsrmcab  HTTP/1.1" 200 42098
51.158.120.47 - - [07/Aug/2023:13:34:58 -0500] "GET /BLA/boletinlegal/js/jquery.scrollShow.js HTTP/1.1" 200 4586
51.158.120.47 - - [07/Aug/2023:13:34:58 -0500] "GET /galeria/galeria/jquery.fancybox.js?v=2.1.5 HTTP/1.1" 200 48706
52.167.144.76 - - [07/Aug/2023:13:37:17 -0500] "GET /BLA/resoluciones/AUTOS%202016/1271.pdf HTTP/1.1" 304 -
40.77.167.113 - - [07/Aug/2023:13:37:54 -0500] "GET /BLA/resoluciones/RESOLUCIONES%202022/0418.pdf HTTP/1.1" 304 -
172.22.2.4 - - [07/Aug/2023:13:37:11 -0500] "HEAD /BLA/boletinlegal/ HTTP/1.1" 200 -
201.245.192.253 - - [07/Aug/2023:13:39:15 -0500] "POST /kwsrmcab/Wsrmcab  HTTP/1.1" 200 42098
216.245.221.92 - - [07/Aug/2023:13:39:18 -0500] "HEAD / HTTP/1.1" 200 -
201.245.192.253 - - [07/Aug/2023:13:39:24 -0500] "POST /kwsrmcab/Wsrmcab HTTP/1.1" 200 43480
201.245.192.253 - - [07/Aug/2023:13:39:27 -0500] "POST /kwsrmcab/Wsrmcab HTTP/1.1" 200 44844
84.54.51.77 - - [07/Aug/2023:13:39:36 -0500] "\x16\x03\x01" 400 226
172.22.2.4 - - [07/Aug/2023:13:38:01 -0500] "GET /BLA/boletinlegal/ HTTP/1.1" 200 48153
84.54.51.77 - - [07/Aug/2023:13:39:47 -0500] "GET / HTTP/1.1" 200 319
84.54.51.77 - - [07/Aug/2023:13:40:03 -0500] "GET /favicon.ico HTTP/1.1" 200 7782
84.54.51.77 - - [07/Aug/2023:13:40:04 -0500] "GET /robots.txt HTTP/1.1" 404 1018
84.54.51.77 - - [07/Aug/2023:13:40:04 -0500] "GET /sitemap.xml HTTP/1.1" 404 1018
172.22.2.4 - - [07/Aug/2023:13:40:14 -0500] "GET /BLA/boletinlegal/robots.txt HTTP/1.1" 404 1038
40.77.167.113 - - [07/Aug/2023:13:41:11 -0500] "GET /BLA/resoluciones/AUTOS%202011/3866.pdf HTTP/1.1" 200 1079655
172.22.2.4 - - [07/Aug/2023:13:40:15 -0500] "GET /BLA/boletinlegal/index.php HTTP/1.1" 200 62741
172.22.2.4 - - [07/Aug/2023:13:42:30 -0500] "GET /BLA/boletinlegal/actos.php HTTP/1.1" 200 9682
172.22.2.4 - - [07/Aug/2023:13:42:30 -0500] "GET /BLA/boletinlegal/favicon.ico HTTP/1.1" 404 1326
186.80.52.205 - - [07/Aug/2023:13:42:33 -0500] "GET /BLA/resoluciones/ HTTP/1.1" 200 13502
172.22.2.4 - - [07/Aug/2023:13:42:01 -0500] "GET /BLA/boletinlegal/ HTTP/1.1" 200 20427
172.22.2.4 - - [07/Aug/2023:13:42:03 -0500] "GET /BLA/boletinlegal/ HTTP/1.1" 200 20427
186.80.52.205 - - [07/Aug/2023:13:42:46 -0500] "GET /BLA/resoluciones/index.php?dir=AUTOS+2022%2F HTTP/1.1" 200 502426
186.80.52.205 - - [07/Aug/2023:13:42:49 -0500] "GET /BLA/resoluciones/index.php?dir=AUTOS+2023%2F HTTP/1.1" 200 207289
172.22.2.4 - - [07/Aug/2023:13:42:05 -0500] "GET /BLA/boletinlegal/ HTTP/1.1" 200 51550
201.245.192.253 - - [07/Aug/2023:13:44:15 -0500] "POST /kwsrmcab/Wsrmcab  HTTP/1.1" 200 42098
216.245.221.92 - - [07/Aug/2023:13:44:18 -0500] "HEAD / HTTP/1.1" 200 -
172.22.2.4 - - [07/Aug/2023:13:43:01 -0500] "HEAD /BLA/boletinlegal/ HTTP/1.1" 200 -
172.22.2.4 - - [07/Aug/2023:13:43:51 -0500] "GET /BLA/boletinlegal/ HTTP/1.1" 200 55337
201.245.192.253 - - [07/Aug/2023:13:49:14 -0500] "POST /kwsrmcab/Wsrmcab  HTTP/1.1" 200 42098
216.245.221.92 - - [07/Aug/2023:13:49:18 -0500] "HEAD / HTTP/1.1" 200 -
66.249.70.197 - - [07/Aug/2023:13:49:33 -0500] "GET /BLA/resoluciones/AUTOS%202010/0101.pdf HTTP/1.1" 200 395976
66.249.70.198 - - [07/Aug/2023:13:49:34 -0500] "GET /BLA/boletinlegal/Circulares/2018/Circular%20No.%200015%20del%207%20de%20Diciembre%20de%202018.pdf HTTP/1.1" 200 165305
66.249.70.197 - - [07/Aug/2023:13:49:35 -0500] "GET /BLA/resoluciones/Decretos/Decreto%20814%20del%2028%20de%20Diciembre%20de%202017.pdf HTTP/1.1" 200 2271553
66.249.70.198 - - [07/Aug/2023:13:49:36 -0500] "GET /Publicaciones/2023EE173722.pdf HTTP/1.1" 200 882206
66.249.70.197 - - [07/Aug/2023:13:49:37 -0500] "GET /Publicaciones/2023EE173828.pdf HTTP/1.1" 200 231865
66.249.70.197 - - [07/Aug/2023:13:49:37 -0500] "GET /BLA/boletinlegal/Circulares/2018/CIRCULAR%20COJUNTA%20042%20DE%202018.pdf HTTP/1.1" 200 515008
66.249.70.196 - - [07/Aug/2023:13:49:38 -0500] "GET /Publicaciones/2023EE174379.pdf HTTP/1.1" 200 231447
66.249.70.197 - - [07/Aug/2023:13:49:38 -0500] "GET /Publicaciones/2023EE173831.pdf HTTP/1.1" 200 231805
66.249.70.197 - - [07/Aug/2023:13:49:39 -0500] "GET /Publicaciones/2023EE173788.pdf HTTP/1.1" 200 2439930
66.249.70.196 - - [07/Aug/2023:13:49:41 -0500] "GET /BLA/resoluciones/RESOLUCIONES%202009/5600.pdf HTTP/1.1" 200 674969
66.249.70.197 - - [07/Aug/2023:13:49:41 -0500] "GET /BLA/resoluciones/AUTOS%202014/3724.pdf HTTP/1.1" 200 491816
66.249.70.201 - - [07/Aug/2023:13:49:42 -0500] "GET /BLA/resoluciones/AUTOS%202014/1216.pdf HTTP/1.1" 200 664684
66.249.70.197 - - [07/Aug/2023:13:49:42 -0500] "GET /BLA/resoluciones/RESOLUCIONES%202008/3679.pdf HTTP/1.1" 200 89910
66.249.70.199 - - [07/Aug/2023:13:49:43 -0500] "GET /BLA/resoluciones/AUTOS%202011/5983.pdf HTTP/1.1" 200 2768930
66.249.70.198 - - [07/Aug/2023:13:49:45 -0500] "GET /BLA/resoluciones/RESOLUCIONES%202015/0729.pdf HTTP/1.1" 200 551601
66.249.70.201 - - [07/Aug/2023:13:49:45 -0500] "GET /BLA/resoluciones/AUTOS%202017/0220.pdf HTTP/1.1" 200 535275
66.249.70.198 - - [07/Aug/2023:13:49:45 -0500] "GET /BLA/resoluciones/RESOLUCIONES%202014/1023.pdf HTTP/1.1" 200 579746
66.249.70.200 - - [07/Aug/2023:13:49:46 -0500] "GET /BLA/resoluciones/AUTOS%202009/1368.pdf HTTP/1.1" 200 119073
66.249.70.196 - - [07/Aug/2023:13:49:46 -0500] "GET /BLA/resoluciones/RESOLUCIONES%202015/3095.pdf HTTP/1.1" 200 1378153
66.249.66.77 - - [07/Aug/2023:13:49:52 -0500] "GET /robots.txt HTTP/1.1" 404 1043
66.249.66.163 - - [07/Aug/2023:13:49:52 -0500] "GET /BLA/boletinlegal/actas/079-2013.pdf HTTP/1.1" 200 1500109
172.22.2.4 - - [07/Aug/2023:13:48:51 -0500] "HEAD /BLA/boletinlegal/ HTTP/1.1" 200 -
40.77.167.113 - - [07/Aug/2023:13:51:01 -0500] "GET /calculadora/? HTTP/1.1" 200 5879
159.223.78.246 - - [07/Aug/2023:13:51:08 -0500] "GET /portaldeninos/ HTTP/1.1" 200 110197
159.223.78.246 - - [07/Aug/2023:13:51:11 -0500] "GET /favicon.ico HTTP/1.1" 200 7782
172.22.2.4 - - [07/Aug/2023:13:49:41 -0500] "GET /BLA/boletinlegal/ HTTP/1.1" 200 53248
172.22.2.4 - - [07/Aug/2023:13:51:23 -0500] "GET /BLA/boletinlegal/robots.txt HTTP/1.1" 404 1038
173.252.87.3 - - [07/Aug/2023:13:52:41 -0500] "GET /images/cr\xc3\xb3nica-29-nov-1_optimized.jpeg HTTP/1.1" 404 1034
172.22.2.4 - - [07/Aug/2023:13:51:24 -0500] "GET /BLA/boletinlegal/ HTTP/1.1" 200 62741
190.119.71.27 - - [07/Aug/2023:13:53:33 -0500] "GET / HTTP/1.1" 200 319
190.119.71.27 - - [07/Aug/2023:13:53:34 -0500] "GET /HNAP1/ HTTP/1.1" 404 1150
40.77.167.182 - - [07/Aug/2023:13:53:53 -0500] "GET /guadalupe-aguanoso-un-nuevo-tramo-de-camino-para-disfrutar-en-los-cerros-orientales.html HTTP/1.1" 200 795
201.245.192.253 - - [07/Aug/2023:13:54:13 -0500] "POST /kwsrmcab/Wsrmcab  HTTP/1.1" 200 42098
216.245.221.92 - - [07/Aug/2023:13:54:18 -0500] "HEAD / HTTP/1.1" 200 -
172.22.2.4 - - [07/Aug/2023:13:54:41 -0500] "HEAD /BLA/boletinlegal/ HTTP/1.1" 200 -
179.19.5.251 - - [07/Aug/2023:13:56:53 -0500] "GET /kwssiamovil/sm/acme/a?s=U2FsdGVkX1/3AwCct5YHDzIp5GXdVVkyNnRDZULGwE+HgAXWEJOczTEBKnoIa8Wldz/6Yx6+xKHMAIc5dc86Mf8TY0prLXyuHYNTx39CwsjLQ7Wmr7WDy4UU0scOcsNGes93l6NRz+Q2BcXrCAoXbvPl7/VxGWDYLoUFNXH35h3JmsjjVRPsUBB3nbC4OswxSRZb/7iWNZ2ApW/KMkSiyc3aBJbZL2lOy7RFm97I41IDKYbRg/EjLRquK0NkzCl9No5tjX+GfxljXGUF4XIYAg==&u=U2FsdGVkX1+HWG3G0YTewMqhWyCe55Cf0w5Yyz5mB+M=&y=U2FsdGVkX1/TIjGtkzWsLZN5GanF9/BFJCJs/9hQstztvghONMynEMjl9zlRypCK HTTP/1.1" 200 26
179.19.5.251 - - [07/Aug/2023:13:56:56 -0500] "GET /kwssiamovil/sm/acme/a?s=U2FsdGVkX18TLtFh9JCj7B+1CzSQ14T3GMR+Px3czMhzKpM1CszoyoPyrZ8vq9Xg7mVSrhzWCQk8K7bZU5CxGEROgslRNFzScmBQz7qozoOrLoeAeD69gxupmL4HVG9JtumOvRWHKWfAmIcA6h2usAC3Bnk/rvh1pbzT61EYI+VL6uK+t9boondTXoqfK8c4LD+PboDw4CBps+SeVJnj5FIBEYwLf4r22ARaDzUn9+Np5FU8VKjNbMGmx4uI0fmFYQiSea/kSfHrGegiAt71efyCm8zUVf2e5lNzU+RbJ7ybjH1ig9EQEg1QNa/fiPiRfplbut9B7N0uKyJ60X/Y0xxaHJfIm/upd3KXXBJCK2+ALCLMVEd/p9/7FfHFjXZCuwP+43Y9gVwArLs/NRt5OFw4fpDpBJ1q6LS0E1AGSW63jKjmZgVgLvHIzSLkAu0raIzar5scPhLyu8K9UCXNBTGYJIM6BgV6wCYTxK8FGV8XJIaWDIqBqAD0qN1MHyncRJn1bNUpn8Ob6tzBEcJcn23lSLNmoenXqJtYB0UWWRwDPXKEaNrfJBWUOOd6kbKNJ1pS9Kxd/IGXLIg2t27StC+lXwTl73m7g6r4whNRnrA96G81aun0Ru6G85B1xzzJ65gpFiHhvQt23zM51sEiB0DxCGQtRy7Wk/dKFSy1xS6jf/NVsXM5K+wQyOXvteh0fJXkSwsvtuwcFTddK/KBTZNB8Bov9k9aTYD+69a7X4RZtwyTV82BYIrms475GWcyASRoDWbkVBOTSYtEbD0VPn81Qy6estCk9iInVCv902SRuizQ1Qi5m667rsvrNjSKUXdv3TYdU2XYQEx+bLw8f9SlKJT7hvm97h5ASt3J9icz0W0xRWwPAls+4bMBvTOA2SuOtRmg3n1fSuELWe3HFt4ZCGFG470gF4BXSe3DvI7JQOKL/pA7lBOeIfD7ZMKmW36H6CkNpjqah1P/yBo/OFLa2RhAKaGgzEwUTUGC5zwcutCSxyxVzZBpzSa44Uyhqk1NfK0fa7BvhNP59CzeERq45ZklRiVkfTZDpYmSBwRFNLw9HkK+ME472ElV3tvYjumWa5JzSNMlI5UjvLw6Y2YjM9ZtGG9GOQX15oFOoyP1i2ACbxy53G7psgQUaxY4UG9Zr4jYGPPPlp+WUPVI1vhYSxZaKbGZfrc8kJR8Sv5RdJBHpnNpxtpKxIhdVWQpS4IfRmwYtZ6Wg72+cqaBSfxrdNwHOn/eZDjrZ4XRqeggV0P29V6v7RGbRI8svDz1tBbdeVI67s+4eET7Bdsk7Ihs6f2BgN1XfYat4QBA3eZPD1njd+XnBFJ0zRufEyb6Z7XCgM2fbMjEyZj3TXK759yVDkd+mVHXidyhEY77O+2Ya9Qcu6H5e31ilF023Vp1tXiGYJCz4FauFZJRF6j/HpraGJMie4nRtGcHPUg+lnC2YnaK1xPzrMGSGlrsXrZmMFMv7DCI3I4exlXSxXdhhwjP1NiXrNbbZIYqOroD/em408b2GgpHHRWS++dooGCIO74O7zcIUE1MXUyFpwNvvw==&u=U2FsdGVkX1+HWG3G0YTewMqhWyCe55Cf0w5Yyz5mB+M=&y=U2FsdGVkX1/TIjGtkzWsLZN5GanF9/BFJCJs/9hQstztvghONMynEMjl9zlRypCK HTTP/1.1" 200 26
179.19.5.251 - - [07/Aug/2023:13:56:59 -0500] "GET /kwssiamovil/sm/acme/a?s=U2FsdGVkX19lev0CRIMTX2l9F6u/i9G/Wit+xHc15WWjWR966MSzsdt9/WHTMzVgHswZgu/yFDDs5dZMiZJ47Ta1Mp3ocqLHS0zkZg/shbN0mDvsUUifBrSp9TsKVkLl6ZKysu2GfeTttWgkxAkJ9juwFEvtsvGHLQLMPIf6cY8=&u=U2FsdGVkX1+HWG3G0YTewMqhWyCe55Cf0w5Yyz5mB+M=&y=U2FsdGVkX1/TIjGtkzWsLZN5GanF9/BFJCJs/9hQstztvghONMynEMjl9zlRypCK HTTP/1.1" 200 26
179.19.5.251 - - [07/Aug/2023:13:57:02 -0500] "GET /kwssiamovil/sm/acme/a?s=U2FsdGVkX18qUBt1rlhYLFIhK8eYnflIQ1fQ2x6ybvvA+K0KO4MssgVQ5mJJiGzgKQ9rCjwof/1negKZRapSbmZjiajrSJOn2CFhYPpFBCJrgHMsT8Py3fnPibUXTP1CagCmKi8B5yiLKrp53icI1FfvUnaH4YlPTm4vq3+tiE4=&u=U2FsdGVkX1+HWG3G0YTewMqhWyCe55Cf0w5Yyz5mB+M=&y=U2FsdGVkX1/TIjGtkzWsLZN5GanF9/BFJCJs/9hQstztvghONMynEMjl9zlRypCK HTTP/1.1" 200 26
179.19.5.251 - - [07/Aug/2023:13:57:05 -0500] "GET /kwssiamovil/sm/acme/a?s=U2FsdGVkX1+Vb4EnYQUf5SDI3fiWnIF4iVa/tIa1HOS56KtBH+ea8KW8MXjYtlIbvc3L+9KgZXEIiLD8osRGXsix3MCg2fAD1Yb4sKhoLyUU+nJxoZ49d5pdFCJrGL64jHVIsTxLIBjRMPUTkE//PAxvjtHT9vn0OcTSbFeFi/4=&u=U2FsdGVkX1+HWG3G0YTewMqhWyCe55Cf0w5Yyz5mB+M=&y=U2FsdGVkX1/TIjGtkzWsLZN5GanF9/BFJCJs/9hQstztvghONMynEMjl9zlRypCK HTTP/1.1" 200 26
179.19.5.251 - - [07/Aug/2023:13:57:08 -0500] "GET /kwssiamovil/sm/acme/a?s=U2FsdGVkX1+AlPPBQvLzGWfDwnTNl7g7t3zB6KYAeFkRSkSuV9JHvmXKCgAfecsGZObDKxgGgjDMtDVRk4lDrr4TPFBZL/y6IpQtN+Uy1Nm7j7UtC8Sbj/6AdRzHs0bnuJqu8grnGrpJ7V2J+sUbtwfdq2C2zrEZsskxxp/w2ENXhgqCyv8srtfIzCx+kWtdI0KR9ZKp8AfgFoKKhmz9ZQ==&u=U2FsdGVkX1+HWG3G0YTewMqhWyCe55Cf0w5Yyz5mB+M=&y=U2FsdGVkX1/TIjGtkzWsLZN5GanF9/BFJCJs/9hQstztvghONMynEMjl9zlRypCK HTTP/1.1" 200 26
172.22.2.4 - - [07/Aug/2023:13:55:31 -0500] "GET /BLA/boletinlegal/ HTTP/1.1" 200 58474
179.19.5.251 - - [07/Aug/2023:13:57:46 -0500] "GET /kwssiamovil/sm/acme/u?s=U2FsdGVkX1+AJf/aT0ajCLlr+bbmDLUz886dK3q7HnYqQeBrysGwrvOpBVB8znlCLNdiKguDRRvcfGEDCFDebc++J8gsxxIzVmF3q/UAZU31/5QfM37JIiXbY14trEeSVzCWimQJmS1tLCXbGHUyacesWssx+Vi/UmDGTzicUYE=&u=U2FsdGVkX1+HWG3G0YTewMqhWyCe55Cf0w5Yyz5mB+M=&y=U2FsdGVkX1/TIjGtkzWsLZN5GanF9/BFJCJs/9hQstztvghONMynEMjl9zlRypCK HTTP/1.1" 200 60
201.245.192.253 - - [07/Aug/2023:13:59:10 -0500] "POST /kwsrmcab/Wsrmcab  HTTP/1.1" 200 42098
216.245.221.92 - - [07/Aug/2023:13:59:18 -0500] "HEAD / HTTP/1.1" 200 -
186.84.90.236 - - [07/Aug/2023:14:00:07 -0500] "GET /galeria/galeria/jquery.fancybox.css?v=2.1.5 HTTP/1.1" 200 4895
186.84.90.236 - - [07/Aug/2023:14:00:08 -0500] "GET /BLA/boletinlegal/js/jquery.scrollShow.js HTTP/1.1" 200 4586
186.84.90.236 - - [07/Aug/2023:14:00:08 -0500] "GET /galeria/galeria/jquery.fancybox.js?v=2.1.5 HTTP/1.1" 200 48706
66.249.66.194 - - [07/Aug/2023:14:01:24 -0500] "GET /el-ejemplo-comienza-por-casa-alcaldia-de-bogota-expide-decreto-para-reducir-plasticos-de-un-solo-uso-en-las-entidades-del-distrito.html HTTP/1.1" 304 -
172.22.2.4 - - [07/Aug/2023:14:00:31 -0500] "HEAD /BLA/boletinlegal/ HTTP/1.1" 200 -
172.22.2.4 - - [07/Aug/2023:14:01:21 -0500] "GET /BLA/boletinlegal/ HTTP/1.1" 200 57272
201.245.192.253 - - [07/Aug/2023:14:04:08 -0500] "POST /kwsrmcab/Wsrmcab  HTTP/1.1" 200 42098
216.245.221.92 - - [07/Aug/2023:14:04:18 -0500] "HEAD / HTTP/1.1" 200 -
40.77.189.235 - - [07/Aug/2023:14:06:52 -0500] "GET /calculadora/vendor/animate/animate.css HTTP/1.1" 200 23848
40.77.189.235 - - [07/Aug/2023:14:06:52 -0500] "GET /calculadora/vendor/bootstrap/css/bootstrap.min.css HTTP/1.1" 200 124962
40.77.189.235 - - [07/Aug/2023:14:06:52 -0500] "GET /calculadora/fonts/font-awesome-4.7.0/css/font-awesome.min.css HTTP/1.1" 200 31000
40.77.189.235 - - [07/Aug/2023:14:06:52 -0500] "GET /calculadora/fonts/Linearicons-Free-v1.0.0/icon-font.min.css HTTP/1.1" 200 7354
40.77.189.235 - - [07/Aug/2023:14:06:52 -0500] "GET /calculadora/vendor/animsition/css/animsition.min.css HTTP/1.1" 200 27478
40.77.189.235 - - [07/Aug/2023:14:06:52 -0500] "GET /calculadora/vendor/css-hamburgers/hamburgers.min.css HTTP/1.1" 200 19686
40.77.189.235 - - [07/Aug/2023:14:06:52 -0500] "GET /calculadora/vendor/select2/select2.min.css HTTP/1.1" 200 15196
40.77.189.235 - - [07/Aug/2023:14:06:52 -0500] "GET /calculadora/css/main.css HTTP/1.1" 200 9984
40.77.189.235 - - [07/Aug/2023:14:06:52 -0500] "GET /calculadora/vendor/daterangepicker/daterangepicker.css HTTP/1.1" 200 8163
40.77.189.235 - - [07/Aug/2023:14:06:52 -0500] "GET /calculadora/css/util.css HTTP/1.1" 200 86814
40.77.189.235 - - [07/Aug/2023:14:06:52 -0500] "GET /calculadora/ajax_calculadora.js HTTP/1.1" 200 1470
40.77.189.235 - - [07/Aug/2023:14:06:52 -0500] "GET /calculadora/js/main.js HTTP/1.1" 200 1424
40.77.189.235 - - [07/Aug/2023:14:06:52 -0500] "GET /calculadora/fonts/poppins/Poppins-Regular.ttf HTTP/1.1" 200 145312
40.77.189.235 - - [07/Aug/2023:14:06:52 -0500] "GET /calculadora/fonts/montserrat/Montserrat-Bold.ttf HTTP/1.1" 200 261588
172.22.2.4 - - [07/Aug/2023:14:06:21 -0500] "HEAD /BLA/boletinlegal/ HTTP/1.1" 200 -
172.22.2.4 - - [07/Aug/2023:14:07:11 -0500] "GET /BLA/boletinlegal/ HTTP/1.1" 200 60612
172.22.2.4 - - [07/Aug/2023:14:08:58 -0500] "GET /BLA/boletinlegal/actos.php HTTP/1.1" 200 9682
172.22.2.4 - - [07/Aug/2023:14:09:02 -0500] "GET /BLA/boletinlegal/consulta_actos.php?tipo=autos&no=0679&usuario=&sector=&fecha=2023&resuelve= HTTP/1.1" 200 626
201.245.192.253 - - [07/Aug/2023:14:09:07 -0500] "POST /kwsrmcab/Wsrmcab  HTTP/1.1" 200 42098
216.245.221.92 - - [07/Aug/2023:14:09:18 -0500] "HEAD / HTTP/1.1" 200 -
94.102.61.10 - - [07/Aug/2023:14:11:33 -0500] "GET /portaldeninos/ HTTP/1.1" 200 14393
172.22.2.4 - - [07/Aug/2023:14:12:11 -0500] "HEAD /BLA/boletinlegal/ HTTP/1.1" 200 -
172.22.2.4 - - [07/Aug/2023:14:14:00 -0500] "GET /BLA/boletinlegal/.env HTTP/1.1" 404 1018
201.245.192.253 - - [07/Aug/2023:14:14:07 -0500] "POST /kwsrmcab/Wsrmcab  HTTP/1.1" 200 42098
216.245.221.92 - - [07/Aug/2023:14:14:18 -0500] "HEAD / HTTP/1.1" 200 -
172.22.2.4 - - [07/Aug/2023:14:13:01 -0500] "GET /BLA/boletinlegal/ HTTP/1.1" 200 56816
172.22.2.4 - - [07/Aug/2023:14:14:01 -0500] "POST /BLA/boletinlegal/ HTTP/1.1" 200 24523
173.252.79.10 - - [07/Aug/2023:14:16:08 -0500] "GET /images/cr\xc3\xb3nica-29-nov-1_optimized.jpeg HTTP/1.1" 404 1034
172.22.2.4 - - [07/Aug/2023:14:17:03 -0500] "GET /BLA/boletinlegal/style.css HTTP/1.1" 200 9406
172.22.2.4 - - [07/Aug/2023:14:17:03 -0500] "GET /BLA/boletinlegal/styles2.css HTTP/1.1" 200 1838
172.22.2.4 - - [07/Aug/2023:14:17:03 -0500] "GET /BLA/boletinlegal/js/jquery.js HTTP/1.1" 200 57254
172.22.2.4 - - [07/Aug/2023:14:17:03 -0500] "GET /BLA/boletinlegal/js/jquery.scrollTo-min.js HTTP/1.1" 200 1150
172.22.2.4 - - [07/Aug/2023:14:17:03 -0500] "GET /BLA/boletinlegal/js/jquery.scrollShow.js HTTP/1.1" 200 4586
172.22.2.4 - - [07/Aug/2023:14:17:03 -0500] "GET /BLA/boletinlegal/images/cabezote%20BLEGAL.jpg HTTP/1.1" 200 118164
172.22.2.4 - - [07/Aug/2023:14:17:03 -0500] "GET /BLA/boletinlegal/images/subscribe-icon-big.png HTTP/1.1" 200 47702
172.22.2.4 - - [07/Aug/2023:14:17:03 -0500] "GET /BLA/boletinlegal/images/historia.png HTTP/1.1" 200 52775
172.22.2.4 - - [07/Aug/2023:14:17:03 -0500] "GET /BLA/boletinlegal/images/registro-usuarios.png HTTP/1.1" 200 8106
172.22.2.4 - - [07/Aug/2023:14:17:03 -0500] "GET /BLA/boletinlegal/images/arr_l.jpg HTTP/1.1" 200 1979
172.22.2.4 - - [07/Aug/2023:14:17:03 -0500] "GET /BLA/boletinlegal/images/screen_1.png HTTP/1.1" 200 202547
172.22.2.4 - - [07/Aug/2023:14:17:03 -0500] "GET /BLA/boletinlegal/images/launch.jpg HTTP/1.1" 200 14577
172.22.2.4 - - [07/Aug/2023:14:17:03 -0500] "GET /BLA/boletinlegal/images/body_bg.jpg HTTP/1.1" 200 1601
172.22.2.4 - - [07/Aug/2023:14:17:03 -0500] "GET /BLA/boletinlegal/images/menu_lft.gif HTTP/1.1" 200 1713
172.22.2.4 - - [07/Aug/2023:14:17:03 -0500] "GET /BLA/boletinlegal/images/menu_rght.gif HTTP/1.1" 200 1627
172.22.2.4 - - [07/Aug/2023:14:17:03 -0500] "GET /BLA/boletinlegal/images/bg_top.jpg HTTP/1.1" 200 522
172.22.2.4 - - [07/Aug/2023:14:17:03 -0500] "GET /BLA/boletinlegal/images/text.jpg HTTP/1.1" 200 568
172.22.2.4 - - [07/Aug/2023:14:17:03 -0500] "GET /BLA/boletinlegal/images/menu_bg.jpg HTTP/1.1" 200 620
172.22.2.4 - - [07/Aug/2023:14:17:03 -0500] "GET /BLA/boletinlegal/images/hover.jpg HTTP/1.1" 200 640
172.22.2.4 - - [07/Aug/2023:14:17:10 -0500] "GET /BLA/boletinlegal/images/screen_2.png HTTP/1.1" 200 362502
172.22.2.4 - - [07/Aug/2023:14:17:10 -0500] "GET /BLA/boletinlegal/images/screen_5.png HTTP/1.1" 200 368876
172.22.2.4 - - [07/Aug/2023:14:17:10 -0500] "GET /BLA/boletinlegal/images/screen_3.png HTTP/1.1" 200 210620
172.22.2.4 - - [07/Aug/2023:14:17:10 -0500] "GET /BLA/boletinlegal/images/arr_r.jpg HTTP/1.1" 200 1998
172.22.2.4 - - [07/Aug/2023:14:17:10 -0500] "GET /BLA/boletinlegal/images/footer_bg.jpg HTTP/1.1" 200 586
172.22.2.4 - - [07/Aug/2023:14:17:18 -0500] "GET /BLA/boletinlegal/images/pdf.gif HTTP/1.1" 200 567
172.22.2.4 - - [07/Aug/2023:14:17:18 -0500] "GET /BLA/boletinlegal/images/background.gif HTTP/1.1" 200 -
172.22.2.4 - - [07/Aug/2023:14:17:43 -0500] "GET /BLA/boletinlegal/normativa.php HTTP/1.1" 200 8343
172.22.2.4 - - [07/Aug/2023:14:17:43 -0500] "GET /BLA/boletinlegal/js/ajax_normativa.js HTTP/1.1" 200 1154
172.22.2.4 - - [07/Aug/2023:14:17:44 -0500] "GET /BLA/boletinlegal/niceforms-default.css HTTP/1.1" 200 6694
172.22.2.4 - - [07/Aug/2023:14:17:44 -0500] "GET /BLA/boletinlegal/niceforms.js HTTP/1.1" 200 22876
172.22.2.4 - - [07/Aug/2023:14:17:44 -0500] "GET /BLA/boletinlegal/images/tel.png HTTP/1.1" 200 14477
172.22.2.4 - - [07/Aug/2023:14:17:44 -0500] "GET /BLA/boletinlegal/images/icono-email.png HTTP/1.1" 200 5544
172.22.2.4 - - [07/Aug/2023:14:17:44 -0500] "GET /BLA/boletinlegal/images/footer_bg_l.jpg HTTP/1.1" 200 776
172.22.2.4 - - [07/Aug/2023:14:17:56 -0500] "GET /BLA/boletinlegal/consulta_normativa.php?tipo=Ley&sector=residuos&ano=&resuelve=residuos HTTP/1.1" 200 922
172.22.2.4 - - [07/Aug/2023:14:17:56 -0500] "GET /BLA/boletinlegal/images/docs.png HTTP/1.1" 200 10288
172.22.2.4 - - [07/Aug/2023:14:17:03 -0500] "GET /BLA/boletinlegal/ HTTP/1.1" 200 49099
172.22.2.4 - - [07/Aug/2023:14:18:19 -0500] "GET /BLA/boletinlegal/favicon.ico HTTP/1.1" 404 1334
172.22.2.4 - - [07/Aug/2023:14:18:19 -0500] "GET /BLA/boletinlegal/img/select-left.png HTTP/1.1" 200 263
172.22.2.4 - - [07/Aug/2023:14:18:19 -0500] "GET /BLA/boletinlegal/img/0.png HTTP/1.1" 200 110
172.22.2.4 - - [07/Aug/2023:14:18:19 -0500] "GET /BLA/boletinlegal/img/select-right.png HTTP/1.1" 200 44019
172.22.2.4 - - [07/Aug/2023:14:18:19 -0500] "GET /BLA/boletinlegal/img/button.png HTTP/1.1" 200 43241
172.22.2.4 - - [07/Aug/2023:14:18:19 -0500] "GET /BLA/boletinlegal/img/button-left.png HTTP/1.1" 200 57071
172.22.2.4 - - [07/Aug/2023:14:18:19 -0500] "GET /BLA/boletinlegal/img/button-right.png HTTP/1.1" 200 57878
172.22.2.4 - - [07/Aug/2023:14:18:34 -0500] "GET /BLA/boletinlegal/consulta_normativa.php?tipo=Decreto&sector=residuos&ano=&resuelve=residuos HTTP/1.1" 200 7571
66.249.70.197 - - [07/Aug/2023:14:18:36 -0500] "GET /pdc/actos/301.pdf HTTP/1.1" 200 1910202
201.245.192.253 - - [07/Aug/2023:14:19:06 -0500] "POST /kwsrmcab/Wsrmcab  HTTP/1.1" 200 42098
216.245.221.92 - - [07/Aug/2023:14:19:18 -0500] "HEAD / HTTP/1.1" 200 -
201.245.192.253 - - [07/Aug/2023:14:19:24 -0500] "POST /kwsrmcab/Wsrmcab HTTP/1.1" 200 43485
201.245.192.253 - - [07/Aug/2023:14:19:27 -0500] "POST /kwsrmcab/Wsrmcab HTTP/1.1" 200 44834
66.249.70.197 - - [07/Aug/2023:14:19:33 -0500] "GET /Publicaciones/2023EE173754.pdf HTTP/1.1" 200 1570350
66.249.70.197 - - [07/Aug/2023:14:19:35 -0500] "GET /BLA/resoluciones/RESOLUCIONES%202009/5139.pdf HTTP/1.1" 200 766635
66.249.70.197 - - [07/Aug/2023:14:19:35 -0500] "GET /BLA/resoluciones/AUTOS%202009/1640.pdf HTTP/1.1" 200 85032
172.22.2.4 - - [07/Aug/2023:14:18:01 -0500] "HEAD /BLA/boletinlegal/ HTTP/1.1" 200 -
52.167.144.76 - - [07/Aug/2023:14:19:59 -0500] "GET /BLA/resoluciones/index.php?dir=AUTOS+2017%2F HTTP/1.1" 200 470115
190.159.184.39 - - [07/Aug/2023:14:20:12 -0500] "GET /BLA/resoluciones/ HTTP/1.1" 200 13502
190.159.184.39 - - [07/Aug/2023:14:20:18 -0500] "GET /BLA/resoluciones/index.php?dir=RESOLUCIONES+2023%2F HTTP/1.1" 200 51542
172.22.2.4 - - [07/Aug/2023:14:18:51 -0500] "GET /BLA/boletinlegal/ HTTP/1.1" 200 58079
172.22.2.4 - - [07/Aug/2023:14:23:02 -0500] "GET /BLA/boletinlegal/actos.php HTTP/1.1" 200 9682
186.80.52.205 - - [07/Aug/2023:14:23:06 -0500] "GET /BLA/resoluciones/ HTTP/1.1" 200 13502
186.80.52.205 - - [07/Aug/2023:14:23:08 -0500] "GET /BLA/resoluciones/index.php?dir=AUTOS+2023%2F HTTP/1.1" 200 207289
201.245.192.253 - - [07/Aug/2023:14:24:04 -0500] "POST /kwsrmcab/Wsrmcab  HTTP/1.1" 200 42098
216.245.221.92 - - [07/Aug/2023:14:24:18 -0500] "HEAD / HTTP/1.1" 200 -
172.22.2.4 - - [07/Aug/2023:14:23:51 -0500] "HEAD /BLA/boletinlegal/ HTTP/1.1" 200 -
172.22.2.4 - - [07/Aug/2023:14:24:41 -0500] "GET /BLA/boletinlegal/ HTTP/1.1" 200 58825
172.22.2.4 - - [07/Aug/2023:14:28:10 -0500] "GET /BLA/boletinlegal/jurisprudencia/analisis/AnalisisT-606-15.docx HTTP/1.1" 200 26698
