172.22.2.4 - - [07/Aug/2023:08:58:02 -0500] "GET /BLA/boletinlegal/ HTTP/1.1" 200 52495
201.245.192.253 - - [07/Aug/2023:09:00:33 -0500] "POST /kwsrmcab/Wsrmcab  HTTP/1.1" 200 42098
172.22.2.4 - - [07/Aug/2023:09:00:36 -0500] "GET /BLA/boletinlegal/sugerencias.php HTTP/1.1" 200 8615
172.22.2.4 - - [07/Aug/2023:09:00:48 -0500] "GET /BLA/boletinlegal/js/jquery.js HTTP/1.1" 200 57254
52.167.144.17 - - [07/Aug/2023:09:00:59 -0500] "GET /BLA/resoluciones/RESOLUCIONES%202021/2543.pdf HTTP/1.1" 200 335867
216.245.221.92 - - [07/Aug/2023:09:04:18 -0500] "HEAD / HTTP/1.1" 200 -
172.22.2.4 - - [07/Aug/2023:09:03:02 -0500] "HEAD /BLA/boletinlegal/ HTTP/1.1" 200 -
172.22.2.4 - - [07/Aug/2023:09:03:52 -0500] "GET /BLA/boletinlegal/ HTTP/1.1" 200 57680
201.245.192.253 - - [07/Aug/2023:09:05:32 -0500] "POST /kwsrmcab/Wsrmcab  HTTP/1.1" 200 42098
172.22.2.4 - - [07/Aug/2023:09:06:15 -0500] "GET /BLA/boletinlegal/actos.php HTTP/1.1" 200 9682
172.22.2.4 - - [07/Aug/2023:09:06:16 -0500] "GET /BLA/boletinlegal/favicon.ico HTTP/1.1" 404 1326
191.111.11.42 - - [07/Aug/2023:09:06:18 -0500] "GET /BLA/resoluciones/ HTTP/1.1" 200 13502
191.111.11.42 - - [07/Aug/2023:09:06:20 -0500] "GET /BLA/resoluciones/index.php?dir=AUTOS+2015%2F HTTP/1.1" 200 583842
191.111.11.42 - - [07/Aug/2023:09:06:35 -0500] "GET /BLA/resoluciones/AUTOS%202015/1733.pdf HTTP/1.1" 200 856829
172.22.2.4 - - [07/Aug/2023:09:08:35 -0500] "GET /BLA/boletinlegal/robots.txt HTTP/1.1" 404 1038
191.156.180.160 - - [07/Aug/2023:09:09:10 -0500] "GET /favicon.ico HTTP/1.1" 200 7782
66.249.70.198 - - [07/Aug/2023:09:09:11 -0500] "GET /BLA/resoluciones/AUTOS%202014/1805.pdf HTTP/1.1" 200 616405
191.156.180.160 - - [07/Aug/2023:09:09:15 -0500] "GET /catalogoisis/ HTTP/1.1" 200 8575
216.245.221.92 - - [07/Aug/2023:09:09:18 -0500] "HEAD / HTTP/1.1" 200 -
172.22.2.4 - - [07/Aug/2023:09:08:36 -0500] "GET /BLA/boletinlegal/ HTTP/1.1" 200 54079
172.22.2.4 - - [07/Aug/2023:09:08:52 -0500] "HEAD /BLA/boletinlegal/ HTTP/1.1" 200 -
201.245.192.253 - - [07/Aug/2023:09:10:31 -0500] "POST /kwsrmcab/Wsrmcab  HTTP/1.1" 200 42098
172.22.2.4 - - [07/Aug/2023:09:09:42 -0500] "GET /BLA/boletinlegal/ HTTP/1.1" 200 52855
216.245.221.92 - - [07/Aug/2023:09:14:18 -0500] "HEAD / HTTP/1.1" 200 -
66.249.70.197 - - [07/Aug/2023:09:14:38 -0500] "GET /BLA/resoluciones/AUTOS%202014/6124.pdf HTTP/1.1" 200 474388
172.22.2.4 - - [07/Aug/2023:09:13:28 -0500] "GET /BLA/boletinlegal/ HTTP/1.1" 200 60185
201.245.192.253 - - [07/Aug/2023:09:15:29 -0500] "POST /kwsrmcab/Wsrmcab  HTTP/1.1" 200 42098
172.22.2.4 - - [07/Aug/2023:09:14:42 -0500] "HEAD /BLA/boletinlegal/ HTTP/1.1" 200 -
172.22.2.4 - - [07/Aug/2023:09:15:32 -0500] "GET /BLA/boletinlegal/ HTTP/1.1" 200 60612
216.245.221.92 - - [07/Aug/2023:09:19:18 -0500] "HEAD / HTTP/1.1" 200 -
201.245.192.253 - - [07/Aug/2023:09:19:24 -0500] "POST /kwsrmcab/Wsrmcab HTTP/1.1" 200 43259
201.245.192.253 - - [07/Aug/2023:09:19:28 -0500] "POST /kwsrmcab/Wsrmcab HTTP/1.1" 200 44541
201.245.192.253 - - [07/Aug/2023:09:20:28 -0500] "POST /kwsrmcab/Wsrmcab  HTTP/1.1" 200 42098
172.22.2.4 - - [07/Aug/2023:09:20:32 -0500] "HEAD /BLA/boletinlegal/ HTTP/1.1" 200 -
172.22.2.4 - - [07/Aug/2023:09:21:22 -0500] "GET /BLA/boletinlegal/ HTTP/1.1" 200 58079
31.13.103.119 - - [07/Aug/2023:09:23:33 -0500] "GET /cumpleanos-485-de-bogota-inscribete-a-las-jornadas-de-monitoreo-a-la-biodiversidad.html HTTP/1.1" 200 847
66.220.149.2 - - [07/Aug/2023:09:23:39 -0500] "GET /cumpleanos-485-de-bogota-inscribete-a-las-jornadas-de-monitoreo-a-la-biodiversidad.html HTTP/1.1" 200 847
66.220.149.2 - - [07/Aug/2023:09:23:39 -0500] "GET /cumpleanos-485-de-bogota-inscribete-a-las-jornadas-de-monitoreo-a-la-biodiversidad.html HTTP/1.1" 200 847
162.55.166.12 - - [07/Aug/2023:09:24:10 -0500] "GET / HTTP/1.1" 200 319
216.245.221.92 - - [07/Aug/2023:09:24:18 -0500] "HEAD / HTTP/1.1" 200 -
201.245.192.253 - - [07/Aug/2023:09:25:27 -0500] "POST /kwsrmcab/Wsrmcab  HTTP/1.1" 200 42098
66.249.70.198 - - [07/Aug/2023:09:26:10 -0500] "GET /resoluciones/RESOLUCIONES%202008/5405.pdf HTTP/1.1" 404 1018
52.167.144.76 - - [07/Aug/2023:09:27:06 -0500] "GET /BLA/resoluciones/AUTOS%202016/1008.pdf HTTP/1.1" 304 -
172.22.2.4 - - [07/Aug/2023:09:26:21 -0500] "HEAD /BLA/boletinlegal/ HTTP/1.1" 200 -
172.22.2.4 - - [07/Aug/2023:09:27:12 -0500] "GET /BLA/boletinlegal/ HTTP/1.1" 200 54079
216.245.221.92 - - [07/Aug/2023:09:29:18 -0500] "HEAD / HTTP/1.1" 200 -
201.245.192.253 - - [07/Aug/2023:09:29:25 -0500] "POST /kwsrmcab/Wsrmcab HTTP/1.1" 200 43259
201.245.192.253 - - [07/Aug/2023:09:29:28 -0500] "POST /kwsrmcab/Wsrmcab HTTP/1.1" 200 44541
66.249.70.196 - - [07/Aug/2023:09:30:21 -0500] "GET /BLA/resoluciones/AUTOS%202012/1797.pdf HTTP/1.1" 200 280584
66.249.66.77 - - [07/Aug/2023:09:30:23 -0500] "GET /portaldeninos/ HTTP/1.1" 200 110197
201.245.192.253 - - [07/Aug/2023:09:30:26 -0500] "POST /kwsrmcab/Wsrmcab  HTTP/1.1" 200 42098
66.249.70.197 - - [07/Aug/2023:09:30:35 -0500] "GET /sig/Gestion%20Recursos%20Financieros/126PA02-PR28%20REGISTRO%20CONVENIOS%20Y%20CONTRATOS%20INTERADMINISTRATIVOS.pdf HTTP/1.1" 200 393134
66.249.70.196 - - [07/Aug/2023:09:31:14 -0500] "GET /BLA/resoluciones/AUTOS%202014/0046.pdf HTTP/1.1" 200 427201
66.249.70.197 - - [07/Aug/2023:09:31:50 -0500] "GET /BLA/resoluciones/AUTOS%202014/1403.pdf HTTP/1.1" 200 656555
66.249.70.196 - - [07/Aug/2023:09:32:21 -0500] "GET /BLA/resoluciones/AUTOS%202013/2539.pdf HTTP/1.1" 200 683361
66.249.70.196 - - [07/Aug/2023:09:32:31 -0500] "GET /BLA/resoluciones/AUTOS%202014/1460.pdf HTTP/1.1" 200 657050
66.249.70.196 - - [07/Aug/2023:09:32:45 -0500] "GET /BLA/resoluciones/AUTOS%202014/3363.pdf HTTP/1.1" 200 367372
66.249.70.198 - - [07/Aug/2023:09:33:00 -0500] "GET /BLA/resoluciones/RESOLUCIONES%202009/4349.pdf HTTP/1.1" 200 558291
66.249.70.197 - - [07/Aug/2023:09:33:12 -0500] "GET /galeria/nivo-slider/demo/images/bannerresiduoshospitalariosagosto.jpg HTTP/1.1" 304 -
172.22.2.4 - - [07/Aug/2023:09:32:12 -0500] "HEAD /BLA/boletinlegal/ HTTP/1.1" 200 -
216.245.221.92 - - [07/Aug/2023:09:34:18 -0500] "HEAD / HTTP/1.1" 200 -
172.22.2.4 - - [07/Aug/2023:09:33:02 -0500] "GET /BLA/boletinlegal/ HTTP/1.1" 200 58079
201.245.192.253 - - [07/Aug/2023:09:35:24 -0500] "POST /kwsrmcab/Wsrmcab  HTTP/1.1" 200 42098
181.33.213.36 - - [07/Aug/2023:09:36:49 -0500] "GET /galeria/galeria/jquery.fancybox.js?v=2.1.5 HTTP/1.1" 200 48706
181.33.213.36 - - [07/Aug/2023:09:36:49 -0500] "GET /BLA/boletinlegal/js/jquery.scrollShow.js HTTP/1.1" 200 4586
181.33.213.36 - - [07/Aug/2023:09:36:49 -0500] "GET /galeria/galeria/jquery.fancybox.css?v=2.1.5 HTTP/1.1" 200 4895
66.249.70.198 - - [07/Aug/2023:09:37:45 -0500] "GET /BLA/resoluciones/AUTOS%202014/0610.pdf HTTP/1.1" 200 625432
216.245.221.92 - - [07/Aug/2023:09:39:18 -0500] "HEAD / HTTP/1.1" 200 -
201.245.192.253 - - [07/Aug/2023:09:39:25 -0500] "POST /kwsrmcab/Wsrmcab HTTP/1.1" 200 43259
201.245.192.253 - - [07/Aug/2023:09:39:28 -0500] "POST /kwsrmcab/Wsrmcab HTTP/1.1" 200 44541
66.249.70.197 - - [07/Aug/2023:09:39:31 -0500] "GET /BLA/resoluciones/RESOLUCIONES%202010/0177.pdf HTTP/1.1" 200 52566
66.249.70.197 - - [07/Aug/2023:09:39:33 -0500] "GET /BLA/resoluciones/RESOLUCIONES%202010/2083.pdf HTTP/1.1" 200 53100
66.249.70.196 - - [07/Aug/2023:09:39:40 -0500] "GET /BLA/resoluciones/AUTOS%202010/5462.pdf HTTP/1.1" 200 782401
172.22.2.4 - - [07/Aug/2023:09:38:02 -0500] "HEAD /BLA/boletinlegal/ HTTP/1.1" 200 -
66.249.70.196 - - [07/Aug/2023:09:39:45 -0500] "GET /BLA/resoluciones/RESOLUCIONES%202009/3362.pdf HTTP/1.1" 200 554727
66.249.70.196 - - [07/Aug/2023:09:39:46 -0500] "GET /BLA/resoluciones/AUTOS%202007/1919.pdf HTTP/1.1" 200 90400
66.249.70.196 - - [07/Aug/2023:09:40:20 -0500] "GET /BLA/resoluciones/AUTOS%202014/1851.pdf HTTP/1.1" 200 504262
201.245.192.253 - - [07/Aug/2023:09:40:24 -0500] "POST /kwsrmcab/Wsrmcab  HTTP/1.1" 200 42098
172.22.2.4 - - [07/Aug/2023:09:38:52 -0500] "GET /BLA/boletinlegal/ HTTP/1.1" 200 52495
66.249.70.196 - - [07/Aug/2023:09:40:36 -0500] "GET /BLA/resoluciones/RESOLUCIONES%202008/1547.pdf HTTP/1.1" 200 240912
66.249.70.198 - - [07/Aug/2023:09:40:51 -0500] "GET /BLA/resoluciones/AUTOS%202014/6792.pdf HTTP/1.1" 200 623959
66.249.70.197 - - [07/Aug/2023:09:40:57 -0500] "GET /BLA/resoluciones/AUTOS%202014/2772.pdf HTTP/1.1" 200 442469
66.249.70.197 - - [07/Aug/2023:09:42:05 -0500] "GET /BLA/resoluciones/RESOLUCIONES%202009/1087.pdf HTTP/1.1" 200 276095
66.249.70.198 - - [07/Aug/2023:09:43:03 -0500] "GET /BLA/resoluciones/AUTOS%202013/1861.pdf HTTP/1.1" 200 414686
66.249.70.196 - - [07/Aug/2023:09:43:13 -0500] "GET /BLA/resoluciones/RESOLUCIONES%202013/1010.pdf HTTP/1.1" 200 526173
52.167.144.140 - - [07/Aug/2023:09:43:53 -0500] "GET /bogota-lanza-la-red-colaborativa-de-microsensores-para-medir-la-calidad-del-aire-en-microambientes.html HTTP/1.1" 200 1008
216.245.221.92 - - [07/Aug/2023:09:44:19 -0500] "HEAD / HTTP/1.1" 200 -
66.249.70.198 - - [07/Aug/2023:09:44:26 -0500] "GET /Publicaciones/2022EE186664.pdf HTTP/1.1" 404 228
66.249.70.196 - - [07/Aug/2023:09:44:53 -0500] "GET /BLA/resoluciones/RESOLUCIONES%202009/3758.pdf HTTP/1.1" 200 52634
66.249.70.196 - - [07/Aug/2023:09:45:09 -0500] "GET /BLA/resoluciones/AUTOS%202014/6219.pdf HTTP/1.1" 200 469780
201.245.192.253 - - [07/Aug/2023:09:45:22 -0500] "POST /kwsrmcab/Wsrmcab  HTTP/1.1" 200 42098
172.22.2.4 - - [07/Aug/2023:09:43:51 -0500] "HEAD /BLA/boletinlegal/ HTTP/1.1" 200 -
172.22.2.4 - - [07/Aug/2023:09:44:42 -0500] "GET /BLA/boletinlegal/ HTTP/1.1" 200 58079
40.77.167.113 - - [07/Aug/2023:09:48:33 -0500] "GET /BLA/resoluciones/AUTOS%202022/4096.pdf HTTP/1.1" 304 -
66.249.70.196 - - [07/Aug/2023:09:49:15 -0500] "GET /BLA/resoluciones/AUTOS%202014/6046.pdf HTTP/1.1" 200 437082
216.245.221.92 - - [07/Aug/2023:09:49:18 -0500] "HEAD / HTTP/1.1" 200 -
140.228.21.28 - - [07/Aug/2023:09:49:19 -0500] "GET /wp-login.php HTTP/1.1" 404 1018
66.249.70.197 - - [07/Aug/2023:09:49:28 -0500] "GET /BLA/resoluciones/AUTOS%202009/0005.pdf HTTP/1.1" 200 263329
66.249.70.197 - - [07/Aug/2023:09:49:28 -0500] "GET /BLA/resoluciones/AUTOS%202014/2584.pdf HTTP/1.1" 200 708739
66.249.70.196 - - [07/Aug/2023:09:50:21 -0500] "GET /resoluciones/RESOLUCIONES%202009/1584.pdf HTTP/1.1" 404 1018
201.245.192.253 - - [07/Aug/2023:09:50:21 -0500] "POST /kwsrmcab/Wsrmcab  HTTP/1.1" 200 42098
66.249.70.197 - - [07/Aug/2023:09:50:40 -0500] "GET /BLA/resoluciones/RESOLUCIONES%202009/1584.pdf HTTP/1.1" 200 522515
66.249.70.198 - - [07/Aug/2023:09:51:05 -0500] "GET /BLA/resoluciones/AUTOS%202014/0123.pdf HTTP/1.1" 200 576100
172.22.2.4 - - [07/Aug/2023:09:49:41 -0500] "HEAD /BLA/boletinlegal/ HTTP/1.1" 200 -
172.22.2.4 - - [07/Aug/2023:09:50:32 -0500] "GET /BLA/boletinlegal/ HTTP/1.1" 200 58079
103.149.192.127 - - [07/Aug/2023:09:53:04 -0500] "GET /portaldeninos/ HTTP/1.1" 200 110197
52.167.144.76 - - [07/Aug/2023:09:53:36 -0500] "GET /BLA/resoluciones/AUTOS%202022/3245.pdf HTTP/1.1" 304 -
66.249.70.196 - - [07/Aug/2023:09:53:40 -0500] "GET /BLA/resoluciones/AUTOS%202014/3346.pdf HTTP/1.1" 200 380357
216.245.221.92 - - [07/Aug/2023:09:54:18 -0500] "HEAD / HTTP/1.1" 200 -
201.245.192.253 - - [07/Aug/2023:09:55:20 -0500] "POST /kwsrmcab/Wsrmcab  HTTP/1.1" 200 42098
172.22.2.4 - - [07/Aug/2023:09:55:36 -0500] "GET /BLA/boletinlegal/ HTTP/1.1" 200 32715
172.22.2.4 - - [07/Aug/2023:09:55:31 -0500] "HEAD /BLA/boletinlegal/ HTTP/1.1" 200 -
52.167.144.76 - - [07/Aug/2023:09:57:37 -0500] "GET /BLA/resoluciones/AUTOS%202021/4400.pdf HTTP/1.1" 304 -
172.22.2.4 - - [07/Aug/2023:09:56:22 -0500] "GET /BLA/boletinlegal/ HTTP/1.1" 200 58079
66.249.70.198 - - [07/Aug/2023:09:58:54 -0500] "GET /BLA/resoluciones/AUTOS%202014/1455.pdf HTTP/1.1" 200 654149
66.249.70.196 - - [07/Aug/2023:09:59:04 -0500] "GET /BLA/resoluciones/AUTOS%202014/0826.pdf HTTP/1.1" 200 436199
216.245.221.92 - - [07/Aug/2023:09:59:18 -0500] "HEAD / HTTP/1.1" 200 -
66.249.70.196 - - [07/Aug/2023:09:59:20 -0500] "GET /portel_dama/libreria/pdf/ecosistemas/restauracion/sitio/22_proye/xtras_in/2a.pdf HTTP/1.1" 404 1018
66.249.70.197 - - [07/Aug/2023:10:00:01 -0500] "GET /BLA/resoluciones/RESOLUCIONES%202007/RES%202007%20101%20AL%20200/RESOLUCION%200110%20%20DE%202007.pdf HTTP/1.1" 200 1605474
66.249.70.196 - - [07/Aug/2023:10:00:02 -0500] "GET /BLA/resoluciones/AUTOS%202014/5756.pdf HTTP/1.1" 200 587592
201.245.192.253 - - [07/Aug/2023:10:00:18 -0500] "POST /kwsrmcab/Wsrmcab  HTTP/1.1" 200 42098
66.249.70.196 - - [07/Aug/2023:10:00:55 -0500] "GET /Publicaciones/2022EE179866.pdf HTTP/1.1" 404 228
66.249.70.196 - - [07/Aug/2023:10:00:59 -0500] "GET /BLA/resoluciones/RESOLUCIONES%202008/4132.pdf HTTP/1.1" 200 775302
172.22.2.4 - - [07/Aug/2023:10:01:21 -0500] "HEAD /BLA/boletinlegal/ HTTP/1.1" 200 -
66.249.70.196 - - [07/Aug/2023:10:03:25 -0500] "GET /BLA/resoluciones/RESOLUCIONES%202009/2646.pdf HTTP/1.1" 200 218553
66.249.70.196 - - [07/Aug/2023:10:03:35 -0500] "GET /BLA/resoluciones/AUTOS%202014/4970.pdf HTTP/1.1" 200 604260
172.22.2.4 - - [07/Aug/2023:10:02:12 -0500] "GET /BLA/boletinlegal/ HTTP/1.1" 200 60612
216.245.221.92 - - [07/Aug/2023:10:04:18 -0500] "HEAD / HTTP/1.1" 200 -
66.249.70.198 - - [07/Aug/2023:10:04:25 -0500] "GET /BLA/resoluciones/AUTOS%202014/5836.pdf HTTP/1.1" 200 419388
66.249.70.197 - - [07/Aug/2023:10:04:41 -0500] "GET /resoluciones/AUTOS%202007/3760.pdf HTTP/1.1" 404 1018
66.249.70.198 - - [07/Aug/2023:10:05:07 -0500] "GET /BLA/resoluciones/RESOLUCIONES%202009/9015.pdf HTTP/1.1" 200 641553
201.245.192.253 - - [07/Aug/2023:10:05:17 -0500] "POST /kwsrmcab/Wsrmcab  HTTP/1.1" 200 42098
52.167.144.33 - - [07/Aug/2023:10:05:21 -0500] "GET /BLA/resoluciones/AUTOS%202021/2042.pdf HTTP/1.1" 304 -
66.249.70.197 - - [07/Aug/2023:10:05:37 -0500] "GET /BLA/resoluciones/AUTOS%202014/6102.pdf HTTP/1.1" 200 423507
66.249.70.197 - - [07/Aug/2023:10:06:54 -0500] "GET /siipev/Diseno%20de%20Elementos%20de%20Mobiliario%20Urbano/Diseno%20pertenecientes%20al%20mobiliario%20urbano%20M10-M160/PARTE%20A/Dise%C3%B1o%20de%20Elementos%20M-81.pdf HTTP/1.1" 200 701332
66.249.70.196 - - [07/Aug/2023:10:08:29 -0500] "GET /BLA/resoluciones/AUTOS%202014/3246.pdf HTTP/1.1" 200 530077
66.249.70.197 - - [07/Aug/2023:10:08:45 -0500] "GET /BLA/resoluciones/RESOLUCIONES%202009/6227.pdf HTTP/1.1" 200 1128167
172.22.2.4 - - [07/Aug/2023:10:07:11 -0500] "HEAD /BLA/boletinlegal/ HTTP/1.1" 200 -
216.245.221.92 - - [07/Aug/2023:10:09:18 -0500] "HEAD / HTTP/1.1" 200 -
172.22.2.4 - - [07/Aug/2023:10:08:02 -0500] "GET /BLA/boletinlegal/ HTTP/1.1" 200 60612
40.77.167.113 - - [07/Aug/2023:10:09:51 -0500] "GET /forest/ HTTP/1.1" 200 12041
201.245.192.253 - - [07/Aug/2023:10:10:16 -0500] "POST /kwsrmcab/Wsrmcab  HTTP/1.1" 200 42098
200.118.145.9 - - [07/Aug/2023:10:11:05 -0500] "GET /BLA/resoluciones/index.php?dir= HTTP/1.1" 200 13502
200.118.145.9 - - [07/Aug/2023:10:11:10 -0500] "GET /BLA/resoluciones/index.php?dir=AUTOS+2023%2F HTTP/1.1" 200 207289
191.102.85.204 - - [07/Aug/2023:10:11:45 -0500] "GET /galeria/galeria/jquery.fancybox.css?v=2.1.5 HTTP/1.1" 200 4895
191.102.85.204 - - [07/Aug/2023:10:11:45 -0500] "GET /BLA/boletinlegal/js/jquery.scrollShow.js HTTP/1.1" 200 4586
191.102.85.204 - - [07/Aug/2023:10:11:45 -0500] "GET /galeria/galeria/jquery.fancybox.js?v=2.1.5 HTTP/1.1" 200 48706
179.19.76.216 - - [07/Aug/2023:10:13:13 -0500] "GET /kwssiamovil/sm/acme/a?s=U2FsdGVkX19Ceg0+VA6fTzeRxnjxYjGupIoiq+s2QfXQU2LFEN/dhy13cp60KeuUbYuPNR+9ICoAeK4HFGAv4JBPfJIJEZYnEY3mBRsvWCIZPsYBPVZlttpN7fOdHY9St2mtWOEnSKARS2mIDMlh+oVNaH421Uj4rfWsLpgrUwkw+6/i/KzgmaV3ZHfVtOVELR1vY4gTAnIZsRFvVrkBliYR2R1jPcAOQ7+4gePlAJQVqA1JWBfTSUDyd3YCR4UVLCJpK5xHbLMOwL5pmv1r3g==&u=U2FsdGVkX1+HWG3G0YTewMqhWyCe55Cf0w5Yyz5mB+M=&y=U2FsdGVkX1/TIjGtkzWsLZN5GanF9/BFJCJs/9hQstztvghONMynEMjl9zlRypCK HTTP/1.1" 200 26
179.19.76.216 - - [07/Aug/2023:10:13:13 -0500] "GET /kwssiamovil/sm/acme/a?s=U2FsdGVkX18MUYVQmbRCva4W1Fsc4p9NxlydsddrmyUhGAOP0WO50O2YyybQNEgCWm8jQvd/LkDP69oy59wF0TREkFEjD+h2woetktpTFpOs7FWZxEtrjGpeBL8dQ0iArvAQ8DqPfBOEy1jmUTyXy4ESGE2jOSf2PKXHh+yRYZEqMQeSiMkoI7J4D7GGVKq+LiCXdtrdm8TXQKzgonrFUvF6PNltEI0D+A5ZoaC09w0RFK6NXpgB5/vwlSb5Ut7mQcRiLkFn1HEnBSAPL/Wekv1KtvMi5tvoy5iMa2rScpjT4UcnX9Foegk0ljTldT4tvpB2KIKqwQ6D92jlcKV0Q2xGNve+jBnbVs+swZCBHk0TdvKaK8Q/TgCcGV2bV+MQwdzcGDPAN7TAJ2CkfTn+4O5yV7XoWayOQC8fg3azXT8dWcoCI/D1u9sY/QTOtNKcuWR1Mgyb50HmDpDORh1SQh7VwKmNh7as1LJdZ9jxKkHBRxS33Nh3OQPWacisVUVm4lz7TGpD9rS9V08E4QddyZRVTG5PNZlwyy6pAB2fy/TD1wloxjtohVKbJ39+1omFvq0hJeStC12X6ZNCgtEaP2yav0eSeRXtqkVxCKATA3Fj9ruiP1LUm+LBwjyZqD8AVITq7tIDOZnEh30XkFkZc//i7mMt/FqcZN87VTarDA6eKyeAioRAxCAAQIA5x/BwPfi/DoG/tbUK9FusDjU0zzI1tTPck00lC8QbC8pkfzNuYq6t48nMJnL8Pij7vslkYDEu0ozufZWhi+iCMWqFW/FGPI+ikNDvOw2y9h7ATTpjy8V4Nk7odceraGjmtkkwBxo+3uU4WWT9wo8J9TNdCMkopRLXhAN5CHZkKDC5BFT5HibRV1q2xVjP/8FgGcClVVwTUoh13d1W0m4Mq+RyWejYM6jIug5DPM+Jd3tfwdkDbRipjVjTxyYLCxBidBEVUizEJKShdZ/D/gzpkMVbDqXhtvYEnZmfqiRsqw2QcrowJqDdZyn8ZCwGtxr5f9xh33/27P2vB/RlTHLP0mwGkyJy4ri2DpSwMcaFqCapbwZ8H9YqqZmROxb3xdHtC8AY04scpFv75Nm79v3H3hbOPnK6f7pRCZT8IlXKrOLHSxW+l0i26Nb6SOMT/sX/Sy5BF3eHfqwVE4JNjcFmI+JKdgiepDbwggblpjkCH/LB9kmMfw6zPaJpU53382Zr4Yr0W3bYDteOMVCELpsq6Wpj+3IHHNxrb5Bjy33T2Z0I6TAjg1emkLlsSe8b5FDJZ4FDJGERGMKutQG344liGolx6qkgbsQM5UmEQVBSlw6lazVre6YnwF5T7QJuQKWDu3Ihr3Vxaa9pBUphL/RlkUSK5+tSOVfZUT3Sz/AR/VZxDDi1FC0zq51nMNMAANjuonFLCjWUqA1fQuQYZDu9xOlkjZmBCeBjEbcb0oTdKG+/LLmM2OpSZ6UVi0GwdV6gYOoUfavWQpqFH0/KU1l+vt1C5rQYf4vEg9hGOGlZjaePHNE8G2TE1qjIEO971aQnxXciJqxqi/w2UZB/6QmyrID6UaA/uU6bIX5CZffq/kkb73sgc3jq6zBf47FhAIgb29s1G1x0cs5BKqhylGYzJC1o7fjI0k+lVeOVdq2AXW/fF09gyvNroz0T1JG3y3MCs3jirDrdd+7X/BmTqW54gvhjBorAhCNqVdsk14SIlufmJyHRflTzGEk88jVcwZf/EuJ2Q/MfuevfTFFKyIICbmfBUA==&u=U2FsdGVkX1+HWG3G0YTewMqhWyCe55Cf0w5Yyz5mB+M=&y=U2FsdGVkX1/TIjGtkzWsLZN5GanF9/BFJCJs/9hQstztvghONMynEMjl9zlRypCK HTTP/1.1" 200 26
179.19.76.216 - - [07/Aug/2023:10:13:14 -0500] "GET /kwssiamovil/sm/acme/a?s=U2FsdGVkX1/ZZQpwhtJkVx1ffr5n3kJEJNBHYdUfsf+VmI2AYi7f4M/2y8DgaCxn5qIzcfiPR6UGVS/RxTlpAO6y459K999Qhx4+FoJF5KeQhpI8DtLrsMVqZDFCKDHdlzOqnbMQK+JUf3H7GgONROhLey5QNOiLc9gaClgnumc=&u=U2FsdGVkX1+HWG3G0YTewMqhWyCe55Cf0w5Yyz5mB+M=&y=U2FsdGVkX1/TIjGtkzWsLZN5GanF9/BFJCJs/9hQstztvghONMynEMjl9zlRypCK HTTP/1.1" 200 26
179.19.76.216 - - [07/Aug/2023:10:13:14 -0500] "GET /kwssiamovil/sm/acme/a?s=U2FsdGVkX1/V5THkR17ayn4MfUFWLAWlIZLA2BvK2KfKech0kJ8e07oHmLbjCqaUrlNn3ap3lthqO5CSYYvnpPoUCPhDQfPaRfKgUbIN8o8me85Gw+90/5FYRq3n1GsPzIRfFGM1yXpl443MeEnVn6onc8V5ZU1HLLMtui+ir/E=&u=U2FsdGVkX1+HWG3G0YTewMqhWyCe55Cf0w5Yyz5mB+M=&y=U2FsdGVkX1/TIjGtkzWsLZN5GanF9/BFJCJs/9hQstztvghONMynEMjl9zlRypCK HTTP/1.1" 200 26
179.19.76.216 - - [07/Aug/2023:10:13:14 -0500] "GET /kwssiamovil/sm/acme/a?s=U2FsdGVkX18UtRFNey2ovhPDTlINlyuuIU0W74Z9RSNMSWvEhdOXNDnreJ7r0yEf9T2KavsoqElt1E7GxQRqHp2rH98OnaH56hfCowAjHkYh+P7zC/uGA03q+MabYsLkAjpS8BVvmTmjY/ydjFAJhMBm67K//hln8Rkmdw1uN1Y=&u=U2FsdGVkX1+HWG3G0YTewMqhWyCe55Cf0w5Yyz5mB+M=&y=U2FsdGVkX1/TIjGtkzWsLZN5GanF9/BFJCJs/9hQstztvghONMynEMjl9zlRypCK HTTP/1.1" 200 26
179.19.76.216 - - [07/Aug/2023:10:13:15 -0500] "GET /kwssiamovil/sm/acme/a?s=U2FsdGVkX19U4AhwFj2VYhJSh/MSxaLcCm6ggkQOqzVHGd5qE7Qd5MEDrM18KDuYExd7eZKSL8eOa2Vwix54vtOm2TVhK99s0PV3V62FwDprn0p5Hct7cfl3+XExiq/KGwxQStBY8yO63XOs8M190C3tcGbKmxnTcD3YfmvSqFepAGu1gc1Og2PoWM4l3x3OMGDkS/eOslO6BV6IOI8vfw==&u=U2FsdGVkX1+HWG3G0YTewMqhWyCe55Cf0w5Yyz5mB+M=&y=U2FsdGVkX1/TIjGtkzWsLZN5GanF9/BFJCJs/9hQstztvghONMynEMjl9zlRypCK HTTP/1.1" 200 26
179.19.76.216 - - [07/Aug/2023:10:13:37 -0500] "GET /kwssiamovil/sm/acme/u?s=U2FsdGVkX1/cRL0zdoI19R6f//9oGZoBDeWBzh3JQ3yyynLVQBhmygqY4S7mHKZSU5XFsu/L/ZsWE3IZ4zpced1+0yWuucUvZu5fVjF3n3KkyOkKUr/Bu/jrmyIwQp8RJIBuX0wJHQI1N0k8kmVfvdHcl4lq78dd/Yw/89CJjKw=&u=U2FsdGVkX1+HWG3G0YTewMqhWyCe55Cf0w5Yyz5mB+M=&y=U2FsdGVkX1/TIjGtkzWsLZN5GanF9/BFJCJs/9hQstztvghONMynEMjl9zlRypCK HTTP/1.1" 200 60
216.245.221.92 - - [07/Aug/2023:10:14:18 -0500] "HEAD / HTTP/1.1" 200 -
172.22.2.4 - - [07/Aug/2023:10:13:01 -0500] "HEAD /BLA/boletinlegal/ HTTP/1.1" 200 -
66.249.70.197 - - [07/Aug/2023:10:15:06 -0500] "GET /BLA/resoluciones/Notificaciones/REGISTROS%202017/00146.pdf HTTP/1.1" 200 293512
201.245.192.253 - - [07/Aug/2023:10:15:14 -0500] "POST /kwsrmcab/Wsrmcab  HTTP/1.1" 200 42098
172.22.2.4 - - [07/Aug/2023:10:13:52 -0500] "GET /BLA/boletinlegal/ HTTP/1.1" 200 60612
52.167.144.33 - - [07/Aug/2023:10:16:12 -0500] "GET /BLA/resoluciones/AUTOS%202013/2591.pdf HTTP/1.1" 304 -
87.236.176.47 - - [07/Aug/2023:10:17:33 -0500] "GET /portaldeninos/ HTTP/1.1" 200 110197
216.245.221.92 - - [07/Aug/2023:10:19:18 -0500] "HEAD / HTTP/1.1" 200 -
201.245.192.253 - - [07/Aug/2023:10:19:24 -0500] "POST /kwsrmcab/Wsrmcab HTTP/1.1" 200 42514
66.249.70.197 - - [07/Aug/2023:10:19:28 -0500] "GET /BLA/resoluciones/RESOLUCIONES%202011/1409.pdf HTTP/1.1" 200 66651
66.249.70.196 - - [07/Aug/2023:10:19:29 -0500] "GET /BLA/resoluciones/AUTOS%202011/2098.pdf HTTP/1.1" 200 363141
201.245.192.253 - - [07/Aug/2023:10:19:27 -0500] "POST /kwsrmcab/Wsrmcab HTTP/1.1" 200 44825
40.77.167.255 - - [07/Aug/2023:10:20:03 -0500] "GET /BLA/resoluciones/AUTOS%202021/2330.pdf HTTP/1.1" 304 -
201.245.192.253 - - [07/Aug/2023:10:20:12 -0500] "POST /kwsrmcab/Wsrmcab  HTTP/1.1" 200 42098
66.249.70.196 - - [07/Aug/2023:10:20:24 -0500] "GET /resoluciones/RESOLUCIONES%202010/2643.pdf HTTP/1.1" 404 1018
172.22.2.4 - - [07/Aug/2023:10:18:51 -0500] "HEAD /BLA/boletinlegal/ HTTP/1.1" 200 -
172.22.2.4 - - [07/Aug/2023:10:19:42 -0500] "GET /BLA/boletinlegal/ HTTP/1.1" 200 60185
66.249.70.198 - - [07/Aug/2023:10:21:48 -0500] "GET /BLA/resoluciones/RESOLUCIONES%202008/2937.pdf HTTP/1.1" 200 201702
52.167.144.76 - - [07/Aug/2023:10:23:31 -0500] "GET /BLA/resoluciones/AUTOS%202014/4477.pdf HTTP/1.1" 304 -
40.77.167.255 - - [07/Aug/2023:10:23:40 -0500] "GET /BLA/resoluciones/AUTOS%202022/4881.pdf HTTP/1.1" 304 -
172.22.2.4 - - [07/Aug/2023:10:24:01 -0500] "GET /BLA/boletinlegal/robots.txt HTTP/1.1" 404 1038
216.245.221.92 - - [07/Aug/2023:10:24:18 -0500] "HEAD / HTTP/1.1" 200 -
201.245.192.253 - - [07/Aug/2023:10:25:11 -0500] "POST /kwsrmcab/Wsrmcab  HTTP/1.1" 200 42098
66.249.70.196 - - [07/Aug/2023:10:25:25 -0500] "GET /BLA/resoluciones/AUTOS%202014/3260.pdf HTTP/1.1" 200 422989
172.22.2.4 - - [07/Aug/2023:10:24:02 -0500] "GET /BLA/boletinlegal/index.php HTTP/1.1" 200 58825
172.22.2.4 - - [07/Aug/2023:10:24:41 -0500] "HEAD /BLA/boletinlegal/ HTTP/1.1" 200 -
172.22.2.4 - - [07/Aug/2023:10:25:32 -0500] "GET /BLA/boletinlegal/ HTTP/1.1" 200 52855
66.249.70.198 - - [07/Aug/2023:10:28:29 -0500] "GET /BLA/resoluciones/RESOLUCIONES%202010/4501.pdf HTTP/1.1" 200 4070663
216.245.221.92 - - [07/Aug/2023:10:29:18 -0500] "HEAD / HTTP/1.1" 200 -
201.245.192.253 - - [07/Aug/2023:10:29:24 -0500] "POST /kwsrmcab/Wsrmcab HTTP/1.1" 200 42514
201.245.192.253 - - [07/Aug/2023:10:29:28 -0500] "POST /kwsrmcab/Wsrmcab HTTP/1.1" 200 44825
201.245.192.253 - - [07/Aug/2023:10:30:11 -0500] "POST /kwsrmcab/Wsrmcab  HTTP/1.1" 200 42098
66.249.70.198 - - [07/Aug/2023:10:30:47 -0500] "GET /BLA/resoluciones/Notificaciones/RESOLUCIONES%202022/5144.pdf HTTP/1.1" 304 -
40.77.167.233 - - [07/Aug/2023:10:31:19 -0500] "GET /portaldeninos/parque-mirador-de-los-nevados/ HTTP/1.1" 200 89855
172.22.2.4 - - [07/Aug/2023:10:30:31 -0500] "HEAD /BLA/boletinlegal/ HTTP/1.1" 200 -
69.63.184.118 - - [07/Aug/2023:10:32:51 -0500] "GET /images/reunion-planta-termovalorizacion-11-mayo.jpg HTTP/1.1" 200 34782
172.22.2.4 - - [07/Aug/2023:10:31:22 -0500] "GET /BLA/boletinlegal/ HTTP/1.1" 200 60612
216.245.221.92 - - [07/Aug/2023:10:34:18 -0500] "HEAD / HTTP/1.1" 200 -
201.245.192.253 - - [07/Aug/2023:10:35:09 -0500] "POST /kwsrmcab/Wsrmcab  HTTP/1.1" 200 42098
172.22.2.4 - - [07/Aug/2023:10:36:21 -0500] "HEAD /BLA/boletinlegal/ HTTP/1.1" 200 -
172.22.2.4 - - [07/Aug/2023:10:38:45 -0500] "GET /BLA/boletinlegal/actos.php HTTP/1.1" 200 9682
172.22.2.4 - - [07/Aug/2023:10:38:47 -0500] "GET /BLA/boletinlegal/actos.php HTTP/1.1" 200 9682
172.22.2.4 - - [07/Aug/2023:10:37:12 -0500] "GET /BLA/boletinlegal/ HTTP/1.1" 200 60612
216.245.221.92 - - [07/Aug/2023:10:39:18 -0500] "HEAD / HTTP/1.1" 200 -
201.245.192.253 - - [07/Aug/2023:10:39:25 -0500] "POST /kwsrmcab/Wsrmcab HTTP/1.1" 200 42514
201.245.192.253 - - [07/Aug/2023:10:39:28 -0500] "POST /kwsrmcab/Wsrmcab HTTP/1.1" 200 44825
201.245.192.253 - - [07/Aug/2023:10:40:08 -0500] "POST /kwsrmcab/Wsrmcab  HTTP/1.1" 200 42098
172.22.2.4 - - [07/Aug/2023:10:41:04 -0500] "GET /BLA/boletinlegal/Circulares/2019/Circular%2000018%20del%2020%20de%20noviembre%20de%202019.pdf HTTP/1.1" 200 158030
66.249.70.196 - - [07/Aug/2023:10:41:32 -0500] "GET /BLA/resoluciones/AUTOS%202014/6488.pdf HTTP/1.1" 200 566526
52.167.144.76 - - [07/Aug/2023:10:41:39 -0500] "GET /BLA/resoluciones/RESOLUCIONES%202023/0622.pdf HTTP/1.1" 200 422060
66.249.70.196 - - [07/Aug/2023:10:42:57 -0500] "GET /BLA/resoluciones/RESOLUCIONES%202009/1201.pdf HTTP/1.1" 200 459366
173.252.127.13 - - [07/Aug/2023:10:43:39 -0500] "GET /cumpleanos-485-de-bogota-inscribete-a-las-jornadas-de-monitoreo-a-la-biodiversidad.html HTTP/1.1" 200 847
172.22.2.4 - - [07/Aug/2023:10:42:11 -0500] "HEAD /BLA/boletinlegal/ HTTP/1.1" 200 -
216.245.221.92 - - [07/Aug/2023:10:44:18 -0500] "HEAD / HTTP/1.1" 200 -
172.22.2.4 - - [07/Aug/2023:10:43:02 -0500] "GET /BLA/boletinlegal/ HTTP/1.1" 200 58474
201.245.192.253 - - [07/Aug/2023:10:45:06 -0500] "POST /kwsrmcab/Wsrmcab  HTTP/1.1" 200 42098
40.77.167.182 - - [07/Aug/2023:10:46:45 -0500] "GET /portaldeninos/aulas-ambientales/aula-ambiental-sorotama/ HTTP/1.1" 200 89596
168.119.253.48 - - [07/Aug/2023:10:48:47 -0500] "GET / HTTP/1.1" 200 319
216.245.221.92 - - [07/Aug/2023:10:49:18 -0500] "HEAD / HTTP/1.1" 200 -
66.249.70.198 - - [07/Aug/2023:10:49:28 -0500] "GET /BLA/resoluciones/AUTOS%202018/0075.pdf HTTP/1.1" 200 287182
172.22.2.4 - - [07/Aug/2023:10:48:01 -0500] "HEAD /BLA/boletinlegal/ HTTP/1.1" 200 -
66.249.66.138 - - [07/Aug/2023:10:49:52 -0500] "GET /secretaria-de-ambiente-recuerda-a-comerciantes-implementar-o-actualizar-el-programa-de-uso-racional-de-bolsas-plasticas.html HTTP/1.1" 304 -
201.245.192.253 - - [07/Aug/2023:10:50:05 -0500] "POST /kwsrmcab/Wsrmcab  HTTP/1.1" 200 42098
172.22.2.4 - - [07/Aug/2023:10:48:52 -0500] "GET /BLA/boletinlegal/ HTTP/1.1" 200 58825
216.245.221.92 - - [07/Aug/2023:10:54:18 -0500] "HEAD / HTTP/1.1" 200 -
201.245.192.253 - - [07/Aug/2023:10:55:03 -0500] "POST /kwsrmcab/Wsrmcab  HTTP/1.1" 200 42098
172.22.2.4 - - [07/Aug/2023:10:53:51 -0500] "HEAD /BLA/boletinlegal/ HTTP/1.1" 200 -
172.22.2.4 - - [07/Aug/2023:10:54:42 -0500] "GET /BLA/boletinlegal/ HTTP/1.1" 200 54079
66.249.70.197 - - [07/Aug/2023:10:57:02 -0500] "GET /portel_dama/libreria/php/2006/ECOSISTEMAS%20FINAL%20web_mz27/restauracion/sitio/22_proye/xtras_in/3a.pdf HTTP/1.1" 404 1018
20.26.80.132 - - [07/Aug/2023:10:57:47 -0500] "GET /Publicaciones/2023EE130890.pdf HTTP/1.1" 404 228
52.167.144.33 - - [07/Aug/2023:10:58:46 -0500] "GET /BLA/resoluciones/AUTOS%202021/2033.pdf HTTP/1.1" 304 -
216.245.221.92 - - [07/Aug/2023:10:59:18 -0500] "HEAD / HTTP/1.1" 200 -
201.245.192.253 - - [07/Aug/2023:11:00:02 -0500] "POST /kwsrmcab/Wsrmcab  HTTP/1.1" 200 42098
162.55.35.116 - - [07/Aug/2023:11:01:04 -0500] "GET / HTTP/1.1" 200 319
172.22.2.4 - - [07/Aug/2023:10:59:41 -0500] "HEAD /BLA/boletinlegal/ HTTP/1.1" 200 -
172.22.2.4 - - [07/Aug/2023:11:00:32 -0500] "GET /BLA/boletinlegal/ HTTP/1.1" 200 58825
216.245.221.92 - - [07/Aug/2023:11:04:18 -0500] "HEAD / HTTP/1.1" 200 -
191.156.154.36 - - [07/Aug/2023:11:04:22 -0500] "GET /agendate-para-participar-en-las-caminatas-ecologicas-de-febrero.html HTTP/1.1" 200 830
40.77.167.113 - - [07/Aug/2023:11:04:59 -0500] "GET /BLA/resoluciones/AUTOS%202020/0443.pdf HTTP/1.1" 200 322027
201.245.192.253 - - [07/Aug/2023:11:05:00 -0500] "POST /kwsrmcab/Wsrmcab  HTTP/1.1" 200 42098
186.80.52.205 - - [07/Aug/2023:11:05:34 -0500] "GET /sipse/faces/index.xhtml HTTP/1.1" 200 677
186.80.52.205 - - [07/Aug/2023:11:05:34 -0500] "GET /sipse/faces/javax.faces.resource/theme.css?ln=primefaces-sipse HTTP/1.1" 304 -
186.80.52.205 - - [07/Aug/2023:11:05:34 -0500] "GET /sipse/faces/faces/autenticacion.xhtml HTTP/1.1" 200 12169
186.80.52.205 - - [07/Aug/2023:11:05:36 -0500] "GET /sipse/js/disable_browser_buttons.js HTTP/1.1" 200 3230
186.80.52.205 - - [07/Aug/2023:11:05:36 -0500] "GET /sipse/css/custom_css_sg_prime_login.css HTTP/1.1" 200 443
186.80.52.205 - - [07/Aug/2023:11:05:36 -0500] "GET /sipse/css/custom_css_sg.css HTTP/1.1" 200 9694
186.80.52.205 - - [07/Aug/2023:11:05:36 -0500] "GET /sipse/faces/javax.faces.resource/primefaces.css?ln=primefaces&v=4.0 HTTP/1.1" 304 -
186.80.52.205 - - [07/Aug/2023:11:05:36 -0500] "GET /sipse/faces/javax.faces.resource/theme.css?ln=primefaces-sipse HTTP/1.1" 304 -
186.80.52.205 - - [07/Aug/2023:11:05:36 -0500] "GET /sipse/js/funciones.js HTTP/1.1" 200 12592
186.80.52.205 - - [07/Aug/2023:11:05:36 -0500] "GET /sipse/faces/javax.faces.resource/jquery/jquery-plugins.js?ln=primefaces&v=4.0 HTTP/1.1" 304 -
186.80.52.205 - - [07/Aug/2023:11:05:36 -0500] "GET /sipse/faces/javax.faces.resource/layout/layout.css?ln=primefaces&v=4.0 HTTP/1.1" 304 -
186.80.52.205 - - [07/Aug/2023:11:05:36 -0500] "GET /sipse/faces/javax.faces.resource/jquery/jquery.js?ln=primefaces&v=4.0 HTTP/1.1" 304 -
186.80.52.205 - - [07/Aug/2023:11:05:36 -0500] "GET /sipse/faces/javax.faces.resource/primefaces.js?ln=primefaces&v=4.0 HTTP/1.1" 304 -
186.80.52.205 - - [07/Aug/2023:11:05:36 -0500] "GET /sipse/faces/javax.faces.resource/layout/layout.js?ln=primefaces&v=4.0 HTTP/1.1" 304 -
186.80.52.205 - - [07/Aug/2023:11:05:36 -0500] "GET /sipse/css/imagen/logoSDG.png HTTP/1.1" 200 53064
186.80.52.205 - - [07/Aug/2023:11:05:36 -0500] "GET /sipse/faces/javax.faces.resource/images/ui-icons_898989_256x240.png?ln=primefaces-aristo HTTP/1.1" 304 -
186.80.52.205 - - [07/Aug/2023:11:05:36 -0500] "GET /sipse/css/imagen/loginimg.png HTTP/1.1" 200 71635
186.80.52.205 - - [07/Aug/2023:11:05:40 -0500] "POST /sipse/faces/autenticacion.xhtml HTTP/1.1" 200 2221
186.80.52.205 - - [07/Aug/2023:11:05:40 -0500] "GET /sipse/faces/javax.faces.resource/messages/messages.png?ln=primefaces&v=4.0 HTTP/1.1" 304 -
186.80.52.205 - - [07/Aug/2023:11:05:41 -0500] "POST /sipse/faces/autenticacion.xhtml HTTP/1.1" 200 16327
186.80.52.205 - - [07/Aug/2023:11:05:41 -0500] "GET /sipse/faces/javax.faces.resource/theme.css?ln=primefaces-sipse HTTP/1.1" 304 -
186.80.52.205 - - [07/Aug/2023:11:05:41 -0500] "GET /sipse/faces/javax.faces.resource/layout/layout.css?ln=primefaces&v=4.0 HTTP/1.1" 304 -
186.80.52.205 - - [07/Aug/2023:11:05:41 -0500] "GET /sipse/faces/javax.faces.resource/primefaces.css?ln=primefaces&v=4.0 HTTP/1.1" 304 -
186.80.52.205 - - [07/Aug/2023:11:05:41 -0500] "GET /sipse/css/custom_css_sg_prime.css HTTP/1.1" 200 5201
186.80.52.205 - - [07/Aug/2023:11:05:41 -0500] "GET /sipse/js/jquery.min.js HTTP/1.1" 200 85582
186.80.52.205 - - [07/Aug/2023:11:05:41 -0500] "GET /sipse/faces/javax.faces.resource/jquery/jquery.js?ln=primefaces&v=4.0 HTTP/1.1" 304 -
186.80.52.205 - - [07/Aug/2023:11:05:41 -0500] "GET /sipse/faces/javax.faces.resource/jquery/jquery-plugins.js?ln=primefaces&v=4.0 HTTP/1.1" 304 -
186.80.52.205 - - [07/Aug/2023:11:05:41 -0500] "GET /sipse/faces/javax.faces.resource/primefaces.js?ln=primefaces&v=4.0 HTTP/1.1" 304 -
186.80.52.205 - - [07/Aug/2023:11:05:41 -0500] "GET /sipse/faces/javax.faces.resource/layout/layout.js?ln=primefaces&v=4.0 HTTP/1.1" 304 -
186.80.52.205 - - [07/Aug/2023:11:05:42 -0500] "GET /sipse/css/v_mergente.css HTTP/1.1" 200 1505
186.80.52.205 - - [07/Aug/2023:11:05:42 -0500] "GET /sipse/css/imagen/contrasena.png HTTP/1.1" 404 383
186.80.52.205 - - [07/Aug/2023:11:05:42 -0500] "GET /sipse/imagenes/cargando.gif HTTP/1.1" 200 36959
186.80.52.205 - - [07/Aug/2023:11:05:42 -0500] "GET /sipse/imagenes/logoAplicacion.jpg HTTP/1.1" 200 155084
186.80.52.205 - - [07/Aug/2023:11:05:44 -0500] "GET /sipse/faces/javax.faces.resource/images/ui-bg_flat_0_2d5972_40x100.png?ln=primefaces-aristo HTTP/1.1" 304 -
186.80.52.205 - - [07/Aug/2023:11:05:44 -0500] "POST /sipse/faces/bienvenido.xhtml HTTP/1.1" 200 2658
186.80.52.205 - - [07/Aug/2023:11:05:46 -0500] "POST /sipse/faces/bienvenido.xhtml HTTP/1.1" 200 65134
186.80.52.205 - - [07/Aug/2023:11:05:47 -0500] "GET /sipse/faces/javax.faces.resource/theme.css?ln=primefaces-sipse HTTP/1.1" 304 -
186.80.52.205 - - [07/Aug/2023:11:05:47 -0500] "GET /sipse/faces/javax.faces.resource/layout/layout.css?ln=primefaces&v=4.0 HTTP/1.1" 304 -
186.80.52.205 - - [07/Aug/2023:11:05:47 -0500] "GET /sipse/faces/javax.faces.resource/primefaces.css?ln=primefaces&v=4.0 HTTP/1.1" 304 -
186.80.52.205 - - [07/Aug/2023:11:05:47 -0500] "GET /sipse/faces/javax.faces.resource/jquery/jquery.js?ln=primefaces&v=4.0 HTTP/1.1" 304 -
186.80.52.205 - - [07/Aug/2023:11:05:47 -0500] "GET /sipse/faces/javax.faces.resource/jquery/jquery-plugins.js?ln=primefaces&v=4.0 HTTP/1.1" 304 -
186.80.52.205 - - [07/Aug/2023:11:05:47 -0500] "GET /sipse/faces/javax.faces.resource/primefaces.js?ln=primefaces&v=4.0 HTTP/1.1" 304 -
186.80.52.205 - - [07/Aug/2023:11:05:47 -0500] "GET /sipse/faces/javax.faces.resource/layout/layout.js?ln=primefaces&v=4.0 HTTP/1.1" 304 -
186.80.52.205 - - [07/Aug/2023:11:05:47 -0500] "POST /sipse/faces/presentacion/financiero/solicitudProceso/listarSolicitudProceso.xhtml HTTP/1.1" 200 1556
186.80.52.205 - - [07/Aug/2023:11:05:52 -0500] "POST /sipse/faces/presentacion/financiero/solicitudProceso/listarSolicitudProceso.xhtml HTTP/1.1" 200 7732
186.80.52.205 - - [07/Aug/2023:11:06:08 -0500] "POST /sipse/faces/presentacion/financiero/solicitudProceso/listarSolicitudProceso.xhtml HTTP/1.1" 200 32215
172.22.2.4 - - [07/Aug/2023:11:05:31 -0500] "HEAD /BLA/boletinlegal/ HTTP/1.1" 200 -
172.22.2.4 - - [07/Aug/2023:11:06:22 -0500] "GET /BLA/boletinlegal/ HTTP/1.1" 200 59192
40.77.167.233 - - [07/Aug/2023:11:08:02 -0500] "GET /portaldeninos/2018/06/06/hola-mundo-3/ HTTP/1.1" 200 95162
216.245.221.92 - - [07/Aug/2023:11:09:18 -0500] "HEAD / HTTP/1.1" 200 -
201.245.192.253 - - [07/Aug/2023:11:09:59 -0500] "POST /kwsrmcab/Wsrmcab  HTTP/1.1" 200 42098
173.252.107.118 - - [07/Aug/2023:11:10:12 -0500] "GET /secretaria-de-ambiente-abre-las-votaciones-para-definir-las-mejores-practicas-ambientales-en-las-entidades-publicas.html HTTP/1.1" 200 996
173.252.107.117 - - [07/Aug/2023:11:10:12 -0500] "GET /secretaria-de-ambiente-abre-las-votaciones-para-definir-las-mejores-practicas-ambientales-en-las-entidades-publicas.html HTTP/1.1" 200 996
173.252.107.117 - - [07/Aug/2023:11:10:13 -0500] "GET /images/buenas-practicas-ambientales21-octubre.jpg HTTP/1.1" 200 77514
173.252.79.4 - - [07/Aug/2023:11:10:13 -0500] "GET /images/buenas-practicas-ambientales21-octubre.jpg HTTP/1.1" 200 77514
66.249.70.197 - - [07/Aug/2023:11:10:28 -0500] "GET /BLA/resoluciones/AUTOS%202014/1895.pdf HTTP/1.1" 200 522964
40.77.167.224 - - [07/Aug/2023:11:10:57 -0500] "GET /BLA/resoluciones/RESOLUCIONES%202010/7151.pdf HTTP/1.1" 200 72015
66.249.70.197 - - [07/Aug/2023:11:11:16 -0500] "GET /BLA/resoluciones/RESOLUCIONES%202009/3449.pdf HTTP/1.1" 200 458060
172.22.2.4 - - [07/Aug/2023:11:11:21 -0500] "HEAD /BLA/boletinlegal/ HTTP/1.1" 200 -
173.252.111.8 - - [07/Aug/2023:11:13:51 -0500] "GET /images/camino-guadalupe-aguanoso.jpg HTTP/1.1" 200 103489
173.252.111.8 - - [07/Aug/2023:11:13:51 -0500] "GET /images/construccion-sostenible-.jpg HTTP/1.1" 200 82949
173.252.111.1 - - [07/Aug/2023:11:13:51 -0500] "GET /images/Caminatas-ecologicas-julio.jpg HTTP/1.1" 200 480557
172.22.2.4 - - [07/Aug/2023:11:12:12 -0500] "GET /BLA/boletinlegal/ HTTP/1.1" 200 54453
216.245.221.92 - - [07/Aug/2023:11:14:18 -0500] "HEAD / HTTP/1.1" 200 -
201.245.192.253 - - [07/Aug/2023:11:14:57 -0500] "POST /kwsrmcab/Wsrmcab  HTTP/1.1" 200 42098
173.252.107.117 - - [07/Aug/2023:11:16:09 -0500] "GET /semana-ambiental-2022-del-31-de-mayo-al-5-de-junio-se-celebrara-en-bogota.html HTTP/1.1" 200 799
52.167.144.76 - - [07/Aug/2023:11:17:54 -0500] "GET /BLA/resoluciones/index.php?dir=RESOLUCIONES%202005/RES%202005%20%201601-1650/&sort=date&order=asc HTTP/1.1" 200 12426
186.154.38.155 - - [07/Aug/2023:11:18:17 -0500] "GET /galeria/galeria/jquery.fancybox.css?v=2.1.5 HTTP/1.1" 200 4895
186.154.38.155 - - [07/Aug/2023:11:18:17 -0500] "GET /BLA/boletinlegal/js/jquery.scrollShow.js HTTP/1.1" 200 4586
186.154.38.155 - - [07/Aug/2023:11:18:17 -0500] "GET /galeria/galeria/jquery.fancybox.js?v=2.1.5 HTTP/1.1" 200 48706
52.167.144.33 - - [07/Aug/2023:11:18:38 -0500] "GET /BLA/resoluciones/RESOLUCIONES%202010/6933.pdf HTTP/1.1" 200 394810
172.22.2.4 - - [07/Aug/2023:11:17:11 -0500] "HEAD /BLA/boletinlegal/ HTTP/1.1" 200 -
216.245.221.92 - - [07/Aug/2023:11:19:18 -0500] "HEAD / HTTP/1.1" 200 -
201.245.192.253 - - [07/Aug/2023:11:19:25 -0500] "POST /kwsrmcab/Wsrmcab HTTP/1.1" 200 42822
201.245.192.253 - - [07/Aug/2023:11:19:28 -0500] "POST /kwsrmcab/Wsrmcab HTTP/1.1" 200 44824
172.22.2.4 - - [07/Aug/2023:11:18:02 -0500] "GET /BLA/boletinlegal/ HTTP/1.1" 200 57680
201.245.192.253 - - [07/Aug/2023:11:19:56 -0500] "POST /kwsrmcab/Wsrmcab  HTTP/1.1" 200 42098
52.167.144.76 - - [07/Aug/2023:11:20:13 -0500] "GET /BLA/resoluciones/AUTOS%202019/4466.pdf HTTP/1.1" 200 644530
66.249.70.196 - - [07/Aug/2023:11:22:21 -0500] "GET /BLA/resoluciones/AUTOS%202013/0553.pdf HTTP/1.1" 200 1534935
172.22.2.4 - - [07/Aug/2023:11:23:39 -0500] "GET /BLA/boletinlegal/actos.php HTTP/1.1" 200 9682
191.111.11.42 - - [07/Aug/2023:11:23:52 -0500] "GET /BLA/resoluciones/ HTTP/1.1" 200 13502
191.111.11.42 - - [07/Aug/2023:11:23:54 -0500] "GET /BLA/resoluciones/index.php?dir=AUTOS+2019%2F HTTP/1.1" 200 383585
191.111.11.42 - - [07/Aug/2023:11:23:55 -0500] "GET /BLA/resoluciones/dlf/archive.png HTTP/1.1" 200 632
216.245.221.92 - - [07/Aug/2023:11:24:18 -0500] "HEAD / HTTP/1.1" 200 -
172.22.2.4 - - [07/Aug/2023:11:23:01 -0500] "HEAD /BLA/boletinlegal/ HTTP/1.1" 200 -
201.245.192.253 - - [07/Aug/2023:11:24:55 -0500] "POST /kwsrmcab/Wsrmcab  HTTP/1.1" 200 42098
172.22.2.4 - - [07/Aug/2023:11:25:20 -0500] "GET /BLA/boletinlegal/actos.php HTTP/1.1" 200 9682
172.22.2.4 - - [07/Aug/2023:11:25:20 -0500] "GET /BLA/boletinlegal/favicon.ico HTTP/1.1" 404 1326
172.22.2.4 - - [07/Aug/2023:11:25:24 -0500] "GET /BLA/boletinlegal/consulta_actos.php?tipo=autos&no=3413&usuario=&sector=&fecha=2023&resuelve= HTTP/1.1" 200 1118
172.22.2.4 - - [07/Aug/2023:11:23:52 -0500] "GET /BLA/boletinlegal/ HTTP/1.1" 200 57680
216.245.221.92 - - [07/Aug/2023:11:29:18 -0500] "HEAD / HTTP/1.1" 200 -
201.245.192.253 - - [07/Aug/2023:11:29:24 -0500] "POST /kwsrmcab/Wsrmcab HTTP/1.1" 200 42822
201.245.192.253 - - [07/Aug/2023:11:29:27 -0500] "POST /kwsrmcab/Wsrmcab HTTP/1.1" 200 44824
201.245.192.253 - - [07/Aug/2023:11:29:53 -0500] "POST /kwsrmcab/Wsrmcab  HTTP/1.1" 200 42098
172.22.2.4 - - [07/Aug/2023:11:28:51 -0500] "HEAD /BLA/boletinlegal/ HTTP/1.1" 200 -
172.22.2.4 - - [07/Aug/2023:11:29:42 -0500] "GET /BLA/boletinlegal/ HTTP/1.1" 200 60612
190.27.105.67 - - [07/Aug/2023:11:31:50 -0500] "GET /forest/ HTTP/1.1" 200 12041
190.27.105.67 - - [07/Aug/2023:11:31:55 -0500] "POST /forest/index.php HTTP/1.1" 200 12268
52.167.144.76 - - [07/Aug/2023:11:32:34 -0500] "GET /BLA/resoluciones/AUTOS%202021/2174.pdf HTTP/1.1" 304 -
52.167.144.33 - - [07/Aug/2023:11:33:21 -0500] "GET /BLA/resoluciones/RESOLUCIONES%202022/3296.pdf HTTP/1.1" 304 -
216.245.221.92 - - [07/Aug/2023:11:34:18 -0500] "HEAD / HTTP/1.1" 200 -
172.22.2.4 - - [07/Aug/2023:11:34:41 -0500] "GET /BLA/boletinlegal/robots.txt HTTP/1.1" 404 1038
172.22.2.4 - - [07/Aug/2023:11:34:43 -0500] "GET /BLA/boletinlegal/jurisprudencia.php HTTP/1.1" 200 17583
201.245.192.253 - - [07/Aug/2023:11:34:51 -0500] "POST /kwsrmcab/Wsrmcab  HTTP/1.1" 200 42098
172.22.2.4 - - [07/Aug/2023:11:35:09 -0500] "GET /BLA/boletinlegal/consulta_actos.php?tipo=autos&no=3524&usuario=&sector=&fecha=2023&resuelve= HTTP/1.1" 200 626
186.84.90.248 - - [07/Aug/2023:11:35:27 -0500] "GET /BLA/resoluciones/index.php?dir= HTTP/1.1" 200 13502
186.84.90.248 - - [07/Aug/2023:11:35:27 -0500] "GET /favicon.ico HTTP/1.1" 200 7782
66.249.70.197 - - [07/Aug/2023:11:35:40 -0500] "GET /BLA/resoluciones/RESOLUCIONES%202013/2785.pdf HTTP/1.1" 200 270995
186.84.90.248 - - [07/Aug/2023:11:35:41 -0500] "GET /BLA/resoluciones/index.php?dir=AUTOS+2013%2F HTTP/1.1" 200 407428
172.22.2.4 - - [07/Aug/2023:11:35:47 -0500] "GET /BLA/boletinlegal/consulta_actos.php?tipo=autos&no=3524&usuario=&sector=&fecha=2023&resuelve= HTTP/1.1" 200 626
172.22.2.4 - - [07/Aug/2023:11:34:41 -0500] "HEAD /BLA/boletinlegal/ HTTP/1.1" 200 -
172.22.2.4 - - [07/Aug/2023:11:35:32 -0500] "GET /BLA/boletinlegal/ HTTP/1.1" 200 58079
172.22.2.4 - - [07/Aug/2023:11:37:05 -0500] "GET /BLA/boletinlegal/ HTTP/1.1" 200 61779
172.22.2.4 - - [07/Aug/2023:11:38:48 -0500] "GET /BLA/boletinlegal/js/jquery.scrollTo-min.js HTTP/1.1" 200 1150
216.245.221.92 - - [07/Aug/2023:11:39:18 -0500] "HEAD / HTTP/1.1" 200 -
52.167.144.26 - - [07/Aug/2023:11:39:26 -0500] "GET /catalogoisis/ HTTP/1.1" 200 8575
201.245.192.253 - - [07/Aug/2023:11:39:24 -0500] "POST /kwsrmcab/Wsrmcab HTTP/1.1" 200 42822
201.245.192.253 - - [07/Aug/2023:11:39:27 -0500] "POST /kwsrmcab/Wsrmcab HTTP/1.1" 200 44824
52.167.144.219 - - [07/Aug/2023:11:39:44 -0500] "GET /catalogoisis/Css/Busqueda.css HTTP/1.1" 200 1995
52.167.144.219 - - [07/Aug/2023:11:39:44 -0500] "GET /catalogoisis/Js/Enter.js HTTP/1.1" 200 1208
52.167.144.219 - - [07/Aug/2023:11:39:44 -0500] "GET /catalogoisis/Js/Go.js HTTP/1.1" 200 364
40.77.167.80 - - [07/Aug/2023:11:39:44 -0500] "GET /catalogoisis/Js/CriterioCombinada.js HTTP/1.1" 200 1843
52.167.144.26 - - [07/Aug/2023:11:39:48 -0500] "GET /catalogoisis/Js/AceptarLimpiar.js HTTP/1.1" 200 331
201.245.192.253 - - [07/Aug/2023:11:39:51 -0500] "POST /kwsrmcab/Wsrmcab  HTTP/1.1" 200 42098
40.77.167.213 - - [07/Aug/2023:11:39:53 -0500] "GET /catalogoisis/Js/Cookies.js HTTP/1.1" 200 1369
40.77.167.213 - - [07/Aug/2023:11:39:53 -0500] "GET /catalogoisis/Js/LimpiarCombinada.js HTTP/1.1" 200 207
40.77.167.80 - - [07/Aug/2023:11:39:58 -0500] "GET /catalogoisis/Js/Numero.js HTTP/1.1" 200 398
40.77.167.80 - - [07/Aug/2023:11:39:58 -0500] "GET /catalogoisis/Js/Remote.js HTTP/1.1" 200 436
172.22.2.4 - - [07/Aug/2023:11:40:31 -0500] "HEAD /BLA/boletinlegal/ HTTP/1.1" 200 -
172.22.2.4 - - [07/Aug/2023:11:41:22 -0500] "GET /BLA/boletinlegal/ HTTP/1.1" 200 53643
172.22.2.4 - - [07/Aug/2023:11:43:02 -0500] "GET /BLA/boletinlegal/consulta_actos.php?tipo=autos&no=3505&usuario=&sector=&fecha=2023&resuelve= HTTP/1.1" 200 626
172.22.2.4 - - [07/Aug/2023:11:43:03 -0500] "GET /BLA/boletinlegal/consulta_actos.php?tipo=autos&no=3505&usuario=&sector=&fecha=2023&resuelve= HTTP/1.1" 200 626
172.22.2.4 - - [07/Aug/2023:11:43:03 -0500] "GET /BLA/boletinlegal/consulta_actos.php?tipo=autos&no=3505&usuario=&sector=&fecha=2023&resuelve= HTTP/1.1" 200 626
172.22.2.4 - - [07/Aug/2023:11:43:04 -0500] "GET /BLA/boletinlegal/consulta_actos.php?tipo=autos&no=3505&usuario=&sector=&fecha=2023&resuelve= HTTP/1.1" 200 626
172.22.2.4 - - [07/Aug/2023:11:43:06 -0500] "GET /BLA/boletinlegal/consulta_actos.php?tipo=autos&no=3505&usuario=&sector=&fecha=2023&resuelve= HTTP/1.1" 200 626
172.22.2.4 - - [07/Aug/2023:11:43:06 -0500] "GET /BLA/boletinlegal/consulta_actos.php?tipo=autos&no=3505&usuario=&sector=&fecha=2023&resuelve= HTTP/1.1" 200 626
172.22.2.4 - - [07/Aug/2023:11:43:06 -0500] "GET /BLA/boletinlegal/consulta_actos.php?tipo=autos&no=3505&usuario=&sector=&fecha=2023&resuelve= HTTP/1.1" 200 626
66.249.70.196 - - [07/Aug/2023:11:43:28 -0500] "GET /BLA/resoluciones/RESOLUCIONES%202010/5768.pdf HTTP/1.1" 200 79794
66.249.70.197 - - [07/Aug/2023:11:44:07 -0500] "GET /BLA/resoluciones/RESOLUCIONES%202008/5717.pdf HTTP/1.1" 200 250039
216.245.221.92 - - [07/Aug/2023:11:44:18 -0500] "HEAD / HTTP/1.1" 200 -
40.77.167.113 - - [07/Aug/2023:11:44:41 -0500] "GET /BLA/resoluciones/AUTOS%202022/3596.pdf HTTP/1.1" 304 -
201.245.192.253 - - [07/Aug/2023:11:44:49 -0500] "POST /kwsrmcab/Wsrmcab  HTTP/1.1" 200 42098
172.22.2.4 - - [07/Aug/2023:11:46:32 -0500] "GET /BLA/boletinlegal/consulta_actos.php?tipo=autos&no=3396&usuario=&sector=&fecha=2023&resuelve= HTTP/1.1" 200 626
172.22.2.4 - - [07/Aug/2023:11:46:33 -0500] "GET /BLA/boletinlegal/consulta_actos.php?tipo=autos&no=3396&usuario=&sector=&fecha=2023&resuelve= HTTP/1.1" 200 626
172.22.2.4 - - [07/Aug/2023:11:46:33 -0500] "GET /BLA/boletinlegal/consulta_actos.php?tipo=autos&no=3396&usuario=&sector=&fecha=2023&resuelve= HTTP/1.1" 200 626
172.22.2.4 - - [07/Aug/2023:11:46:33 -0500] "GET /BLA/boletinlegal/consulta_actos.php?tipo=autos&no=3396&usuario=&sector=&fecha=2023&resuelve= HTTP/1.1" 200 626
172.22.2.4 - - [07/Aug/2023:11:46:35 -0500] "GET /BLA/boletinlegal/consulta_actos.php?tipo=autos&no=3396&usuario=&sector=&fecha=2023&resuelve= HTTP/1.1" 200 626
172.22.2.4 - - [07/Aug/2023:11:46:37 -0500] "GET /BLA/boletinlegal/consulta_actos.php?tipo=autos&no=3396&usuario=&sector=&fecha=2023&resuelve= HTTP/1.1" 200 626
172.22.2.4 - - [07/Aug/2023:11:46:38 -0500] "GET /BLA/boletinlegal/consulta_actos.php?tipo=autos&no=3396&usuario=&sector=&fecha=2023&resuelve= HTTP/1.1" 200 626
172.22.2.4 - - [07/Aug/2023:11:46:38 -0500] "GET /BLA/boletinlegal/consulta_actos.php?tipo=autos&no=3396&usuario=&sector=&fecha=2023&resuelve= HTTP/1.1" 200 626
40.77.167.113 - - [07/Aug/2023:11:47:30 -0500] "GET /forest/ HTTP/1.1" 200 12041
172.22.2.4 - - [07/Aug/2023:11:46:21 -0500] "HEAD /BLA/boletinlegal/ HTTP/1.1" 200 -
172.22.2.4 - - [07/Aug/2023:11:47:12 -0500] "GET /BLA/boletinlegal/ HTTP/1.1" 200 52495
216.245.221.92 - - [07/Aug/2023:11:49:18 -0500] "HEAD / HTTP/1.1" 200 -
201.245.192.253 - - [07/Aug/2023:11:49:49 -0500] "POST /kwsrmcab/Wsrmcab  HTTP/1.1" 200 42098
172.22.2.4 - - [07/Aug/2023:11:49:55 -0500] "GET /BLA/boletinlegal/consulta_actos.php?tipo=autos&no=3522&usuario=&sector=&fecha=2023&resuelve= HTTP/1.1" 200 626
40.77.167.113 - - [07/Aug/2023:11:51:14 -0500] "GET /BLA/resoluciones/AUTOS%202022/2790.pdf HTTP/1.1" 304 -
181.71.100.138 - - [07/Aug/2023:11:51:30 -0500] "GET /BLA/resoluciones/RESOLUCIONES%202018/2418.pdf HTTP/1.1" 200 249141
52.167.144.25 - - [07/Aug/2023:11:51:36 -0500] "GET /BLA/resoluciones/AUTOS%202021/1427.pdf HTTP/1.1" 304 -
191.102.85.204 - - [07/Aug/2023:11:51:47 -0500] "-" 408 -
172.22.2.4 - - [07/Aug/2023:11:52:51 -0500] "GET /BLA/boletinlegal/consulta_actos.php?tipo=autos&no=2729&usuario=&sector=&fecha=2023&resuelve= HTTP/1.1" 200 626
172.22.2.4 - - [07/Aug/2023:11:52:51 -0500] "GET /BLA/boletinlegal/consulta_actos.php?tipo=autos&no=2729&usuario=&sector=&fecha=2023&resuelve= HTTP/1.1" 200 626
172.22.2.4 - - [07/Aug/2023:11:52:52 -0500] "GET /BLA/boletinlegal/consulta_actos.php?tipo=autos&no=2729&usuario=&sector=&fecha=2023&resuelve= HTTP/1.1" 200 626
172.22.2.4 - - [07/Aug/2023:11:52:52 -0500] "GET /BLA/boletinlegal/consulta_actos.php?tipo=autos&no=2729&usuario=&sector=&fecha=2023&resuelve= HTTP/1.1" 200 626
172.22.2.4 - - [07/Aug/2023:11:52:52 -0500] "GET /BLA/boletinlegal/consulta_actos.php?tipo=autos&no=2729&usuario=&sector=&fecha=2023&resuelve= HTTP/1.1" 200 626
172.22.2.4 - - [07/Aug/2023:11:52:52 -0500] "GET /BLA/boletinlegal/consulta_actos.php?tipo=autos&no=2729&usuario=&sector=&fecha=2023&resuelve= HTTP/1.1" 200 626
172.22.2.4 - - [07/Aug/2023:11:52:52 -0500] "GET /BLA/boletinlegal/consulta_actos.php?tipo=autos&no=2729&usuario=&sector=&fecha=2023&resuelve= HTTP/1.1" 200 626
172.22.2.4 - - [07/Aug/2023:11:52:11 -0500] "HEAD /BLA/boletinlegal/ HTTP/1.1" 200 -
216.245.221.92 - - [07/Aug/2023:11:54:18 -0500] "HEAD / HTTP/1.1" 200 -
172.22.2.4 - - [07/Aug/2023:11:53:02 -0500] "GET /BLA/boletinlegal/ HTTP/1.1" 200 54453
201.245.192.253 - - [07/Aug/2023:11:54:47 -0500] "POST /kwsrmcab/Wsrmcab  HTTP/1.1" 200 42098
172.22.2.4 - - [07/Aug/2023:11:58:35 -0500] "GET /BLA/boletinlegal/consulta_actos.php?tipo=resoluciones&no=3775&usuario=&sector=&fecha=2019&resuelve= HTTP/1.1" 200 626
172.22.2.4 - - [07/Aug/2023:11:58:36 -0500] "GET /BLA/boletinlegal/consulta_actos.php?tipo=resoluciones&no=3775&usuario=&sector=&fecha=2019&resuelve= HTTP/1.1" 200 626
172.22.2.4 - - [07/Aug/2023:11:58:36 -0500] "GET /BLA/boletinlegal/consulta_actos.php?tipo=resoluciones&no=3775&usuario=&sector=&fecha=2019&resuelve= HTTP/1.1" 200 626
172.22.2.4 - - [07/Aug/2023:11:58:36 -0500] "GET /BLA/boletinlegal/consulta_actos.php?tipo=resoluciones&no=3775&usuario=&sector=&fecha=2019&resuelve= HTTP/1.1" 200 626
66.249.70.197 - - [07/Aug/2023:11:58:50 -0500] "GET /BLA/resoluciones/AUTOS%202012/2827.pdf HTTP/1.1" 200 418727
216.245.221.92 - - [07/Aug/2023:11:59:18 -0500] "HEAD / HTTP/1.1" 200 -
51.158.121.241 - - [07/Aug/2023:11:59:21 -0500] "GET /BLA/boletinlegal/js/jquery.scrollShow.js HTTP/1.1" 200 4586
51.158.121.241 - - [07/Aug/2023:11:59:21 -0500] "GET /galeria/galeria/jquery.fancybox.js?v=2.1.5 HTTP/1.1" 200 48706
172.22.2.4 - - [07/Aug/2023:11:58:01 -0500] "HEAD /BLA/boletinlegal/ HTTP/1.1" 200 -
201.245.192.253 - - [07/Aug/2023:11:59:46 -0500] "POST /kwsrmcab/Wsrmcab  HTTP/1.1" 200 42098
172.22.2.4 - - [07/Aug/2023:11:58:52 -0500] "GET /BLA/boletinlegal/ HTTP/1.1" 200 57272
66.249.66.34 - - [07/Aug/2023:12:01:23 -0500] "GET /portaldeninos/ HTTP/1.1" 200 110197
51.15.233.181 - - [07/Aug/2023:12:01:43 -0500] "GET /galeria/galeria/jquery.fancybox.js?v=2.1.5 HTTP/1.1" 200 48706
51.15.233.181 - - [07/Aug/2023:12:01:43 -0500] "GET /BLA/boletinlegal/js/jquery.scrollShow.js HTTP/1.1" 200 4586
45.156.129.17 - - [07/Aug/2023:12:04:13 -0500] "GET / HTTP/1.1" 200 319
216.245.221.92 - - [07/Aug/2023:12:04:18 -0500] "HEAD / HTTP/1.1" 200 -
66.249.70.198 - - [07/Aug/2023:12:04:36 -0500] "GET /BLA/resoluciones/RESOLUCIONES%202011/0019.pdf HTTP/1.1" 200 277930
201.245.192.253 - - [07/Aug/2023:12:04:45 -0500] "POST /kwsrmcab/Wsrmcab  HTTP/1.1" 200 42098
172.22.2.4 - - [07/Aug/2023:12:03:51 -0500] "HEAD /BLA/boletinlegal/ HTTP/1.1" 200 -
172.22.2.4 - - [07/Aug/2023:12:04:42 -0500] "GET /BLA/boletinlegal/ HTTP/1.1" 200 58079
51.158.98.193 - - [07/Aug/2023:12:07:18 -0500] "GET /BLA/boletinlegal/js/jquery.scrollShow.js HTTP/1.1" 200 4586
51.158.98.193 - - [07/Aug/2023:12:07:18 -0500] "GET /galeria/galeria/jquery.fancybox.js?v=2.1.5 HTTP/1.1" 200 48706
66.249.70.198 - - [07/Aug/2023:12:07:18 -0500] "GET /BLA/resoluciones/RESOLUCIONES%202010/4074.pdf HTTP/1.1" 200 570378
