181.237.182.56 - - [11/Aug/2023:11:38:26 -0500] "GET /sipse/faces/javax.faces.resource/theme.css?ln=primefaces-sipse HTTP/1.1" 304 -
181.237.182.56 - - [11/Aug/2023:11:38:26 -0500] "GET /sipse/faces/javax.faces.resource/layout/layout.css?ln=primefaces&v=4.0 HTTP/1.1" 304 -
181.237.182.56 - - [11/Aug/2023:11:38:26 -0500] "GET /sipse/faces/javax.faces.resource/jquery/jquery.js?ln=primefaces&v=4.0 HTTP/1.1" 304 -
181.237.182.56 - - [11/Aug/2023:11:38:26 -0500] "GET /sipse/faces/javax.faces.resource/jquery/jquery-plugins.js?ln=primefaces&v=4.0 HTTP/1.1" 304 -
181.237.182.56 - - [11/Aug/2023:11:38:27 -0500] "GET /sipse/faces/javax.faces.resource/primefaces.js?ln=primefaces&v=4.0 HTTP/1.1" 304 -
181.237.182.56 - - [11/Aug/2023:11:38:27 -0500] "GET /sipse/faces/javax.faces.resource/layout/layout.js?ln=primefaces&v=4.0 HTTP/1.1" 304 -
181.59.43.72 - - [11/Aug/2023:11:38:27 -0500] "GET /BLA/boletinlegal/js/jquery.scrollShow.js HTTP/1.1" 200 4586
181.59.43.72 - - [11/Aug/2023:11:38:27 -0500] "GET /galeria/galeria/jquery.fancybox.js?v=2.1.5 HTTP/1.1" 200 48706
66.249.70.5 - - [11/Aug/2023:11:38:29 -0500] "GET /BLA/resoluciones/RESOLUCIONES%202014/2584.pdf HTTP/1.1" 200 281525
172.22.2.4 - - [11/Aug/2023:11:36:53 -0500] "GET /BLA/boletinlegal/ HTTP/1.1" 200 62795
201.245.192.253 - - [11/Aug/2023:11:38:53 -0500] "POST /forms/lservlet;jsessionid=ac16012b30d69c6f459c7651414c901ef55cf37baf01.e3iSbxaKaheRe34KbxiPbh0Naxr0n6jAmljGr5XDqQLvpAe HTTP/1.1" 200 2
172.22.2.4 - - [11/Aug/2023:11:39:01 -0500] "GET /BLA/boletinlegal/consulta_actos.php?tipo=resoluciones&no=0191&usuario=&sector=&fecha=1997&resuelve= HTTP/1.1" 200 1089
201.245.192.253 - - [11/Aug/2023:11:39:05 -0500] "POST /kwsrmcab/Wsrmcab HTTP/1.1" 200 44294
201.245.192.253 - - [11/Aug/2023:11:39:10 -0500] "POST /forms/lservlet;jsessionid=ac16012b30d62bb4f41a2c794dd6b247b81699c57719.e3iSbxaKaheRe34KbxiPbh0Naxr0n6jAmljGr5XDqQLvpAe HTTP/1.1" 200 2
201.245.192.253 - - [11/Aug/2023:11:39:08 -0500] "POST /kwsrmcab/Wsrmcab HTTP/1.1" 200 42538
201.245.192.253 - - [11/Aug/2023:11:39:14 -0500] "POST /kwsrmcab/Wsrmcab  HTTP/1.1" 200 42098
66.249.70.5 - - [11/Aug/2023:11:39:50 -0500] "GET /BLA/resoluciones/AUTOS%202017/4075.pdf HTTP/1.1" 200 860899
66.249.70.6 - - [11/Aug/2023:11:39:58 -0500] "GET /BLA/resoluciones/RESOLUCIONES%202009/4572.pdf HTTP/1.1" 200 146244
172.22.2.4 - - [11/Aug/2023:11:40:13 -0500] "GET /BLA/boletinlegal/consulta_actos.php?tipo=resoluciones&no=4383&usuario=&sector=&fecha=2008&resuelve= HTTP/1.1" 200 1079
186.154.166.178 - - [11/Aug/2023:11:40:13 -0500] "GET /BLA/resoluciones/dlf/styles.css HTTP/1.1" 200 3049
186.154.166.178 - - [11/Aug/2023:11:40:13 -0500] "GET /BLA/resoluciones/dlf/pdf.gif HTTP/1.1" 200 272
186.154.166.178 - - [11/Aug/2023:11:40:13 -0500] "GET /BLA/resoluciones/dlf/dirup.png HTTP/1.1" 200 644
186.154.166.178 - - [11/Aug/2023:11:40:13 -0500] "GET /BLA/resoluciones/dlf/bg.gif HTTP/1.1" 200 54
186.154.166.178 - - [11/Aug/2023:11:40:13 -0500] "GET /BLA/resoluciones/index.php?dir=AUTOS+2022%2F HTTP/1.1" 200 502589
186.154.166.178 - - [11/Aug/2023:11:40:14 -0500] "GET /BLA/resoluciones/dlf/archive.png HTTP/1.1" 200 632
186.84.90.67 - - [11/Aug/2023:11:40:15 -0500] "GET /BLA/resoluciones/RESOLUCIONES%202008/4383.pdf HTTP/1.1" 200 897393
172.22.2.4 - - [11/Aug/2023:11:40:31 -0500] "GET /BLA/boletinlegal/consulta_actos.php?tipo=resoluciones&no=0245&usuario=&sector=&fecha=1997&resuelve= HTTP/1.1" 200 1436
66.249.70.5 - - [11/Aug/2023:11:40:35 -0500] "GET /BLA/resoluciones/AUTOS%202013/0355.pdf HTTP/1.1" 200 1008365
201.245.192.253 - - [11/Aug/2023:11:40:53 -0500] "POST /forms/lservlet;jsessionid=ac16012b30d69c6f459c7651414c901ef55cf37baf01.e3iSbxaKaheRe34KbxiPbh0Naxr0n6jAmljGr5XDqQLvpAe HTTP/1.1" 200 2
201.245.192.253 - - [11/Aug/2023:11:41:10 -0500] "POST /forms/lservlet;jsessionid=ac16012b30d62bb4f41a2c794dd6b247b81699c57719.e3iSbxaKaheRe34KbxiPbh0Naxr0n6jAmljGr5XDqQLvpAe HTTP/1.1" 200 2
172.22.2.4 - - [11/Aug/2023:11:41:21 -0500] "GET /BLA/boletinlegal/consulta_actos.php?tipo=resoluciones&no=0250&usuario=&sector=&fecha=1997&resuelve= HTTP/1.1" 200 626
66.249.70.6 - - [11/Aug/2023:11:41:26 -0500] "GET /BLA/resoluciones/RESOLUCIONES%202007/RES%202007%20701%20AL%20800/RESOLUCION%200773%20DE%202007.pdf HTTP/1.1" 200 701794
181.54.236.238 - - [11/Aug/2023:11:41:31 -0500] "GET /BLA/resoluciones/RESOLUCIONES%201997/RESOLUCION%20250%20DE%201997.pdf HTTP/1.1" 200 149529
181.54.236.238 - - [11/Aug/2023:11:41:31 -0500] "GET /BLA/resoluciones/RESOLUCIONES%201997/RESOLUCION%20250%20DE%201997.pdf HTTP/1.1" 206 1025
181.54.236.238 - - [11/Aug/2023:11:41:31 -0500] "GET /BLA/resoluciones/RESOLUCIONES%201997/RESOLUCION%20250%20DE%201997.pdf HTTP/1.1" 200 149529
172.22.2.4 - - [11/Aug/2023:11:39:54 -0500] "HEAD /BLA/boletinlegal/ HTTP/1.1" 200 -
181.54.236.238 - - [11/Aug/2023:11:42:06 -0500] "GET /BLA/boletinlegal/admin/admin.php HTTP/1.1" 302 -
199.16.157.180 - - [11/Aug/2023:11:42:08 -0500] "GET /images/actividades-dia-tierra-22-abril.jpg HTTP/1.1" 200 77276
199.16.157.182 - - [11/Aug/2023:11:42:08 -0500] "GET /distrito-academia-y-sector-privado-plantaron-100-arboles-para-conmemorar-el-dia-de-la-tierra.html HTTP/1.1" 200 1066
190.145.240.148 - - [11/Aug/2023:11:42:17 -0500] "GET /BLA/resoluciones/index.php?dir=AUTOS+2023%2F HTTP/1.1" 200 214147
181.54.236.238 - - [11/Aug/2023:11:42:23 -0500] "GET /BLA/boletinlegal/admin/index_files/index_files/tback.gif HTTP/1.1" 404 1334
181.54.236.238 - - [11/Aug/2023:11:42:06 -0500] "GET /BLA/boletinlegal/admin/index.php HTTP/1.1" 200 15943
172.22.2.4 - - [11/Aug/2023:11:40:45 -0500] "GET /BLA/boletinlegal/ HTTP/1.1" 200 58187
181.54.236.238 - - [11/Aug/2023:11:42:28 -0500] "GET /BLA/boletinlegal/admin/actos/ingresar.php HTTP/1.1" 200 7209
190.145.240.148 - - [11/Aug/2023:11:42:30 -0500] "GET /BLA/resoluciones/AUTOS%202023/0507.pdf HTTP/1.1" 200 390921
201.245.192.253 - - [11/Aug/2023:11:42:53 -0500] "POST /forms/lservlet;jsessionid=ac16012b30d69c6f459c7651414c901ef55cf37baf01.e3iSbxaKaheRe34KbxiPbh0Naxr0n6jAmljGr5XDqQLvpAe HTTP/1.1" 200 2
66.249.70.6 - - [11/Aug/2023:11:43:01 -0500] "GET /BLA/resoluciones/RESOLUCIONES%202007/RES%202007%20701%20AL%20800/RESOLUCION%200773%20DE%202007.pdf HTTP/1.1" 200 701794
201.245.192.253 - - [11/Aug/2023:11:43:10 -0500] "POST /forms/lservlet;jsessionid=ac16012b30d62bb4f41a2c794dd6b247b81699c57719.e3iSbxaKaheRe34KbxiPbh0Naxr0n6jAmljGr5XDqQLvpAe HTTP/1.1" 200 2
216.245.221.92 - - [11/Aug/2023:11:43:24 -0500] "HEAD / HTTP/1.1" 200 -
201.245.192.253 - - [11/Aug/2023:11:44:13 -0500] "POST /kwsrmcab/Wsrmcab  HTTP/1.1" 200 42098
201.245.192.253 - - [11/Aug/2023:11:44:21 -0500] "GET /BLA/resoluciones/ HTTP/1.1" 200 13502
201.245.192.253 - - [11/Aug/2023:11:44:32 -0500] "GET /BLA/resoluciones/index.php?dir=RESOLUCIONES+2002%2F HTTP/1.1" 200 24741
66.249.70.7 - - [11/Aug/2023:11:44:37 -0500] "GET /Publicaciones/2023EE173722.pdf HTTP/1.1" 200 882206
201.245.192.253 - - [11/Aug/2023:11:44:53 -0500] "POST /forms/lservlet;jsessionid=ac16012b30d69c6f459c7651414c901ef55cf37baf01.e3iSbxaKaheRe34KbxiPbh0Naxr0n6jAmljGr5XDqQLvpAe HTTP/1.1" 200 2
66.249.70.5 - - [11/Aug/2023:11:44:54 -0500] "GET /BLA/resoluciones/RESOLUCIONES%202007/RES%202007%201801%20AL%201900/RESOLUCION%201887%20DE%202007.pdf HTTP/1.1" 200 691884
201.245.192.253 - - [11/Aug/2023:11:45:10 -0500] "POST /forms/lservlet;jsessionid=ac16012b30d62bb4f41a2c794dd6b247b81699c57719.e3iSbxaKaheRe34KbxiPbh0Naxr0n6jAmljGr5XDqQLvpAe HTTP/1.1" 200 2
181.54.236.238 - - [11/Aug/2023:11:46:00 -0500] "POST /BLA/boletinlegal/admin/actos/ingresar.php HTTP/1.1" 200 7302
201.245.192.253 - - [11/Aug/2023:11:46:04 -0500] "GET /BLA/resoluciones/index.php?dir=RESOLUCIONES+2002%2FRES+2002+701-750%2F HTTP/1.1" 200 12223
201.245.192.253 - - [11/Aug/2023:11:46:08 -0500] "GET /BLA/resoluciones/RESOLUCIONES%202002/RES%202002%20701-750/00000740.tif HTTP/1.1" 200 242352
181.54.236.238 - - [11/Aug/2023:11:46:09 -0500] "GET /BLA/resoluciones/index.php?dir=RESOLUCIONES+1997%2F HTTP/1.1" 200 16985
181.54.236.238 - - [11/Aug/2023:11:46:09 -0500] "GET /BLA/resoluciones/dlf/styles.css HTTP/1.1" 200 3049
181.54.236.238 - - [11/Aug/2023:11:46:09 -0500] "GET /BLA/resoluciones/dlf/dirup.png HTTP/1.1" 200 644
181.54.236.238 - - [11/Aug/2023:11:46:09 -0500] "GET /BLA/resoluciones/dlf/pdf.gif HTTP/1.1" 200 272
181.54.236.238 - - [11/Aug/2023:11:46:09 -0500] "GET /BLA/resoluciones/dlf/bg.gif HTTP/1.1" 200 54
66.249.70.6 - - [11/Aug/2023:11:46:12 -0500] "GET /BLA/resoluciones/RESOLUCIONES%202018/1438.pdf HTTP/1.1" 200 313710
201.245.192.253 - - [11/Aug/2023:11:46:53 -0500] "POST /forms/lservlet;jsessionid=ac16012b30d69c6f459c7651414c901ef55cf37baf01.e3iSbxaKaheRe34KbxiPbh0Naxr0n6jAmljGr5XDqQLvpAe HTTP/1.1" 200 2
186.102.29.115 - - [11/Aug/2023:11:46:55 -0500] "GET /kwssiamovil/sm/ldap/au?x=U2FsdGVkX18Fbgc+oVqY+ek1XgihP00nwSJ546Gr3Ca02xjQV4fdETA8RAZPncEB&y=U2FsdGVkX1891gQaeg/0KMyMQYjmUSTYImWyO6RXvJM= HTTP/1.1" 200 30
186.102.29.115 - - [11/Aug/2023:11:46:55 -0500] "GET /kwssiamovil/sm/acme/s?s=U2FsdGVkX19C0BKKRH8CsSmjooKm6Rd6zN03SGQRx54rL6+jVdZyBUPqdye7BE+3to/+1AVaTPZZEf9jx+JeJH6UkhCWRncEMu+w/S1it4o=&u=U2FsdGVkX1+Xl9lKCrzMssvq7lshN9hAI+b9TMUDjXQ=&y=U2FsdGVkX1891gQaeg/0KMyMQYjmUSTYImWyO6RXvJM= HTTP/1.1" 200 97
186.102.29.115 - - [11/Aug/2023:11:46:55 -0500] "GET /kwssiamovil/sm/acme/s?s=U2FsdGVkX1/zoEkKF98A+Pil17AessbAROtd/fit3D8ldDwbLE/v8f5KQwont0Ui+e7f/IvMZ3O7mUTxgqRAAJuttPGxQ1VacjyXWyglSaj4irfMCGWHfCdA64KkgexgO1MpqRu8I4AF9k+vtBVH2sg5+XUBdRmifEWLjMWodBUmI8+rYB0ES3QfosdGuyFS4+ZGBR+NYmLZQzP3N7F+jk5UXxBHz+KCIkdgUKiCqgGKjUaxNDbML35GgrnHHlYT+kin5bmvy9t72HwBqFa5AJoUbTJwWT4LRIY25ZjqofdnhjwTzKHWBfhy7OkmESlzSln212IUpNxzcrBw8/DpbLlhSFSFgiWJ3Y23q4lkFvhpyxr/DjQ+IkH7qwHJMLvbAD2ofwWpf/tNi28al0q0VwWSp4yGCuf26U3BFfr0aIrY6Wo9IoyV2LC4Z4xMcHTKEOMmOuFHwcyi0AYUsACmhqwlrcERJHZNXWvB4wZ4mEF7dGAIMY+EPb0zIfK8APaaynqmYqua/WUpsBqaEB39apPu+4HI3/egOYV7iqMS1mj36U6GCNs9YGoNxfCcEURUftJro6Zp7/pxdeUZITOqAPIeFgh7b/r0eBcwts1y5bYc+5Z5+sOUyXjchAHSshG1igbtJ4rfB2G81W8QPeJwR5Nb0IIkRcGZZ9qV5QIx6OdQN22tq+Wpb/CY6d3aUDi2fNkrWRDfTwAPeLLcQgRAek37HpuWrxMD6aEefl3gxQZrcvW6iVqpuJxH/nxwsf/O3Kvfz7KsEmd73YdmJunv59mpf3A+CLSEDFHUjOBEQjiz22mNO5BO+s89rQve+6VhEoHjDSp1qDUKkO5zPozbImDGkNmG4KXOJgfDwwSfqVgsUzUP8dZGrofB10lI/1rtidF49cLeq97ULfm0IZVhsPIk2NayoKgVje9UY32cX+AVRZppjSK43MrolW4/GmI8YV8VA8h1XknE7QTsRGy9mV0gxqF5DblbX2yDsEjn5xSDXHGJlU+VIQrgHkkGXQMupaJJiuWeaPhRsJVuIofO9PGX+s4WgOkIW8sOl6dweCuVG4zYJf/O51tpXFJwDffuaxIyRA43aAjMFXnckZUKzRNUd9cN7uemoGg5ZCWCjpbsz1y+piKwfcdaW9I0bKSG49CoqXcmpdNqeOd+7NShYSK73xWUiBweOgAOTZ/z6lzmm1nYoNM/SZ4GyDAgsLvf70mDSJf5w2cR8ORhP0f9wp7JNhSfwqJQkvQeqUjyuB5dW/MGgTa65l/gwhkJUCKrMlBa6SXlT4U8PB4QwB93xrb5sxS+79R4tGHzgQT3D4rl0Tz78VTTjF8b1+WE1g1AWX6efKiAIay23PLPHA5fGMDcep64vDRicJyWwyjZd7tmtgJavob4XbWxzgH9d/BVP2k0UhHcVJ71m/oHDH9QzfRMfyRc9iolw/XNRoGMcsbzhkRdw92K3QANwMRhIJIpRTsSFDB7vde+ukzWNIs3OgJHrEqCQ5p89gWU0x5wWhcasjZLcZILjXjqdGdpL8aA7r0Xkf6wYkBSA7lARMeaXiAbzH7n6MnBBsAp3Ydv4+0/N1pQw+cCnEF6KZk1jsNBElWg+01rCBpXzth9Bq4qODgW97WxBj2tiqxiQzPtzL7mBC9RBfDpIblKeDNio0spd8C+7RvegIzVwqpdHhHv7VY/96/0EhUMBHNMvRcAYl45HfkBwtJ9GiSvUoIgt2hPs2e8Sl9TnL2iOAurawhWDsqn6muOgLpPNJsEIrZ0Pho=&u=U2FsdGVkX1+Xl9lKCrzMssvq7lshN9hAI+b9TMUDjXQ=&y=U2FsdGVkX1891gQaeg/0KMyMQYjmUSTYImWyO6RXvJM= HTTP/1.1" 200 855
186.102.29.115 - - [11/Aug/2023:11:46:55 -0500] "GET /kwssiamovil/sm/acme/s?s=U2FsdGVkX1/81XSkuwYvQBoWFbzykdj8uHdegCOfvWHfQxv6EBmfRzGQEDPiPKCRc7uZL45qqdZFUTdInX/QogcyzdeJMxQfOnGJqbUE7KWklIPqyL5la7i8KIuCi7lIA8OgS1pnb1UBlu196miKTg==&u=U2FsdGVkX1+Xl9lKCrzMssvq7lshN9hAI+b9TMUDjXQ=&y=U2FsdGVkX1891gQaeg/0KMyMQYjmUSTYImWyO6RXvJM= HTTP/1.1" 200 92
186.102.29.115 - - [11/Aug/2023:11:46:55 -0500] "GET /kwssiamovil/sm/acme/s?s=U2FsdGVkX18n93ZMZoKSSSYvAIT/8Jyb+mfHRid4aAJEKllsqejx6qK+mCAqarB5q18pb8lujdcKFImxngpFMOuJjBcFfa3qfANJU35P4kzeQD8bKuu3FI4yICHrOpOxaBt6PNN1SOGq4e9K/5U54oYqCsfsydKIJ9dS0NnO2LtAakqpBW2Ol9ckDKEfkKtR+Bt3FJ45yN1TtFY3ihkCt1ZZM+CiRAKMuKbCMvNGBTyKnZkYAW4ubWrXYHHO+py8AP/SXbmUezDsx5aAojyEsOHbTReckGcHjFN2hRC3Y+q4PqgA5nj+rxrM9/AsJyEEmTGPdTxk+KRI/Vqp8EF9+1eyZ16Oy7xiVpcEQ3dV/+8+wp86EhXhy9QvuzejagSUFlzD1fnFu4OMSqe8hsGFjgJpVxjdlxTCMsM+lmxZhtLAl7dkjoLl8I5ear48i/LRNbUYlwnPEB4xir5Nz5oIRv6XyelR4Ok0pGY/hDVgwujbCTkluRD7HKrKNNGk6P9ztMGdEP7Ik6MX+q+U0sRmAnZnbAOcEhuLnP+/sdoft53EIJssH999yQ7BvsqvnZHwTrxqY9lxlgWZf8/rJszusPwv75BoYYDb6Rl4eoLM5HTrbbRg+US3IPZTe9cqkKmscwpkC5k3SidEMfp+miWF7AlMFGx9xjMwzck1vveYzLB9HvFuLuu6azeT6u2mkSGp54cMZyXR3Jf7CenKR/qb4b7Sdmsv8I+mBjLCHEYoK7DLYHtNpNbMoIKeGMoJXqBa&u=U2FsdGVkX1+Xl9lKCrzMssvq7lshN9hAI+b9TMUDjXQ=&y=U2FsdGVkX1891gQaeg/0KMyMQYjmUSTYImWyO6RXvJM= HTTP/1.1" 200 1095
186.102.29.115 - - [11/Aug/2023:11:46:56 -0500] "GET /kwssiamovil/sm/cjson/pre?f=17&x=U2FsdGVkX18Fbgc+oVqY+ek1XgihP00nwSJ546Gr3Ca02xjQV4fdETA8RAZPncEB HTTP/1.1" 200 12747
186.102.29.115 - - [11/Aug/2023:11:46:56 -0500] "GET /kwssiamovil/sm/cjson/pre?f=6&x=U2FsdGVkX18Fbgc+oVqY+ek1XgihP00nwSJ546Gr3Ca02xjQV4fdETA8RAZPncEB HTTP/1.1" 200 34953
186.102.29.115 - - [11/Aug/2023:11:46:56 -0500] "GET /kwssiamovil/sm/cjson/pre?f=8&x=U2FsdGVkX18Fbgc+oVqY+ek1XgihP00nwSJ546Gr3Ca02xjQV4fdETA8RAZPncEB HTTP/1.1" 200 36010
186.102.29.115 - - [11/Aug/2023:11:46:56 -0500] "GET /kwssiamovil/sm/cjson/pre?f=4&x=U2FsdGVkX18Fbgc+oVqY+ek1XgihP00nwSJ546Gr3Ca02xjQV4fdETA8RAZPncEB HTTP/1.1" 200 33589
186.102.29.115 - - [11/Aug/2023:11:46:56 -0500] "GET /kwssiamovil/sm/cjson/pre?f=7&x=U2FsdGVkX18Fbgc+oVqY+ek1XgihP00nwSJ546Gr3Ca02xjQV4fdETA8RAZPncEB HTTP/1.1" 200 93332
186.102.29.115 - - [11/Aug/2023:11:46:56 -0500] "GET /kwssiamovil/sm/cjson/pre?f=3&x=U2FsdGVkX18Fbgc+oVqY+ek1XgihP00nwSJ546Gr3Ca02xjQV4fdETA8RAZPncEB HTTP/1.1" 200 94900
186.102.29.115 - - [11/Aug/2023:11:46:56 -0500] "GET /kwssiamovil/sm/cjson/pre?f=5&x=U2FsdGVkX18Fbgc+oVqY+ek1XgihP00nwSJ546Gr3Ca02xjQV4fdETA8RAZPncEB HTTP/1.1" 200 96444
201.245.192.253 - - [11/Aug/2023:11:47:10 -0500] "POST /forms/lservlet;jsessionid=ac16012b30d62bb4f41a2c794dd6b247b81699c57719.e3iSbxaKaheRe34KbxiPbh0Naxr0n6jAmljGr5XDqQLvpAe HTTP/1.1" 200 2
172.22.2.4 - - [11/Aug/2023:11:45:44 -0500] "HEAD /BLA/boletinlegal/ HTTP/1.1" 200 -
66.249.70.6 - - [11/Aug/2023:11:47:48 -0500] "GET /BLA/resoluciones/RESOLUCIONES%202018/1438.pdf HTTP/1.1" 200 313710
172.22.2.4 - - [11/Aug/2023:11:46:35 -0500] "GET /BLA/boletinlegal/ HTTP/1.1" 200 55460
216.245.221.92 - - [11/Aug/2023:11:48:24 -0500] "HEAD / HTTP/1.1" 200 -
201.245.192.253 - - [11/Aug/2023:11:48:53 -0500] "POST /forms/lservlet;jsessionid=ac16012b30d69c6f459c7651414c901ef55cf37baf01.e3iSbxaKaheRe34KbxiPbh0Naxr0n6jAmljGr5XDqQLvpAe HTTP/1.1" 200 2
201.245.192.253 - - [11/Aug/2023:11:49:10 -0500] "POST /forms/lservlet;jsessionid=ac16012b30d62bb4f41a2c794dd6b247b81699c57719.e3iSbxaKaheRe34KbxiPbh0Naxr0n6jAmljGr5XDqQLvpAe HTTP/1.1" 200 2
201.245.192.253 - - [11/Aug/2023:11:49:11 -0500] "POST /kwsrmcab/Wsrmcab  HTTP/1.1" 200 42098
66.249.70.7 - - [11/Aug/2023:11:49:23 -0500] "GET /BLA/resoluciones/AUTOS%202014/6154.pdf HTTP/1.1" 200 139709
52.167.144.33 - - [11/Aug/2023:11:49:50 -0500] "GET /BLA/resoluciones/ HTTP/1.1" 200 13502
172.22.2.4 - - [11/Aug/2023:11:50:38 -0500] "GET /BLA/boletinlegal/consulta_actos.php?tipo=resoluciones&no=0251&usuario=&sector=&fecha=1997&resuelve= HTTP/1.1" 200 626
172.22.2.4 - - [11/Aug/2023:11:50:40 -0500] "GET /BLA/boletinlegal/consulta_actos.php?tipo=resoluciones&no=0250&usuario=&sector=&fecha=1997&resuelve= HTTP/1.1" 200 1088
172.22.2.4 - - [11/Aug/2023:11:50:45 -0500] "GET /BLA/boletinlegal/consulta_actos.php?tipo=resoluciones&no=0251&usuario=&sector=&fecha=1997&resuelve= HTTP/1.1" 200 626
172.22.2.4 - - [11/Aug/2023:11:50:45 -0500] "GET /BLA/boletinlegal/consulta_actos.php?tipo=resoluciones&no=0251&usuario=&sector=&fecha=1997&resuelve= HTTP/1.1" 200 626
181.54.236.238 - - [11/Aug/2023:11:50:51 -0500] "GET /BLA/resoluciones/RESOLUCIONES%201997/RESOLUCION%20251%20DE%201997.pdf HTTP/1.1" 200 92611
181.54.236.238 - - [11/Aug/2023:11:50:51 -0500] "GET /BLA/resoluciones/RESOLUCIONES%201997/RESOLUCION%20251%20DE%201997.pdf HTTP/1.1" 200 92611
181.54.236.238 - - [11/Aug/2023:11:50:51 -0500] "GET /BLA/resoluciones/RESOLUCIONES%201997/RESOLUCION%20251%20DE%201997.pdf HTTP/1.1" 206 1025
201.245.192.253 - - [11/Aug/2023:11:50:53 -0500] "POST /forms/lservlet;jsessionid=ac16012b30d69c6f459c7651414c901ef55cf37baf01.e3iSbxaKaheRe34KbxiPbh0Naxr0n6jAmljGr5XDqQLvpAe HTTP/1.1" 200 2
201.245.192.253 - - [11/Aug/2023:11:51:10 -0500] "POST /forms/lservlet;jsessionid=ac16012b30d62bb4f41a2c794dd6b247b81699c57719.e3iSbxaKaheRe34KbxiPbh0Naxr0n6jAmljGr5XDqQLvpAe HTTP/1.1" 200 2
66.249.70.5 - - [11/Aug/2023:11:51:14 -0500] "GET /BLA/resoluciones/AUTOS%202014/6891.pdf HTTP/1.1" 200 2236251
186.102.45.206 - - [11/Aug/2023:11:51:55 -0500] "GET /kwssiamovil/sm/ldap/au?x=U2FsdGVkX19liUUgy+/jSVJdj/Yc+8Voeb3f9x6sXlJw9erafWhUzZbDE1qMxBhF&y=U2FsdGVkX18pyfr/0PGCvIYL8EeY52Q+Vc2pB90IF+pr2KTfb3LKT/6z0jwUkPgB HTTP/1.1" 200 30
186.102.45.206 - - [11/Aug/2023:11:51:56 -0500] "GET /kwssiamovil/sm/acme/s?s=U2FsdGVkX19eEgCH5ItnZZ90j49+UguG1FlOCnznbykTI9JyRQSMB6YfvUUnc7gGsSobTC19EE+WdxAHaDJndQY2eWuyGQyhLSQDh41xIkk=&u=U2FsdGVkX19Edgn54Hx9h1VfV4+7NLhU7Wb9yTq7Tdwui36ugWaHttPXWjUmJJsx&y=U2FsdGVkX18pyfr/0PGCvIYL8EeY52Q+Vc2pB90IF+pr2KTfb3LKT/6z0jwUkPgB HTTP/1.1" 200 97
186.102.45.206 - - [11/Aug/2023:11:51:56 -0500] "GET /kwssiamovil/sm/acme/s?s=U2FsdGVkX1/oJA1BlpZ4lp6GO51yJiFnWnLJ/K+Ejy0TwrPiLOzOGE93mUKMjymsSTlSic4J97TgcViXZEm39CaRnJQ5UCYY7hBGCiSKEz8g2PLWKF7Alz61px+snb3HfTIs9FVOQSargjPf4XYoK6nvBEdTz3fxNYq1ux0MRBb8vnQ1hWUgv5ZvZNgfKgyYgekS/TMBJPE1ulyjdGD3LJUngiM/7/Eqp946e3FdZvWxXYFFBEb8djnpPcHCnkLmAKJlp3qfZYnBNtxrDBHHiT4BFO2On5KaOcFIdO5Fq5XCK/bnWXTG2k4Q6elaKuyx5wbg3Uo7/EguKpVIkXdRi/3qSwAYzgtCNgEgFvcm02SMx6Y8Chj48adzzPtvKYw35og6921Vt87tNDAUnR/3/I/0eUBWIx6WQvoy9QiNZK7+e1m5AZVsGp0fvVcY2FSxHIgNsOYSnJDyJeP32i02gDhMd/yTDqplEUS9mZZTa0sGlo0+zvp/9G7ehT2uxf6Id29jZFfW+a1ts2YHEM3f+XKkOH5olIuHwOjp4YJ1HP8mUVW0rA7v8Wm6j+vKOt8hLn8drtk/2rxgkCTm2hJA+ddt8v4QEFwvgc5OPM/+mzz+u5SM/Uq9T9wXkSYygkum5hhGdfV9VxDHHqkvmLcLojN84NCG+iy0CoYQCco9d6+fxSGN+cRoYwAMfg8LBqPB5RZnlPPu9dS4/WtozwU0RwWjFuSouZSIyNwFh57FQrI2fb+2SI8F9RjFeiiLbBTBeGti2CFlTvFdkwqiliCfSEAPEXverl5CFHXw6yKs9rJgd7L+pYP1LixfFtjO5XqHwghNVqkBAuD1sviJvM8CLe+kcCn48nh1VVmczbzu0s+coE2WZbpk6HtR1zsrwfZyEHrhKHJxOgdMFh/vcxqq8dDtK8RrOw087bm55V0WCywP3MATPyTgSdH6LY6+GIjwVBdbO0l+NcJ9SFQZLDQG/CoNjyFB2QsK7MuCoNN5MV6/Hh9BjplwZgCW2yYayu9rurwYhlv1AzaIdbkdWfFcS0Vep36jKkUUVIEkSg+cNDtUUYuTqwI30D8bAqmXs3HOilqX2jPxhvN8AoQZQf5sgpngUNaXfEUPoFUmm+ejE3a3Sa9y1sLsTPU96nHzcKWDcOCnelYXTQwFN/pEMj73yuShZ7tVvVJTFsFuHWmMk7KV+AiUvT8aVnipHt+z8bfLFHiF/G9IC6vYIdHqgxrtQWu/4sf1+eGWqxlVwG9jeSAhrd2+LTmgYVeiP2lCjWjAr71wZgVf4FuKW3DGcf6/N1seUVnojVg4hIDAH4/mT86T/zSL3Z0UnYZKlBJ3+UexLOo2vKU26PQGok9ecRz1S5e2OX5/3O7mJ4GBX6LDcDdnixpKKBvC5rNKC6rx+a48owZp+NSnKgrHjsNRASMc1egWDtNSHtVe5JEb7P5hIaE=&u=U2FsdGVkX19Edgn54Hx9h1VfV4+7NLhU7Wb9yTq7Tdwui36ugWaHttPXWjUmJJsx&y=U2FsdGVkX18pyfr/0PGCvIYL8EeY52Q+Vc2pB90IF+pr2KTfb3LKT/6z0jwUkPgB HTTP/1.1" 200 930
186.102.45.206 - - [11/Aug/2023:11:51:56 -0500] "GET /kwssiamovil/sm/acme/s?s=U2FsdGVkX18PB+PBiQJDN7/E+k51/Zmd1WLxkuIgZ+Q71dK3cWI5mTmdJFGfgQXWnzLs6077QB2T/5o+Wb3b+0j30hRbBf1EXrwJvzEKDKaa/J2nndxdgYbqq7qbDYxvh9JrP2PnBsWn3637sP9C5tbKes+I8dfGInZ6PvPBwuQxBhWiClfz8GUynNFkVQxzydePhMcQgkbhbURbHBf1xcVakF0fC37ne6mZVu2hh4C1t+DTKCKZhtX/tciYyjnC8OWWtJ3bogqVDX43CCkvDtzh/lMR+gaziLbxjwTnBitPxydHYThRp+ecMQLYaZnEBPMiEh7nrUiKV/tXAV/+ue7/YMMO3EAv2GTcc/74Drw=&u=U2FsdGVkX19Edgn54Hx9h1VfV4+7NLhU7Wb9yTq7Tdwui36ugWaHttPXWjUmJJsx&y=U2FsdGVkX18pyfr/0PGCvIYL8EeY52Q+Vc2pB90IF+pr2KTfb3LKT/6z0jwUkPgB HTTP/1.1" 200 196
186.102.45.206 - - [11/Aug/2023:11:51:56 -0500] "GET /kwssiamovil/sm/cjson/pre?f=1&x=U2FsdGVkX19liUUgy+/jSVJdj/Yc+8Voeb3f9x6sXlJw9erafWhUzZbDE1qMxBhF HTTP/1.1" 200 31032
66.249.70.6 - - [11/Aug/2023:11:52:34 -0500] "GET /BLA/resoluciones/AUTOS%202014/6891.pdf HTTP/1.1" 200 2236251
201.245.192.253 - - [11/Aug/2023:11:52:53 -0500] "POST /forms/lservlet;jsessionid=ac16012b30d69c6f459c7651414c901ef55cf37baf01.e3iSbxaKaheRe34KbxiPbh0Naxr0n6jAmljGr5XDqQLvpAe HTTP/1.1" 200 2
201.245.192.253 - - [11/Aug/2023:11:53:10 -0500] "POST /forms/lservlet;jsessionid=ac16012b30d62bb4f41a2c794dd6b247b81699c57719.e3iSbxaKaheRe34KbxiPbh0Naxr0n6jAmljGr5XDqQLvpAe HTTP/1.1" 200 2
172.22.2.4 - - [11/Aug/2023:11:51:34 -0500] "HEAD /BLA/boletinlegal/ HTTP/1.1" 200 -
216.245.221.92 - - [11/Aug/2023:11:53:24 -0500] "HEAD / HTTP/1.1" 200 -
186.29.91.90 - - [11/Aug/2023:11:53:48 -0500] "GET /galeria/galeria/jquery.fancybox.css?v=2.1.5 HTTP/1.1" 200 4895
186.29.91.90 - - [11/Aug/2023:11:53:48 -0500] "GET /BLA/boletinlegal/js/jquery.scrollShow.js HTTP/1.1" 200 4586
186.29.91.90 - - [11/Aug/2023:11:53:49 -0500] "GET /galeria/galeria/jquery.fancybox.js?v=2.1.5 HTTP/1.1" 200 48706
181.54.236.238 - - [11/Aug/2023:11:53:53 -0500] "POST /BLA/boletinlegal/admin/actos/ingresar.php HTTP/1.1" 200 7302
66.249.70.7 - - [11/Aug/2023:11:54:04 -0500] "GET /BLA/resoluciones/RESOLUCIONES%202011/4242.pdf HTTP/1.1" 200 553171
172.22.2.4 - - [11/Aug/2023:11:52:25 -0500] "GET /BLA/boletinlegal/ HTTP/1.1" 200 58597
201.245.192.253 - - [11/Aug/2023:11:54:09 -0500] "POST /kwsrmcab/Wsrmcab  HTTP/1.1" 200 42098
172.22.2.4 - - [11/Aug/2023:11:54:11 -0500] "GET /BLA/boletinlegal/consulta_actos.php?tipo=resoluciones&no=0260&usuario=&sector=&fecha=1997&resuelve= HTTP/1.1" 200 1638
172.22.2.4 - - [11/Aug/2023:11:54:11 -0500] "GET /BLA/boletinlegal/consulta_actos.php?tipo=resoluciones&no=0260&usuario=&sector=&fecha=1997&resuelve= HTTP/1.1" 200 1638
66.249.70.5 - - [11/Aug/2023:11:54:25 -0500] "GET /BLA/resoluciones/AUTOS%202011/7737.pdf HTTP/1.1" 200 263450
201.245.192.253 - - [11/Aug/2023:11:54:53 -0500] "POST /forms/lservlet;jsessionid=ac16012b30d69c6f459c7651414c901ef55cf37baf01.e3iSbxaKaheRe34KbxiPbh0Naxr0n6jAmljGr5XDqQLvpAe HTTP/1.1" 200 2
201.245.192.253 - - [11/Aug/2023:11:55:10 -0500] "POST /forms/lservlet;jsessionid=ac16012b30d62bb4f41a2c794dd6b247b81699c57719.e3iSbxaKaheRe34KbxiPbh0Naxr0n6jAmljGr5XDqQLvpAe HTTP/1.1" 200 2
172.22.2.4 - - [11/Aug/2023:11:55:12 -0500] "GET /BLA/boletinlegal/actos.php HTTP/1.1" 200 9682
172.22.2.4 - - [11/Aug/2023:11:55:13 -0500] "GET /BLA/boletinlegal/styles2.css HTTP/1.1" 200 1838
172.22.2.4 - - [11/Aug/2023:11:55:13 -0500] "GET /BLA/boletinlegal/js/ajax_actos.js HTTP/1.1" 200 1322
172.22.2.4 - - [11/Aug/2023:11:55:13 -0500] "GET /BLA/boletinlegal/niceforms-default.css HTTP/1.1" 200 6694
172.22.2.4 - - [11/Aug/2023:11:55:13 -0500] "GET /BLA/boletinlegal/style.css HTTP/1.1" 200 9406
172.22.2.4 - - [11/Aug/2023:11:55:13 -0500] "GET /BLA/boletinlegal/niceforms.js HTTP/1.1" 200 22876
172.22.2.4 - - [11/Aug/2023:11:55:13 -0500] "GET /BLA/boletinlegal/js/lib.js HTTP/1.1" 200 6474
172.22.2.4 - - [11/Aug/2023:11:55:13 -0500] "GET /BLA/boletinlegal/js/popup.js HTTP/1.1" 200 1270
172.22.2.4 - - [11/Aug/2023:11:55:13 -0500] "GET /BLA/boletinlegal/js/jquery1.js HTTP/1.1" 200 29846
172.22.2.4 - - [11/Aug/2023:11:55:13 -0500] "GET /BLA/boletinlegal/images/cabezote%20BLEGAL.jpg HTTP/1.1" 200 118164
172.22.2.4 - - [11/Aug/2023:11:55:13 -0500] "GET /BLA/boletinlegal/images/subscribe-icon-big.png HTTP/1.1" 200 47702
172.22.2.4 - - [11/Aug/2023:11:55:13 -0500] "GET /BLA/boletinlegal/images/historia.png HTTP/1.1" 200 52775
172.22.2.4 - - [11/Aug/2023:11:55:13 -0500] "GET /BLA/boletinlegal/images/registro-usuarios.png HTTP/1.1" 200 8106
172.22.2.4 - - [11/Aug/2023:11:55:13 -0500] "GET /BLA/boletinlegal/images/tel.png HTTP/1.1" 200 14477
172.22.2.4 - - [11/Aug/2023:11:55:13 -0500] "GET /BLA/boletinlegal/images/green-yellow-blue-pink-th.png HTTP/1.1" 200 7394
172.22.2.4 - - [11/Aug/2023:11:55:13 -0500] "GET /BLA/boletinlegal/images/footer_bg.jpg HTTP/1.1" 200 586
172.22.2.4 - - [11/Aug/2023:11:55:13 -0500] "GET /BLA/boletinlegal/images/bg_top.jpg HTTP/1.1" 200 522
172.22.2.4 - - [11/Aug/2023:11:55:13 -0500] "GET /BLA/boletinlegal/images/body_bg.jpg HTTP/1.1" 200 1601
172.22.2.4 - - [11/Aug/2023:11:55:13 -0500] "GET /BLA/boletinlegal/images/hover.jpg HTTP/1.1" 200 640
172.22.2.4 - - [11/Aug/2023:11:55:13 -0500] "GET /BLA/boletinlegal/images/menu_lft.gif HTTP/1.1" 200 1713
172.22.2.4 - - [11/Aug/2023:11:55:13 -0500] "GET /BLA/boletinlegal/images/menu_rght.gif HTTP/1.1" 200 1627
172.22.2.4 - - [11/Aug/2023:11:55:13 -0500] "GET /BLA/boletinlegal/images/text.jpg HTTP/1.1" 200 568
172.22.2.4 - - [11/Aug/2023:11:55:13 -0500] "GET /BLA/boletinlegal/images/menu_bg.jpg HTTP/1.1" 200 620
172.22.2.4 - - [11/Aug/2023:11:55:13 -0500] "GET /BLA/boletinlegal/images/icono-email.png HTTP/1.1" 200 5544
172.22.2.4 - - [11/Aug/2023:11:55:13 -0500] "GET /BLA/boletinlegal/images/footer_bg_l.jpg HTTP/1.1" 200 776
172.22.2.4 - - [11/Aug/2023:11:55:13 -0500] "GET /BLA/boletinlegal/img/0.png HTTP/1.1" 200 110
172.22.2.4 - - [11/Aug/2023:11:55:13 -0500] "GET /BLA/boletinlegal/img/select-left.png HTTP/1.1" 200 263
172.22.2.4 - - [11/Aug/2023:11:55:13 -0500] "GET /BLA/boletinlegal/img/select-right.png HTTP/1.1" 200 44019
172.22.2.4 - - [11/Aug/2023:11:55:13 -0500] "GET /BLA/boletinlegal/img/button-left.png HTTP/1.1" 200 57071
172.22.2.4 - - [11/Aug/2023:11:55:13 -0500] "GET /BLA/boletinlegal/img/button-right.png HTTP/1.1" 200 57878
172.22.2.4 - - [11/Aug/2023:11:55:13 -0500] "GET /BLA/boletinlegal/img/button.png HTTP/1.1" 200 43241
172.22.2.4 - - [11/Aug/2023:11:55:13 -0500] "GET /BLA/boletinlegal/favicon.ico HTTP/1.1" 404 1326
172.22.2.4 - - [11/Aug/2023:11:55:30 -0500] "GET /BLA/boletinlegal/consulta_actos.php?tipo=resoluciones&no=5533&usuario=reciclamas%20gestores%20ambientales&sector=RESIDUOS&fecha=2022&resuelve= HTTP/1.1" 200 1116
172.22.2.4 - - [11/Aug/2023:11:55:30 -0500] "GET /BLA/boletinlegal/images/pdf.gif HTTP/1.1" 200 567
179.12.235.26 - - [11/Aug/2023:11:55:30 -0500] "GET /sipse/faces/index.xhtml HTTP/1.1" 200 677
179.12.235.26 - - [11/Aug/2023:11:55:30 -0500] "GET /sipse/faces/javax.faces.resource/theme.css?ln=primefaces-sipse HTTP/1.1" 304 -
179.12.235.26 - - [11/Aug/2023:11:55:30 -0500] "GET /sipse/faces/faces/autenticacion.xhtml HTTP/1.1" 200 12172
179.12.235.26 - - [11/Aug/2023:11:55:31 -0500] "GET /sipse/faces/javax.faces.resource/primefaces.css?ln=primefaces&v=4.0 HTTP/1.1" 304 -
179.12.235.26 - - [11/Aug/2023:11:55:31 -0500] "GET /sipse/faces/javax.faces.resource/theme.css?ln=primefaces-sipse HTTP/1.1" 304 -
179.12.235.26 - - [11/Aug/2023:11:55:31 -0500] "GET /sipse/faces/javax.faces.resource/jquery/jquery.js?ln=primefaces&v=4.0 HTTP/1.1" 304 -
179.12.235.26 - - [11/Aug/2023:11:55:31 -0500] "GET /sipse/faces/javax.faces.resource/primefaces.js?ln=primefaces&v=4.0 HTTP/1.1" 304 -
179.12.235.26 - - [11/Aug/2023:11:55:31 -0500] "GET /sipse/faces/javax.faces.resource/layout/layout.css?ln=primefaces&v=4.0 HTTP/1.1" 304 -
179.12.235.26 - - [11/Aug/2023:11:55:31 -0500] "GET /sipse/faces/javax.faces.resource/jquery/jquery-plugins.js?ln=primefaces&v=4.0 HTTP/1.1" 304 -
179.12.235.26 - - [11/Aug/2023:11:55:31 -0500] "GET /sipse/faces/javax.faces.resource/layout/layout.js?ln=primefaces&v=4.0 HTTP/1.1" 304 -
179.12.235.26 - - [11/Aug/2023:11:55:31 -0500] "GET /sipse/faces/javax.faces.resource/images/ui-icons_898989_256x240.png?ln=primefaces-aristo HTTP/1.1" 304 -
181.59.114.88 - - [11/Aug/2023:11:55:33 -0500] "GET /BLA/resoluciones/RESOLUCIONES%202022/5533.pdf HTTP/1.1" 200 813531
181.59.114.88 - - [11/Aug/2023:11:55:33 -0500] "GET /BLA/resoluciones/RESOLUCIONES%202022/5533.pdf HTTP/1.1" 200 813531
181.59.114.88 - - [11/Aug/2023:11:55:33 -0500] "GET /BLA/resoluciones/RESOLUCIONES%202022/5533.pdf HTTP/1.1" 206 1025
66.249.70.6 - - [11/Aug/2023:11:55:33 -0500] "GET /Publicaciones/2023EE173828.pdf HTTP/1.1" 200 231865
179.12.235.26 - - [11/Aug/2023:11:55:35 -0500] "POST /sipse/faces/autenticacion.xhtml HTTP/1.1" 200 2224
179.12.235.26 - - [11/Aug/2023:11:55:35 -0500] "GET /sipse/faces/javax.faces.resource/messages/messages.png?ln=primefaces&v=4.0 HTTP/1.1" 304 -
179.12.235.26 - - [11/Aug/2023:11:55:37 -0500] "POST /sipse/faces/autenticacion.xhtml HTTP/1.1" 200 16354
179.12.235.26 - - [11/Aug/2023:11:55:37 -0500] "GET /sipse/faces/javax.faces.resource/theme.css?ln=primefaces-sipse HTTP/1.1" 304 -
179.12.235.26 - - [11/Aug/2023:11:55:37 -0500] "GET /sipse/faces/javax.faces.resource/layout/layout.css?ln=primefaces&v=4.0 HTTP/1.1" 304 -
179.12.235.26 - - [11/Aug/2023:11:55:37 -0500] "GET /sipse/faces/javax.faces.resource/primefaces.css?ln=primefaces&v=4.0 HTTP/1.1" 304 -
179.12.235.26 - - [11/Aug/2023:11:55:37 -0500] "GET /sipse/faces/javax.faces.resource/jquery/jquery.js?ln=primefaces&v=4.0 HTTP/1.1" 304 -
179.12.235.26 - - [11/Aug/2023:11:55:37 -0500] "GET /sipse/faces/javax.faces.resource/jquery/jquery-plugins.js?ln=primefaces&v=4.0 HTTP/1.1" 304 -
179.12.235.26 - - [11/Aug/2023:11:55:37 -0500] "GET /sipse/faces/javax.faces.resource/primefaces.js?ln=primefaces&v=4.0 HTTP/1.1" 304 -
179.12.235.26 - - [11/Aug/2023:11:55:37 -0500] "GET /sipse/faces/javax.faces.resource/layout/layout.js?ln=primefaces&v=4.0 HTTP/1.1" 304 -
179.12.235.26 - - [11/Aug/2023:11:55:37 -0500] "GET /sipse/css/imagen/contrasena.png HTTP/1.1" 404 383
172.22.2.4 - - [11/Aug/2023:11:55:47 -0500] "GET /BLA/boletinlegal/consulta_actos.php?tipo=resoluciones&no=1636&usuario=&sector=&fecha=2017&resuelve=%20 HTTP/1.1" 200 626
181.54.236.238 - - [11/Aug/2023:11:55:53 -0500] "GET /BLA/resoluciones/dlf/styles.css HTTP/1.1" 200 3049
181.54.236.238 - - [11/Aug/2023:11:55:53 -0500] "GET /BLA/resoluciones/ HTTP/1.1" 200 13502
181.54.236.238 - - [11/Aug/2023:11:55:53 -0500] "GET /BLA/resoluciones/dlf/folder.png HTTP/1.1" 200 410
181.54.236.238 - - [11/Aug/2023:11:55:55 -0500] "GET /BLA/resoluciones/index.php?dir=RESOLUCIONES+2017%2F HTTP/1.1" 200 286491
181.54.236.238 - - [11/Aug/2023:11:55:56 -0500] "GET /BLA/resoluciones/dlf/archive.png HTTP/1.1" 200 632
201.245.192.253 - - [11/Aug/2023:11:56:53 -0500] "POST /forms/lservlet;jsessionid=ac16012b30d69c6f459c7651414c901ef55cf37baf01.e3iSbxaKaheRe34KbxiPbh0Naxr0n6jAmljGr5XDqQLvpAe HTTP/1.1" 200 2
66.249.70.6 - - [11/Aug/2023:11:57:03 -0500] "GET /BLA/resoluciones/RESOLUCIONES%202015/0253.pdf HTTP/1.1" 200 768092
172.22.2.4 - - [11/Aug/2023:11:57:05 -0500] "GET /BLA/boletinlegal/consulta_actos.php?tipo=resoluciones&no=0299&usuario=&sector=&fecha=1997&resuelve=%20 HTTP/1.1" 200 1105
201.245.192.253 - - [11/Aug/2023:11:57:10 -0500] "POST /forms/lservlet;jsessionid=ac16012b30d62bb4f41a2c794dd6b247b81699c57719.e3iSbxaKaheRe34KbxiPbh0Naxr0n6jAmljGr5XDqQLvpAe HTTP/1.1" 200 2
201.245.192.253 - - [11/Aug/2023:11:57:14 -0500] "POST /sipse/faces/presentacion/financiero/solicitudProceso/consultarSolicitudProceso.xhtml HTTP/1.1" 200 37334
201.245.192.253 - - [11/Aug/2023:11:57:14 -0500] "GET /sipse/faces/javax.faces.resource/theme.css?ln=primefaces-sipse HTTP/1.1" 304 -
201.245.192.253 - - [11/Aug/2023:11:57:14 -0500] "GET /sipse/faces/javax.faces.resource/primefaces.css?ln=primefaces&v=4.0 HTTP/1.1" 304 -
201.245.192.253 - - [11/Aug/2023:11:57:14 -0500] "GET /sipse/faces/javax.faces.resource/layout/layout.css?ln=primefaces&v=4.0 HTTP/1.1" 304 -
201.245.192.253 - - [11/Aug/2023:11:57:14 -0500] "GET /sipse/faces/javax.faces.resource/jquery/jquery.js?ln=primefaces&v=4.0 HTTP/1.1" 304 -
201.245.192.253 - - [11/Aug/2023:11:57:14 -0500] "GET /sipse/faces/javax.faces.resource/jquery/jquery-plugins.js?ln=primefaces&v=4.0 HTTP/1.1" 304 -
201.245.192.253 - - [11/Aug/2023:11:57:14 -0500] "GET /sipse/faces/javax.faces.resource/primefaces.js?ln=primefaces&v=4.0 HTTP/1.1" 304 -
201.245.192.253 - - [11/Aug/2023:11:57:14 -0500] "GET /sipse/faces/javax.faces.resource/layout/layout.js?ln=primefaces&v=4.0 HTTP/1.1" 304 -
201.245.192.253 - - [11/Aug/2023:11:57:14 -0500] "POST /sipse/faces/presentacion/financiero/solicitudProceso/listarSolicitudProceso.xhtml HTTP/1.1" 200 30725
201.245.192.253 - - [11/Aug/2023:11:57:14 -0500] "POST /sipse/faces/presentacion/financiero/solicitudProceso/listarSolicitudProceso.xhtml HTTP/1.1" 200 30725
201.245.192.253 - - [11/Aug/2023:11:57:15 -0500] "POST /sipse/faces/presentacion/financiero/solicitudProceso/listarSolicitudProceso.xhtml HTTP/1.1" 200 1420
201.245.192.253 - - [11/Aug/2023:11:57:15 -0500] "POST /sipse/faces/presentacion/financiero/solicitudProceso/listarSolicitudProceso.xhtml HTTP/1.1" 200 1424
201.245.192.253 - - [11/Aug/2023:11:57:15 -0500] "POST /sipse/faces/presentacion/financiero/solicitudProceso/listarSolicitudProceso.xhtml HTTP/1.1" 200 1424
172.22.2.4 - - [11/Aug/2023:11:57:34 -0500] "GET /BLA/boletinlegal/consulta_actos.php?tipo=resoluciones&no=0302&usuario=&sector=&fecha=1997&resuelve=%20 HTTP/1.1" 200 1321
179.12.235.26 - - [11/Aug/2023:11:57:49 -0500] "GET /sipse/faces/javax.faces.resource/images/ui-bg_flat_0_2d5972_40x100.png?ln=primefaces-aristo HTTP/1.1" 304 -
179.12.235.26 - - [11/Aug/2023:11:57:49 -0500] "POST /sipse/faces/bienvenido.xhtml HTTP/1.1" 200 2658
201.245.192.253 - - [11/Aug/2023:11:57:49 -0500] "POST /sipse/faces/presentacion/financiero/solicitudProceso/consultarSolicitudProceso.xhtml HTTP/1.1" 200 98531
179.12.235.26 - - [11/Aug/2023:11:57:50 -0500] "POST /sipse/faces/bienvenido.xhtml HTTP/1.1" 200 65190
179.12.235.26 - - [11/Aug/2023:11:57:53 -0500] "GET /sipse/faces/javax.faces.resource/theme.css?ln=primefaces-sipse HTTP/1.1" 304 -
179.12.235.26 - - [11/Aug/2023:11:57:53 -0500] "GET /sipse/faces/javax.faces.resource/primefaces.css?ln=primefaces&v=4.0 HTTP/1.1" 304 -
179.12.235.26 - - [11/Aug/2023:11:57:53 -0500] "GET /sipse/faces/javax.faces.resource/layout/layout.css?ln=primefaces&v=4.0 HTTP/1.1" 304 -
179.12.235.26 - - [11/Aug/2023:11:57:53 -0500] "GET /sipse/faces/javax.faces.resource/jquery/jquery.js?ln=primefaces&v=4.0 HTTP/1.1" 304 -
179.12.235.26 - - [11/Aug/2023:11:57:53 -0500] "GET /sipse/faces/javax.faces.resource/jquery/jquery-plugins.js?ln=primefaces&v=4.0 HTTP/1.1" 304 -
179.12.235.26 - - [11/Aug/2023:11:57:53 -0500] "GET /sipse/faces/javax.faces.resource/primefaces.js?ln=primefaces&v=4.0 HTTP/1.1" 304 -
179.12.235.26 - - [11/Aug/2023:11:57:53 -0500] "GET /sipse/faces/javax.faces.resource/layout/layout.js?ln=primefaces&v=4.0 HTTP/1.1" 304 -
179.12.235.26 - - [11/Aug/2023:11:57:53 -0500] "POST /sipse/faces/presentacion/financiero/solicitudProceso/listarSolicitudProceso.xhtml HTTP/1.1" 200 1556
179.12.235.26 - - [11/Aug/2023:11:57:56 -0500] "POST /sipse/faces/presentacion/financiero/solicitudProceso/listarSolicitudProceso.xhtml HTTP/1.1" 200 17577
179.12.235.26 - - [11/Aug/2023:11:57:59 -0500] "POST /sipse/faces/presentacion/financiero/solicitudProceso/listarSolicitudProceso.xhtml HTTP/1.1" 200 117456
179.12.235.26 - - [11/Aug/2023:11:58:00 -0500] "GET /sipse/faces/javax.faces.resource/theme.css?ln=primefaces-sipse HTTP/1.1" 304 -
179.12.235.26 - - [11/Aug/2023:11:58:00 -0500] "GET /sipse/faces/javax.faces.resource/layout/layout.css?ln=primefaces&v=4.0 HTTP/1.1" 304 -
179.12.235.26 - - [11/Aug/2023:11:58:00 -0500] "GET /sipse/faces/javax.faces.resource/primefaces.css?ln=primefaces&v=4.0 HTTP/1.1" 304 -
179.12.235.26 - - [11/Aug/2023:11:58:00 -0500] "GET /sipse/faces/javax.faces.resource/jquery/jquery.js?ln=primefaces&v=4.0 HTTP/1.1" 304 -
179.12.235.26 - - [11/Aug/2023:11:58:00 -0500] "GET /sipse/faces/javax.faces.resource/jquery/jquery-plugins.js?ln=primefaces&v=4.0 HTTP/1.1" 304 -
179.12.235.26 - - [11/Aug/2023:11:58:00 -0500] "GET /sipse/faces/javax.faces.resource/primefaces.js?ln=primefaces&v=4.0 HTTP/1.1" 304 -
179.12.235.26 - - [11/Aug/2023:11:58:00 -0500] "GET /sipse/faces/javax.faces.resource/layout/layout.js?ln=primefaces&v=4.0 HTTP/1.1" 304 -
186.28.85.12 - - [11/Aug/2023:11:58:01 -0500] "GET /kwssiamovil/sm/ldap/au?x=U2FsdGVkX18Btu6Ys8093stsKsgpOoNq6P+BRh8FjdNRdLs3S/FOqHYk+VGIfSm6EBxd9qxpa4D2QUHNYYQu+g==&y=U2FsdGVkX1+dLbncsYpFV/tzEJ9E94a/8Ea3VxgqJKWu0IVmatbwvpG9bca9xRgM HTTP/1.1" 200 30
186.28.85.12 - - [11/Aug/2023:11:58:01 -0500] "GET /kwssiamovil/sm/acme/s?s=U2FsdGVkX1+eiMShataXgs9aZT13E4RzSAIect/DcU0bvaUNWKGBk3q1N3Tc+LZwYfnm9nxpVN8oIDDGlRRDwPNLznT7gx26DLZBVUIGQDI=&u=U2FsdGVkX1/BK6U2JMZZp8dZJBSje3+4qVwVMejoAgYLKN4HZPqRkKgbv5lLZqEj&y=U2FsdGVkX1+dLbncsYpFV/tzEJ9E94a/8Ea3VxgqJKWu0IVmatbwvpG9bca9xRgM HTTP/1.1" 200 97
186.28.85.12 - - [11/Aug/2023:11:58:02 -0500] "GET /kwssiamovil/sm/acme/s?s=U2FsdGVkX1/gyC2dkhE9QQmIPdxsg72vhoXks5O4ayRUWQoVm7wKQzLlVBmtCWPDOd9Q+pSXdztDFtMEbzwjha53CR20IBP3Kx4DeDHp58uC3PQBvLoU4xrPvjTjtE4/ZNpwtMNzf+q7ya06DTjMOPZ5oUzfgSd1Ibx40BZXyzTREoZ12DOC8sCa1J1bsqyjytCJiXDfKK5NgSmYcS+QHXLIHJaH7Ztx0erOzBtng7+zLyFmoBJ3LwX6tuaaz1DtGhmSKZOtMfqBbCcRdaqb+4H1P6Sz4E3qH3GEHIQ0ib10K3sUsj65/Ev2zAPzWhqRDKAdT3lyVLfwncR5iQyUhLNmGvjSVekcQofTDV5xe/tLGJqdqYlAtrlH0hD6ljiFHtvFiwNiLcGDRKI9cKGmdB9zzQIpgpsPjsCXQJLzcZOIBy9pV7vlWk51pQNK4zPVKDSEXVe/1XPmLAD5aTib3RKqCdjGgEymjsB9nfi+KAYS8jmO+lxl8inZiLjG9FmZuMQgM/JOYcbNtQ/B6zyc4igrAZQbdG2Zygwnj4PfX7VJprpRMCUDB7m0VOJJbZt/lkuSRx+y19OxGAvdFtPeRSj5y8XoYVI9iHQS4KH4xgt7D5+KUr88saYoHfYgTJU+zkEphmHywQxSshTEupJ0kzcZbE9ObOPsnpytP9Cvq+c3b2WI1AOuaDrjLRMt6si9pXRQlkX3eHNKIHBlk/XnZYNYepTDMcrmLPXRkn1cy7lTD3fv6ikiujJEnqE6qmvEUOZlugjRnpVw/S/5i6P2SCdLBC1jB8OxQT+HqrbAV7naWLMiSfV4FO8tep1RccXy0KYQ74UySlqxWBxeytIXDvIfYRi57tXp1HKF37anTxtrysA/GxSZW0rLHLyzgkiiLevZv9iCmMm5cg0bcY7HcRwFkMbs6wUtaGKk4+iHhwfAef0mtpWFONkqpJzc+hVMe4Ny7OXLLpAY2+z3TpXlkccK83hsyjMiyWp9oKhu4Eof34m1/h2rY7UZp9P6PlsDJxtA+rG/NV+gyWMmpQSvdt9HQH/Icr5QdR7KYryYX2b7rACMwz1xIKbotz2R1JNB4KKdKuqQQxvka8oMVsnwE7AgWTCsevUXhNUARkrT5/H5PIikqyr0SSuGLnmqZiN7E+7zObxAHPCfdcxOdk/A5rdT3e7rePXRcp6rwBm/kBda0y7h2viy5JEUKokDNKZIFOcEyHiXZh5Jsneehx9w0mnUZLDaIfzi1kBEd7Yu81qIWaapL5K4N82rqltwtPFHl7TDCKHbWGndhmDdcNpk4D3EVM8r+JndGkpFmpTEEoK39a3PQejgx/DO0+D1mmI/U1u7mV3O/w2QZ8g9pBG3QFnnhrqFHSDQcixvirBdEq0LeotjnRTJ9ZWNzTAuNj8wHDZkoz9xK+WROYAoJ5KVw6jKJQIDUAdj1MRPa7b3zGfi01SyX7nWdtknW1E2kNPUnOLeTYFRT6ya5qdv+oxk6xN2D8oG/pKoRN5aRfxBPl0BiuPKyekwo2jVBe/abSdFnjtsOUuVFoHFeLm9DKwxjQG3lXqKiP3uHcljBXJevRlTfJLa36iN2dxqg8s284gMAs8qfHGZyT4etiZ5uC/VwmKT88AjabL3TGrzTmCn6/DB7BLR5t6T9Szh5iGjIaYB5wsjxW1aIDadZX+8I+JP3hkfW2ea8YfRHTBAjqPrdcNEGLk5Z83T9iPjX6HKsonDRnRl3U+vRQFrwqWrtAMiYkxSUoZUSEkmtQB9APZQrgMSpGoD5GyeVPuG8SH5NRDh&u=U2FsdGVkX1/BK6U2JMZZp8dZJBSje3+4qVwVMejoAgYLKN4HZPqRkKgbv5lLZqEj&y=U2FsdGVkX1+dLbncsYpFV/tzEJ9E94a/8Ea3VxgqJKWu0IVmatbwvpG9bca9xRgM HTTP/1.1" 200 2408
186.28.85.12 - - [11/Aug/2023:11:58:02 -0500] "GET /kwssiamovil/sm/acme/s?s=U2FsdGVkX19lzPIUwGhQnhm8I99uVD9Jaf2z2gl4I3n6ucraeaPQSF7qHbNDEs+4c+nqhqe3hOe0UmZTZo6r3HBaaEoQhmnhKcSjBb7QldJdtPACAFtj+mbd6LiTCPLmbfvWi0OG/CggAPaquilrsuy0LZg+eSvbsFErSVNe7cD0ifWU+dP2gnwdNbV8pmO7B4TZaUiFpBCRa6m9NXWOGw7jeZxfxaJx4zMJy84YJpaD5L3VPdjzQJZ7aD0XKklqAfbBgwgv5gHNZ9Y18SMvab+FbpK461vohVbxj2dnLp2gemE+Xa0gix20loA6iNqHKaKlc63j4fdCMmpEecxMueCpPo3BskC8kf84UUDhRJMuJ8+GlBypHDEyKkIwRNl/wk04w8BacCH0Euk+UtimEJRSOaN1M/zQW8JA9NChTzycFI7GXCoImQN7qoKYSQ4S+8NzIgvsNeTrLrAsTjsV5btBZor+1l56hNjHzZjMtYulvL4wQCCkiJIdp7VeyNb/4RMH/nvYGKZBhv+NY34L56G3jnnyxlM2TLRva+LCVNlm0GSrCpSa0oumi9n7F6iljvHNQb6gun+fu6awcWR5Q92lcdPj5EJyKTy96aFJBKxyYqd4CspQfFPWHERqzOH4J1GA4RYj2EYbFms0ZsHYszRDP1nB0kgS3hNO2yyrIMUmC2Vo+OLamwFGhda0Mt4hPaI5+90ewK6I6dXZB95HqbPBLWJO48XDI74aXmEZVBc61An1FYuWED56ickFb1xxH8TfH923/r2vQUKuOuvhlA==&u=U2FsdGVkX1/BK6U2JMZZp8dZJBSje3+4qVwVMejoAgYLKN4HZPqRkKgbv5lLZqEj&y=U2FsdGVkX1+dLbncsYpFV/tzEJ9E94a/8Ea3VxgqJKWu0IVmatbwvpG9bca9xRgM HTTP/1.1" 200 354
186.28.85.12 - - [11/Aug/2023:11:58:02 -0500] "GET /kwssiamovil/sm/cjson/pre?f=1&x=U2FsdGVkX18Btu6Ys8093stsKsgpOoNq6P+BRh8FjdNRdLs3S/FOqHYk+VGIfSm6EBxd9qxpa4D2QUHNYYQu+g== HTTP/1.1" 200 31032
186.28.85.12 - - [11/Aug/2023:11:58:02 -0500] "GET /kwssiamovil/sm/cjson/pre?f=18&x=U2FsdGVkX18Btu6Ys8093stsKsgpOoNq6P+BRh8FjdNRdLs3S/FOqHYk+VGIfSm6EBxd9qxpa4D2QUHNYYQu+g== HTTP/1.1" 200 32849
179.12.235.26 - - [11/Aug/2023:11:58:08 -0500] "POST /sipse/faces/presentacion/financiero/solicitudProceso/consultarSolicitudProceso.xhtml HTTP/1.1" 200 631135
216.245.221.92 - - [11/Aug/2023:11:58:24 -0500] "HEAD / HTTP/1.1" 200 -
172.22.2.4 - - [11/Aug/2023:11:58:26 -0500] "GET /BLA/boletinlegal/consulta_actos.php?tipo=resoluciones&no=0329&usuario=&sector=&fecha=1997&resuelve=%20 HTTP/1.1" 200 1809
66.249.70.7 - - [11/Aug/2023:11:58:32 -0500] "GET /BLA/resoluciones/RESOLUCIONES%202017/0520.pdf HTTP/1.1" 200 407112
201.245.192.253 - - [11/Aug/2023:11:58:53 -0500] "POST /forms/lservlet;jsessionid=ac16012b30d69c6f459c7651414c901ef55cf37baf01.e3iSbxaKaheRe34KbxiPbh0Naxr0n6jAmljGr5XDqQLvpAe HTTP/1.1" 200 2
172.22.2.4 - - [11/Aug/2023:11:57:24 -0500] "HEAD /BLA/boletinlegal/ HTTP/1.1" 200 -
172.22.2.4 - - [11/Aug/2023:11:59:08 -0500] "GET /BLA/boletinlegal/consulta_actos.php?tipo=resoluciones&no=0398&usuario=&sector=&fecha=1997&resuelve=%20 HTTP/1.1" 200 1613
201.245.192.253 - - [11/Aug/2023:11:59:07 -0500] "POST /kwsrmcab/Wsrmcab  HTTP/1.1" 200 42098
201.245.192.253 - - [11/Aug/2023:11:59:10 -0500] "POST /forms/lservlet;jsessionid=ac16012b30d62bb4f41a2c794dd6b247b81699c57719.e3iSbxaKaheRe34KbxiPbh0Naxr0n6jAmljGr5XDqQLvpAe HTTP/1.1" 200 2
66.249.70.7 - - [11/Aug/2023:11:59:40 -0500] "GET /BLA/resoluciones/RESOLUCIONES%202009/1633.pdf HTTP/1.1" 200 503009
172.22.2.4 - - [11/Aug/2023:11:58:15 -0500] "GET /BLA/boletinlegal/ HTTP/1.1" 200 52656
66.249.70.5 - - [11/Aug/2023:12:00:02 -0500] "GET /BLA/resoluciones/RESOLUCIONES%202017/0520.pdf HTTP/1.1" 200 407112
166.0.218.55 - - [11/Aug/2023:12:00:03 -0500] "GET /BLA/boletinlegal/actos.php HTTP/1.1" 200 9682
166.0.218.55 - - [11/Aug/2023:12:00:03 -0500] "GET /catalogoisis/ HTTP/1.1" 200 8575
66.249.70.5 - - [11/Aug/2023:12:00:25 -0500] "GET /BLA/resoluciones/RESOLUCIONES%202008/0416.pdf HTTP/1.1" 200 294437
66.249.70.5 - - [11/Aug/2023:12:00:30 -0500] "GET /BLA/resoluciones/RESOLUCIONES%202011/0299.pdf HTTP/1.1" 200 80163
166.0.218.55 - - [11/Aug/2023:12:00:02 -0500] "GET /BLA/boletinlegal/ HTTP/1.1" 200 20427
166.0.218.55 - - [11/Aug/2023:12:00:02 -0500] "GET /BLA/boletinlegal/index.php HTTP/1.1" 200 20427
201.245.192.253 - - [11/Aug/2023:12:00:53 -0500] "POST /forms/lservlet;jsessionid=ac16012b30d69c6f459c7651414c901ef55cf37baf01.e3iSbxaKaheRe34KbxiPbh0Naxr0n6jAmljGr5XDqQLvpAe HTTP/1.1" 200 2
66.249.70.7 - - [11/Aug/2023:12:00:57 -0500] "GET /BLA/resoluciones/RESOLUCIONES%202010/1009.pdf HTTP/1.1" 200 118619
201.245.192.253 - - [11/Aug/2023:12:01:10 -0500] "POST /forms/lservlet;jsessionid=ac16012b30d62bb4f41a2c794dd6b247b81699c57719.e3iSbxaKaheRe34KbxiPbh0Naxr0n6jAmljGr5XDqQLvpAe HTTP/1.1" 200 2
66.249.70.5 - - [11/Aug/2023:12:01:31 -0500] "GET /BLA/resoluciones/RESOLUCIONES%202010/2095.pdf HTTP/1.1" 200 451328
172.22.2.4 - - [11/Aug/2023:12:01:37 -0500] "GET /BLA/boletinlegal/consulta_actos.php?tipo=resoluciones&no=0399&usuario=&sector=&fecha=1997&resuelve=%20 HTTP/1.1" 200 1357
172.22.2.4 - - [11/Aug/2023:12:01:45 -0500] "GET /BLA/boletinlegal/jurisprudencia/analisis/AnalisisT-606-15.docx HTTP/1.1" 200 26698
172.22.2.4 - - [11/Aug/2023:12:01:48 -0500] "GET /BLA/boletinlegal/consulta_actos.php?tipo=resoluciones&no=0411&usuario=&sector=&fecha=1997&resuelve=%20 HTTP/1.1" 200 1447
186.155.251.68 - - [11/Aug/2023:12:02:00 -0500] "GET /sipse/faces/index.xhtml HTTP/1.1" 200 677
186.155.251.68 - - [11/Aug/2023:12:02:00 -0500] "GET /sipse/faces/javax.faces.resource/theme.css?ln=primefaces-sipse HTTP/1.1" 304 -
186.155.251.68 - - [11/Aug/2023:12:02:00 -0500] "GET /sipse/faces/faces/autenticacion.xhtml HTTP/1.1" 200 12172
186.155.251.68 - - [11/Aug/2023:12:02:00 -0500] "GET /sipse/js/disable_browser_buttons.js HTTP/1.1" 304 -
186.155.251.68 - - [11/Aug/2023:12:02:00 -0500] "GET /sipse/js/funciones.js HTTP/1.1" 304 -
186.155.251.68 - - [11/Aug/2023:12:02:00 -0500] "GET /sipse/css/custom_css_sg.css HTTP/1.1" 304 -
186.155.251.68 - - [11/Aug/2023:12:02:00 -0500] "GET /sipse/css/custom_css_sg_prime_login.css HTTP/1.1" 304 -
186.155.251.68 - - [11/Aug/2023:12:02:00 -0500] "GET /sipse/faces/javax.faces.resource/theme.css?ln=primefaces-sipse HTTP/1.1" 304 -
186.155.251.68 - - [11/Aug/2023:12:02:00 -0500] "GET /sipse/faces/javax.faces.resource/layout/layout.css?ln=primefaces&v=4.0 HTTP/1.1" 304 -
186.155.251.68 - - [11/Aug/2023:12:02:00 -0500] "GET /sipse/faces/javax.faces.resource/primefaces.css?ln=primefaces&v=4.0 HTTP/1.1" 304 -
186.155.251.68 - - [11/Aug/2023:12:02:00 -0500] "GET /sipse/faces/javax.faces.resource/jquery/jquery-plugins.js?ln=primefaces&v=4.0 HTTP/1.1" 304 -
186.155.251.68 - - [11/Aug/2023:12:02:00 -0500] "GET /sipse/faces/javax.faces.resource/jquery/jquery.js?ln=primefaces&v=4.0 HTTP/1.1" 304 -
186.155.251.68 - - [11/Aug/2023:12:02:00 -0500] "GET /sipse/faces/javax.faces.resource/primefaces.js?ln=primefaces&v=4.0 HTTP/1.1" 304 -
186.155.251.68 - - [11/Aug/2023:12:02:00 -0500] "GET /sipse/faces/javax.faces.resource/layout/layout.js?ln=primefaces&v=4.0 HTTP/1.1" 304 -
186.155.251.68 - - [11/Aug/2023:12:02:01 -0500] "GET /sipse/css/imagen/logoSDG.png HTTP/1.1" 304 -
186.155.251.68 - - [11/Aug/2023:12:02:01 -0500] "GET /sipse/css/imagen/loginimg.png HTTP/1.1" 304 -
186.155.251.68 - - [11/Aug/2023:12:02:01 -0500] "GET /sipse/faces/javax.faces.resource/images/ui-icons_898989_256x240.png?ln=primefaces-aristo HTTP/1.1" 304 -
172.22.2.4 - - [11/Aug/2023:12:02:02 -0500] "GET /BLA/boletinlegal/consulta_actos.php?tipo=resoluciones&no=048&usuario=&sector=&fecha=1997&resuelve=%20 HTTP/1.1" 200 1366
172.22.2.4 - - [11/Aug/2023:12:02:04 -0500] "GET /BLA/boletinlegal/consulta_actos.php?tipo=resoluciones&no=0483&usuario=&sector=&fecha=1997&resuelve=%20 HTTP/1.1" 200 1366
66.249.70.6 - - [11/Aug/2023:12:02:08 -0500] "GET /portel_dama/libreria/php/2006/ECOSISTEMAS%20FINAL%20web_mz27/x%20restauracion/sitio/22_proye/xtras_in/cni_3.pdf HTTP/1.1" 404 1018
186.155.251.68 - - [11/Aug/2023:12:02:11 -0500] "POST /sipse/faces/autenticacion.xhtml HTTP/1.1" 200 16169
186.155.251.68 - - [11/Aug/2023:12:02:11 -0500] "GET /sipse/css/custom_css_sg_prime.css HTTP/1.1" 304 -
186.155.251.68 - - [11/Aug/2023:12:02:11 -0500] "GET /sipse/faces/javax.faces.resource/theme.css?ln=primefaces-sipse HTTP/1.1" 304 -
186.155.251.68 - - [11/Aug/2023:12:02:11 -0500] "GET /sipse/faces/javax.faces.resource/primefaces.css?ln=primefaces&v=4.0 HTTP/1.1" 304 -
186.155.251.68 - - [11/Aug/2023:12:02:11 -0500] "GET /sipse/faces/javax.faces.resource/layout/layout.css?ln=primefaces&v=4.0 HTTP/1.1" 304 -
186.155.251.68 - - [11/Aug/2023:12:02:11 -0500] "GET /sipse/js/jquery.min.js HTTP/1.1" 304 -
186.155.251.68 - - [11/Aug/2023:12:02:11 -0500] "GET /sipse/faces/javax.faces.resource/jquery/jquery.js?ln=primefaces&v=4.0 HTTP/1.1" 304 -
186.155.251.68 - - [11/Aug/2023:12:02:11 -0500] "GET /sipse/faces/javax.faces.resource/jquery/jquery-plugins.js?ln=primefaces&v=4.0 HTTP/1.1" 304 -
186.155.251.68 - - [11/Aug/2023:12:02:11 -0500] "GET /sipse/faces/javax.faces.resource/primefaces.js?ln=primefaces&v=4.0 HTTP/1.1" 304 -
186.155.251.68 - - [11/Aug/2023:12:02:11 -0500] "GET /sipse/faces/javax.faces.resource/layout/layout.js?ln=primefaces&v=4.0 HTTP/1.1" 304 -
186.155.251.68 - - [11/Aug/2023:12:02:11 -0500] "GET /sipse/css/v_mergente.css HTTP/1.1" 304 -
186.155.251.68 - - [11/Aug/2023:12:02:11 -0500] "GET /sipse/imagenes/logoAplicacion.jpg HTTP/1.1" 304 -
186.155.251.68 - - [11/Aug/2023:12:02:11 -0500] "GET /sipse/imagenes/cargando.gif HTTP/1.1" 304 -
186.155.251.68 - - [11/Aug/2023:12:02:11 -0500] "GET /sipse/css/imagen/contrasena.png HTTP/1.1" 404 383
186.155.251.68 - - [11/Aug/2023:12:02:25 -0500] "GET /sipse/faces/javax.faces.resource/messages/messages.png?ln=primefaces&v=4.0 HTTP/1.1" 304 -
186.155.251.68 - - [11/Aug/2023:12:02:28 -0500] "GET /sipse/faces/javax.faces.resource/images/ui-bg_flat_0_2d5972_40x100.png?ln=primefaces-aristo HTTP/1.1" 304 -
186.155.251.68 - - [11/Aug/2023:12:02:28 -0500] "POST /sipse/faces/bienvenido.xhtml HTTP/1.1" 200 1471
186.155.251.68 - - [11/Aug/2023:12:02:29 -0500] "POST /sipse/faces/bienvenido.xhtml HTTP/1.1" 200 34408
186.155.251.68 - - [11/Aug/2023:12:02:29 -0500] "GET /sipse/faces/javax.faces.resource/theme.css?ln=primefaces-sipse HTTP/1.1" 304 -
186.155.251.68 - - [11/Aug/2023:12:02:29 -0500] "GET /sipse/faces/javax.faces.resource/primefaces.css?ln=primefaces&v=4.0 HTTP/1.1" 304 -
186.155.251.68 - - [11/Aug/2023:12:02:29 -0500] "GET /sipse/faces/javax.faces.resource/layout/layout.css?ln=primefaces&v=4.0 HTTP/1.1" 304 -
186.155.251.68 - - [11/Aug/2023:12:02:29 -0500] "GET /sipse/faces/javax.faces.resource/jquery/jquery.js?ln=primefaces&v=4.0 HTTP/1.1" 304 -
186.155.251.68 - - [11/Aug/2023:12:02:29 -0500] "GET /sipse/faces/javax.faces.resource/jquery/jquery-plugins.js?ln=primefaces&v=4.0 HTTP/1.1" 304 -
186.155.251.68 - - [11/Aug/2023:12:02:29 -0500] "GET /sipse/faces/javax.faces.resource/primefaces.js?ln=primefaces&v=4.0 HTTP/1.1" 304 -
186.155.251.68 - - [11/Aug/2023:12:02:29 -0500] "GET /sipse/faces/javax.faces.resource/layout/layout.js?ln=primefaces&v=4.0 HTTP/1.1" 304 -
186.155.251.68 - - [11/Aug/2023:12:02:29 -0500] "POST /sipse/faces/presentacion/financiero/solicitudProceso/listarSolicitudProceso.xhtml HTTP/1.1" 200 1400
186.155.251.68 - - [11/Aug/2023:12:02:31 -0500] "POST /sipse/faces/presentacion/financiero/solicitudProceso/listarSolicitudProceso.xhtml HTTP/1.1" 200 1729
186.155.251.68 - - [11/Aug/2023:12:02:33 -0500] "POST /sipse/faces/presentacion/financiero/solicitudProceso/listarSolicitudProceso.xhtml HTTP/1.1" 200 24710
186.155.251.68 - - [11/Aug/2023:12:02:33 -0500] "POST /sipse/faces/presentacion/financiero/solicitudProceso/listarSolicitudProceso.xhtml HTTP/1.1" 200 24710
186.155.251.68 - - [11/Aug/2023:12:02:33 -0500] "POST /sipse/faces/presentacion/financiero/solicitudProceso/listarSolicitudProceso.xhtml HTTP/1.1" 200 1376
186.155.251.68 - - [11/Aug/2023:12:02:33 -0500] "POST /sipse/faces/presentacion/financiero/solicitudProceso/listarSolicitudProceso.xhtml HTTP/1.1" 200 1380
186.155.251.68 - - [11/Aug/2023:12:02:35 -0500] "POST /sipse/faces/presentacion/financiero/solicitudProceso/listarSolicitudProceso.xhtml HTTP/1.1" 200 4559
186.155.251.68 - - [11/Aug/2023:12:02:37 -0500] "POST /sipse/faces/presentacion/financiero/solicitudProceso/listarSolicitudProceso.xhtml HTTP/1.1" 200 2161
186.155.251.68 - - [11/Aug/2023:12:02:38 -0500] "POST /sipse/faces/presentacion/financiero/solicitudProceso/listarSolicitudProceso.xhtml HTTP/1.1" 200 38325
186.155.251.68 - - [11/Aug/2023:12:02:38 -0500] "GET /sipse/faces/javax.faces.resource/theme.css?ln=primefaces-sipse HTTP/1.1" 304 -
186.155.251.68 - - [11/Aug/2023:12:02:38 -0500] "GET /sipse/faces/javax.faces.resource/primefaces.css?ln=primefaces&v=4.0 HTTP/1.1" 304 -
