172.22.2.4 - - [14/Aug/2023:04:31:22 -0500] "GET /BLA/boletinlegal/niceforms-default.css HTTP/1.1" 200 6694
172.22.2.4 - - [14/Aug/2023:04:31:22 -0500] "GET /BLA/boletinlegal/style.css HTTP/1.1" 200 9406
172.22.2.4 - - [14/Aug/2023:04:31:22 -0500] "GET /BLA/boletinlegal/niceforms.js HTTP/1.1" 200 22876
172.22.2.4 - - [14/Aug/2023:04:31:22 -0500] "GET /BLA/boletinlegal/js/lib.js HTTP/1.1" 200 6474
172.22.2.4 - - [14/Aug/2023:04:31:22 -0500] "GET /BLA/boletinlegal/js/popup.js HTTP/1.1" 200 1270
172.22.2.4 - - [14/Aug/2023:04:31:22 -0500] "GET /BLA/boletinlegal/js/jquery1.js HTTP/1.1" 200 29846
172.22.2.4 - - [14/Aug/2023:04:31:23 -0500] "GET /BLA/boletinlegal/images/cabezote%20BLEGAL.jpg HTTP/1.1" 200 118164
172.22.2.4 - - [14/Aug/2023:04:31:23 -0500] "GET /BLA/boletinlegal/images/subscribe-icon-big.png HTTP/1.1" 200 47702
172.22.2.4 - - [14/Aug/2023:04:31:23 -0500] "GET /BLA/boletinlegal/images/historia.png HTTP/1.1" 200 52775
172.22.2.4 - - [14/Aug/2023:04:31:23 -0500] "GET /BLA/boletinlegal/images/registro-usuarios.png HTTP/1.1" 200 8106
172.22.2.4 - - [14/Aug/2023:04:31:23 -0500] "GET /BLA/boletinlegal/images/green-yellow-blue-pink-th.png HTTP/1.1" 200 7394
172.22.2.4 - - [14/Aug/2023:04:31:23 -0500] "GET /BLA/boletinlegal/images/tel.png HTTP/1.1" 200 14477
172.22.2.4 - - [14/Aug/2023:04:31:23 -0500] "GET /BLA/boletinlegal/images/body_bg.jpg HTTP/1.1" 200 1601
172.22.2.4 - - [14/Aug/2023:04:31:23 -0500] "GET /BLA/boletinlegal/images/footer_bg.jpg HTTP/1.1" 200 586
172.22.2.4 - - [14/Aug/2023:04:31:23 -0500] "GET /BLA/boletinlegal/images/menu_rght.gif HTTP/1.1" 200 1627
172.22.2.4 - - [14/Aug/2023:04:31:23 -0500] "GET /BLA/boletinlegal/images/menu_lft.gif HTTP/1.1" 200 1713
172.22.2.4 - - [14/Aug/2023:04:31:23 -0500] "GET /BLA/boletinlegal/images/bg_top.jpg HTTP/1.1" 200 522
172.22.2.4 - - [14/Aug/2023:04:31:23 -0500] "GET /BLA/boletinlegal/images/menu_bg.jpg HTTP/1.1" 200 620
172.22.2.4 - - [14/Aug/2023:04:31:23 -0500] "GET /BLA/boletinlegal/images/text.jpg HTTP/1.1" 200 568
172.22.2.4 - - [14/Aug/2023:04:31:23 -0500] "GET /BLA/boletinlegal/images/hover.jpg HTTP/1.1" 200 640
172.22.2.4 - - [14/Aug/2023:04:31:23 -0500] "GET /BLA/boletinlegal/images/footer_bg_l.jpg HTTP/1.1" 200 776
172.22.2.4 - - [14/Aug/2023:04:31:23 -0500] "GET /BLA/boletinlegal/images/icono-email.png HTTP/1.1" 200 5544
172.22.2.4 - - [14/Aug/2023:04:31:23 -0500] "GET /BLA/boletinlegal/img/0.png HTTP/1.1" 200 110
172.22.2.4 - - [14/Aug/2023:04:31:23 -0500] "GET /BLA/boletinlegal/img/select-left.png HTTP/1.1" 200 263
172.22.2.4 - - [14/Aug/2023:04:31:24 -0500] "GET /BLA/boletinlegal/img/select-right.png HTTP/1.1" 200 44019
172.22.2.4 - - [14/Aug/2023:04:31:24 -0500] "GET /BLA/boletinlegal/img/button-left.png HTTP/1.1" 200 57071
172.22.2.4 - - [14/Aug/2023:04:31:24 -0500] "GET /BLA/boletinlegal/img/button.png HTTP/1.1" 200 43241
172.22.2.4 - - [14/Aug/2023:04:31:24 -0500] "GET /BLA/boletinlegal/img/button-right.png HTTP/1.1" 200 57878
172.22.2.4 - - [14/Aug/2023:04:31:24 -0500] "GET /BLA/boletinlegal/favicon.ico HTTP/1.1" 404 1230
172.22.2.4 - - [14/Aug/2023:04:31:28 -0500] "GET /BLA/boletinlegal/.well-known/assetlinks.json HTTP/1.1" 404 1230
172.22.2.4 - - [14/Aug/2023:04:31:28 -0500] "GET /BLA/boletinlegal/.well-known/apple-app-site-association HTTP/1.1" 404 1230
172.22.2.4 - - [14/Aug/2023:04:31:29 -0500] "GET /BLA/boletinlegal/robots.txt HTTP/1.1" 404 1230
172.22.2.4 - - [14/Aug/2023:04:31:29 -0500] "GET /BLA/boletinlegal/.well-known/assetlinks.json HTTP/1.1" 404 1230
172.22.2.4 - - [14/Aug/2023:04:31:29 -0500] "GET /BLA/boletinlegal/.well-known/apple-app-site-association HTTP/1.1" 404 1230
172.22.2.4 - - [14/Aug/2023:04:31:29 -0500] "GET /BLA/boletinlegal/.well-known/gpc.json HTTP/1.1" 404 1230
172.22.2.4 - - [14/Aug/2023:04:31:29 -0500] "GET /BLA/boletinlegal/robots.txt HTTP/1.1" 404 1230
172.22.2.4 - - [14/Aug/2023:04:31:29 -0500] "GET /BLA/boletinlegal/.well-known/security.txt HTTP/1.1" 404 1230
172.22.2.4 - - [14/Aug/2023:04:31:29 -0500] "GET /BLA/boletinlegal/.well-known/change-password HTTP/1.1" 404 1230
172.22.2.4 - - [14/Aug/2023:04:31:29 -0500] "GET /BLA/boletinlegal/.well-known/resource-that-should-not-exist-whose-status-code-should-not-be-200/ HTTP/1.1" 404 1230
172.22.2.4 - - [14/Aug/2023:04:31:42 -0500] "GET /BLA/boletinlegal/actos.php HTTP/1.1" 200 9682
172.22.2.4 - - [14/Aug/2023:04:31:43 -0500] "GET /BLA/boletinlegal/styles2.css HTTP/1.1" 200 1838
172.22.2.4 - - [14/Aug/2023:04:31:43 -0500] "GET /BLA/boletinlegal/js/ajax_actos.js HTTP/1.1" 200 1322
172.22.2.4 - - [14/Aug/2023:04:31:43 -0500] "GET /BLA/boletinlegal/niceforms.js HTTP/1.1" 200 22876
172.22.2.4 - - [14/Aug/2023:04:31:43 -0500] "GET /BLA/boletinlegal/niceforms-default.css HTTP/1.1" 200 6694
172.22.2.4 - - [14/Aug/2023:04:31:43 -0500] "GET /BLA/boletinlegal/style.css HTTP/1.1" 200 9406
172.22.2.4 - - [14/Aug/2023:04:31:43 -0500] "GET /BLA/boletinlegal/js/lib.js HTTP/1.1" 200 6474
172.22.2.4 - - [14/Aug/2023:04:31:43 -0500] "GET /BLA/boletinlegal/js/popup.js HTTP/1.1" 200 1270
172.22.2.4 - - [14/Aug/2023:04:31:43 -0500] "GET /BLA/boletinlegal/js/jquery1.js HTTP/1.1" 200 29846
172.22.2.4 - - [14/Aug/2023:04:31:44 -0500] "GET /BLA/boletinlegal/images/cabezote%20BLEGAL.jpg HTTP/1.1" 200 118164
172.22.2.4 - - [14/Aug/2023:04:31:44 -0500] "GET /BLA/boletinlegal/images/subscribe-icon-big.png HTTP/1.1" 200 47702
172.22.2.4 - - [14/Aug/2023:04:31:44 -0500] "GET /BLA/boletinlegal/images/historia.png HTTP/1.1" 200 52775
172.22.2.4 - - [14/Aug/2023:04:31:44 -0500] "GET /BLA/boletinlegal/images/registro-usuarios.png HTTP/1.1" 200 8106
172.22.2.4 - - [14/Aug/2023:04:31:44 -0500] "GET /BLA/boletinlegal/images/green-yellow-blue-pink-th.png HTTP/1.1" 200 7394
172.22.2.4 - - [14/Aug/2023:04:31:44 -0500] "GET /BLA/boletinlegal/images/tel.png HTTP/1.1" 200 14477
172.22.2.4 - - [14/Aug/2023:04:31:45 -0500] "GET /BLA/boletinlegal/images/body_bg.jpg HTTP/1.1" 200 1601
172.22.2.4 - - [14/Aug/2023:04:31:45 -0500] "GET /BLA/boletinlegal/images/footer_bg.jpg HTTP/1.1" 200 586
172.22.2.4 - - [14/Aug/2023:04:31:45 -0500] "GET /BLA/boletinlegal/images/menu_lft.gif HTTP/1.1" 200 1713
172.22.2.4 - - [14/Aug/2023:04:31:45 -0500] "GET /BLA/boletinlegal/images/menu_rght.gif HTTP/1.1" 200 1627
172.22.2.4 - - [14/Aug/2023:04:31:45 -0500] "GET /BLA/boletinlegal/images/bg_top.jpg HTTP/1.1" 200 522
172.22.2.4 - - [14/Aug/2023:04:31:45 -0500] "GET /BLA/boletinlegal/images/text.jpg HTTP/1.1" 200 568
172.22.2.4 - - [14/Aug/2023:04:31:45 -0500] "GET /BLA/boletinlegal/images/menu_bg.jpg HTTP/1.1" 200 620
172.22.2.4 - - [14/Aug/2023:04:31:45 -0500] "GET /BLA/boletinlegal/images/footer_bg_l.jpg HTTP/1.1" 200 776
172.22.2.4 - - [14/Aug/2023:04:31:45 -0500] "GET /BLA/boletinlegal/images/hover.jpg HTTP/1.1" 200 640
172.22.2.4 - - [14/Aug/2023:04:31:46 -0500] "GET /BLA/boletinlegal/images/icono-email.png HTTP/1.1" 200 5544
172.22.2.4 - - [14/Aug/2023:04:31:46 -0500] "GET /BLA/boletinlegal/img/0.png HTTP/1.1" 200 110
172.22.2.4 - - [14/Aug/2023:04:31:46 -0500] "GET /BLA/boletinlegal/img/select-left.png HTTP/1.1" 200 263
172.22.2.4 - - [14/Aug/2023:04:31:46 -0500] "GET /BLA/boletinlegal/img/select-right.png HTTP/1.1" 200 44019
172.22.2.4 - - [14/Aug/2023:04:31:46 -0500] "GET /BLA/boletinlegal/img/button-left.png HTTP/1.1" 200 57071
172.22.2.4 - - [14/Aug/2023:04:31:46 -0500] "GET /BLA/boletinlegal/img/button.png HTTP/1.1" 200 43241
172.22.2.4 - - [14/Aug/2023:04:31:46 -0500] "GET /BLA/boletinlegal/img/button-right.png HTTP/1.1" 200 57878
172.22.2.4 - - [14/Aug/2023:04:31:46 -0500] "GET /BLA/boletinlegal/favicon.ico HTTP/1.1" 404 1230
172.22.2.4 - - [14/Aug/2023:04:32:00 -0500] "GET /BLA/boletinlegal/robots.txt HTTP/1.1" 404 1038
172.22.2.4 - - [14/Aug/2023:04:30:44 -0500] "HEAD /BLA/boletinlegal/ HTTP/1.1" 200 -
52.167.144.78 - - [14/Aug/2023:04:32:46 -0500] "GET /BLA/resoluciones/AUTOS%202022/1610.pdf HTTP/1.1" 304 -
172.22.2.4 - - [14/Aug/2023:04:31:34 -0500] "GET /BLA/boletinlegal/ HTTP/1.1" 200 58597
216.245.221.92 - - [14/Aug/2023:04:33:14 -0500] "HEAD / HTTP/1.1" 200 -
201.245.192.253 - - [14/Aug/2023:04:36:06 -0500] "POST /kwsrmcab/Wsrmcab  HTTP/1.1" 200 213
159.65.3.183 - - [14/Aug/2023:04:38:00 -0500] "\x16\x03\x01" 400 226
159.65.3.183 - - [14/Aug/2023:04:38:01 -0500] "\x16\x03\x01" 400 226
159.65.3.183 - - [14/Aug/2023:04:38:02 -0500] "GET / HTTP/1.1" 200 319
159.65.3.183 - - [14/Aug/2023:04:38:02 -0500] "GET /client/get_targets HTTP/1.1" 404 1018
159.65.3.183 - - [14/Aug/2023:04:38:03 -0500] "GET /upl.php HTTP/1.1" 404 1018
159.65.3.183 - - [14/Aug/2023:04:38:03 -0500] "\x16\x03\x01" 400 226
159.65.3.183 - - [14/Aug/2023:04:38:04 -0500] "GET /geoip/ HTTP/1.1" 404 1018
159.65.3.183 - - [14/Aug/2023:04:38:05 -0500] "GET / HTTP/1.1" 200 319
159.65.3.183 - - [14/Aug/2023:04:38:05 -0500] "GET /favicon.ico HTTP/1.1" 200 7782
159.65.3.183 - - [14/Aug/2023:04:38:06 -0500] "GET /1.php HTTP/1.1" 404 1018
159.65.3.183 - - [14/Aug/2023:04:38:07 -0500] "GET /bundle.js HTTP/1.1" 404 1018
159.65.3.183 - - [14/Aug/2023:04:38:07 -0500] "GET /files/ HTTP/1.1" 404 1018
159.65.3.183 - - [14/Aug/2023:04:38:08 -0500] "GET /systembc/password.php HTTP/1.1" 404 1018
172.22.2.4 - - [14/Aug/2023:04:36:34 -0500] "HEAD /BLA/boletinlegal/ HTTP/1.1" 200 -
216.245.221.92 - - [14/Aug/2023:04:38:14 -0500] "HEAD / HTTP/1.1" 200 -
201.245.192.253 - - [14/Aug/2023:04:38:51 -0500] "POST /kwsrmcab/Wsrmcab HTTP/1.1" 200 43693
201.245.192.253 - - [14/Aug/2023:04:38:55 -0500] "POST /kwsrmcab/Wsrmcab HTTP/1.1" 200 41571
172.22.2.4 - - [14/Aug/2023:04:37:24 -0500] "GET /BLA/boletinlegal/ HTTP/1.1" 200 60692
71.6.232.25 - - [14/Aug/2023:04:40:51 -0500] "GET / HTTP/1.1" 200 319
201.245.192.253 - - [14/Aug/2023:04:41:04 -0500] "POST /kwsrmcab/Wsrmcab  HTTP/1.1" 200 213
216.245.221.92 - - [14/Aug/2023:04:43:14 -0500] "HEAD / HTTP/1.1" 200 -
52.167.144.78 - - [14/Aug/2023:04:43:53 -0500] "GET /BLA/resoluciones/AUTOS%202022/2173.pdf HTTP/1.1" 304 -
172.22.2.4 - - [14/Aug/2023:04:43:54 -0500] "GET /BLA/boletinlegal/Directivas/2009/Directiva%20No.%20del%2023%20de%20Diciembre%20de%202009.pdf HTTP/1.1" 304 -
64.233.172.128 - - [14/Aug/2023:04:44:00 -0500] "GET /BLA/boletinlegal/js/jquery.scrollShow.js HTTP/1.1" 200 4586
64.233.172.129 - - [14/Aug/2023:04:44:00 -0500] "GET /galeria/galeria/jquery.fancybox.js?v=2.1.5 HTTP/1.1" 200 48706
64.233.172.129 - - [14/Aug/2023:04:44:00 -0500] "GET /galeria/galeria/jquery.fancybox.css?v=2.1.5 HTTP/1.1" 200 4895
172.22.2.4 - - [14/Aug/2023:04:42:23 -0500] "HEAD /BLA/boletinlegal/ HTTP/1.1" 200 -
172.22.2.4 - - [14/Aug/2023:04:43:14 -0500] "GET /BLA/boletinlegal/ HTTP/1.1" 200 55844
172.22.2.4 - - [14/Aug/2023:04:45:50 -0500] "GET /BLA/boletinlegal/jurisprudencia/analisis/AnalisisT-606-15.docx HTTP/1.1" 304 -
201.245.192.253 - - [14/Aug/2023:04:46:03 -0500] "POST /kwsrmcab/Wsrmcab  HTTP/1.1" 200 213
216.245.221.92 - - [14/Aug/2023:04:48:14 -0500] "HEAD / HTTP/1.1" 200 -
66.249.66.192 - - [14/Aug/2023:04:48:19 -0500] "GET /distrito-inicia-pavimentacion-de-vias-para-mejorar-la-calidad-del-aire-de-bogota.html HTTP/1.1" 304 -
172.22.2.4 - - [14/Aug/2023:04:48:13 -0500] "HEAD /BLA/boletinlegal/ HTTP/1.1" 200 -
172.22.2.4 - - [14/Aug/2023:04:49:04 -0500] "GET /BLA/boletinlegal/ HTTP/1.1" 200 59343
201.245.192.253 - - [14/Aug/2023:04:51:02 -0500] "POST /kwsrmcab/Wsrmcab  HTTP/1.1" 200 213
216.245.221.92 - - [14/Aug/2023:04:53:14 -0500] "HEAD / HTTP/1.1" 200 -
172.22.2.4 - - [14/Aug/2023:04:54:03 -0500] "HEAD /BLA/boletinlegal/ HTTP/1.1" 200 -
201.245.192.253 - - [14/Aug/2023:04:56:01 -0500] "POST /kwsrmcab/Wsrmcab  HTTP/1.1" 200 213
172.22.2.4 - - [14/Aug/2023:04:54:54 -0500] "GET /BLA/boletinlegal/ HTTP/1.1" 200 57323
216.245.221.92 - - [14/Aug/2023:04:58:14 -0500] "HEAD / HTTP/1.1" 200 -
52.167.144.153 - - [14/Aug/2023:05:00:02 -0500] "GET /BLA/resoluciones/RESOLUCIONES%202021/2697.pdf HTTP/1.1" 200 406448
201.245.192.253 - - [14/Aug/2023:05:00:59 -0500] "POST /kwsrmcab/Wsrmcab  HTTP/1.1" 200 213
172.22.2.4 - - [14/Aug/2023:04:59:54 -0500] "HEAD /BLA/boletinlegal/ HTTP/1.1" 200 -
172.22.2.4 - - [14/Aug/2023:05:00:44 -0500] "GET /BLA/boletinlegal/ HTTP/1.1" 200 58187
87.250.224.78 - - [14/Aug/2023:05:03:09 -0500] "GET /robots.txt HTTP/1.1" 404 1035
95.108.213.171 - - [14/Aug/2023:05:03:10 -0500] "GET /portaldeninos/ HTTP/1.1" 200 110197
216.245.221.92 - - [14/Aug/2023:05:03:14 -0500] "HEAD / HTTP/1.1" 200 -
201.245.192.253 - - [14/Aug/2023:05:05:58 -0500] "POST /kwsrmcab/Wsrmcab  HTTP/1.1" 200 213
172.22.2.4 - - [14/Aug/2023:05:05:43 -0500] "HEAD /BLA/boletinlegal/ HTTP/1.1" 200 -
172.22.2.4 - - [14/Aug/2023:05:06:34 -0500] "GET /BLA/boletinlegal/ HTTP/1.1" 200 58597
216.245.221.92 - - [14/Aug/2023:05:08:14 -0500] "HEAD / HTTP/1.1" 200 -
201.245.192.253 - - [14/Aug/2023:05:10:56 -0500] "POST /kwsrmcab/Wsrmcab  HTTP/1.1" 200 213
172.22.2.4 - - [14/Aug/2023:05:11:33 -0500] "HEAD /BLA/boletinlegal/ HTTP/1.1" 200 -
216.245.221.92 - - [14/Aug/2023:05:13:14 -0500] "HEAD / HTTP/1.1" 200 -
172.22.2.4 - - [14/Aug/2023:05:13:41 -0500] "GET /BLA/boletinlegal/robots.txt HTTP/1.1" 404 1038
172.22.2.4 - - [14/Aug/2023:05:12:24 -0500] "GET /BLA/boletinlegal/ HTTP/1.1" 200 58187
201.245.192.253 - - [14/Aug/2023:05:15:54 -0500] "POST /kwsrmcab/Wsrmcab  HTTP/1.1" 200 213
40.77.167.208 - - [14/Aug/2023:05:16:05 -0500] "GET /BLA/resoluciones/AUTOS%202021/2044.pdf HTTP/1.1" 304 -
216.245.221.92 - - [14/Aug/2023:05:18:14 -0500] "HEAD / HTTP/1.1" 200 -
201.245.192.253 - - [14/Aug/2023:05:18:52 -0500] "POST /kwsrmcab/Wsrmcab HTTP/1.1" 200 43700
201.245.192.253 - - [14/Aug/2023:05:18:56 -0500] "POST /kwsrmcab/Wsrmcab HTTP/1.1" 200 41575
172.22.2.4 - - [14/Aug/2023:05:17:23 -0500] "HEAD /BLA/boletinlegal/ HTTP/1.1" 200 -
52.167.144.153 - - [14/Aug/2023:05:19:10 -0500] "GET /BLA/resoluciones/RESOLUCIONES%202023/0709.pdf HTTP/1.1" 200 391710
52.167.144.153 - - [14/Aug/2023:05:19:11 -0500] "GET /BLA/resoluciones/AUTOS%202022/3693.pdf HTTP/1.1" 304 -
172.22.2.4 - - [14/Aug/2023:05:18:14 -0500] "GET /BLA/boletinlegal/ HTTP/1.1" 200 60692
66.249.70.7 - - [14/Aug/2023:05:20:50 -0500] "GET /BLA/resoluciones/RESOLUCIONES%202020/1009.pdf HTTP/1.1" 200 367123
66.249.70.6 - - [14/Aug/2023:05:20:51 -0500] "GET /BLA/resoluciones/Notificaciones/RESOLUCIONES%202022/3194.pdf HTTP/1.1" 200 1806309
66.249.70.5 - - [14/Aug/2023:05:20:52 -0500] "GET /BLA/resoluciones/Notificaciones/RESOLUCIONES%202022/2923.pdf HTTP/1.1" 200 474919
201.245.192.253 - - [14/Aug/2023:05:20:53 -0500] "POST /kwsrmcab/Wsrmcab  HTTP/1.1" 200 213
172.22.2.4 - - [14/Aug/2023:05:23:01 -0500] "GET /BLA/boletinlegal/bm9ybWFfbW HTTP/1.1" 404 1038
172.22.2.4 - - [14/Aug/2023:05:23:01 -0500] "GET /BLA/boletinlegal/norma_menu.php HTTP/1.1" 200 6328
172.22.2.4 - - [14/Aug/2023:05:23:01 -0500] "GET /BLA/boletinlegal/styles2.css HTTP/1.1" 200 1838
172.22.2.4 - - [14/Aug/2023:05:23:01 -0500] "GET /BLA/boletinlegal/js/ajax.js HTTP/1.1" 200 772
172.22.2.4 - - [14/Aug/2023:05:23:01 -0500] "GET /BLA/boletinlegal/style.css HTTP/1.1" 200 9406
172.22.2.4 - - [14/Aug/2023:05:23:01 -0500] "GET /BLA/boletinlegal/swfobject.js HTTP/1.1" 200 9763
172.22.2.4 - - [14/Aug/2023:05:23:02 -0500] "GET /BLA/boletinlegal/js/lib.js HTTP/1.1" 200 6474
172.22.2.4 - - [14/Aug/2023:05:23:02 -0500] "GET /BLA/boletinlegal/js/popup.js HTTP/1.1" 200 1270
172.22.2.4 - - [14/Aug/2023:05:23:02 -0500] "GET /BLA/boletinlegal/js/jquery1.js HTTP/1.1" 200 29846
172.22.2.4 - - [14/Aug/2023:05:23:02 -0500] "GET /BLA/boletinlegal/images/signo-mas.gif HTTP/1.1" 200 13689
172.22.2.4 - - [14/Aug/2023:05:23:02 -0500] "GET /BLA/boletinlegal/images/signo-menos.gif HTTP/1.1" 200 13454
172.22.2.4 - - [14/Aug/2023:05:23:02 -0500] "GET /BLA/boletinlegal/images/cabezote%20BLEGAL.jpg HTTP/1.1" 200 118164
172.22.2.4 - - [14/Aug/2023:05:23:02 -0500] "GET /BLA/boletinlegal/images/nuevo.gif HTTP/1.1" 200 26475
172.22.2.4 - - [14/Aug/2023:05:23:02 -0500] "GET /BLA/boletinlegal/images/subscribe-icon-big.png HTTP/1.1" 200 47702
172.22.2.4 - - [14/Aug/2023:05:23:02 -0500] "GET /BLA/boletinlegal/images/historia.png HTTP/1.1" 200 52775
172.22.2.4 - - [14/Aug/2023:05:23:02 -0500] "GET /BLA/boletinlegal/images/registro-usuarios.png HTTP/1.1" 200 8106
172.22.2.4 - - [14/Aug/2023:05:23:02 -0500] "GET /BLA/boletinlegal/images/tel.png HTTP/1.1" 200 14477
172.22.2.4 - - [14/Aug/2023:05:23:02 -0500] "GET /BLA/boletinlegal/images/img_3.jpg HTTP/1.1" 200 1841
172.22.2.4 - - [14/Aug/2023:05:23:02 -0500] "GET /BLA/boletinlegal/images/icono-email.png HTTP/1.1" 200 5544
172.22.2.4 - - [14/Aug/2023:05:23:02 -0500] "GET /BLA/boletinlegal/images/body_bg.jpg HTTP/1.1" 200 1601
172.22.2.4 - - [14/Aug/2023:05:23:02 -0500] "GET /BLA/boletinlegal/images/menu_lft.gif HTTP/1.1" 200 1713
172.22.2.4 - - [14/Aug/2023:05:23:02 -0500] "GET /BLA/boletinlegal/images/menu_rght.gif HTTP/1.1" 200 1627
172.22.2.4 - - [14/Aug/2023:05:23:02 -0500] "GET /BLA/boletinlegal/images/bg_top.jpg HTTP/1.1" 200 522
172.22.2.4 - - [14/Aug/2023:05:23:02 -0500] "GET /BLA/boletinlegal/images/menu_bg.jpg HTTP/1.1" 200 620
172.22.2.4 - - [14/Aug/2023:05:23:02 -0500] "GET /BLA/boletinlegal/images/hover.jpg HTTP/1.1" 200 640
172.22.2.4 - - [14/Aug/2023:05:23:02 -0500] "GET /BLA/boletinlegal/images/text.jpg HTTP/1.1" 200 568
172.22.2.4 - - [14/Aug/2023:05:23:02 -0500] "GET /BLA/boletinlegal/images/footer_bg.jpg HTTP/1.1" 200 586
172.22.2.4 - - [14/Aug/2023:05:23:02 -0500] "GET /BLA/boletinlegal/images/footer_bg_l.jpg HTTP/1.1" 200 776
172.22.2.4 - - [14/Aug/2023:05:23:12 -0500] "GET /BLA/boletinlegal/favicon.ico HTTP/1.1" 404 1232
172.22.2.4 - - [14/Aug/2023:05:23:12 -0500] "GET /BLA/boletinlegal/favicon.ico HTTP/1.1" 404 1240
216.245.221.92 - - [14/Aug/2023:05:23:14 -0500] "HEAD / HTTP/1.1" 200 -
66.249.66.193 - - [14/Aug/2023:05:23:30 -0500] "GET /cumpleanos-485-de-bogota-inscribete-a-las-jornadas-de-monitoreo-a-la-biodiversidad.html HTTP/1.1" 200 847
123.254.109.105 - - [14/Aug/2023:05:24:52 -0500] "\x16\x03\x01" 400 226
172.22.2.4 - - [14/Aug/2023:05:23:13 -0500] "HEAD /BLA/boletinlegal/ HTTP/1.1" 200 -
123.254.109.105 - - [14/Aug/2023:05:25:14 -0500] "GET / HTTP/1.1" 200 319
172.22.2.4 - - [14/Aug/2023:05:24:04 -0500] "GET /BLA/boletinlegal/ HTTP/1.1" 200 53013
201.245.192.253 - - [14/Aug/2023:05:25:51 -0500] "POST /kwsrmcab/Wsrmcab  HTTP/1.1" 200 213
123.254.109.105 - - [14/Aug/2023:05:26:07 -0500] "GET /robots.txt HTTP/1.1" 404 1018
123.254.109.105 - - [14/Aug/2023:05:26:17 -0500] "GET /sitemap.xml HTTP/1.1" 404 1018
134.122.30.157 - - [14/Aug/2023:05:27:36 -0500] "GET /aaa9 HTTP/1.1" 404 1018
52.167.144.153 - - [14/Aug/2023:05:27:42 -0500] "GET /BLA/resoluciones/AUTOS%202020/4497.pdf HTTP/1.1" 304 -
134.122.30.157 - - [14/Aug/2023:05:27:45 -0500] "GET /aab8 HTTP/1.1" 404 1018
134.122.30.157 - - [14/Aug/2023:05:28:01 -0500] "GET / HTTP/1.1" 200 319
216.245.221.92 - - [14/Aug/2023:05:28:14 -0500] "HEAD / HTTP/1.1" 200 -
201.245.192.253 - - [14/Aug/2023:05:28:51 -0500] "POST /kwsrmcab/Wsrmcab HTTP/1.1" 200 43700
201.245.192.253 - - [14/Aug/2023:05:28:55 -0500] "POST /kwsrmcab/Wsrmcab HTTP/1.1" 200 41575
172.22.2.4 - - [14/Aug/2023:05:29:03 -0500] "HEAD /BLA/boletinlegal/ HTTP/1.1" 200 -
172.22.2.4 - - [14/Aug/2023:05:30:50 -0500] "GET /BLA/boletinlegal/actos.php HTTP/1.1" 200 9682
172.22.2.4 - - [14/Aug/2023:05:30:53 -0500] "GET /BLA/boletinlegal/js/lib.js HTTP/1.1" 200 6474
201.245.192.253 - - [14/Aug/2023:05:30:51 -0500] "POST /kwsrmcab/Wsrmcab  HTTP/1.1" 200 213
172.22.2.4 - - [14/Aug/2023:05:29:54 -0500] "GET /BLA/boletinlegal/ HTTP/1.1" 200 58981
216.245.221.92 - - [14/Aug/2023:05:33:14 -0500] "HEAD / HTTP/1.1" 200 -
66.249.70.5 - - [14/Aug/2023:05:35:49 -0500] "GET /galeria/galeria/fotos/MeandrodelSay1P.jpg HTTP/1.1" 200 27908
201.245.192.253 - - [14/Aug/2023:05:35:50 -0500] "POST /kwsrmcab/Wsrmcab  HTTP/1.1" 200 213
172.22.2.4 - - [14/Aug/2023:05:34:53 -0500] "HEAD /BLA/boletinlegal/ HTTP/1.1" 200 -
172.22.2.4 - - [14/Aug/2023:05:35:44 -0500] "GET /BLA/boletinlegal/ HTTP/1.1" 200 53013
216.245.221.92 - - [14/Aug/2023:05:38:14 -0500] "HEAD / HTTP/1.1" 200 -
201.245.192.253 - - [14/Aug/2023:05:38:52 -0500] "POST /kwsrmcab/Wsrmcab HTTP/1.1" 200 43700
201.245.192.253 - - [14/Aug/2023:05:38:55 -0500] "POST /kwsrmcab/Wsrmcab HTTP/1.1" 200 41575
201.245.192.253 - - [14/Aug/2023:05:40:49 -0500] "POST /kwsrmcab/Wsrmcab  HTTP/1.1" 200 213
172.22.2.4 - - [14/Aug/2023:05:40:43 -0500] "HEAD /BLA/boletinlegal/ HTTP/1.1" 200 -
172.22.2.4 - - [14/Aug/2023:05:41:34 -0500] "GET /BLA/boletinlegal/ HTTP/1.1" 200 60692
216.245.221.92 - - [14/Aug/2023:05:43:14 -0500] "HEAD / HTTP/1.1" 200 -
52.167.144.153 - - [14/Aug/2023:05:43:36 -0500] "GET /BLA/resoluciones/AUTOS%202011/5002.pdf HTTP/1.1" 200 3321821
201.245.192.253 - - [14/Aug/2023:05:45:47 -0500] "POST /kwsrmcab/Wsrmcab  HTTP/1.1" 200 213
172.22.2.4 - - [14/Aug/2023:05:46:33 -0500] "HEAD /BLA/boletinlegal/ HTTP/1.1" 200 -
216.245.221.92 - - [14/Aug/2023:05:48:14 -0500] "HEAD / HTTP/1.1" 200 -
172.22.2.4 - - [14/Aug/2023:05:47:24 -0500] "GET /BLA/boletinlegal/ HTTP/1.1" 200 58597
201.245.192.253 - - [14/Aug/2023:05:50:46 -0500] "POST /kwsrmcab/Wsrmcab  HTTP/1.1" 200 213
173.252.107.7 - - [14/Aug/2023:05:50:58 -0500] "GET /animales-recuperados-en-san-cristobal-y-ciudad-bolivar-son-atendidos-en-el-centro-de-flora-de-la-secretaria-de-ambiente.html HTTP/1.1" 200 1056
52.167.144.222 - - [14/Aug/2023:05:52:01 -0500] "GET /images/Carolina-urrutia-secretaria-de-ambiente.jpg HTTP/1.1" 200 29920
216.245.221.92 - - [14/Aug/2023:05:53:14 -0500] "HEAD / HTTP/1.1" 200 -
172.22.2.4 - - [14/Aug/2023:05:53:20 -0500] "GET /BLA/boletinlegal/Directivas/2013/Directiva%20No.%202%20del%2004%20de%20Abril%20de%202013.pdf HTTP/1.1" 200 1182671
172.22.2.4 - - [14/Aug/2023:05:52:23 -0500] "HEAD /BLA/boletinlegal/ HTTP/1.1" 200 -
172.22.2.4 - - [14/Aug/2023:05:53:14 -0500] "GET /BLA/boletinlegal/ HTTP/1.1" 200 60692
201.245.192.253 - - [14/Aug/2023:05:55:45 -0500] "POST /kwsrmcab/Wsrmcab  HTTP/1.1" 200 213
191.95.51.43 - - [14/Aug/2023:05:56:03 -0500] "GET /bogota-empieza-la-consolidacion-de-la-estrategia-de-bosques-urbanos-con-el-brazo-salitre-en-barrios-unidos.html?utm_source=Youtube_DIGI&utm_medium=CPV&utm_campaign=BosquesUrbanos&utm_id=Agosto_2023&gclid=Cj0KCQjwoeemBhCfARIsADR2QCvM83bssEl6t8EoV7b9oJbqgMWtLkV2u07Hhxa3DhK6NF5VBaPSo-4aAs9TEALw_wcB HTTP/1.1" 200 892
216.245.221.92 - - [14/Aug/2023:05:58:14 -0500] "HEAD / HTTP/1.1" 200 -
52.167.144.78 - - [14/Aug/2023:05:58:21 -0500] "GET /Residuos/impresion/files/guia_impresion-lit.pdf HTTP/1.1" 304 -
52.167.144.153 - - [14/Aug/2023:05:59:15 -0500] "GET /Publicaciones/2023EE132672.pdf HTTP/1.1" 404 228
172.22.2.4 - - [14/Aug/2023:05:58:13 -0500] "HEAD /BLA/boletinlegal/ HTTP/1.1" 200 -
172.22.2.4 - - [14/Aug/2023:05:59:04 -0500] "GET /BLA/boletinlegal/ HTTP/1.1" 200 60692
201.245.192.253 - - [14/Aug/2023:06:00:44 -0500] "POST /kwsrmcab/Wsrmcab  HTTP/1.1" 200 213
190.27.6.218 - - [14/Aug/2023:06:01:29 -0500] "GET /BLA/resoluciones/dlf/styles.css HTTP/1.1" 200 3049
190.27.6.218 - - [14/Aug/2023:06:01:29 -0500] "GET /BLA/resoluciones/dlf/dirup.png HTTP/1.1" 200 644
190.27.6.218 - - [14/Aug/2023:06:01:29 -0500] "GET /BLA/resoluciones/dlf/pdf.gif HTTP/1.1" 200 272
190.27.6.218 - - [14/Aug/2023:06:01:29 -0500] "GET /BLA/resoluciones/index.php?dir=AUTOS+2018%2F HTTP/1.1" 200 462365
190.27.6.218 - - [14/Aug/2023:06:01:30 -0500] "GET /BLA/resoluciones/dlf/bg.gif HTTP/1.1" 200 54
190.27.6.218 - - [14/Aug/2023:06:01:30 -0500] "GET /BLA/resoluciones/dlf/archive.png HTTP/1.1" 200 632
190.27.6.218 - - [14/Aug/2023:06:01:35 -0500] "GET /BLA/resoluciones/ HTTP/1.1" 200 13502
190.27.6.218 - - [14/Aug/2023:06:01:36 -0500] "GET /BLA/resoluciones/dlf/folder.png HTTP/1.1" 200 410
190.27.6.218 - - [14/Aug/2023:06:01:43 -0500] "GET /BLA/resoluciones/index.php?dir=AUTOS+2016%2F HTTP/1.1" 200 331296
216.245.221.92 - - [14/Aug/2023:06:03:14 -0500] "HEAD / HTTP/1.1" 200 -
190.27.6.218 - - [14/Aug/2023:06:04:24 -0500] "GET /BLA/resoluciones/AUTOS%202016/0258.pdf HTTP/1.1" 200 569248
172.22.2.4 - - [14/Aug/2023:06:04:03 -0500] "HEAD /BLA/boletinlegal/ HTTP/1.1" 200 -
201.245.192.253 - - [14/Aug/2023:06:05:43 -0500] "POST /kwsrmcab/Wsrmcab  HTTP/1.1" 200 213
172.22.2.4 - - [14/Aug/2023:06:04:54 -0500] "GET /BLA/boletinlegal/ HTTP/1.1" 200 60692
52.167.144.78 - - [14/Aug/2023:06:06:40 -0500] "GET /Publicaciones/2023EE132560.pdf HTTP/1.1" 404 228
216.245.221.92 - - [14/Aug/2023:06:08:14 -0500] "HEAD / HTTP/1.1" 200 -
201.245.192.253 - - [14/Aug/2023:06:10:42 -0500] "POST /kwsrmcab/Wsrmcab  HTTP/1.1" 200 213
40.77.167.208 - - [14/Aug/2023:06:10:49 -0500] "GET /BLA/resoluciones/RESOLUCIONES%202021/1865.pdf HTTP/1.1" 200 466582
172.22.2.4 - - [14/Aug/2023:06:09:53 -0500] "HEAD /BLA/boletinlegal/ HTTP/1.1" 200 -
172.22.2.4 - - [14/Aug/2023:06:10:44 -0500] "GET /BLA/boletinlegal/ HTTP/1.1" 200 58187
216.245.221.92 - - [14/Aug/2023:06:13:14 -0500] "HEAD / HTTP/1.1" 200 -
201.245.192.253 - - [14/Aug/2023:06:15:40 -0500] "POST /kwsrmcab/Wsrmcab  HTTP/1.1" 200 213
172.22.2.4 - - [14/Aug/2023:06:15:50 -0500] "GET /BLA/boletinlegal/Directivas/2019/Directiva%20No.%200001%20del%2011%20de%20junio%20de%202019.pdf HTTP/1.1" 304 -
69.171.249.118 - - [14/Aug/2023:06:16:11 -0500] "GET /movilidad-sostenible-para-mitigar-el-cambio-climatico.html HTTP/1.1" 200 768
173.252.83.10 - - [14/Aug/2023:06:16:27 -0500] "GET /images/asistentes%20Foro%20sobre%20movilidad%20sostenible.jpg HTTP/1.1" 200 46965
172.22.2.4 - - [14/Aug/2023:06:15:43 -0500] "HEAD /BLA/boletinlegal/ HTTP/1.1" 200 -
172.22.2.4 - - [14/Aug/2023:06:16:34 -0500] "GET /BLA/boletinlegal/ HTTP/1.1" 200 52656
216.245.221.92 - - [14/Aug/2023:06:18:14 -0500] "HEAD / HTTP/1.1" 200 -
201.245.192.253 - - [14/Aug/2023:06:18:52 -0500] "POST /kwsrmcab/Wsrmcab HTTP/1.1" 200 43869
201.245.192.253 - - [14/Aug/2023:06:18:55 -0500] "POST /kwsrmcab/Wsrmcab HTTP/1.1" 200 41592
186.102.10.14 - - [14/Aug/2023:06:19:05 -0500] "GET /kwssiamovil/sm/ldap/au?x=U2FsdGVkX197y4BZH+mb/I2pVrGPOipY0gq5waQkbyTm42lyjZm+0XNcQTliPDJJSnkAUJD/YzjurnPeHgvCpg==&y=U2FsdGVkX19dmnRTkfYzqo4dOcd7orav8TzwB/hBP6mWCPElWj6j0oEEJGWnJwbq HTTP/1.1" 200 30
186.102.10.14 - - [14/Aug/2023:06:19:05 -0500] "GET /kwssiamovil/sm/acme/s?s=U2FsdGVkX1+0rS/C2HQ52XLXV95UAYGScvxGeZmNPfG/SlvwKLJAAAisPunREKZFY6hS10moSkZYZBncVtZIVARVeV+pkWJ64Nsay6OmhNE=&u=U2FsdGVkX1/59HUKkAKSZdEC6OGR/ooGrBvStDc5bCLa7gLR97rib80kf3xfP0DN&y=U2FsdGVkX19dmnRTkfYzqo4dOcd7orav8TzwB/hBP6mWCPElWj6j0oEEJGWnJwbq HTTP/1.1" 200 97
186.102.10.14 - - [14/Aug/2023:06:19:05 -0500] "GET /kwssiamovil/sm/acme/s?s=U2FsdGVkX18u6yWiPUX6LFxgtAXs1E7F2HSqm7rWrNuIeJ2MaWHdovehENnEn5i+9fwPjFsfn5mPSB2o7kh4srFYYXWvh1BrcZcyG5bP+Ce1GPEChYGXxr9BtUJ3LP0nAKNAiW2yQfO7ZolHohbX61qIh3zUdioPUzDSASfL9zA2k9QLqrGi8ieUEBoh+iK1tU41YcBHVEZeDkqFHRYHUdjby4kPtU1i2fSiFhMVE9JhzbNzsyJ3O86BTZVGgbj/brDHotCz3UvSot7VuBOX+gqPBnsxYMExkP9ir9k6FOdYIB/hjx7zzNscRFf0rYsVl8GadU5Xg9fuPNtj4JaQvOpDswPNANshRR4f4LvVrxPLoOO87PN402jkoFef2+G04XURFnlJyN6OTOYTAHRUFb/drJohtqSwwwZupZQdjzkvSYOLr2zhmrtm0mtYW9ozUPgrzEUuaHlX8GQVyBqjMiFRcBl9QavJ2mTfRbVQR6YjHzwsIq/1ODfjNPA3L6l/ihlty8K7F5sQ6wyIaAkC6WolnM9k8i+jAKg2Iu3ffA7HICx9FZflRl9+HuFZY5RTqWtZ1773rmnCYWPHzcTy9UkgRt1mav23GUTzEYkPLNwhqc19UFBl64WrLwtDFtBeQO92m69GCoSyDx9TfeHptTMDJy1Nb/jMyJwOdjJbKxr07rxh+9kcPsCBVzmmumPqiClmv7wOTBSSdn5iWQf8OCM3tSHN17EF5/yfR+uGOZva4Dk6s1j23YM1u7mIDmwAGFd8oaGidgd23GrcbPqDgXqJwEyBRITpQBKeBX3wK5c55lwWx9AWT93f0GbXCHh1IuibXbJ5o0JyroziFu+QJ5mYt7o//LPThXrjR2MPbgFN/efR62e4SKxY9U8biVXr6GJ1MBWtRyy0bSN7nszijtxhtDHyqZ/484XHXRXQPFJyBEhdlSOy91RN7VWl5bsAdWkfbG+aC7KhFPpAHQMfLcrkv9J6bpm1V96pFSm07edtP8F2xOTN6X420LgvjsCeaZcQBZEsnbMlH2wiK/wcPPMjbcBS9D1Sn4ogtql+nZJeJoT8loracaJMaW0wzWY42ypaAyrVnEXZMFBMxjwYk4cTNCoyQ8UVBuYByuUUo/LWe5xwxMZZmSlmWMHbJQqhdhLPeNCSMfHI9TDKJU85PPJ00zyylJG1sL1MkD/eHJSaidvfhei8+FnM90LYgAOtXiWrWcDBT3wL+Jx0sfd5BiBLIwJ/dslybgWSoVT0xcfBFW0P1Nvc9a89VB2Lt0JqMhOQvvQ3i3CaLtWKzM2eW1kU6CQ1jEBEqw3Q9VelPRUHDP6iERfjjyhTNiNP7syLwKeIBdaZz1/VTIaYiA+zci8xRDO79bpbAJyxcWPRHi05FFpD9oCi2nmAVfWNGgyMa1V+GPNikT+Xn5MhG+F6g4wpmNpYoXkhLAsLYesCHLfoKighd1cm6hPnciw5mJndw+wwwYzB55obZHJER+U4GsXZM6SVuRZXewzct7HtazpYzyRIG072UZNA67TMdV8LamtTxzidzJeKOkCdE7n6zznYqqpStxEJx5tyBow3kxCS9I9XSUHV8EWVkeI33HKtd2US410DEUw8cEVBcySj/rfUMYPOqlFwP03OVbTGYhW9aKI7QVkr9Fuj0asi9GDqQHCORQ/MGVQWI1DiopXQQcGh1aQQv9/Me+Dp2Z+UzgOqODK0t8d/I9oFs5LhKI17c35gpacBBs1XvM66W3++6r6Fw9GVc3w4kO0mR8WLJ1cRA3NvT2zNLmM0dXGHiHe6&u=U2FsdGVkX1/59HUKkAKSZdEC6OGR/ooGrBvStDc5bCLa7gLR97rib80kf3xfP0DN&y=U2FsdGVkX19dmnRTkfYzqo4dOcd7orav8TzwB/hBP6mWCPElWj6j0oEEJGWnJwbq HTTP/1.1" 200 525
186.102.10.14 - - [14/Aug/2023:06:19:05 -0500] "GET /kwssiamovil/sm/acme/s?s=U2FsdGVkX1+6KmLXFcelx65He3xr4Bk0PU8/UX3cIDXaC5a6UNkWrzpWoFx6Uk6Er/4kcMAwecEUzaZKssiJR12zMmHpaIEma3JFEN8t9be5t+q7PzPRfdTTlvjx4nMzMdMvAiRSpcby9V5+ZonnNN17ExHhSZ/N4OWOXsPHOZ8I2AT3YTejv/EDKdxuefONCzR7i0dE/1GOKPLKV7QJlYnZYqPRf1n0uo3TGCuVRyeo6llrraknRYfQSylORj3WC4infkBxvb/8KyxiOleVRcGQYsYWwhyLlQeERl6ad6JQ1j4rtNNZMJAWb6Wi5bG0+ImhcLY33fiH55qdwpPbci4ksDFO3wA6IWMVlhXulEG4ehyFFUdvMIgq4TIJMGLemwde24iVWc8k7AYxzMRkv3uF7UGtuz6W3vYU2Jgh1wIqn2PIUpegfiq6u09Icp1sCna60Y3pFrmxqdAYnR72F78w598ER0K/ehjDZufQg+HUzOTcX9AjbEUr7Vj4eKGTXQCp/7GPKI4x83MfYlDYFxsMw3KY3vzbb0YS84AGK0WlVXJlqUQoe5JymphJ/koTY/6NN313IEUaEeY2qiUWuPyvV6c7wSldoYyiP9+7Se63tGyEol5Htsc0j/hQKX0uRV4e4KIY9SntCeT1QFVviSVzaYCD+FxRlgopJO06lbGWV735g6wMZ+3rDnIG2r1fNdcl9UqzsZTaCk729XrcJ3mjKubGg+EXGJqM0lfzvzwlXaxEttb3fEtTozAx1QEfiOq14/dxVdBrWrCPI4HgaQ==&u=U2FsdGVkX1/59HUKkAKSZdEC6OGR/ooGrBvStDc5bCLa7gLR97rib80kf3xfP0DN&y=U2FsdGVkX19dmnRTkfYzqo4dOcd7orav8TzwB/hBP6mWCPElWj6j0oEEJGWnJwbq HTTP/1.1" 200 352
186.102.10.14 - - [14/Aug/2023:06:19:06 -0500] "GET /kwssiamovil/sm/cjson/pre?f=18&x=U2FsdGVkX197y4BZH+mb/I2pVrGPOipY0gq5waQkbyTm42lyjZm+0XNcQTliPDJJSnkAUJD/YzjurnPeHgvCpg== HTTP/1.1" 200 32849
186.102.10.14 - - [14/Aug/2023:06:19:06 -0500] "GET /kwssiamovil/sm/cjson/pre?f=9&x=U2FsdGVkX197y4BZH+mb/I2pVrGPOipY0gq5waQkbyTm42lyjZm+0XNcQTliPDJJSnkAUJD/YzjurnPeHgvCpg== HTTP/1.1" 200 25142
179.19.103.194 - - [14/Aug/2023:06:19:28 -0500] "GET /bogota-empieza-la-consolidacion-de-la-estrategia-de-bosques-urbanos-con-el-brazo-salitre-en-barrios-unidos.html?utm_source=Youtube_DIGI&utm_medium=CPV&utm_campaign=BosquesUrbanos&utm_id=Agosto_2023&gclid=Cj0KCQjwoeemBhCfARIsADR2QCuceQilEuTPW82fBpLr4WsQ14BnHaHu5D4ptOL7nY4LYyiXaYT_7S4aAkD0EALw_wcB HTTP/1.1" 200 892
201.245.192.253 - - [14/Aug/2023:06:20:39 -0500] "POST /kwsrmcab/Wsrmcab  HTTP/1.1" 200 213
172.22.2.4 - - [14/Aug/2023:06:21:33 -0500] "HEAD /BLA/boletinlegal/ HTTP/1.1" 200 -
216.245.221.92 - - [14/Aug/2023:06:23:14 -0500] "HEAD / HTTP/1.1" 200 -
172.22.2.4 - - [14/Aug/2023:06:22:24 -0500] "GET /BLA/boletinlegal/ HTTP/1.1" 200 60692
64.124.8.31 - - [14/Aug/2023:06:24:45 -0500] "GET /robots.txt HTTP/1.1" 404 1035
64.124.8.31 - - [14/Aug/2023:06:24:46 -0500] "GET /portaldeninos/feed/ HTTP/1.1" 200 77259
201.245.192.253 - - [14/Aug/2023:06:25:38 -0500] "POST /kwsrmcab/Wsrmcab  HTTP/1.1" 200 213
52.167.144.25 - - [14/Aug/2023:06:26:07 -0500] "GET /BLA/resoluciones/AUTOS%202014/0613.pdf HTTP/1.1" 304 -
216.245.221.92 - - [14/Aug/2023:06:28:14 -0500] "HEAD / HTTP/1.1" 200 -
201.245.192.253 - - [14/Aug/2023:06:28:52 -0500] "POST /kwsrmcab/Wsrmcab HTTP/1.1" 200 43869
201.245.192.253 - - [14/Aug/2023:06:28:55 -0500] "POST /kwsrmcab/Wsrmcab HTTP/1.1" 200 41592
172.22.2.4 - - [14/Aug/2023:06:27:23 -0500] "HEAD /BLA/boletinlegal/ HTTP/1.1" 200 -
172.22.2.4 - - [14/Aug/2023:06:28:14 -0500] "GET /BLA/boletinlegal/ HTTP/1.1" 200 58187
156.146.36.214 - - [14/Aug/2023:06:30:07 -0500] "GET /wp-login.php HTTP/1.1" 404 1018
181.59.2.176 - - [14/Aug/2023:06:30:38 -0500] "GET /movilidad-sostenible-para-mitigar-el-cambio-climatico.html?fbclid=IwAR1nvpvH1zEZ0E_vDDkXY-KWDTlPL1jYFglC9SsccJKGfw9dPMRqnti4zcs HTTP/1.1" 200 768
201.245.192.253 - - [14/Aug/2023:06:30:36 -0500] "POST /kwsrmcab/Wsrmcab  HTTP/1.1" 200 213
52.167.144.78 - - [14/Aug/2023:06:31:24 -0500] "GET /BLA/resoluciones/AUTOS%202022/2862.pdf HTTP/1.1" 304 -
216.245.221.92 - - [14/Aug/2023:06:33:14 -0500] "HEAD / HTTP/1.1" 200 -
66.249.66.194 - - [14/Aug/2023:06:33:24 -0500] "GET /bogota-reverdece-219-nuevos-arboles-plantados-en-ciudad-bolivar.html HTTP/1.1" 200 849
66.249.66.194 - - [14/Aug/2023:06:33:28 -0500] "GET /bogota-reverdece-219-nuevos-arboles-plantados-en-ciudad-bolivar.html HTTP/1.1" 200 849
113.207.1.133 - - [14/Aug/2023:06:34:13 -0500] "GET /galeria/galeria/fotos/Huemdal-el-Tunjo1P.jpg HTTP/1.1" 200 24430
172.22.2.4 - - [14/Aug/2023:06:33:13 -0500] "HEAD /BLA/boletinlegal/ HTTP/1.1" 200 -
172.22.2.4 - - [14/Aug/2023:06:35:30 -0500] "GET /BLA/boletinlegal/actos.php HTTP/1.1" 200 9682
52.167.144.81 - - [14/Aug/2023:06:35:30 -0500] "GET /mas-de-1300-tinguas-fueron-recuperadas-en-epoca-migratoria-en-bogota.html HTTP/1.1" 304 -
201.245.192.253 - - [14/Aug/2023:06:35:35 -0500] "POST /kwsrmcab/Wsrmcab  HTTP/1.1" 200 213
172.22.2.4 - - [14/Aug/2023:06:34:04 -0500] "GET /BLA/boletinlegal/ HTTP/1.1" 200 53766
216.245.221.92 - - [14/Aug/2023:06:38:14 -0500] "HEAD / HTTP/1.1" 200 -
172.22.2.4 - - [14/Aug/2023:06:38:20 -0500] "GET /BLA/boletinlegal/Circulares/2018/CIRCULAR%20COJUNTA%20042%20DE%202018.pdf HTTP/1.1" 200 515008
201.245.192.253 - - [14/Aug/2023:06:38:51 -0500] "POST /kwsrmcab/Wsrmcab HTTP/1.1" 200 43869
201.245.192.253 - - [14/Aug/2023:06:38:54 -0500] "POST /kwsrmcab/Wsrmcab HTTP/1.1" 200 41592
201.245.192.253 - - [14/Aug/2023:06:40:34 -0500] "POST /kwsrmcab/Wsrmcab  HTTP/1.1" 200 213
172.22.2.4 - - [14/Aug/2023:06:39:03 -0500] "HEAD /BLA/boletinlegal/ HTTP/1.1" 200 -
172.22.2.4 - - [14/Aug/2023:06:39:54 -0500] "GET /BLA/boletinlegal/ HTTP/1.1" 200 57790
201.185.104.190 - - [14/Aug/2023:06:41:35 -0500] "GET /mesa/contrasena.pdf HTTP/1.1" 200 443199
216.245.221.92 - - [14/Aug/2023:06:43:14 -0500] "HEAD / HTTP/1.1" 200 -
66.249.70.6 - - [14/Aug/2023:06:45:03 -0500] "GET /robots.txt HTTP/1.1" 404 1018
66.249.70.7 - - [14/Aug/2023:06:45:03 -0500] "GET /videos/ambiente-ciudad/playlist.htm HTTP/1.1" 200 4429
186.102.27.207 - - [14/Aug/2023:06:45:04 -0500] "GET /kwssiamovil/sm/ldap/au?x=U2FsdGVkX19/dJJLVFl7akKpv8/tTUuTyR7XoDV+ot951irNdWzQ8C3j67gDjnyV&y=U2FsdGVkX1/OcCFqCwdqAlqZCb+T/kkijcn1shwLkc5FaypM5+uMhKz8wd6ILEG2 HTTP/1.1" 200 31
66.249.70.5 - - [14/Aug/2023:06:45:06 -0500] "GET /videos/ambiente-ciudad/js/jplayer.playlist.min.js HTTP/1.1" 200 8608
66.249.70.7 - - [14/Aug/2023:06:45:07 -0500] "GET /videos/ambiente-ciudad/skin/blue.monday/jplayer.blue.monday.css HTTP/1.1" 200 12518
66.249.70.5 - - [14/Aug/2023:06:45:07 -0500] "GET /videos/ambiente-ciudad/js/jquery.jplayer.min.js HTTP/1.1" 200 43764
186.102.27.207 - - [14/Aug/2023:06:45:25 -0500] "GET /kwssiamovil/sm/ldap/au?x=U2FsdGVkX18eh7ZhWYNPegtSgILqM+NJmvsSFpeGhzPeDzc371Cf6xMrMmXBMEyM&y=U2FsdGVkX19f9u/DoLCtI/uNojO7IxySpI8X+huCRkWeGmJfOpPXDntaIQ3QhyZW HTTP/1.1" 200 30
186.102.27.207 - - [14/Aug/2023:06:45:25 -0500] "GET /kwssiamovil/sm/acme/s?s=U2FsdGVkX196WeLr5nRMlYUNgYfg/+nD/cPaiGG5W8kmhaKhDzXsrcS0vQHqErRcK1oSqm64bD4DhihXYywrbm3j4XHjBGVRgZLqFF/Y2VA=&u=U2FsdGVkX1/b0KTMYZj3+/Zqlu09il4eGitc2wHe6mM=&y=U2FsdGVkX19f9u/DoLCtI/uNojO7IxySpI8X+huCRkWeGmJfOpPXDntaIQ3QhyZW HTTP/1.1" 200 97
186.102.27.207 - - [14/Aug/2023:06:45:26 -0500] "GET /kwssiamovil/sm/acme/s?s=U2FsdGVkX18pgy+xTG6QrOBJmsgzHIFeKGyLkEfH0rafcg1NLBDx7Q+6o1fWOip+E0+LajgPZQwIzTw38bpoGzD3uIjVef1vv1+vdCnunBS+n6u9zt7r1CPCH2Kbd1ayVyNUDIYkv27KdtbjhcisuXF9/PavNyBZ9Vn2ec/NYJtdE23cyMqZlLMA8oXy7TLvlNY33MzPdHJhFFwD/G8o1WQncHy1FUmC3vFbbCJPz5W0cbtAjO/pQrkn+GeCM2SxIQTVOHmcBUqPoqLyjUmDgChb1KWT3TWB8c20CmQVaNosTc0HI4cvF5BInbY3JeCCW57G+t+9zpDAZLcBh0ZYz+pKEuESW5n1P4HafyTAGeCS30aSBTxLHAVkdQAmebHjA3HhdHp/6y085Qz7P6DRRsKqhdE9bIQDMp1/6O03VdgG7JPIJjngUB/MoO7LKd2ZyYA3LQFHnuUe3aToP65XlnuIP2iC/TtRbWkJ7gASXXQaRffMf/g6ctWvVwXfh1UwR4rSzY1ZljrJe+3ZdpzLTdZQzSYMx2+3Zg+f4q5cVRN1fZU1coWVoGOttO3LAJf3tr+doJwep1skUfqV36QuLlK0UsTqCkj5tkftxJ+n7l1kCrT5I6cjV3r72/rlnLNsZfdsPMzkaV9NdKIGlRKtlehq6N/OWejA7+XB9NU/nIzX4Wz2Q2nGstipX7Dy63ZcuosY1ZF91OorOZa3Jx/RrQPmTdWUVZBjLWqQs+9/b8P0C94pRHGZQ8OiC+Sa7P4WpTu6rMt5YN4UU+mdyqmy/C5T8PurwCloOfNjby1DGu+2ao/V9q94g9bEwlkZAIAWyH1rmi3968GNYLUkQnVrT/V1BygpoPr3s9zMKoPeeAddffiL+Cfvkkj71xpaT9dXjOYqI+B0t/UYOwTF7FZiO+v1kmzTUIoO6EXpdGaNkMliW6XLfBJuecVj09CT+aBiNXb3dvUCnVNbxcbYo8hgbonl6HZj3tT/sXI0pL82WcUoJqvcE73QXQTdqYWt9xi8eei23dMQm/z2WTtCbcKF53oUMLvruCeJWXumOf4+ACM/YM6KOLce/oTsiaqdXbuHOkJ1zFG1ekgZN5cSvZu+hz4UrvgjwrCXLAXZJzZF4QjCEY/CIN639SawHnpf7SdXtCa3tz+5kewLQ7c2yHxsPOjtKu4o0Fh9gQS45B4P7tos0Sk0q1p3bj1Yx8gTZ/kUB6joKIEGYZrQ6hvwklGin8ZM1hbOdEsIyvMeCNqzilvELCx48VX0TzDNyFF/RmYRL/aR6xqSMG+NE1/9oPVSUv0orPbmdgnqHi+UhXdhJxqEwOaVySaowiaPnokLCylZnS5GbdN6Z80N7XlainFrz6/HDxQFAfMqJFGt4H3QvJfghr4Jzsz++F+sKfVuF7zGM/D3H562iC1ANCZVNpYks/Nc8Mi9bAko2glaROw6E+wg+YKXFiD5Dn9rGyQW5c5ZNgEOveUr9KWwub8S3JK8UhHB7H7rwArLPNkEkgDQrf9Zf5ISYOLYE2y3Ync+0/TPk5sqTF5JWq6uI/TyR/EvM4ihJR3PXKWv6E3hn4ikPBwWJD+VoVPqEtjEXERp+KureACTCgNExC1+dOYJVAy4mUmbYaTkqxT1ZkSzwpjBlOUts0hJB3BuXdM81Rhm4G3Po+MQxPAdkHMx4CVS4xEH7GGWVL/7FU5FsXfFi7fZOF+m+Ow81gdgTZqDI1Yub65KY/jgOQNEtZlfS5X0DMNRT1fl/izcC1L9JDI1TRvG6UI=&u=U2FsdGVkX1/b0KTMYZj3+/Zqlu09il4eGitc2wHe6mM=&y=U2FsdGVkX19f9u/DoLCtI/uNojO7IxySpI8X+huCRkWeGmJfOpPXDntaIQ3QhyZW HTTP/1.1" 200 1587
186.102.27.207 - - [14/Aug/2023:06:45:26 -0500] "GET /kwssiamovil/sm/acme/s?s=U2FsdGVkX196T2j8ouXMVMyZnNyTT7f2oKE1yBh7JpRqTl4lvxQO8fB1a6beG2d42FWA1ohOMt0ijl2xbP0zvHJb9umSIAcQUOs8PzGBFF9DRHBzExw89X+jaX00lQ5MEY7ohV/He1DCgQgKb318xf7vKCwxuwTcwvTMhnL6ahY8GVojZ2NHSrHC1kbWgqB4mBLCRaL16ML2dOKe1gJeQypAOTv/ue9ra4nv/9ny0RM4WWu6rHwrHn7LzZdq1mnpEAVBbjzmd5HHO4WTuiztsRM5PSQY/2FK4/rRifty2q0Z7LlJdv6rUYclhj0uEIBKKgif6cWoKFFU8KayyEBtr/afsT7+G0ms3KNPdp77mKwuJtXaoIk9W/pNxfROrrroA8cfVWePH+omy+dO5FvW0RgMdVdsFTWY2Kg2AzRMbE99CfyGreFXdklpKpe34nQLspnD/uztWvVcgYAym2YDe0x7qWIZTLe7unRtZPhTrkF8h+LAotxUTNAUkn/UO9YyLcOzPfry3wY7rbcC0QEVObkz011fU7VBeLIOSN+PSTkbSIggay+vrpkkOfpRR4QOGuBdq1NvsBbP5djYrAuYlSlU36h3uLgWahXOZ6GzIn5GkqJV+UlGioAWh2CuOevZc68qukvrg1Id/OGMzxGnccjMNwEh02RpuNekGQrwzpePtWVYFDcPzEoPNtQgPzXepz4ZCgmiF8kozb47CKu4Sr7AJB5CFeE1+QYOZxQlLinjWk0mVnXknjXPDLTMiCXm&u=U2FsdGVkX1/b0KTMYZj3+/Zqlu09il4eGitc2wHe6mM=&y=U2FsdGVkX19f9u/DoLCtI/uNojO7IxySpI8X+huCRkWeGmJfOpPXDntaIQ3QhyZW HTTP/1.1" 200 208
186.102.27.207 - - [14/Aug/2023:06:45:26 -0500] "GET /kwssiamovil/sm/cjson/pre?f=1&x=U2FsdGVkX18eh7ZhWYNPegtSgILqM+NJmvsSFpeGhzPeDzc371Cf6xMrMmXBMEyM HTTP/1.1" 200 31032
201.245.192.253 - - [14/Aug/2023:06:45:33 -0500] "POST /kwsrmcab/Wsrmcab  HTTP/1.1" 200 213
172.22.2.4 - - [14/Aug/2023:06:44:53 -0500] "HEAD /BLA/boletinlegal/ HTTP/1.1" 200 -
172.22.2.4 - - [14/Aug/2023:06:45:44 -0500] "GET /BLA/boletinlegal/ HTTP/1.1" 200 54597
216.245.221.92 - - [14/Aug/2023:06:48:14 -0500] "HEAD / HTTP/1.1" 200 -
40.77.167.208 - - [14/Aug/2023:06:49:01 -0500] "GET /BLA/resoluciones/index.php?dir=RESOLUCIONES+1992%2F HTTP/1.1" 200 2871
40.77.167.208 - - [14/Aug/2023:06:49:22 -0500] "GET /BLA/resoluciones/dlf/styles.css HTTP/1.1" 200 3049
201.245.192.253 - - [14/Aug/2023:06:50:32 -0500] "POST /kwsrmcab/Wsrmcab  HTTP/1.1" 200 213
172.22.2.4 - - [14/Aug/2023:06:50:43 -0500] "HEAD /BLA/boletinlegal/ HTTP/1.1" 200 -
172.22.2.4 - - [14/Aug/2023:06:51:34 -0500] "GET /BLA/boletinlegal/ HTTP/1.1" 200 58187
216.245.221.92 - - [14/Aug/2023:06:53:14 -0500] "HEAD / HTTP/1.1" 200 -
66.249.66.192 - - [14/Aug/2023:06:53:16 -0500] "GET /mas-de-28-toneladas-de-residuos-se-recolectaron-en-la-primera-reciclaton-2023.html HTTP/1.1" 304 -
172.22.2.4 - - [14/Aug/2023:06:53:28 -0500] "GET /BLA/boletinlegal/style.css HTTP/1.1" 200 9406
172.22.2.4 - - [14/Aug/2023:06:53:28 -0500] "GET /BLA/boletinlegal/styles2.css HTTP/1.1" 200 1838
172.22.2.4 - - [14/Aug/2023:06:53:28 -0500] "GET /BLA/boletinlegal/js/jquery.js HTTP/1.1" 200 57254
172.22.2.4 - - [14/Aug/2023:06:53:28 -0500] "GET /BLA/boletinlegal/js/jquery.scrollTo-min.js HTTP/1.1" 200 1150
172.22.2.4 - - [14/Aug/2023:06:53:28 -0500] "GET /BLA/boletinlegal/js/jquery.scrollShow.js HTTP/1.1" 200 4586
172.22.2.4 - - [14/Aug/2023:06:53:28 -0500] "GET /BLA/boletinlegal/images/cabezote%20BLEGAL.jpg HTTP/1.1" 200 118164
172.22.2.4 - - [14/Aug/2023:06:53:28 -0500] "GET /BLA/boletinlegal/images/subscribe-icon-big.png HTTP/1.1" 200 47702
172.22.2.4 - - [14/Aug/2023:06:53:28 -0500] "GET /BLA/boletinlegal/images/historia.png HTTP/1.1" 200 52775
172.22.2.4 - - [14/Aug/2023:06:53:28 -0500] "GET /BLA/boletinlegal/images/registro-usuarios.png HTTP/1.1" 200 8106
172.22.2.4 - - [14/Aug/2023:06:53:28 -0500] "GET /BLA/boletinlegal/images/arr_l.jpg HTTP/1.1" 200 1979
172.22.2.4 - - [14/Aug/2023:06:53:28 -0500] "GET /BLA/boletinlegal/images/body_bg.jpg HTTP/1.1" 200 1601
172.22.2.4 - - [14/Aug/2023:06:53:28 -0500] "GET /BLA/boletinlegal/images/screen_1.png HTTP/1.1" 200 202547
172.22.2.4 - - [14/Aug/2023:06:53:28 -0500] "GET /BLA/boletinlegal/images/launch.jpg HTTP/1.1" 200 14577
172.22.2.4 - - [14/Aug/2023:06:53:28 -0500] "GET /BLA/boletinlegal/images/menu_rght.gif HTTP/1.1" 200 1627
172.22.2.4 - - [14/Aug/2023:06:53:28 -0500] "GET /BLA/boletinlegal/images/bg_top.jpg HTTP/1.1" 200 522
172.22.2.4 - - [14/Aug/2023:06:53:28 -0500] "GET /BLA/boletinlegal/images/menu_bg.jpg HTTP/1.1" 200 620
172.22.2.4 - - [14/Aug/2023:06:53:28 -0500] "GET /BLA/boletinlegal/images/text.jpg HTTP/1.1" 200 568
172.22.2.4 - - [14/Aug/2023:06:53:28 -0500] "GET /BLA/boletinlegal/images/hover.jpg HTTP/1.1" 200 640
172.22.2.4 - - [14/Aug/2023:06:53:28 -0500] "GET /BLA/boletinlegal/images/menu_lft.gif HTTP/1.1" 200 1713
172.22.2.4 - - [14/Aug/2023:06:53:31 -0500] "GET /BLA/boletinlegal/actos.php HTTP/1.1" 200 9682
172.22.2.4 - - [14/Aug/2023:06:53:31 -0500] "GET /BLA/boletinlegal/js/ajax_actos.js HTTP/1.1" 200 1322
172.22.2.4 - - [14/Aug/2023:06:53:31 -0500] "GET /BLA/boletinlegal/niceforms.js HTTP/1.1" 200 22876
172.22.2.4 - - [14/Aug/2023:06:53:31 -0500] "GET /BLA/boletinlegal/niceforms-default.css HTTP/1.1" 200 6694
172.22.2.4 - - [14/Aug/2023:06:53:31 -0500] "GET /BLA/boletinlegal/js/lib.js HTTP/1.1" 200 6474
172.22.2.4 - - [14/Aug/2023:06:53:31 -0500] "GET /BLA/boletinlegal/js/popup.js HTTP/1.1" 200 1270
172.22.2.4 - - [14/Aug/2023:06:53:31 -0500] "GET /BLA/boletinlegal/js/jquery1.js HTTP/1.1" 200 29846
172.22.2.4 - - [14/Aug/2023:06:53:31 -0500] "GET /BLA/boletinlegal/images/green-yellow-blue-pink-th.png HTTP/1.1" 200 7394
172.22.2.4 - - [14/Aug/2023:06:53:31 -0500] "GET /BLA/boletinlegal/images/tel.png HTTP/1.1" 200 14477
172.22.2.4 - - [14/Aug/2023:06:53:31 -0500] "GET /BLA/boletinlegal/images/icono-email.png HTTP/1.1" 200 5544
172.22.2.4 - - [14/Aug/2023:06:53:31 -0500] "GET /BLA/boletinlegal/images/footer_bg.jpg HTTP/1.1" 200 586
172.22.2.4 - - [14/Aug/2023:06:53:31 -0500] "GET /BLA/boletinlegal/images/footer_bg_l.jpg HTTP/1.1" 200 776
172.22.2.4 - - [14/Aug/2023:06:53:31 -0500] "GET /BLA/boletinlegal/img/0.png HTTP/1.1" 200 110
172.22.2.4 - - [14/Aug/2023:06:53:31 -0500] "GET /BLA/boletinlegal/img/select-left.png HTTP/1.1" 200 263
172.22.2.4 - - [14/Aug/2023:06:53:31 -0500] "GET /BLA/boletinlegal/img/select-right.png HTTP/1.1" 200 44019
172.22.2.4 - - [14/Aug/2023:06:53:31 -0500] "GET /BLA/boletinlegal/img/button-right.png HTTP/1.1" 200 57878
172.22.2.4 - - [14/Aug/2023:06:53:31 -0500] "GET /BLA/boletinlegal/img/button.png HTTP/1.1" 200 43241
172.22.2.4 - - [14/Aug/2023:06:53:31 -0500] "GET /BLA/boletinlegal/img/button-left.png HTTP/1.1" 200 57071
172.22.2.4 - - [14/Aug/2023:06:53:31 -0500] "GET /BLA/boletinlegal/favicon.ico HTTP/1.1" 404 1326
186.84.22.100 - - [14/Aug/2023:06:53:33 -0500] "GET /BLA/resoluciones/dlf/styles.css HTTP/1.1" 200 3049
186.84.22.100 - - [14/Aug/2023:06:53:33 -0500] "GET /BLA/resoluciones/ HTTP/1.1" 200 13502
186.84.22.100 - - [14/Aug/2023:06:53:33 -0500] "GET /BLA/resoluciones/dlf/folder.png HTTP/1.1" 200 410
186.84.22.100 - - [14/Aug/2023:06:53:33 -0500] "GET /BLA/resoluciones/dlf/bg.gif HTTP/1.1" 200 54
186.84.22.100 - - [14/Aug/2023:06:53:33 -0500] "GET /favicon.ico HTTP/1.1" 200 7782
186.84.22.100 - - [14/Aug/2023:06:53:36 -0500] "GET /BLA/resoluciones/dlf/dirup.png HTTP/1.1" 200 644
186.84.22.100 - - [14/Aug/2023:06:53:36 -0500] "GET /BLA/resoluciones/dlf/pdf.gif HTTP/1.1" 200 272
186.84.22.100 - - [14/Aug/2023:06:53:36 -0500] "GET /BLA/resoluciones/dlf/archive.png HTTP/1.1" 200 632
186.84.22.100 - - [14/Aug/2023:06:53:36 -0500] "GET /BLA/resoluciones/index.php?dir=AUTOS+2023%2F HTTP/1.1" 200 214147
186.84.22.100 - - [14/Aug/2023:06:53:50 -0500] "GET /BLA/resoluciones/AUTOS%202023/3161.pdf HTTP/1.1" 200 325833
172.22.2.4 - - [14/Aug/2023:06:53:28 -0500] "GET /BLA/boletinlegal/ HTTP/1.1" 200 24523
172.22.2.4 - - [14/Aug/2023:06:54:57 -0500] "GET /BLA/boletinlegal/actos.php HTTP/1.1" 200 9682
172.22.2.4 - - [14/Aug/2023:06:55:08 -0500] "GET /BLA/boletinlegal/consulta_actos.php?tipo=resoluciones&no=&usuario=&sector=&fecha=2023&resuelve= HTTP/1.1" 200 171697
201.245.192.253 - - [14/Aug/2023:06:55:25 -0500] "GET /sipse/faces/index.xhtml HTTP/1.1" 200 677
201.245.192.253 - - [14/Aug/2023:06:55:25 -0500] "GET /sipse/faces/javax.faces.resource/theme.css?ln=primefaces-sipse HTTP/1.1" 304 -
201.245.192.253 - - [14/Aug/2023:06:55:25 -0500] "GET /sipse/faces/faces/autenticacion.xhtml HTTP/1.1" 200 12170
201.245.192.253 - - [14/Aug/2023:06:55:25 -0500] "GET /sipse/js/disable_browser_buttons.js HTTP/1.1" 304 -
201.245.192.253 - - [14/Aug/2023:06:55:25 -0500] "GET /sipse/css/custom_css_sg.css HTTP/1.1" 304 -
201.245.192.253 - - [14/Aug/2023:06:55:25 -0500] "GET /sipse/js/funciones.js HTTP/1.1" 304 -
201.245.192.253 - - [14/Aug/2023:06:55:25 -0500] "GET /sipse/css/custom_css_sg_prime_login.css HTTP/1.1" 304 -
201.245.192.253 - - [14/Aug/2023:06:55:25 -0500] "GET /sipse/faces/javax.faces.resource/primefaces.css?ln=primefaces&v=4.0 HTTP/1.1" 304 -
201.245.192.253 - - [14/Aug/2023:06:55:25 -0500] "GET /sipse/faces/javax.faces.resource/jquery/jquery.js?ln=primefaces&v=4.0 HTTP/1.1" 304 -
201.245.192.253 - - [14/Aug/2023:06:55:25 -0500] "GET /sipse/faces/javax.faces.resource/jquery/jquery-plugins.js?ln=primefaces&v=4.0 HTTP/1.1" 304 -
201.245.192.253 - - [14/Aug/2023:06:55:25 -0500] "GET /sipse/faces/javax.faces.resource/theme.css?ln=primefaces-sipse HTTP/1.1" 304 -
201.245.192.253 - - [14/Aug/2023:06:55:25 -0500] "GET /sipse/faces/javax.faces.resource/primefaces.js?ln=primefaces&v=4.0 HTTP/1.1" 304 -
201.245.192.253 - - [14/Aug/2023:06:55:25 -0500] "GET /sipse/faces/javax.faces.resource/layout/layout.css?ln=primefaces&v=4.0 HTTP/1.1" 304 -
201.245.192.253 - - [14/Aug/2023:06:55:25 -0500] "GET /sipse/faces/javax.faces.resource/layout/layout.js?ln=primefaces&v=4.0 HTTP/1.1" 304 -
201.245.192.253 - - [14/Aug/2023:06:55:25 -0500] "GET /sipse/css/imagen/logoSDG.png HTTP/1.1" 304 -
201.245.192.253 - - [14/Aug/2023:06:55:25 -0500] "GET /sipse/css/imagen/loginimg.png HTTP/1.1" 304 -
201.245.192.253 - - [14/Aug/2023:06:55:25 -0500] "GET /sipse/faces/javax.faces.resource/images/ui-icons_898989_256x240.png?ln=primefaces-aristo HTTP/1.1" 304 -
201.245.192.253 - - [14/Aug/2023:06:55:28 -0500] "POST /sipse/faces/autenticacion.xhtml HTTP/1.1" 200 16780
201.245.192.253 - - [14/Aug/2023:06:55:28 -0500] "GET /sipse/css/custom_css_sg_prime.css HTTP/1.1" 304 -
201.245.192.253 - - [14/Aug/2023:06:55:28 -0500] "GET /sipse/faces/javax.faces.resource/layout/layout.css?ln=primefaces&v=4.0 HTTP/1.1" 304 -
201.245.192.253 - - [14/Aug/2023:06:55:28 -0500] "GET /sipse/faces/javax.faces.resource/theme.css?ln=primefaces-sipse HTTP/1.1" 304 -
201.245.192.253 - - [14/Aug/2023:06:55:28 -0500] "GET /sipse/faces/javax.faces.resource/primefaces.css?ln=primefaces&v=4.0 HTTP/1.1" 304 -
201.245.192.253 - - [14/Aug/2023:06:55:28 -0500] "GET /sipse/js/jquery.min.js HTTP/1.1" 304 -
201.245.192.253 - - [14/Aug/2023:06:55:28 -0500] "GET /sipse/faces/javax.faces.resource/jquery/jquery.js?ln=primefaces&v=4.0 HTTP/1.1" 304 -
201.245.192.253 - - [14/Aug/2023:06:55:29 -0500] "GET /sipse/faces/javax.faces.resource/jquery/jquery-plugins.js?ln=primefaces&v=4.0 HTTP/1.1" 304 -
201.245.192.253 - - [14/Aug/2023:06:55:29 -0500] "GET /sipse/faces/javax.faces.resource/primefaces.js?ln=primefaces&v=4.0 HTTP/1.1" 304 -
201.245.192.253 - - [14/Aug/2023:06:55:29 -0500] "GET /sipse/faces/javax.faces.resource/layout/layout.js?ln=primefaces&v=4.0 HTTP/1.1" 304 -
201.245.192.253 - - [14/Aug/2023:06:55:29 -0500] "GET /sipse/css/v_mergente.css HTTP/1.1" 304 -
201.245.192.253 - - [14/Aug/2023:06:55:29 -0500] "GET /sipse/imagenes/logoAplicacion.jpg HTTP/1.1" 304 -
201.245.192.253 - - [14/Aug/2023:06:55:29 -0500] "GET /sipse/imagenes/cargando.gif HTTP/1.1" 304 -
201.245.192.253 - - [14/Aug/2023:06:55:29 -0500] "GET /sipse/css/imagen/contrasena.png HTTP/1.1" 404 383
201.245.192.253 - - [14/Aug/2023:06:55:29 -0500] "GET /sipse/faces/javax.faces.resource/messages/messages.png?ln=primefaces&v=4.0 HTTP/1.1" 304 -
201.245.192.253 - - [14/Aug/2023:06:55:31 -0500] "GET /sipse/faces/javax.faces.resource/images/ui-bg_flat_0_2d5972_40x100.png?ln=primefaces-aristo HTTP/1.1" 304 -
201.245.192.253 - - [14/Aug/2023:06:55:31 -0500] "POST /sipse/faces/bienvenido.xhtml HTTP/1.1" 200 1471
201.245.192.253 - - [14/Aug/2023:06:55:33 -0500] "POST /sipse/faces/bienvenido.xhtml HTTP/1.1" 200 31842
201.245.192.253 - - [14/Aug/2023:06:55:33 -0500] "GET /sipse/faces/javax.faces.resource/primefaces.css?ln=primefaces&v=4.0 HTTP/1.1" 304 -
201.245.192.253 - - [14/Aug/2023:06:55:33 -0500] "GET /sipse/faces/javax.faces.resource/layout/layout.css?ln=primefaces&v=4.0 HTTP/1.1" 304 -
201.245.192.253 - - [14/Aug/2023:06:55:33 -0500] "GET /sipse/faces/javax.faces.resource/theme.css?ln=primefaces-sipse HTTP/1.1" 304 -
201.245.192.253 - - [14/Aug/2023:06:55:33 -0500] "GET /sipse/faces/javax.faces.resource/jquery/jquery.js?ln=primefaces&v=4.0 HTTP/1.1" 304 -
201.245.192.253 - - [14/Aug/2023:06:55:33 -0500] "GET /sipse/faces/javax.faces.resource/jquery/jquery-plugins.js?ln=primefaces&v=4.0 HTTP/1.1" 304 -
201.245.192.253 - - [14/Aug/2023:06:55:33 -0500] "GET /sipse/faces/javax.faces.resource/primefaces.js?ln=primefaces&v=4.0 HTTP/1.1" 304 -
201.245.192.253 - - [14/Aug/2023:06:55:33 -0500] "GET /sipse/faces/javax.faces.resource/layout/layout.js?ln=primefaces&v=4.0 HTTP/1.1" 304 -
201.245.192.253 - - [14/Aug/2023:06:55:33 -0500] "POST /sipse/faces/presentacion/financiero/solicitudProceso/listarSolicitudProceso.xhtml HTTP/1.1" 200 1376
201.245.192.253 - - [14/Aug/2023:06:55:32 -0500] "POST /kwsrmcab/Wsrmcab  HTTP/1.1" 200 213
