152.203.245.66 - - [14/Aug/2023:13:43:35 -0500] "GET /sipse/faces/javax.faces.resource/layout/layout.css?ln=primefaces&v=4.0 HTTP/1.1" 304 -
152.203.245.66 - - [14/Aug/2023:13:43:35 -0500] "GET /sipse/faces/javax.faces.resource/jquery/jquery-plugins.js?ln=primefaces&v=4.0 HTTP/1.1" 304 -
152.203.245.66 - - [14/Aug/2023:13:43:35 -0500] "GET /sipse/faces/javax.faces.resource/layout/layout.js?ln=primefaces&v=4.0 HTTP/1.1" 304 -
152.203.245.66 - - [14/Aug/2023:13:43:35 -0500] "GET /sipse/faces/javax.faces.resource/fileupload/fileupload.css?ln=primefaces&v=4.0 HTTP/1.1" 304 -
152.203.245.66 - - [14/Aug/2023:13:43:35 -0500] "GET /sipse/faces/javax.faces.resource/primefaces.js?ln=primefaces&v=4.0 HTTP/1.1" 304 -
152.203.245.66 - - [14/Aug/2023:13:43:35 -0500] "GET /sipse/faces/javax.faces.resource/fileupload/fileupload.js?ln=primefaces&v=4.0 HTTP/1.1" 304 -
152.203.245.66 - - [14/Aug/2023:13:43:35 -0500] "POST /sipse/faces/presentacion/financiero/solicitudProceso/consultarSolicitudProceso.xhtml HTTP/1.1" 200 21119
152.203.245.66 - - [14/Aug/2023:13:43:35 -0500] "GET /sipse/faces/javax.faces.resource/images/ui-icons_898989_256x240.png?ln=primefaces-aristo HTTP/1.1" 304 -
201.245.192.253 - - [14/Aug/2023:13:43:42 -0500] "POST /sipse/faces/presentacion/workflow/reasignarReenrutar.xhtml HTTP/1.1" 200 775203
201.245.192.253 - - [14/Aug/2023:13:43:51 -0500] "POST /kwsrmcab/Wsrmcab  HTTP/1.1" 200 213
201.245.192.253 - - [14/Aug/2023:13:43:58 -0500] "POST /forms/lservlet;jsessionid=ac16012b30d63cc2d14cbdb3493a812e84ed18539c24.e3iSbxaKaheRe34KbxiPbh0Naxr0n6jAmljGr5XDqQLvpAe HTTP/1.1" 200 2
152.203.245.66 - - [14/Aug/2023:13:44:00 -0500] "GET /sipse/faces/javax.faces.resource/theme.css?ln=primefaces-sipse HTTP/1.1" 304 -
152.203.245.66 - - [14/Aug/2023:13:44:01 -0500] "GET /sipse/faces/javax.faces.resource/primefaces.css?ln=primefaces&v=4.0 HTTP/1.1" 304 -
152.203.245.66 - - [14/Aug/2023:13:44:01 -0500] "GET /sipse/faces/javax.faces.resource/layout/layout.css?ln=primefaces&v=4.0 HTTP/1.1" 304 -
152.203.245.66 - - [14/Aug/2023:13:44:01 -0500] "GET /sipse/faces/javax.faces.resource/jquery/jquery.js?ln=primefaces&v=4.0 HTTP/1.1" 304 -
152.203.245.66 - - [14/Aug/2023:13:44:01 -0500] "GET /sipse/faces/javax.faces.resource/jquery/jquery-plugins.js?ln=primefaces&v=4.0 HTTP/1.1" 304 -
152.203.245.66 - - [14/Aug/2023:13:43:59 -0500] "POST /sipse/faces/presentacion/sistema/anexos/cargarAnexoSolicitudProceso.xhtml HTTP/1.1" 200 162049
152.203.245.66 - - [14/Aug/2023:13:44:01 -0500] "GET /sipse/faces/javax.faces.resource/primefaces.js?ln=primefaces&v=4.0 HTTP/1.1" 304 -
152.203.245.66 - - [14/Aug/2023:13:44:01 -0500] "GET /sipse/faces/javax.faces.resource/layout/layout.js?ln=primefaces&v=4.0 HTTP/1.1" 304 -
152.203.245.66 - - [14/Aug/2023:13:44:01 -0500] "GET /sipse/faces/javax.faces.resource/images/ui-icons_898989_256x240.png?ln=primefaces-aristo HTTP/1.1" 304 -
152.203.245.66 - - [14/Aug/2023:13:44:02 -0500] "POST /sipse/faces/presentacion/financiero/solicitudProceso/consultarSolicitudProceso.xhtml HTTP/1.1" 200 21119
152.203.245.66 - - [14/Aug/2023:13:44:03 -0500] "GET /sipse/faces/javax.faces.resource/theme.css?ln=primefaces-sipse HTTP/1.1" 304 -
152.203.245.66 - - [14/Aug/2023:13:44:03 -0500] "GET /sipse/faces/javax.faces.resource/primefaces.css?ln=primefaces&v=4.0 HTTP/1.1" 304 -
152.203.245.66 - - [14/Aug/2023:13:44:03 -0500] "GET /sipse/faces/javax.faces.resource/layout/layout.css?ln=primefaces&v=4.0 HTTP/1.1" 304 -
152.203.245.66 - - [14/Aug/2023:13:44:03 -0500] "GET /sipse/faces/javax.faces.resource/jquery/jquery.js?ln=primefaces&v=4.0 HTTP/1.1" 304 -
152.203.245.66 - - [14/Aug/2023:13:44:03 -0500] "GET /sipse/faces/javax.faces.resource/fileupload/fileupload.css?ln=primefaces&v=4.0 HTTP/1.1" 304 -
152.203.245.66 - - [14/Aug/2023:13:44:03 -0500] "GET /sipse/faces/javax.faces.resource/jquery/jquery-plugins.js?ln=primefaces&v=4.0 HTTP/1.1" 304 -
152.203.245.66 - - [14/Aug/2023:13:44:03 -0500] "GET /sipse/faces/javax.faces.resource/primefaces.js?ln=primefaces&v=4.0 HTTP/1.1" 304 -
152.203.245.66 - - [14/Aug/2023:13:44:03 -0500] "GET /sipse/faces/javax.faces.resource/layout/layout.js?ln=primefaces&v=4.0 HTTP/1.1" 304 -
152.203.245.66 - - [14/Aug/2023:13:44:03 -0500] "GET /sipse/faces/javax.faces.resource/fileupload/fileupload.js?ln=primefaces&v=4.0 HTTP/1.1" 304 -
152.203.245.66 - - [14/Aug/2023:13:44:03 -0500] "GET /sipse/faces/javax.faces.resource/images/ui-icons_898989_256x240.png?ln=primefaces-aristo HTTP/1.1" 304 -
152.203.245.66 - - [14/Aug/2023:13:44:08 -0500] "GET /sipse/faces/javax.faces.resource/primefaces.css?ln=primefaces&v=4.0 HTTP/1.1" 304 -
152.203.245.66 - - [14/Aug/2023:13:44:08 -0500] "GET /sipse/faces/javax.faces.resource/layout/layout.css?ln=primefaces&v=4.0 HTTP/1.1" 304 -
152.203.245.66 - - [14/Aug/2023:13:44:08 -0500] "GET /sipse/faces/javax.faces.resource/jquery/jquery-plugins.js?ln=primefaces&v=4.0 HTTP/1.1" 304 -
152.203.245.66 - - [14/Aug/2023:13:44:08 -0500] "GET /sipse/faces/javax.faces.resource/jquery/jquery.js?ln=primefaces&v=4.0 HTTP/1.1" 304 -
152.203.245.66 - - [14/Aug/2023:13:44:08 -0500] "GET /sipse/faces/javax.faces.resource/theme.css?ln=primefaces-sipse HTTP/1.1" 304 -
152.203.245.66 - - [14/Aug/2023:13:44:08 -0500] "GET /sipse/faces/javax.faces.resource/primefaces.js?ln=primefaces&v=4.0 HTTP/1.1" 304 -
152.203.245.66 - - [14/Aug/2023:13:44:08 -0500] "GET /sipse/faces/javax.faces.resource/layout/layout.js?ln=primefaces&v=4.0 HTTP/1.1" 304 -
152.203.245.66 - - [14/Aug/2023:13:44:07 -0500] "POST /sipse/faces/presentacion/sistema/anexos/cargarAnexoSolicitudProceso.xhtml HTTP/1.1" 200 163820
152.203.245.66 - - [14/Aug/2023:13:44:08 -0500] "GET /sipse/faces/javax.faces.resource/images/ui-icons_898989_256x240.png?ln=primefaces-aristo HTTP/1.1" 304 -
152.203.245.66 - - [14/Aug/2023:13:44:10 -0500] "POST /sipse/faces/presentacion/financiero/solicitudProceso/consultarSolicitudProceso.xhtml HTTP/1.1" 200 21119
152.203.245.66 - - [14/Aug/2023:13:44:10 -0500] "GET /sipse/faces/javax.faces.resource/layout/layout.css?ln=primefaces&v=4.0 HTTP/1.1" 304 -
152.203.245.66 - - [14/Aug/2023:13:44:10 -0500] "GET /sipse/faces/javax.faces.resource/primefaces.js?ln=primefaces&v=4.0 HTTP/1.1" 304 -
152.203.245.66 - - [14/Aug/2023:13:44:10 -0500] "GET /sipse/faces/javax.faces.resource/jquery/jquery-plugins.js?ln=primefaces&v=4.0 HTTP/1.1" 304 -
152.203.245.66 - - [14/Aug/2023:13:44:10 -0500] "GET /sipse/faces/javax.faces.resource/jquery/jquery.js?ln=primefaces&v=4.0 HTTP/1.1" 304 -
152.203.245.66 - - [14/Aug/2023:13:44:10 -0500] "GET /sipse/faces/javax.faces.resource/primefaces.css?ln=primefaces&v=4.0 HTTP/1.1" 304 -
152.203.245.66 - - [14/Aug/2023:13:44:10 -0500] "GET /sipse/faces/javax.faces.resource/theme.css?ln=primefaces-sipse HTTP/1.1" 304 -
152.203.245.66 - - [14/Aug/2023:13:44:10 -0500] "GET /sipse/faces/javax.faces.resource/layout/layout.js?ln=primefaces&v=4.0 HTTP/1.1" 304 -
152.203.245.66 - - [14/Aug/2023:13:44:10 -0500] "GET /sipse/faces/javax.faces.resource/fileupload/fileupload.js?ln=primefaces&v=4.0 HTTP/1.1" 304 -
152.203.245.66 - - [14/Aug/2023:13:44:10 -0500] "GET /sipse/faces/javax.faces.resource/fileupload/fileupload.css?ln=primefaces&v=4.0 HTTP/1.1" 304 -
152.203.245.66 - - [14/Aug/2023:13:44:10 -0500] "GET /sipse/faces/javax.faces.resource/images/ui-icons_898989_256x240.png?ln=primefaces-aristo HTTP/1.1" 304 -
152.203.245.66 - - [14/Aug/2023:13:44:15 -0500] "GET /sipse/faces/javax.faces.resource/theme.css?ln=primefaces-sipse HTTP/1.1" 304 -
152.203.245.66 - - [14/Aug/2023:13:44:14 -0500] "POST /sipse/faces/presentacion/sistema/anexos/cargarAnexoSolicitudProceso.xhtml HTTP/1.1" 200 165590
152.203.245.66 - - [14/Aug/2023:13:44:15 -0500] "GET /sipse/faces/javax.faces.resource/primefaces.css?ln=primefaces&v=4.0 HTTP/1.1" 304 -
152.203.245.66 - - [14/Aug/2023:13:44:15 -0500] "GET /sipse/faces/javax.faces.resource/layout/layout.css?ln=primefaces&v=4.0 HTTP/1.1" 304 -
152.203.245.66 - - [14/Aug/2023:13:44:15 -0500] "GET /sipse/faces/javax.faces.resource/jquery/jquery.js?ln=primefaces&v=4.0 HTTP/1.1" 304 -
152.203.245.66 - - [14/Aug/2023:13:44:15 -0500] "GET /sipse/faces/javax.faces.resource/jquery/jquery-plugins.js?ln=primefaces&v=4.0 HTTP/1.1" 304 -
152.203.245.66 - - [14/Aug/2023:13:44:15 -0500] "GET /sipse/faces/javax.faces.resource/primefaces.js?ln=primefaces&v=4.0 HTTP/1.1" 304 -
152.203.245.66 - - [14/Aug/2023:13:44:15 -0500] "GET /sipse/faces/javax.faces.resource/layout/layout.js?ln=primefaces&v=4.0 HTTP/1.1" 304 -
152.203.245.66 - - [14/Aug/2023:13:44:15 -0500] "GET /sipse/faces/javax.faces.resource/images/ui-icons_898989_256x240.png?ln=primefaces-aristo HTTP/1.1" 304 -
152.203.245.66 - - [14/Aug/2023:13:44:19 -0500] "POST /sipse/faces/presentacion/financiero/solicitudProceso/consultarSolicitudProceso.xhtml HTTP/1.1" 200 21119
152.203.245.66 - - [14/Aug/2023:13:44:19 -0500] "GET /sipse/faces/javax.faces.resource/theme.css?ln=primefaces-sipse HTTP/1.1" 304 -
152.203.245.66 - - [14/Aug/2023:13:44:19 -0500] "GET /sipse/faces/javax.faces.resource/primefaces.css?ln=primefaces&v=4.0 HTTP/1.1" 304 -
152.203.245.66 - - [14/Aug/2023:13:44:19 -0500] "GET /sipse/faces/javax.faces.resource/layout/layout.css?ln=primefaces&v=4.0 HTTP/1.1" 304 -
152.203.245.66 - - [14/Aug/2023:13:44:19 -0500] "GET /sipse/faces/javax.faces.resource/jquery/jquery.js?ln=primefaces&v=4.0 HTTP/1.1" 304 -
152.203.245.66 - - [14/Aug/2023:13:44:19 -0500] "GET /sipse/faces/javax.faces.resource/jquery/jquery-plugins.js?ln=primefaces&v=4.0 HTTP/1.1" 304 -
152.203.245.66 - - [14/Aug/2023:13:44:19 -0500] "GET /sipse/faces/javax.faces.resource/primefaces.js?ln=primefaces&v=4.0 HTTP/1.1" 304 -
152.203.245.66 - - [14/Aug/2023:13:44:19 -0500] "GET /sipse/faces/javax.faces.resource/layout/layout.js?ln=primefaces&v=4.0 HTTP/1.1" 304 -
152.203.245.66 - - [14/Aug/2023:13:44:19 -0500] "GET /sipse/faces/javax.faces.resource/fileupload/fileupload.css?ln=primefaces&v=4.0 HTTP/1.1" 304 -
152.203.245.66 - - [14/Aug/2023:13:44:19 -0500] "GET /sipse/faces/javax.faces.resource/fileupload/fileupload.js?ln=primefaces&v=4.0 HTTP/1.1" 304 -
152.203.245.66 - - [14/Aug/2023:13:44:19 -0500] "GET /sipse/faces/javax.faces.resource/images/ui-icons_898989_256x240.png?ln=primefaces-aristo HTTP/1.1" 304 -
152.203.245.66 - - [14/Aug/2023:13:44:24 -0500] "POST /sipse/faces/presentacion/sistema/anexos/cargarAnexoSolicitudProceso.xhtml HTTP/1.1" 200 167373
152.203.245.66 - - [14/Aug/2023:13:44:24 -0500] "GET /sipse/faces/javax.faces.resource/theme.css?ln=primefaces-sipse HTTP/1.1" 304 -
152.203.245.66 - - [14/Aug/2023:13:44:24 -0500] "GET /sipse/faces/javax.faces.resource/primefaces.css?ln=primefaces&v=4.0 HTTP/1.1" 304 -
152.203.245.66 - - [14/Aug/2023:13:44:24 -0500] "GET /sipse/faces/javax.faces.resource/layout/layout.css?ln=primefaces&v=4.0 HTTP/1.1" 304 -
152.203.245.66 - - [14/Aug/2023:13:44:24 -0500] "GET /sipse/faces/javax.faces.resource/jquery/jquery.js?ln=primefaces&v=4.0 HTTP/1.1" 304 -
152.203.245.66 - - [14/Aug/2023:13:44:24 -0500] "GET /sipse/faces/javax.faces.resource/jquery/jquery-plugins.js?ln=primefaces&v=4.0 HTTP/1.1" 304 -
152.203.245.66 - - [14/Aug/2023:13:44:24 -0500] "GET /sipse/faces/javax.faces.resource/primefaces.js?ln=primefaces&v=4.0 HTTP/1.1" 304 -
152.203.245.66 - - [14/Aug/2023:13:44:24 -0500] "GET /sipse/faces/javax.faces.resource/layout/layout.js?ln=primefaces&v=4.0 HTTP/1.1" 304 -
152.203.245.66 - - [14/Aug/2023:13:44:24 -0500] "GET /sipse/faces/javax.faces.resource/images/ui-icons_898989_256x240.png?ln=primefaces-aristo HTTP/1.1" 304 -
152.203.245.66 - - [14/Aug/2023:13:44:35 -0500] "GET /sipse/faces/javax.faces.resource/images/ui-bg_flat_0_2d5972_40x100.png?ln=primefaces-aristo HTTP/1.1" 304 -
201.245.192.253 - - [14/Aug/2023:13:44:35 -0500] "POST /sipse/faces/presentacion/workflow/reasignarReenrutar.xhtml HTTP/1.1" 200 775190
152.203.245.66 - - [14/Aug/2023:13:44:35 -0500] "POST /sipse/faces/presentacion/financiero/solicitudProceso/consultarSolicitudProceso.xhtml HTTP/1.1" 200 36793
152.203.245.66 - - [14/Aug/2023:13:44:39 -0500] "GET /sipse/faces/javax.faces.resource/jquery/jquery.js?ln=primefaces&v=4.0 HTTP/1.1" 304 -
152.203.245.66 - - [14/Aug/2023:13:44:39 -0500] "GET /sipse/faces/javax.faces.resource/jquery/jquery-plugins.js?ln=primefaces&v=4.0 HTTP/1.1" 304 -
152.203.245.66 - - [14/Aug/2023:13:44:39 -0500] "GET /sipse/faces/javax.faces.resource/primefaces.js?ln=primefaces&v=4.0 HTTP/1.1" 304 -
152.203.245.66 - - [14/Aug/2023:13:44:40 -0500] "GET /sipse/faces/javax.faces.resource/layout/layout.js?ln=primefaces&v=4.0 HTTP/1.1" 304 -
152.203.245.66 - - [14/Aug/2023:13:44:40 -0500] "GET /sipse/faces/javax.faces.resource/messages/messages.png?ln=primefaces&v=4.0 HTTP/1.1" 304 -
152.203.245.66 - - [14/Aug/2023:13:44:40 -0500] "POST /sipse/faces/presentacion/financiero/solicitudProceso/listarSolicitudProceso.xhtml HTTP/1.1" 200 1400
152.203.245.66 - - [14/Aug/2023:13:44:44 -0500] "POST /sipse/faces/presentacion/financiero/solicitudProceso/listarSolicitudProceso.xhtml HTTP/1.1" 200 911
152.203.245.66 - - [14/Aug/2023:13:44:45 -0500] "GET /sipse/faces/presentacion/sistema/anexos/faces/autenticacion HTTP/1.1" 302 -
152.203.245.66 - - [14/Aug/2023:13:44:45 -0500] "GET /sipse/faces/autenticacion.xhtml HTTP/1.1" 200 12170
152.203.245.66 - - [14/Aug/2023:13:44:45 -0500] "GET /sipse/faces/javax.faces.resource/theme.css?ln=primefaces-sipse HTTP/1.1" 304 -
152.203.245.66 - - [14/Aug/2023:13:44:45 -0500] "GET /sipse/faces/javax.faces.resource/primefaces.css?ln=primefaces&v=4.0 HTTP/1.1" 304 -
152.203.245.66 - - [14/Aug/2023:13:44:45 -0500] "GET /sipse/faces/javax.faces.resource/layout/layout.css?ln=primefaces&v=4.0 HTTP/1.1" 304 -
152.203.245.66 - - [14/Aug/2023:13:44:45 -0500] "GET /sipse/faces/javax.faces.resource/jquery/jquery.js?ln=primefaces&v=4.0 HTTP/1.1" 304 -
152.203.245.66 - - [14/Aug/2023:13:44:45 -0500] "GET /sipse/faces/javax.faces.resource/jquery/jquery-plugins.js?ln=primefaces&v=4.0 HTTP/1.1" 304 -
152.203.245.66 - - [14/Aug/2023:13:44:45 -0500] "GET /sipse/faces/javax.faces.resource/primefaces.js?ln=primefaces&v=4.0 HTTP/1.1" 304 -
152.203.245.66 - - [14/Aug/2023:13:44:45 -0500] "GET /sipse/faces/javax.faces.resource/layout/layout.js?ln=primefaces&v=4.0 HTTP/1.1" 304 -
152.203.245.66 - - [14/Aug/2023:13:44:45 -0500] "GET /sipse/faces/javax.faces.resource/images/ui-icons_898989_256x240.png?ln=primefaces-aristo HTTP/1.1" 304 -
152.203.245.66 - - [14/Aug/2023:13:44:47 -0500] "POST /sipse/faces/autenticacion.xhtml HTTP/1.1" 200 16794
152.203.245.66 - - [14/Aug/2023:13:44:47 -0500] "GET /sipse/faces/javax.faces.resource/jquery/jquery.js?ln=primefaces&v=4.0 HTTP/1.1" 304 -
152.203.245.66 - - [14/Aug/2023:13:44:48 -0500] "GET /sipse/faces/javax.faces.resource/jquery/jquery-plugins.js?ln=primefaces&v=4.0 HTTP/1.1" 304 -
152.203.245.66 - - [14/Aug/2023:13:44:48 -0500] "GET /sipse/faces/javax.faces.resource/primefaces.js?ln=primefaces&v=4.0 HTTP/1.1" 304 -
152.203.245.66 - - [14/Aug/2023:13:44:48 -0500] "GET /sipse/faces/javax.faces.resource/layout/layout.js?ln=primefaces&v=4.0 HTTP/1.1" 304 -
152.203.245.66 - - [14/Aug/2023:13:44:48 -0500] "GET /sipse/faces/javax.faces.resource/messages/messages.png?ln=primefaces&v=4.0 HTTP/1.1" 304 -
152.203.245.66 - - [14/Aug/2023:13:44:49 -0500] "GET /sipse/faces/javax.faces.resource/images/ui-bg_flat_0_2d5972_40x100.png?ln=primefaces-aristo HTTP/1.1" 304 -
152.203.245.66 - - [14/Aug/2023:13:44:49 -0500] "POST /sipse/faces/bienvenido.xhtml HTTP/1.1" 200 2658
152.203.245.66 - - [14/Aug/2023:13:44:50 -0500] "POST /sipse/faces/bienvenido.xhtml HTTP/1.1" 200 39032
152.203.245.66 - - [14/Aug/2023:13:44:52 -0500] "GET /sipse/faces/javax.faces.resource/jquery/jquery.js?ln=primefaces&v=4.0 HTTP/1.1" 304 -
152.203.245.66 - - [14/Aug/2023:13:44:52 -0500] "GET /sipse/faces/javax.faces.resource/jquery/jquery-plugins.js?ln=primefaces&v=4.0 HTTP/1.1" 304 -
152.203.245.66 - - [14/Aug/2023:13:44:52 -0500] "GET /sipse/faces/javax.faces.resource/primefaces.js?ln=primefaces&v=4.0 HTTP/1.1" 304 -
152.203.245.66 - - [14/Aug/2023:13:44:52 -0500] "GET /sipse/faces/javax.faces.resource/layout/layout.js?ln=primefaces&v=4.0 HTTP/1.1" 304 -
152.203.245.66 - - [14/Aug/2023:13:44:53 -0500] "POST /sipse/faces/presentacion/financiero/solicitudProceso/listarSolicitudProceso.xhtml HTTP/1.1" 200 1420
201.245.192.253 - - [14/Aug/2023:13:44:54 -0500] "POST /sipse/faces/presentacion/workflow/reasignarReenrutar.xhtml HTTP/1.1" 200 775190
152.203.245.66 - - [14/Aug/2023:13:44:55 -0500] "POST /sipse/faces/presentacion/financiero/solicitudProceso/listarSolicitudProceso.xhtml HTTP/1.1" 200 120984
152.203.245.66 - - [14/Aug/2023:13:44:57 -0500] "GET /sipse/faces/javax.faces.resource/jquery/jquery.js?ln=primefaces&v=4.0 HTTP/1.1" 304 -
152.203.245.66 - - [14/Aug/2023:13:44:57 -0500] "GET /sipse/faces/javax.faces.resource/jquery/jquery-plugins.js?ln=primefaces&v=4.0 HTTP/1.1" 304 -
152.203.245.66 - - [14/Aug/2023:13:44:57 -0500] "GET /sipse/faces/javax.faces.resource/primefaces.js?ln=primefaces&v=4.0 HTTP/1.1" 304 -
152.203.245.66 - - [14/Aug/2023:13:44:57 -0500] "GET /sipse/faces/javax.faces.resource/layout/layout.js?ln=primefaces&v=4.0 HTTP/1.1" 304 -
152.203.245.66 - - [14/Aug/2023:13:45:00 -0500] "POST /sipse/faces/presentacion/financiero/solicitudProceso/consultarSolicitudProceso.xhtml HTTP/1.1" 200 36576
152.203.245.66 - - [14/Aug/2023:13:45:03 -0500] "GET /sipse/faces/javax.faces.resource/jquery/jquery.js?ln=primefaces&v=4.0 HTTP/1.1" 304 -
152.203.245.66 - - [14/Aug/2023:13:45:03 -0500] "GET /sipse/faces/javax.faces.resource/jquery/jquery-plugins.js?ln=primefaces&v=4.0 HTTP/1.1" 304 -
152.203.245.66 - - [14/Aug/2023:13:45:03 -0500] "GET /sipse/faces/javax.faces.resource/primefaces.js?ln=primefaces&v=4.0 HTTP/1.1" 304 -
152.203.245.66 - - [14/Aug/2023:13:45:03 -0500] "GET /sipse/faces/javax.faces.resource/layout/layout.js?ln=primefaces&v=4.0 HTTP/1.1" 304 -
152.203.245.66 - - [14/Aug/2023:13:45:03 -0500] "POST /sipse/faces/presentacion/financiero/solicitudProceso/listarSolicitudProceso.xhtml HTTP/1.1" 200 1400
152.203.245.66 - - [14/Aug/2023:13:45:27 -0500] "POST /sipse/faces/presentacion/financiero/solicitudProceso/listarSolicitudProceso.xhtml HTTP/1.1" 200 911
201.245.192.253 - - [14/Aug/2023:13:45:29 -0500] "POST /sipse/faces/presentacion/workflow/reasignarReenrutar.xhtml HTTP/1.1" 200 775170
113.207.1.133 - - [14/Aug/2023:13:45:31 -0500] "GET /galeria/galeria/fotos/Huemdal-el-Tunjo1P.jpg HTTP/1.1" 200 24430
201.245.192.253 - - [14/Aug/2023:13:45:39 -0500] "POST /sipse/faces/presentacion/workflow/reasignarReenrutar.xhtml HTTP/1.1" 200 775171
201.245.192.253 - - [14/Aug/2023:13:45:49 -0500] "POST /sipse/faces/presentacion/workflow/reasignarReenrutar.xhtml HTTP/1.1" 200 775211
201.245.192.253 - - [14/Aug/2023:13:45:58 -0500] "POST /forms/lservlet;jsessionid=ac16012b30d63cc2d14cbdb3493a812e84ed18539c24.e3iSbxaKaheRe34KbxiPbh0Naxr0n6jAmljGr5XDqQLvpAe HTTP/1.1" 200 2
201.245.192.253 - - [14/Aug/2023:13:46:05 -0500] "POST /sipse/faces/presentacion/workflow/reasignarReenrutar.xhtml HTTP/1.1" 200 775238
181.59.148.91 - - [14/Aug/2023:13:46:06 -0500] "GET /bogota-empieza-la-consolidacion-de-la-estrategia-de-bosques-urbanos-con-el-brazo-salitre-en-barrios-unidos.html?utm_source=Youtube_DIGI&utm_medium=CPV&utm_campaign=BosquesUrbanos&utm_id=Agosto_2023&gclid=Cj0KCQjwoeemBhCfARIsADR2QCtlrIUbqEmoTZ0I1zHXALls_H1ZYTp3jWtzciR4eHLrgtBMPHAUJCQaAjXlEALw_wcB HTTP/1.1" 200 892
179.1.137.4 - - [14/Aug/2023:13:46:07 -0500] "GET /galeria/galeria/jquery.fancybox.css?v=2.1.5 HTTP/1.1" 200 4895
179.1.137.4 - - [14/Aug/2023:13:46:08 -0500] "GET /BLA/boletinlegal/js/jquery.scrollShow.js HTTP/1.1" 200 4586
179.1.137.4 - - [14/Aug/2023:13:46:08 -0500] "GET /galeria/galeria/jquery.fancybox.js?v=2.1.5 HTTP/1.1" 200 48706
172.22.2.4 - - [14/Aug/2023:13:44:52 -0500] "HEAD /BLA/boletinlegal/ HTTP/1.1" 200 -
192.168.172.22 - - [14/Aug/2023:13:46:35 -0500] "GET /BLA/boletinlegal/consulta_actos.php?tipo=resoluciones&no=1645&usuario=&sector=&fecha=2016&resuelve= HTTP/1.1" 200 1087
201.245.192.253 - - [14/Aug/2023:13:46:38 -0500] "GET /BLA/resoluciones/RESOLUCIONES%202016/1645.pdf HTTP/1.1" 200 1394955
201.245.192.253 - - [14/Aug/2023:13:46:45 -0500] "POST /sipse/faces/presentacion/workflow/reasignarReenrutar.xhtml HTTP/1.1" 200 775302
201.245.192.253 - - [14/Aug/2023:13:46:51 -0500] "POST /sipse/faces/presentacion/workflow/reasignarReenrutar.xhtml HTTP/1.1" 200 4957
201.245.192.253 - - [14/Aug/2023:13:46:54 -0500] "POST /sipse/faces/presentacion/workflow/reasignarReenrutar.xhtml HTTP/1.1" 200 52107
201.245.192.253 - - [14/Aug/2023:13:46:55 -0500] "GET /sipse/faces/javax.faces.resource/jquery/jquery.js?ln=primefaces&v=4.0 HTTP/1.1" 304 -
201.245.192.253 - - [14/Aug/2023:13:46:55 -0500] "GET /sipse/faces/javax.faces.resource/jquery/jquery-plugins.js?ln=primefaces&v=4.0 HTTP/1.1" 304 -
201.245.192.253 - - [14/Aug/2023:13:46:55 -0500] "GET /sipse/faces/javax.faces.resource/primefaces.js?ln=primefaces&v=4.0 HTTP/1.1" 304 -
201.245.192.253 - - [14/Aug/2023:13:46:55 -0500] "GET /sipse/faces/javax.faces.resource/layout/layout.js?ln=primefaces&v=4.0 HTTP/1.1" 304 -
201.245.192.253 - - [14/Aug/2023:13:46:55 -0500] "POST /sipse/faces/presentacion/financiero/solicitudProceso/consultar.xhtml HTTP/1.1" 200 45524
201.245.192.253 - - [14/Aug/2023:13:46:56 -0500] "POST /sipse/faces/presentacion/financiero/solicitudProceso/consultar.xhtml HTTP/1.1" 200 12824
201.245.192.253 - - [14/Aug/2023:13:46:59 -0500] "POST /sipse/faces/presentacion/financiero/solicitudProceso/consultar.xhtml HTTP/1.1" 200 156352
201.245.192.253 - - [14/Aug/2023:13:47:00 -0500] "GET /sipse/faces/javax.faces.resource/jquery/jquery.js?ln=primefaces&v=4.0 HTTP/1.1" 304 -
201.245.192.253 - - [14/Aug/2023:13:47:00 -0500] "GET /sipse/faces/javax.faces.resource/jquery/jquery-plugins.js?ln=primefaces&v=4.0 HTTP/1.1" 304 -
201.245.192.253 - - [14/Aug/2023:13:47:00 -0500] "GET /sipse/faces/javax.faces.resource/primefaces.js?ln=primefaces&v=4.0 HTTP/1.1" 304 -
201.245.192.253 - - [14/Aug/2023:13:47:00 -0500] "GET /sipse/faces/javax.faces.resource/layout/layout.js?ln=primefaces&v=4.0 HTTP/1.1" 304 -
201.245.192.253 - - [14/Aug/2023:13:47:03 -0500] "POST /sipse/faces/presentacion/financiero/solicitudProceso/consultarSolicitudProceso.xhtml HTTP/1.1" 200 72447
201.245.192.253 - - [14/Aug/2023:13:47:04 -0500] "GET /sipse/faces/javax.faces.resource/theme.css?ln=primefaces-sipse HTTP/1.1" 304 -
201.245.192.253 - - [14/Aug/2023:13:47:04 -0500] "GET /sipse/faces/javax.faces.resource/jquery/jquery.js?ln=primefaces&v=4.0 HTTP/1.1" 304 -
201.245.192.253 - - [14/Aug/2023:13:47:04 -0500] "GET /sipse/faces/javax.faces.resource/primefaces.css?ln=primefaces&v=4.0 HTTP/1.1" 304 -
201.245.192.253 - - [14/Aug/2023:13:47:04 -0500] "GET /sipse/faces/javax.faces.resource/layout/layout.css?ln=primefaces&v=4.0 HTTP/1.1" 304 -
201.245.192.253 - - [14/Aug/2023:13:47:04 -0500] "GET /sipse/faces/javax.faces.resource/primefaces.js?ln=primefaces&v=4.0 HTTP/1.1" 304 -
201.245.192.253 - - [14/Aug/2023:13:47:04 -0500] "GET /sipse/faces/javax.faces.resource/layout/layout.js?ln=primefaces&v=4.0 HTTP/1.1" 304 -
201.245.192.253 - - [14/Aug/2023:13:47:04 -0500] "GET /sipse/faces/javax.faces.resource/jquery/jquery-plugins.js?ln=primefaces&v=4.0 HTTP/1.1" 304 -
201.245.192.253 - - [14/Aug/2023:13:47:04 -0500] "GET /sipse/faces/javax.faces.resource/images/ui-icons_898989_256x240.png?ln=primefaces-aristo HTTP/1.1" 304 -
172.22.2.4 - - [14/Aug/2023:13:45:43 -0500] "GET /BLA/boletinlegal/ HTTP/1.1" 200 57790
186.84.20.182 - - [14/Aug/2023:13:47:30 -0500] "GET /mesa/contrasena.pdf HTTP/1.1" 200 443199
192.168.172.22 - - [14/Aug/2023:13:47:34 -0500] "GET /BLA/boletinlegal/consulta_actos.php?tipo=resoluciones&no=1651&usuario=&sector=&fecha=2016&resuelve= HTTP/1.1" 200 1094
201.245.192.253 - - [14/Aug/2023:13:47:35 -0500] "GET /BLA/resoluciones/RESOLUCIONES%202016/1651.pdf HTTP/1.1" 200 745938
192.168.172.22 - - [14/Aug/2023:13:47:55 -0500] "GET /BLA/boletinlegal/consulta_actos.php?tipo=resoluciones&no=1711&usuario=&sector=&fecha=2016&resuelve= HTTP/1.1" 200 1070
201.245.192.253 - - [14/Aug/2023:13:47:56 -0500] "GET /BLA/resoluciones/RESOLUCIONES%202016/1711.pdf HTTP/1.1" 200 885130
201.245.192.253 - - [14/Aug/2023:13:47:58 -0500] "POST /forms/lservlet;jsessionid=ac16012b30d63cc2d14cbdb3493a812e84ed18539c24.e3iSbxaKaheRe34KbxiPbh0Naxr0n6jAmljGr5XDqQLvpAe HTTP/1.1" 200 2
216.245.221.92 - - [14/Aug/2023:13:48:13 -0500] "HEAD / HTTP/1.1" 200 -
192.168.172.22 - - [14/Aug/2023:13:48:29 -0500] "GET /BLA/boletinlegal/consulta_actos.php?tipo=resoluciones&no=1719&usuario=&sector=&fecha=2016&resuelve= HTTP/1.1" 200 626
192.168.172.22 - - [14/Aug/2023:13:48:40 -0500] "GET /BLA/boletinlegal/consulta_actos.php?tipo=resoluciones&no=1795&usuario=&sector=&fecha=2016&resuelve= HTTP/1.1" 200 626
192.168.172.22 - - [14/Aug/2023:13:48:41 -0500] "GET /BLA/boletinlegal/consulta_actos.php?tipo=resoluciones&no=1795&usuario=&sector=&fecha=2016&resuelve= HTTP/1.1" 200 626
201.245.192.253 - - [14/Aug/2023:13:48:49 -0500] "POST /kwsrmcab/Wsrmcab  HTTP/1.1" 200 213
192.168.172.22 - - [14/Aug/2023:13:49:30 -0500] "GET /BLA/boletinlegal/consulta_actos.php?tipo=resoluciones&no=1796&usuario=&sector=&fecha=2016&resuelve= HTTP/1.1" 200 1105
201.245.192.253 - - [14/Aug/2023:13:49:32 -0500] "GET /BLA/resoluciones/RESOLUCIONES%202016/1796.pdf HTTP/1.1" 200 669603
192.168.172.22 - - [14/Aug/2023:13:49:49 -0500] "GET /BLA/boletinlegal/consulta_actos.php?tipo=resoluciones&no=1797&usuario=&sector=&fecha=2016&resuelve= HTTP/1.1" 200 1092
201.245.192.253 - - [14/Aug/2023:13:49:50 -0500] "GET /BLA/resoluciones/RESOLUCIONES%202016/1797.pdf HTTP/1.1" 200 687637
113.207.1.133 - - [14/Aug/2023:13:49:55 -0500] "GET /galeria/galeria/fotos/Huemdal-el-Tunjo1P.jpg HTTP/1.1" 200 24430
201.245.192.253 - - [14/Aug/2023:13:49:58 -0500] "POST /forms/lservlet;jsessionid=ac16012b30d63cc2d14cbdb3493a812e84ed18539c24.e3iSbxaKaheRe34KbxiPbh0Naxr0n6jAmljGr5XDqQLvpAe HTTP/1.1" 200 2
192.168.172.22 - - [14/Aug/2023:13:50:11 -0500] "GET /BLA/boletinlegal/consulta_actos.php?tipo=resoluciones&no=1798&usuario=&sector=&fecha=2016&resuelve= HTTP/1.1" 200 1098
201.245.192.253 - - [14/Aug/2023:13:50:12 -0500] "GET /BLA/resoluciones/RESOLUCIONES%202016/1798.pdf HTTP/1.1" 200 755501
192.168.172.22 - - [14/Aug/2023:13:50:30 -0500] "GET /BLA/boletinlegal/consulta_actos.php?tipo=resoluciones&no=1825&usuario=&sector=&fecha=2016&resuelve= HTTP/1.1" 200 1088
201.245.192.253 - - [14/Aug/2023:13:50:31 -0500] "GET /BLA/resoluciones/RESOLUCIONES%202016/1825.pdf HTTP/1.1" 200 648871
152.203.167.61 - - [14/Aug/2023:13:50:42 -0500] "GET /BLA/resoluciones/index.php?dir=RESOLUCIONES+2017%2F HTTP/1.1" 200 286491
192.168.172.22 - - [14/Aug/2023:13:50:48 -0500] "GET /BLA/boletinlegal/consulta_actos.php?tipo=resoluciones&no=1826&usuario=&sector=&fecha=2016&resuelve= HTTP/1.1" 200 1101
201.245.192.253 - - [14/Aug/2023:13:50:51 -0500] "GET /BLA/resoluciones/RESOLUCIONES%202016/1826.pdf HTTP/1.1" 200 584028
192.168.172.22 - - [14/Aug/2023:13:51:12 -0500] "GET /BLA/boletinlegal/consulta_actos.php?tipo=resoluciones&no=1854&usuario=&sector=&fecha=2016&resuelve= HTTP/1.1" 200 1094
201.245.192.253 - - [14/Aug/2023:13:51:14 -0500] "GET /BLA/resoluciones/RESOLUCIONES%202016/1854.pdf HTTP/1.1" 200 1231804
192.168.172.22 - - [14/Aug/2023:13:51:35 -0500] "GET /BLA/boletinlegal/consulta_actos.php?tipo=resoluciones&no=1855&usuario=&sector=&fecha=2016&resuelve= HTTP/1.1" 200 1091
201.245.192.253 - - [14/Aug/2023:13:51:36 -0500] "GET /BLA/resoluciones/RESOLUCIONES%202016/1855.pdf HTTP/1.1" 200 538438
192.168.172.22 - - [14/Aug/2023:13:51:58 -0500] "GET /BLA/boletinlegal/consulta_actos.php?tipo=resoluciones&no=1856&usuario=&sector=&fecha=2016&resuelve= HTTP/1.1" 200 1112
201.245.192.253 - - [14/Aug/2023:13:51:58 -0500] "POST /forms/lservlet;jsessionid=ac16012b30d63cc2d14cbdb3493a812e84ed18539c24.e3iSbxaKaheRe34KbxiPbh0Naxr0n6jAmljGr5XDqQLvpAe HTTP/1.1" 200 2
201.245.192.253 - - [14/Aug/2023:13:51:59 -0500] "GET /BLA/resoluciones/RESOLUCIONES%202016/1856.pdf HTTP/1.1" 200 589362
192.168.172.22 - - [14/Aug/2023:13:52:15 -0500] "GET /BLA/boletinlegal/consulta_actos.php?tipo=resoluciones&no=1934&usuario=&sector=&fecha=2016&resuelve= HTTP/1.1" 200 1091
201.245.192.253 - - [14/Aug/2023:13:52:16 -0500] "GET /BLA/resoluciones/RESOLUCIONES%202016/1934.pdf HTTP/1.1" 200 589998
172.22.2.4 - - [14/Aug/2023:13:52:17 -0500] "GET /BLA/boletinlegal/robots.txt HTTP/1.1" 404 1037
172.22.2.4 - - [14/Aug/2023:13:50:42 -0500] "HEAD /BLA/boletinlegal/ HTTP/1.1" 200 -
172.22.2.4 - - [14/Aug/2023:13:51:33 -0500] "GET /BLA/boletinlegal/ HTTP/1.1" 200 40981
216.245.221.92 - - [14/Aug/2023:13:53:13 -0500] "HEAD / HTTP/1.1" 200 -
190.146.162.41 - - [14/Aug/2023:13:53:47 -0500] "GET /galeria/galeria/jquery.fancybox.css?v=2.1.5 HTTP/1.1" 200 4895
190.146.162.41 - - [14/Aug/2023:13:53:47 -0500] "GET /galeria/galeria/jquery.fancybox.js?v=2.1.5 HTTP/1.1" 200 48706
190.146.162.41 - - [14/Aug/2023:13:53:47 -0500] "GET /BLA/boletinlegal/js/jquery.scrollShow.js HTTP/1.1" 200 4586
190.146.162.41 - - [14/Aug/2023:13:53:48 -0500] "GET /autoliquidacion2020 HTTP/1.1" 301 250
190.144.165.217 - - [14/Aug/2023:13:53:50 -0500] "GET /galeria/galeria/jquery.fancybox.css?v=2.1.5 HTTP/1.1" 200 4895
190.144.165.217 - - [14/Aug/2023:13:53:50 -0500] "GET /galeria/galeria/jquery.fancybox.js?v=2.1.5 HTTP/1.1" 200 48706
190.144.165.217 - - [14/Aug/2023:13:53:51 -0500] "GET /BLA/boletinlegal/js/jquery.scrollShow.js HTTP/1.1" 200 4586
201.245.192.253 - - [14/Aug/2023:13:53:48 -0500] "POST /kwsrmcab/Wsrmcab  HTTP/1.1" 200 213
190.144.165.217 - - [14/Aug/2023:13:53:51 -0500] "GET /autoliquidacion2020 HTTP/1.1" 301 250
190.146.162.41 - - [14/Aug/2023:13:53:51 -0500] "GET /autoliquidacion2020/ HTTP/1.1" 200 6146
190.146.162.41 - - [14/Aug/2023:13:53:51 -0500] "GET /autoliquidacion2020/dlf/styles.css HTTP/1.1" 200 3045
190.146.162.41 - - [14/Aug/2023:13:53:51 -0500] "GET /autoliquidacion2020/dlf/folder.png HTTP/1.1" 200 410
190.144.165.217 - - [14/Aug/2023:13:53:51 -0500] "GET /autoliquidacion2020/ HTTP/1.1" 200 6146
190.146.162.41 - - [14/Aug/2023:13:53:51 -0500] "GET /autoliquidacion2020/dlf/bg.gif HTTP/1.1" 200 54
190.144.165.217 - - [14/Aug/2023:13:53:52 -0500] "GET /autoliquidacion2020/dlf/styles.css HTTP/1.1" 200 3045
190.144.165.217 - - [14/Aug/2023:13:53:52 -0500] "GET /autoliquidacion2020/dlf/folder.png HTTP/1.1" 200 410
190.144.165.217 - - [14/Aug/2023:13:53:52 -0500] "GET /autoliquidacion2020/dlf/bg.gif HTTP/1.1" 200 54
190.144.165.217 - - [14/Aug/2023:13:53:56 -0500] "GET /autoliquidacion2020/index.php?dir=Grupo+Forestal+-+Silvicultura%2F HTTP/1.1" 200 2799
190.144.165.217 - - [14/Aug/2023:13:53:56 -0500] "GET /autoliquidacion2020/dlf/dirup.png HTTP/1.1" 200 644
190.144.165.217 - - [14/Aug/2023:13:53:56 -0500] "GET /autoliquidacion2020/dlf/html.gif HTTP/1.1" 200 632
172.22.2.4 - - [14/Aug/2023:13:52:17 -0500] "GET /BLA/boletinlegal/ HTTP/1.1" 200 52656
192.168.172.22 - - [14/Aug/2023:13:53:58 -0500] "GET /BLA/boletinlegal/consulta_actos.php?tipo=resoluciones&no=1938&usuario=&sector=&fecha=2016&resuelve= HTTP/1.1" 200 1092
201.245.192.253 - - [14/Aug/2023:13:53:58 -0500] "POST /forms/lservlet;jsessionid=ac16012b30d63cc2d14cbdb3493a812e84ed18539c24.e3iSbxaKaheRe34KbxiPbh0Naxr0n6jAmljGr5XDqQLvpAe HTTP/1.1" 200 2
201.245.192.253 - - [14/Aug/2023:13:54:01 -0500] "GET /BLA/resoluciones/RESOLUCIONES%202016/1938.pdf HTTP/1.1" 200 640234
190.144.165.217 - - [14/Aug/2023:13:54:02 -0500] "GET /autoliquidacion2020/index.php?dir=Grupo+Forestal+-+Silvicultura%2FControl+y+Seguimiento+a+las+Actividades+Silviculturales%2F HTTP/1.1" 200 3539
190.144.165.217 - - [14/Aug/2023:13:54:02 -0500] "GET /autoliquidacion2020/dlf/xls.gif HTTP/1.1" 200 636
190.144.165.217 - - [14/Aug/2023:13:54:02 -0500] "GET /autoliquidacion2020/dlf/unknown.png HTTP/1.1" 200 266
190.144.165.217 - - [14/Aug/2023:13:54:24 -0500] "GET /autoliquidacion2020/Grupo%20Forestal%20-%20Silvicultura/Control%20y%20Seguimiento%20a%20las%20Actividades%20Silviculturales/PM04-PR29-F6%20Ficha%20de%20actualizacion%20del%20catastro%20de%20%20arboles.xls HTTP/1.1" 200 16274432
192.168.172.22 - - [14/Aug/2023:13:54:36 -0500] "GET /BLA/boletinlegal/consulta_actos.php?tipo=resoluciones&no=1944&usuario=&sector=&fecha=2016&resuelve= HTTP/1.1" 200 1087
201.245.192.253 - - [14/Aug/2023:13:54:37 -0500] "GET /BLA/resoluciones/RESOLUCIONES%202016/1944.pdf HTTP/1.1" 200 716996
192.168.172.22 - - [14/Aug/2023:13:54:59 -0500] "GET /BLA/boletinlegal/consulta_actos.php?tipo=resoluciones&no=1948&usuario=&sector=&fecha=2016&resuelve= HTTP/1.1" 200 1121
201.245.192.253 - - [14/Aug/2023:13:55:02 -0500] "GET /BLA/resoluciones/RESOLUCIONES%202016/1948.pdf HTTP/1.1" 200 710184
190.144.165.217 - - [14/Aug/2023:13:55:02 -0500] "GET /autoliquidacion2020/Grupo%20Forestal%20-%20Silvicultura/Control%20y%20Seguimiento%20a%20las%20Actividades%20Silviculturales/PM04-PR29-F8%20Formato%20de%20ejecuci%C3%B3n%20de%20actividades%20silviculturales.xlsx HTTP/1.1" 200 192958
192.168.172.22 - - [14/Aug/2023:13:55:23 -0500] "GET /BLA/boletinlegal/consulta_actos.php?tipo=resoluciones&no=1949&usuario=&sector=&fecha=2016&resuelve= HTTP/1.1" 200 1107
201.245.192.253 - - [14/Aug/2023:13:55:25 -0500] "GET /BLA/resoluciones/RESOLUCIONES%202016/1949.pdf HTTP/1.1" 200 383513
192.168.172.22 - - [14/Aug/2023:13:55:52 -0500] "GET /BLA/boletinlegal/consulta_actos.php?tipo=resoluciones&no=2023&usuario=&sector=&fecha=2016&resuelve= HTTP/1.1" 200 1073
201.245.192.253 - - [14/Aug/2023:13:55:54 -0500] "GET /BLA/resoluciones/RESOLUCIONES%202016/2023.pdf HTTP/1.1" 200 769599
201.245.192.253 - - [14/Aug/2023:13:55:58 -0500] "POST /forms/lservlet;jsessionid=ac16012b30d63cc2d14cbdb3493a812e84ed18539c24.e3iSbxaKaheRe34KbxiPbh0Naxr0n6jAmljGr5XDqQLvpAe HTTP/1.1" 200 2
192.168.172.22 - - [14/Aug/2023:13:56:34 -0500] "GET /BLA/boletinlegal/consulta_actos.php?tipo=resoluciones&no=2024&usuario=&sector=&fecha=2016&resuelve= HTTP/1.1" 200 1369
201.245.192.253 - - [14/Aug/2023:13:56:36 -0500] "GET /BLA/resoluciones/RESOLUCIONES%202016/2024.pdf HTTP/1.1" 200 626439
192.168.172.22 - - [14/Aug/2023:13:56:56 -0500] "GET /BLA/boletinlegal/consulta_actos.php?tipo=resoluciones&no=2044&usuario=&sector=&fecha=2016&resuelve= HTTP/1.1" 200 1065
201.245.192.253 - - [14/Aug/2023:13:56:58 -0500] "GET /BLA/resoluciones/RESOLUCIONES%202016/2044.pdf HTTP/1.1" 200 545549
173.252.79.12 - - [14/Aug/2023:13:57:05 -0500] "GET /asi-las-mujeres-que-reverdecen-cuidan-los-arboles-para-la-restauracion-ecologica-de-bogota.html HTTP/1.1" 200 911
192.168.172.22 - - [14/Aug/2023:13:57:15 -0500] "GET /BLA/boletinlegal/consulta_actos.php?tipo=resoluciones&no=2055&usuario=&sector=&fecha=2016&resuelve= HTTP/1.1" 200 1093
201.245.192.253 - - [14/Aug/2023:13:57:16 -0500] "GET /BLA/resoluciones/RESOLUCIONES%202016/2055.pdf HTTP/1.1" 200 688625
66.249.66.5 - - [14/Aug/2023:13:57:24 -0500] "GET /aeropuerto-el-dorado-distrito-sensibilizo-a-viajeros-para-evitar-el-trafico-de-especies-silvestres.html HTTP/1.1" 200 851
190.145.240.34 - - [14/Aug/2023:13:57:28 -0500] "GET /BLA/resoluciones/index.php?dir=AUTOS+2023%2F HTTP/1.1" 200 214147
192.168.172.22 - - [14/Aug/2023:13:57:32 -0500] "GET /BLA/boletinlegal/consulta_actos.php?tipo=resoluciones&no=2172&usuario=&sector=&fecha=2016&resuelve= HTTP/1.1" 200 626
192.168.172.22 - - [14/Aug/2023:13:57:33 -0500] "GET /BLA/boletinlegal/consulta_actos.php?tipo=resoluciones&no=2172&usuario=&sector=&fecha=2016&resuelve= HTTP/1.1" 200 626
201.245.192.253 - - [14/Aug/2023:13:57:58 -0500] "POST /forms/lservlet;jsessionid=ac16012b30d63cc2d14cbdb3493a812e84ed18539c24.e3iSbxaKaheRe34KbxiPbh0Naxr0n6jAmljGr5XDqQLvpAe HTTP/1.1" 200 2
201.245.192.253 - - [14/Aug/2023:13:58:00 -0500] "GET /sipse/faces/javax.faces.resource/theme.css?ln=primefaces-sipse HTTP/1.1" 304 -
201.245.192.253 - - [14/Aug/2023:13:58:00 -0500] "GET /sipse/faces/javax.faces.resource/layout/layout.css?ln=primefaces&v=4.0 HTTP/1.1" 304 -
201.245.192.253 - - [14/Aug/2023:13:58:00 -0500] "GET /sipse/faces/javax.faces.resource/primefaces.css?ln=primefaces&v=4.0 HTTP/1.1" 304 -
201.245.192.253 - - [14/Aug/2023:13:58:00 -0500] "GET /sipse/faces/javax.faces.resource/jquery/jquery.js?ln=primefaces&v=4.0 HTTP/1.1" 304 -
201.245.192.253 - - [14/Aug/2023:13:58:00 -0500] "GET /sipse/faces/javax.faces.resource/jquery/jquery-plugins.js?ln=primefaces&v=4.0 HTTP/1.1" 304 -
201.245.192.253 - - [14/Aug/2023:13:58:00 -0500] "GET /sipse/faces/javax.faces.resource/primefaces.js?ln=primefaces&v=4.0 HTTP/1.1" 304 -
201.245.192.253 - - [14/Aug/2023:13:58:00 -0500] "GET /sipse/faces/javax.faces.resource/layout/layout.js?ln=primefaces&v=4.0 HTTP/1.1" 304 -
201.245.192.253 - - [14/Aug/2023:13:57:59 -0500] "POST /sipse/faces/presentacion/financiero/solicitudProceso/consultarHistorialSolProceso.xhtml HTTP/1.1" 200 201714
201.245.192.253 - - [14/Aug/2023:13:58:00 -0500] "GET /sipse/faces/javax.faces.resource/images/ui-icons_898989_256x240.png?ln=primefaces-aristo HTTP/1.1" 304 -
186.29.241.128 - - [14/Aug/2023:13:57:59 -0500] "GET /BLA/resoluciones/index.php?dir=RESOLUCIONES+2019%2F HTTP/1.1" 200 256141
186.29.241.128 - - [14/Aug/2023:13:58:08 -0500] "GET /BLA/resoluciones/RESOLUCIONES%202019/0567.pdf HTTP/1.1" 200 321283
172.22.2.4 - - [14/Aug/2023:13:56:32 -0500] "HEAD /BLA/boletinlegal/ HTTP/1.1" 200 -
216.245.221.92 - - [14/Aug/2023:13:58:13 -0500] "HEAD / HTTP/1.1" 200 -
201.245.192.253 - - [14/Aug/2023:13:58:33 -0500] "POST /sipse/faces/presentacion/financiero/solicitudProceso/consultarSolicitudProceso.xhtml HTTP/1.1" 200 72447
201.245.192.253 - - [14/Aug/2023:13:58:35 -0500] "GET /sipse/faces/javax.faces.resource/theme.css?ln=primefaces-sipse HTTP/1.1" 304 -
201.245.192.253 - - [14/Aug/2023:13:58:35 -0500] "GET /sipse/faces/javax.faces.resource/primefaces.css?ln=primefaces&v=4.0 HTTP/1.1" 304 -
201.245.192.253 - - [14/Aug/2023:13:58:35 -0500] "GET /sipse/faces/javax.faces.resource/layout/layout.css?ln=primefaces&v=4.0 HTTP/1.1" 304 -
201.245.192.253 - - [14/Aug/2023:13:58:35 -0500] "GET /sipse/faces/javax.faces.resource/jquery/jquery-plugins.js?ln=primefaces&v=4.0 HTTP/1.1" 304 -
201.245.192.253 - - [14/Aug/2023:13:58:35 -0500] "GET /sipse/faces/javax.faces.resource/layout/layout.js?ln=primefaces&v=4.0 HTTP/1.1" 304 -
201.245.192.253 - - [14/Aug/2023:13:58:35 -0500] "GET /sipse/faces/javax.faces.resource/primefaces.js?ln=primefaces&v=4.0 HTTP/1.1" 304 -
201.245.192.253 - - [14/Aug/2023:13:58:35 -0500] "GET /sipse/faces/javax.faces.resource/jquery/jquery.js?ln=primefaces&v=4.0 HTTP/1.1" 304 -
201.245.192.253 - - [14/Aug/2023:13:58:35 -0500] "GET /sipse/faces/javax.faces.resource/images/ui-icons_898989_256x240.png?ln=primefaces-aristo HTTP/1.1" 304 -
201.245.192.253 - - [14/Aug/2023:13:58:46 -0500] "POST /kwsrmcab/Wsrmcab  HTTP/1.1" 200 213
192.168.172.22 - - [14/Aug/2023:13:59:00 -0500] "GET /BLA/boletinlegal/consulta_actos.php?tipo=resoluciones&no=2198&usuario=&sector=&fecha=2016&resuelve= HTTP/1.1" 200 626
192.168.172.22 - - [14/Aug/2023:13:59:01 -0500] "GET /BLA/boletinlegal/consulta_actos.php?tipo=resoluciones&no=2198&usuario=&sector=&fecha=2016&resuelve= HTTP/1.1" 200 626
172.22.2.4 - - [14/Aug/2023:13:57:23 -0500] "GET /BLA/boletinlegal/ HTTP/1.1" 200 58981
201.245.192.253 - - [14/Aug/2023:13:59:58 -0500] "POST /forms/lservlet;jsessionid=ac16012b30d63cc2d14cbdb3493a812e84ed18539c24.e3iSbxaKaheRe34KbxiPbh0Naxr0n6jAmljGr5XDqQLvpAe HTTP/1.1" 200 2
192.168.172.22 - - [14/Aug/2023:14:00:00 -0500] "GET /BLA/boletinlegal/consulta_actos.php?tipo=resoluciones&no=2199&usuario=&sector=&fecha=2016&resuelve= HTTP/1.1" 200 1114
201.245.192.253 - - [14/Aug/2023:14:00:02 -0500] "GET /BLA/resoluciones/RESOLUCIONES%202016/2199.pdf HTTP/1.1" 200 1718207
186.28.163.193 - - [14/Aug/2023:14:00:25 -0500] "GET /BLA/boletinlegal/js/jquery.scrollShow.js HTTP/1.1" 200 4586
186.28.163.193 - - [14/Aug/2023:14:00:25 -0500] "GET /galeria/galeria/jquery.fancybox.css?v=2.1.5 HTTP/1.1" 200 4895
186.28.163.193 - - [14/Aug/2023:14:00:25 -0500] "GET /galeria/galeria/jquery.fancybox.js?v=2.1.5 HTTP/1.1" 200 48706
192.168.172.22 - - [14/Aug/2023:14:00:37 -0500] "GET /BLA/boletinlegal/consulta_actos.php?tipo=resoluciones&no=2222&usuario=&sector=&fecha=2016&resuelve= HTTP/1.1" 200 1079
201.245.192.253 - - [14/Aug/2023:14:00:38 -0500] "GET /BLA/resoluciones/RESOLUCIONES%202016/2222.pdf HTTP/1.1" 200 593622
190.60.231.2 - - [14/Aug/2023:14:01:06 -0500] "GET /mejora-tu-bienestar-con-las-caminatas-ecologicas-%C3%82%C2%A1conoce-la-programacion-de-agosto.html HTTP/1.1" 200 873
192.168.172.22 - - [14/Aug/2023:14:01:16 -0500] "GET /BLA/boletinlegal/consulta_actos.php?tipo=resoluciones&no=2223&usuario=&sector=&fecha=2016&resuelve= HTTP/1.1" 200 1079
201.245.192.253 - - [14/Aug/2023:14:01:18 -0500] "GET /BLA/resoluciones/RESOLUCIONES%202016/2223.pdf HTTP/1.1" 200 564948
192.168.172.22 - - [14/Aug/2023:14:01:54 -0500] "GET /BLA/boletinlegal/consulta_actos.php?tipo=resoluciones&no=2227&usuario=&sector=&fecha=2016&resuelve= HTTP/1.1" 200 1079
201.245.192.253 - - [14/Aug/2023:14:01:55 -0500] "GET /BLA/resoluciones/RESOLUCIONES%202016/2227.pdf HTTP/1.1" 200 1701825
5.29.20.234 - - [14/Aug/2023:14:01:56 -0500] "GET /robots.txt HTTP/1.1" 404 1018
201.245.192.253 - - [14/Aug/2023:14:01:58 -0500] "POST /forms/lservlet;jsessionid=ac16012b30d63cc2d14cbdb3493a812e84ed18539c24.e3iSbxaKaheRe34KbxiPbh0Naxr0n6jAmljGr5XDqQLvpAe HTTP/1.1" 200 2
216.245.221.92 - - [14/Aug/2023:14:03:13 -0500] "HEAD / HTTP/1.1" 200 -
192.168.172.22 - - [14/Aug/2023:14:03:20 -0500] "GET /BLA/boletinlegal/consulta_actos.php?tipo=resoluciones&no=2266&usuario=&sector=&fecha=2016&resuelve= HTTP/1.1" 200 1133
201.245.192.253 - - [14/Aug/2023:14:03:21 -0500] "GET /BLA/resoluciones/RESOLUCIONES%202016/2266.pdf HTTP/1.1" 200 351193
192.168.172.94 - - [14/Aug/2023:14:03:41 -0500] "GET /BLA/resoluciones/ HTTP/1.1" 200 13502
192.168.172.94 - - [14/Aug/2023:14:03:42 -0500] "GET /BLA/resoluciones/dlf/folder.png HTTP/1.1" 200 410
192.168.172.94 - - [14/Aug/2023:14:03:42 -0500] "GET /BLA/resoluciones/dlf/styles.css HTTP/1.1" 200 3049
192.168.172.94 - - [14/Aug/2023:14:03:44 -0500] "GET /BLA/resoluciones/index.php?dir=RESOLUCIONES+2017%2F HTTP/1.1" 200 286491
201.245.192.253 - - [14/Aug/2023:14:03:45 -0500] "POST /kwsrmcab/Wsrmcab  HTTP/1.1" 200 213
192.168.172.94 - - [14/Aug/2023:14:03:48 -0500] "GET /BLA/resoluciones/RESOLUCIONES%202017/0065.pdf HTTP/1.1" 200 552418
201.245.192.253 - - [14/Aug/2023:14:03:58 -0500] "POST /forms/lservlet;jsessionid=ac16012b30d63cc2d14cbdb3493a812e84ed18539c24.e3iSbxaKaheRe34KbxiPbh0Naxr0n6jAmljGr5XDqQLvpAe HTTP/1.1" 200 2
172.22.2.4 - - [14/Aug/2023:14:02:23 -0500] "HEAD /BLA/boletinlegal/ HTTP/1.1" 200 -
192.168.172.22 - - [14/Aug/2023:14:04:09 -0500] "GET /BLA/boletinlegal/consulta_actos.php?tipo=resoluciones&no=2267&usuario=&sector=&fecha=2016&resuelve= HTTP/1.1" 200 1103
201.245.192.253 - - [14/Aug/2023:14:04:11 -0500] "GET /BLA/resoluciones/RESOLUCIONES%202016/2267.pdf HTTP/1.1" 200 446931
192.168.172.22 - - [14/Aug/2023:14:04:43 -0500] "GET /BLA/boletinlegal/consulta_actos.php?tipo=resoluciones&no=2267&usuario=&sector=&fecha=2016&resuelve= HTTP/1.1" 200 1103
192.168.172.22 - - [14/Aug/2023:14:04:45 -0500] "GET /BLA/boletinlegal/consulta_actos.php?tipo=resoluciones&no=2267&usuario=&sector=&fecha=2016&resuelve= HTTP/1.1" 200 1103
172.22.2.4 - - [14/Aug/2023:14:03:13 -0500] "GET /BLA/boletinlegal/ HTTP/1.1" 200 60692
192.168.172.22 - - [14/Aug/2023:14:04:57 -0500] "GET /BLA/boletinlegal/consulta_actos.php?tipo=resoluciones&no=2268&usuario=&sector=&fecha=2016&resuelve= HTTP/1.1" 200 1092
201.245.192.253 - - [14/Aug/2023:14:05:01 -0500] "GET /BLA/resoluciones/RESOLUCIONES%202016/2268.pdf HTTP/1.1" 200 663967
192.168.172.22 - - [14/Aug/2023:14:05:22 -0500] "GET /BLA/boletinlegal/consulta_actos.php?tipo=resoluciones&no=2327&usuario=&sector=&fecha=2016&resuelve= HTTP/1.1" 200 1092
201.245.192.253 - - [14/Aug/2023:14:05:24 -0500] "GET /BLA/resoluciones/RESOLUCIONES%202016/2327.pdf HTTP/1.1" 200 596438
192.168.172.22 - - [14/Aug/2023:14:05:57 -0500] "GET /BLA/boletinlegal/consulta_actos.php?tipo=resoluciones&no=2538&usuario=&sector=&fecha=2016&resuelve= HTTP/1.1" 200 1109
201.245.192.253 - - [14/Aug/2023:14:05:58 -0500] "GET /BLA/resoluciones/RESOLUCIONES%202016/2538.pdf HTTP/1.1" 200 1248176
201.245.192.253 - - [14/Aug/2023:14:05:58 -0500] "POST /forms/lservlet;jsessionid=ac16012b30d63cc2d14cbdb3493a812e84ed18539c24.e3iSbxaKaheRe34KbxiPbh0Naxr0n6jAmljGr5XDqQLvpAe HTTP/1.1" 200 2
192.168.172.94 - - [14/Aug/2023:14:06:01 -0500] "GET /BLA/resoluciones/RESOLUCIONES%202017/0083.pdf HTTP/1.1" 200 684497
172.22.2.4 - - [14/Aug/2023:14:06:30 -0500] "GET /BLA/boletinlegal/actos.php HTTP/1.1" 200 9682
172.22.2.4 - - [14/Aug/2023:14:06:30 -0500] "GET /BLA/boletinlegal/styles2.css HTTP/1.1" 200 1838
172.22.2.4 - - [14/Aug/2023:14:06:30 -0500] "GET /BLA/boletinlegal/js/ajax_actos.js HTTP/1.1" 200 1322
172.22.2.4 - - [14/Aug/2023:14:06:30 -0500] "GET /BLA/boletinlegal/style.css HTTP/1.1" 200 9406
172.22.2.4 - - [14/Aug/2023:14:06:30 -0500] "GET /BLA/boletinlegal/niceforms-default.css HTTP/1.1" 200 6694
172.22.2.4 - - [14/Aug/2023:14:06:30 -0500] "GET /BLA/boletinlegal/niceforms.js HTTP/1.1" 200 22876
172.22.2.4 - - [14/Aug/2023:14:06:30 -0500] "GET /BLA/boletinlegal/js/popup.js HTTP/1.1" 200 1270
172.22.2.4 - - [14/Aug/2023:14:06:31 -0500] "GET /BLA/boletinlegal/js/jquery1.js HTTP/1.1" 200 29846
172.22.2.4 - - [14/Aug/2023:14:06:31 -0500] "GET /BLA/boletinlegal/js/lib.js HTTP/1.1" 200 6474
172.22.2.4 - - [14/Aug/2023:14:06:31 -0500] "GET /BLA/boletinlegal/images/cabezote%20BLEGAL.jpg HTTP/1.1" 200 118164
172.22.2.4 - - [14/Aug/2023:14:06:31 -0500] "GET /BLA/boletinlegal/images/subscribe-icon-big.png HTTP/1.1" 200 47702
172.22.2.4 - - [14/Aug/2023:14:06:31 -0500] "GET /BLA/boletinlegal/images/historia.png HTTP/1.1" 200 52775
172.22.2.4 - - [14/Aug/2023:14:06:31 -0500] "GET /BLA/boletinlegal/images/registro-usuarios.png HTTP/1.1" 200 8106
172.22.2.4 - - [14/Aug/2023:14:06:31 -0500] "GET /BLA/boletinlegal/images/icono-email.png HTTP/1.1" 200 5544
172.22.2.4 - - [14/Aug/2023:14:06:31 -0500] "GET /BLA/boletinlegal/images/green-yellow-blue-pink-th.png HTTP/1.1" 200 7394
172.22.2.4 - - [14/Aug/2023:14:06:31 -0500] "GET /BLA/boletinlegal/images/tel.png HTTP/1.1" 200 14477
172.22.2.4 - - [14/Aug/2023:14:06:31 -0500] "GET /BLA/boletinlegal/images/body_bg.jpg HTTP/1.1" 200 1601
172.22.2.4 - - [14/Aug/2023:14:06:31 -0500] "GET /BLA/boletinlegal/images/menu_lft.gif HTTP/1.1" 200 1713
172.22.2.4 - - [14/Aug/2023:14:06:31 -0500] "GET /BLA/boletinlegal/images/menu_rght.gif HTTP/1.1" 200 1627
172.22.2.4 - - [14/Aug/2023:14:06:31 -0500] "GET /BLA/boletinlegal/images/bg_top.jpg HTTP/1.1" 200 522
172.22.2.4 - - [14/Aug/2023:14:06:31 -0500] "GET /BLA/boletinlegal/images/menu_bg.jpg HTTP/1.1" 200 620
172.22.2.4 - - [14/Aug/2023:14:06:31 -0500] "GET /BLA/boletinlegal/images/text.jpg HTTP/1.1" 200 568
172.22.2.4 - - [14/Aug/2023:14:06:31 -0500] "GET /BLA/boletinlegal/images/hover.jpg HTTP/1.1" 200 640
172.22.2.4 - - [14/Aug/2023:14:06:31 -0500] "GET /BLA/boletinlegal/images/footer_bg.jpg HTTP/1.1" 200 586
172.22.2.4 - - [14/Aug/2023:14:06:31 -0500] "GET /BLA/boletinlegal/images/footer_bg_l.jpg HTTP/1.1" 200 776
172.22.2.4 - - [14/Aug/2023:14:06:32 -0500] "GET /BLA/boletinlegal/img/0.png HTTP/1.1" 200 110
172.22.2.4 - - [14/Aug/2023:14:06:32 -0500] "GET /BLA/boletinlegal/img/button-left.png HTTP/1.1" 200 57071
172.22.2.4 - - [14/Aug/2023:14:06:32 -0500] "GET /BLA/boletinlegal/img/select-left.png HTTP/1.1" 200 263
172.22.2.4 - - [14/Aug/2023:14:06:32 -0500] "GET /BLA/boletinlegal/img/select-right.png HTTP/1.1" 200 44019
172.22.2.4 - - [14/Aug/2023:14:06:32 -0500] "GET /BLA/boletinlegal/img/button.png HTTP/1.1" 200 43241
172.22.2.4 - - [14/Aug/2023:14:06:32 -0500] "GET /BLA/boletinlegal/img/button-right.png HTTP/1.1" 200 57878
172.22.2.4 - - [14/Aug/2023:14:06:32 -0500] "GET /BLA/boletinlegal/favicon.ico HTTP/1.1" 404 1326
192.168.172.94 - - [14/Aug/2023:14:07:23 -0500] "GET /BLA/resoluciones/RESOLUCIONES%202017/0087.pdf HTTP/1.1" 200 397993
192.168.172.94 - - [14/Aug/2023:14:07:24 -0500] "GET /BLA/resoluciones/RESOLUCIONES%202017/0087.pdf HTTP/1.1" 206 4777
192.168.172.94 - - [14/Aug/2023:14:07:24 -0500] "GET /BLA/resoluciones/RESOLUCIONES%202017/0087.pdf HTTP/1.1" 206 65536
192.168.172.94 - - [14/Aug/2023:14:07:24 -0500] "GET /BLA/resoluciones/RESOLUCIONES%202017/0087.pdf HTTP/1.1" 206 65536
192.168.172.94 - - [14/Aug/2023:14:07:24 -0500] "GET /BLA/resoluciones/RESOLUCIONES%202017/0087.pdf HTTP/1.1" 206 65536
192.168.172.94 - - [14/Aug/2023:14:07:24 -0500] "GET /BLA/resoluciones/RESOLUCIONES%202017/0087.pdf HTTP/1.1" 206 65536
192.168.172.94 - - [14/Aug/2023:14:07:24 -0500] "GET /BLA/resoluciones/RESOLUCIONES%202017/0087.pdf HTTP/1.1" 206 65536
192.168.172.94 - - [14/Aug/2023:14:07:52 -0500] "GET /BLA/resoluciones/RESOLUCIONES%202017/0089.pdf HTTP/1.1" 200 573195
201.245.192.253 - - [14/Aug/2023:14:07:58 -0500] "POST /forms/lservlet;jsessionid=ac16012b30d63cc2d14cbdb3493a812e84ed18539c24.e3iSbxaKaheRe34KbxiPbh0Naxr0n6jAmljGr5XDqQLvpAe HTTP/1.1" 200 2
201.245.192.253 - - [14/Aug/2023:14:08:06 -0500] "POST /sipse/faces/presentacion/financiero/solicitudProceso/listarSolicitudProceso.xhtml HTTP/1.1" 200 27197
201.245.192.253 - - [14/Aug/2023:14:08:06 -0500] "GET /sipse/faces/javax.faces.resource/theme.css?ln=primefaces-sipse HTTP/1.1" 304 -
201.245.192.253 - - [14/Aug/2023:14:08:06 -0500] "GET /sipse/faces/javax.faces.resource/layout/layout.css?ln=primefaces&v=4.0 HTTP/1.1" 304 -
201.245.192.253 - - [14/Aug/2023:14:08:06 -0500] "GET /sipse/faces/javax.faces.resource/primefaces.css?ln=primefaces&v=4.0 HTTP/1.1" 304 -
201.245.192.253 - - [14/Aug/2023:14:08:06 -0500] "GET /sipse/css/imagen/contrasena.png HTTP/1.1" 404 383
201.245.192.253 - - [14/Aug/2023:14:08:06 -0500] "GET /sipse/faces/javax.faces.resource/jquery/jquery.js?ln=primefaces&v=4.0 HTTP/1.1" 304 -
