172.22.2.4 - - [15/Aug/2023:03:27:56 -0500] "GET /BLA/boletinlegal/jurisprudencia.php HTTP/1.1" 200 17583
201.245.192.253 - - [15/Aug/2023:03:28:09 -0500] "POST /forms/lservlet;jsessionid=ac16012b30d63cc2d14cbdb3493a812e84ed18539c24.e3iSbxaKaheRe34KbxiPbh0Naxr0n6jAmljGr5XDqQLvpAe HTTP/1.1" 200 2
216.245.221.92 - - [15/Aug/2023:03:28:11 -0500] "HEAD / HTTP/1.1" 200 -
201.245.192.253 - - [15/Aug/2023:03:28:50 -0500] "POST /forms/lservlet;jsessionid=ac16012b30d6f99b479859054e2a8100adc1aff7528b.e3iSbxaKaheRe34KbxiPbh0Naxr0n6jAmljGr5XDqQLvpAe HTTP/1.1" 200 2
201.245.192.253 - - [15/Aug/2023:03:28:47 -0500] "POST /kwsrmcab/Wsrmcab HTTP/1.1" 500 233
201.245.192.253 - - [15/Aug/2023:03:28:50 -0500] "POST /kwsrmcab/Wsrmcab HTTP/1.1" 500 233
172.22.2.4 - - [15/Aug/2023:03:27:22 -0500] "HEAD /BLA/boletinlegal/ HTTP/1.1" 200 -
172.22.2.4 - - [15/Aug/2023:03:28:13 -0500] "GET /BLA/boletinlegal/ HTTP/1.1" 200 58187
201.245.192.253 - - [15/Aug/2023:03:30:09 -0500] "POST /forms/lservlet;jsessionid=ac16012b30d63cc2d14cbdb3493a812e84ed18539c24.e3iSbxaKaheRe34KbxiPbh0Naxr0n6jAmljGr5XDqQLvpAe HTTP/1.1" 200 2
201.245.192.253 - - [15/Aug/2023:03:30:12 -0500] "POST /kwsrmcab/Wsrmcab  HTTP/1.1" 500 233
66.249.70.5 - - [15/Aug/2023:03:30:45 -0500] "GET /BLA/resoluciones/RESOLUCIONES%202010/5768.pdf HTTP/1.1" 200 79794
201.245.192.253 - - [15/Aug/2023:03:30:50 -0500] "POST /forms/lservlet;jsessionid=ac16012b30d6f99b479859054e2a8100adc1aff7528b.e3iSbxaKaheRe34KbxiPbh0Naxr0n6jAmljGr5XDqQLvpAe HTTP/1.1" 200 2
40.77.167.123 - - [15/Aug/2023:03:31:39 -0500] "GET /BLA/resoluciones/AUTOS%202022/2712.pdf HTTP/1.1" 304 -
201.245.192.253 - - [15/Aug/2023:03:32:09 -0500] "POST /forms/lservlet;jsessionid=ac16012b30d63cc2d14cbdb3493a812e84ed18539c24.e3iSbxaKaheRe34KbxiPbh0Naxr0n6jAmljGr5XDqQLvpAe HTTP/1.1" 200 2
201.245.192.253 - - [15/Aug/2023:03:32:50 -0500] "POST /forms/lservlet;jsessionid=ac16012b30d6f99b479859054e2a8100adc1aff7528b.e3iSbxaKaheRe34KbxiPbh0Naxr0n6jAmljGr5XDqQLvpAe HTTP/1.1" 200 2
106.8.236.62 - - [15/Aug/2023:03:32:56 -0500] "GET / HTTP/1.1" 200 319
106.8.236.62 - - [15/Aug/2023:03:32:57 -0500] "GET /HNAP1/ HTTP/1.1" 404 1150
216.245.221.92 - - [15/Aug/2023:03:33:11 -0500] "HEAD / HTTP/1.1" 200 -
201.245.192.253 - - [15/Aug/2023:03:34:09 -0500] "POST /forms/lservlet;jsessionid=ac16012b30d63cc2d14cbdb3493a812e84ed18539c24.e3iSbxaKaheRe34KbxiPbh0Naxr0n6jAmljGr5XDqQLvpAe HTTP/1.1" 200 2
201.245.192.253 - - [15/Aug/2023:03:34:50 -0500] "POST /forms/lservlet;jsessionid=ac16012b30d6f99b479859054e2a8100adc1aff7528b.e3iSbxaKaheRe34KbxiPbh0Naxr0n6jAmljGr5XDqQLvpAe HTTP/1.1" 200 2
172.22.2.4 - - [15/Aug/2023:03:33:12 -0500] "HEAD /BLA/boletinlegal/ HTTP/1.1" 200 -
172.22.2.4 - - [15/Aug/2023:03:34:03 -0500] "GET /BLA/boletinlegal/ HTTP/1.1" 200 61130
201.245.192.253 - - [15/Aug/2023:03:35:10 -0500] "POST /kwsrmcab/Wsrmcab  HTTP/1.1" 500 233
201.245.192.253 - - [15/Aug/2023:03:36:09 -0500] "POST /forms/lservlet;jsessionid=ac16012b30d63cc2d14cbdb3493a812e84ed18539c24.e3iSbxaKaheRe34KbxiPbh0Naxr0n6jAmljGr5XDqQLvpAe HTTP/1.1" 200 2
201.245.192.253 - - [15/Aug/2023:03:36:50 -0500] "POST /forms/lservlet;jsessionid=ac16012b30d6f99b479859054e2a8100adc1aff7528b.e3iSbxaKaheRe34KbxiPbh0Naxr0n6jAmljGr5XDqQLvpAe HTTP/1.1" 200 2
66.249.70.5 - - [15/Aug/2023:03:36:51 -0500] "GET /BLA/resoluciones/RESOLUCIONES%202011/3772.pdf HTTP/1.1" 200 688124
52.167.144.78 - - [15/Aug/2023:03:37:18 -0500] "GET /BLA/resoluciones/RESOLUCIONES%202023/1226.pdf HTTP/1.1" 200 464640
66.249.66.194 - - [15/Aug/2023:03:37:26 -0500] "GET /como-obtener-el-certificado-de-estado-de-conservacion-ambiental-ceca.html HTTP/1.1" 304 -
66.249.70.6 - - [15/Aug/2023:03:37:43 -0500] "GET /BLA/resoluciones/RESOLUCIONES%202010/3411.pdf HTTP/1.1" 200 317124
40.77.167.123 - - [15/Aug/2023:03:37:49 -0500] "GET /Autoliquidacion/index.php?dir=Permiso+de+ocupaci%F3n+de+cauce%2F HTTP/1.1" 200 2434
45.79.181.223 - - [15/Aug/2023:03:37:54 -0500] "GET / HTTP/1.1" 200 319
52.167.144.16 - - [15/Aug/2023:03:38:07 -0500] "GET /Autoliquidacion/dlf/styles.css HTTP/1.1" 200 3045
201.245.192.253 - - [15/Aug/2023:03:38:09 -0500] "POST /forms/lservlet;jsessionid=ac16012b30d63cc2d14cbdb3493a812e84ed18539c24.e3iSbxaKaheRe34KbxiPbh0Naxr0n6jAmljGr5XDqQLvpAe HTTP/1.1" 200 2
216.245.221.92 - - [15/Aug/2023:03:38:11 -0500] "HEAD / HTTP/1.1" 200 -
201.245.192.253 - - [15/Aug/2023:03:38:50 -0500] "POST /forms/lservlet;jsessionid=ac16012b30d6f99b479859054e2a8100adc1aff7528b.e3iSbxaKaheRe34KbxiPbh0Naxr0n6jAmljGr5XDqQLvpAe HTTP/1.1" 200 2
201.245.192.253 - - [15/Aug/2023:03:38:47 -0500] "POST /kwsrmcab/Wsrmcab HTTP/1.1" 500 233
201.245.192.253 - - [15/Aug/2023:03:38:50 -0500] "POST /kwsrmcab/Wsrmcab HTTP/1.1" 500 233
201.245.192.253 - - [15/Aug/2023:03:40:09 -0500] "POST /forms/lservlet;jsessionid=ac16012b30d63cc2d14cbdb3493a812e84ed18539c24.e3iSbxaKaheRe34KbxiPbh0Naxr0n6jAmljGr5XDqQLvpAe HTTP/1.1" 200 2
66.249.70.6 - - [15/Aug/2023:03:40:24 -0500] "GET /BLA/resoluciones/AUTOS%202008/1818.pdf HTTP/1.1" 200 144095
201.245.192.253 - - [15/Aug/2023:03:40:08 -0500] "POST /kwsrmcab/Wsrmcab  HTTP/1.1" 500 233
172.22.2.4 - - [15/Aug/2023:03:39:02 -0500] "HEAD /BLA/boletinlegal/ HTTP/1.1" 200 -
201.245.192.253 - - [15/Aug/2023:03:40:50 -0500] "POST /forms/lservlet;jsessionid=ac16012b30d6f99b479859054e2a8100adc1aff7528b.e3iSbxaKaheRe34KbxiPbh0Naxr0n6jAmljGr5XDqQLvpAe HTTP/1.1" 200 2
66.249.70.6 - - [15/Aug/2023:03:41:12 -0500] "GET /resoluciones/RESOLUCIONES%202007/RES%202007%202301%20AL%202400/RESOLUCION%202375%20DE%202007.pdf HTTP/1.1" 404 1018
172.22.2.4 - - [15/Aug/2023:03:39:53 -0500] "GET /BLA/boletinlegal/ HTTP/1.1" 200 57790
201.245.192.253 - - [15/Aug/2023:03:42:09 -0500] "POST /forms/lservlet;jsessionid=ac16012b30d63cc2d14cbdb3493a812e84ed18539c24.e3iSbxaKaheRe34KbxiPbh0Naxr0n6jAmljGr5XDqQLvpAe HTTP/1.1" 200 2
201.245.192.253 - - [15/Aug/2023:03:42:50 -0500] "POST /forms/lservlet;jsessionid=ac16012b30d6f99b479859054e2a8100adc1aff7528b.e3iSbxaKaheRe34KbxiPbh0Naxr0n6jAmljGr5XDqQLvpAe HTTP/1.1" 200 2
216.245.221.92 - - [15/Aug/2023:03:43:11 -0500] "HEAD / HTTP/1.1" 200 -
201.245.192.253 - - [15/Aug/2023:03:44:09 -0500] "POST /forms/lservlet;jsessionid=ac16012b30d63cc2d14cbdb3493a812e84ed18539c24.e3iSbxaKaheRe34KbxiPbh0Naxr0n6jAmljGr5XDqQLvpAe HTTP/1.1" 200 2
172.22.2.4 - - [15/Aug/2023:03:44:05 -0500] "GET /BLA/boletinlegal/ HTTP/1.1" 200 32715
201.245.192.253 - - [15/Aug/2023:03:44:50 -0500] "POST /forms/lservlet;jsessionid=ac16012b30d6f99b479859054e2a8100adc1aff7528b.e3iSbxaKaheRe34KbxiPbh0Naxr0n6jAmljGr5XDqQLvpAe HTTP/1.1" 200 2
168.119.253.13 - - [15/Aug/2023:03:44:56 -0500] "GET / HTTP/1.1" 200 4720
168.119.253.13 - - [15/Aug/2023:03:44:59 -0500] "GET / HTTP/1.1" 200 319
201.245.192.253 - - [15/Aug/2023:03:45:07 -0500] "POST /kwsrmcab/Wsrmcab  HTTP/1.1" 500 233
201.245.192.253 - - [15/Aug/2023:03:46:09 -0500] "POST /forms/lservlet;jsessionid=ac16012b30d63cc2d14cbdb3493a812e84ed18539c24.e3iSbxaKaheRe34KbxiPbh0Naxr0n6jAmljGr5XDqQLvpAe HTTP/1.1" 200 2
66.249.70.5 - - [15/Aug/2023:03:46:27 -0500] "GET /BLA/resoluciones/RESOLUCIONES%202009/6002.pdf HTTP/1.1" 200 112176
172.22.2.4 - - [15/Aug/2023:03:44:52 -0500] "HEAD /BLA/boletinlegal/ HTTP/1.1" 200 -
66.249.70.5 - - [15/Aug/2023:03:46:37 -0500] "GET /BLA/resoluciones/RESOLUCIONES%202008/3722.pdf HTTP/1.1" 200 408764
201.245.192.253 - - [15/Aug/2023:03:46:50 -0500] "POST /forms/lservlet;jsessionid=ac16012b30d6f99b479859054e2a8100adc1aff7528b.e3iSbxaKaheRe34KbxiPbh0Naxr0n6jAmljGr5XDqQLvpAe HTTP/1.1" 200 2
172.22.2.4 - - [15/Aug/2023:03:45:43 -0500] "GET /BLA/boletinlegal/ HTTP/1.1" 200 52656
201.245.192.253 - - [15/Aug/2023:03:48:09 -0500] "POST /forms/lservlet;jsessionid=ac16012b30d63cc2d14cbdb3493a812e84ed18539c24.e3iSbxaKaheRe34KbxiPbh0Naxr0n6jAmljGr5XDqQLvpAe HTTP/1.1" 200 2
216.245.221.92 - - [15/Aug/2023:03:48:11 -0500] "HEAD / HTTP/1.1" 200 -
201.245.192.253 - - [15/Aug/2023:03:48:50 -0500] "POST /forms/lservlet;jsessionid=ac16012b30d6f99b479859054e2a8100adc1aff7528b.e3iSbxaKaheRe34KbxiPbh0Naxr0n6jAmljGr5XDqQLvpAe HTTP/1.1" 200 2
201.245.192.253 - - [15/Aug/2023:03:50:09 -0500] "POST /forms/lservlet;jsessionid=ac16012b30d63cc2d14cbdb3493a812e84ed18539c24.e3iSbxaKaheRe34KbxiPbh0Naxr0n6jAmljGr5XDqQLvpAe HTTP/1.1" 200 2
201.245.192.253 - - [15/Aug/2023:03:50:06 -0500] "POST /kwsrmcab/Wsrmcab  HTTP/1.1" 500 233
40.77.167.123 - - [15/Aug/2023:03:50:31 -0500] "GET /forest/ HTTP/1.1" 200 12041
201.245.192.253 - - [15/Aug/2023:03:50:50 -0500] "POST /forms/lservlet;jsessionid=ac16012b30d6f99b479859054e2a8100adc1aff7528b.e3iSbxaKaheRe34KbxiPbh0Naxr0n6jAmljGr5XDqQLvpAe HTTP/1.1" 200 2
66.249.70.6 - - [15/Aug/2023:03:51:49 -0500] "GET /BLA/resoluciones/RESOLUCIONES%202009/0916.pdf HTTP/1.1" 200 385243
201.245.192.253 - - [15/Aug/2023:03:52:09 -0500] "POST /forms/lservlet;jsessionid=ac16012b30d63cc2d14cbdb3493a812e84ed18539c24.e3iSbxaKaheRe34KbxiPbh0Naxr0n6jAmljGr5XDqQLvpAe HTTP/1.1" 200 2
172.22.2.4 - - [15/Aug/2023:03:50:42 -0500] "HEAD /BLA/boletinlegal/ HTTP/1.1" 200 -
201.245.192.253 - - [15/Aug/2023:03:52:50 -0500] "POST /forms/lservlet;jsessionid=ac16012b30d6f99b479859054e2a8100adc1aff7528b.e3iSbxaKaheRe34KbxiPbh0Naxr0n6jAmljGr5XDqQLvpAe HTTP/1.1" 200 2
216.245.221.92 - - [15/Aug/2023:03:53:11 -0500] "HEAD / HTTP/1.1" 200 -
172.22.2.4 - - [15/Aug/2023:03:51:33 -0500] "GET /BLA/boletinlegal/ HTTP/1.1" 200 55844
201.245.192.253 - - [15/Aug/2023:03:54:09 -0500] "POST /forms/lservlet;jsessionid=ac16012b30d63cc2d14cbdb3493a812e84ed18539c24.e3iSbxaKaheRe34KbxiPbh0Naxr0n6jAmljGr5XDqQLvpAe HTTP/1.1" 200 2
66.249.70.4 - - [15/Aug/2023:03:54:33 -0500] "GET /BLA/resoluciones/RESOLUCIONES%202009/1564.pdf HTTP/1.1" 200 446652
201.245.192.253 - - [15/Aug/2023:03:54:50 -0500] "POST /forms/lservlet;jsessionid=ac16012b30d6f99b479859054e2a8100adc1aff7528b.e3iSbxaKaheRe34KbxiPbh0Naxr0n6jAmljGr5XDqQLvpAe HTTP/1.1" 200 2
201.245.192.253 - - [15/Aug/2023:03:55:05 -0500] "POST /kwsrmcab/Wsrmcab  HTTP/1.1" 500 233
186.31.187.205 - - [15/Aug/2023:03:55:21 -0500] "GET /bogota-empieza-la-consolidacion-de-la-estrategia-de-bosques-urbanos-con-el-brazo-salitre-en-barrios-unidos.html?utm_source=Meta_DIGI&utm_medium=CPV&utm_campaign=BosquesUrbanos&utm_id=Agosto_2023&fbclid=IwAR0CpmYgQbKZemtMov3brFIwGdtzUTadLx1vRA0Seyk7N1fMzAREFl22bYQ_aem_ASi6MoEGi_iv1J6UmeufQjZBzIEa0KVy73XoJtCz7vrggsjzs6yWgTjLl-ssc7WSS04_3ljlewSNhG3CKGVsCcNA HTTP/1.1" 200 892
201.245.192.253 - - [15/Aug/2023:03:56:09 -0500] "POST /forms/lservlet;jsessionid=ac16012b30d63cc2d14cbdb3493a812e84ed18539c24.e3iSbxaKaheRe34KbxiPbh0Naxr0n6jAmljGr5XDqQLvpAe HTTP/1.1" 200 2
201.245.192.253 - - [15/Aug/2023:03:56:50 -0500] "POST /forms/lservlet;jsessionid=ac16012b30d6f99b479859054e2a8100adc1aff7528b.e3iSbxaKaheRe34KbxiPbh0Naxr0n6jAmljGr5XDqQLvpAe HTTP/1.1" 200 2
66.249.70.5 - - [15/Aug/2023:03:57:35 -0500] "GET /BLA/resoluciones/RESOLUCIONES%202013/2785.pdf HTTP/1.1" 200 270995
66.249.70.6 - - [15/Aug/2023:03:57:56 -0500] "GET /BLA/resoluciones/RESOLUCIONES%202009/6329.pdf HTTP/1.1" 200 374248
66.249.70.5 - - [15/Aug/2023:03:58:08 -0500] "GET /BLA/resoluciones/RESOLUCIONES%202009/1087.pdf HTTP/1.1" 200 276095
201.245.192.253 - - [15/Aug/2023:03:58:09 -0500] "POST /forms/lservlet;jsessionid=ac16012b30d63cc2d14cbdb3493a812e84ed18539c24.e3iSbxaKaheRe34KbxiPbh0Naxr0n6jAmljGr5XDqQLvpAe HTTP/1.1" 200 2
216.245.221.92 - - [15/Aug/2023:03:58:11 -0500] "HEAD / HTTP/1.1" 200 -
172.22.2.4 - - [15/Aug/2023:03:56:32 -0500] "HEAD /BLA/boletinlegal/ HTTP/1.1" 200 -
201.245.192.253 - - [15/Aug/2023:03:58:50 -0500] "POST /forms/lservlet;jsessionid=ac16012b30d6f99b479859054e2a8100adc1aff7528b.e3iSbxaKaheRe34KbxiPbh0Naxr0n6jAmljGr5XDqQLvpAe HTTP/1.1" 200 2
172.22.2.4 - - [15/Aug/2023:03:57:23 -0500] "GET /BLA/boletinlegal/ HTTP/1.1" 200 58187
66.249.70.5 - - [15/Aug/2023:03:59:03 -0500] "GET /Publicaciones/2023EE167378.pdf HTTP/1.1" 404 228
172.22.2.4 - - [15/Aug/2023:03:59:41 -0500] "GET /BLA/boletinlegal/robots.txt HTTP/1.1" 404 1037
201.245.192.253 - - [15/Aug/2023:04:00:04 -0500] "POST /kwsrmcab/Wsrmcab  HTTP/1.1" 500 233
201.245.192.253 - - [15/Aug/2023:04:00:09 -0500] "POST /forms/lservlet;jsessionid=ac16012b30d63cc2d14cbdb3493a812e84ed18539c24.e3iSbxaKaheRe34KbxiPbh0Naxr0n6jAmljGr5XDqQLvpAe HTTP/1.1" 200 2
201.245.192.253 - - [15/Aug/2023:04:00:50 -0500] "POST /forms/lservlet;jsessionid=ac16012b30d6f99b479859054e2a8100adc1aff7528b.e3iSbxaKaheRe34KbxiPbh0Naxr0n6jAmljGr5XDqQLvpAe HTTP/1.1" 200 2
66.249.70.6 - - [15/Aug/2023:04:00:59 -0500] "GET /resoluciones/AUTOS%202007/3760.pdf HTTP/1.1" 404 1018
172.22.2.4 - - [15/Aug/2023:03:59:44 -0500] "GET /BLA/boletinlegal/ HTTP/1.1" 200 62795
201.245.192.253 - - [15/Aug/2023:04:02:09 -0500] "POST /forms/lservlet;jsessionid=ac16012b30d63cc2d14cbdb3493a812e84ed18539c24.e3iSbxaKaheRe34KbxiPbh0Naxr0n6jAmljGr5XDqQLvpAe HTTP/1.1" 200 2
201.245.192.253 - - [15/Aug/2023:04:02:50 -0500] "POST /forms/lservlet;jsessionid=ac16012b30d6f99b479859054e2a8100adc1aff7528b.e3iSbxaKaheRe34KbxiPbh0Naxr0n6jAmljGr5XDqQLvpAe HTTP/1.1" 200 2
216.245.221.92 - - [15/Aug/2023:04:03:11 -0500] "HEAD / HTTP/1.1" 200 -
66.249.70.7 - - [15/Aug/2023:04:03:23 -0500] "GET /BLA/resoluciones/RESOLUCIONES%202011/0019.pdf HTTP/1.1" 200 277930
172.22.2.4 - - [15/Aug/2023:04:02:22 -0500] "HEAD /BLA/boletinlegal/ HTTP/1.1" 200 -
201.245.192.253 - - [15/Aug/2023:04:04:09 -0500] "POST /forms/lservlet;jsessionid=ac16012b30d63cc2d14cbdb3493a812e84ed18539c24.e3iSbxaKaheRe34KbxiPbh0Naxr0n6jAmljGr5XDqQLvpAe HTTP/1.1" 200 2
69.63.189.117 - - [15/Aug/2023:04:04:38 -0500] "GET /images/avistamiento-aves.jpg HTTP/1.1" 200 104313
69.63.189.6 - - [15/Aug/2023:04:04:42 -0500] "GET /images/camino-guadalupe-aguanoso.jpg HTTP/1.1" 200 103489
69.63.189.10 - - [15/Aug/2023:04:04:42 -0500] "GET /images/Caminatas-ecologicas-julio.jpg HTTP/1.1" 200 480557
69.63.189.10 - - [15/Aug/2023:04:04:42 -0500] "GET /images/construccion-sostenible-.jpg HTTP/1.1" 200 82949
201.245.192.253 - - [15/Aug/2023:04:04:50 -0500] "POST /forms/lservlet;jsessionid=ac16012b30d6f99b479859054e2a8100adc1aff7528b.e3iSbxaKaheRe34KbxiPbh0Naxr0n6jAmljGr5XDqQLvpAe HTTP/1.1" 200 2
172.22.2.4 - - [15/Aug/2023:04:03:13 -0500] "GET /BLA/boletinlegal/ HTTP/1.1" 200 58597
201.245.192.253 - - [15/Aug/2023:04:05:03 -0500] "POST /kwsrmcab/Wsrmcab  HTTP/1.1" 500 233
172.22.2.4 - - [15/Aug/2023:04:05:19 -0500] "GET /BLA/boletinlegal/Circulares/2011/Circular%20No.%207%20del%2023%20de%20Diciembre%20de%202011.pdf HTTP/1.1" 200 1107785
201.245.192.253 - - [15/Aug/2023:04:06:09 -0500] "POST /forms/lservlet;jsessionid=ac16012b30d63cc2d14cbdb3493a812e84ed18539c24.e3iSbxaKaheRe34KbxiPbh0Naxr0n6jAmljGr5XDqQLvpAe HTTP/1.1" 200 2
66.249.70.7 - - [15/Aug/2023:04:06:15 -0500] "GET /BLA/resoluciones/RESOLUCIONES%202008/5717.pdf HTTP/1.1" 200 250039
201.245.192.253 - - [15/Aug/2023:04:06:50 -0500] "POST /forms/lservlet;jsessionid=ac16012b30d6f99b479859054e2a8100adc1aff7528b.e3iSbxaKaheRe34KbxiPbh0Naxr0n6jAmljGr5XDqQLvpAe HTTP/1.1" 200 2
201.245.192.253 - - [15/Aug/2023:04:08:09 -0500] "POST /forms/lservlet;jsessionid=ac16012b30d63cc2d14cbdb3493a812e84ed18539c24.e3iSbxaKaheRe34KbxiPbh0Naxr0n6jAmljGr5XDqQLvpAe HTTP/1.1" 200 2
216.245.221.92 - - [15/Aug/2023:04:08:11 -0500] "HEAD / HTTP/1.1" 200 -
201.245.192.253 - - [15/Aug/2023:04:08:50 -0500] "POST /forms/lservlet;jsessionid=ac16012b30d6f99b479859054e2a8100adc1aff7528b.e3iSbxaKaheRe34KbxiPbh0Naxr0n6jAmljGr5XDqQLvpAe HTTP/1.1" 200 2
172.22.2.4 - - [15/Aug/2023:04:08:12 -0500] "HEAD /BLA/boletinlegal/ HTTP/1.1" 200 -
201.245.192.253 - - [15/Aug/2023:04:10:09 -0500] "POST /forms/lservlet;jsessionid=ac16012b30d63cc2d14cbdb3493a812e84ed18539c24.e3iSbxaKaheRe34KbxiPbh0Naxr0n6jAmljGr5XDqQLvpAe HTTP/1.1" 200 2
201.245.192.253 - - [15/Aug/2023:04:10:01 -0500] "POST /kwsrmcab/Wsrmcab  HTTP/1.1" 500 233
172.22.2.4 - - [15/Aug/2023:04:09:02 -0500] "GET /BLA/boletinlegal/ HTTP/1.1" 200 60692
201.245.192.253 - - [15/Aug/2023:04:10:50 -0500] "POST /forms/lservlet;jsessionid=ac16012b30d6f99b479859054e2a8100adc1aff7528b.e3iSbxaKaheRe34KbxiPbh0Naxr0n6jAmljGr5XDqQLvpAe HTTP/1.1" 200 2
172.22.2.4 - - [15/Aug/2023:04:10:56 -0500] "GET /BLA/boletinlegal/Directivas/2014/Directiva%20No.%205%20del%2026%20de%20Diciembre%20de%202014.pdf HTTP/1.1" 200 3424865
66.249.70.6 - - [15/Aug/2023:04:11:40 -0500] "GET /resoluciones/RESOLUCIONES%202009/7465.pdf HTTP/1.1" 404 1018
186.29.17.87 - - [15/Aug/2023:04:12:08 -0500] "GET /inscribete-y-participa-en-la-convencion-internacional-de-emergencia-climatica-bogota-2023.html?fbclid=IwAR3NQV4jig58l9JrzvQ6RBRTqkEZ0j9eMNYZkOrIBqAsEXru8a2HgX0ybKc HTTP/1.1" 200 895
201.245.192.253 - - [15/Aug/2023:04:12:09 -0500] "POST /forms/lservlet;jsessionid=ac16012b30d63cc2d14cbdb3493a812e84ed18539c24.e3iSbxaKaheRe34KbxiPbh0Naxr0n6jAmljGr5XDqQLvpAe HTTP/1.1" 200 2
190.27.177.24 - - [15/Aug/2023:04:12:49 -0500] "GET /images/secretaria-ambiente-carolina-urrutia-en-brazo-salitre.jpg HTTP/1.1" 200 79448
190.27.177.24 - - [15/Aug/2023:04:12:49 -0500] "GET /favicon.ico HTTP/1.1" 404 1136
201.245.192.253 - - [15/Aug/2023:04:12:50 -0500] "POST /forms/lservlet;jsessionid=ac16012b30d6f99b479859054e2a8100adc1aff7528b.e3iSbxaKaheRe34KbxiPbh0Naxr0n6jAmljGr5XDqQLvpAe HTTP/1.1" 200 2
216.245.221.92 - - [15/Aug/2023:04:13:11 -0500] "HEAD / HTTP/1.1" 200 -
179.19.102.238 - - [15/Aug/2023:04:14:00 -0500] "GET /bogota-empieza-la-consolidacion-de-la-estrategia-de-bosques-urbanos-con-el-brazo-salitre-en-barrios-unidos.html?utm_source=Meta_DIGI&utm_medium=CPV&utm_campaign=BosquesUrbanos&utm_id=Agosto_2023&fbclid=IwAR19_u9TN4kf9r2CKGSZMS4envTq3RfKFbASAxu9YSwcQtF8IurF1S47EE0_aem_ASjleGLlLgZAO5uiByQLFEkfYYwe9gkxhoET-Z5tutjwNeXjc_LRhsLvfaXp_z4lyj1Y0QTvVuYvcnDDyiEBRoAz HTTP/1.1" 200 892
201.245.192.253 - - [15/Aug/2023:04:14:09 -0500] "POST /forms/lservlet;jsessionid=ac16012b30d63cc2d14cbdb3493a812e84ed18539c24.e3iSbxaKaheRe34KbxiPbh0Naxr0n6jAmljGr5XDqQLvpAe HTTP/1.1" 200 2
172.22.2.4 - - [15/Aug/2023:04:14:41 -0500] "GET /BLA/boletinlegal/jurisprudencia/analisis/ANALISIST-257-96.docx HTTP/1.1" 304 -
201.245.192.253 - - [15/Aug/2023:04:14:50 -0500] "POST /forms/lservlet;jsessionid=ac16012b30d6f99b479859054e2a8100adc1aff7528b.e3iSbxaKaheRe34KbxiPbh0Naxr0n6jAmljGr5XDqQLvpAe HTTP/1.1" 200 2
201.245.192.253 - - [15/Aug/2023:04:14:59 -0500] "POST /kwsrmcab/Wsrmcab  HTTP/1.1" 500 233
172.22.2.4 - - [15/Aug/2023:04:14:02 -0500] "HEAD /BLA/boletinlegal/ HTTP/1.1" 200 -
172.22.2.4 - - [15/Aug/2023:04:16:00 -0500] "GET /BLA/boletinlegal/style.css HTTP/1.1" 200 9406
172.22.2.4 - - [15/Aug/2023:04:16:00 -0500] "GET /BLA/boletinlegal/styles2.css HTTP/1.1" 200 1838
172.22.2.4 - - [15/Aug/2023:04:16:00 -0500] "GET /BLA/boletinlegal/js/jquery.js HTTP/1.1" 200 57254
172.22.2.4 - - [15/Aug/2023:04:16:00 -0500] "GET /BLA/boletinlegal/js/jquery.scrollTo-min.js HTTP/1.1" 200 1150
172.22.2.4 - - [15/Aug/2023:04:16:00 -0500] "GET /BLA/boletinlegal/js/jquery.scrollShow.js HTTP/1.1" 200 4586
172.22.2.4 - - [15/Aug/2023:04:16:00 -0500] "GET /BLA/boletinlegal/images/cabezote%20BLEGAL.jpg HTTP/1.1" 200 118164
172.22.2.4 - - [15/Aug/2023:04:16:01 -0500] "GET /BLA/boletinlegal/images/subscribe-icon-big.png HTTP/1.1" 200 47702
172.22.2.4 - - [15/Aug/2023:04:16:01 -0500] "GET /BLA/boletinlegal/images/historia.png HTTP/1.1" 200 52775
172.22.2.4 - - [15/Aug/2023:04:16:01 -0500] "GET /BLA/boletinlegal/images/registro-usuarios.png HTTP/1.1" 200 8106
172.22.2.4 - - [15/Aug/2023:04:16:01 -0500] "GET /BLA/boletinlegal/images/arr_l.jpg HTTP/1.1" 200 1979
172.22.2.4 - - [15/Aug/2023:04:16:01 -0500] "GET /BLA/boletinlegal/images/body_bg.jpg HTTP/1.1" 200 1601
172.22.2.4 - - [15/Aug/2023:04:16:01 -0500] "GET /BLA/boletinlegal/images/launch.jpg HTTP/1.1" 200 14577
172.22.2.4 - - [15/Aug/2023:04:16:01 -0500] "GET /BLA/boletinlegal/images/menu_rght.gif HTTP/1.1" 200 1627
172.22.2.4 - - [15/Aug/2023:04:16:01 -0500] "GET /BLA/boletinlegal/images/bg_top.jpg HTTP/1.1" 200 522
172.22.2.4 - - [15/Aug/2023:04:16:01 -0500] "GET /BLA/boletinlegal/images/text.jpg HTTP/1.1" 200 568
172.22.2.4 - - [15/Aug/2023:04:16:01 -0500] "GET /BLA/boletinlegal/images/hover.jpg HTTP/1.1" 200 640
172.22.2.4 - - [15/Aug/2023:04:16:01 -0500] "GET /BLA/boletinlegal/images/menu_bg.jpg HTTP/1.1" 200 620
172.22.2.4 - - [15/Aug/2023:04:16:01 -0500] "GET /BLA/boletinlegal/images/menu_lft.gif HTTP/1.1" 200 1713
172.22.2.4 - - [15/Aug/2023:04:16:01 -0500] "GET /BLA/boletinlegal/images/screen_1.png HTTP/1.1" 200 202547
172.22.2.4 - - [15/Aug/2023:04:16:09 -0500] "GET /BLA/boletinlegal/images/screen_2.png HTTP/1.1" 200 362502
172.22.2.4 - - [15/Aug/2023:04:16:09 -0500] "GET /BLA/boletinlegal/images/arr_r.jpg HTTP/1.1" 200 1998
172.22.2.4 - - [15/Aug/2023:04:16:09 -0500] "GET /BLA/boletinlegal/images/screen_5.png HTTP/1.1" 200 368876
172.22.2.4 - - [15/Aug/2023:04:16:09 -0500] "GET /BLA/boletinlegal/images/screen_3.png HTTP/1.1" 200 210620
172.22.2.4 - - [15/Aug/2023:04:16:09 -0500] "GET /BLA/boletinlegal/images/footer_bg.jpg HTTP/1.1" 200 586
201.245.192.253 - - [15/Aug/2023:04:16:09 -0500] "POST /forms/lservlet;jsessionid=ac16012b30d63cc2d14cbdb3493a812e84ed18539c24.e3iSbxaKaheRe34KbxiPbh0Naxr0n6jAmljGr5XDqQLvpAe HTTP/1.1" 200 2
172.22.2.4 - - [15/Aug/2023:04:16:19 -0500] "GET /BLA/boletinlegal/images/pdf.gif HTTP/1.1" 200 567
172.22.2.4 - - [15/Aug/2023:04:14:53 -0500] "GET /BLA/boletinlegal/ HTTP/1.1" 200 55460
201.245.192.253 - - [15/Aug/2023:04:16:50 -0500] "POST /forms/lservlet;jsessionid=ac16012b30d6f99b479859054e2a8100adc1aff7528b.e3iSbxaKaheRe34KbxiPbh0Naxr0n6jAmljGr5XDqQLvpAe HTTP/1.1" 200 2
172.22.2.4 - - [15/Aug/2023:04:16:00 -0500] "GET /BLA/boletinlegal/ HTTP/1.1" 200 60342
172.22.2.4 - - [15/Aug/2023:04:17:40 -0500] "GET /BLA/boletinlegal/favicon.ico HTTP/1.1" 404 1308
201.245.192.253 - - [15/Aug/2023:04:18:09 -0500] "POST /forms/lservlet;jsessionid=ac16012b30d63cc2d14cbdb3493a812e84ed18539c24.e3iSbxaKaheRe34KbxiPbh0Naxr0n6jAmljGr5XDqQLvpAe HTTP/1.1" 200 2
216.245.221.92 - - [15/Aug/2023:04:18:11 -0500] "HEAD / HTTP/1.1" 200 -
201.245.192.253 - - [15/Aug/2023:04:18:50 -0500] "POST /forms/lservlet;jsessionid=ac16012b30d6f99b479859054e2a8100adc1aff7528b.e3iSbxaKaheRe34KbxiPbh0Naxr0n6jAmljGr5XDqQLvpAe HTTP/1.1" 200 2
201.245.192.253 - - [15/Aug/2023:04:18:47 -0500] "POST /kwsrmcab/Wsrmcab HTTP/1.1" 500 233
172.22.2.4 - - [15/Aug/2023:04:18:52 -0500] "GET /BLA/boletinlegal/actos.php HTTP/1.1" 200 9682
201.245.192.253 - - [15/Aug/2023:04:18:50 -0500] "POST /kwsrmcab/Wsrmcab HTTP/1.1" 500 233
172.22.2.4 - - [15/Aug/2023:04:18:54 -0500] "GET /BLA/boletinlegal/styles2.css HTTP/1.1" 200 1838
172.22.2.4 - - [15/Aug/2023:04:18:54 -0500] "GET /BLA/boletinlegal/niceforms-default.css HTTP/1.1" 200 6694
172.22.2.4 - - [15/Aug/2023:04:18:54 -0500] "GET /BLA/boletinlegal/style.css HTTP/1.1" 200 9406
172.22.2.4 - - [15/Aug/2023:04:18:54 -0500] "GET /BLA/boletinlegal/niceforms.js HTTP/1.1" 200 22876
172.22.2.4 - - [15/Aug/2023:04:18:54 -0500] "GET /BLA/boletinlegal/js/ajax_actos.js HTTP/1.1" 200 1322
172.22.2.4 - - [15/Aug/2023:04:18:54 -0500] "GET /BLA/boletinlegal/js/popup.js HTTP/1.1" 200 1270
172.22.2.4 - - [15/Aug/2023:04:18:54 -0500] "GET /BLA/boletinlegal/js/lib.js HTTP/1.1" 200 6474
172.22.2.4 - - [15/Aug/2023:04:18:54 -0500] "GET /BLA/boletinlegal/js/jquery1.js HTTP/1.1" 200 29846
172.22.2.4 - - [15/Aug/2023:04:18:54 -0500] "GET /BLA/boletinlegal/images/cabezote%20BLEGAL.jpg HTTP/1.1" 200 118164
172.22.2.4 - - [15/Aug/2023:04:18:54 -0500] "GET /BLA/boletinlegal/images/subscribe-icon-big.png HTTP/1.1" 200 47702
172.22.2.4 - - [15/Aug/2023:04:18:54 -0500] "GET /BLA/boletinlegal/images/tel.png HTTP/1.1" 200 14477
172.22.2.4 - - [15/Aug/2023:04:18:54 -0500] "GET /BLA/boletinlegal/images/green-yellow-blue-pink-th.png HTTP/1.1" 200 7394
172.22.2.4 - - [15/Aug/2023:04:18:54 -0500] "GET /BLA/boletinlegal/images/historia.png HTTP/1.1" 200 52775
172.22.2.4 - - [15/Aug/2023:04:18:54 -0500] "GET /BLA/boletinlegal/images/registro-usuarios.png HTTP/1.1" 200 8106
172.22.2.4 - - [15/Aug/2023:04:18:54 -0500] "GET /BLA/boletinlegal/images/icono-email.png HTTP/1.1" 200 5544
172.22.2.4 - - [15/Aug/2023:04:18:54 -0500] "GET /BLA/boletinlegal/images/body_bg.jpg HTTP/1.1" 200 1601
172.22.2.4 - - [15/Aug/2023:04:18:54 -0500] "GET /BLA/boletinlegal/images/menu_lft.gif HTTP/1.1" 200 1713
172.22.2.4 - - [15/Aug/2023:04:18:54 -0500] "GET /BLA/boletinlegal/images/menu_rght.gif HTTP/1.1" 200 1627
172.22.2.4 - - [15/Aug/2023:04:18:54 -0500] "GET /BLA/boletinlegal/images/bg_top.jpg HTTP/1.1" 200 522
172.22.2.4 - - [15/Aug/2023:04:18:54 -0500] "GET /BLA/boletinlegal/images/menu_bg.jpg HTTP/1.1" 200 620
172.22.2.4 - - [15/Aug/2023:04:18:54 -0500] "GET /BLA/boletinlegal/images/hover.jpg HTTP/1.1" 200 640
172.22.2.4 - - [15/Aug/2023:04:18:54 -0500] "GET /BLA/boletinlegal/images/footer_bg.jpg HTTP/1.1" 200 586
172.22.2.4 - - [15/Aug/2023:04:18:54 -0500] "GET /BLA/boletinlegal/images/text.jpg HTTP/1.1" 200 568
172.22.2.4 - - [15/Aug/2023:04:18:54 -0500] "GET /BLA/boletinlegal/images/footer_bg_l.jpg HTTP/1.1" 200 776
172.22.2.4 - - [15/Aug/2023:04:18:54 -0500] "GET /BLA/boletinlegal/img/select-right.png HTTP/1.1" 200 44019
172.22.2.4 - - [15/Aug/2023:04:18:54 -0500] "GET /BLA/boletinlegal/img/button-left.png HTTP/1.1" 200 57071
172.22.2.4 - - [15/Aug/2023:04:18:54 -0500] "GET /BLA/boletinlegal/img/0.png HTTP/1.1" 200 110
172.22.2.4 - - [15/Aug/2023:04:18:54 -0500] "GET /BLA/boletinlegal/img/select-left.png HTTP/1.1" 200 263
172.22.2.4 - - [15/Aug/2023:04:18:54 -0500] "GET /BLA/boletinlegal/img/button.png HTTP/1.1" 200 43241
172.22.2.4 - - [15/Aug/2023:04:18:54 -0500] "GET /BLA/boletinlegal/img/button-right.png HTTP/1.1" 200 57878
172.22.2.4 - - [15/Aug/2023:04:18:54 -0500] "GET /BLA/boletinlegal/favicon.ico HTTP/1.1" 404 1326
172.22.2.4 - - [15/Aug/2023:04:18:57 -0500] "GET /BLA/boletinlegal/images/background.gif HTTP/1.1" 200 -
172.22.2.4 - - [15/Aug/2023:04:19:02 -0500] "GET /BLA/boletinlegal/consulta_actos.php?tipo=resoluciones&no=&usuario=&sector=&fecha=2023&resuelve= HTTP/1.1" 200 172840
172.22.2.4 - - [15/Aug/2023:04:19:02 -0500] "GET /BLA/boletinlegal/images/pdf.gif HTTP/1.1" 200 567
172.22.2.4 - - [15/Aug/2023:04:19:02 -0500] "GET /BLA/boletinlegal/images/background.gif HTTP/1.1" 200 -
172.22.2.4 - - [15/Aug/2023:04:20:05 -0500] "GET /BLA/boletinlegal/actos.php HTTP/1.1" 200 9682
172.22.2.4 - - [15/Aug/2023:04:20:06 -0500] "GET /BLA/boletinlegal/normativa.php HTTP/1.1" 200 8343
172.22.2.4 - - [15/Aug/2023:04:20:06 -0500] "GET /BLA/boletinlegal/js/ajax_normativa.js HTTP/1.1" 200 1154
201.245.192.253 - - [15/Aug/2023:04:20:09 -0500] "POST /forms/lservlet;jsessionid=ac16012b30d63cc2d14cbdb3493a812e84ed18539c24.e3iSbxaKaheRe34KbxiPbh0Naxr0n6jAmljGr5XDqQLvpAe HTTP/1.1" 200 2
201.245.192.253 - - [15/Aug/2023:04:19:59 -0500] "POST /kwsrmcab/Wsrmcab  HTTP/1.1" 500 233
172.22.2.4 - - [15/Aug/2023:04:20:18 -0500] "GET /BLA/boletinlegal/consulta_normativa.php?tipo=&sector=Aire&ano=&resuelve= HTTP/1.1" 200 949
172.22.2.4 - - [15/Aug/2023:04:20:19 -0500] "GET /BLA/boletinlegal/images/docs.png HTTP/1.1" 200 10288
172.22.2.4 - - [15/Aug/2023:04:20:26 -0500] "GET /BLA/boletinlegal/consulta_normativa.php?tipo=&sector=competencia-estructura&ano=&resuelve= HTTP/1.1" 200 116017
172.22.2.4 - - [15/Aug/2023:04:20:49 -0500] "GET /BLA/boletinlegal/consulta_normativa.php?tipo=&sector=concesion&ano=&resuelve= HTTP/1.1" 200 4161
201.245.192.253 - - [15/Aug/2023:04:20:50 -0500] "POST /forms/lservlet;jsessionid=ac16012b30d6f99b479859054e2a8100adc1aff7528b.e3iSbxaKaheRe34KbxiPbh0Naxr0n6jAmljGr5XDqQLvpAe HTTP/1.1" 200 2
172.22.2.4 - - [15/Aug/2023:04:21:01 -0500] "GET /BLA/boletinlegal/consulta_normativa.php?tipo=&sector=emisiones&ano=&resuelve= HTTP/1.1" 200 19168
172.22.2.4 - - [15/Aug/2023:04:21:32 -0500] "GET /BLA/boletinlegal/consulta_normativa.php?tipo=&sector=fauna&ano=&resuelve= HTTP/1.1" 200 7729
172.22.2.4 - - [15/Aug/2023:04:19:52 -0500] "HEAD /BLA/boletinlegal/ HTTP/1.1" 200 -
172.22.2.4 - - [15/Aug/2023:04:21:47 -0500] "GET /BLA/boletinlegal/consulta_normativa.php?tipo=&sector=fauna&ano=2022&resuelve= HTTP/1.1" 200 454
172.22.2.4 - - [15/Aug/2023:04:21:55 -0500] "GET /BLA/boletinlegal/consulta_normativa.php?tipo=&sector=hidrocarburos&ano=2022&resuelve= HTTP/1.1" 200 454
172.22.2.4 - - [15/Aug/2023:04:21:58 -0500] "GET /BLA/boletinlegal/consulta_normativa.php?tipo=&sector=hidrocarburos&ano=2022&resuelve= HTTP/1.1" 200 454
201.245.192.253 - - [15/Aug/2023:04:22:09 -0500] "POST /forms/lservlet;jsessionid=ac16012b30d63cc2d14cbdb3493a812e84ed18539c24.e3iSbxaKaheRe34KbxiPbh0Naxr0n6jAmljGr5XDqQLvpAe HTTP/1.1" 200 2
172.22.2.4 - - [15/Aug/2023:04:22:19 -0500] "GET /BLA/boletinlegal/consulta_normativa.php?tipo=&sector=humedales&ano=2022&resuelve= HTTP/1.1" 200 454
172.22.2.4 - - [15/Aug/2023:04:22:20 -0500] "GET /BLA/boletinlegal/consulta_normativa.php?tipo=&sector=humedales&ano=2022&resuelve= HTTP/1.1" 200 454
172.22.2.4 - - [15/Aug/2023:04:20:42 -0500] "GET /BLA/boletinlegal/ HTTP/1.1" 200 60692
172.22.2.4 - - [15/Aug/2023:04:22:25 -0500] "GET /BLA/boletinlegal/consulta_normativa.php?tipo=&sector=licencia&ano=2022&resuelve= HTTP/1.1" 200 454
172.22.2.4 - - [15/Aug/2023:04:22:26 -0500] "GET /BLA/boletinlegal/consulta_normativa.php?tipo=&sector=licencia&ano=2022&resuelve= HTTP/1.1" 200 454
172.22.2.4 - - [15/Aug/2023:04:22:31 -0500] "GET /BLA/boletinlegal/consulta_normativa.php?tipo=&sector=mineria&ano=2022&resuelve= HTTP/1.1" 200 454
172.22.2.4 - - [15/Aug/2023:04:22:34 -0500] "GET /BLA/boletinlegal/consulta_normativa.php?tipo=&sector=pma&ano=2022&resuelve= HTTP/1.1" 200 454
172.22.2.4 - - [15/Aug/2023:04:22:38 -0500] "GET /BLA/boletinlegal/consulta_normativa.php?tipo=&sector=publicidad&ano=2022&resuelve= HTTP/1.1" 200 454
172.22.2.4 - - [15/Aug/2023:04:22:41 -0500] "GET /BLA/boletinlegal/consulta_normativa.php?tipo=&sector=residuos&ano=2022&resuelve= HTTP/1.1" 200 454
172.22.2.4 - - [15/Aug/2023:04:22:43 -0500] "GET /BLA/boletinlegal/consulta_normativa.php?tipo=&sector=residuos&ano=2022&resuelve= HTTP/1.1" 200 454
172.22.2.4 - - [15/Aug/2023:04:22:50 -0500] "GET /BLA/boletinlegal/consulta_normativa.php?tipo=&sector=ruido&ano=2022&resuelve= HTTP/1.1" 200 454
201.245.192.253 - - [15/Aug/2023:04:22:50 -0500] "POST /forms/lservlet;jsessionid=ac16012b30d6f99b479859054e2a8100adc1aff7528b.e3iSbxaKaheRe34KbxiPbh0Naxr0n6jAmljGr5XDqQLvpAe HTTP/1.1" 200 2
172.22.2.4 - - [15/Aug/2023:04:22:54 -0500] "GET /BLA/boletinlegal/consulta_normativa.php?tipo=&sector=salvoconductos&ano=2022&resuelve= HTTP/1.1" 200 454
172.22.2.4 - - [15/Aug/2023:04:23:01 -0500] "GET /BLA/boletinlegal/consulta_normativa.php?tipo=&sector=silvicultura&ano=2022&resuelve= HTTP/1.1" 200 454
172.22.2.4 - - [15/Aug/2023:04:23:06 -0500] "GET /BLA/boletinlegal/consulta_normativa.php?tipo=&sector=vertimientos&ano=2022&resuelve= HTTP/1.1" 200 885
172.22.2.4 - - [15/Aug/2023:04:23:06 -0500] "GET /BLA/boletinlegal/consulta_normativa.php?tipo=&sector=vertimientos&ano=2022&resuelve= HTTP/1.1" 200 885
172.22.2.4 - - [15/Aug/2023:04:23:06 -0500] "GET /BLA/boletinlegal/consulta_normativa.php?tipo=&sector=vertimientos&ano=2022&resuelve= HTTP/1.1" 200 885
172.22.2.4 - - [15/Aug/2023:04:23:07 -0500] "GET /BLA/boletinlegal/consulta_normativa.php?tipo=&sector=vertimientos&ano=2022&resuelve= HTTP/1.1" 200 885
216.245.221.92 - - [15/Aug/2023:04:23:11 -0500] "HEAD / HTTP/1.1" 200 -
181.58.61.199 - - [15/Aug/2023:04:23:27 -0500] "GET /Publicaciones/2022EE142374.pdf HTTP/1.1" 404 228
181.58.61.199 - - [15/Aug/2023:04:23:29 -0500] "GET /favicon.ico HTTP/1.1" 200 7782
172.22.2.4 - - [15/Aug/2023:04:23:33 -0500] "GET /BLA/boletinlegal/consulta_normativa.php?tipo=&sector=silvicultura&ano=2022&resuelve= HTTP/1.1" 200 454
172.22.2.4 - - [15/Aug/2023:04:23:42 -0500] "GET /BLA/boletinlegal/consulta_normativa.php?tipo=&sector=vertimientos&ano=2022&resuelve= HTTP/1.1" 200 885
201.245.192.253 - - [15/Aug/2023:04:24:09 -0500] "POST /forms/lservlet;jsessionid=ac16012b30d63cc2d14cbdb3493a812e84ed18539c24.e3iSbxaKaheRe34KbxiPbh0Naxr0n6jAmljGr5XDqQLvpAe HTTP/1.1" 200 2
201.245.192.253 - - [15/Aug/2023:04:24:50 -0500] "POST /forms/lservlet;jsessionid=ac16012b30d6f99b479859054e2a8100adc1aff7528b.e3iSbxaKaheRe34KbxiPbh0Naxr0n6jAmljGr5XDqQLvpAe HTTP/1.1" 200 2
201.245.192.253 - - [15/Aug/2023:04:24:57 -0500] "POST /kwsrmcab/Wsrmcab  HTTP/1.1" 500 233
201.245.192.253 - - [15/Aug/2023:04:26:09 -0500] "POST /forms/lservlet;jsessionid=ac16012b30d63cc2d14cbdb3493a812e84ed18539c24.e3iSbxaKaheRe34KbxiPbh0Naxr0n6jAmljGr5XDqQLvpAe HTTP/1.1" 200 2
201.245.192.253 - - [15/Aug/2023:04:26:50 -0500] "POST /forms/lservlet;jsessionid=ac16012b30d6f99b479859054e2a8100adc1aff7528b.e3iSbxaKaheRe34KbxiPbh0Naxr0n6jAmljGr5XDqQLvpAe HTTP/1.1" 200 2
172.22.2.4 - - [15/Aug/2023:04:25:42 -0500] "HEAD /BLA/boletinlegal/ HTTP/1.1" 200 -
172.22.2.4 - - [15/Aug/2023:04:27:49 -0500] "GET /BLA/boletinlegal/robots.txt HTTP/1.1" 404 1038
201.245.192.253 - - [15/Aug/2023:04:28:09 -0500] "POST /forms/lservlet;jsessionid=ac16012b30d63cc2d14cbdb3493a812e84ed18539c24.e3iSbxaKaheRe34KbxiPbh0Naxr0n6jAmljGr5XDqQLvpAe HTTP/1.1" 200 2
216.245.221.92 - - [15/Aug/2023:04:28:11 -0500] "HEAD / HTTP/1.1" 200 -
172.22.2.4 - - [15/Aug/2023:04:26:33 -0500] "GET /BLA/boletinlegal/ HTTP/1.1" 200 58597
201.245.192.253 - - [15/Aug/2023:04:28:50 -0500] "POST /forms/lservlet;jsessionid=ac16012b30d6f99b479859054e2a8100adc1aff7528b.e3iSbxaKaheRe34KbxiPbh0Naxr0n6jAmljGr5XDqQLvpAe HTTP/1.1" 200 2
201.245.192.253 - - [15/Aug/2023:04:28:47 -0500] "POST /kwsrmcab/Wsrmcab HTTP/1.1" 500 233
201.245.192.253 - - [15/Aug/2023:04:29:05 -0500] "POST /kwsrmcab/Wsrmcab HTTP/1.1" 500 233
201.245.192.253 - - [15/Aug/2023:04:29:56 -0500] "POST /kwsrmcab/Wsrmcab  HTTP/1.1" 500 233
201.245.192.253 - - [15/Aug/2023:04:30:09 -0500] "POST /forms/lservlet;jsessionid=ac16012b30d63cc2d14cbdb3493a812e84ed18539c24.e3iSbxaKaheRe34KbxiPbh0Naxr0n6jAmljGr5XDqQLvpAe HTTP/1.1" 200 2
201.245.192.253 - - [15/Aug/2023:04:30:50 -0500] "POST /forms/lservlet;jsessionid=ac16012b30d6f99b479859054e2a8100adc1aff7528b.e3iSbxaKaheRe34KbxiPbh0Naxr0n6jAmljGr5XDqQLvpAe HTTP/1.1" 200 2
201.245.192.253 - - [15/Aug/2023:04:32:09 -0500] "POST /forms/lservlet;jsessionid=ac16012b30d63cc2d14cbdb3493a812e84ed18539c24.e3iSbxaKaheRe34KbxiPbh0Naxr0n6jAmljGr5XDqQLvpAe HTTP/1.1" 200 2
201.245.192.253 - - [15/Aug/2023:04:32:50 -0500] "POST /forms/lservlet;jsessionid=ac16012b30d6f99b479859054e2a8100adc1aff7528b.e3iSbxaKaheRe34KbxiPbh0Naxr0n6jAmljGr5XDqQLvpAe HTTP/1.1" 200 2
216.245.221.92 - - [15/Aug/2023:04:33:11 -0500] "HEAD / HTTP/1.1" 200 -
172.22.2.4 - - [15/Aug/2023:04:31:32 -0500] "HEAD /BLA/boletinlegal/ HTTP/1.1" 200 -
172.22.2.4 - - [15/Aug/2023:04:32:22 -0500] "GET /BLA/boletinlegal/ HTTP/1.1" 200 58187
201.245.192.253 - - [15/Aug/2023:04:34:09 -0500] "POST /forms/lservlet;jsessionid=ac16012b30d63cc2d14cbdb3493a812e84ed18539c24.e3iSbxaKaheRe34KbxiPbh0Naxr0n6jAmljGr5XDqQLvpAe HTTP/1.1" 200 2
201.245.192.253 - - [15/Aug/2023:04:34:50 -0500] "POST /forms/lservlet;jsessionid=ac16012b30d6f99b479859054e2a8100adc1aff7528b.e3iSbxaKaheRe34KbxiPbh0Naxr0n6jAmljGr5XDqQLvpAe HTTP/1.1" 200 2
201.245.192.253 - - [15/Aug/2023:04:34:55 -0500] "POST /kwsrmcab/Wsrmcab  HTTP/1.1" 500 233
201.245.192.253 - - [15/Aug/2023:04:36:09 -0500] "POST /forms/lservlet;jsessionid=ac16012b30d63cc2d14cbdb3493a812e84ed18539c24.e3iSbxaKaheRe34KbxiPbh0Naxr0n6jAmljGr5XDqQLvpAe HTTP/1.1" 200 2
162.55.175.138 - - [15/Aug/2023:04:36:41 -0500] "GET / HTTP/1.1" 200 319
162.55.175.138 - - [15/Aug/2023:04:36:41 -0500] "GET / HTTP/1.1" 200 4720
201.245.192.253 - - [15/Aug/2023:04:36:50 -0500] "POST /forms/lservlet;jsessionid=ac16012b30d6f99b479859054e2a8100adc1aff7528b.e3iSbxaKaheRe34KbxiPbh0Naxr0n6jAmljGr5XDqQLvpAe HTTP/1.1" 200 2
201.245.192.253 - - [15/Aug/2023:04:38:09 -0500] "POST /forms/lservlet;jsessionid=ac16012b30d63cc2d14cbdb3493a812e84ed18539c24.e3iSbxaKaheRe34KbxiPbh0Naxr0n6jAmljGr5XDqQLvpAe HTTP/1.1" 200 2
216.245.221.92 - - [15/Aug/2023:04:38:11 -0500] "HEAD / HTTP/1.1" 200 -
201.245.192.253 - - [15/Aug/2023:04:38:50 -0500] "POST /forms/lservlet;jsessionid=ac16012b30d6f99b479859054e2a8100adc1aff7528b.e3iSbxaKaheRe34KbxiPbh0Naxr0n6jAmljGr5XDqQLvpAe HTTP/1.1" 200 2
201.245.192.253 - - [15/Aug/2023:04:38:47 -0500] "POST /kwsrmcab/Wsrmcab HTTP/1.1" 500 233
201.245.192.253 - - [15/Aug/2023:04:38:50 -0500] "POST /kwsrmcab/Wsrmcab HTTP/1.1" 500 233
172.22.2.4 - - [15/Aug/2023:04:37:22 -0500] "HEAD /BLA/boletinlegal/ HTTP/1.1" 200 -
172.22.2.4 - - [15/Aug/2023:04:38:12 -0500] "GET /BLA/boletinlegal/ HTTP/1.1" 200 60692
201.245.192.253 - - [15/Aug/2023:04:40:09 -0500] "POST /forms/lservlet;jsessionid=ac16012b30d63cc2d14cbdb3493a812e84ed18539c24.e3iSbxaKaheRe34KbxiPbh0Naxr0n6jAmljGr5XDqQLvpAe HTTP/1.1" 200 2
201.245.192.253 - - [15/Aug/2023:03:00:21 -0500] "POST /kwsrmcab/Wsrmcab  HTTP/1.1" 502 1155
201.245.192.253 - - [15/Aug/2023:04:40:50 -0500] "POST /forms/lservlet;jsessionid=ac16012b30d6f99b479859054e2a8100adc1aff7528b.e3iSbxaKaheRe34KbxiPbh0Naxr0n6jAmljGr5XDqQLvpAe HTTP/1.1" 200 2
201.245.192.253 - - [15/Aug/2023:04:39:54 -0500] "POST /kwsrmcab/Wsrmcab  HTTP/1.1" 500 233
201.245.192.253 - - [15/Aug/2023:04:42:09 -0500] "POST /forms/lservlet;jsessionid=ac16012b30d63cc2d14cbdb3493a812e84ed18539c24.e3iSbxaKaheRe34KbxiPbh0Naxr0n6jAmljGr5XDqQLvpAe HTTP/1.1" 200 2
201.245.192.253 - - [15/Aug/2023:04:42:50 -0500] "POST /forms/lservlet;jsessionid=ac16012b30d6f99b479859054e2a8100adc1aff7528b.e3iSbxaKaheRe34KbxiPbh0Naxr0n6jAmljGr5XDqQLvpAe HTTP/1.1" 200 2
216.245.221.92 - - [15/Aug/2023:04:43:11 -0500] "HEAD / HTTP/1.1" 200 -
201.245.192.253 - - [15/Aug/2023:04:44:09 -0500] "POST /forms/lservlet;jsessionid=ac16012b30d63cc2d14cbdb3493a812e84ed18539c24.e3iSbxaKaheRe34KbxiPbh0Naxr0n6jAmljGr5XDqQLvpAe HTTP/1.1" 200 2
66.249.70.7 - - [15/Aug/2023:04:44:44 -0500] "GET /Publicaciones/2023EE168850.pdf HTTP/1.1" 404 228
201.245.192.253 - - [15/Aug/2023:04:44:50 -0500] "POST /forms/lservlet;jsessionid=ac16012b30d6f99b479859054e2a8100adc1aff7528b.e3iSbxaKaheRe34KbxiPbh0Naxr0n6jAmljGr5XDqQLvpAe HTTP/1.1" 200 2
172.22.2.4 - - [15/Aug/2023:04:43:12 -0500] "HEAD /BLA/boletinlegal/ HTTP/1.1" 200 -
201.245.192.253 - - [15/Aug/2023:04:44:52 -0500] "POST /kwsrmcab/Wsrmcab  HTTP/1.1" 500 233
172.22.2.4 - - [15/Aug/2023:04:44:02 -0500] "GET /BLA/boletinlegal/ HTTP/1.1" 200 58187
201.245.192.253 - - [15/Aug/2023:04:46:09 -0500] "POST /forms/lservlet;jsessionid=ac16012b30d63cc2d14cbdb3493a812e84ed18539c24.e3iSbxaKaheRe34KbxiPbh0Naxr0n6jAmljGr5XDqQLvpAe HTTP/1.1" 200 2
201.245.192.253 - - [15/Aug/2023:04:46:50 -0500] "POST /forms/lservlet;jsessionid=ac16012b30d6f99b479859054e2a8100adc1aff7528b.e3iSbxaKaheRe34KbxiPbh0Naxr0n6jAmljGr5XDqQLvpAe HTTP/1.1" 200 2
172.22.2.4 - - [15/Aug/2023:04:47:11 -0500] "GET /BLA/boletinlegal/ HTTP/1.1" 200 20427
201.245.192.253 - - [15/Aug/2023:04:48:09 -0500] "POST /forms/lservlet;jsessionid=ac16012b30d63cc2d14cbdb3493a812e84ed18539c24.e3iSbxaKaheRe34KbxiPbh0Naxr0n6jAmljGr5XDqQLvpAe HTTP/1.1" 200 2
216.245.221.92 - - [15/Aug/2023:04:48:11 -0500] "HEAD / HTTP/1.1" 200 -
201.245.192.253 - - [15/Aug/2023:04:48:50 -0500] "POST /forms/lservlet;jsessionid=ac16012b30d6f99b479859054e2a8100adc1aff7528b.e3iSbxaKaheRe34KbxiPbh0Naxr0n6jAmljGr5XDqQLvpAe HTTP/1.1" 200 2
111.202.101.85 - - [15/Aug/2023:04:49:26 -0500] "GET / HTTP/1.1" 200 319
201.245.192.253 - - [15/Aug/2023:04:49:51 -0500] "POST /kwsrmcab/Wsrmcab  HTTP/1.1" 500 233
201.245.192.253 - - [15/Aug/2023:04:50:09 -0500] "POST /forms/lservlet;jsessionid=ac16012b30d63cc2d14cbdb3493a812e84ed18539c24.e3iSbxaKaheRe34KbxiPbh0Naxr0n6jAmljGr5XDqQLvpAe HTTP/1.1" 200 2
190.60.254.220 - - [15/Aug/2023:04:50:18 -0500] "GET /bogota-empieza-la-consolidacion-de-la-estrategia-de-bosques-urbanos-con-el-brazo-salitre-en-barrios-unidos.html?utm_source=Meta_DIGI&utm_medium=CPV&utm_campaign=BosquesUrbanos&utm_id=Agosto_2023&fbclid=IwAR0H1HwKdYl-qW7MmgLk-fOG6_V8rCnUK4taDAKNAFz3muTURI76deYDu_I_aem_ASg6syMr-8MavOyb_VNiivW40tn6sdAeljaTbtFJPqujatmcwMtzpJkfzgIXhn7TEEfD6PoMcBKFfUncIlSN-wny HTTP/1.1" 200 892
172.22.2.4 - - [15/Aug/2023:04:49:02 -0500] "HEAD /BLA/boletinlegal/ HTTP/1.1" 200 -
201.245.192.253 - - [15/Aug/2023:04:50:50 -0500] "POST /forms/lservlet;jsessionid=ac16012b30d6f99b479859054e2a8100adc1aff7528b.e3iSbxaKaheRe34KbxiPbh0Naxr0n6jAmljGr5XDqQLvpAe HTTP/1.1" 200 2
172.22.2.4 - - [15/Aug/2023:04:49:52 -0500] "GET /BLA/boletinlegal/ HTTP/1.1" 200 58597
66.249.70.6 - - [15/Aug/2023:04:52:04 -0500] "GET /galeria/galeria/fotos/MeandrodelSay4P.jpg HTTP/1.1" 200 32545
201.245.192.253 - - [15/Aug/2023:04:52:09 -0500] "POST /forms/lservlet;jsessionid=ac16012b30d63cc2d14cbdb3493a812e84ed18539c24.e3iSbxaKaheRe34KbxiPbh0Naxr0n6jAmljGr5XDqQLvpAe HTTP/1.1" 200 2
201.245.192.253 - - [15/Aug/2023:04:52:50 -0500] "POST /forms/lservlet;jsessionid=ac16012b30d6f99b479859054e2a8100adc1aff7528b.e3iSbxaKaheRe34KbxiPbh0Naxr0n6jAmljGr5XDqQLvpAe HTTP/1.1" 200 2
216.245.221.92 - - [15/Aug/2023:04:53:11 -0500] "HEAD / HTTP/1.1" 200 -
66.249.70.6 - - [15/Aug/2023:04:53:21 -0500] "GET /portel_dama/libreria/php/2006/ECOSISTEMAS%20FINAL%20web_mz27/restauracion/sitio/22_proye/xtras_in/3a.pdf HTTP/1.1" 404 1018
66.249.70.6 - - [15/Aug/2023:04:53:36 -0500] "GET /BLA/resoluciones/RESOLUCIONES%202010/4074.pdf HTTP/1.1" 200 570378
201.245.192.253 - - [15/Aug/2023:04:54:09 -0500] "POST /forms/lservlet;jsessionid=ac16012b30d63cc2d14cbdb3493a812e84ed18539c24.e3iSbxaKaheRe34KbxiPbh0Naxr0n6jAmljGr5XDqQLvpAe HTTP/1.1" 200 2
201.245.192.253 - - [15/Aug/2023:04:54:50 -0500] "POST /forms/lservlet;jsessionid=ac16012b30d6f99b479859054e2a8100adc1aff7528b.e3iSbxaKaheRe34KbxiPbh0Naxr0n6jAmljGr5XDqQLvpAe HTTP/1.1" 200 2
201.245.192.253 - - [15/Aug/2023:04:54:50 -0500] "POST /kwsrmcab/Wsrmcab  HTTP/1.1" 500 233
52.167.144.78 - - [15/Aug/2023:04:54:55 -0500] "GET /BLA/resoluciones/RESOLUCIONES%202013/1207.pdf HTTP/1.1" 200 1620257
201.245.192.253 - - [15/Aug/2023:04:56:09 -0500] "POST /forms/lservlet;jsessionid=ac16012b30d63cc2d14cbdb3493a812e84ed18539c24.e3iSbxaKaheRe34KbxiPbh0Naxr0n6jAmljGr5XDqQLvpAe HTTP/1.1" 200 2
172.22.2.4 - - [15/Aug/2023:04:54:52 -0500] "HEAD /BLA/boletinlegal/ HTTP/1.1" 200 -
201.245.192.253 - - [15/Aug/2023:04:56:50 -0500] "POST /forms/lservlet;jsessionid=ac16012b30d6f99b479859054e2a8100adc1aff7528b.e3iSbxaKaheRe34KbxiPbh0Naxr0n6jAmljGr5XDqQLvpAe HTTP/1.1" 200 2
172.22.2.4 - - [15/Aug/2023:04:55:42 -0500] "GET /BLA/boletinlegal/ HTTP/1.1" 200 58187
201.245.192.253 - - [15/Aug/2023:04:58:09 -0500] "POST /forms/lservlet;jsessionid=ac16012b30d63cc2d14cbdb3493a812e84ed18539c24.e3iSbxaKaheRe34KbxiPbh0Naxr0n6jAmljGr5XDqQLvpAe HTTP/1.1" 200 2
216.245.221.92 - - [15/Aug/2023:04:58:11 -0500] "HEAD / HTTP/1.1" 200 -
201.245.192.253 - - [15/Aug/2023:04:58:50 -0500] "POST /forms/lservlet;jsessionid=ac16012b30d6f99b479859054e2a8100adc1aff7528b.e3iSbxaKaheRe34KbxiPbh0Naxr0n6jAmljGr5XDqQLvpAe HTTP/1.1" 200 2
201.245.192.253 - - [15/Aug/2023:05:00:09 -0500] "POST /forms/lservlet;jsessionid=ac16012b30d63cc2d14cbdb3493a812e84ed18539c24.e3iSbxaKaheRe34KbxiPbh0Naxr0n6jAmljGr5XDqQLvpAe HTTP/1.1" 200 2
201.245.192.253 - - [15/Aug/2023:05:00:50 -0500] "POST /forms/lservlet;jsessionid=ac16012b30d6f99b479859054e2a8100adc1aff7528b.e3iSbxaKaheRe34KbxiPbh0Naxr0n6jAmljGr5XDqQLvpAe HTTP/1.1" 200 2
186.30.139.4 - - [15/Aug/2023:05:01:24 -0500] "GET /kwssiamovil/sm/ldap/au?x=U2FsdGVkX1+v7BG4RyrLOHz5ALtmnk7HF9L2Hx927zVjQ3RlYs7RlokRDPy5kIP3&y=U2FsdGVkX18mrKz14CiMXxIENlznEy8bnXY8qvyo20JTKB4qgaXOjg3AVFyccjiu HTTP/1.1" 200 30
186.30.139.4 - - [15/Aug/2023:05:01:25 -0500] "GET /kwssiamovil/sm/acme/s?s=U2FsdGVkX1/VcF6dKFpQcS2a7W6ZNA1wGivnDHSWK03Tc2q9Evl9ltn7OsGWrcMrRCsKospSR1OHaurJWWgVUuMAndsBfkW529mnhGBRB1g=&u=U2FsdGVkX1/gCYZRussgipqpDQw5ZS43pMLDQIoXs7ChiuLU8okGNkEOdrmaOpQV&y=U2FsdGVkX18mrKz14CiMXxIENlznEy8bnXY8qvyo20JTKB4qgaXOjg3AVFyccjiu HTTP/1.1" 200 97
186.30.139.4 - - [15/Aug/2023:05:01:25 -0500] "GET /kwssiamovil/sm/acme/s?s=U2FsdGVkX1/i6ucXWMAkHyPf1ewuNQV2sumDfEkcNx+l6a7xGk6qfZm6/Q5jN19EMu6QW3xhkiDncl+EK7MT/53zfw+mpaekDA8Pv/UoDN7fzVfTPCpfE0kQ1YVX67iPuF5QJbrmYx/+hw7t5vYkddw6QQlYlXOUHjcSwuwIdE2jfI404OfZmOqAexIxqYKA8lB1uVw00IGQbkoSOjWAQx5S/2NRFwxSa8a6pBHDtEKbZ5FLqkvBREJWvG1Tw30Mr/YfQqBziZDXjh6uB6+Qf6ZKObReQtfFJnt6L+Y0f83vyY9BbRwFwsV9XtsaWqyTxeU+LXld1JYUzx4DZuchqC5GVGZrd81iuDVzHy7MDLcMbs3bU97o/rzkjEXv3tgaao8l1tcSC2tsJl13ZM0099I2+w2OvyZEGeQ8aNujcZXI3n+jiEQkoG21THKakLOMqc15pPhriZhyyvwdQQmCNE2qOqoE18Fpi1xkSmzI94eEtllaEqNd8h1VPqegu5hpQLjmy4PVJr8p+xFdY1Rw+KSjhA5mx4R7nIR44LIeeXCbJI8ND5dZqFJZ2roITqIq9tEEzaDt4on4+KuKCZII3Wh1KONHFq6mdPAskX8AgpJ4MCV92fcoyEqY7/StRarzw7B+5XGY+Fc/6PZ30aMM5C3iHnEGaBVydxrTomlOiX1l/bSQ179Kuscm1dvPHPx0bxK1xJ0KgNCFQuao5195Dht04DfiqcN+jip3pnc5qMQOme3DgR/Kj5DTYF3K2VUkTBG+PkbCX7jKVI+bgDL0DN50DXCQnbJQEh2bJ1Wj3EMPluPPdGX4AuqqxQX+hafLihgeiHG9FRuXgiupYWoT5+vI6dMn6WLkimimV6zCnKKQ/pQnSgMEXJgQ9q/8sZ5nTejkejs5rDTlwtMglGBEYmlufpxVj2BKHLBBEdyZC3M4xj5e4Pam1xnpckq/PkBYfc1FnfqajgyZomX1acA0PsbB8WoENYFPPACPEVGD8dLNfLuj8fxUszoshO4neXtgkDyYWxymF90axNNMJ1QNvTgqkizr3rBFHri+RvI89x9AfFStuTfoIJ+oCFCrlMWnkPIaDOIGsug16wpbqQZOTm+TrydJtyAl0yxq+x9sxpsuNxinekbozP9Wt79J+7mGHr4BD5KmiMDt9R2jZL038YOs+CpAdrTLgM3Yd2MeOQ2LoC9BzZkxCTtlvP7uXrfuTqe0W8jaQ2JL7aIGHFWVBsanQ1awLNquh5mSCAP7vLIfJW33gkTCp5gsshol4QAtcvS8d5s9Lb5n1jVQ2qdw4v+80lJjmrGEMqVkbxH87OKuE3oVdqM+sSJ+1chEjL5txCnQ0ZYQQpuF2v214YSgv6xYz8qCBv5zVmSNIZ/QKMQ6d0bA0Ep9brJ+lvxhZaldjjBNK5Gjy3nF8GXOOLal+YNYqRXlElZdoR+/pdi/9Wo=&u=U2FsdGVkX1/gCYZRussgipqpDQw5ZS43pMLDQIoXs7ChiuLU8okGNkEOdrmaOpQV&y=U2FsdGVkX18mrKz14CiMXxIENlznEy8bnXY8qvyo20JTKB4qgaXOjg3AVFyccjiu HTTP/1.1" 200 1401
186.30.139.4 - - [15/Aug/2023:05:01:26 -0500] "GET /kwssiamovil/sm/acme/s?s=U2FsdGVkX19h8+rzOT4CpeKcyJk+s4djIm9wcoXh6A7xScq992x+C+pW9yGCzblPKpTV9Gyyf0P2euXPUQ3e1UUbLBloE0PyIR43V3nWrEQBnyJIMwETr4D/+4ZfpYwqhX7Zo1jFb4OVJe7ywwlVFLQPMIUsUpQb5hBGz+WV7EfQr+/mJIwVF5KIUlbDAMHEkHaY26xcuBwH9lzxd1LY9Zf6VVTr3QBo+xf4jiTbXIuFfrzfKzbMq7cmtAi2MYTEZfOmfMbSkZKAkaejwK1CznXvQeGpdieYBoK0GaBSN//zVurXjdqdNcmixqC+fkDMo6FBfmDnnDEmXM/gIgZY4ehG0YD+2liU7/NZsC950vo=&u=U2FsdGVkX1/gCYZRussgipqpDQw5ZS43pMLDQIoXs7ChiuLU8okGNkEOdrmaOpQV&y=U2FsdGVkX18mrKz14CiMXxIENlznEy8bnXY8qvyo20JTKB4qgaXOjg3AVFyccjiu HTTP/1.1" 200 196
186.30.139.4 - - [15/Aug/2023:05:01:26 -0500] "GET /kwssiamovil/sm/cjson/pre?f=1&x=U2FsdGVkX1+v7BG4RyrLOHz5ALtmnk7HF9L2Hx927zVjQ3RlYs7RlokRDPy5kIP3 HTTP/1.1" 200 31032
173.252.127.119 - - [15/Aug/2023:05:01:48 -0500] "GET /inscribete-y-participa-en-la-convencion-internacional-de-emergencia-climatica-bogota-2023.html?fbclid=IwAR3anS91T6LxRdscw33iijJdQIDxfhqJt_a1CisdcYhdAE_euJWhmjCUMO4 HTTP/1.1" 200 895
201.245.192.253 - - [15/Aug/2023:05:02:09 -0500] "POST /forms/lservlet;jsessionid=ac16012b30d63cc2d14cbdb3493a812e84ed18539c24.e3iSbxaKaheRe34KbxiPbh0Naxr0n6jAmljGr5XDqQLvpAe HTTP/1.1" 200 2
172.22.2.4 - - [15/Aug/2023:05:00:42 -0500] "HEAD /BLA/boletinlegal/ HTTP/1.1" 200 -
201.245.192.253 - - [15/Aug/2023:05:02:50 -0500] "POST /forms/lservlet;jsessionid=ac16012b30d6f99b479859054e2a8100adc1aff7528b.e3iSbxaKaheRe34KbxiPbh0Naxr0n6jAmljGr5XDqQLvpAe HTTP/1.1" 200 2
216.245.221.92 - - [15/Aug/2023:05:03:11 -0500] "HEAD / HTTP/1.1" 200 -
172.22.2.4 - - [15/Aug/2023:05:01:32 -0500] "GET /BLA/boletinlegal/ HTTP/1.1" 200 52656
201.245.192.253 - - [15/Aug/2023:05:04:09 -0500] "POST /forms/lservlet;jsessionid=ac16012b30d63cc2d14cbdb3493a812e84ed18539c24.e3iSbxaKaheRe34KbxiPbh0Naxr0n6jAmljGr5XDqQLvpAe HTTP/1.1" 200 2
201.245.192.253 - - [15/Aug/2023:05:04:50 -0500] "POST /forms/lservlet;jsessionid=ac16012b30d6f99b479859054e2a8100adc1aff7528b.e3iSbxaKaheRe34KbxiPbh0Naxr0n6jAmljGr5XDqQLvpAe HTTP/1.1" 200 2
201.245.192.253 - - [15/Aug/2023:05:04:47 -0500] "POST /kwsrmcab/Wsrmcab  HTTP/1.1" 500 233
201.245.192.253 - - [15/Aug/2023:05:06:09 -0500] "POST /forms/lservlet;jsessionid=ac16012b30d63cc2d14cbdb3493a812e84ed18539c24.e3iSbxaKaheRe34KbxiPbh0Naxr0n6jAmljGr5XDqQLvpAe HTTP/1.1" 200 2
186.80.52.39 - - [15/Aug/2023:05:06:30 -0500] "GET /inscribete-y-participa-en-la-convencion-internacional-de-emergencia-climatica-bogota-2023.html HTTP/1.1" 200 895
201.245.192.253 - - [15/Aug/2023:05:06:50 -0500] "POST /forms/lservlet;jsessionid=ac16012b30d6f99b479859054e2a8100adc1aff7528b.e3iSbxaKaheRe34KbxiPbh0Naxr0n6jAmljGr5XDqQLvpAe HTTP/1.1" 200 2
172.22.2.4 - - [15/Aug/2023:05:05:25 -0500] "GET /BLA/boletinlegal/ HTTP/1.1" 200 61542
201.245.192.253 - - [15/Aug/2023:04:59:49 -0500] "POST /kwsrmcab/Wsrmcab  HTTP/1.1" 200 213
201.245.192.253 - - [15/Aug/2023:05:08:09 -0500] "POST /forms/lservlet;jsessionid=ac16012b30d63cc2d14cbdb3493a812e84ed18539c24.e3iSbxaKaheRe34KbxiPbh0Naxr0n6jAmljGr5XDqQLvpAe HTTP/1.1" 200 2
216.245.221.92 - - [15/Aug/2023:05:08:11 -0500] "HEAD / HTTP/1.1" 200 -
172.22.2.4 - - [15/Aug/2023:05:06:32 -0500] "HEAD /BLA/boletinlegal/ HTTP/1.1" 200 -
18.205.19.71 - - [15/Aug/2023:05:08:36 -0500] "GET /inscribete-y-participa-en-la-convencion-internacional-de-emergencia-climatica-bogota-2023.html HTTP/1.1" 200 895
18.205.19.71 - - [15/Aug/2023:05:08:37 -0500] "GET /mejora-tu-bienestar-con-las-caminatas-ecologicas-%C3%82%C2%A1conoce-la-programacion-de-agosto.html HTTP/1.1" 200 873
201.245.192.253 - - [15/Aug/2023:05:08:50 -0500] "POST /forms/lservlet;jsessionid=ac16012b30d6f99b479859054e2a8100adc1aff7528b.e3iSbxaKaheRe34KbxiPbh0Naxr0n6jAmljGr5XDqQLvpAe HTTP/1.1" 200 2
162.55.175.158 - - [15/Aug/2023:05:08:54 -0500] "GET / HTTP/1.1" 200 319
162.55.175.158 - - [15/Aug/2023:05:08:54 -0500] "GET / HTTP/1.1" 200 4720
172.22.2.4 - - [15/Aug/2023:05:07:22 -0500] "GET /BLA/boletinlegal/ HTTP/1.1" 200 57790
201.245.192.253 - - [15/Aug/2023:05:09:46 -0500] "POST /kwsrmcab/Wsrmcab  HTTP/1.1" 500 233
201.245.192.253 - - [15/Aug/2023:05:10:09 -0500] "POST /forms/lservlet;jsessionid=ac16012b30d63cc2d14cbdb3493a812e84ed18539c24.e3iSbxaKaheRe34KbxiPbh0Naxr0n6jAmljGr5XDqQLvpAe HTTP/1.1" 200 2
201.245.192.253 - - [15/Aug/2023:05:10:50 -0500] "POST /forms/lservlet;jsessionid=ac16012b30d6f99b479859054e2a8100adc1aff7528b.e3iSbxaKaheRe34KbxiPbh0Naxr0n6jAmljGr5XDqQLvpAe HTTP/1.1" 200 2
201.245.192.253 - - [15/Aug/2023:05:12:09 -0500] "POST /forms/lservlet;jsessionid=ac16012b30d63cc2d14cbdb3493a812e84ed18539c24.e3iSbxaKaheRe34KbxiPbh0Naxr0n6jAmljGr5XDqQLvpAe HTTP/1.1" 200 2
