191.156.52.14 - - [17/Aug/2023:07:23:36 -0500] "GET /bogota-empieza-la-consolidacion-de-la-estrategia-de-bosques-urbanos-con-el-brazo-salitre-en-barrios-unidos.html?utm_source=Meta_DIGI&utm_medium=CPV&utm_campaign=BosquesUrbanos&utm_id=Agosto_2023&fbclid=IwAR3orrOOEB4BFkVP4M5kB-Ky4hC_Dvjyu0Mg02suUI5ifAuzTeAYAjKIR5s_aem_AWuM4D5Ftoh94qSrXWtb1vaFj_3IqH3hnB3Hp4jtwf4mysMjoxXOH8Gnb0tQr-qp0SXztV59OdMZcxnQQQzKuk4R HTTP/1.1" 200 892
172.22.2.4 - - [17/Aug/2023:07:22:02 -0500] "GET /BLA/boletinlegal/ HTTP/1.1" 200 59699
201.245.192.253 - - [17/Aug/2023:07:24:09 -0500] "POST /forms/lservlet;jsessionid=ac16012b30d63c69d1acab484d25a6a7ac94400030ae.e3iSbxaKaheRe34LahmRaNuQc41ynknvrkLOlQzNp65In0 HTTP/1.1" 200 2
186.102.54.110 - - [17/Aug/2023:07:24:23 -0500] "GET /kwssiamovil/sm/ldap/au?x=U2FsdGVkX1+LZjtEnKaJcRx7HIUkOKlMRQHZTWj59ycQIusw5gZsRoWfN2skorW+&y=U2FsdGVkX19f3IOMXKC+F6NR7HPhYFUG+if33KknwTaYwcgErvII7IxSwVwawVzs HTTP/1.1" 200 30
186.102.54.110 - - [17/Aug/2023:07:24:23 -0500] "GET /kwssiamovil/sm/acme/s?s=U2FsdGVkX18mrnoqPitnV3wntrydCDXr03SLIs9b+OUU3u1KGg3TJ/JquQRNFG1EE2OuS7DA6FPMeowbse0LBwEKTgz29dYjhOy4t2FRCHY=&u=U2FsdGVkX1/vcmhjTKMBeILCbqPl4HGkYL0w6P7+Jaml5qftGgjKLgIIbVsnCLh7&y=U2FsdGVkX19f3IOMXKC+F6NR7HPhYFUG+if33KknwTaYwcgErvII7IxSwVwawVzs HTTP/1.1" 200 97
186.102.54.110 - - [17/Aug/2023:07:24:24 -0500] "GET /kwssiamovil/sm/acme/s?s=U2FsdGVkX1+j2KEA+6Ve2twfCHU8A8ViBIVoUwXYWP0fyQi9rWYWbV8BK1ilLdymnTheYnECJ+oF4YV6kQvY8qobT4UlAvt05yFJm/C5uShcEH6QX0JBvNDh2jGKKxCGw64fxNekAT3gGDJ5ySmfuqN+KHvR2BNiYlpK2YTUTMFktTt3xjFzfvIriZP74eZwfsnK6Q72QK+Ky6yTZWVTG264b1NgJPyGEQboIW3isk+snvyD81A2AJQ+1ZWsrr106U7tY5mFxU4OTYA4tkQaTNU2NAG1hImP6f70KCv+hmJFHr6zLny+SdQfUOsAIhuzRhdvaoGnvE/nirGP8GDarN1IatpXTtkrMcYFM3D0G5KabT2ITmaDGZ12Nvf+uB7r82hCj12xDKz6ak5IJASfYRok4lUPOoOGJEd5CyJxRRM8zvb5PajVa5liHU/7U9QQBiy6rTTgjsWuxxIMvoUWhzkNCXixY/4D2vQtpq7MmFju+NNq16Od72BBf5vex4tVCflOw/SFNvRS7L6mvkfZrsyN/gNT+1aIrOBPVBvGYJyX8XGrIPbLzkgSvBe0loG3XFCkyI0Emqvi3bldN4hiaQUkLYeqxkCVitzFTZT88d4l3BAWU8MDULksxaWAQ3wkSjlWjk9dFOLOhUtg2yASEfh6K9lLYX5MDUIvAxw0KjoEednFqhujmoOx9Xnh36zZqQE3AoD1/3Lu7KDwFkGlGrofG3fzJdrlLTp8sleCEU3VXQlnpQ1J94h2ELd6nVihhaOOkd0lJURQ9aoU+bVCPFJ2BnbQz0m3Xl6Ch/TEu99wPNAdmXDmNyJX9tvyruixWcJjI8/akWWZLJgh99d9A6ZpHJZ6EEa/QXBPHbbGF8nmouHgDAAYnJshal20SBAqczAUjF9rCvFDawfbgs3TBfTPcHQFd9E2iCG2Py2jAWig2od0S/ERSKmskQub5xr4nM4diVk+rpmDzrwwmWGCKFbNYBcut+fI04fVIEJOnp1ae3WSMKB2zQ4SvwUd/bNtbmg58E2qFm0VC7DTXUrBm70OJaCzRbi1Zd6huos3EhpxbkDkgfYSUIsM2IXwTHApYXonp+4MASvQ/WBm0TBWTpoLcx2m7YMwv5Dlkd1hzuETRatoTAf9aqFF3+GxHmy+9swWCWplD8JjxLJU3zMx+utC46gFZS9EVqahS8U6GRcx/rsIm9vGqskTg2kmtrQdAKv0nUZKYX482ZV4UtqNEm0ZAvjSALOVdY3/189I85IDMePJXBDJSzSToW7L8SK9d/txdWZ5C01kp/i9sYlR1ELEJoJzaBvK8EFjdNoqAr/TMlAzYM5a+sM8mcIyrl3s8ZtMabUCKC2KqkaZHHz2LHj8KXM/afLjJX7HoM+Yjsr6GG0F8dIU6/8HEaAWYSk+llZsSDd+2YBUO2sFOH5qJx/NjEJN04MJ8piXhxVpo3o=&u=U2FsdGVkX1/vcmhjTKMBeILCbqPl4HGkYL0w6P7+Jaml5qftGgjKLgIIbVsnCLh7&y=U2FsdGVkX19f3IOMXKC+F6NR7HPhYFUG+if33KknwTaYwcgErvII7IxSwVwawVzs HTTP/1.1" 200 1946
186.102.54.110 - - [17/Aug/2023:07:24:24 -0500] "GET /kwssiamovil/sm/acme/s?s=U2FsdGVkX1+3cftQ5LJzcCl53t5FKR5RqY5UkqH8Q2knTzSwUd6zVktQuMnjvAh7226hDC4WW4UiwRcPZaUbeGbxVGjNuCmWRH3/3Jy8fZMCkA3RdQVrZFlneLKk69YXl+FI9N74jIb+davctyOmoB01oFCvvhamvvlzBCT4Boh+PFcCpGlSILieLrZxGbUOprfDVy1BLx8Uba58U6IMxuClnHdgQJxO1yRIYHuzy/IBrNjoY3wURFHWYoOmRqlHNLjfZl1QEhUfPqWkAmf7JgmXBgOzGSOrgaAkIZ26XoY5ao1oydYJlv6UEccABi8b4FimsOUDTRdsDZoz7oHxhRtKXte1P87hpcIVtsM5fno=&u=U2FsdGVkX1/vcmhjTKMBeILCbqPl4HGkYL0w6P7+Jaml5qftGgjKLgIIbVsnCLh7&y=U2FsdGVkX19f3IOMXKC+F6NR7HPhYFUG+if33KknwTaYwcgErvII7IxSwVwawVzs HTTP/1.1" 200 196
186.102.54.110 - - [17/Aug/2023:07:24:24 -0500] "GET /kwssiamovil/sm/cjson/pre?f=1&x=U2FsdGVkX1+LZjtEnKaJcRx7HIUkOKlMRQHZTWj59ycQIusw5gZsRoWfN2skorW+ HTTP/1.1" 200 31032
201.245.192.253 - - [17/Aug/2023:07:25:10 -0500] "POST /forms/lservlet;jsessionid=ac16012b30d6f01e0f58504c416a95f18c6006acbac1.e3iSbxaKaheRe34LahmRaNuQc41ynknvrkLOlQzNp65In0 HTTP/1.1" 200 2
201.245.192.253 - - [17/Aug/2023:07:25:09 -0500] "POST /kwsrmcab/Wsrmcab  HTTP/1.1" 200 42950
201.245.192.253 - - [17/Aug/2023:07:26:09 -0500] "POST /forms/lservlet;jsessionid=ac16012b30d63c69d1acab484d25a6a7ac94400030ae.e3iSbxaKaheRe34LahmRaNuQc41ynknvrkLOlQzNp65In0 HTTP/1.1" 200 2
40.77.167.208 - - [17/Aug/2023:07:26:46 -0500] "GET /BLA/resoluciones/AUTOS%202022/3216.pdf HTTP/1.1" 304 -
201.245.192.253 - - [17/Aug/2023:07:27:10 -0500] "POST /forms/lservlet;jsessionid=ac16012b30d6f01e0f58504c416a95f18c6006acbac1.e3iSbxaKaheRe34LahmRaNuQc41ynknvrkLOlQzNp65In0 HTTP/1.1" 200 2
216.245.221.92 - - [17/Aug/2023:07:27:22 -0500] "HEAD / HTTP/1.1" 200 -
170.254.73.226 - - [17/Aug/2023:07:27:33 -0500] "GET / HTTP/1.1" 200 319
201.245.192.253 - - [17/Aug/2023:07:28:09 -0500] "POST /forms/lservlet;jsessionid=ac16012b30d63c69d1acab484d25a6a7ac94400030ae.e3iSbxaKaheRe34LahmRaNuQc41ynknvrkLOlQzNp65In0 HTTP/1.1" 200 2
201.245.192.253 - - [17/Aug/2023:07:28:37 -0500] "POST /kwsrmcab/Wsrmcab HTTP/1.1" 200 43104
172.22.2.4 - - [17/Aug/2023:07:27:01 -0500] "HEAD /BLA/boletinlegal/ HTTP/1.1" 200 -
201.245.192.253 - - [17/Aug/2023:07:28:40 -0500] "POST /kwsrmcab/Wsrmcab HTTP/1.1" 200 40953
201.245.192.253 - - [17/Aug/2023:07:29:10 -0500] "POST /forms/lservlet;jsessionid=ac16012b30d6f01e0f58504c416a95f18c6006acbac1.e3iSbxaKaheRe34LahmRaNuQc41ynknvrkLOlQzNp65In0 HTTP/1.1" 200 2
172.22.2.4 - - [17/Aug/2023:07:27:52 -0500] "GET /BLA/boletinlegal/ HTTP/1.1" 200 52656
201.245.192.253 - - [17/Aug/2023:07:30:09 -0500] "POST /forms/lservlet;jsessionid=ac16012b30d63c69d1acab484d25a6a7ac94400030ae.e3iSbxaKaheRe34LahmRaNuQc41ynknvrkLOlQzNp65In0 HTTP/1.1" 200 2
201.245.192.253 - - [17/Aug/2023:07:30:08 -0500] "POST /kwsrmcab/Wsrmcab  HTTP/1.1" 200 42950
201.245.192.253 - - [17/Aug/2023:07:31:10 -0500] "POST /forms/lservlet;jsessionid=ac16012b30d6f01e0f58504c416a95f18c6006acbac1.e3iSbxaKaheRe34LahmRaNuQc41ynknvrkLOlQzNp65In0 HTTP/1.1" 200 2
201.245.192.253 - - [17/Aug/2023:07:32:09 -0500] "POST /forms/lservlet;jsessionid=ac16012b30d63c69d1acab484d25a6a7ac94400030ae.e3iSbxaKaheRe34LahmRaNuQc41ynknvrkLOlQzNp65In0 HTTP/1.1" 200 2
162.55.41.96 - - [17/Aug/2023:07:32:09 -0500] "GET / HTTP/1.1" 200 4720
162.55.41.96 - - [17/Aug/2023:07:32:11 -0500] "GET / HTTP/1.1" 200 319
216.245.221.92 - - [17/Aug/2023:07:32:22 -0500] "HEAD / HTTP/1.1" 200 -
200.75.47.81 - - [17/Aug/2023:07:32:51 -0500] "GET /catalogoisis/ HTTP/1.1" 200 8575
200.75.47.81 - - [17/Aug/2023:07:32:51 -0500] "GET /catalogoisis/Js/CriterioCombinada.js HTTP/1.1" 200 1843
200.75.47.81 - - [17/Aug/2023:07:32:51 -0500] "GET /catalogoisis/Js/Remote.js HTTP/1.1" 200 436
200.75.47.81 - - [17/Aug/2023:07:32:51 -0500] "GET /catalogoisis/Js/LimpiarCombinada.js HTTP/1.1" 200 207
200.75.47.81 - - [17/Aug/2023:07:32:51 -0500] "GET /catalogoisis/Js/Cookies.js HTTP/1.1" 200 1369
200.75.47.81 - - [17/Aug/2023:07:32:51 -0500] "GET /catalogoisis/Css/Busqueda.css HTTP/1.1" 200 1995
200.75.47.81 - - [17/Aug/2023:07:32:51 -0500] "GET /catalogoisis/Js/Numero.js HTTP/1.1" 200 398
200.75.47.81 - - [17/Aug/2023:07:32:51 -0500] "GET /catalogoisis/Js/AceptarLimpiar.js HTTP/1.1" 200 331
200.75.47.81 - - [17/Aug/2023:07:32:51 -0500] "GET /catalogoisis/Js/Enter.js HTTP/1.1" 200 1208
200.75.47.81 - - [17/Aug/2023:07:32:51 -0500] "GET /catalogoisis/Js/Go.js HTTP/1.1" 200 364
200.75.47.81 - - [17/Aug/2023:07:32:51 -0500] "GET /catalogoisis/imagenes/br1c1.gif HTTP/1.1" 200 172
200.75.47.81 - - [17/Aug/2023:07:32:51 -0500] "GET /catalogoisis/imagenes/br1c3.gif HTTP/1.1" 200 302
200.75.47.81 - - [17/Aug/2023:07:32:51 -0500] "GET /catalogoisis/imagenes/Turnbo1.gif HTTP/1.1" 200 227
200.75.47.81 - - [17/Aug/2023:07:32:51 -0500] "GET /catalogoisis/imagenes/limpiar1.gif HTTP/1.1" 200 606
200.75.47.81 - - [17/Aug/2023:07:32:51 -0500] "GET /catalogoisis/imagenes/Header.gif HTTP/1.1" 200 30313
200.75.47.81 - - [17/Aug/2023:07:32:51 -0500] "GET /catalogoisis/imagenes/aceptar1.gif HTTP/1.1" 200 604
200.75.47.81 - - [17/Aug/2023:07:32:51 -0500] "GET /catalogoisis/imagenes/br3c1.gif HTTP/1.1" 200 177
200.75.47.81 - - [17/Aug/2023:07:32:51 -0500] "GET /catalogoisis/imagenes/br3c2.gif HTTP/1.1" 200 285
200.75.47.81 - - [17/Aug/2023:07:32:51 -0500] "GET /catalogoisis/imagenes/br3c3.gif HTTP/1.1" 200 186
200.75.47.81 - - [17/Aug/2023:07:32:51 -0500] "GET /catalogoisis/imagenes/br1c2.gif HTTP/1.1" 200 297
200.75.47.81 - - [17/Aug/2023:07:32:51 -0500] "GET /catalogoisis/imagenes/br2c1.gif HTTP/1.1" 200 297
200.75.47.81 - - [17/Aug/2023:07:32:51 -0500] "GET /catalogoisis/imagenes/br2c2.gif HTTP/1.1" 200 302
200.75.47.81 - - [17/Aug/2023:07:32:51 -0500] "GET /catalogoisis/imagenes/br2c3.gif HTTP/1.1" 200 416
200.75.47.81 - - [17/Aug/2023:07:32:51 -0500] "GET /favicon.ico HTTP/1.1" 200 7782
201.245.192.253 - - [17/Aug/2023:07:33:10 -0500] "POST /forms/lservlet;jsessionid=ac16012b30d6f01e0f58504c416a95f18c6006acbac1.e3iSbxaKaheRe34LahmRaNuQc41ynknvrkLOlQzNp65In0 HTTP/1.1" 200 2
52.167.144.231 - - [17/Aug/2023:07:33:16 -0500] "GET /BLA/resoluciones/AUTOS%202023/2842.pdf HTTP/1.1" 200 396946
200.75.47.81 - - [17/Aug/2023:07:33:24 -0500] "GET /catalogoisis/imagenes/aceptar2.gif HTTP/1.1" 200 586
200.75.47.81 - - [17/Aug/2023:07:33:32 -0500] "GET /catalogoisis/imagenes/limpiar2.gif HTTP/1.1" 200 589
200.75.47.81 - - [17/Aug/2023:07:34:00 -0500] "POST /catalogoisis/comb.php HTTP/1.1" 200 4531
200.75.47.81 - - [17/Aug/2023:07:34:00 -0500] "GET /catalogoisis/Css/Pft.css HTTP/1.1" 200 3933
200.75.47.81 - - [17/Aug/2023:07:34:00 -0500] "GET /catalogoisis/Js/Marcados.js HTTP/1.1" 200 1327
200.75.47.81 - - [17/Aug/2023:07:34:00 -0500] "GET /catalogoisis/imagenes/back.gif HTTP/1.1" 200 666
200.75.47.81 - - [17/Aug/2023:07:34:00 -0500] "GET /catalogoisis/imagenes/home.gif HTTP/1.1" 200 923
200.75.47.81 - - [17/Aug/2023:07:34:00 -0500] "GET /catalogoisis/imagenes/up.gif HTTP/1.1" 200 669
200.75.47.81 - - [17/Aug/2023:07:34:00 -0500] "GET /catalogoisis/imagenes/correo.gif HTTP/1.1" 200 525
200.75.47.81 - - [17/Aug/2023:07:34:00 -0500] "GET /catalogoisis/imagenes/print.gif HTTP/1.1" 200 916
200.75.47.81 - - [17/Aug/2023:07:34:00 -0500] "GET /catalogoisis/imagenes/selecc.gif HTTP/1.1" 200 784
200.75.47.81 - - [17/Aug/2023:07:34:00 -0500] "GET /catalogoisis/imagenes/fonest4.gif HTTP/1.1" 404 1402
201.245.192.253 - - [17/Aug/2023:07:34:09 -0500] "POST /forms/lservlet;jsessionid=ac16012b30d63c69d1acab484d25a6a7ac94400030ae.e3iSbxaKaheRe34LahmRaNuQc41ynknvrkLOlQzNp65In0 HTTP/1.1" 200 2
66.249.77.10 - - [17/Aug/2023:07:34:31 -0500] "GET /siipev/Diseno%20de%20Elementos%20de%20Mobiliario%20Urbano/Otros%20Elementos/Infografia/Parte2/M-130.png HTTP/1.1" 200 4007
172.22.2.4 - - [17/Aug/2023:07:32:52 -0500] "HEAD /BLA/boletinlegal/ HTTP/1.1" 200 -
52.167.144.78 - - [17/Aug/2023:07:35:00 -0500] "GET /BLA/resoluciones/AUTOS%202023/3288.pdf HTTP/1.1" 200 1206112
201.245.192.253 - - [17/Aug/2023:07:35:07 -0500] "POST /kwsrmcab/Wsrmcab  HTTP/1.1" 200 42950
201.245.192.253 - - [17/Aug/2023:07:35:10 -0500] "POST /forms/lservlet;jsessionid=ac16012b30d6f01e0f58504c416a95f18c6006acbac1.e3iSbxaKaheRe34LahmRaNuQc41ynknvrkLOlQzNp65In0 HTTP/1.1" 200 2
172.22.2.4 - - [17/Aug/2023:07:33:42 -0500] "GET /BLA/boletinlegal/ HTTP/1.1" 200 53013
201.245.192.253 - - [17/Aug/2023:07:36:09 -0500] "POST /forms/lservlet;jsessionid=ac16012b30d63c69d1acab484d25a6a7ac94400030ae.e3iSbxaKaheRe34LahmRaNuQc41ynknvrkLOlQzNp65In0 HTTP/1.1" 200 2
201.245.192.253 - - [17/Aug/2023:07:37:10 -0500] "POST /forms/lservlet;jsessionid=ac16012b30d6f01e0f58504c416a95f18c6006acbac1.e3iSbxaKaheRe34LahmRaNuQc41ynknvrkLOlQzNp65In0 HTTP/1.1" 200 2
216.245.221.92 - - [17/Aug/2023:07:37:22 -0500] "HEAD / HTTP/1.1" 200 -
201.245.192.253 - - [17/Aug/2023:07:38:09 -0500] "POST /forms/lservlet;jsessionid=ac16012b30d63c69d1acab484d25a6a7ac94400030ae.e3iSbxaKaheRe34LahmRaNuQc41ynknvrkLOlQzNp65In0 HTTP/1.1" 200 2
186.102.87.18 - - [17/Aug/2023:07:38:16 -0500] "GET /bogota-empieza-la-consolidacion-de-la-estrategia-de-bosques-urbanos-con-el-brazo-salitre-en-barrios-unidos.html?utm_source=Meta_DIGI&utm_medium=CPV&utm_campaign=BosquesUrbanos&utm_id=Agosto_2023&fbclid=IwAR2hI0bqLRmcctuPp1c_3iQfzYaFikRI4LyCmCthfEt4uQ4kWGg3FdE8Koc_aem_AWvtynljl0lfXT2UQ6slH0Q1FhzvWRS1wB-TsPR-JFoVY99UnklILzOuqMMPuSRbdpIWebG7QbrczAcYivzLqnl5 HTTP/1.1" 200 892
201.245.192.253 - - [17/Aug/2023:07:38:36 -0500] "POST /kwsrmcab/Wsrmcab HTTP/1.1" 200 43104
201.245.192.253 - - [17/Aug/2023:07:38:40 -0500] "POST /kwsrmcab/Wsrmcab HTTP/1.1" 200 40953
201.245.192.253 - - [17/Aug/2023:07:39:10 -0500] "POST /forms/lservlet;jsessionid=ac16012b30d6f01e0f58504c416a95f18c6006acbac1.e3iSbxaKaheRe34LahmRaNuQc41ynknvrkLOlQzNp65In0 HTTP/1.1" 200 2
69.63.184.119 - - [17/Aug/2023:07:39:24 -0500] "GET /dia-nacional-del-arbol-atributos-y-caracteristicas-de-las-especies-representativas-de-bogota.html HTTP/1.1" 200 697
201.245.192.253 - - [17/Aug/2023:07:40:06 -0500] "POST /kwsrmcab/Wsrmcab  HTTP/1.1" 200 42950
201.245.192.253 - - [17/Aug/2023:07:40:09 -0500] "POST /forms/lservlet;jsessionid=ac16012b30d63c69d1acab484d25a6a7ac94400030ae.e3iSbxaKaheRe34LahmRaNuQc41ynknvrkLOlQzNp65In0 HTTP/1.1" 200 2
172.22.2.4 - - [17/Aug/2023:07:38:41 -0500] "HEAD /BLA/boletinlegal/ HTTP/1.1" 200 -
181.53.12.211 - - [17/Aug/2023:07:41:10 -0500] "GET /galeria/galeria/jquery.fancybox.css?v=2.1.5 HTTP/1.1" 200 4895
181.53.12.211 - - [17/Aug/2023:07:41:10 -0500] "GET /BLA/boletinlegal/js/jquery.scrollShow.js HTTP/1.1" 200 4586
181.53.12.211 - - [17/Aug/2023:07:41:10 -0500] "GET /galeria/galeria/jquery.fancybox.js?v=2.1.5 HTTP/1.1" 200 48706
201.245.192.253 - - [17/Aug/2023:07:41:10 -0500] "POST /forms/lservlet;jsessionid=ac16012b30d6f01e0f58504c416a95f18c6006acbac1.e3iSbxaKaheRe34LahmRaNuQc41ynknvrkLOlQzNp65In0 HTTP/1.1" 200 2
172.22.2.4 - - [17/Aug/2023:07:39:32 -0500] "GET /BLA/boletinlegal/ HTTP/1.1" 200 58597
201.245.192.253 - - [17/Aug/2023:07:41:55 -0500] "GET /appsia/controlador HTTP/1.1" 200 4799
201.245.192.253 - - [17/Aug/2023:07:41:55 -0500] "GET /appsia/scripts/validarIngreso.js HTTP/1.1" 200 851
201.245.192.253 - - [17/Aug/2023:07:41:55 -0500] "GET /appsia/css/estilos.css HTTP/1.1" 200 4804
201.245.192.253 - - [17/Aug/2023:07:41:56 -0500] "GET /appsia/images/cabezoteHojaVida.png HTTP/1.1" 200 32493
201.245.192.253 - - [17/Aug/2023:07:41:56 -0500] "GET /appsia/images/logo_bogota_p.png HTTP/1.1" 200 14951
201.245.192.253 - - [17/Aug/2023:07:41:56 -0500] "GET /favicon.ico HTTP/1.1" 200 7782
201.245.192.253 - - [17/Aug/2023:07:42:02 -0500] "POST /appsia/controlador HTTP/1.1" 200 5437
191.102.224.201 - - [17/Aug/2023:07:42:06 -0500] "GET /appsia/controlador HTTP/1.1" 200 4799
191.102.224.201 - - [17/Aug/2023:07:42:06 -0500] "GET /appsia/scripts/validarIngreso.js HTTP/1.1" 200 851
191.102.224.201 - - [17/Aug/2023:07:42:06 -0500] "GET /appsia/css/estilos.css HTTP/1.1" 200 4804
191.102.224.201 - - [17/Aug/2023:07:42:07 -0500] "GET /appsia/images/cabezoteHojaVida.png HTTP/1.1" 200 32493
191.102.224.201 - - [17/Aug/2023:07:42:07 -0500] "GET /appsia/images/logo_bogota_p.png HTTP/1.1" 200 14951
201.245.192.253 - - [17/Aug/2023:07:42:08 -0500] "POST /appsia/controlador HTTP/1.1" 200 7791
201.245.192.253 - - [17/Aug/2023:07:42:09 -0500] "POST /forms/lservlet;jsessionid=ac16012b30d63c69d1acab484d25a6a7ac94400030ae.e3iSbxaKaheRe34LahmRaNuQc41ynknvrkLOlQzNp65In0 HTTP/1.1" 200 2
201.245.192.253 - - [17/Aug/2023:07:42:11 -0500] "POST /appsia/controlador HTTP/1.1" 200 6656
201.245.192.253 - - [17/Aug/2023:07:42:12 -0500] "POST /appsia/controlador HTTP/1.1" 200 12524
216.245.221.92 - - [17/Aug/2023:07:42:22 -0500] "HEAD / HTTP/1.1" 200 -
40.77.167.208 - - [17/Aug/2023:07:42:48 -0500] "GET /BLA/resoluciones/AUTOS%202023/3190.pdf HTTP/1.1" 200 430860
186.84.21.79 - - [17/Aug/2023:07:42:55 -0500] "GET /bogota-empieza-la-consolidacion-de-la-estrategia-de-bosques-urbanos-con-el-brazo-salitre-en-barrios-unidos.html?utm_source=Meta_DIGI&utm_medium=CPV&utm_campaign=BosquesUrbanos&utm_id=Agosto_2023&fbclid=IwAR3U4TpyRWoqYUHAwQ7TvXlx5Ug4vUyKlOumVnqStEhwabApzmjSseft65M_aem_AWsZjdh1Sw76hUsK2XhTR4pmYxUKfhXakRSUVFdQ2SZpkaeJ_goq4G2Fu7m2xxDush6YitsXxnFdu7fym5QmnxKH HTTP/1.1" 200 892
40.77.167.18 - - [17/Aug/2023:07:43:03 -0500] "GET /Publicaciones/2023EE181762.pdf HTTP/1.1" 200 231880
201.245.192.253 - - [17/Aug/2023:07:43:10 -0500] "POST /forms/lservlet;jsessionid=ac16012b30d6f01e0f58504c416a95f18c6006acbac1.e3iSbxaKaheRe34LahmRaNuQc41ynknvrkLOlQzNp65In0 HTTP/1.1" 200 2
179.1.98.9 - - [17/Aug/2023:07:43:12 -0500] "GET /bogota-empieza-la-consolidacion-de-la-estrategia-de-bosques-urbanos-con-el-brazo-salitre-en-barrios-unidos.html?utm_source=Meta_DIGI&utm_medium=CPV&utm_campaign=BosquesUrbanos&utm_id=Agosto_2023&fbclid=IwAR2ZEcl1BStxttXljFPdM8YAWh_21q1hXhr4x9LzRdNqSrxBajAzHv6yVgo_aem_AWuuhqOMsY5ibEZ7_HpuLO9STnQgYiC0s9yepRGtNp31q-0Towi5ftRv50P4qIRyLdA5L1pJ6WqoCYKc1052zK8S HTTP/1.1" 200 892
201.245.192.253 - - [17/Aug/2023:07:44:09 -0500] "POST /forms/lservlet;jsessionid=ac16012b30d63c69d1acab484d25a6a7ac94400030ae.e3iSbxaKaheRe34LahmRaNuQc41ynknvrkLOlQzNp65In0 HTTP/1.1" 200 2
201.245.192.253 - - [17/Aug/2023:07:45:05 -0500] "POST /kwsrmcab/Wsrmcab  HTTP/1.1" 200 42950
201.245.192.253 - - [17/Aug/2023:07:45:10 -0500] "POST /forms/lservlet;jsessionid=ac16012b30d6f01e0f58504c416a95f18c6006acbac1.e3iSbxaKaheRe34LahmRaNuQc41ynknvrkLOlQzNp65In0 HTTP/1.1" 200 2
186.84.91.18 - - [17/Aug/2023:07:45:17 -0500] "GET /inscribete-y-participa-en-la-convencion-internacional-de-emergencia-climatica-bogota-2023.html HTTP/1.1" 200 895
201.245.192.253 - - [17/Aug/2023:07:46:09 -0500] "POST /forms/lservlet;jsessionid=ac16012b30d63c69d1acab484d25a6a7ac94400030ae.e3iSbxaKaheRe34LahmRaNuQc41ynknvrkLOlQzNp65In0 HTTP/1.1" 200 2
172.22.2.4 - - [17/Aug/2023:07:44:31 -0500] "HEAD /BLA/boletinlegal/ HTTP/1.1" 200 -
172.22.2.4 - - [17/Aug/2023:07:46:19 -0500] "GET /BLA/boletinlegal/actos.php HTTP/1.1" 200 9682
172.22.2.4 - - [17/Aug/2023:07:46:20 -0500] "GET /BLA/boletinlegal/favicon.ico HTTP/1.1" 404 1326
64.124.8.50 - - [17/Aug/2023:07:46:30 -0500] "GET /portaldeninos/wp-content/uploads/2020/01/Tierra-escenario.jpg HTTP/1.1" 304 -
172.22.2.4 - - [17/Aug/2023:07:46:18 -0500] "GET /BLA/boletinlegal/ HTTP/1.1" 200 24523
40.77.167.208 - - [17/Aug/2023:07:46:58 -0500] "GET /BLA/resoluciones/AUTOS%202022/2866.pdf HTTP/1.1" 304 -
172.22.2.4 - - [17/Aug/2023:07:45:22 -0500] "GET /BLA/boletinlegal/ HTTP/1.1" 200 51319
172.22.2.4 - - [17/Aug/2023:07:47:07 -0500] "GET /BLA/boletinlegal/consulta_actos.php?tipo=resoluciones&no=3722&usuario=&sector=&fecha=2021&resuelve= HTTP/1.1" 200 1101
191.156.50.22 - - [17/Aug/2023:07:47:10 -0500] "GET /BLA/resoluciones/RESOLUCIONES%202021/3722.pdf HTTP/1.1" 200 551760
201.245.192.253 - - [17/Aug/2023:07:47:10 -0500] "POST /forms/lservlet;jsessionid=ac16012b30d6f01e0f58504c416a95f18c6006acbac1.e3iSbxaKaheRe34LahmRaNuQc41ynknvrkLOlQzNp65In0 HTTP/1.1" 200 2
191.156.50.22 - - [17/Aug/2023:07:47:10 -0500] "GET /favicon.ico HTTP/1.1" 200 7782
64.124.8.50 - - [17/Aug/2023:07:47:12 -0500] "GET /portaldeninos/wp-content/uploads/2022/08/Infograf%C3%ADa-humedales-actualizada.png HTTP/1.1" 304 -
181.32.179.249 - - [17/Aug/2023:07:47:13 -0500] "GET /bogota-empieza-la-consolidacion-de-la-estrategia-de-bosques-urbanos-con-el-brazo-salitre-en-barrios-unidos.html?utm_source=Meta_DIGI&utm_medium=CPV&utm_campaign=BosquesUrbanos&utm_id=Agosto_2023&fbclid=IwAR1HpBbQFLUkxlaxJexju7KomVLOj40h3v8f-23NZ58hotOFwXZCrAeY9_0_aem_AWtPAgaCcTbz7TcKNw6BMtc3wvQOoR0GNqIgEMUreya8et7ZqiKBbx4sRQIdLzK0qCoavcugr-hVQjHwptHhsAnU HTTP/1.1" 200 892
216.245.221.92 - - [17/Aug/2023:07:47:22 -0500] "HEAD / HTTP/1.1" 200 -
186.102.63.40 - - [17/Aug/2023:07:47:32 -0500] "GET /kwssiamovil/sm/ldap/au?x=U2FsdGVkX1/ygP86Ns/tkDPTLSFAWET0aHaMDTw/Q8kprHL/ON8bYCmJlnKWGxNrTkC12gX7zASSgkHnjgryYg==&y=U2FsdGVkX1/GsDQFo0wNw0Y8hx43B7VA3U72qv8RUODJ0LFMfTKPwJziP47Bbnr8 HTTP/1.1" 200 30
186.102.63.40 - - [17/Aug/2023:07:47:32 -0500] "GET /kwssiamovil/sm/acme/s?s=U2FsdGVkX1/WxwNw+nFYrQBeN95nQLauOqMHICqNCrZswse3CuC90WQPc2VPMNovjRIPpJjBaW1ItoT9MCv87l77fvUw3IodXKoEQQTf+kg=&u=U2FsdGVkX18xA3z9eyw4XsWc3vTtPY8dqOaanHjIneBYKgmfxhbjsfoU5ZJo+/AT&y=U2FsdGVkX1/GsDQFo0wNw0Y8hx43B7VA3U72qv8RUODJ0LFMfTKPwJziP47Bbnr8 HTTP/1.1" 200 97
186.102.63.40 - - [17/Aug/2023:07:47:32 -0500] "GET /kwssiamovil/sm/acme/s?s=U2FsdGVkX180NgvuoQLA/sckYvqqe2trcZyFE51EnCDTXez522HVp+x2/xZqR567o6bT2YmMebwx68HqDt5ekSEBMaf3IJOkI8jYHaM1Ty/5AtCbXR0q/vGXxtPnD+jc7zJTupj84SGoylQXRxdoMnUjH1rbt4gTXMQpVRayxEjCzFk9iLbV/hJE1jOubtvqBXV79bfMl5RJJWww+Klpo+sGkrJF4c1GGaK39k61wvbX/bcZF5bWEH1N8LTs3zXQF106qXMZyTup7AxwEZHWMBRMbqcLzH+UIovYe5g+uTGFFuiuVi3R6dxvlT96JDs+kBYqC1jicNn9W4JED9/4liuadeNhS0KM3KGRPOzgLtOCbcuMJXgyJDF6CZ0vQy2WB2pjK5w9JkhPHBKjFac1Rt0tD/9qrtXi2zGr9iooCEjVujFcgriqoQ0/pJk8BdNCq5XNZXe5Ju3ehkXin/h5uZE7nqWE3bkJKlX3NfhsXB14E1AXdycExk6DgBcHBJ8NqA7NwdpnKTY/mb6ncSUoo5Kip+9jtQGj2Kdm9o/ByTFAD5dPJ6H9GPxEbKO7kS5PccMa/JjMc2ZauHwQhseOOxA7isVlk1KvoKSXKczf6VdadhyRgNvlMYOFsQYFwomstI+Fr0LJRUYJ1khz01z1lXq++/IIuZEdTNGxYvH2QGYjWFSgtzwNSnhE7kgkaAf5rEITlrMn4b19U7N21HqRAD7BOeM8/TGr4+PvhwR6z/J1wNsMJsq6YqtTp+P1/j7Of5KTXK/p4KKbGvXFSo6VvOn34fcRuPs9XPH8stcdj3HJnBdevLeVcvFyEt0oEnGA65ctPBIXMQZSw6KaEDfaTVEi3dplUuLbhl7UDAQ6pjjwaH5P2x+UPRUbJOUySPXp/8fln0Cgdg5uZeRtXTl5kfn47N+h7y7T32xf3JpiLcxj6534/5he7e5isNtDKX4gdVs0BGz2A4GtzXvGy/MNO+pMWyKVIp3+z8XWpDr3WXAcEtzIF2LzQlzPWQlYZ+TD1cAMxC/3vAOFgi67OkUuqO/J/Ze3XXdNIJ8PbAdxiZQzwB4N07RclOy4qOIjARkc3I9VjeB0qQqqWMcEVcwxU/8LT37QB8NvRvwK5Tfyo3Fs1lmx8XBDUt5krlrxV7HgQRbub5fIUgrpbnWV7aorLesfl4oc2ZZlzkU7LHtvSdGxCzl4mR6+0SjJbJ4ciAUX3lYQs4UIMyVeuXI68f3dS23p09BXzFdv/Go/JfFYZpBjNZRYhpsiOqZzNmbbyzbfgGsE1CSZ6a/TrtCy0+6tOFlR2QLoOxvEu3KUKoeANHbIt6BnYxdCf47c9Fvdc1uVXxhluURroWg7ZSDdE/nWCuAIYbNY2Hmvo9uy1n7MjovrtN+Wxc7sr5L2mKqNiVT1hpenxiMpG/cnPyyE71qsk0Tw3b5HRru7QsAvPjGUneFAfHt95P/shlMP9F3QVKPLjighwFTjWn4s8n0xPt78RFFC0rQe3fNNsovHchOPk0GPvbaCwawIpXtjFwJJvPqsynrmAkmxkPcfwH6Hl/g2rqR84ZB/TTqysHWd8pYj9zTAGG6FuFp1ulVwu8l06vKK/byGUNKzuBWeke5L8gzJ8qNPMNIl29+lXcA5hMnuF7KN+vE2VRrUSZxyafvZGdB3gr9s56N3q2ohnuCSDu1iDTO/HiC7AlhWcpjY4nNV7rlaXG5puNELstUIMaXnm1XliWjuUhTH5mVioTZ1liC6fcFmpRb54PC359qaT1CuG9Pq/R7GTarfUz4rd8k3hD2k&u=U2FsdGVkX18xA3z9eyw4XsWc3vTtPY8dqOaanHjIneBYKgmfxhbjsfoU5ZJo+/AT&y=U2FsdGVkX1/GsDQFo0wNw0Y8hx43B7VA3U72qv8RUODJ0LFMfTKPwJziP47Bbnr8 HTTP/1.1" 200 536
186.102.63.40 - - [17/Aug/2023:07:47:32 -0500] "GET /kwssiamovil/sm/acme/s?s=U2FsdGVkX18FBj6W+lPHpuZIj92qMJDkZGaKmlxtbSnWKXAvBAAPyvNZF/s4ph81ziCQ3sXoUNUGbEJB3efWCm5OI72zg6NKQVXJRbtVYrZKA/SPMg9oSkIfpPIt8eIFbgq6nTK+FlWWBJgV3zoTrYr62qTMMYmElu7lX8m3qMQkMlkffdFSNT1aOv3TC0XbkPZ9/4FewFCpq8B5vkMOeM9VtSuemUvQrYxQ5wVy53JV8rIb6l5RWTc0Nstniq7zP5DavzMMKRiZxnPxxTSN4enOF3mYVVR0AEaaLe720eNQ22cc8FGwuhcHgJm7nJuOt3JYiVUGLkB2FhUMr0DASAJp8MJPtkVUZjft77So8bBUEFSUIvvi4VBveysTaGGINKcc3YqZO+emAEdia7X6B0iq1IlW3j/MoXilXqyg+b07huAvcU6EDBpI5r5jAT4eAdPFOeXhCESJbgIaYvE3eFucYTetv1Ai770mPSC5P0JaVTRF/3AGX7KRvC9mhGFGDDwk9XYWlJbIGznsVKEKpezrbc+oBTObUdd7dgLB23n02QfUQoovn3eJm9klGrrr2SxTl9NvGx0acrNdh3gYE8AHKNSl1pDg5EkV5qcbikr0BNfMih6Jb3YFfmSErrtcLS1u18jPjJCeo/LDYhJyc+JGHDB3c/iJVr3CtXFVSIeAaDqmGDaFAE2C6+ytJr8yZr4G4CqO+oy4B9vzP8uwayV33ZVnm8q8Bopovlj5kaBH8PMpisR5E3lxHf+10w3V3052I/U7tmwOc0ZC+qD/KQ==&u=U2FsdGVkX18xA3z9eyw4XsWc3vTtPY8dqOaanHjIneBYKgmfxhbjsfoU5ZJo+/AT&y=U2FsdGVkX1/GsDQFo0wNw0Y8hx43B7VA3U72qv8RUODJ0LFMfTKPwJziP47Bbnr8 HTTP/1.1" 200 352
186.102.63.40 - - [17/Aug/2023:07:47:32 -0500] "GET /kwssiamovil/sm/cjson/pre?f=9&x=U2FsdGVkX1/ygP86Ns/tkDPTLSFAWET0aHaMDTw/Q8kprHL/ON8bYCmJlnKWGxNrTkC12gX7zASSgkHnjgryYg== HTTP/1.1" 200 25142
186.102.63.40 - - [17/Aug/2023:07:47:33 -0500] "GET /kwssiamovil/sm/cjson/pre?f=18&x=U2FsdGVkX1/ygP86Ns/tkDPTLSFAWET0aHaMDTw/Q8kprHL/ON8bYCmJlnKWGxNrTkC12gX7zASSgkHnjgryYg== HTTP/1.1" 200 32849
200.118.80.12 - - [17/Aug/2023:07:47:36 -0500] "GET /secretaria-de-ambiente-invita-al-conversatorio-sobre-publicidad-exterior-electoral.html HTTP/1.1" 304 -
201.245.192.253 - - [17/Aug/2023:07:48:09 -0500] "POST /forms/lservlet;jsessionid=ac16012b30d63c69d1acab484d25a6a7ac94400030ae.e3iSbxaKaheRe34LahmRaNuQc41ynknvrkLOlQzNp65In0 HTTP/1.1" 200 2
186.102.57.9 - - [17/Aug/2023:07:48:10 -0500] "GET /kwssiamovil/sm/ldap/au?x=U2FsdGVkX1/AzIeJX9QRjECtvffENQ98QQc5s4xJeIoQRBMkmmtt3lpBigCWJ3it&y=U2FsdGVkX1+v6Z8AebvljrB6m+4B4ObknKiVK3fQMHM= HTTP/1.1" 200 30
186.102.57.9 - - [17/Aug/2023:07:48:10 -0500] "GET /kwssiamovil/sm/acme/s?s=U2FsdGVkX19HgqqzYkb/0XfwzLk7rrSo+WjMqc9hnFEWIJ8XJzzMCEmXsUjxWr4U3QdFb09CTJUGcx9IrZgdW61iWCJ8wBtBns7T7WnBsHM=&u=U2FsdGVkX19+kW4vyKNNBXPYlx+LO9dQw4SezikJcIo=&y=U2FsdGVkX1+v6Z8AebvljrB6m+4B4ObknKiVK3fQMHM= HTTP/1.1" 200 97
186.102.57.9 - - [17/Aug/2023:07:48:10 -0500] "GET /kwssiamovil/sm/acme/s?s=U2FsdGVkX1+cbNJ9daa3sU5KlmcXmwRw5jdXs9uxFJMVvBkJFqbMFIxafJIjqH/YgPELJ8HzIlMV2HPpvLsqWeravHv7rhAA/SFun2uFi11RroMbjiy80FlcfqkIcEAHNkZatxhNX5WopSA+7nYHNHkBXG61e2jtZEICH6K92gAEAz1J3w3tGNKStdULqd1rr1rfYChtDBuKIAt+KK7gdKAjs8VOp1CKMp9LkFFJuOIyRL59PEZ4+Vu3cagW+zJHszUBPBk/iohlpe8mdhZ65TC8akBRJyGzRrfpJnNMgc0/c7/m44HSoW6EMC345XoXjStZOGf+vtTqq1oFcYxuDuhcTtouCXi5g0itSjf5Zy/aRcpKCExj81zi1xfuKQZeVcM/yUKkeP2VqsXIMRXS277Yc4FfW9wxVg7/hWvmkDMITEbXWxpLRwHmoycxAhfeenVN7GD2YT//n/a8sTmZMEBCHZ4ZLI17HHai0mH9VaQLudFJOhXbaEUoefMru7yvJz3PglYf2u2ilWo/N5rV8dnhF5PHNVxX52n+NBFe+JR2Yc19hWFa0wvUEcifYrio7CZSJ46UtZvwzF1ZdBsPOmSzRsD7cbJoBdR2ZvSIkC8sbrEay4fP7ZRDeZW09HNeYbe0UOKiu/hILECpyXch2aytE3DxvCJHcSf1y63L06+7ywhFs+ZMoUW2HDwgLk2JaQTxqu2SoJmASMRP2KyGaUTD4lRJVIksC8RtA2/aM+NDZ/30fcb4ABFK4kANXDi5lOIFl6IPfJ/zO1YDFT8czufO8ges4R2peMiV/ASytJMxfQrLQ0F8xgVHeyhQX5yN89aYJpglSCDJmPNGN5Yj6Ak37cNDerF3jjXCdnwJW0j86mXehPdSXapFVMm2fvznUuinaq0EDyEqdOPDw14R9k4XhNSk4feka5UUIQMb9XuY8VVacbKScSc7I4q2HOVEXfXVeLS9J2Bg8yWItWZ+SIXpm6jTGITKChpeVeQlTi+XJVN4yDK2FIGAZC/0h2rG6LT9iI9FvreQX6j3l8cIPuT2zNK44LV2AhgBh2yqSMFtkQA8MtAjJnBIN4Wv2PFqNTpRPqp0wMr2Yk7Td207cG3wUV3Kpmkc+vBSgp1XQmcz/mS+yg0jRNW5AS1s2mTrJaq14PCIQ+0XZ4QNWgGzvJds8LOQEjXAPw8imQ7asQeO1GAltEC5tNEXKp1NDZDi7QCiqv5RJtGTARaQXtSljsoldS+O42eN5PTSm1g0VO3AnjB8FhEam4ObBSGdTtCvDy+dmJEI7JuEqyUEI5uGehxu1/hnY0SCoTC0jjyQlFROZaF4ufKfC8vf/WCc13Q07cl8fltil+mXe+fn6/8rfbDlTy+jQv/z1mCc1cq71Xqu5u3Hd6Me+25vNVllfMNa9upXM94TfNo5Ia/s06FlA6b3mqU+RJUny9SPC64C++H3bXS/dCXs0r4B9oG090BlBgJKKLBq3JD6pooMiaPtGrvtgby3Tt9cD6/Grpotc57/ZkiJ+z4SwIjFEPUqGT3YI4TjKRZQyQZ9GZsOzZBxx9CoHtP6RgYy110gHjB44SHpm30UxqIPLlVG5I937sn3X3+hIPqzApXlhw4ZeBuOCqDvBGlrRA+vwEfbTOxSRhw+yaXSDHqSUH3uaSpw68gja1pYGO2g7ZAp6GhqBilwI643RkPbaqno0w0j20StklObA8LTWiEWsaflzpZnlgSx6vr2Q5JdwyoBLZbo7HTlPGeIOVyImhn5M8tehw/Dyas=&u=U2FsdGVkX19+kW4vyKNNBXPYlx+LO9dQw4SezikJcIo=&y=U2FsdGVkX1+v6Z8AebvljrB6m+4B4ObknKiVK3fQMHM= HTTP/1.1" 200 521
186.102.57.9 - - [17/Aug/2023:07:48:10 -0500] "GET /kwssiamovil/sm/acme/s?s=U2FsdGVkX18pvSxF5oqChlVUTpFAaZEDZkWYOC/3VPyvjBE1/dxZRKulJkV4hSgtLHoPYmMd+CtVyjIf9iEle4wnnS/XUeYGdXRn6Wpjo8folGKQqyzwgmnVhsLUW4xqhvYiiAXd6Tk+BeJaLab9V1pgnowLfV6MbhqO3SMz2jNBXSF+hlMrjSNCvdI/wuzTT8YxBWm3zmLC+6C1Misd+FE4KK0FFSujV0ExkTltMsj2pQ1nCNWl3WVFXp7MY/dmD5pEMzEGnICYhPSSNIn1mM3RAOGBl9Qc3od5Cao4LPIJx5SGGHYWL4HF9U3L4pylSjyKUnaQvsmZXOoXFYFCA9WaBGXsxFlk3BwDHMKfYsrllkvQkK2/zqu7rF2dfa5RQ6Y17nZ13ll1CcQ3Z43R+PE45PzpSKkgSukH2UpVSdotF/NUgLseJZApvuJZVcgmphW9phUF7CmVEuKAaMtaaCLkBqWdx1/1lxfW3l0rqB6Na2xXNRQUINoGxFoG8LtWW2xOYRE2FVILzKzgT0DX3L1XgwnwJrugknT1w6RDqBwI1+eyrAlNhBW9WP3WgoJ6dlBd4XNggzhqHUfX/IyN8Y1nb+h0z2s+DqCVM/Owx6nGJHu+PtVYEna4InghTv7K3saPFntTBF0/i7irhEfEWmBEamZTwAcZqVzd/K7nnDjOkMbamKZQIw97S+6WmXLnjRZZBeUsBadh0C2TeAWU+9+D+BLADjBJ3H2E3sn9Rnr56FKQOEaCea8zOKlk9CDz&u=U2FsdGVkX19+kW4vyKNNBXPYlx+LO9dQw4SezikJcIo=&y=U2FsdGVkX1+v6Z8AebvljrB6m+4B4ObknKiVK3fQMHM= HTTP/1.1" 200 208
186.102.57.9 - - [17/Aug/2023:07:48:10 -0500] "GET /kwssiamovil/sm/cjson/pre?f=1&x=U2FsdGVkX1/AzIeJX9QRjECtvffENQ98QQc5s4xJeIoQRBMkmmtt3lpBigCWJ3it HTTP/1.1" 200 31032
172.22.2.4 - - [17/Aug/2023:07:48:13 -0500] "GET /BLA/boletinlegal/style.css HTTP/1.1" 200 9406
172.22.2.4 - - [17/Aug/2023:07:48:13 -0500] "GET /BLA/boletinlegal/styles2.css HTTP/1.1" 200 1838
172.22.2.4 - - [17/Aug/2023:07:48:13 -0500] "GET /BLA/boletinlegal/js/jquery.js HTTP/1.1" 200 57254
172.22.2.4 - - [17/Aug/2023:07:48:13 -0500] "GET /BLA/boletinlegal/js/jquery.scrollTo-min.js HTTP/1.1" 200 1150
172.22.2.4 - - [17/Aug/2023:07:48:13 -0500] "GET /BLA/boletinlegal/js/jquery.scrollShow.js HTTP/1.1" 200 4586
172.22.2.4 - - [17/Aug/2023:07:48:13 -0500] "GET /BLA/boletinlegal/images/cabezote%20BLEGAL.jpg HTTP/1.1" 200 118164
172.22.2.4 - - [17/Aug/2023:07:48:13 -0500] "GET /BLA/boletinlegal/images/subscribe-icon-big.png HTTP/1.1" 200 47702
172.22.2.4 - - [17/Aug/2023:07:48:13 -0500] "GET /BLA/boletinlegal/images/historia.png HTTP/1.1" 200 52775
172.22.2.4 - - [17/Aug/2023:07:48:13 -0500] "GET /BLA/boletinlegal/images/registro-usuarios.png HTTP/1.1" 200 8106
172.22.2.4 - - [17/Aug/2023:07:48:13 -0500] "GET /BLA/boletinlegal/images/arr_l.jpg HTTP/1.1" 200 1979
172.22.2.4 - - [17/Aug/2023:07:48:13 -0500] "GET /BLA/boletinlegal/images/screen_1.png HTTP/1.1" 200 202547
172.22.2.4 - - [17/Aug/2023:07:48:13 -0500] "GET /BLA/boletinlegal/images/launch.jpg HTTP/1.1" 200 14577
172.22.2.4 - - [17/Aug/2023:07:48:13 -0500] "GET /BLA/boletinlegal/images/body_bg.jpg HTTP/1.1" 200 1601
172.22.2.4 - - [17/Aug/2023:07:48:13 -0500] "GET /BLA/boletinlegal/images/menu_lft.gif HTTP/1.1" 200 1713
172.22.2.4 - - [17/Aug/2023:07:48:13 -0500] "GET /BLA/boletinlegal/images/menu_rght.gif HTTP/1.1" 200 1627
172.22.2.4 - - [17/Aug/2023:07:48:13 -0500] "GET /BLA/boletinlegal/images/bg_top.jpg HTTP/1.1" 200 522
172.22.2.4 - - [17/Aug/2023:07:48:13 -0500] "GET /BLA/boletinlegal/images/menu_bg.jpg HTTP/1.1" 200 620
172.22.2.4 - - [17/Aug/2023:07:48:13 -0500] "GET /BLA/boletinlegal/images/hover.jpg HTTP/1.1" 200 640
172.22.2.4 - - [17/Aug/2023:07:48:13 -0500] "GET /BLA/boletinlegal/images/text.jpg HTTP/1.1" 200 568
172.22.2.4 - - [17/Aug/2023:07:48:15 -0500] "GET /BLA/boletinlegal/actos.php HTTP/1.1" 200 9682
172.22.2.4 - - [17/Aug/2023:07:48:15 -0500] "GET /BLA/boletinlegal/niceforms.js HTTP/1.1" 200 22876
172.22.2.4 - - [17/Aug/2023:07:48:15 -0500] "GET /BLA/boletinlegal/js/lib.js HTTP/1.1" 200 6474
172.22.2.4 - - [17/Aug/2023:07:48:15 -0500] "GET /BLA/boletinlegal/niceforms-default.css HTTP/1.1" 200 6694
172.22.2.4 - - [17/Aug/2023:07:48:15 -0500] "GET /BLA/boletinlegal/js/popup.js HTTP/1.1" 200 1270
172.22.2.4 - - [17/Aug/2023:07:48:15 -0500] "GET /BLA/boletinlegal/js/ajax_actos.js HTTP/1.1" 200 1322
172.22.2.4 - - [17/Aug/2023:07:48:16 -0500] "GET /BLA/boletinlegal/js/jquery1.js HTTP/1.1" 200 29846
172.22.2.4 - - [17/Aug/2023:07:48:16 -0500] "GET /BLA/boletinlegal/images/green-yellow-blue-pink-th.png HTTP/1.1" 200 7394
172.22.2.4 - - [17/Aug/2023:07:48:16 -0500] "GET /BLA/boletinlegal/images/tel.png HTTP/1.1" 200 14477
172.22.2.4 - - [17/Aug/2023:07:48:16 -0500] "GET /BLA/boletinlegal/images/icono-email.png HTTP/1.1" 200 5544
172.22.2.4 - - [17/Aug/2023:07:48:16 -0500] "GET /BLA/boletinlegal/images/footer_bg.jpg HTTP/1.1" 200 586
172.22.2.4 - - [17/Aug/2023:07:48:16 -0500] "GET /BLA/boletinlegal/images/footer_bg_l.jpg HTTP/1.1" 200 776
172.22.2.4 - - [17/Aug/2023:07:48:16 -0500] "GET /BLA/boletinlegal/img/0.png HTTP/1.1" 200 110
172.22.2.4 - - [17/Aug/2023:07:48:16 -0500] "GET /BLA/boletinlegal/img/select-left.png HTTP/1.1" 200 263
172.22.2.4 - - [17/Aug/2023:07:48:16 -0500] "GET /BLA/boletinlegal/img/select-right.png HTTP/1.1" 200 44019
172.22.2.4 - - [17/Aug/2023:07:48:16 -0500] "GET /BLA/boletinlegal/img/button-left.png HTTP/1.1" 200 57071
172.22.2.4 - - [17/Aug/2023:07:48:16 -0500] "GET /BLA/boletinlegal/img/button.png HTTP/1.1" 200 43241
172.22.2.4 - - [17/Aug/2023:07:48:16 -0500] "GET /BLA/boletinlegal/img/button-right.png HTTP/1.1" 200 57878
172.22.2.4 - - [17/Aug/2023:07:48:16 -0500] "GET /BLA/boletinlegal/favicon.ico HTTP/1.1" 404 1326
172.22.2.4 - - [17/Aug/2023:07:48:27 -0500] "GET /BLA/boletinlegal/consulta_actos.php?tipo=autos&no=0165&usuario=&sector=&fecha=2023&resuelve= HTTP/1.1" 200 1079
172.22.2.4 - - [17/Aug/2023:07:48:27 -0500] "GET /BLA/boletinlegal/images/pdf.gif HTTP/1.1" 200 567
172.22.2.4 - - [17/Aug/2023:07:48:12 -0500] "GET /BLA/boletinlegal/ HTTP/1.1" 200 24523
201.245.192.253 - - [17/Aug/2023:07:49:10 -0500] "POST /forms/lservlet;jsessionid=ac16012b30d6f01e0f58504c416a95f18c6006acbac1.e3iSbxaKaheRe34LahmRaNuQc41ynknvrkLOlQzNp65In0 HTTP/1.1" 200 2
201.245.192.253 - - [17/Aug/2023:07:49:45 -0500] "POST /appsia/controlador HTTP/1.1" 200 7791
201.245.192.253 - - [17/Aug/2023:07:49:47 -0500] "POST /appsia/controlador HTTP/1.1" 200 5250
201.245.192.253 - - [17/Aug/2023:07:49:48 -0500] "GET /appsia/controlador?comando=ingresarMenuPrincipal&id=80243688&funcionario=RODRIGO+ALBERTO+MANRIQUE+FORERO&desde=80243688&hasta=80243688&version=80243688&accion=Regresar HTTP/1.1" 200 5437
201.245.192.253 - - [17/Aug/2023:07:50:04 -0500] "POST /kwsrmcab/Wsrmcab  HTTP/1.1" 200 42950
201.245.192.253 - - [17/Aug/2023:07:50:09 -0500] "POST /forms/lservlet;jsessionid=ac16012b30d63c69d1acab484d25a6a7ac94400030ae.e3iSbxaKaheRe34LahmRaNuQc41ynknvrkLOlQzNp65In0 HTTP/1.1" 200 2
186.102.57.9 - - [17/Aug/2023:07:50:51 -0500] "GET /kwssiamovil/sm/ldap/au?x=U2FsdGVkX18D5aRiipjkmXh9Y2BU7EUBmjE2mwwjAglSoF7ddxVkArdEX+XNOus4&y=U2FsdGVkX1/sTrv+UucCN6JGq2Vm0p72ByW4AJE2VgE= HTTP/1.1" 200 30
186.102.57.9 - - [17/Aug/2023:07:50:51 -0500] "GET /kwssiamovil/sm/acme/s?s=U2FsdGVkX1/QNnJPGj2LftpMcvPCoO/yRud76Gh4gvfKsNT2olLLdJfOnQ6lB63iyMJQ16GkzPKfECHWeLW90NfRwPrk9E62SXxJlV+8yb8=&u=U2FsdGVkX1/knXfC3dnh3gWIfXIlA1KQoNw/ge+V4Nw=&y=U2FsdGVkX1/sTrv+UucCN6JGq2Vm0p72ByW4AJE2VgE= HTTP/1.1" 200 97
186.102.57.9 - - [17/Aug/2023:07:50:51 -0500] "GET /kwssiamovil/sm/acme/s?s=U2FsdGVkX1+3am1TYYZiPj0QyK9drXcSXKT3E+MhjPCBfPVfnc4k2P6Oj07pYhagyfnj3IVD/XcRZR75F2Dcou+VikcTeahdMvDhRQ8F+Z3PxuVQcKKy/EhA7lgL2oxkOCyB7+Ll3I9tg8/F+UeVPgnT3I6yRjZcnWeEDsoCY3OlnJ4qER+Mi3BkwRCwzXbo+P7GQHcSKSlnWwxq2OBlnprrzcsYujiprsF3xxbH/jfp8O0YpWDyRPUnTylOLgCKtfEVHx895jJysBZlcidow3zhI51GxMDoB6kfuMKo7jkIFKKM7IP1ZO4pDmFIBcZfaC8WKBnW74A0kXHKzkfycxk7gVybPGPwzwoZEG/gTc52b+cibmtpDEWi6FLb66InzoLdmR9u93UO5uR26T0EtZT7pH6ub8RhJUEX45McLVihc9tc1cDpZKtpobOwwRfTNTsducLBaQDPL8cSuiNE8rTbSjm+ZxBj3gcAq+RIo9NPYGwj1Hcpysh6n8fovt9NgOiQnt8RWTRiVCSwI+CgqatpJDWr12BIutQ74RKyHVjd/zOez1xiSvvXUKC71c43spPpMWEN8ja8UQ781s0oqBLXzU24BGi+Umgw4q8UMGHco1v4/ODSILIPYs6J5r44eH1AEkYm0Fq7u16HF8YlLfMBWMcGNnTgIuEPPtLaHK7VabnxtQLHZ23PF2no4tw3iPNsHhpctAR41z9fkEG6yXra1nne2gR/cbqcZ+gqT2m1/mBOkGpQFHyXrlBqtqs+U+KVjuPHlUQIY3sncTHr31y0QVsmECPmEbJmJFlvDklldOr05fu+VVUvm2pcYTn7MeQ6eNWychTSUkTBV1iFR2YKg9bs8mP6qA60SL8jKJxaXkv6rFm2P3E8b7Yggxg5bxdCZ1RxJCD0SiWH+f7u3WyzVWIeRR1bLkj2jtB/ZnXhxrnNo5ME/e3yFWCtSAgNtsL+ZEfeZo7fVTDOQdSUFmcO17KSz8N2kWRU9IHdnkcNqhTZCTcotZKwFjhXsfuWwdN9CM8RQmn+xNGprCsubzvJs/3cktIa95Lp/JJEvO4wH+feOcmxaEVTd8MMeV4I4yDAmHjK1zpsZkk+cnpj/b1+PUz8k0lkeYKpHTe3KbL4VtVbyvkMDTGVnYAx1l2YLbBWlYkMGg2I032EYCz43w/AagXQ8phydF3YROeqbOUKNf3hcxL0CK1CGDGP3/mmCPt9MPq+ry4RaKFKlhI3fAuvSwBtGVPe5UD7oCaAMpjJt7CRMsAm5PB4F73fYJ355+6xOOs7z8lCldk7e9E/5YaJv0YrZ+4YcU8nDeASLzy8+6YmFqI63D7mCJZ9Csup0CJUaLz5ihkgCnIaRhmLtz9RxdGRlRGB4pkYxCg1uXkX6lMkFgXMo/QiJqjHFqJ01umLpxk3reJFmFaZ9taro7iAHMw+bIY9FnE+YM3cXmwPVXqfGVAtLeg1AxkrKqJvobeuBy/LmbV51V94d3qumxPxaQCl/19J5W0Yf3fBjTgctNQJvlnFWbDCyZAm98ISmkc/Eh4lJ9kXcgalmVAA1NXM12Ar7rxlTLEBEBlziQfQ9bsSafvljM229TObx6D/GIfD4BN6E74u/Gjn8zm2zlTfDfehnC+hZuG05V6vNDDEzmwPNrxx1R7ivTVMWkyaa7/k//1kRJf2N5sBTh9fecvhd3Sdg5vqe2X/3r/vjcD6xijlcjpRp1q6H9VoAgndo+HQzbIAgM9WL/w8+WQpME5lTFdTzcGMIaH196F8CQQ=&u=U2FsdGVkX1/knXfC3dnh3gWIfXIlA1KQoNw/ge+V4Nw=&y=U2FsdGVkX1/sTrv+UucCN6JGq2Vm0p72ByW4AJE2VgE= HTTP/1.1" 200 1622
186.102.57.9 - - [17/Aug/2023:07:50:51 -0500] "GET /kwssiamovil/sm/acme/s?s=U2FsdGVkX18tIY8skUaSLUW6jxVZY2v5vyj04iMoGsIN1CjTIW05lLXy5S0oyOui8d+GConS3hyno8KDUMVOkZthmRmzprAopWSI5s1M2yM5lmzzC1Z8xjDM7/qn13yoGnLyJekxqytO1pl1j2ibr+Knc/UgACA7BMmFnqg+Xa7JHyNN6x0Qu4zt8f5Jp8wiRgd7OLm1RrmcuSjZ/8yAyhckRQUHsJb3lN36vENZovkifFgiNSfveNRlaIK/waM5b0VRUXkCjqatMfXRM3ILjsVlgRh/4aDDYLTs03y0hOjvJXDFfUOoMqUWog3msuiq783bz9n95a9ClRKz/b++MUbBX8MvMWynZ+dZ2U41z/WfyZhtDb+OnmPorKdTfdwsyeRiz0V0WtDyHfVPK7QqUfX7mIuk7oAdGHOmVY/t40UkBHucfkSdMwUOuVL1NDnHf50dt70kMChOFPtVyTOi8Rn+fWTqbvz/e1/lJs7YfUbVdimr7kfkceGXRZHeHEpqJKrM6BUFwQHQ8f189uU3ZDxrzoxer0ECObB36Nj2rKlt1L+wY5xvKQITarov80gf2cFV8H4qbGPGWtNre1l9UwjTPuGnrpbGu3zCfzrEFDsPK9J5RAJqpQZMRNEaHPTQt3FZXs5zCMLNTnYFJ06FcQcEkm1TGLk1ABb0DphoDW3HpeeJz37G6lGCFbG8MztABb8qLvSf5TWfzf6JbGOx+ZvC3m25mOiK47Wp59A6aMXfBhONy7hgOrJkhY8L8gNJ&u=U2FsdGVkX1/knXfC3dnh3gWIfXIlA1KQoNw/ge+V4Nw=&y=U2FsdGVkX1/sTrv+UucCN6JGq2Vm0p72ByW4AJE2VgE= HTTP/1.1" 200 208
186.102.57.9 - - [17/Aug/2023:07:50:51 -0500] "GET /kwssiamovil/sm/cjson/pre?f=1&x=U2FsdGVkX18D5aRiipjkmXh9Y2BU7EUBmjE2mwwjAglSoF7ddxVkArdEX+XNOus4 HTTP/1.1" 200 31032
201.245.192.253 - - [17/Aug/2023:07:51:10 -0500] "POST /forms/lservlet;jsessionid=ac16012b30d6f01e0f58504c416a95f18c6006acbac1.e3iSbxaKaheRe34LahmRaNuQc41ynknvrkLOlQzNp65In0 HTTP/1.1" 200 2
172.22.2.4 - - [17/Aug/2023:07:50:21 -0500] "HEAD /BLA/boletinlegal/ HTTP/1.1" 200 -
186.102.63.40 - - [17/Aug/2023:07:52:08 -0500] "GET /kwssiamovil/sm/ldap/au?x=U2FsdGVkX1/Afs7uPJWQBk4XSgNna4vHyEZC9l0mbY0WFJyLdygBElH27jtu5qlj&y=U2FsdGVkX1/iq5jnTwGBfD0hQkQiT6TFGjW0Or/Gx/I= HTTP/1.1" 200 31
201.245.192.253 - - [17/Aug/2023:07:52:09 -0500] "POST /forms/lservlet;jsessionid=ac16012b30d63c69d1acab484d25a6a7ac94400030ae.e3iSbxaKaheRe34LahmRaNuQc41ynknvrkLOlQzNp65In0 HTTP/1.1" 200 2
186.154.162.178 - - [17/Aug/2023:07:52:14 -0500] "GET /catalogoisis/ HTTP/1.1" 200 8575
186.154.162.178 - - [17/Aug/2023:07:52:14 -0500] "GET /catalogoisis/Css/Busqueda.css HTTP/1.1" 200 1995
186.154.162.178 - - [17/Aug/2023:07:52:14 -0500] "GET /catalogoisis/Js/CriterioCombinada.js HTTP/1.1" 200 1843
186.154.162.178 - - [17/Aug/2023:07:52:14 -0500] "GET /catalogoisis/Js/AceptarLimpiar.js HTTP/1.1" 200 331
186.154.162.178 - - [17/Aug/2023:07:52:14 -0500] "GET /catalogoisis/Js/Cookies.js HTTP/1.1" 200 1369
186.154.162.178 - - [17/Aug/2023:07:52:14 -0500] "GET /catalogoisis/Js/Go.js HTTP/1.1" 200 364
186.154.162.178 - - [17/Aug/2023:07:52:14 -0500] "GET /catalogoisis/Js/Remote.js HTTP/1.1" 200 436
186.154.162.178 - - [17/Aug/2023:07:52:14 -0500] "GET /catalogoisis/Js/LimpiarCombinada.js HTTP/1.1" 200 207
186.154.162.178 - - [17/Aug/2023:07:52:14 -0500] "GET /catalogoisis/Js/Numero.js HTTP/1.1" 200 398
186.154.162.178 - - [17/Aug/2023:07:52:14 -0500] "GET /catalogoisis/Js/Enter.js HTTP/1.1" 200 1208
186.154.162.178 - - [17/Aug/2023:07:52:14 -0500] "GET /catalogoisis/imagenes/br1c1.gif HTTP/1.1" 200 172
186.154.162.178 - - [17/Aug/2023:07:52:14 -0500] "GET /catalogoisis/imagenes/aceptar1.gif HTTP/1.1" 200 604
186.154.162.178 - - [17/Aug/2023:07:52:14 -0500] "GET /catalogoisis/imagenes/br1c3.gif HTTP/1.1" 200 302
186.154.162.178 - - [17/Aug/2023:07:52:14 -0500] "GET /catalogoisis/imagenes/Turnbo1.gif HTTP/1.1" 200 227
186.154.162.178 - - [17/Aug/2023:07:52:14 -0500] "GET /catalogoisis/imagenes/Header.gif HTTP/1.1" 200 30313
186.154.162.178 - - [17/Aug/2023:07:52:14 -0500] "GET /catalogoisis/imagenes/limpiar1.gif HTTP/1.1" 200 606
186.154.162.178 - - [17/Aug/2023:07:52:14 -0500] "GET /catalogoisis/imagenes/br3c1.gif HTTP/1.1" 200 177
186.154.162.178 - - [17/Aug/2023:07:52:14 -0500] "GET /catalogoisis/imagenes/br3c2.gif HTTP/1.1" 200 285
186.154.162.178 - - [17/Aug/2023:07:52:14 -0500] "GET /catalogoisis/imagenes/br3c3.gif HTTP/1.1" 200 186
186.154.162.178 - - [17/Aug/2023:07:52:14 -0500] "GET /catalogoisis/imagenes/br2c1.gif HTTP/1.1" 200 297
186.154.162.178 - - [17/Aug/2023:07:52:14 -0500] "GET /catalogoisis/imagenes/br1c2.gif HTTP/1.1" 200 297
186.154.162.178 - - [17/Aug/2023:07:52:14 -0500] "GET /catalogoisis/imagenes/br2c2.gif HTTP/1.1" 200 302
186.154.162.178 - - [17/Aug/2023:07:52:14 -0500] "GET /catalogoisis/imagenes/br2c3.gif HTTP/1.1" 200 416
186.154.162.178 - - [17/Aug/2023:07:52:14 -0500] "GET /favicon.ico HTTP/1.1" 200 7782
216.245.221.92 - - [17/Aug/2023:07:52:22 -0500] "HEAD / HTTP/1.1" 200 -
186.102.63.40 - - [17/Aug/2023:07:52:27 -0500] "GET /kwssiamovil/sm/ldap/au?x=U2FsdGVkX19z0THAvnR467ItQ1sj1efCQpPojGeO+JdX5fUJou+x3fMTKITmbpvY&y=U2FsdGVkX1/u4DpUga5P3vIj9K891A6m3QoSWL8Ee2k= HTTP/1.1" 200 31
186.86.33.245 - - [17/Aug/2023:07:52:28 -0500] "GET /sipse/faces/index.xhtml HTTP/1.1" 200 677
186.86.33.245 - - [17/Aug/2023:07:52:28 -0500] "GET /sipse/faces/javax.faces.resource/theme.css?ln=primefaces-sipse HTTP/1.1" 304 -
186.86.33.245 - - [17/Aug/2023:07:52:28 -0500] "GET /sipse/faces/faces/autenticacion.xhtml HTTP/1.1" 200 12171
186.86.33.245 - - [17/Aug/2023:07:52:28 -0500] "GET /sipse/faces/javax.faces.resource/theme.css?ln=primefaces-sipse HTTP/1.1" 304 -
186.86.33.245 - - [17/Aug/2023:07:52:28 -0500] "GET /sipse/faces/javax.faces.resource/layout/layout.css?ln=primefaces&v=4.0 HTTP/1.1" 304 -
186.86.33.245 - - [17/Aug/2023:07:52:28 -0500] "GET /sipse/faces/javax.faces.resource/jquery/jquery.js?ln=primefaces&v=4.0 HTTP/1.1" 304 -
186.86.33.245 - - [17/Aug/2023:07:52:28 -0500] "GET /sipse/faces/javax.faces.resource/primefaces.js?ln=primefaces&v=4.0 HTTP/1.1" 304 -
186.86.33.245 - - [17/Aug/2023:07:52:28 -0500] "GET /sipse/faces/javax.faces.resource/jquery/jquery-plugins.js?ln=primefaces&v=4.0 HTTP/1.1" 304 -
186.86.33.245 - - [17/Aug/2023:07:52:28 -0500] "GET /sipse/faces/javax.faces.resource/primefaces.css?ln=primefaces&v=4.0 HTTP/1.1" 304 -
186.86.33.245 - - [17/Aug/2023:07:52:28 -0500] "GET /sipse/faces/javax.faces.resource/layout/layout.js?ln=primefaces&v=4.0 HTTP/1.1" 304 -
186.86.33.245 - - [17/Aug/2023:07:52:29 -0500] "GET /sipse/faces/javax.faces.resource/images/ui-icons_898989_256x240.png?ln=primefaces-aristo HTTP/1.1" 200 5355
186.86.33.245 - - [17/Aug/2023:07:52:29 -0500] "GET /sipse/css/imagen/logoSDG.png HTTP/1.1" 200 16070
186.86.33.245 - - [17/Aug/2023:07:52:29 -0500] "GET /sipse/css/imagen/loginimg.png HTTP/1.1" 200 16070
186.86.33.245 - - [17/Aug/2023:07:52:31 -0500] "POST /sipse/faces/autenticacion.xhtml HTTP/1.1" 200 16164
186.86.33.245 - - [17/Aug/2023:07:52:31 -0500] "GET /sipse/faces/javax.faces.resource/jquery/jquery.js?ln=primefaces&v=4.0 HTTP/1.1" 304 -
186.86.33.245 - - [17/Aug/2023:07:52:31 -0500] "GET /sipse/faces/javax.faces.resource/jquery/jquery-plugins.js?ln=primefaces&v=4.0 HTTP/1.1" 304 -
186.86.33.245 - - [17/Aug/2023:07:52:31 -0500] "GET /sipse/faces/javax.faces.resource/primefaces.js?ln=primefaces&v=4.0 HTTP/1.1" 304 -
186.86.33.245 - - [17/Aug/2023:07:52:31 -0500] "GET /sipse/faces/javax.faces.resource/layout/layout.js?ln=primefaces&v=4.0 HTTP/1.1" 304 -
186.86.33.245 - - [17/Aug/2023:07:52:31 -0500] "GET /sipse/css/imagen/contrasena.png HTTP/1.1" 404 383
186.86.33.245 - - [17/Aug/2023:07:52:31 -0500] "GET /sipse/faces/javax.faces.resource/messages/messages.png?ln=primefaces&v=4.0 HTTP/1.1" 304 -
186.86.33.245 - - [17/Aug/2023:07:52:33 -0500] "GET /sipse/faces/javax.faces.resource/images/ui-bg_flat_0_2d5972_40x100.png?ln=primefaces-aristo HTTP/1.1" 304 -
186.86.33.245 - - [17/Aug/2023:07:52:33 -0500] "POST /sipse/faces/bienvenido.xhtml HTTP/1.1" 200 1471
186.86.33.245 - - [17/Aug/2023:07:52:34 -0500] "POST /sipse/faces/bienvenido.xhtml HTTP/1.1" 200 46213
186.86.33.245 - - [17/Aug/2023:07:52:35 -0500] "GET /sipse/faces/javax.faces.resource/jquery/jquery.js?ln=primefaces&v=4.0 HTTP/1.1" 304 -
186.86.33.245 - - [17/Aug/2023:07:52:35 -0500] "GET /sipse/faces/javax.faces.resource/jquery/jquery-plugins.js?ln=primefaces&v=4.0 HTTP/1.1" 304 -
186.86.33.245 - - [17/Aug/2023:07:52:35 -0500] "GET /sipse/faces/javax.faces.resource/primefaces.js?ln=primefaces&v=4.0 HTTP/1.1" 304 -
186.86.33.245 - - [17/Aug/2023:07:52:35 -0500] "GET /sipse/faces/javax.faces.resource/layout/layout.js?ln=primefaces&v=4.0 HTTP/1.1" 304 -
186.86.33.245 - - [17/Aug/2023:07:52:35 -0500] "POST /sipse/faces/presentacion/financiero/solicitudProceso/listarSolicitudProceso.xhtml HTTP/1.1" 200 1480
186.102.63.40 - - [17/Aug/2023:07:52:45 -0500] "GET /kwssiamovil/sm/ldap/au?x=U2FsdGVkX19Dw2kg/bqaDoYxbR7ETeiz5JufRJAlU0UJ1RNCv0VMIpTnz+5jpY5i&y=U2FsdGVkX1/KUzAVHHGfrGsXHjCmT9+DytBJbzPZlA0= HTTP/1.1" 200 31
186.86.33.245 - - [17/Aug/2023:07:52:44 -0500] "POST /sipse/faces/presentacion/financiero/solicitudProceso/listarSolicitudProceso.xhtml HTTP/1.1" 200 157663
186.86.33.245 - - [17/Aug/2023:07:52:46 -0500] "GET /sipse/faces/javax.faces.resource/jquery/jquery.js?ln=primefaces&v=4.0 HTTP/1.1" 304 -
186.86.33.245 - - [17/Aug/2023:07:52:46 -0500] "GET /sipse/faces/javax.faces.resource/jquery/jquery-plugins.js?ln=primefaces&v=4.0 HTTP/1.1" 304 -
186.86.33.245 - - [17/Aug/2023:07:52:46 -0500] "GET /sipse/faces/javax.faces.resource/primefaces.js?ln=primefaces&v=4.0 HTTP/1.1" 304 -
186.86.33.245 - - [17/Aug/2023:07:52:46 -0500] "GET /sipse/faces/javax.faces.resource/layout/layout.js?ln=primefaces&v=4.0 HTTP/1.1" 304 -
186.102.63.40 - - [17/Aug/2023:07:52:51 -0500] "GET /kwssiamovil/sm/ldap/au?x=U2FsdGVkX1+0ywWYaBYlmL1CQY6cB3/jxfakj75vA1TFfrEjWU9PUCyXx4esJO5V&y=U2FsdGVkX1/qS2WY+YiwSd19LIb9I2hM9+veZVxkdIY= HTTP/1.1" 200 31
172.22.2.4 - - [17/Aug/2023:07:51:12 -0500] "GET /BLA/boletinlegal/ HTTP/1.1" 200 60692
66.249.77.9 - - [17/Aug/2023:07:52:52 -0500] "GET /BLA/resoluciones/RESOLUCIONES%202019/0953.pdf HTTP/1.1" 304 -
40.77.167.208 - - [17/Aug/2023:07:53:01 -0500] "GET /BLA/resoluciones/AUTOS%202022/0981.pdf HTTP/1.1" 304 -
186.86.33.245 - - [17/Aug/2023:07:53:03 -0500] "POST /sipse/faces/presentacion/financiero/solicitudProceso/consultarSolicitudProceso.xhtml HTTP/1.1" 200 19314
186.86.33.245 - - [17/Aug/2023:07:53:03 -0500] "GET /sipse/faces/javax.faces.resource/theme.css?ln=primefaces-sipse HTTP/1.1" 304 -
186.86.33.245 - - [17/Aug/2023:07:53:03 -0500] "GET /sipse/faces/javax.faces.resource/primefaces.css?ln=primefaces&v=4.0 HTTP/1.1" 304 -
186.86.33.245 - - [17/Aug/2023:07:53:03 -0500] "GET /sipse/faces/javax.faces.resource/jquery/jquery.js?ln=primefaces&v=4.0 HTTP/1.1" 304 -
186.86.33.245 - - [17/Aug/2023:07:53:03 -0500] "GET /sipse/faces/javax.faces.resource/jquery/jquery-plugins.js?ln=primefaces&v=4.0 HTTP/1.1" 304 -
186.86.33.245 - - [17/Aug/2023:07:53:03 -0500] "GET /sipse/faces/javax.faces.resource/layout/layout.css?ln=primefaces&v=4.0 HTTP/1.1" 304 -
186.86.33.245 - - [17/Aug/2023:07:53:03 -0500] "GET /sipse/faces/javax.faces.resource/layout/layout.js?ln=primefaces&v=4.0 HTTP/1.1" 304 -
186.86.33.245 - - [17/Aug/2023:07:53:03 -0500] "GET /sipse/faces/javax.faces.resource/primefaces.js?ln=primefaces&v=4.0 HTTP/1.1" 304 -
186.86.33.245 - - [17/Aug/2023:07:53:03 -0500] "GET /sipse/faces/javax.faces.resource/fileupload/fileupload.css?ln=primefaces&v=4.0 HTTP/1.1" 200 1330
186.86.33.245 - - [17/Aug/2023:07:53:03 -0500] "GET /sipse/faces/javax.faces.resource/fileupload/fileupload.js?ln=primefaces&v=4.0 HTTP/1.1" 304 -
186.86.33.245 - - [17/Aug/2023:07:53:04 -0500] "GET /sipse/faces/javax.faces.resource/images/ui-icons_898989_256x240.png?ln=primefaces-aristo HTTP/1.1" 304 -
201.245.192.253 - - [17/Aug/2023:07:53:10 -0500] "POST /forms/lservlet;jsessionid=ac16012b30d6f01e0f58504c416a95f18c6006acbac1.e3iSbxaKaheRe34LahmRaNuQc41ynknvrkLOlQzNp65In0 HTTP/1.1" 200 2
186.86.33.245 - - [17/Aug/2023:07:53:18 -0500] "GET /sipse/faces/javax.faces.resource/theme.css?ln=primefaces-sipse HTTP/1.1" 304 -
186.86.33.245 - - [17/Aug/2023:07:53:18 -0500] "GET /sipse/faces/javax.faces.resource/primefaces.css?ln=primefaces&v=4.0 HTTP/1.1" 304 -
186.86.33.245 - - [17/Aug/2023:07:53:18 -0500] "GET /sipse/faces/javax.faces.resource/layout/layout.css?ln=primefaces&v=4.0 HTTP/1.1" 304 -
186.86.33.245 - - [17/Aug/2023:07:53:18 -0500] "GET /sipse/faces/javax.faces.resource/jquery/jquery.js?ln=primefaces&v=4.0 HTTP/1.1" 304 -
186.86.33.245 - - [17/Aug/2023:07:53:18 -0500] "GET /sipse/faces/javax.faces.resource/jquery/jquery-plugins.js?ln=primefaces&v=4.0 HTTP/1.1" 304 -
186.86.33.245 - - [17/Aug/2023:07:53:18 -0500] "GET /sipse/faces/javax.faces.resource/primefaces.js?ln=primefaces&v=4.0 HTTP/1.1" 304 -
186.86.33.245 - - [17/Aug/2023:07:53:18 -0500] "GET /sipse/faces/javax.faces.resource/layout/layout.js?ln=primefaces&v=4.0 HTTP/1.1" 304 -
186.86.33.245 - - [17/Aug/2023:07:53:17 -0500] "POST /sipse/faces/presentacion/sistema/anexos/cargarAnexoSolicitudProceso.xhtml HTTP/1.1" 200 205245
186.86.33.245 - - [17/Aug/2023:07:53:18 -0500] "GET /sipse/faces/javax.faces.resource/images/ui-icons_898989_256x240.png?ln=primefaces-aristo HTTP/1.1" 304 -
186.102.63.40 - - [17/Aug/2023:07:53:19 -0500] "GET /kwssiamovil/sm/ldap/au?x=U2FsdGVkX19quUTcnxQUHN23wDDKSB/dEw39bG4bYDVLFwlDp+QJx7vlWl1IL1V3&y=U2FsdGVkX19GsTaUJdYVR78IfLLi4BtUtDgJOwo1Qf8= HTTP/1.1" 200 30
186.86.33.245 - - [17/Aug/2023:07:53:29 -0500] "GET /sipse/faces/javax.faces.resource/images/ui-bg_flat_0_2d5972_40x100.png?ln=primefaces-aristo HTTP/1.1" 304 -
172.22.2.4 - - [17/Aug/2023:07:52:57 -0500] "GET /BLA/boletinlegal/ HTTP/1.1" 200 24523
186.86.33.245 - - [17/Aug/2023:07:53:29 -0500] "POST /sipse/faces/presentacion/financiero/solicitudProceso/consultarSolicitudProceso.xhtml HTTP/1.1" 200 43679
186.86.33.245 - - [17/Aug/2023:07:53:31 -0500] "GET /sipse/faces/javax.faces.resource/jquery/jquery.js?ln=primefaces&v=4.0 HTTP/1.1" 304 -
186.86.33.245 - - [17/Aug/2023:07:53:31 -0500] "GET /sipse/faces/javax.faces.resource/jquery/jquery-plugins.js?ln=primefaces&v=4.0 HTTP/1.1" 304 -
186.86.33.245 - - [17/Aug/2023:07:53:32 -0500] "GET /sipse/faces/javax.faces.resource/primefaces.js?ln=primefaces&v=4.0 HTTP/1.1" 304 -
186.86.33.245 - - [17/Aug/2023:07:53:32 -0500] "GET /sipse/faces/javax.faces.resource/layout/layout.js?ln=primefaces&v=4.0 HTTP/1.1" 304 -
186.86.33.245 - - [17/Aug/2023:07:53:32 -0500] "GET /sipse/faces/javax.faces.resource/messages/messages.png?ln=primefaces&v=4.0 HTTP/1.1" 304 -
186.86.33.245 - - [17/Aug/2023:07:53:32 -0500] "POST /sipse/faces/presentacion/financiero/solicitudProceso/listarSolicitudProceso.xhtml HTTP/1.1" 200 1468
186.86.33.245 - - [17/Aug/2023:07:53:32 -0500] "POST /sipse/faces/presentacion/financiero/solicitudProceso/listarSolicitudProceso.xhtml HTTP/1.1" 200 1460
181.32.180.103 - - [17/Aug/2023:07:53:46 -0500] "GET /bogota-empieza-la-consolidacion-de-la-estrategia-de-bosques-urbanos-con-el-brazo-salitre-en-barrios-unidos.html?utm_source=Meta_DIGI&utm_medium=CPV&utm_campaign=BosquesUrbanos&utm_id=Agosto_2023&fbclid=IwAR224B4_faJ3EQovfoonn-7qpTNQ_67v8Eoy4dZSfCYVgmT2vvm0gjMkAZc_aem_AWslJduTi6uFHs6480re4yBCqyHZ8p5aYBf7aryvz5bbLmcVWNl9IEiiSjEIvy9Lcz3MvhIuuRFJUNi7dXhIEwHc HTTP/1.1" 200 892
