201.245.192.253 - - [17/Aug/2023:04:10:08 -0500] "POST /forms/lservlet;jsessionid=ac16012b30d63c69d1acab484d25a6a7ac94400030ae.e3iSbxaKaheRe34LahmRaNuQc41ynknvrkLOlQzNp65In0 HTTP/1.1" 200 2
172.22.2.4 - - [17/Aug/2023:04:08:42 -0500] "HEAD /BLA/boletinlegal/ HTTP/1.1" 200 -
201.245.192.253 - - [17/Aug/2023:04:10:52 -0500] "POST /kwsrmcab/Wsrmcab  HTTP/1.1" 200 42950
201.245.192.253 - - [17/Aug/2023:04:11:09 -0500] "POST /forms/lservlet;jsessionid=ac16012b30d6f01e0f58504c416a95f18c6006acbac1.e3iSbxaKaheRe34LahmRaNuQc41ynknvrkLOlQzNp65In0 HTTP/1.1" 200 2
172.22.2.4 - - [17/Aug/2023:04:09:32 -0500] "GET /BLA/boletinlegal/ HTTP/1.1" 200 58597
201.245.192.253 - - [17/Aug/2023:04:12:08 -0500] "POST /forms/lservlet;jsessionid=ac16012b30d63c69d1acab484d25a6a7ac94400030ae.e3iSbxaKaheRe34LahmRaNuQc41ynknvrkLOlQzNp65In0 HTTP/1.1" 200 2
216.245.221.92 - - [17/Aug/2023:04:12:23 -0500] "HEAD / HTTP/1.1" 200 -
64.124.8.53 - - [17/Aug/2023:04:12:38 -0500] "GET /galeria/galeria/fotos/GuaymaralTorca1G.jpg HTTP/1.1" 200 539636
64.124.8.53 - - [17/Aug/2023:04:12:39 -0500] "GET /galeria/galeria/fotos/Humedal-la-conejera2G.jpg HTTP/1.1" 200 298801
180.149.125.159 - - [17/Aug/2023:04:12:37 -0500] "GET /portaldeninos/ HTTP/1.1" 200 110175
40.77.167.123 - - [17/Aug/2023:04:12:44 -0500] "GET /BLA/resoluciones/AUTOS%202023/0420.pdf HTTP/1.1" 200 462716
64.124.8.53 - - [17/Aug/2023:04:13:06 -0500] "GET /BLA/boletinlegal/images/subscribe-icon-big.png HTTP/1.1" 200 47702
201.245.192.253 - - [17/Aug/2023:04:13:09 -0500] "POST /forms/lservlet;jsessionid=ac16012b30d6f01e0f58504c416a95f18c6006acbac1.e3iSbxaKaheRe34LahmRaNuQc41ynknvrkLOlQzNp65In0 HTTP/1.1" 200 2
201.245.192.253 - - [17/Aug/2023:04:14:08 -0500] "POST /forms/lservlet;jsessionid=ac16012b30d63c69d1acab484d25a6a7ac94400030ae.e3iSbxaKaheRe34LahmRaNuQc41ynknvrkLOlQzNp65In0 HTTP/1.1" 200 2
159.223.154.6 - - [17/Aug/2023:04:14:37 -0500] "GET / HTTP/1.1" 200 319
201.245.192.253 - - [17/Aug/2023:04:15:09 -0500] "POST /forms/lservlet;jsessionid=ac16012b30d6f01e0f58504c416a95f18c6006acbac1.e3iSbxaKaheRe34LahmRaNuQc41ynknvrkLOlQzNp65In0 HTTP/1.1" 200 2
111.202.101.140 - - [17/Aug/2023:04:15:15 -0500] "GET / HTTP/1.1" 200 319
201.245.192.253 - - [17/Aug/2023:04:15:51 -0500] "POST /kwsrmcab/Wsrmcab  HTTP/1.1" 200 42950
201.245.192.253 - - [17/Aug/2023:04:16:08 -0500] "POST /forms/lservlet;jsessionid=ac16012b30d63c69d1acab484d25a6a7ac94400030ae.e3iSbxaKaheRe34LahmRaNuQc41ynknvrkLOlQzNp65In0 HTTP/1.1" 200 2
172.22.2.4 - - [17/Aug/2023:04:14:32 -0500] "HEAD /BLA/boletinlegal/ HTTP/1.1" 200 -
172.22.2.4 - - [17/Aug/2023:04:15:22 -0500] "GET /BLA/boletinlegal/ HTTP/1.1" 200 58187
201.245.192.253 - - [17/Aug/2023:04:17:09 -0500] "POST /forms/lservlet;jsessionid=ac16012b30d6f01e0f58504c416a95f18c6006acbac1.e3iSbxaKaheRe34LahmRaNuQc41ynknvrkLOlQzNp65In0 HTTP/1.1" 200 2
216.245.221.92 - - [17/Aug/2023:04:17:23 -0500] "HEAD / HTTP/1.1" 200 -
201.245.192.253 - - [17/Aug/2023:04:18:08 -0500] "POST /forms/lservlet;jsessionid=ac16012b30d63c69d1acab484d25a6a7ac94400030ae.e3iSbxaKaheRe34LahmRaNuQc41ynknvrkLOlQzNp65In0 HTTP/1.1" 200 2
201.245.192.253 - - [17/Aug/2023:04:18:38 -0500] "POST /kwsrmcab/Wsrmcab HTTP/1.1" 200 43677
201.245.192.253 - - [17/Aug/2023:04:18:41 -0500] "POST /kwsrmcab/Wsrmcab HTTP/1.1" 200 40913
201.245.192.253 - - [17/Aug/2023:04:19:09 -0500] "POST /forms/lservlet;jsessionid=ac16012b30d6f01e0f58504c416a95f18c6006acbac1.e3iSbxaKaheRe34LahmRaNuQc41ynknvrkLOlQzNp65In0 HTTP/1.1" 200 2
201.245.192.253 - - [17/Aug/2023:04:20:08 -0500] "POST /forms/lservlet;jsessionid=ac16012b30d63c69d1acab484d25a6a7ac94400030ae.e3iSbxaKaheRe34LahmRaNuQc41ynknvrkLOlQzNp65In0 HTTP/1.1" 200 2
52.167.144.230 - - [17/Aug/2023:04:20:41 -0500] "GET /BLA/resoluciones/AUTOS%202023/0762.pdf HTTP/1.1" 200 389608
201.245.192.253 - - [17/Aug/2023:04:20:49 -0500] "POST /kwsrmcab/Wsrmcab  HTTP/1.1" 200 42950
201.245.192.253 - - [17/Aug/2023:04:21:09 -0500] "POST /forms/lservlet;jsessionid=ac16012b30d6f01e0f58504c416a95f18c6006acbac1.e3iSbxaKaheRe34LahmRaNuQc41ynknvrkLOlQzNp65In0 HTTP/1.1" 200 2
172.22.2.4 - - [17/Aug/2023:04:20:22 -0500] "HEAD /BLA/boletinlegal/ HTTP/1.1" 200 -
201.245.192.253 - - [17/Aug/2023:04:22:08 -0500] "POST /forms/lservlet;jsessionid=ac16012b30d63c69d1acab484d25a6a7ac94400030ae.e3iSbxaKaheRe34LahmRaNuQc41ynknvrkLOlQzNp65In0 HTTP/1.1" 200 2
216.245.221.92 - - [17/Aug/2023:04:22:23 -0500] "HEAD / HTTP/1.1" 200 -
172.22.2.4 - - [17/Aug/2023:04:21:12 -0500] "GET /BLA/boletinlegal/ HTTP/1.1" 200 58187
66.249.70.7 - - [17/Aug/2023:04:22:53 -0500] "GET /Publicaciones/2023EE170479.pdf HTTP/1.1" 404 228
66.249.70.6 - - [17/Aug/2023:04:22:55 -0500] "GET /Publicaciones/2023EE167378.pdf HTTP/1.1" 404 228
201.245.192.253 - - [17/Aug/2023:04:23:09 -0500] "POST /forms/lservlet;jsessionid=ac16012b30d6f01e0f58504c416a95f18c6006acbac1.e3iSbxaKaheRe34LahmRaNuQc41ynknvrkLOlQzNp65In0 HTTP/1.1" 200 2
40.77.167.233 - - [17/Aug/2023:04:23:31 -0500] "GET /compania-nacional-de-chocolates-cerescos-y-cablemovil-entre-las-empresas-que-han-implementado-proyectos-ambientales-exitosos.html HTTP/1.1" 200 915
201.245.192.253 - - [17/Aug/2023:04:24:08 -0500] "POST /forms/lservlet;jsessionid=ac16012b30d63c69d1acab484d25a6a7ac94400030ae.e3iSbxaKaheRe34LahmRaNuQc41ynknvrkLOlQzNp65In0 HTTP/1.1" 200 2
40.77.167.123 - - [17/Aug/2023:04:24:26 -0500] "GET /autoliquidacion2020/Grupo%20Forestal%20-%20Silvicultura/Permiso%20o%20autorizaci%C3%B3n%20para%20aprovechamiento%20forestal%20de%20%C3%A1rboles%20aislados/PM04-PR30-F1%20Formulario%20de%20solicitud%20de%20manejo%20o%20aprovechamiento%20forestal.xlsx HTTP/1.1" 200 69007
201.245.192.253 - - [17/Aug/2023:04:25:09 -0500] "POST /forms/lservlet;jsessionid=ac16012b30d6f01e0f58504c416a95f18c6006acbac1.e3iSbxaKaheRe34LahmRaNuQc41ynknvrkLOlQzNp65In0 HTTP/1.1" 200 2
40.77.167.59 - - [17/Aug/2023:04:25:43 -0500] "GET /carolina-urrutia-secretaria-de-ambiente-en-el-primer-seminario-iberoamericano-de-coberturas-vegetales-urbanas.html HTTP/1.1" 200 864
201.245.192.253 - - [17/Aug/2023:04:25:49 -0500] "POST /kwsrmcab/Wsrmcab  HTTP/1.1" 200 42950
40.77.167.208 - - [17/Aug/2023:04:26:03 -0500] "GET /BLA/resoluciones/AUTOS%202023/0753.pdf HTTP/1.1" 200 412902
201.245.192.253 - - [17/Aug/2023:04:26:08 -0500] "POST /forms/lservlet;jsessionid=ac16012b30d63c69d1acab484d25a6a7ac94400030ae.e3iSbxaKaheRe34LahmRaNuQc41ynknvrkLOlQzNp65In0 HTTP/1.1" 200 2
201.245.192.253 - - [17/Aug/2023:04:27:09 -0500] "POST /forms/lservlet;jsessionid=ac16012b30d6f01e0f58504c416a95f18c6006acbac1.e3iSbxaKaheRe34LahmRaNuQc41ynknvrkLOlQzNp65In0 HTTP/1.1" 200 2
216.245.221.92 - - [17/Aug/2023:04:27:23 -0500] "HEAD / HTTP/1.1" 200 -
172.22.2.4 - - [17/Aug/2023:04:26:12 -0500] "HEAD /BLA/boletinlegal/ HTTP/1.1" 200 -
201.245.192.253 - - [17/Aug/2023:04:28:08 -0500] "POST /forms/lservlet;jsessionid=ac16012b30d63c69d1acab484d25a6a7ac94400030ae.e3iSbxaKaheRe34LahmRaNuQc41ynknvrkLOlQzNp65In0 HTTP/1.1" 200 2
201.245.192.253 - - [17/Aug/2023:04:28:38 -0500] "POST /kwsrmcab/Wsrmcab HTTP/1.1" 200 43677
172.22.2.4 - - [17/Aug/2023:04:27:02 -0500] "GET /BLA/boletinlegal/ HTTP/1.1" 200 58597
201.245.192.253 - - [17/Aug/2023:04:28:41 -0500] "POST /kwsrmcab/Wsrmcab HTTP/1.1" 200 40913
201.245.192.253 - - [17/Aug/2023:04:29:09 -0500] "POST /forms/lservlet;jsessionid=ac16012b30d6f01e0f58504c416a95f18c6006acbac1.e3iSbxaKaheRe34LahmRaNuQc41ynknvrkLOlQzNp65In0 HTTP/1.1" 200 2
201.245.192.253 - - [17/Aug/2023:04:30:08 -0500] "POST /forms/lservlet;jsessionid=ac16012b30d63c69d1acab484d25a6a7ac94400030ae.e3iSbxaKaheRe34LahmRaNuQc41ynknvrkLOlQzNp65In0 HTTP/1.1" 200 2
201.245.192.253 - - [17/Aug/2023:04:30:48 -0500] "POST /kwsrmcab/Wsrmcab  HTTP/1.1" 200 42950
201.245.192.253 - - [17/Aug/2023:04:31:09 -0500] "POST /forms/lservlet;jsessionid=ac16012b30d6f01e0f58504c416a95f18c6006acbac1.e3iSbxaKaheRe34LahmRaNuQc41ynknvrkLOlQzNp65In0 HTTP/1.1" 200 2
201.245.192.253 - - [17/Aug/2023:04:32:08 -0500] "POST /forms/lservlet;jsessionid=ac16012b30d63c69d1acab484d25a6a7ac94400030ae.e3iSbxaKaheRe34LahmRaNuQc41ynknvrkLOlQzNp65In0 HTTP/1.1" 200 2
216.245.221.92 - - [17/Aug/2023:04:32:23 -0500] "HEAD / HTTP/1.1" 200 -
201.245.192.253 - - [17/Aug/2023:04:33:09 -0500] "POST /forms/lservlet;jsessionid=ac16012b30d6f01e0f58504c416a95f18c6006acbac1.e3iSbxaKaheRe34LahmRaNuQc41ynknvrkLOlQzNp65In0 HTTP/1.1" 200 2
52.167.144.78 - - [17/Aug/2023:04:33:23 -0500] "GET /BLA/resoluciones/AUTOS%202023/3506.pdf HTTP/1.1" 200 400214
172.22.2.4 - - [17/Aug/2023:04:32:02 -0500] "HEAD /BLA/boletinlegal/ HTTP/1.1" 200 -
201.245.192.253 - - [17/Aug/2023:04:34:08 -0500] "POST /forms/lservlet;jsessionid=ac16012b30d63c69d1acab484d25a6a7ac94400030ae.e3iSbxaKaheRe34LahmRaNuQc41ynknvrkLOlQzNp65In0 HTTP/1.1" 200 2
172.22.2.4 - - [17/Aug/2023:04:32:52 -0500] "GET /BLA/boletinlegal/ HTTP/1.1" 200 59699
201.245.192.253 - - [17/Aug/2023:04:35:09 -0500] "POST /forms/lservlet;jsessionid=ac16012b30d6f01e0f58504c416a95f18c6006acbac1.e3iSbxaKaheRe34LahmRaNuQc41ynknvrkLOlQzNp65In0 HTTP/1.1" 200 2
66.249.70.5 - - [17/Aug/2023:04:35:39 -0500] "GET /Publicaciones/2023EE164643.pdf HTTP/1.1" 404 228
201.245.192.253 - - [17/Aug/2023:04:35:47 -0500] "POST /kwsrmcab/Wsrmcab  HTTP/1.1" 200 42950
172.22.2.4 - - [17/Aug/2023:04:36:06 -0500] "GET /BLA/boletinlegal/actos.php HTTP/1.1" 200 9682
201.245.192.253 - - [17/Aug/2023:04:36:08 -0500] "POST /forms/lservlet;jsessionid=ac16012b30d63c69d1acab484d25a6a7ac94400030ae.e3iSbxaKaheRe34LahmRaNuQc41ynknvrkLOlQzNp65In0 HTTP/1.1" 200 2
201.245.192.253 - - [17/Aug/2023:04:37:09 -0500] "POST /forms/lservlet;jsessionid=ac16012b30d6f01e0f58504c416a95f18c6006acbac1.e3iSbxaKaheRe34LahmRaNuQc41ynknvrkLOlQzNp65In0 HTTP/1.1" 200 2
216.245.221.92 - - [17/Aug/2023:04:37:23 -0500] "HEAD / HTTP/1.1" 200 -
201.245.192.253 - - [17/Aug/2023:04:38:08 -0500] "POST /forms/lservlet;jsessionid=ac16012b30d63c69d1acab484d25a6a7ac94400030ae.e3iSbxaKaheRe34LahmRaNuQc41ynknvrkLOlQzNp65In0 HTTP/1.1" 200 2
52.5.117.98 - - [17/Aug/2023:04:38:21 -0500] "GET /robots.txt HTTP/1.1" 404 1018
201.245.192.253 - - [17/Aug/2023:04:38:37 -0500] "POST /kwsrmcab/Wsrmcab HTTP/1.1" 200 43677
201.245.192.253 - - [17/Aug/2023:04:38:41 -0500] "POST /kwsrmcab/Wsrmcab HTTP/1.1" 200 40913
181.62.52.202 - - [17/Aug/2023:04:39:00 -0500] "GET /inscribete-y-participa-en-la-convencion-internacional-de-emergencia-climatica-bogota-2023.html HTTP/1.1" 200 895
201.245.192.253 - - [17/Aug/2023:04:39:09 -0500] "POST /forms/lservlet;jsessionid=ac16012b30d6f01e0f58504c416a95f18c6006acbac1.e3iSbxaKaheRe34LahmRaNuQc41ynknvrkLOlQzNp65In0 HTTP/1.1" 200 2
172.22.2.4 - - [17/Aug/2023:04:37:52 -0500] "HEAD /BLA/boletinlegal/ HTTP/1.1" 200 -
201.245.192.253 - - [17/Aug/2023:04:40:08 -0500] "POST /forms/lservlet;jsessionid=ac16012b30d63c69d1acab484d25a6a7ac94400030ae.e3iSbxaKaheRe34LahmRaNuQc41ynknvrkLOlQzNp65In0 HTTP/1.1" 200 2
172.22.2.4 - - [17/Aug/2023:04:38:42 -0500] "GET /BLA/boletinlegal/ HTTP/1.1" 200 58597
201.245.192.253 - - [17/Aug/2023:04:40:46 -0500] "POST /kwsrmcab/Wsrmcab  HTTP/1.1" 200 42950
201.245.192.253 - - [17/Aug/2023:04:41:09 -0500] "POST /forms/lservlet;jsessionid=ac16012b30d6f01e0f58504c416a95f18c6006acbac1.e3iSbxaKaheRe34LahmRaNuQc41ynknvrkLOlQzNp65In0 HTTP/1.1" 200 2
201.245.192.253 - - [17/Aug/2023:04:42:08 -0500] "POST /forms/lservlet;jsessionid=ac16012b30d63c69d1acab484d25a6a7ac94400030ae.e3iSbxaKaheRe34LahmRaNuQc41ynknvrkLOlQzNp65In0 HTTP/1.1" 200 2
216.245.221.92 - - [17/Aug/2023:04:42:23 -0500] "HEAD / HTTP/1.1" 200 -
201.245.192.253 - - [17/Aug/2023:04:43:09 -0500] "POST /forms/lservlet;jsessionid=ac16012b30d6f01e0f58504c416a95f18c6006acbac1.e3iSbxaKaheRe34LahmRaNuQc41ynknvrkLOlQzNp65In0 HTTP/1.1" 200 2
52.167.144.231 - - [17/Aug/2023:04:43:45 -0500] "GET /BLA/resoluciones/RESOLUCIONES%202023/0681.pdf HTTP/1.1" 200 535869
201.245.192.253 - - [17/Aug/2023:04:44:08 -0500] "POST /forms/lservlet;jsessionid=ac16012b30d63c69d1acab484d25a6a7ac94400030ae.e3iSbxaKaheRe34LahmRaNuQc41ynknvrkLOlQzNp65In0 HTTP/1.1" 200 2
186.102.40.244 - - [17/Aug/2023:04:44:13 -0500] "GET /inscribete-y-participa-en-la-convencion-internacional-de-emergencia-climatica-bogota-2023.html HTTP/1.1" 200 895
172.22.2.4 - - [17/Aug/2023:04:44:15 -0500] "GET /BLA/boletinlegal/jurisprudencia/analisis/AnalisisT-606-15.docx HTTP/1.1" 304 -
40.77.167.208 - - [17/Aug/2023:04:44:55 -0500] "GET /BLA/resoluciones/AUTOS%202023/3524.pdf HTTP/1.1" 200 463194
201.245.192.253 - - [17/Aug/2023:04:45:09 -0500] "POST /forms/lservlet;jsessionid=ac16012b30d6f01e0f58504c416a95f18c6006acbac1.e3iSbxaKaheRe34LahmRaNuQc41ynknvrkLOlQzNp65In0 HTTP/1.1" 200 2
172.22.2.4 - - [17/Aug/2023:04:43:42 -0500] "HEAD /BLA/boletinlegal/ HTTP/1.1" 200 -
201.245.192.253 - - [17/Aug/2023:04:45:45 -0500] "POST /kwsrmcab/Wsrmcab  HTTP/1.1" 200 42950
201.245.192.253 - - [17/Aug/2023:04:46:08 -0500] "POST /forms/lservlet;jsessionid=ac16012b30d63c69d1acab484d25a6a7ac94400030ae.e3iSbxaKaheRe34LahmRaNuQc41ynknvrkLOlQzNp65In0 HTTP/1.1" 200 2
172.22.2.4 - - [17/Aug/2023:04:44:32 -0500] "GET /BLA/boletinlegal/ HTTP/1.1" 200 58597
201.245.192.253 - - [17/Aug/2023:04:47:09 -0500] "POST /forms/lservlet;jsessionid=ac16012b30d6f01e0f58504c416a95f18c6006acbac1.e3iSbxaKaheRe34LahmRaNuQc41ynknvrkLOlQzNp65In0 HTTP/1.1" 200 2
216.245.221.92 - - [17/Aug/2023:04:47:23 -0500] "HEAD / HTTP/1.1" 200 -
201.245.192.253 - - [17/Aug/2023:04:48:08 -0500] "POST /forms/lservlet;jsessionid=ac16012b30d63c69d1acab484d25a6a7ac94400030ae.e3iSbxaKaheRe34LahmRaNuQc41ynknvrkLOlQzNp65In0 HTTP/1.1" 200 2
201.245.192.253 - - [17/Aug/2023:04:49:09 -0500] "POST /forms/lservlet;jsessionid=ac16012b30d6f01e0f58504c416a95f18c6006acbac1.e3iSbxaKaheRe34LahmRaNuQc41ynknvrkLOlQzNp65In0 HTTP/1.1" 200 2
201.245.192.253 - - [17/Aug/2023:04:50:08 -0500] "POST /forms/lservlet;jsessionid=ac16012b30d63c69d1acab484d25a6a7ac94400030ae.e3iSbxaKaheRe34LahmRaNuQc41ynknvrkLOlQzNp65In0 HTTP/1.1" 200 2
201.245.192.253 - - [17/Aug/2023:04:50:44 -0500] "POST /kwsrmcab/Wsrmcab  HTTP/1.1" 200 42950
201.245.192.253 - - [17/Aug/2023:04:51:09 -0500] "POST /forms/lservlet;jsessionid=ac16012b30d6f01e0f58504c416a95f18c6006acbac1.e3iSbxaKaheRe34LahmRaNuQc41ynknvrkLOlQzNp65In0 HTTP/1.1" 200 2
172.22.2.4 - - [17/Aug/2023:04:49:32 -0500] "HEAD /BLA/boletinlegal/ HTTP/1.1" 200 -
40.77.167.18 - - [17/Aug/2023:04:51:27 -0500] "GET /BLA/resoluciones/RESOLUCIONES%202023/1256.pdf HTTP/1.1" 200 387186
172.22.2.4 - - [17/Aug/2023:04:50:22 -0500] "GET /BLA/boletinlegal/ HTTP/1.1" 200 60692
201.245.192.253 - - [17/Aug/2023:04:52:08 -0500] "POST /forms/lservlet;jsessionid=ac16012b30d63c69d1acab484d25a6a7ac94400030ae.e3iSbxaKaheRe34LahmRaNuQc41ynknvrkLOlQzNp65In0 HTTP/1.1" 200 2
216.245.221.92 - - [17/Aug/2023:04:52:23 -0500] "HEAD / HTTP/1.1" 200 -
201.245.192.253 - - [17/Aug/2023:04:53:09 -0500] "POST /forms/lservlet;jsessionid=ac16012b30d6f01e0f58504c416a95f18c6006acbac1.e3iSbxaKaheRe34LahmRaNuQc41ynknvrkLOlQzNp65In0 HTTP/1.1" 200 2
201.245.192.253 - - [17/Aug/2023:04:54:08 -0500] "POST /forms/lservlet;jsessionid=ac16012b30d63c69d1acab484d25a6a7ac94400030ae.e3iSbxaKaheRe34LahmRaNuQc41ynknvrkLOlQzNp65In0 HTTP/1.1" 200 2
201.245.192.253 - - [17/Aug/2023:04:55:09 -0500] "POST /forms/lservlet;jsessionid=ac16012b30d6f01e0f58504c416a95f18c6006acbac1.e3iSbxaKaheRe34LahmRaNuQc41ynknvrkLOlQzNp65In0 HTTP/1.1" 200 2
201.245.192.253 - - [17/Aug/2023:04:55:44 -0500] "POST /kwsrmcab/Wsrmcab  HTTP/1.1" 200 42950
107.182.235.103 - - [17/Aug/2023:04:56:06 -0500] "GET /.env HTTP/1.1" 404 1022
107.182.235.103 - - [17/Aug/2023:04:56:07 -0500] "GET /conf/.env HTTP/1.1" 404 1022
107.182.235.103 - - [17/Aug/2023:04:56:07 -0500] "GET /wp-content/.env HTTP/1.1" 404 1022
107.182.235.103 - - [17/Aug/2023:04:56:07 -0500] "GET /wp-admin/.env HTTP/1.1" 404 1022
107.182.235.103 - - [17/Aug/2023:04:56:07 -0500] "GET /library/.env HTTP/1.1" 404 1022
107.182.235.103 - - [17/Aug/2023:04:56:07 -0500] "GET /new/.env HTTP/1.1" 404 1022
107.182.235.103 - - [17/Aug/2023:04:56:08 -0500] "GET /vendor/.env HTTP/1.1" 404 1022
107.182.235.103 - - [17/Aug/2023:04:56:08 -0500] "GET /old/.env HTTP/1.1" 404 1022
107.182.235.103 - - [17/Aug/2023:04:56:08 -0500] "GET /local/.env HTTP/1.1" 404 1022
201.245.192.253 - - [17/Aug/2023:04:56:08 -0500] "POST /forms/lservlet;jsessionid=ac16012b30d63c69d1acab484d25a6a7ac94400030ae.e3iSbxaKaheRe34LahmRaNuQc41ynknvrkLOlQzNp65In0 HTTP/1.1" 200 2
107.182.235.103 - - [17/Aug/2023:04:56:08 -0500] "GET /api/.env HTTP/1.1" 404 1022
107.182.235.103 - - [17/Aug/2023:04:56:09 -0500] "GET /blog/.env HTTP/1.1" 404 1022
107.182.235.103 - - [17/Aug/2023:04:56:09 -0500] "GET /crm/.env HTTP/1.1" 404 1022
107.182.235.103 - - [17/Aug/2023:04:56:09 -0500] "GET /admin/.env HTTP/1.1" 404 1022
107.182.235.103 - - [17/Aug/2023:04:56:09 -0500] "GET /laravel/.env HTTP/1.1" 404 1022
107.182.235.103 - - [17/Aug/2023:04:56:10 -0500] "GET /app/.env HTTP/1.1" 404 1022
107.182.235.103 - - [17/Aug/2023:04:56:10 -0500] "GET /app/config/.env HTTP/1.1" 404 1022
107.182.235.103 - - [17/Aug/2023:04:56:10 -0500] "GET /apps/.env HTTP/1.1" 404 1022
107.182.235.103 - - [17/Aug/2023:04:56:10 -0500] "GET /audio/.env HTTP/1.1" 404 1022
107.182.235.103 - - [17/Aug/2023:04:56:11 -0500] "GET /cgi-bin/.env HTTP/1.1" 404 1022
107.182.235.103 - - [17/Aug/2023:04:56:11 -0500] "GET /backend/.env HTTP/1.1" 404 1022
107.182.235.103 - - [17/Aug/2023:04:56:11 -0500] "GET /src/.env HTTP/1.1" 404 1022
107.182.235.103 - - [17/Aug/2023:04:56:11 -0500] "GET /base/.env HTTP/1.1" 404 1022
107.182.235.103 - - [17/Aug/2023:04:56:12 -0500] "GET /core/.env HTTP/1.1" 404 1022
107.182.235.103 - - [17/Aug/2023:04:56:12 -0500] "GET /vendor/laravel/.env HTTP/1.1" 404 1022
107.182.235.103 - - [17/Aug/2023:04:56:12 -0500] "GET /storage/.env HTTP/1.1" 404 1022
107.182.235.103 - - [17/Aug/2023:04:56:12 -0500] "GET /protected/.env HTTP/1.1" 404 1022
107.182.235.103 - - [17/Aug/2023:04:56:13 -0500] "GET /newsite/.env HTTP/1.1" 404 1022
107.182.235.103 - - [17/Aug/2023:04:56:13 -0500] "GET /www/.env HTTP/1.1" 404 1022
107.182.235.103 - - [17/Aug/2023:04:56:13 -0500] "GET /sites/all/libraries/mailchimp/.env HTTP/1.1" 404 1022
107.182.235.103 - - [17/Aug/2023:04:56:13 -0500] "GET /database/.env HTTP/1.1" 404 1022
107.182.235.103 - - [17/Aug/2023:04:56:14 -0500] "GET /public/.env HTTP/1.1" 404 1022
107.182.235.103 - - [17/Aug/2023:04:56:14 -0500] "GET /static-190-27-245-106.static.etb.net.co/.env HTTP/1.1" 404 1022
107.182.235.103 - - [17/Aug/2023:04:56:14 -0500] "GET /backup/.env HTTP/1.1" 404 1022
107.182.235.103 - - [17/Aug/2023:04:56:15 -0500] "GET /backend1/.env HTTP/1.1" 404 1022
107.182.235.103 - - [17/Aug/2023:04:56:15 -0500] "POST / HTTP/1.1" 200 319
107.182.235.103 - - [17/Aug/2023:04:56:15 -0500] "GET /vendor/phpunit/phpunit/src/Util/PHP/eval-stdin.php HTTP/1.1" 404 1022
172.22.2.4 - - [17/Aug/2023:04:55:22 -0500] "HEAD /BLA/boletinlegal/ HTTP/1.1" 200 -
201.245.192.253 - - [17/Aug/2023:04:57:09 -0500] "POST /forms/lservlet;jsessionid=ac16012b30d6f01e0f58504c416a95f18c6006acbac1.e3iSbxaKaheRe34LahmRaNuQc41ynknvrkLOlQzNp65In0 HTTP/1.1" 200 2
216.245.221.92 - - [17/Aug/2023:04:57:23 -0500] "HEAD / HTTP/1.1" 200 -
172.22.2.4 - - [17/Aug/2023:04:56:12 -0500] "GET /BLA/boletinlegal/ HTTP/1.1" 200 60342
201.245.192.253 - - [17/Aug/2023:04:58:08 -0500] "POST /forms/lservlet;jsessionid=ac16012b30d63c69d1acab484d25a6a7ac94400030ae.e3iSbxaKaheRe34LahmRaNuQc41ynknvrkLOlQzNp65In0 HTTP/1.1" 200 2
40.77.167.51 - - [17/Aug/2023:04:58:20 -0500] "GET /Publicaciones/2023EE65653.pdf HTTP/1.1" 404 227
40.77.167.123 - - [17/Aug/2023:04:58:39 -0500] "GET /BLA/resoluciones/AUTOS%202023/1980.pdf HTTP/1.1" 200 447073
201.245.192.253 - - [17/Aug/2023:04:59:09 -0500] "POST /forms/lservlet;jsessionid=ac16012b30d6f01e0f58504c416a95f18c6006acbac1.e3iSbxaKaheRe34LahmRaNuQc41ynknvrkLOlQzNp65In0 HTTP/1.1" 200 2
201.245.192.253 - - [17/Aug/2023:05:00:08 -0500] "POST /forms/lservlet;jsessionid=ac16012b30d63c69d1acab484d25a6a7ac94400030ae.e3iSbxaKaheRe34LahmRaNuQc41ynknvrkLOlQzNp65In0 HTTP/1.1" 200 2
40.77.167.208 - - [17/Aug/2023:05:00:38 -0500] "GET /BLA/resoluciones/AUTOS%202023/2268.pdf HTTP/1.1" 200 543500
201.245.192.253 - - [17/Aug/2023:05:00:42 -0500] "POST /kwsrmcab/Wsrmcab  HTTP/1.1" 200 42950
201.245.192.253 - - [17/Aug/2023:05:01:09 -0500] "POST /forms/lservlet;jsessionid=ac16012b30d6f01e0f58504c416a95f18c6006acbac1.e3iSbxaKaheRe34LahmRaNuQc41ynknvrkLOlQzNp65In0 HTTP/1.1" 200 2
201.245.192.253 - - [17/Aug/2023:05:02:08 -0500] "POST /forms/lservlet;jsessionid=ac16012b30d63c69d1acab484d25a6a7ac94400030ae.e3iSbxaKaheRe34LahmRaNuQc41ynknvrkLOlQzNp65In0 HTTP/1.1" 200 2
216.245.221.92 - - [17/Aug/2023:05:02:23 -0500] "HEAD / HTTP/1.1" 200 -
172.22.2.4 - - [17/Aug/2023:05:01:12 -0500] "HEAD /BLA/boletinlegal/ HTTP/1.1" 200 -
201.245.192.253 - - [17/Aug/2023:05:03:09 -0500] "POST /forms/lservlet;jsessionid=ac16012b30d6f01e0f58504c416a95f18c6006acbac1.e3iSbxaKaheRe34LahmRaNuQc41ynknvrkLOlQzNp65In0 HTTP/1.1" 200 2
40.77.167.123 - - [17/Aug/2023:05:03:39 -0500] "GET /BLA/resoluciones/AUTOS%202023/1327.pdf HTTP/1.1" 200 3309870
172.22.2.4 - - [17/Aug/2023:05:02:02 -0500] "GET /BLA/boletinlegal/ HTTP/1.1" 200 60692
201.245.192.253 - - [17/Aug/2023:05:04:08 -0500] "POST /forms/lservlet;jsessionid=ac16012b30d63c69d1acab484d25a6a7ac94400030ae.e3iSbxaKaheRe34LahmRaNuQc41ynknvrkLOlQzNp65In0 HTTP/1.1" 200 2
201.245.192.253 - - [17/Aug/2023:05:05:09 -0500] "POST /forms/lservlet;jsessionid=ac16012b30d6f01e0f58504c416a95f18c6006acbac1.e3iSbxaKaheRe34LahmRaNuQc41ynknvrkLOlQzNp65In0 HTTP/1.1" 200 2
52.167.144.78 - - [17/Aug/2023:05:05:35 -0500] "GET /BLA/resoluciones/RESOLUCIONES%202022/1278.pdf HTTP/1.1" 200 377190
201.245.192.253 - - [17/Aug/2023:05:05:41 -0500] "POST /kwsrmcab/Wsrmcab  HTTP/1.1" 200 42950
201.245.192.253 - - [17/Aug/2023:05:06:08 -0500] "POST /forms/lservlet;jsessionid=ac16012b30d63c69d1acab484d25a6a7ac94400030ae.e3iSbxaKaheRe34LahmRaNuQc41ynknvrkLOlQzNp65In0 HTTP/1.1" 200 2
201.245.192.253 - - [17/Aug/2023:05:07:09 -0500] "POST /forms/lservlet;jsessionid=ac16012b30d6f01e0f58504c416a95f18c6006acbac1.e3iSbxaKaheRe34LahmRaNuQc41ynknvrkLOlQzNp65In0 HTTP/1.1" 200 2
216.245.221.92 - - [17/Aug/2023:05:07:23 -0500] "HEAD / HTTP/1.1" 200 -
201.245.192.253 - - [17/Aug/2023:05:08:08 -0500] "POST /forms/lservlet;jsessionid=ac16012b30d63c69d1acab484d25a6a7ac94400030ae.e3iSbxaKaheRe34LahmRaNuQc41ynknvrkLOlQzNp65In0 HTTP/1.1" 200 2
40.77.167.208 - - [17/Aug/2023:05:08:29 -0500] "GET /BLA/resoluciones/AUTOS%202023/2732.pdf HTTP/1.1" 200 425478
172.22.2.4 - - [17/Aug/2023:05:07:02 -0500] "HEAD /BLA/boletinlegal/ HTTP/1.1" 200 -
201.245.192.253 - - [17/Aug/2023:05:09:09 -0500] "POST /forms/lservlet;jsessionid=ac16012b30d6f01e0f58504c416a95f18c6006acbac1.e3iSbxaKaheRe34LahmRaNuQc41ynknvrkLOlQzNp65In0 HTTP/1.1" 200 2
172.22.2.4 - - [17/Aug/2023:05:07:52 -0500] "GET /BLA/boletinlegal/ HTTP/1.1" 200 58597
201.245.192.253 - - [17/Aug/2023:05:10:08 -0500] "POST /forms/lservlet;jsessionid=ac16012b30d63c69d1acab484d25a6a7ac94400030ae.e3iSbxaKaheRe34LahmRaNuQc41ynknvrkLOlQzNp65In0 HTTP/1.1" 200 2
66.249.77.9 - - [17/Aug/2023:05:10:13 -0500] "GET /BLA/resoluciones/AUTOS%202008/1501.pdf HTTP/1.1" 200 281129
107.170.230.25 - - [17/Aug/2023:05:10:40 -0500] "GET /druid/index.html HTTP/1.1" 404 1018
201.245.192.253 - - [17/Aug/2023:05:10:40 -0500] "POST /kwsrmcab/Wsrmcab  HTTP/1.1" 200 42950
201.245.192.253 - - [17/Aug/2023:05:11:09 -0500] "POST /forms/lservlet;jsessionid=ac16012b30d6f01e0f58504c416a95f18c6006acbac1.e3iSbxaKaheRe34LahmRaNuQc41ynknvrkLOlQzNp65In0 HTTP/1.1" 200 2
40.77.167.208 - - [17/Aug/2023:05:11:40 -0500] "GET /BLA/resoluciones/AUTOS%202023/3191.pdf HTTP/1.1" 200 440492
201.245.192.253 - - [17/Aug/2023:05:12:08 -0500] "POST /forms/lservlet;jsessionid=ac16012b30d63c69d1acab484d25a6a7ac94400030ae.e3iSbxaKaheRe34LahmRaNuQc41ynknvrkLOlQzNp65In0 HTTP/1.1" 200 2
216.245.221.92 - - [17/Aug/2023:05:12:23 -0500] "HEAD / HTTP/1.1" 200 -
201.245.192.253 - - [17/Aug/2023:05:13:09 -0500] "POST /forms/lservlet;jsessionid=ac16012b30d6f01e0f58504c416a95f18c6006acbac1.e3iSbxaKaheRe34LahmRaNuQc41ynknvrkLOlQzNp65In0 HTTP/1.1" 200 2
201.245.192.253 - - [17/Aug/2023:05:14:08 -0500] "POST /forms/lservlet;jsessionid=ac16012b30d63c69d1acab484d25a6a7ac94400030ae.e3iSbxaKaheRe34LahmRaNuQc41ynknvrkLOlQzNp65In0 HTTP/1.1" 200 2
172.22.2.4 - - [17/Aug/2023:05:12:52 -0500] "HEAD /BLA/boletinlegal/ HTTP/1.1" 200 -
201.245.192.253 - - [17/Aug/2023:05:15:09 -0500] "POST /forms/lservlet;jsessionid=ac16012b30d6f01e0f58504c416a95f18c6006acbac1.e3iSbxaKaheRe34LahmRaNuQc41ynknvrkLOlQzNp65In0 HTTP/1.1" 200 2
172.22.2.4 - - [17/Aug/2023:05:13:42 -0500] "GET /BLA/boletinlegal/ HTTP/1.1" 200 58187
66.249.77.9 - - [17/Aug/2023:05:15:25 -0500] "GET /POT-2013/SEGUIMIENTO/Microsoft%20Word%20-%20seguimiento_evaluacion%20POT%20Oct%2029.doc.pdf HTTP/1.1" 200 791863
201.245.192.253 - - [17/Aug/2023:05:15:39 -0500] "POST /kwsrmcab/Wsrmcab  HTTP/1.1" 200 42950
201.245.192.253 - - [17/Aug/2023:05:16:08 -0500] "POST /forms/lservlet;jsessionid=ac16012b30d63c69d1acab484d25a6a7ac94400030ae.e3iSbxaKaheRe34LahmRaNuQc41ynknvrkLOlQzNp65In0 HTTP/1.1" 200 2
66.249.77.10 - - [17/Aug/2023:05:16:59 -0500] "GET /BLA/resoluciones/RESOLUCIONES%202010/7034.pdf HTTP/1.1" 200 1311550
201.245.192.253 - - [17/Aug/2023:05:17:09 -0500] "POST /forms/lservlet;jsessionid=ac16012b30d6f01e0f58504c416a95f18c6006acbac1.e3iSbxaKaheRe34LahmRaNuQc41ynknvrkLOlQzNp65In0 HTTP/1.1" 200 2
191.97.5.76 - - [17/Aug/2023:05:17:13 -0500] "GET /inscribete-y-participa-en-la-convencion-internacional-de-emergencia-climatica-bogota-2023.html HTTP/1.1" 200 895
40.77.167.123 - - [17/Aug/2023:05:17:21 -0500] "GET /BLA/resoluciones/AUTOS%202023/2391.pdf HTTP/1.1" 200 437975
216.245.221.92 - - [17/Aug/2023:05:17:23 -0500] "HEAD / HTTP/1.1" 200 -
201.245.192.253 - - [17/Aug/2023:05:18:09 -0500] "POST /forms/lservlet;jsessionid=ac16012b30d63c69d1acab484d25a6a7ac94400030ae.e3iSbxaKaheRe34LahmRaNuQc41ynknvrkLOlQzNp65In0 HTTP/1.1" 200 2
201.245.192.253 - - [17/Aug/2023:05:18:37 -0500] "POST /kwsrmcab/Wsrmcab HTTP/1.1" 200 43217
201.245.192.253 - - [17/Aug/2023:05:18:40 -0500] "POST /kwsrmcab/Wsrmcab HTTP/1.1" 200 40939
186.84.90.133 - - [17/Aug/2023:05:19:04 -0500] "GET /bogota-empieza-la-consolidacion-de-la-estrategia-de-bosques-urbanos-con-el-brazo-salitre-en-barrios-unidos.html?utm_source=Meta_DIGI&utm_medium=CPV&utm_campaign=BosquesUrbanos&utm_id=Agosto_2023&fbclid=IwAR3KF5xBEGwJy080IzfJ5sZCtUvjPAgpZGV_gr3Dlmd9It8uB2xO_AlNv8E_aem_AWnxzaCn7qjhesiDSvB1Ml66yjZ2IXPL8E_p88zjrM6ul1vgL_9NCpkG9VMOlRg63stS3h_Z5t44EQJqtfJKIsGz HTTP/1.1" 200 892
201.245.192.253 - - [17/Aug/2023:05:19:09 -0500] "POST /forms/lservlet;jsessionid=ac16012b30d6f01e0f58504c416a95f18c6006acbac1.e3iSbxaKaheRe34LahmRaNuQc41ynknvrkLOlQzNp65In0 HTTP/1.1" 200 2
201.245.192.253 - - [17/Aug/2023:05:20:09 -0500] "POST /forms/lservlet;jsessionid=ac16012b30d63c69d1acab484d25a6a7ac94400030ae.e3iSbxaKaheRe34LahmRaNuQc41ynknvrkLOlQzNp65In0 HTTP/1.1" 200 2
172.22.2.4 - - [17/Aug/2023:05:18:42 -0500] "HEAD /BLA/boletinlegal/ HTTP/1.1" 200 -
172.22.2.4 - - [17/Aug/2023:05:20:25 -0500] "GET /BLA/boletinlegal/style.css HTTP/1.1" 200 9406
172.22.2.4 - - [17/Aug/2023:05:20:25 -0500] "GET /BLA/boletinlegal/styles2.css HTTP/1.1" 200 1838
172.22.2.4 - - [17/Aug/2023:05:20:25 -0500] "GET /BLA/boletinlegal/js/jquery.js HTTP/1.1" 200 57254
172.22.2.4 - - [17/Aug/2023:05:20:25 -0500] "GET /BLA/boletinlegal/js/jquery.scrollTo-min.js HTTP/1.1" 200 1150
172.22.2.4 - - [17/Aug/2023:05:20:26 -0500] "GET /BLA/boletinlegal/js/jquery.scrollShow.js HTTP/1.1" 200 4586
172.22.2.4 - - [17/Aug/2023:05:20:26 -0500] "GET /BLA/boletinlegal/images/cabezote%20BLEGAL.jpg HTTP/1.1" 200 118164
172.22.2.4 - - [17/Aug/2023:05:20:26 -0500] "GET /BLA/boletinlegal/images/subscribe-icon-big.png HTTP/1.1" 200 47702
172.22.2.4 - - [17/Aug/2023:05:20:26 -0500] "GET /BLA/boletinlegal/images/historia.png HTTP/1.1" 200 52775
172.22.2.4 - - [17/Aug/2023:05:20:26 -0500] "GET /BLA/boletinlegal/images/registro-usuarios.png HTTP/1.1" 200 8106
172.22.2.4 - - [17/Aug/2023:05:20:26 -0500] "GET /BLA/boletinlegal/images/arr_l.jpg HTTP/1.1" 200 1979
172.22.2.4 - - [17/Aug/2023:05:20:26 -0500] "GET /BLA/boletinlegal/images/menu_lft.gif HTTP/1.1" 200 1713
172.22.2.4 - - [17/Aug/2023:05:20:26 -0500] "GET /BLA/boletinlegal/images/menu_rght.gif HTTP/1.1" 200 1627
172.22.2.4 - - [17/Aug/2023:05:20:26 -0500] "GET /BLA/boletinlegal/images/bg_top.jpg HTTP/1.1" 200 522
172.22.2.4 - - [17/Aug/2023:05:20:26 -0500] "GET /BLA/boletinlegal/images/text.jpg HTTP/1.1" 200 568
172.22.2.4 - - [17/Aug/2023:05:20:26 -0500] "GET /BLA/boletinlegal/images/menu_bg.jpg HTTP/1.1" 200 620
172.22.2.4 - - [17/Aug/2023:05:20:26 -0500] "GET /BLA/boletinlegal/images/hover.jpg HTTP/1.1" 200 640
172.22.2.4 - - [17/Aug/2023:05:20:26 -0500] "GET /BLA/boletinlegal/images/launch.jpg HTTP/1.1" 200 14577
172.22.2.4 - - [17/Aug/2023:05:20:26 -0500] "GET /BLA/boletinlegal/images/screen_1.png HTTP/1.1" 200 202547
172.22.2.4 - - [17/Aug/2023:05:20:26 -0500] "GET /BLA/boletinlegal/images/body_bg.jpg HTTP/1.1" 200 1601
172.22.2.4 - - [17/Aug/2023:05:20:33 -0500] "GET /BLA/boletinlegal/images/screen_2.png HTTP/1.1" 200 362502
172.22.2.4 - - [17/Aug/2023:05:20:33 -0500] "GET /BLA/boletinlegal/images/screen_3.png HTTP/1.1" 200 210620
172.22.2.4 - - [17/Aug/2023:05:20:33 -0500] "GET /BLA/boletinlegal/images/screen_5.png HTTP/1.1" 200 368876
172.22.2.4 - - [17/Aug/2023:05:20:33 -0500] "GET /BLA/boletinlegal/images/arr_r.jpg HTTP/1.1" 200 1998
172.22.2.4 - - [17/Aug/2023:05:20:33 -0500] "GET /BLA/boletinlegal/images/footer_bg.jpg HTTP/1.1" 200 586
201.245.192.253 - - [17/Aug/2023:05:20:38 -0500] "POST /kwsrmcab/Wsrmcab  HTTP/1.1" 200 42950
172.22.2.4 - - [17/Aug/2023:05:20:42 -0500] "GET /BLA/boletinlegal/images/pdf.gif HTTP/1.1" 200 567
172.22.2.4 - - [17/Aug/2023:05:20:48 -0500] "GET /BLA/boletinlegal/documentos-importantes.php HTTP/1.1" 200 4829
172.22.2.4 - - [17/Aug/2023:05:20:48 -0500] "GET /BLA/boletinlegal/ajax.js HTTP/1.1" 200 577
172.22.2.4 - - [17/Aug/2023:05:20:48 -0500] "GET /BLA/boletinlegal/niceforms-default.css HTTP/1.1" 200 6694
172.22.2.4 - - [17/Aug/2023:05:20:48 -0500] "GET /BLA/boletinlegal/js/ajax_documentos.js HTTP/1.1" 200 1155
172.22.2.4 - - [17/Aug/2023:05:20:48 -0500] "GET /BLA/boletinlegal/niceforms.js HTTP/1.1" 200 22876
172.22.2.4 - - [17/Aug/2023:05:20:48 -0500] "GET /BLA/boletinlegal/images/nuevo.gif HTTP/1.1" 200 26475
172.22.2.4 - - [17/Aug/2023:05:20:48 -0500] "GET /BLA/boletinlegal/images/footer_bg_l.jpg HTTP/1.1" 200 776
172.22.2.4 - - [17/Aug/2023:05:20:48 -0500] "GET /BLA/boletinlegal/img/0.png HTTP/1.1" 200 110
172.22.2.4 - - [17/Aug/2023:05:20:48 -0500] "GET /BLA/boletinlegal/img/textarea-tr.png HTTP/1.1" 200 488
172.22.2.4 - - [17/Aug/2023:05:20:48 -0500] "GET /BLA/boletinlegal/img/textarea-r-off.png HTTP/1.1" 200 266
172.22.2.4 - - [17/Aug/2023:05:20:48 -0500] "GET /BLA/boletinlegal/img/textarea-tl.png HTTP/1.1" 200 269
172.22.2.4 - - [17/Aug/2023:05:20:48 -0500] "GET /BLA/boletinlegal/img/textarea-l-off.png HTTP/1.1" 200 168
172.22.2.4 - - [17/Aug/2023:05:20:48 -0500] "GET /BLA/boletinlegal/favicon.ico HTTP/1.1" 404 1360
172.22.2.4 - - [17/Aug/2023:05:20:48 -0500] "GET /BLA/boletinlegal/img/button.png HTTP/1.1" 200 43241
172.22.2.4 - - [17/Aug/2023:05:20:48 -0500] "GET /BLA/boletinlegal/img/button-left.png HTTP/1.1" 200 57071
172.22.2.4 - - [17/Aug/2023:05:20:48 -0500] "GET /BLA/boletinlegal/img/textarea-bl.png HTTP/1.1" 200 265
172.22.2.4 - - [17/Aug/2023:05:20:48 -0500] "GET /BLA/boletinlegal/img/button-right.png HTTP/1.1" 200 57878
172.22.2.4 - - [17/Aug/2023:05:20:48 -0500] "GET /BLA/boletinlegal/img/textarea-br.png HTTP/1.1" 200 488
172.22.2.4 - - [17/Aug/2023:05:20:52 -0500] "GET /BLA/boletinlegal/img/textarea-l-over.png HTTP/1.1" 200 167
172.22.2.4 - - [17/Aug/2023:05:20:52 -0500] "GET /BLA/boletinlegal/img/textarea-r-over.png HTTP/1.1" 200 270
172.22.2.4 - - [17/Aug/2023:05:20:58 -0500] "POST /BLA/boletinlegal/proc.php HTTP/1.1" 200 4819
201.245.192.253 - - [17/Aug/2023:05:21:09 -0500] "POST /forms/lservlet;jsessionid=ac16012b30d6f01e0f58504c416a95f18c6006acbac1.e3iSbxaKaheRe34LahmRaNuQc41ynknvrkLOlQzNp65In0 HTTP/1.1" 200 2
172.22.2.4 - - [17/Aug/2023:05:19:32 -0500] "GET /BLA/boletinlegal/ HTTP/1.1" 200 50177
172.22.2.4 - - [17/Aug/2023:05:20:25 -0500] "GET /BLA/boletinlegal/ HTTP/1.1" 200 36811
172.22.2.4 - - [17/Aug/2023:05:21:27 -0500] "GET /BLA/boletinlegal/consulta_documentos.php?tipo=Directivas&nombre=Directiva%20No.%20del%2023%20de%20Diciembre%20de%202009&titulo=Poda&firma= HTTP/1.1" 200 478
66.249.77.8 - - [17/Aug/2023:05:21:34 -0500] "GET /Publicaciones/2023EE164655.pdf HTTP/1.1" 404 228
172.22.2.4 - - [17/Aug/2023:05:21:47 -0500] "GET /BLA/boletinlegal/consulta_documentos.php?tipo=Directivas&nombre=Directiva%20No.%20del%2023%20de%20Diciembre%20de%202009&titulo=Poda&firma= HTTP/1.1" 200 478
172.22.2.4 - - [17/Aug/2023:05:22:03 -0500] "GET /BLA/boletinlegal/consulta_documentos.php?tipo=Directivas&nombre=Directiva%20No.%203%20del%2027%20de%20Mayo%20de%202011&titulo=Poda&firma= HTTP/1.1" 200 478
201.245.192.253 - - [17/Aug/2023:05:22:09 -0500] "POST /forms/lservlet;jsessionid=ac16012b30d63c69d1acab484d25a6a7ac94400030ae.e3iSbxaKaheRe34LahmRaNuQc41ynknvrkLOlQzNp65In0 HTTP/1.1" 200 2
172.22.2.4 - - [17/Aug/2023:05:22:11 -0500] "GET /BLA/boletinlegal/normativa.php HTTP/1.1" 200 8343
172.22.2.4 - - [17/Aug/2023:05:22:11 -0500] "GET /BLA/boletinlegal/js/ajax_normativa.js HTTP/1.1" 200 1154
172.22.2.4 - - [17/Aug/2023:05:22:11 -0500] "GET /BLA/boletinlegal/images/tel.png HTTP/1.1" 200 14477
172.22.2.4 - - [17/Aug/2023:05:22:11 -0500] "GET /BLA/boletinlegal/images/icono-email.png HTTP/1.1" 200 5544
172.22.2.4 - - [17/Aug/2023:05:22:11 -0500] "GET /BLA/boletinlegal/img/select-left.png HTTP/1.1" 200 263
172.22.2.4 - - [17/Aug/2023:05:22:11 -0500] "GET /BLA/boletinlegal/img/select-right.png HTTP/1.1" 200 44019
172.22.2.4 - - [17/Aug/2023:05:22:13 -0500] "GET /BLA/boletinlegal/normativa.php HTTP/1.1" 200 8343
172.22.2.4 - - [17/Aug/2023:05:22:22 -0500] "GET /BLA/boletinlegal/conceptos.php HTTP/1.1" 200 7496
172.22.2.4 - - [17/Aug/2023:05:22:22 -0500] "GET /BLA/boletinlegal/js/ajax_conceptos.js HTTP/1.1" 200 1326
216.245.221.92 - - [17/Aug/2023:05:22:23 -0500] "HEAD / HTTP/1.1" 200 -
172.22.2.4 - - [17/Aug/2023:05:22:31 -0500] "GET /BLA/boletinlegal/jurisprudencia.php HTTP/1.1" 200 17583
172.22.2.4 - - [17/Aug/2023:05:22:32 -0500] "GET /BLA/boletinlegal/js/lib.js HTTP/1.1" 200 6474
172.22.2.4 - - [17/Aug/2023:05:22:32 -0500] "GET /BLA/boletinlegal/js/popup.js HTTP/1.1" 200 1270
172.22.2.4 - - [17/Aug/2023:05:22:32 -0500] "GET /BLA/boletinlegal/js/jquery1.js HTTP/1.1" 200 29846
172.22.2.4 - - [17/Aug/2023:05:22:32 -0500] "GET /BLA/boletinlegal/images/sub_ul_li.gif HTTP/1.1" 200 343
172.22.2.4 - - [17/Aug/2023:05:22:32 -0500] "GET /BLA/boletinlegal/images/jurisprudencia.png HTTP/1.1" 200 66721
172.22.2.4 - - [17/Aug/2023:05:22:04 -0500] "GET /BLA/boletinlegal/ HTTP/1.1" 200 24523
172.22.2.4 - - [17/Aug/2023:05:22:15 -0500] "GET /BLA/boletinlegal/index.php HTTP/1.1" 200 24523
201.245.192.253 - - [17/Aug/2023:05:23:09 -0500] "POST /forms/lservlet;jsessionid=ac16012b30d6f01e0f58504c416a95f18c6006acbac1.e3iSbxaKaheRe34LahmRaNuQc41ynknvrkLOlQzNp65In0 HTTP/1.1" 200 2
172.22.2.4 - - [17/Aug/2023:05:22:56 -0500] "GET /BLA/boletinlegal/index.php HTTP/1.1" 200 24523
172.22.2.4 - - [17/Aug/2023:05:22:58 -0500] "GET /BLA/boletinlegal/ HTTP/1.1" 200 24523
191.156.48.205 - - [17/Aug/2023:05:23:35 -0500] "GET /bogota-empieza-la-consolidacion-de-la-estrategia-de-bosques-urbanos-con-el-brazo-salitre-en-barrios-unidos.html?utm_source=Meta_DIGI&utm_medium=CPV&utm_campaign=BosquesUrbanos&utm_id=Agosto_2023&fbclid=IwAR1X_I31aleYdLF3q6xnaLvKP5XF9ink5ARJ2S-AuQn5uqhdAzk3r-xi7Io_aem_AWlXf1XQvKDOzk4UGogHvf5EZhtQw_jZX51c1RdKEE64zlVI2m_n8nCL2iWYyFXSc_S1e66uD6PwFtDDz8AQRUCy HTTP/1.1" 200 892
201.245.192.253 - - [17/Aug/2023:05:24:09 -0500] "POST /forms/lservlet;jsessionid=ac16012b30d63c69d1acab484d25a6a7ac94400030ae.e3iSbxaKaheRe34LahmRaNuQc41ynknvrkLOlQzNp65In0 HTTP/1.1" 200 2
201.245.192.253 - - [17/Aug/2023:05:25:09 -0500] "POST /forms/lservlet;jsessionid=ac16012b30d6f01e0f58504c416a95f18c6006acbac1.e3iSbxaKaheRe34LahmRaNuQc41ynknvrkLOlQzNp65In0 HTTP/1.1" 200 2
201.245.192.253 - - [17/Aug/2023:05:25:37 -0500] "POST /kwsrmcab/Wsrmcab  HTTP/1.1" 200 42950
201.245.192.253 - - [17/Aug/2023:05:26:09 -0500] "POST /forms/lservlet;jsessionid=ac16012b30d63c69d1acab484d25a6a7ac94400030ae.e3iSbxaKaheRe34LahmRaNuQc41ynknvrkLOlQzNp65In0 HTTP/1.1" 200 2
172.22.2.4 - - [17/Aug/2023:05:24:32 -0500] "HEAD /BLA/boletinlegal/ HTTP/1.1" 200 -
66.249.77.8 - - [17/Aug/2023:05:26:45 -0500] "GET /BLA/resoluciones/RESOLUCIONES%202009/8325.pdf HTTP/1.1" 200 363380
172.22.2.4 - - [17/Aug/2023:05:25:22 -0500] "GET /BLA/boletinlegal/ HTTP/1.1" 200 60692
201.245.192.253 - - [17/Aug/2023:05:27:09 -0500] "POST /forms/lservlet;jsessionid=ac16012b30d6f01e0f58504c416a95f18c6006acbac1.e3iSbxaKaheRe34LahmRaNuQc41ynknvrkLOlQzNp65In0 HTTP/1.1" 200 2
216.245.221.92 - - [17/Aug/2023:05:27:23 -0500] "HEAD / HTTP/1.1" 200 -
66.249.77.10 - - [17/Aug/2023:05:27:30 -0500] "GET /BLA/resoluciones/AUTOS%202013/1163.pdf HTTP/1.1" 200 758428
201.245.192.253 - - [17/Aug/2023:05:28:09 -0500] "POST /forms/lservlet;jsessionid=ac16012b30d63c69d1acab484d25a6a7ac94400030ae.e3iSbxaKaheRe34LahmRaNuQc41ynknvrkLOlQzNp65In0 HTTP/1.1" 200 2
201.245.192.253 - - [17/Aug/2023:05:28:37 -0500] "POST /kwsrmcab/Wsrmcab HTTP/1.1" 200 43217
201.245.192.253 - - [17/Aug/2023:05:28:41 -0500] "POST /kwsrmcab/Wsrmcab HTTP/1.1" 200 40939
40.77.167.123 - - [17/Aug/2023:05:28:52 -0500] "GET /BLA/resoluciones/AUTOS%202023/2763.pdf HTTP/1.1" 200 693410
201.245.192.253 - - [17/Aug/2023:05:29:09 -0500] "POST /forms/lservlet;jsessionid=ac16012b30d6f01e0f58504c416a95f18c6006acbac1.e3iSbxaKaheRe34LahmRaNuQc41ynknvrkLOlQzNp65In0 HTTP/1.1" 200 2
201.245.192.253 - - [17/Aug/2023:05:30:09 -0500] "POST /forms/lservlet;jsessionid=ac16012b30d63c69d1acab484d25a6a7ac94400030ae.e3iSbxaKaheRe34LahmRaNuQc41ynknvrkLOlQzNp65In0 HTTP/1.1" 200 2
201.245.192.253 - - [17/Aug/2023:05:30:36 -0500] "POST /kwsrmcab/Wsrmcab  HTTP/1.1" 200 42950
186.102.35.116 - - [17/Aug/2023:05:30:42 -0500] "GET /galeria/galeria/jquery.fancybox.css?v=2.1.5 HTTP/1.1" 200 4895
186.102.35.116 - - [17/Aug/2023:05:30:42 -0500] "GET /galeria/galeria/jquery.fancybox.js?v=2.1.5 HTTP/1.1" 200 48706
186.102.35.116 - - [17/Aug/2023:05:30:42 -0500] "GET /BLA/boletinlegal/js/jquery.scrollShow.js HTTP/1.1" 200 4586
66.249.77.8 - - [17/Aug/2023:05:30:56 -0500] "GET /BLA/resoluciones/AUTOS%202008/2153.pdf HTTP/1.1" 200 299198
201.245.192.253 - - [17/Aug/2023:05:31:09 -0500] "POST /forms/lservlet;jsessionid=ac16012b30d6f01e0f58504c416a95f18c6006acbac1.e3iSbxaKaheRe34LahmRaNuQc41ynknvrkLOlQzNp65In0 HTTP/1.1" 200 2
66.249.77.9 - - [17/Aug/2023:05:31:46 -0500] "GET /BLA/resoluciones/RESOLUCIONES%202014/2258.pdf HTTP/1.1" 200 464929
172.22.2.4 - - [17/Aug/2023:05:30:22 -0500] "HEAD /BLA/boletinlegal/ HTTP/1.1" 200 -
201.245.192.253 - - [17/Aug/2023:05:32:09 -0500] "POST /forms/lservlet;jsessionid=ac16012b30d63c69d1acab484d25a6a7ac94400030ae.e3iSbxaKaheRe34LahmRaNuQc41ynknvrkLOlQzNp65In0 HTTP/1.1" 200 2
216.245.221.92 - - [17/Aug/2023:05:32:23 -0500] "HEAD / HTTP/1.1" 200 -
172.22.2.4 - - [17/Aug/2023:05:31:12 -0500] "GET /BLA/boletinlegal/ HTTP/1.1" 200 58187
201.245.192.253 - - [17/Aug/2023:05:33:09 -0500] "POST /forms/lservlet;jsessionid=ac16012b30d6f01e0f58504c416a95f18c6006acbac1.e3iSbxaKaheRe34LahmRaNuQc41ynknvrkLOlQzNp65In0 HTTP/1.1" 200 2
190.27.177.24 - - [17/Aug/2023:05:33:49 -0500] "GET /images/secretaria-ambiente-carolina-urrutia-en-brazo-salitre.jpg HTTP/1.1" 200 79448
190.27.177.24 - - [17/Aug/2023:05:33:49 -0500] "GET /favicon.ico HTTP/1.1" 404 1136
201.245.192.253 - - [17/Aug/2023:05:34:09 -0500] "POST /forms/lservlet;jsessionid=ac16012b30d63c69d1acab484d25a6a7ac94400030ae.e3iSbxaKaheRe34LahmRaNuQc41ynknvrkLOlQzNp65In0 HTTP/1.1" 200 2
191.156.62.174 - - [17/Aug/2023:05:34:49 -0500] "GET /bogota-empieza-la-consolidacion-de-la-estrategia-de-bosques-urbanos-con-el-brazo-salitre-en-barrios-unidos.html?utm_source=Meta_DIGI&utm_medium=CPV&utm_campaign=BosquesUrbanos&utm_id=Agosto_2023&fbclid=IwAR0vohmhy0EnGSeH3h1MVVVLA3PCO-mToo2X9g3T6RhedlkaFd5dH56PYrA_aem_AWkVjWI9HpQk-QT5YPI0t3A0BOWr7iGH0qSQ8sJRsz2mub5K3s62FMjViEwNy4XJNAr2Qoo6tN-FIgEE6RYwIujN HTTP/1.1" 200 892
186.154.104.126 - - [17/Aug/2023:05:34:57 -0500] "GET /bogota-empieza-la-consolidacion-de-la-estrategia-de-bosques-urbanos-con-el-brazo-salitre-en-barrios-unidos.html?utm_source=Meta_DIGI&utm_medium=CPV&utm_campaign=BosquesUrbanos&utm_id=Agosto_2023&fbclid=IwAR198Vntlp99JFt154v3NsvfIUS7efWlx35bNF49ACXfpvFhbYFY4y8jHWs_aem_AWkeLuQY04u55Nmmlp7-n5fZgCWjgRfGTg6UcsCELB_OH3qnp8HQGcEZ_5GDRdV1qQl_FjHOW8iFDCfHJdkJIOze HTTP/1.1" 200 892
201.245.192.253 - - [17/Aug/2023:05:35:09 -0500] "POST /forms/lservlet;jsessionid=ac16012b30d6f01e0f58504c416a95f18c6006acbac1.e3iSbxaKaheRe34LahmRaNuQc41ynknvrkLOlQzNp65In0 HTTP/1.1" 200 2
186.102.79.19 - - [17/Aug/2023:05:35:11 -0500] "GET /inscribete-y-participa-en-la-convencion-internacional-de-emergencia-climatica-bogota-2023.html HTTP/1.1" 200 895
201.245.192.253 - - [17/Aug/2023:05:35:35 -0500] "POST /kwsrmcab/Wsrmcab  HTTP/1.1" 200 42950
201.245.192.253 - - [17/Aug/2023:05:36:09 -0500] "POST /forms/lservlet;jsessionid=ac16012b30d63c69d1acab484d25a6a7ac94400030ae.e3iSbxaKaheRe34LahmRaNuQc41ynknvrkLOlQzNp65In0 HTTP/1.1" 200 2
201.245.192.253 - - [17/Aug/2023:05:37:09 -0500] "POST /forms/lservlet;jsessionid=ac16012b30d6f01e0f58504c416a95f18c6006acbac1.e3iSbxaKaheRe34LahmRaNuQc41ynknvrkLOlQzNp65In0 HTTP/1.1" 200 2
216.245.221.92 - - [17/Aug/2023:05:37:23 -0500] "HEAD / HTTP/1.1" 200 -
172.22.2.4 - - [17/Aug/2023:05:36:12 -0500] "HEAD /BLA/boletinlegal/ HTTP/1.1" 200 -
40.77.167.208 - - [17/Aug/2023:05:38:05 -0500] "GET /BLA/resoluciones/AUTOS%202023/3440.pdf HTTP/1.1" 200 2017387
201.245.192.253 - - [17/Aug/2023:05:38:09 -0500] "POST /forms/lservlet;jsessionid=ac16012b30d63c69d1acab484d25a6a7ac94400030ae.e3iSbxaKaheRe34LahmRaNuQc41ynknvrkLOlQzNp65In0 HTTP/1.1" 200 2
66.249.77.10 - - [17/Aug/2023:05:38:39 -0500] "GET /BLA/resoluciones/RESOLUCIONES%202009/9801.pdf HTTP/1.1" 200 639785
201.245.192.253 - - [17/Aug/2023:05:38:37 -0500] "POST /kwsrmcab/Wsrmcab HTTP/1.1" 200 43217
172.22.2.4 - - [17/Aug/2023:05:37:02 -0500] "GET /BLA/boletinlegal/ HTTP/1.1" 200 52656
201.245.192.253 - - [17/Aug/2023:05:38:41 -0500] "POST /kwsrmcab/Wsrmcab HTTP/1.1" 200 40939
201.245.192.253 - - [17/Aug/2023:05:39:09 -0500] "POST /forms/lservlet;jsessionid=ac16012b30d6f01e0f58504c416a95f18c6006acbac1.e3iSbxaKaheRe34LahmRaNuQc41ynknvrkLOlQzNp65In0 HTTP/1.1" 200 2
201.245.192.253 - - [17/Aug/2023:05:40:09 -0500] "POST /forms/lservlet;jsessionid=ac16012b30d63c69d1acab484d25a6a7ac94400030ae.e3iSbxaKaheRe34LahmRaNuQc41ynknvrkLOlQzNp65In0 HTTP/1.1" 200 2
201.245.192.253 - - [17/Aug/2023:05:40:34 -0500] "POST /kwsrmcab/Wsrmcab  HTTP/1.1" 200 42950
201.245.192.253 - - [17/Aug/2023:05:41:09 -0500] "POST /forms/lservlet;jsessionid=ac16012b30d6f01e0f58504c416a95f18c6006acbac1.e3iSbxaKaheRe34LahmRaNuQc41ynknvrkLOlQzNp65In0 HTTP/1.1" 200 2
172.226.172.9 - - [17/Aug/2023:05:41:35 -0500] "GET /inscribete-y-participa-en-la-convencion-internacional-de-emergencia-climatica-bogota-2023.html HTTP/1.1" 200 895
40.77.167.208 - - [17/Aug/2023:05:41:49 -0500] "GET /BLA/resoluciones/AUTOS%202023/3281.pdf HTTP/1.1" 200 389938
201.245.192.253 - - [17/Aug/2023:05:42:09 -0500] "POST /forms/lservlet;jsessionid=ac16012b30d63c69d1acab484d25a6a7ac94400030ae.e3iSbxaKaheRe34LahmRaNuQc41ynknvrkLOlQzNp65In0 HTTP/1.1" 200 2
216.245.221.92 - - [17/Aug/2023:05:42:23 -0500] "HEAD / HTTP/1.1" 200 -
40.77.167.208 - - [17/Aug/2023:05:42:31 -0500] "GET /BLA/resoluciones/AUTOS%202023/3322.pdf HTTP/1.1" 200 1020437
191.102.197.201 - - [17/Aug/2023:05:42:32 -0500] "GET /inscribete-y-participa-en-la-convencion-internacional-de-emergencia-climatica-bogota-2023.html HTTP/1.1" 200 895
191.102.197.201 - - [17/Aug/2023:05:42:33 -0500] "GET /inscribete-y-participa-en-la-convencion-internacional-de-emergencia-climatica-bogota-2023.html HTTP/1.1" 200 895
191.102.197.201 - - [17/Aug/2023:05:42:37 -0500] "GET /images/BANNER-WEB-convencion.jpg HTTP/1.1" 200 118772
191.156.159.192 - - [17/Aug/2023:05:43:05 -0500] "GET /inscribete-y-participa-en-la-convencion-internacional-de-emergencia-climatica-bogota-2023.html HTTP/1.1" 200 895
191.156.159.192 - - [17/Aug/2023:05:43:05 -0500] "GET /favicon.ico HTTP/1.1" 404 1136
201.245.192.253 - - [17/Aug/2023:05:43:09 -0500] "POST /forms/lservlet;jsessionid=ac16012b30d6f01e0f58504c416a95f18c6006acbac1.e3iSbxaKaheRe34LahmRaNuQc41ynknvrkLOlQzNp65In0 HTTP/1.1" 200 2
172.22.2.4 - - [17/Aug/2023:05:42:02 -0500] "HEAD /BLA/boletinlegal/ HTTP/1.1" 200 -
201.245.192.253 - - [17/Aug/2023:05:44:09 -0500] "POST /forms/lservlet;jsessionid=ac16012b30d63c69d1acab484d25a6a7ac94400030ae.e3iSbxaKaheRe34LahmRaNuQc41ynknvrkLOlQzNp65In0 HTTP/1.1" 200 2
172.22.2.4 - - [17/Aug/2023:05:42:52 -0500] "GET /BLA/boletinlegal/ HTTP/1.1" 200 58187
201.245.192.253 - - [17/Aug/2023:05:45:09 -0500] "POST /forms/lservlet;jsessionid=ac16012b30d6f01e0f58504c416a95f18c6006acbac1.e3iSbxaKaheRe34LahmRaNuQc41ynknvrkLOlQzNp65In0 HTTP/1.1" 200 2
201.245.192.253 - - [17/Aug/2023:05:45:33 -0500] "POST /kwsrmcab/Wsrmcab  HTTP/1.1" 200 42950
69.171.249.117 - - [17/Aug/2023:05:46:05 -0500] "GET /images/stand-secretaria-ambiente-fima.jpg HTTP/1.1" 200 42537
69.171.249.119 - - [17/Aug/2023:05:46:06 -0500] "GET /images/aire-bogota.jpeg HTTP/1.1" 200 169194
201.245.192.253 - - [17/Aug/2023:05:46:09 -0500] "POST /forms/lservlet;jsessionid=ac16012b30d63c69d1acab484d25a6a7ac94400030ae.e3iSbxaKaheRe34LahmRaNuQc41ynknvrkLOlQzNp65In0 HTTP/1.1" 200 2
201.245.192.253 - - [17/Aug/2023:05:47:09 -0500] "POST /forms/lservlet;jsessionid=ac16012b30d6f01e0f58504c416a95f18c6006acbac1.e3iSbxaKaheRe34LahmRaNuQc41ynknvrkLOlQzNp65In0 HTTP/1.1" 200 2
216.245.221.92 - - [17/Aug/2023:05:47:23 -0500] "HEAD / HTTP/1.1" 200 -
201.245.192.253 - - [17/Aug/2023:05:48:09 -0500] "POST /forms/lservlet;jsessionid=ac16012b30d63c69d1acab484d25a6a7ac94400030ae.e3iSbxaKaheRe34LahmRaNuQc41ynknvrkLOlQzNp65In0 HTTP/1.1" 200 2
172.22.2.4 - - [17/Aug/2023:05:49:07 -0500] "GET /BLA/boletinlegal/.well-known/traffic-advice HTTP/1.1" 404 1038
172.22.2.4 - - [17/Aug/2023:05:49:08 -0500] "GET /BLA/boletinlegal/actos.php HTTP/1.1" 200 9682
201.245.192.253 - - [17/Aug/2023:05:49:09 -0500] "POST /forms/lservlet;jsessionid=ac16012b30d6f01e0f58504c416a95f18c6006acbac1.e3iSbxaKaheRe34LahmRaNuQc41ynknvrkLOlQzNp65In0 HTTP/1.1" 200 2
172.22.2.4 - - [17/Aug/2023:05:49:13 -0500] "GET /BLA/boletinlegal/styles2.css HTTP/1.1" 200 1838
172.22.2.4 - - [17/Aug/2023:05:49:13 -0500] "GET /BLA/boletinlegal/niceforms-default.css HTTP/1.1" 200 6694
172.22.2.4 - - [17/Aug/2023:05:49:13 -0500] "GET /BLA/boletinlegal/style.css HTTP/1.1" 200 9406
172.22.2.4 - - [17/Aug/2023:05:49:13 -0500] "GET /BLA/boletinlegal/js/ajax_actos.js HTTP/1.1" 200 1322
172.22.2.4 - - [17/Aug/2023:05:49:13 -0500] "GET /BLA/boletinlegal/niceforms.js HTTP/1.1" 200 22876
172.22.2.4 - - [17/Aug/2023:05:49:13 -0500] "GET /BLA/boletinlegal/js/lib.js HTTP/1.1" 200 6474
172.22.2.4 - - [17/Aug/2023:05:49:13 -0500] "GET /BLA/boletinlegal/js/popup.js HTTP/1.1" 200 1270
172.22.2.4 - - [17/Aug/2023:05:49:13 -0500] "GET /BLA/boletinlegal/js/jquery1.js HTTP/1.1" 200 29846
172.22.2.4 - - [17/Aug/2023:05:49:13 -0500] "GET /BLA/boletinlegal/images/cabezote%20BLEGAL.jpg HTTP/1.1" 200 118164
172.22.2.4 - - [17/Aug/2023:05:49:13 -0500] "GET /BLA/boletinlegal/images/subscribe-icon-big.png HTTP/1.1" 200 47702
172.22.2.4 - - [17/Aug/2023:05:49:13 -0500] "GET /BLA/boletinlegal/images/historia.png HTTP/1.1" 200 52775
172.22.2.4 - - [17/Aug/2023:05:49:13 -0500] "GET /BLA/boletinlegal/images/registro-usuarios.png HTTP/1.1" 200 8106
172.22.2.4 - - [17/Aug/2023:05:49:13 -0500] "GET /BLA/boletinlegal/images/green-yellow-blue-pink-th.png HTTP/1.1" 200 7394
172.22.2.4 - - [17/Aug/2023:05:49:14 -0500] "GET /BLA/boletinlegal/images/tel.png HTTP/1.1" 200 14477
172.22.2.4 - - [17/Aug/2023:05:49:14 -0500] "GET /BLA/boletinlegal/images/menu_lft.gif HTTP/1.1" 200 1713
172.22.2.4 - - [17/Aug/2023:05:49:14 -0500] "GET /BLA/boletinlegal/images/menu_rght.gif HTTP/1.1" 200 1627
172.22.2.4 - - [17/Aug/2023:05:49:14 -0500] "GET /BLA/boletinlegal/images/bg_top.jpg HTTP/1.1" 200 522
172.22.2.4 - - [17/Aug/2023:05:49:14 -0500] "GET /BLA/boletinlegal/images/menu_bg.jpg HTTP/1.1" 200 620
172.22.2.4 - - [17/Aug/2023:05:49:14 -0500] "GET /BLA/boletinlegal/images/hover.jpg HTTP/1.1" 200 640
172.22.2.4 - - [17/Aug/2023:05:49:14 -0500] "GET /BLA/boletinlegal/images/body_bg.jpg HTTP/1.1" 200 1601
172.22.2.4 - - [17/Aug/2023:05:49:14 -0500] "GET /BLA/boletinlegal/images/footer_bg.jpg HTTP/1.1" 200 586
172.22.2.4 - - [17/Aug/2023:05:49:14 -0500] "GET /BLA/boletinlegal/images/text.jpg HTTP/1.1" 200 568
172.22.2.4 - - [17/Aug/2023:05:49:14 -0500] "GET /BLA/boletinlegal/images/footer_bg_l.jpg HTTP/1.1" 200 776
172.22.2.4 - - [17/Aug/2023:05:49:14 -0500] "GET /BLA/boletinlegal/images/icono-email.png HTTP/1.1" 200 5544
172.22.2.4 - - [17/Aug/2023:05:49:14 -0500] "GET /BLA/boletinlegal/img/0.png HTTP/1.1" 200 110
172.22.2.4 - - [17/Aug/2023:05:49:14 -0500] "GET /BLA/boletinlegal/img/select-left.png HTTP/1.1" 200 263
172.22.2.4 - - [17/Aug/2023:05:49:14 -0500] "GET /BLA/boletinlegal/img/select-right.png HTTP/1.1" 200 44019
172.22.2.4 - - [17/Aug/2023:05:49:14 -0500] "GET /BLA/boletinlegal/img/button-left.png HTTP/1.1" 200 57071
172.22.2.4 - - [17/Aug/2023:05:49:14 -0500] "GET /BLA/boletinlegal/img/button.png HTTP/1.1" 200 43241
172.22.2.4 - - [17/Aug/2023:05:49:14 -0500] "GET /BLA/boletinlegal/img/button-right.png HTTP/1.1" 200 57878
172.22.2.4 - - [17/Aug/2023:05:49:14 -0500] "GET /BLA/boletinlegal/favicon.ico HTTP/1.1" 404 1326
172.22.2.4 - - [17/Aug/2023:05:49:19 -0500] "GET /BLA/boletinlegal/actos.php HTTP/1.1" 200 9682
172.22.2.4 - - [17/Aug/2023:05:47:52 -0500] "HEAD /BLA/boletinlegal/ HTTP/1.1" 200 -
