201.245.192.253 - - [17/Aug/2023:13:16:35 -0500] "POST /forms/lservlet;jsessionid=ac16012b30d63c69d1acab484d25a6a7ac94400030ae.e3iSbxaKaheRe34LahmRaNuQc41ynknvrkLOlQzNp65In0 HTTP/1.1" 200 2
191.156.63.103 - - [17/Aug/2023:13:16:41 -0500] "GET /bogota-empieza-la-consolidacion-de-la-estrategia-de-bosques-urbanos-con-el-brazo-salitre-en-barrios-unidos.html?utm_source=Meta_DIGI&utm_medium=CPV&utm_campaign=BosquesUrbanos&utm_id=Agosto_2023&fbclid=IwAR3vLQCT8kirYcM93j15ERLHxnxrhdWO7hLX5SNsVXGhZIxvAKeUj7tgrXQ_aem_AS0HZXL7on83q5LpUNQM9HHITubQ1PJEsDu2gLA1_n7isf2iGmCyg-wk4qM5LTpvoKDVJc6lSsSoar7NlfWJj0kY HTTP/1.1" 200 892
216.245.221.92 - - [17/Aug/2023:13:17:22 -0500] "HEAD / HTTP/1.1" 200 -
201.245.192.253 - - [17/Aug/2023:13:17:33 -0500] "POST /forms/lservlet;jsessionid=ac16012b30d6f01e0f58504c416a95f18c6006acbac1.e3iSbxaKaheRe34LahmRaNuQc41ynknvrkLOlQzNp65In0 HTTP/1.1" 200 2
201.245.192.253 - - [17/Aug/2023:13:18:35 -0500] "POST /forms/lservlet;jsessionid=ac16012b30d63c69d1acab484d25a6a7ac94400030ae.e3iSbxaKaheRe34LahmRaNuQc41ynknvrkLOlQzNp65In0 HTTP/1.1" 200 2
201.245.192.253 - - [17/Aug/2023:13:18:35 -0500] "POST /kwsrmcab/Wsrmcab HTTP/1.1" 200 42595
172.22.2.4 - - [17/Aug/2023:13:17:01 -0500] "HEAD /BLA/boletinlegal/ HTTP/1.1" 200 -
201.245.192.253 - - [17/Aug/2023:13:18:39 -0500] "POST /kwsrmcab/Wsrmcab HTTP/1.1" 200 41842
172.22.2.4 - - [17/Aug/2023:13:18:54 -0500] "GET /BLA/boletinlegal/actos.php HTTP/1.1" 200 9682
201.245.192.253 - - [17/Aug/2023:13:19:02 -0500] "POST /kwsrmcab/Wsrmcab  HTTP/1.1" 200 42119
172.22.2.4 - - [17/Aug/2023:13:17:51 -0500] "GET /BLA/boletinlegal/ HTTP/1.1" 200 57790
201.245.192.253 - - [17/Aug/2023:13:19:33 -0500] "POST /forms/lservlet;jsessionid=ac16012b30d6f01e0f58504c416a95f18c6006acbac1.e3iSbxaKaheRe34LahmRaNuQc41ynknvrkLOlQzNp65In0 HTTP/1.1" 200 2
52.167.144.225 - - [17/Aug/2023:13:19:55 -0500] "GET /Autoliquidacion/index.php?dir=Solicitudes+relacionadas+con+calidad+del+aire+auditiva+y+visual%2FRegistro+de+Elementos+de+publicidad+Exterior+Visual%2F HTTP/1.1" 200 4534
52.167.144.78 - - [17/Aug/2023:13:20:10 -0500] "GET /Autoliquidacion/dlf/styles.css HTTP/1.1" 200 3045
201.245.192.253 - - [17/Aug/2023:13:20:35 -0500] "POST /forms/lservlet;jsessionid=ac16012b30d63c69d1acab484d25a6a7ac94400030ae.e3iSbxaKaheRe34LahmRaNuQc41ynknvrkLOlQzNp65In0 HTTP/1.1" 200 2
201.245.192.253 - - [17/Aug/2023:13:21:33 -0500] "POST /forms/lservlet;jsessionid=ac16012b30d6f01e0f58504c416a95f18c6006acbac1.e3iSbxaKaheRe34LahmRaNuQc41ynknvrkLOlQzNp65In0 HTTP/1.1" 200 2
66.249.77.8 - - [17/Aug/2023:13:21:50 -0500] "GET /BLA/resoluciones/RESOLUCIONES%202013/1133%20.pdf HTTP/1.1" 200 2500623
186.29.78.186 - - [17/Aug/2023:13:22:15 -0500] "GET /bogota-empieza-la-consolidacion-de-la-estrategia-de-bosques-urbanos-con-el-brazo-salitre-en-barrios-unidos.html?utm_source=Meta_DIGI&utm_medium=CPV&utm_campaign=BosquesUrbanos&utm_id=Agosto_2023&fbclid=IwAR08GJX8ByqzZe65nbhKP3C6RTcXzGxVE-u2_32e-Q-g_e1BXMQhYF_kCXQ_aem_AS0V910av3Fovq2CEf_aCXFv6pYKebrc04XdR_W3qc9MHjVoWgb-QOuVJ5t7US9ZVoKQhW4kQPEk0pQh1J9DmL8S HTTP/1.1" 200 892
216.245.221.92 - - [17/Aug/2023:13:22:21 -0500] "HEAD / HTTP/1.1" 200 -
191.156.227.23 - - [17/Aug/2023:13:22:31 -0500] "GET /bogota-empieza-la-consolidacion-de-la-estrategia-de-bosques-urbanos-con-el-brazo-salitre-en-barrios-unidos.html?utm_source=Youtube_DIGI&utm_medium=CPV&utm_campaign=BosquesUrbanos&utm_id=Agosto_2023&wbraid=ClEKCAjw5_GmBhAmEkEAIKg0pmnfyTZLg5_lH3PEq6DgsLLKCa7JE0mxl4sTq1swavOpOn_jVVpgD_fkSh3lDY9iCTF_VSXUU-scIb6ZDxoCmmY HTTP/1.1" 200 892
201.245.192.253 - - [17/Aug/2023:13:22:35 -0500] "POST /forms/lservlet;jsessionid=ac16012b30d63c69d1acab484d25a6a7ac94400030ae.e3iSbxaKaheRe34LahmRaNuQc41ynknvrkLOlQzNp65In0 HTTP/1.1" 200 2
201.245.192.253 - - [17/Aug/2023:13:23:33 -0500] "POST /forms/lservlet;jsessionid=ac16012b30d6f01e0f58504c416a95f18c6006acbac1.e3iSbxaKaheRe34LahmRaNuQc41ynknvrkLOlQzNp65In0 HTTP/1.1" 200 2
201.245.192.253 - - [17/Aug/2023:13:24:01 -0500] "POST /kwsrmcab/Wsrmcab  HTTP/1.1" 200 42119
172.22.2.4 - - [17/Aug/2023:13:22:51 -0500] "HEAD /BLA/boletinlegal/ HTTP/1.1" 200 -
201.245.192.253 - - [17/Aug/2023:13:24:35 -0500] "POST /forms/lservlet;jsessionid=ac16012b30d63c69d1acab484d25a6a7ac94400030ae.e3iSbxaKaheRe34LahmRaNuQc41ynknvrkLOlQzNp65In0 HTTP/1.1" 200 2
172.22.2.4 - - [17/Aug/2023:13:23:41 -0500] "GET /BLA/boletinlegal/ HTTP/1.1" 200 58597
191.156.50.120 - - [17/Aug/2023:13:25:29 -0500] "GET /bogota-empieza-la-consolidacion-de-la-estrategia-de-bosques-urbanos-con-el-brazo-salitre-en-barrios-unidos.html?utm_source=Meta_DIGI&utm_medium=CPV&utm_campaign=BosquesUrbanos&utm_id=Agosto_2023&fbclid=IwAR2eg6eNROxPCdTT8pWf1vnQDawhtnc7SM_C01PkTFdHEwWsLL55zWhb2TY_aem_AS3hjRDeOvYX7Jgqypf8q7lP7w8XHe6pqjz1N-lbqZql1JjpMSOafJBs3-EaXVp-WVxuHp2Py60mfe1KZ0Uhi4zY HTTP/1.1" 200 892
201.245.192.253 - - [17/Aug/2023:13:25:33 -0500] "POST /forms/lservlet;jsessionid=ac16012b30d6f01e0f58504c416a95f18c6006acbac1.e3iSbxaKaheRe34LahmRaNuQc41ynknvrkLOlQzNp65In0 HTTP/1.1" 200 2
191.95.63.106 - - [17/Aug/2023:13:25:42 -0500] "GET /bogota-empieza-la-consolidacion-de-la-estrategia-de-bosques-urbanos-con-el-brazo-salitre-en-barrios-unidos.html?utm_source=Meta_DIGI&utm_medium=CPV&utm_campaign=BosquesUrbanos&utm_id=Agosto_2023&fbclid=IwAR2IgrCv_A7MpR9h-QI19mqmZm4tOC2GFgV0KvzKBI9mYyZByXinwJLV5oo_aem_AS2XxrKm9CvLnRLL9WpVa8uooViZVjRy-OhIxIH3KmPeTbtcIQPUFHx9qMfML28EyBSqasgoayOFawuwAra6RILz HTTP/1.1" 200 892
181.53.13.116 - - [17/Aug/2023:13:25:44 -0500] "GET /sipse/faces/index.xhtml HTTP/1.1" 200 677
181.53.13.116 - - [17/Aug/2023:13:25:44 -0500] "GET /sipse/faces/javax.faces.resource/theme.css?ln=primefaces-sipse HTTP/1.1" 304 -
181.53.13.116 - - [17/Aug/2023:13:25:44 -0500] "GET /sipse/faces/faces/autenticacion.xhtml HTTP/1.1" 200 12171
181.53.13.116 - - [17/Aug/2023:13:25:44 -0500] "GET /sipse/faces/javax.faces.resource/theme.css?ln=primefaces-sipse HTTP/1.1" 304 -
181.53.13.116 - - [17/Aug/2023:13:25:44 -0500] "GET /sipse/faces/javax.faces.resource/layout/layout.css?ln=primefaces&v=4.0 HTTP/1.1" 304 -
181.53.13.116 - - [17/Aug/2023:13:25:44 -0500] "GET /sipse/css/custom_css_sg.css HTTP/1.1" 304 -
181.53.13.116 - - [17/Aug/2023:13:25:44 -0500] "GET /sipse/css/custom_css_sg_prime_login.css HTTP/1.1" 304 -
181.53.13.116 - - [17/Aug/2023:13:25:44 -0500] "GET /sipse/js/disable_browser_buttons.js HTTP/1.1" 304 -
181.53.13.116 - - [17/Aug/2023:13:25:44 -0500] "GET /sipse/js/funciones.js HTTP/1.1" 304 -
181.53.13.116 - - [17/Aug/2023:13:25:44 -0500] "GET /sipse/faces/javax.faces.resource/primefaces.css?ln=primefaces&v=4.0 HTTP/1.1" 304 -
181.53.13.116 - - [17/Aug/2023:13:25:44 -0500] "GET /sipse/faces/javax.faces.resource/jquery/jquery.js?ln=primefaces&v=4.0 HTTP/1.1" 304 -
181.53.13.116 - - [17/Aug/2023:13:25:44 -0500] "GET /sipse/faces/javax.faces.resource/layout/layout.js?ln=primefaces&v=4.0 HTTP/1.1" 304 -
181.53.13.116 - - [17/Aug/2023:13:25:44 -0500] "GET /sipse/faces/javax.faces.resource/primefaces.js?ln=primefaces&v=4.0 HTTP/1.1" 304 -
181.53.13.116 - - [17/Aug/2023:13:25:44 -0500] "GET /sipse/faces/javax.faces.resource/jquery/jquery-plugins.js?ln=primefaces&v=4.0 HTTP/1.1" 304 -
181.53.13.116 - - [17/Aug/2023:13:25:44 -0500] "GET /sipse/css/imagen/logoSDG.png HTTP/1.1" 304 -
181.53.13.116 - - [17/Aug/2023:13:25:44 -0500] "GET /sipse/faces/javax.faces.resource/images/ui-icons_898989_256x240.png?ln=primefaces-aristo HTTP/1.1" 304 -
181.53.13.116 - - [17/Aug/2023:13:25:44 -0500] "GET /sipse/css/imagen/loginimg.png HTTP/1.1" 304 -
181.53.13.116 - - [17/Aug/2023:13:25:56 -0500] "POST /sipse/faces/autenticacion.xhtml HTTP/1.1" 200 16175
181.53.13.116 - - [17/Aug/2023:13:25:56 -0500] "GET /sipse/faces/javax.faces.resource/theme.css?ln=primefaces-sipse HTTP/1.1" 304 -
181.53.13.116 - - [17/Aug/2023:13:25:56 -0500] "GET /sipse/css/custom_css_sg_prime.css HTTP/1.1" 304 -
181.53.13.116 - - [17/Aug/2023:13:25:56 -0500] "GET /sipse/faces/javax.faces.resource/layout/layout.css?ln=primefaces&v=4.0 HTTP/1.1" 304 -
181.53.13.116 - - [17/Aug/2023:13:25:56 -0500] "GET /sipse/faces/javax.faces.resource/primefaces.css?ln=primefaces&v=4.0 HTTP/1.1" 304 -
181.53.13.116 - - [17/Aug/2023:13:25:56 -0500] "GET /sipse/js/jquery.min.js HTTP/1.1" 304 -
181.53.13.116 - - [17/Aug/2023:13:25:56 -0500] "GET /sipse/faces/javax.faces.resource/jquery/jquery.js?ln=primefaces&v=4.0 HTTP/1.1" 304 -
181.53.13.116 - - [17/Aug/2023:13:25:56 -0500] "GET /sipse/faces/javax.faces.resource/jquery/jquery-plugins.js?ln=primefaces&v=4.0 HTTP/1.1" 304 -
181.53.13.116 - - [17/Aug/2023:13:25:56 -0500] "GET /sipse/faces/javax.faces.resource/primefaces.js?ln=primefaces&v=4.0 HTTP/1.1" 304 -
181.53.13.116 - - [17/Aug/2023:13:25:57 -0500] "GET /sipse/faces/javax.faces.resource/layout/layout.js?ln=primefaces&v=4.0 HTTP/1.1" 304 -
181.53.13.116 - - [17/Aug/2023:13:25:57 -0500] "GET /sipse/css/v_mergente.css HTTP/1.1" 304 -
181.53.13.116 - - [17/Aug/2023:13:25:57 -0500] "GET /sipse/imagenes/cargando.gif HTTP/1.1" 304 -
181.53.13.116 - - [17/Aug/2023:13:25:57 -0500] "GET /sipse/imagenes/logoAplicacion.jpg HTTP/1.1" 304 -
181.53.13.116 - - [17/Aug/2023:13:25:57 -0500] "GET /sipse/css/imagen/contrasena.png HTTP/1.1" 404 383
181.53.13.116 - - [17/Aug/2023:13:25:57 -0500] "GET /sipse/faces/javax.faces.resource/messages/messages.png?ln=primefaces&v=4.0 HTTP/1.1" 304 -
181.53.13.116 - - [17/Aug/2023:13:26:00 -0500] "GET /sipse/faces/javax.faces.resource/images/ui-bg_flat_0_2d5972_40x100.png?ln=primefaces-aristo HTTP/1.1" 304 -
181.53.13.116 - - [17/Aug/2023:13:26:00 -0500] "POST /sipse/faces/bienvenido.xhtml HTTP/1.1" 200 1471
181.53.13.116 - - [17/Aug/2023:13:26:01 -0500] "POST /sipse/faces/bienvenido.xhtml HTTP/1.1" 200 56450
181.53.13.116 - - [17/Aug/2023:13:26:02 -0500] "GET /sipse/faces/javax.faces.resource/theme.css?ln=primefaces-sipse HTTP/1.1" 304 -
181.53.13.116 - - [17/Aug/2023:13:26:02 -0500] "GET /sipse/faces/javax.faces.resource/layout/layout.css?ln=primefaces&v=4.0 HTTP/1.1" 304 -
181.53.13.116 - - [17/Aug/2023:13:26:02 -0500] "GET /sipse/faces/javax.faces.resource/primefaces.css?ln=primefaces&v=4.0 HTTP/1.1" 304 -
181.53.13.116 - - [17/Aug/2023:13:26:02 -0500] "GET /sipse/faces/javax.faces.resource/jquery/jquery.js?ln=primefaces&v=4.0 HTTP/1.1" 304 -
181.53.13.116 - - [17/Aug/2023:13:26:02 -0500] "GET /sipse/faces/javax.faces.resource/jquery/jquery-plugins.js?ln=primefaces&v=4.0 HTTP/1.1" 304 -
181.53.13.116 - - [17/Aug/2023:13:26:02 -0500] "GET /sipse/faces/javax.faces.resource/primefaces.js?ln=primefaces&v=4.0 HTTP/1.1" 304 -
181.53.13.116 - - [17/Aug/2023:13:26:02 -0500] "GET /sipse/faces/javax.faces.resource/layout/layout.js?ln=primefaces&v=4.0 HTTP/1.1" 304 -
181.53.13.116 - - [17/Aug/2023:13:26:02 -0500] "POST /sipse/faces/presentacion/financiero/solicitudProceso/listarSolicitudProceso.xhtml HTTP/1.1" 200 1540
201.245.192.253 - - [17/Aug/2023:13:26:35 -0500] "POST /forms/lservlet;jsessionid=ac16012b30d63c69d1acab484d25a6a7ac94400030ae.e3iSbxaKaheRe34LahmRaNuQc41ynknvrkLOlQzNp65In0 HTTP/1.1" 200 2
190.125.160.225 - - [17/Aug/2023:13:27:20 -0500] "GET /bogota-empieza-la-consolidacion-de-la-estrategia-de-bosques-urbanos-con-el-brazo-salitre-en-barrios-unidos.html?utm_source=Meta_DIGI&utm_medium=CPV&utm_campaign=BosquesUrbanos&utm_id=Agosto_2023&fbclid=IwAR15LqmvUEbOOSmz0bIIVrTedAHA8vOpl-S6hFzgSDjF_RqIb21IjosZeOk_aem_AS2HlH0SaQY_bVRyCZE03i9aALBveZ8qxmg9pK0m5g2Mt1JBB-wYeXc5IS6aqICyYt57auaUBFOH7KIPhL01uGcj HTTP/1.1" 200 892
216.245.221.92 - - [17/Aug/2023:13:27:22 -0500] "HEAD / HTTP/1.1" 200 -
201.245.192.253 - - [17/Aug/2023:13:27:33 -0500] "POST /forms/lservlet;jsessionid=ac16012b30d6f01e0f58504c416a95f18c6006acbac1.e3iSbxaKaheRe34LahmRaNuQc41ynknvrkLOlQzNp65In0 HTTP/1.1" 200 2
201.245.192.253 - - [17/Aug/2023:13:28:35 -0500] "POST /forms/lservlet;jsessionid=ac16012b30d63c69d1acab484d25a6a7ac94400030ae.e3iSbxaKaheRe34LahmRaNuQc41ynknvrkLOlQzNp65In0 HTTP/1.1" 200 2
201.245.192.253 - - [17/Aug/2023:13:28:35 -0500] "POST /kwsrmcab/Wsrmcab HTTP/1.1" 200 42595
201.245.192.253 - - [17/Aug/2023:13:28:38 -0500] "POST /kwsrmcab/Wsrmcab HTTP/1.1" 200 41842
190.248.240.16 - - [17/Aug/2023:13:28:45 -0500] "GET /bogota-empieza-la-consolidacion-de-la-estrategia-de-bosques-urbanos-con-el-brazo-salitre-en-barrios-unidos.html?utm_source=Meta_DIGI&utm_medium=CPV&utm_campaign=BosquesUrbanos&utm_id=Agosto_2023&fbclid=IwAR3CZjByEiPlLo67LKP7-PzHDonDrcxEEB36BcuTNvpHeD0ZClN3aJAKpSs_aem_AS2wcbdhvaQdIYJEQyejitbZFDq67W1gFIpFSoCwdC48awUTQIfZDDuGzaqWuOHDpSGcVgO14-KW5hme1f4LEW8F HTTP/1.1" 200 892
201.245.192.253 - - [17/Aug/2023:13:29:00 -0500] "POST /kwsrmcab/Wsrmcab  HTTP/1.1" 200 42119
191.156.225.210 - - [17/Aug/2023:13:29:26 -0500] "GET /bogota-empieza-la-consolidacion-de-la-estrategia-de-bosques-urbanos-con-el-brazo-salitre-en-barrios-unidos.html?utm_source=Meta_DIGI&utm_medium=CPV&utm_campaign=BosquesUrbanos&utm_id=Agosto_2023&fbclid=IwAR1X4JxJ9o7PLMeJ640ANbU8nNU-CsGZMy1ylv4loSl6vZjxFZIMRHMaAX8_aem_AS26yhn_lbFbpWkI2JT_U9HV0TUnUqyoOYVBAXa0jYc-nocaW1l1o-Tj71rqCzmrP7RP30THJWd4_2Tp2tz2mGVN HTTP/1.1" 200 892
201.245.192.253 - - [17/Aug/2023:13:29:33 -0500] "POST /forms/lservlet;jsessionid=ac16012b30d6f01e0f58504c416a95f18c6006acbac1.e3iSbxaKaheRe34LahmRaNuQc41ynknvrkLOlQzNp65In0 HTTP/1.1" 200 2
172.22.2.4 - - [17/Aug/2023:13:28:41 -0500] "HEAD /BLA/boletinlegal/ HTTP/1.1" 200 -
201.245.192.253 - - [17/Aug/2023:13:30:35 -0500] "POST /forms/lservlet;jsessionid=ac16012b30d63c69d1acab484d25a6a7ac94400030ae.e3iSbxaKaheRe34LahmRaNuQc41ynknvrkLOlQzNp65In0 HTTP/1.1" 200 2
201.245.192.253 - - [17/Aug/2023:13:30:50 -0500] "POST /sipse/faces/presentacion/financiero/modificacionContrato/cargarModifiacion.xhtml HTTP/1.1" 200 143785
201.245.192.253 - - [17/Aug/2023:13:30:51 -0500] "GET /sipse/faces/javax.faces.resource/theme.css?ln=primefaces-sipse HTTP/1.1" 304 -
201.245.192.253 - - [17/Aug/2023:13:30:51 -0500] "GET /sipse/faces/javax.faces.resource/primefaces.css?ln=primefaces&v=4.0 HTTP/1.1" 304 -
201.245.192.253 - - [17/Aug/2023:13:30:51 -0500] "GET /sipse/css/imagen/contrasena.png HTTP/1.1" 404 383
201.245.192.253 - - [17/Aug/2023:13:30:51 -0500] "GET /sipse/faces/javax.faces.resource/layout/layout.css?ln=primefaces&v=4.0 HTTP/1.1" 304 -
201.245.192.253 - - [17/Aug/2023:13:30:51 -0500] "GET /sipse/faces/javax.faces.resource/jquery/jquery.js?ln=primefaces&v=4.0 HTTP/1.1" 304 -
201.245.192.253 - - [17/Aug/2023:13:30:51 -0500] "GET /sipse/faces/javax.faces.resource/jquery/jquery-plugins.js?ln=primefaces&v=4.0 HTTP/1.1" 304 -
201.245.192.253 - - [17/Aug/2023:13:30:51 -0500] "GET /sipse/faces/javax.faces.resource/primefaces.js?ln=primefaces&v=4.0 HTTP/1.1" 304 -
201.245.192.253 - - [17/Aug/2023:13:30:51 -0500] "GET /sipse/faces/javax.faces.resource/layout/layout.js?ln=primefaces&v=4.0 HTTP/1.1" 304 -
201.245.192.253 - - [17/Aug/2023:13:30:51 -0500] "GET /sipse/faces/javax.faces.resource/images/ui-icons_898989_256x240.png?ln=primefaces-aristo HTTP/1.1" 304 -
201.245.192.253 - - [17/Aug/2023:13:31:01 -0500] "POST /sipse/faces/presentacion/financiero/solicitudProceso/consultarSolicitudProceso.xhtml HTTP/1.1" 200 164290
172.22.2.4 - - [17/Aug/2023:13:29:31 -0500] "GET /BLA/boletinlegal/ HTTP/1.1" 200 56257
186.145.89.84 - - [17/Aug/2023:13:31:33 -0500] "GET /bogota-empieza-la-consolidacion-de-la-estrategia-de-bosques-urbanos-con-el-brazo-salitre-en-barrios-unidos.html?utm_source=Meta_DIGI&utm_medium=CPV&utm_campaign=BosquesUrbanos&utm_id=Agosto_2023&fbclid=IwAR07IAxri9noX-UrcYKBy8-tYRpGsWLi1bKt-aAENXREiV0Jlel6010vMFw_aem_AS2vRxGKHqHKryIR_LS_NOhwpMpmUiu8FsH5s5JJe4FFRgRJnPsLiT1E4X36bKpvcv5IqI1pgYT6jz0zySu3uXHm HTTP/1.1" 200 892
201.245.192.253 - - [17/Aug/2023:13:31:33 -0500] "POST /forms/lservlet;jsessionid=ac16012b30d6f01e0f58504c416a95f18c6006acbac1.e3iSbxaKaheRe34LahmRaNuQc41ynknvrkLOlQzNp65In0 HTTP/1.1" 200 2
201.245.192.253 - - [17/Aug/2023:13:32:01 -0500] "GET /sipse/faces/javax.faces.resource/images/ui-bg_flat_0_2d5972_40x100.png?ln=primefaces-aristo HTTP/1.1" 304 -
201.245.192.253 - - [17/Aug/2023:13:32:01 -0500] "POST /sipse/faces/presentacion/financiero/solicitudProceso/consultarSolicitudProceso.xhtml HTTP/1.1" 200 40524
201.245.192.253 - - [17/Aug/2023:13:32:01 -0500] "GET /sipse/faces/javax.faces.resource/primefaces.css?ln=primefaces&v=4.0 HTTP/1.1" 304 -
201.245.192.253 - - [17/Aug/2023:13:32:01 -0500] "GET /sipse/faces/javax.faces.resource/theme.css?ln=primefaces-sipse HTTP/1.1" 304 -
201.245.192.253 - - [17/Aug/2023:13:32:01 -0500] "GET /sipse/faces/javax.faces.resource/layout/layout.css?ln=primefaces&v=4.0 HTTP/1.1" 304 -
201.245.192.253 - - [17/Aug/2023:13:32:01 -0500] "GET /sipse/faces/javax.faces.resource/jquery/jquery.js?ln=primefaces&v=4.0 HTTP/1.1" 304 -
201.245.192.253 - - [17/Aug/2023:13:32:01 -0500] "GET /sipse/faces/javax.faces.resource/jquery/jquery-plugins.js?ln=primefaces&v=4.0 HTTP/1.1" 304 -
201.245.192.253 - - [17/Aug/2023:13:32:01 -0500] "GET /sipse/faces/javax.faces.resource/primefaces.js?ln=primefaces&v=4.0 HTTP/1.1" 304 -
201.245.192.253 - - [17/Aug/2023:13:32:01 -0500] "GET /sipse/faces/javax.faces.resource/layout/layout.js?ln=primefaces&v=4.0 HTTP/1.1" 304 -
201.245.192.253 - - [17/Aug/2023:13:32:09 -0500] "POST /sipse/faces/presentacion/financiero/modificacionContrato/cargarModifiacion.xhtml HTTP/1.1" 200 143785
201.245.192.253 - - [17/Aug/2023:13:32:10 -0500] "GET /sipse/faces/javax.faces.resource/theme.css?ln=primefaces-sipse HTTP/1.1" 304 -
201.245.192.253 - - [17/Aug/2023:13:32:10 -0500] "GET /sipse/faces/javax.faces.resource/primefaces.css?ln=primefaces&v=4.0 HTTP/1.1" 304 -
201.245.192.253 - - [17/Aug/2023:13:32:10 -0500] "GET /sipse/faces/javax.faces.resource/layout/layout.css?ln=primefaces&v=4.0 HTTP/1.1" 304 -
201.245.192.253 - - [17/Aug/2023:13:32:10 -0500] "GET /sipse/faces/javax.faces.resource/jquery/jquery.js?ln=primefaces&v=4.0 HTTP/1.1" 304 -
201.245.192.253 - - [17/Aug/2023:13:32:10 -0500] "GET /sipse/faces/javax.faces.resource/jquery/jquery-plugins.js?ln=primefaces&v=4.0 HTTP/1.1" 304 -
201.245.192.253 - - [17/Aug/2023:13:32:10 -0500] "GET /sipse/faces/javax.faces.resource/primefaces.js?ln=primefaces&v=4.0 HTTP/1.1" 304 -
201.245.192.253 - - [17/Aug/2023:13:32:10 -0500] "GET /sipse/faces/javax.faces.resource/layout/layout.js?ln=primefaces&v=4.0 HTTP/1.1" 304 -
216.245.221.92 - - [17/Aug/2023:13:32:22 -0500] "HEAD / HTTP/1.1" 200 -
201.245.192.253 - - [17/Aug/2023:13:32:35 -0500] "POST /forms/lservlet;jsessionid=ac16012b30d63c69d1acab484d25a6a7ac94400030ae.e3iSbxaKaheRe34LahmRaNuQc41ynknvrkLOlQzNp65In0 HTTP/1.1" 200 2
201.245.192.253 - - [17/Aug/2023:13:32:42 -0500] "POST /sipse/faces/presentacion/financiero/solicitudProceso/consultarSolicitudProceso.xhtml HTTP/1.1" 200 164290
186.30.167.141 - - [17/Aug/2023:13:33:12 -0500] "GET /bogota-empieza-la-consolidacion-de-la-estrategia-de-bosques-urbanos-con-el-brazo-salitre-en-barrios-unidos.html?utm_source=Meta_DIGI&utm_medium=CPV&utm_campaign=BosquesUrbanos&utm_id=Agosto_2023&fbclid=IwAR1YnM-p_SKRj1iPU_M9CQ1LF8uE-Jm6UavfyGqBftz7OtyakAt8HiH-SSo_aem_AS1gYRQLqSqQplug6xacjgRyd_i-ZPIPK0F2v0T18eFdHphXWJ1QxkD6iXGpyK2zAPtuzAVyL_xQZ7RS9Sj5cAt6 HTTP/1.1" 200 892
201.245.192.253 - - [17/Aug/2023:13:33:26 -0500] "POST /sipse/faces/presentacion/financiero/solicitudProceso/consultarSolicitudProceso.xhtml HTTP/1.1" 200 40524
201.245.192.253 - - [17/Aug/2023:13:33:26 -0500] "GET /sipse/faces/javax.faces.resource/theme.css?ln=primefaces-sipse HTTP/1.1" 304 -
201.245.192.253 - - [17/Aug/2023:13:33:26 -0500] "GET /sipse/faces/javax.faces.resource/layout/layout.css?ln=primefaces&v=4.0 HTTP/1.1" 304 -
201.245.192.253 - - [17/Aug/2023:13:33:26 -0500] "GET /sipse/faces/javax.faces.resource/primefaces.css?ln=primefaces&v=4.0 HTTP/1.1" 304 -
201.245.192.253 - - [17/Aug/2023:13:33:26 -0500] "GET /sipse/faces/javax.faces.resource/jquery/jquery.js?ln=primefaces&v=4.0 HTTP/1.1" 304 -
201.245.192.253 - - [17/Aug/2023:13:33:26 -0500] "GET /sipse/faces/javax.faces.resource/jquery/jquery-plugins.js?ln=primefaces&v=4.0 HTTP/1.1" 304 -
201.245.192.253 - - [17/Aug/2023:13:33:26 -0500] "GET /sipse/faces/javax.faces.resource/primefaces.js?ln=primefaces&v=4.0 HTTP/1.1" 304 -
201.245.192.253 - - [17/Aug/2023:13:33:26 -0500] "GET /sipse/faces/javax.faces.resource/layout/layout.js?ln=primefaces&v=4.0 HTTP/1.1" 304 -
201.245.192.253 - - [17/Aug/2023:13:33:33 -0500] "POST /forms/lservlet;jsessionid=ac16012b30d6f01e0f58504c416a95f18c6006acbac1.e3iSbxaKaheRe34LahmRaNuQc41ynknvrkLOlQzNp65In0 HTTP/1.1" 200 2
201.245.192.253 - - [17/Aug/2023:13:33:58 -0500] "POST /kwsrmcab/Wsrmcab  HTTP/1.1" 200 42119
191.95.173.253 - - [17/Aug/2023:13:34:15 -0500] "GET /bogota-empieza-la-consolidacion-de-la-estrategia-de-bosques-urbanos-con-el-brazo-salitre-en-barrios-unidos.html?utm_source=Meta_DIGI&utm_medium=CPV&utm_campaign=BosquesUrbanos&utm_id=Agosto_2023&fbclid=IwAR2b9rQ7H3bXFsBCs005SgV0LORUGyvoj1XLsbUpts0KZzkdgD8Ff_1o1Q4_aem_AS12DVUTRgaP2hiaFoQLjNEpXPlfrSuDZrYPvTxmwSNMfZomqO17pvOGt-6GNLtK4HUpYpQl8cqNxCqqMM26xyD8 HTTP/1.1" 200 892
201.245.192.253 - - [17/Aug/2023:13:34:35 -0500] "POST /forms/lservlet;jsessionid=ac16012b30d63c69d1acab484d25a6a7ac94400030ae.e3iSbxaKaheRe34LahmRaNuQc41ynknvrkLOlQzNp65In0 HTTP/1.1" 200 2
173.252.107.117 - - [17/Aug/2023:13:34:35 -0500] "GET /manos-reparadoras-protagonistas-en-la-segunda-feria-de-moda-sostenible.html HTTP/1.1" 200 774
173.252.107.4 - - [17/Aug/2023:13:34:35 -0500] "GET /manos-reparadoras-protagonistas-en-la-segunda-feria-de-moda-sostenible.html HTTP/1.1" 200 774
173.252.79.1 - - [17/Aug/2023:13:34:36 -0500] "GET /images/manos-reparadoras-plaza-americas-1.jpg HTTP/1.1" 200 47593
201.245.192.253 - - [17/Aug/2023:13:35:33 -0500] "POST /forms/lservlet;jsessionid=ac16012b30d6f01e0f58504c416a95f18c6006acbac1.e3iSbxaKaheRe34LahmRaNuQc41ynknvrkLOlQzNp65In0 HTTP/1.1" 200 2
191.156.59.42 - - [17/Aug/2023:13:36:03 -0500] "GET /bogota-empieza-la-consolidacion-de-la-estrategia-de-bosques-urbanos-con-el-brazo-salitre-en-barrios-unidos.html?utm_source=Meta_DIGI&utm_medium=CPV&utm_campaign=BosquesUrbanos&utm_id=Agosto_2023&fbclid=IwAR1MO5oYeinILg10SSe1SBIRsv77m1ImEb0mubaHm_7ZJDhngSWu12gNj_8_aem_AS0TDkh2Fi3fHQtC9BLJ_12c7HWQkEGsK-JdfH3P9EYR10EJee86Fffj_pnB3kx3e4oFwJFoGgouNc39xeT7wVe_ HTTP/1.1" 200 892
172.22.2.4 - - [17/Aug/2023:13:34:31 -0500] "HEAD /BLA/boletinlegal/ HTTP/1.1" 200 -
192.168.172.22 - - [17/Aug/2023:13:36:04 -0500] "GET /BLA/boletinlegal/admin/index.php HTTP/1.1" 200 5692
192.168.172.22 - - [17/Aug/2023:13:36:16 -0500] "GET /BLA/boletinlegal/admin/index_files/index_files/tback.gif HTTP/1.1" 404 1322
192.168.172.22 - - [17/Aug/2023:13:36:18 -0500] "GET /BLA/boletinlegal/admin/actos/ingresar.php HTTP/1.1" 200 7209
201.245.192.253 - - [17/Aug/2023:13:36:35 -0500] "POST /forms/lservlet;jsessionid=ac16012b30d63c69d1acab484d25a6a7ac94400030ae.e3iSbxaKaheRe34LahmRaNuQc41ynknvrkLOlQzNp65In0 HTTP/1.1" 200 2
172.22.2.4 - - [17/Aug/2023:13:35:21 -0500] "GET /BLA/boletinlegal/ HTTP/1.1" 200 60692
216.245.221.92 - - [17/Aug/2023:13:37:22 -0500] "HEAD / HTTP/1.1" 200 -
201.245.192.253 - - [17/Aug/2023:13:37:33 -0500] "POST /forms/lservlet;jsessionid=ac16012b30d6f01e0f58504c416a95f18c6006acbac1.e3iSbxaKaheRe34LahmRaNuQc41ynknvrkLOlQzNp65In0 HTTP/1.1" 200 2
162.55.37.148 - - [17/Aug/2023:13:37:37 -0500] "GET / HTTP/1.1" 200 4720
162.55.37.148 - - [17/Aug/2023:13:37:39 -0500] "GET / HTTP/1.1" 200 319
172.22.2.4 - - [17/Aug/2023:13:37:56 -0500] "GET /BLA/boletinlegal/robots.txt HTTP/1.1" 404 1038
172.22.2.4 - - [17/Aug/2023:13:37:57 -0500] "GET /BLA/boletinlegal/jurisprudencia.php HTTP/1.1" 200 17583
201.245.192.253 - - [17/Aug/2023:13:38:35 -0500] "POST /forms/lservlet;jsessionid=ac16012b30d63c69d1acab484d25a6a7ac94400030ae.e3iSbxaKaheRe34LahmRaNuQc41ynknvrkLOlQzNp65In0 HTTP/1.1" 200 2
201.245.192.253 - - [17/Aug/2023:13:38:35 -0500] "POST /kwsrmcab/Wsrmcab HTTP/1.1" 200 42595
201.245.192.253 - - [17/Aug/2023:13:38:39 -0500] "POST /kwsrmcab/Wsrmcab HTTP/1.1" 200 41842
201.245.192.253 - - [17/Aug/2023:13:38:58 -0500] "POST /kwsrmcab/Wsrmcab  HTTP/1.1" 200 42119
201.245.192.253 - - [17/Aug/2023:13:39:33 -0500] "POST /forms/lservlet;jsessionid=ac16012b30d6f01e0f58504c416a95f18c6006acbac1.e3iSbxaKaheRe34LahmRaNuQc41ynknvrkLOlQzNp65In0 HTTP/1.1" 200 2
201.245.192.253 - - [17/Aug/2023:13:40:35 -0500] "POST /forms/lservlet;jsessionid=ac16012b30d63c69d1acab484d25a6a7ac94400030ae.e3iSbxaKaheRe34LahmRaNuQc41ynknvrkLOlQzNp65In0 HTTP/1.1" 200 2
192.168.172.22 - - [17/Aug/2023:13:41:04 -0500] "POST /BLA/boletinlegal/admin/actos/ingresar.php HTTP/1.1" 200 7302
173.252.111.120 - - [17/Aug/2023:13:41:09 -0500] "GET /mas-de-70-animales-silvestres-regresaron-a-la-libertad-en-el-humedal-juan-amarillo.html HTTP/1.1" 200 958
192.168.172.22 - - [17/Aug/2023:13:41:15 -0500] "GET /BLA/boletinlegal/consulta_actos.php?tipo=autos&no=4473&usuario=&sector=&fecha=2023&resuelve= HTTP/1.1" 200 1074
172.22.2.4 - - [17/Aug/2023:13:41:19 -0500] "GET /BLA/boletinlegal/robots.txt HTTP/1.1" 404 1037
201.245.192.253 - - [17/Aug/2023:13:41:33 -0500] "POST /forms/lservlet;jsessionid=ac16012b30d6f01e0f58504c416a95f18c6006acbac1.e3iSbxaKaheRe34LahmRaNuQc41ynknvrkLOlQzNp65In0 HTTP/1.1" 200 2
172.22.2.4 - - [17/Aug/2023:13:40:21 -0500] "HEAD /BLA/boletinlegal/ HTTP/1.1" 200 -
152.203.242.135 - - [17/Aug/2023:13:42:06 -0500] "GET /bogota-empieza-la-consolidacion-de-la-estrategia-de-bosques-urbanos-con-el-brazo-salitre-en-barrios-unidos.html?utm_source=Meta_DIGI&utm_medium=CPV&utm_campaign=BosquesUrbanos&utm_id=Agosto_2023&fbclid=IwAR2RLCAqSdVrWiVx4Mu8k--RwF6RCMbGDy8mN0UmJb-ixrkANtfpkk2aFa4_aem_AS3JaujXnemiDS1nWzwfjDHOG34rKKmXzK0j0KFkKMUXf9I9KACg7omb-uo2leFe13BT5eetC_FcQ6xA0W2Db1Ui HTTP/1.1" 200 892
216.245.221.92 - - [17/Aug/2023:13:42:21 -0500] "HEAD / HTTP/1.1" 200 -
201.245.192.253 - - [17/Aug/2023:13:42:35 -0500] "POST /forms/lservlet;jsessionid=ac16012b30d63c69d1acab484d25a6a7ac94400030ae.e3iSbxaKaheRe34LahmRaNuQc41ynknvrkLOlQzNp65In0 HTTP/1.1" 200 2
172.22.2.4 - - [17/Aug/2023:13:41:11 -0500] "GET /BLA/boletinlegal/ HTTP/1.1" 200 40981
172.22.2.4 - - [17/Aug/2023:13:41:20 -0500] "GET /BLA/boletinlegal/ HTTP/1.1" 200 42736
191.156.235.163 - - [17/Aug/2023:13:43:17 -0500] "GET /bogota-empieza-la-consolidacion-de-la-estrategia-de-bosques-urbanos-con-el-brazo-salitre-en-barrios-unidos.html?utm_source=Meta_DIGI&utm_medium=CPV&utm_campaign=BosquesUrbanos&utm_id=Agosto_2023&fbclid=IwAR3tuN-gTS4fEbu-wSg7I3-1pAiDmzcHF9mcZxzoasvx2WJAgE_EKj9VY0E_aem_AS0xQ69H7SCn4FhoOup9o06Uf0ZTLUsvM6oA8PHxo72xQuxtcRDJXIvq7IO1BI5TfVCLO2GbEbTRHJHg4kqpa6cb HTTP/1.1" 200 892
201.245.192.253 - - [17/Aug/2023:13:43:33 -0500] "POST /forms/lservlet;jsessionid=ac16012b30d6f01e0f58504c416a95f18c6006acbac1.e3iSbxaKaheRe34LahmRaNuQc41ynknvrkLOlQzNp65In0 HTTP/1.1" 200 2
201.245.192.253 - - [17/Aug/2023:13:43:57 -0500] "POST /kwsrmcab/Wsrmcab  HTTP/1.1" 200 42119
80.94.93.210 - - [17/Aug/2023:13:44:30 -0500] "GET / HTTP/1.1" 200 319
201.245.192.253 - - [17/Aug/2023:13:44:35 -0500] "POST /forms/lservlet;jsessionid=ac16012b30d63c69d1acab484d25a6a7ac94400030ae.e3iSbxaKaheRe34LahmRaNuQc41ynknvrkLOlQzNp65In0 HTTP/1.1" 200 2
201.244.111.27 - - [17/Aug/2023:13:44:44 -0500] "GET /sipse/faces/index.xhtml HTTP/1.1" 200 677
201.244.111.27 - - [17/Aug/2023:13:44:45 -0500] "GET /sipse/faces/javax.faces.resource/theme.css?ln=primefaces-sipse HTTP/1.1" 200 50058
201.244.111.27 - - [17/Aug/2023:13:44:46 -0500] "GET /sipse/faces/faces/autenticacion.xhtml HTTP/1.1" 200 12171
201.244.111.27 - - [17/Aug/2023:13:44:46 -0500] "GET /sipse/faces/javax.faces.resource/theme.css?ln=primefaces-sipse HTTP/1.1" 304 -
201.244.111.27 - - [17/Aug/2023:13:44:46 -0500] "GET /sipse/faces/javax.faces.resource/primefaces.css?ln=primefaces&v=4.0 HTTP/1.1" 304 -
201.244.111.27 - - [17/Aug/2023:13:44:46 -0500] "GET /sipse/faces/javax.faces.resource/layout/layout.css?ln=primefaces&v=4.0 HTTP/1.1" 304 -
201.244.111.27 - - [17/Aug/2023:13:44:46 -0500] "GET /sipse/faces/javax.faces.resource/jquery/jquery.js?ln=primefaces&v=4.0 HTTP/1.1" 304 -
201.244.111.27 - - [17/Aug/2023:13:44:46 -0500] "GET /sipse/faces/javax.faces.resource/layout/layout.js?ln=primefaces&v=4.0 HTTP/1.1" 304 -
201.244.111.27 - - [17/Aug/2023:13:44:46 -0500] "GET /sipse/faces/javax.faces.resource/primefaces.js?ln=primefaces&v=4.0 HTTP/1.1" 304 -
201.244.111.27 - - [17/Aug/2023:13:44:46 -0500] "GET /sipse/faces/javax.faces.resource/jquery/jquery-plugins.js?ln=primefaces&v=4.0 HTTP/1.1" 304 -
201.244.111.27 - - [17/Aug/2023:13:44:46 -0500] "GET /sipse/css/imagen/logoSDG.png HTTP/1.1" 200 53064
201.244.111.27 - - [17/Aug/2023:13:44:46 -0500] "GET /sipse/css/imagen/loginimg.png HTTP/1.1" 200 71635
201.244.111.27 - - [17/Aug/2023:13:44:46 -0500] "GET /sipse/faces/javax.faces.resource/images/ui-icons_898989_256x240.png?ln=primefaces-aristo HTTP/1.1" 200 5355
201.244.111.27 - - [17/Aug/2023:13:44:49 -0500] "POST /sipse/faces/autenticacion.xhtml HTTP/1.1" 200 2220
201.244.111.27 - - [17/Aug/2023:13:44:49 -0500] "GET /sipse/faces/javax.faces.resource/messages/messages.png?ln=primefaces&v=4.0 HTTP/1.1" 304 -
201.244.111.27 - - [17/Aug/2023:13:44:50 -0500] "POST /sipse/faces/autenticacion.xhtml HTTP/1.1" 200 16360
201.244.111.27 - - [17/Aug/2023:13:44:50 -0500] "GET /sipse/faces/javax.faces.resource/jquery/jquery.js?ln=primefaces&v=4.0 HTTP/1.1" 304 -
201.244.111.27 - - [17/Aug/2023:13:44:50 -0500] "GET /sipse/faces/javax.faces.resource/jquery/jquery-plugins.js?ln=primefaces&v=4.0 HTTP/1.1" 304 -
201.244.111.27 - - [17/Aug/2023:13:44:50 -0500] "GET /sipse/faces/javax.faces.resource/primefaces.js?ln=primefaces&v=4.0 HTTP/1.1" 304 -
201.244.111.27 - - [17/Aug/2023:13:44:50 -0500] "GET /sipse/faces/javax.faces.resource/layout/layout.js?ln=primefaces&v=4.0 HTTP/1.1" 304 -
201.244.111.27 - - [17/Aug/2023:13:44:50 -0500] "GET /sipse/css/imagen/contrasena.png HTTP/1.1" 404 383
201.244.111.27 - - [17/Aug/2023:13:44:52 -0500] "GET /sipse/faces/javax.faces.resource/images/ui-bg_flat_0_2d5972_40x100.png?ln=primefaces-aristo HTTP/1.1" 304 -
201.244.111.27 - - [17/Aug/2023:13:44:52 -0500] "POST /sipse/faces/bienvenido.xhtml HTTP/1.1" 200 2658
201.244.111.27 - - [17/Aug/2023:13:44:53 -0500] "POST /sipse/faces/bienvenido.xhtml HTTP/1.1" 200 64353
201.244.111.27 - - [17/Aug/2023:13:44:54 -0500] "GET /sipse/faces/javax.faces.resource/jquery/jquery.js?ln=primefaces&v=4.0 HTTP/1.1" 304 -
201.244.111.27 - - [17/Aug/2023:13:44:54 -0500] "GET /sipse/faces/javax.faces.resource/jquery/jquery-plugins.js?ln=primefaces&v=4.0 HTTP/1.1" 304 -
201.244.111.27 - - [17/Aug/2023:13:44:54 -0500] "GET /sipse/faces/javax.faces.resource/primefaces.js?ln=primefaces&v=4.0 HTTP/1.1" 304 -
201.244.111.27 - - [17/Aug/2023:13:44:54 -0500] "GET /sipse/faces/javax.faces.resource/layout/layout.js?ln=primefaces&v=4.0 HTTP/1.1" 304 -
201.244.111.27 - - [17/Aug/2023:13:44:54 -0500] "POST /sipse/faces/presentacion/financiero/solicitudProceso/listarSolicitudProceso.xhtml HTTP/1.1" 200 1556
201.244.111.27 - - [17/Aug/2023:13:44:56 -0500] "POST /sipse/faces/presentacion/financiero/solicitudProceso/listarSolicitudProceso.xhtml HTTP/1.1" 200 16634
201.245.192.253 - - [17/Aug/2023:13:45:33 -0500] "POST /forms/lservlet;jsessionid=ac16012b30d6f01e0f58504c416a95f18c6006acbac1.e3iSbxaKaheRe34LahmRaNuQc41ynknvrkLOlQzNp65In0 HTTP/1.1" 200 2
64.124.8.35 - - [17/Aug/2023:13:45:37 -0500] "GET /robots.txt HTTP/1.1" 404 1018
64.124.8.35 - - [17/Aug/2023:13:45:37 -0500] "GET /galeria/galeria/fotos/Entrenube3P.jpg HTTP/1.1" 200 8487
45.65.234.21 - - [17/Aug/2023:13:45:45 -0500] "GET /bogota-empieza-la-consolidacion-de-la-estrategia-de-bosques-urbanos-con-el-brazo-salitre-en-barrios-unidos.html?utm_source=Meta_DIGI&utm_medium=CPV&utm_campaign=BosquesUrbanos&utm_id=Agosto_2023&fbclid=IwAR3ofYz4IGMdzRy_D6u_Y90_MNJss897Ger7C4IOs6AMtJe6py2-5xrOg7I_aem_AS1iYatcrVrHM83dy__YCjCpzR7J3lzPbAog42iH7m_Biidh4DU7aa37DUXQtxmMrcINJ2yVIAjA9j1wUIPJL4e4 HTTP/1.1" 200 892
172.22.2.4 - - [17/Aug/2023:13:45:47 -0500] "GET /BLA/boletinlegal/style.css HTTP/1.1" 200 9406
201.245.192.253 - - [17/Aug/2023:13:46:35 -0500] "POST /forms/lservlet;jsessionid=ac16012b30d63c69d1acab484d25a6a7ac94400030ae.e3iSbxaKaheRe34LahmRaNuQc41ynknvrkLOlQzNp65In0 HTTP/1.1" 200 2
186.102.63.198 - - [17/Aug/2023:13:47:14 -0500] "GET /kwssiamovil/sm/acme/a?s=U2FsdGVkX19zUSqMup/jQdxJrWNNgGbnjiW3txa9y7XWQ0FpOlZK8fm5RoEp6ssKMBW7VmCQzLZMYsVg9S3go61MYZgEJJwitKhkWN8JNtUu3NCYux+poRbAlZNgFqyuZKrBiwxnWXKM38CnjKJ84gUjRCgyeSElQnqjj4BsUpE+khmVGD7tQXN9Nn68tULsqAlZUt4nw5r86boLYllXbIabE1O/8Ybpas+Y+ORJyzlMCOjjlqo+2/bg1Z0Pp0PGqphxSY8C5VhADAVt2cqGjQ==&u=U2FsdGVkX18G/cd9liXoxOA9WSoJmgi48/GN1HXt7rE=&y=U2FsdGVkX1+CEqjkyQZDDvkZEuOuP2GMj5sFtIgMFvE= HTTP/1.1" 200 26
186.102.63.198 - - [17/Aug/2023:13:47:15 -0500] "GET /kwssiamovil/sm/acme/a?s=U2FsdGVkX18Z9z9FTkUF+wZLE4EYW5K4f83p/fvflPPwqXV1riXzzqP1p3f4rEBnmn44kj0ltx0owBxVT3hIDY1azipVD+4UmWk90NYKWzRMHUZ119v3uc2jqDyd2LJhVgeSso9AaVB0QiFGg3C7dcTnAZRiXDOuuFU+H0w1tX3dHB+740eOLoUdIkbDfJS0bFGDfBbInjeS6FkK1CTRLoGtKf8GRQdijWIS3QDlmoQrGOBPgjJSo2/SaPRIkyh2C7DNn8z2dn9YtebGXq3iejWxq7W8lYTkDPzV3ikOcdkTsklkTs26yparqNkTk2vF/TbiGKZ13JN6OejcVkd94AI2/uOoipX+hMnQxkau0Uwrup8UjJ4gQyPUWs6R2P4j88LCJ9YEKw34su5TKTns0FCVRmTtIK4ip0S117D4eO0MKeIEgapRM98nGYOy9mbUM85CLOfFT3NtpPXaJRoe0ATAjLhC+wJMrXPN7JUMGCI2HuwsVe0F1UuN+bz94NdsOPX9AOZApVP9OcJYkWHxFo/1N3DPDW6MmVpsMoWpAERVwQGXTQgFBIZzlFf3O1o17WkkYzvfbYxDsEmw6xvTn1cy7RWdBozZuUhu9h54f8q2Q9EeI/zPsT5ulN2zLI/zfDmcRSkoCP2udu7yKZt5d7juWNZVz5GAXo/54H/AGfUw3I8aBsPac0CIqrcmJFzNwYoiNT5wg6tpGL+XKjeRsWYnAeB6OIRuYdwVK4EzrgC0wK/IJVGnYLvKAFJuFlNkCCKwEBq+ZVcDAo27IbT0sSML+ZLZoIIikN+v0mCSVyKaH1ZnEVuFi3yqlD4hvSFeY45KOzuOkSBcI9oh/d12tdSoyBmWDiprchW2alVj6RO9hW0IAnYJFXCexwj4Q+LaVXRo1FACPL6SnhroQq1HHxLJkjRImFq8jwOIIsfLd71BZWrFORHTH6qB//tgfMo14krb6P5wvXjvHQp7g/YhctGP1CwbuNs31pvjL+WP7frwdLV0VXCmYEEfh8+ZhA43gjpapD5voqnJAK8eJtN+wO35iQ/FKb+7fdcRKC2V4Jfu2avRWXv+9b615PoAutZeB1NBtRTCW2r/ZcxftHXj84qUq+74a8BuThlyNXLWGpxXFcxYuIgST8Ei37PqVZ464mrnEJhY1lI6c4HgWhUWeo5MVpHJuTUXR/fyusb6VFMPcjE9qEvruc/ewXHaXwO8dQgAKNpGvGqVmq2VP8kgj4kZjR7O8l+98YAj2rjk7R7kUh1Nj+CrTk7mzFGopDzq&u=U2FsdGVkX18G/cd9liXoxOA9WSoJmgi48/GN1HXt7rE=&y=U2FsdGVkX1+CEqjkyQZDDvkZEuOuP2GMj5sFtIgMFvE= HTTP/1.1" 200 26
186.102.63.198 - - [17/Aug/2023:13:47:15 -0500] "GET /kwssiamovil/sm/acme/a?s=U2FsdGVkX18KipWbvaU/2AHmbESvb4Wd6B1z8higylIBWSgTkRyDeNqjYaww/F38to3006y+d5Cd487ueqLXhPox9eKgAZJLbosSdPvITxsXlB0bv3O/V/jBieoM0KHandmKUcytJc+re22Gh91S18LCqB80ZqqR9Jbz+aR44eY=&u=U2FsdGVkX18G/cd9liXoxOA9WSoJmgi48/GN1HXt7rE=&y=U2FsdGVkX1+CEqjkyQZDDvkZEuOuP2GMj5sFtIgMFvE= HTTP/1.1" 200 26
186.102.63.198 - - [17/Aug/2023:13:47:16 -0500] "GET /kwssiamovil/sm/acme/a?s=U2FsdGVkX19xhUEkh7Vb0pO1nrL4LRZZFHqrluMxJb3U3jqwxifCwlctlXpiOypW/A3H3CIM2nCGYNmmYnAd70Gz2SRachhs2bp2JGDSnS1mvSRh3SmOIDTYJWu1Wmz0zY9gbhEU0N2ilogAbaw6dlZCkoD4pfd2/JFZ8iUmvrs=&u=U2FsdGVkX18G/cd9liXoxOA9WSoJmgi48/GN1HXt7rE=&y=U2FsdGVkX1+CEqjkyQZDDvkZEuOuP2GMj5sFtIgMFvE= HTTP/1.1" 200 26
186.102.63.198 - - [17/Aug/2023:13:47:16 -0500] "GET /kwssiamovil/sm/acme/a?s=U2FsdGVkX1/zfnM12aSe36779nQ5SF+Ka17fFAITBp6M3PRbG0aV5dVGL298en+GLE4Vrq7efgokA+GtmOeD9gyEnqM95AYCafY5hIRcEUNMdyNkuhTPhg/6c9tW4R4hV4ZTptbyWDEWjMuTAddx6d2c/rveEHPNKKfYGj1trKg=&u=U2FsdGVkX18G/cd9liXoxOA9WSoJmgi48/GN1HXt7rE=&y=U2FsdGVkX1+CEqjkyQZDDvkZEuOuP2GMj5sFtIgMFvE= HTTP/1.1" 200 26
186.102.63.198 - - [17/Aug/2023:13:47:16 -0500] "GET /kwssiamovil/sm/acme/a?s=U2FsdGVkX183+4YYxAFrPvD/SyKLzRBNyZUrqWv++UR6p5u4A2rtwMELb5fCOggFqHAf4NUKobEFCDO/8GqGonZJOSkuDaLNbvop4jghPOo7Wszfg/K8UGi0u020CCqP6vH2vnDt3iT6tcHLdCfKZYvLMLPaoqQJynC/9yrvuC6Xyo+3G8Usmk9zmRIzH8Pq&u=U2FsdGVkX18G/cd9liXoxOA9WSoJmgi48/GN1HXt7rE=&y=U2FsdGVkX1+CEqjkyQZDDvkZEuOuP2GMj5sFtIgMFvE= HTTP/1.1" 200 26
216.245.221.92 - - [17/Aug/2023:13:47:21 -0500] "HEAD / HTTP/1.1" 200 -
201.245.192.253 - - [17/Aug/2023:13:47:33 -0500] "POST /forms/lservlet;jsessionid=ac16012b30d6f01e0f58504c416a95f18c6006acbac1.e3iSbxaKaheRe34LahmRaNuQc41ynknvrkLOlQzNp65In0 HTTP/1.1" 200 2
172.22.2.4 - - [17/Aug/2023:13:47:49 -0500] "GET /BLA/boletinlegal/consulta_actos.php?tipo=resoluciones&no=4024&usuario=&sector=&fecha=2018&resuelve= HTTP/1.1" 200 626
172.22.2.4 - - [17/Aug/2023:13:46:11 -0500] "HEAD /BLA/boletinlegal/ HTTP/1.1" 200 -
172.22.2.4 - - [17/Aug/2023:13:47:51 -0500] "GET /BLA/boletinlegal/consulta_actos.php?tipo=resoluciones&no=4024&usuario=&sector=&fecha=2018&resuelve= HTTP/1.1" 200 626
201.245.192.253 - - [17/Aug/2023:13:48:00 -0500] "GET /BLA/resoluciones/index.php?dir=RESOLUCIONES+2008%2F HTTP/1.1" 200 976272
201.245.192.253 - - [17/Aug/2023:13:48:11 -0500] "GET /BLA/resoluciones/RESOLUCIONES%202008/4421.pdf HTTP/1.1" 200 313135
64.124.8.35 - - [17/Aug/2023:13:48:33 -0500] "GET /BLA/boletinlegal/images/screen_1.png HTTP/1.1" 200 202547
201.245.192.253 - - [17/Aug/2023:13:48:35 -0500] "POST /forms/lservlet;jsessionid=ac16012b30d63c69d1acab484d25a6a7ac94400030ae.e3iSbxaKaheRe34LahmRaNuQc41ynknvrkLOlQzNp65In0 HTTP/1.1" 200 2
201.245.192.253 - - [17/Aug/2023:13:48:38 -0500] "GET /BLA/resoluciones/index.php?dir=AUTOS+2008%2F HTTP/1.1" 200 569644
172.22.2.4 - - [17/Aug/2023:13:47:01 -0500] "GET /BLA/boletinlegal/ HTTP/1.1" 200 58187
186.86.33.245 - - [17/Aug/2023:13:48:52 -0500] "GET /sipse/faces/index.xhtml HTTP/1.1" 200 677
186.86.33.245 - - [17/Aug/2023:13:48:52 -0500] "GET /sipse/faces/javax.faces.resource/theme.css?ln=primefaces-sipse HTTP/1.1" 304 -
186.86.33.245 - - [17/Aug/2023:13:48:52 -0500] "GET /sipse/faces/faces/autenticacion.xhtml HTTP/1.1" 200 12171
186.86.33.245 - - [17/Aug/2023:13:48:52 -0500] "GET /sipse/js/disable_browser_buttons.js HTTP/1.1" 304 -
186.86.33.245 - - [17/Aug/2023:13:48:52 -0500] "GET /sipse/faces/javax.faces.resource/primefaces.js?ln=primefaces&v=4.0 HTTP/1.1" 304 -
186.86.33.245 - - [17/Aug/2023:13:48:52 -0500] "GET /sipse/faces/javax.faces.resource/primefaces.css?ln=primefaces&v=4.0 HTTP/1.1" 304 -
186.86.33.245 - - [17/Aug/2023:13:48:52 -0500] "GET /sipse/faces/javax.faces.resource/layout/layout.css?ln=primefaces&v=4.0 HTTP/1.1" 304 -
186.86.33.245 - - [17/Aug/2023:13:48:52 -0500] "GET /sipse/faces/javax.faces.resource/jquery/jquery-plugins.js?ln=primefaces&v=4.0 HTTP/1.1" 304 -
186.86.33.245 - - [17/Aug/2023:13:48:52 -0500] "GET /sipse/faces/javax.faces.resource/jquery/jquery.js?ln=primefaces&v=4.0 HTTP/1.1" 304 -
186.86.33.245 - - [17/Aug/2023:13:48:52 -0500] "GET /sipse/js/funciones.js HTTP/1.1" 304 -
186.86.33.245 - - [17/Aug/2023:13:48:52 -0500] "GET /sipse/faces/javax.faces.resource/layout/layout.js?ln=primefaces&v=4.0 HTTP/1.1" 304 -
186.86.33.245 - - [17/Aug/2023:13:48:52 -0500] "GET /sipse/faces/javax.faces.resource/theme.css?ln=primefaces-sipse HTTP/1.1" 304 -
186.86.33.245 - - [17/Aug/2023:13:48:52 -0500] "GET /sipse/faces/javax.faces.resource/images/ui-icons_898989_256x240.png?ln=primefaces-aristo HTTP/1.1" 304 -
186.86.33.245 - - [17/Aug/2023:13:48:55 -0500] "POST /sipse/faces/autenticacion.xhtml HTTP/1.1" 200 16164
186.86.33.245 - - [17/Aug/2023:13:48:55 -0500] "GET /sipse/js/jquery.min.js HTTP/1.1" 304 -
186.86.33.245 - - [17/Aug/2023:13:48:55 -0500] "GET /sipse/faces/javax.faces.resource/jquery/jquery.js?ln=primefaces&v=4.0 HTTP/1.1" 304 -
186.86.33.245 - - [17/Aug/2023:13:48:55 -0500] "GET /sipse/faces/javax.faces.resource/jquery/jquery-plugins.js?ln=primefaces&v=4.0 HTTP/1.1" 304 -
186.86.33.245 - - [17/Aug/2023:13:48:55 -0500] "GET /sipse/faces/javax.faces.resource/primefaces.js?ln=primefaces&v=4.0 HTTP/1.1" 304 -
186.86.33.245 - - [17/Aug/2023:13:48:55 -0500] "GET /sipse/faces/javax.faces.resource/layout/layout.js?ln=primefaces&v=4.0 HTTP/1.1" 304 -
186.86.33.245 - - [17/Aug/2023:13:48:55 -0500] "GET /sipse/css/imagen/contrasena.png HTTP/1.1" 404 383
186.86.33.245 - - [17/Aug/2023:13:48:55 -0500] "GET /sipse/faces/javax.faces.resource/messages/messages.png?ln=primefaces&v=4.0 HTTP/1.1" 304 -
186.86.33.245 - - [17/Aug/2023:13:48:58 -0500] "GET /sipse/faces/javax.faces.resource/images/ui-bg_flat_0_2d5972_40x100.png?ln=primefaces-aristo HTTP/1.1" 304 -
186.86.33.245 - - [17/Aug/2023:13:48:58 -0500] "POST /sipse/faces/bienvenido.xhtml HTTP/1.1" 200 1471
201.245.192.253 - - [17/Aug/2023:13:48:56 -0500] "POST /kwsrmcab/Wsrmcab  HTTP/1.1" 200 42119
186.86.33.245 - - [17/Aug/2023:13:48:59 -0500] "POST /sipse/faces/bienvenido.xhtml HTTP/1.1" 200 46165
186.86.33.245 - - [17/Aug/2023:13:48:59 -0500] "GET /sipse/faces/javax.faces.resource/jquery/jquery.js?ln=primefaces&v=4.0 HTTP/1.1" 304 -
186.86.33.245 - - [17/Aug/2023:13:48:59 -0500] "GET /sipse/faces/javax.faces.resource/jquery/jquery-plugins.js?ln=primefaces&v=4.0 HTTP/1.1" 304 -
186.86.33.245 - - [17/Aug/2023:13:48:59 -0500] "GET /sipse/faces/javax.faces.resource/primefaces.js?ln=primefaces&v=4.0 HTTP/1.1" 304 -
186.86.33.245 - - [17/Aug/2023:13:48:59 -0500] "GET /sipse/faces/javax.faces.resource/layout/layout.js?ln=primefaces&v=4.0 HTTP/1.1" 304 -
186.86.33.245 - - [17/Aug/2023:13:48:59 -0500] "POST /sipse/faces/presentacion/financiero/solicitudProceso/listarSolicitudProceso.xhtml HTTP/1.1" 200 1480
186.86.33.245 - - [17/Aug/2023:13:49:05 -0500] "POST /sipse/faces/presentacion/financiero/solicitudProceso/listarSolicitudProceso.xhtml HTTP/1.1" 200 151190
186.86.33.245 - - [17/Aug/2023:13:49:06 -0500] "GET /sipse/faces/javax.faces.resource/jquery/jquery.js?ln=primefaces&v=4.0 HTTP/1.1" 304 -
186.86.33.245 - - [17/Aug/2023:13:49:06 -0500] "GET /sipse/faces/javax.faces.resource/jquery/jquery-plugins.js?ln=primefaces&v=4.0 HTTP/1.1" 304 -
186.86.33.245 - - [17/Aug/2023:13:49:06 -0500] "GET /sipse/faces/javax.faces.resource/primefaces.js?ln=primefaces&v=4.0 HTTP/1.1" 304 -
186.86.33.245 - - [17/Aug/2023:13:49:06 -0500] "GET /sipse/faces/javax.faces.resource/layout/layout.js?ln=primefaces&v=4.0 HTTP/1.1" 304 -
186.86.33.245 - - [17/Aug/2023:13:49:15 -0500] "POST /sipse/faces/presentacion/financiero/solicitudProceso/consultarSolicitudProceso.xhtml HTTP/1.1" 200 5585
186.86.33.245 - - [17/Aug/2023:13:49:16 -0500] "GET /sipse/faces/javax.faces.resource/dynamiccontent.properties?ln=primefaces&pfdrid=XjOR5%2F%2FfPAZAuY9TpWQeCiM0BhlXxYRBGKi%2FQcXXfeA%3D&pfdrid_c=false HTTP/1.1" 200 120574
186.86.33.245 - - [17/Aug/2023:13:49:32 -0500] "POST /sipse/faces/presentacion/financiero/solicitudProceso/consultarSolicitudProceso.xhtml HTTP/1.1" 200 5574
201.245.192.253 - - [17/Aug/2023:13:49:33 -0500] "POST /forms/lservlet;jsessionid=ac16012b30d6f01e0f58504c416a95f18c6006acbac1.e3iSbxaKaheRe34LahmRaNuQc41ynknvrkLOlQzNp65In0 HTTP/1.1" 200 2
186.86.33.245 - - [17/Aug/2023:13:49:45 -0500] "POST /sipse/faces/presentacion/financiero/solicitudProceso/consultarSolicitudProceso.xhtml HTTP/1.1" 200 5464
186.86.33.245 - - [17/Aug/2023:13:49:47 -0500] "POST /sipse/faces/presentacion/financiero/solicitudProceso/consultarSolicitudProceso.xhtml HTTP/1.1" 200 9601
186.86.33.245 - - [17/Aug/2023:13:49:51 -0500] "POST /sipse/faces/presentacion/financiero/solicitudProceso/consultarSolicitudProceso.xhtml HTTP/1.1" 200 34760
186.86.33.245 - - [17/Aug/2023:13:49:52 -0500] "GET /sipse/faces/javax.faces.resource/jquery/jquery.js?ln=primefaces&v=4.0 HTTP/1.1" 304 -
186.86.33.245 - - [17/Aug/2023:13:49:52 -0500] "GET /sipse/faces/javax.faces.resource/jquery/jquery-plugins.js?ln=primefaces&v=4.0 HTTP/1.1" 304 -
186.86.33.245 - - [17/Aug/2023:13:49:52 -0500] "GET /sipse/faces/javax.faces.resource/primefaces.js?ln=primefaces&v=4.0 HTTP/1.1" 304 -
186.86.33.245 - - [17/Aug/2023:13:49:52 -0500] "GET /sipse/faces/javax.faces.resource/layout/layout.js?ln=primefaces&v=4.0 HTTP/1.1" 304 -
186.86.33.245 - - [17/Aug/2023:13:49:52 -0500] "POST /sipse/faces/presentacion/sistema/reporte/listarReportes.xhtml HTTP/1.1" 200 28194
186.86.33.245 - - [17/Aug/2023:13:49:52 -0500] "POST /sipse/faces/presentacion/sistema/reporte/listarReportes.xhtml HTTP/1.1" 200 28194
186.86.33.245 - - [17/Aug/2023:13:49:54 -0500] "POST /sipse/faces/presentacion/sistema/reporte/listarReportes.xhtml HTTP/1.1" 200 23388
186.86.33.245 - - [17/Aug/2023:13:49:54 -0500] "GET /sipse/faces/javax.faces.resource/layout/layout.css?ln=primefaces&v=4.0 HTTP/1.1" 304 -
186.86.33.245 - - [17/Aug/2023:13:49:54 -0500] "GET /sipse/faces/javax.faces.resource/jquery/jquery.js?ln=primefaces&v=4.0 HTTP/1.1" 304 -
186.86.33.245 - - [17/Aug/2023:13:49:54 -0500] "GET /sipse/faces/javax.faces.resource/theme.css?ln=primefaces-sipse HTTP/1.1" 304 -
186.86.33.245 - - [17/Aug/2023:13:49:54 -0500] "GET /sipse/faces/javax.faces.resource/jquery/jquery-plugins.js?ln=primefaces&v=4.0 HTTP/1.1" 304 -
186.86.33.245 - - [17/Aug/2023:13:49:54 -0500] "GET /sipse/faces/javax.faces.resource/primefaces.js?ln=primefaces&v=4.0 HTTP/1.1" 304 -
186.86.33.245 - - [17/Aug/2023:13:49:54 -0500] "GET /sipse/faces/javax.faces.resource/layout/layout.js?ln=primefaces&v=4.0 HTTP/1.1" 304 -
186.86.33.245 - - [17/Aug/2023:13:49:54 -0500] "GET /sipse/faces/javax.faces.resource/primefaces.css?ln=primefaces&v=4.0 HTTP/1.1" 304 -
186.86.33.245 - - [17/Aug/2023:13:49:54 -0500] "GET /sipse/faces/javax.faces.resource/images/ui-icons_898989_256x240.png?ln=primefaces-aristo HTTP/1.1" 304 -
64.124.8.35 - - [17/Aug/2023:13:50:31 -0500] "GET /galeria/nivo-slider/demo/images/bannercapacitacionesbogota.jpg HTTP/1.1" 200 42416
201.245.192.253 - - [17/Aug/2023:13:50:34 -0500] "GET /BLA/resoluciones/AUTOS%202008/2992.pdf HTTP/1.1" 200 294280
201.245.192.253 - - [17/Aug/2023:13:50:35 -0500] "POST /forms/lservlet;jsessionid=ac16012b30d63c69d1acab484d25a6a7ac94400030ae.e3iSbxaKaheRe34LahmRaNuQc41ynknvrkLOlQzNp65In0 HTTP/1.1" 200 2
201.245.192.253 - - [17/Aug/2023:13:51:33 -0500] "POST /forms/lservlet;jsessionid=ac16012b30d6f01e0f58504c416a95f18c6006acbac1.e3iSbxaKaheRe34LahmRaNuQc41ynknvrkLOlQzNp65In0 HTTP/1.1" 200 2
186.31.208.58 - - [17/Aug/2023:13:51:48 -0500] "GET /bogota-empieza-la-consolidacion-de-la-estrategia-de-bosques-urbanos-con-el-brazo-salitre-en-barrios-unidos.html?utm_source=Meta_DIGI&utm_medium=CPV&utm_campaign=BosquesUrbanos&utm_id=Agosto_2023&fbclid=IwAR0zWtdhyBwov9pOJjI5Y5-ItrWIANuCsFfjYKFh0KoyIjRzTfD-a332KgA_aem_AS1AP3HvHUZ6vuoPuzhj1lQ8eo6UDSzQsRJjSF3_j5LrMNHtk1GQH74Y0mi1oIaRo07smSnRmuQ35ABMvaoPIF-p HTTP/1.1" 200 892
181.56.115.30 - - [17/Aug/2023:13:52:09 -0500] "GET /appsia/controlador HTTP/1.1" 200 4799
181.56.115.30 - - [17/Aug/2023:13:52:09 -0500] "GET /appsia/css/estilos.css HTTP/1.1" 200 4804
181.56.115.30 - - [17/Aug/2023:13:52:09 -0500] "GET /appsia/scripts/validarIngreso.js HTTP/1.1" 200 851
181.56.115.30 - - [17/Aug/2023:13:52:09 -0500] "GET /appsia/images/logo_bogota_p.png HTTP/1.1" 200 14951
181.56.115.30 - - [17/Aug/2023:13:52:09 -0500] "GET /appsia/images/cabezoteHojaVida.png HTTP/1.1" 200 32493
181.56.115.30 - - [17/Aug/2023:13:52:10 -0500] "GET /favicon.ico HTTP/1.1" 200 7782
216.245.221.92 - - [17/Aug/2023:13:52:21 -0500] "HEAD / HTTP/1.1" 200 -
201.245.192.253 - - [17/Aug/2023:13:52:35 -0500] "POST /forms/lservlet;jsessionid=ac16012b30d63c69d1acab484d25a6a7ac94400030ae.e3iSbxaKaheRe34LahmRaNuQc41ynknvrkLOlQzNp65In0 HTTP/1.1" 200 2
181.56.115.30 - - [17/Aug/2023:13:52:49 -0500] "GET /sipse/faces/index.xhtml HTTP/1.1" 200 677
181.56.115.30 - - [17/Aug/2023:13:52:49 -0500] "GET /sipse/faces/javax.faces.resource/theme.css?ln=primefaces-sipse HTTP/1.1" 200 50058
181.56.115.30 - - [17/Aug/2023:13:52:50 -0500] "GET /sipse/faces/faces/autenticacion.xhtml HTTP/1.1" 200 12171
181.56.115.30 - - [17/Aug/2023:13:52:50 -0500] "GET /sipse/js/disable_browser_buttons.js HTTP/1.1" 200 3230
181.56.115.30 - - [17/Aug/2023:13:52:50 -0500] "GET /sipse/js/funciones.js HTTP/1.1" 200 12592
181.56.115.30 - - [17/Aug/2023:13:52:50 -0500] "GET /sipse/css/custom_css_sg.css HTTP/1.1" 200 9694
181.56.115.30 - - [17/Aug/2023:13:52:50 -0500] "GET /sipse/faces/javax.faces.resource/theme.css?ln=primefaces-sipse HTTP/1.1" 304 -
181.56.115.30 - - [17/Aug/2023:13:52:50 -0500] "GET /sipse/css/custom_css_sg_prime_login.css HTTP/1.1" 200 443
181.56.115.30 - - [17/Aug/2023:13:52:50 -0500] "GET /sipse/faces/javax.faces.resource/layout/layout.css?ln=primefaces&v=4.0 HTTP/1.1" 200 542
181.56.115.30 - - [17/Aug/2023:13:52:50 -0500] "GET /sipse/faces/javax.faces.resource/layout/layout.js?ln=primefaces&v=4.0 HTTP/1.1" 200 87560
181.56.115.30 - - [17/Aug/2023:13:52:50 -0500] "GET /sipse/faces/javax.faces.resource/jquery/jquery.js?ln=primefaces&v=4.0 HTTP/1.1" 200 105384
181.56.115.30 - - [17/Aug/2023:13:52:50 -0500] "GET /sipse/faces/javax.faces.resource/primefaces.css?ln=primefaces&v=4.0 HTTP/1.1" 200 53295
181.56.115.30 - - [17/Aug/2023:13:52:50 -0500] "GET /sipse/faces/javax.faces.resource/jquery/jquery-plugins.js?ln=primefaces&v=4.0 HTTP/1.1" 200 220526
181.56.115.30 - - [17/Aug/2023:13:52:50 -0500] "GET /sipse/faces/javax.faces.resource/primefaces.js?ln=primefaces&v=4.0 HTTP/1.1" 200 276924
181.56.115.30 - - [17/Aug/2023:13:52:50 -0500] "GET /sipse/css/imagen/logoSDG.png HTTP/1.1" 200 53064
181.56.115.30 - - [17/Aug/2023:13:52:50 -0500] "GET /sipse/css/imagen/loginimg.png HTTP/1.1" 200 71635
181.56.115.30 - - [17/Aug/2023:13:52:50 -0500] "GET /sipse/faces/javax.faces.resource/images/ui-icons_898989_256x240.png?ln=primefaces-aristo HTTP/1.1" 200 5355
173.252.95.4 - - [17/Aug/2023:13:52:57 -0500] "GET /arelis-salgado-sanando-heridas-y-mirando-la-vida-con-esperanza-de-la-mano-de-las-mujeres-que-reverdecen.html HTTP/1.1" 200 915
181.56.115.30 - - [17/Aug/2023:13:53:02 -0500] "POST /sipse/faces/autenticacion.xhtml HTTP/1.1" 200 16164
181.56.115.30 - - [17/Aug/2023:13:53:02 -0500] "GET /sipse/css/custom_css_sg_prime.css HTTP/1.1" 200 5201
181.56.115.30 - - [17/Aug/2023:13:53:02 -0500] "GET /sipse/faces/javax.faces.resource/primefaces.css?ln=primefaces&v=4.0 HTTP/1.1" 304 -
181.56.115.30 - - [17/Aug/2023:13:53:02 -0500] "GET /sipse/faces/javax.faces.resource/theme.css?ln=primefaces-sipse HTTP/1.1" 304 -
181.56.115.30 - - [17/Aug/2023:13:53:02 -0500] "GET /sipse/faces/javax.faces.resource/layout/layout.css?ln=primefaces&v=4.0 HTTP/1.1" 304 -
181.56.115.30 - - [17/Aug/2023:13:53:02 -0500] "GET /sipse/js/jquery.min.js HTTP/1.1" 200 85582
181.56.115.30 - - [17/Aug/2023:13:53:02 -0500] "GET /sipse/faces/javax.faces.resource/jquery/jquery.js?ln=primefaces&v=4.0 HTTP/1.1" 304 -
181.56.115.30 - - [17/Aug/2023:13:53:02 -0500] "GET /sipse/faces/javax.faces.resource/jquery/jquery-plugins.js?ln=primefaces&v=4.0 HTTP/1.1" 304 -
