66.249.77.10 - - [17/Aug/2023:12:14:34 -0500] "GET /BLA/resoluciones/RESOLUCIONES%202007/RES%202007%203801%20AL%203900/RESOLUCION%203870%20DE%202007.pdf HTTP/1.1" 200 308289
201.245.192.253 - - [17/Aug/2023:12:14:34 -0500] "POST /forms/lservlet;jsessionid=ac16012b30d63c69d1acab484d25a6a7ac94400030ae.e3iSbxaKaheRe34LahmRaNuQc41ynknvrkLOlQzNp65In0 HTTP/1.1" 200 2
66.249.77.10 - - [17/Aug/2023:12:15:21 -0500] "GET /BLA/resoluciones/AUTOS%202013/0196.pdf HTTP/1.1" 200 3055501
172.22.2.4 - - [17/Aug/2023:12:13:41 -0500] "GET /BLA/boletinlegal/ HTTP/1.1" 200 53013
201.245.192.253 - - [17/Aug/2023:12:15:32 -0500] "POST /forms/lservlet;jsessionid=ac16012b30d6f01e0f58504c416a95f18c6006acbac1.e3iSbxaKaheRe34LahmRaNuQc41ynknvrkLOlQzNp65In0 HTTP/1.1" 200 2
66.249.77.10 - - [17/Aug/2023:12:15:35 -0500] "GET /BLA/resoluciones/Autos%202008/2188.pdf HTTP/1.1" 200 83127
201.245.192.253 - - [17/Aug/2023:12:16:34 -0500] "POST /forms/lservlet;jsessionid=ac16012b30d63c69d1acab484d25a6a7ac94400030ae.e3iSbxaKaheRe34LahmRaNuQc41ynknvrkLOlQzNp65In0 HTTP/1.1" 200 2
216.245.221.92 - - [17/Aug/2023:12:17:22 -0500] "HEAD / HTTP/1.1" 200 -
40.77.167.123 - - [17/Aug/2023:12:17:28 -0500] "GET /forest/ HTTP/1.1" 200 12041
201.245.192.253 - - [17/Aug/2023:12:17:32 -0500] "POST /forms/lservlet;jsessionid=ac16012b30d6f01e0f58504c416a95f18c6006acbac1.e3iSbxaKaheRe34LahmRaNuQc41ynknvrkLOlQzNp65In0 HTTP/1.1" 200 2
201.245.192.253 - - [17/Aug/2023:12:18:34 -0500] "POST /forms/lservlet;jsessionid=ac16012b30d63c69d1acab484d25a6a7ac94400030ae.e3iSbxaKaheRe34LahmRaNuQc41ynknvrkLOlQzNp65In0 HTTP/1.1" 200 2
201.245.192.253 - - [17/Aug/2023:12:18:36 -0500] "POST /kwsrmcab/Wsrmcab HTTP/1.1" 200 42597
201.245.192.253 - - [17/Aug/2023:12:18:39 -0500] "POST /kwsrmcab/Wsrmcab HTTP/1.1" 200 39372
201.245.192.253 - - [17/Aug/2023:12:19:14 -0500] "POST /kwsrmcab/Wsrmcab  HTTP/1.1" 200 42119
66.249.77.9 - - [17/Aug/2023:12:19:27 -0500] "GET /BLA/resoluciones/Autos%202008/0388.pdf HTTP/1.1" 200 244947
201.245.192.253 - - [17/Aug/2023:12:19:32 -0500] "POST /forms/lservlet;jsessionid=ac16012b30d6f01e0f58504c416a95f18c6006acbac1.e3iSbxaKaheRe34LahmRaNuQc41ynknvrkLOlQzNp65In0 HTTP/1.1" 200 2
172.22.2.4 - - [17/Aug/2023:12:19:41 -0500] "GET /BLA/boletinlegal/jurisprudencia.php HTTP/1.1" 200 17583
172.22.2.4 - - [17/Aug/2023:12:19:54 -0500] "GET /BLA/boletinlegal/js/jquery1.js HTTP/1.1" 200 29846
172.22.2.4 - - [17/Aug/2023:12:19:56 -0500] "GET /BLA/boletinlegal/js/popup.js HTTP/1.1" 200 1270
172.22.2.4 - - [17/Aug/2023:12:19:58 -0500] "GET /BLA/boletinlegal/js/lib.js HTTP/1.1" 200 6474
172.22.2.4 - - [17/Aug/2023:12:18:41 -0500] "HEAD /BLA/boletinlegal/ HTTP/1.1" 200 -
201.245.192.253 - - [17/Aug/2023:12:20:34 -0500] "POST /forms/lservlet;jsessionid=ac16012b30d63c69d1acab484d25a6a7ac94400030ae.e3iSbxaKaheRe34LahmRaNuQc41ynknvrkLOlQzNp65In0 HTTP/1.1" 200 2
66.249.77.8 - - [17/Aug/2023:12:20:38 -0500] "GET /BLA/resoluciones/RESOLUCIONES%202009/5142.pdf HTTP/1.1" 200 769579
66.249.77.8 - - [17/Aug/2023:12:20:42 -0500] "GET /BLA/resoluciones/AUTOS%202009/0499.pdf HTTP/1.1" 200 185717
172.22.2.4 - - [17/Aug/2023:12:19:31 -0500] "GET /BLA/boletinlegal/ HTTP/1.1" 200 53013
181.56.115.75 - - [17/Aug/2023:12:21:20 -0500] "-" 408 -
201.245.192.253 - - [17/Aug/2023:12:21:32 -0500] "POST /forms/lservlet;jsessionid=ac16012b30d6f01e0f58504c416a95f18c6006acbac1.e3iSbxaKaheRe34LahmRaNuQc41ynknvrkLOlQzNp65In0 HTTP/1.1" 200 2
186.86.34.27 - - [17/Aug/2023:12:22:15 -0500] "GET /bogota-empieza-la-consolidacion-de-la-estrategia-de-bosques-urbanos-con-el-brazo-salitre-en-barrios-unidos.html?utm_source=Meta_DIGI&utm_medium=CPV&utm_campaign=BosquesUrbanos&utm_id=Agosto_2023&fbclid=IwAR111jxb2eUi5DVVuaSeokHb3mzSx9qoq2Y8Ni2asl90dApehZMx77DoItI_aem_AS34-38K6N31hkfWwvdfKdxWedODrW3X5ZuPa6E_QLi3ISblo3l9Ap1d5INbYLw4fbaI6F7wGuWNByO62nSTPPCF HTTP/1.1" 200 892
216.245.221.92 - - [17/Aug/2023:12:22:22 -0500] "HEAD / HTTP/1.1" 200 -
201.245.192.253 - - [17/Aug/2023:12:22:34 -0500] "POST /forms/lservlet;jsessionid=ac16012b30d63c69d1acab484d25a6a7ac94400030ae.e3iSbxaKaheRe34LahmRaNuQc41ynknvrkLOlQzNp65In0 HTTP/1.1" 200 2
66.249.77.10 - - [17/Aug/2023:12:22:50 -0500] "GET /php/ProyectosInversion/Terrotorializacion%20Jun-2011.pdf HTTP/1.1" 404 1018
66.249.77.10 - - [17/Aug/2023:12:23:23 -0500] "GET /BLA/resoluciones/AUTOS%202008/0123.pdf HTTP/1.1" 200 92021
201.245.192.253 - - [17/Aug/2023:12:23:32 -0500] "POST /forms/lservlet;jsessionid=ac16012b30d6f01e0f58504c416a95f18c6006acbac1.e3iSbxaKaheRe34LahmRaNuQc41ynknvrkLOlQzNp65In0 HTTP/1.1" 200 2
66.249.77.8 - - [17/Aug/2023:12:24:04 -0500] "GET /BLA/resoluciones/RESOLUCIONES%202009/0632.pdf HTTP/1.1" 200 759165
201.245.192.253 - - [17/Aug/2023:12:24:12 -0500] "POST /kwsrmcab/Wsrmcab  HTTP/1.1" 200 42119
201.245.192.253 - - [17/Aug/2023:12:24:34 -0500] "POST /forms/lservlet;jsessionid=ac16012b30d63c69d1acab484d25a6a7ac94400030ae.e3iSbxaKaheRe34LahmRaNuQc41ynknvrkLOlQzNp65In0 HTTP/1.1" 200 2
66.249.77.8 - - [17/Aug/2023:12:25:08 -0500] "GET /BLA/resoluciones/RESOLUCIONES%202009/5993.pdf HTTP/1.1" 200 253487
201.245.192.253 - - [17/Aug/2023:12:25:32 -0500] "POST /forms/lservlet;jsessionid=ac16012b30d6f01e0f58504c416a95f18c6006acbac1.e3iSbxaKaheRe34LahmRaNuQc41ynknvrkLOlQzNp65In0 HTTP/1.1" 200 2
172.22.2.4 - - [17/Aug/2023:12:24:31 -0500] "HEAD /BLA/boletinlegal/ HTTP/1.1" 200 -
66.249.77.10 - - [17/Aug/2023:12:26:13 -0500] "GET /BLA/resoluciones/RESOLUCIONES%202011/3976.pdf HTTP/1.1" 200 792238
201.245.192.253 - - [17/Aug/2023:12:26:34 -0500] "POST /forms/lservlet;jsessionid=ac16012b30d63c69d1acab484d25a6a7ac94400030ae.e3iSbxaKaheRe34LahmRaNuQc41ynknvrkLOlQzNp65In0 HTTP/1.1" 200 2
172.22.2.4 - - [17/Aug/2023:12:25:21 -0500] "GET /BLA/boletinlegal/ HTTP/1.1" 200 61130
216.245.221.92 - - [17/Aug/2023:12:27:22 -0500] "HEAD / HTTP/1.1" 200 -
201.245.192.253 - - [17/Aug/2023:12:27:33 -0500] "POST /forms/lservlet;jsessionid=ac16012b30d6f01e0f58504c416a95f18c6006acbac1.e3iSbxaKaheRe34LahmRaNuQc41ynknvrkLOlQzNp65In0 HTTP/1.1" 200 2
181.50.117.158 - - [17/Aug/2023:12:28:02 -0500] "GET /bogota-empieza-la-consolidacion-de-la-estrategia-de-bosques-urbanos-con-el-brazo-salitre-en-barrios-unidos.html?utm_source=Meta_DIGI&utm_medium=CPV&utm_campaign=BosquesUrbanos&utm_id=Agosto_2023&fbclid=IwAR0mPbN3SB9A1YLv89BJyQkoR6B5WofiVesKnlRKoUcPt0YfxwRkyiTBTeM_aem_AS2m5dJxKrrwZs3S3ZALzEra74ssHk3E4O7MWS_rg-pqJjhQyE74G-mDubips5tuC-KEJhHQsdjYSVmViyKtuG7f HTTP/1.1" 200 892
201.245.192.253 - - [17/Aug/2023:12:28:34 -0500] "POST /forms/lservlet;jsessionid=ac16012b30d63c69d1acab484d25a6a7ac94400030ae.e3iSbxaKaheRe34LahmRaNuQc41ynknvrkLOlQzNp65In0 HTTP/1.1" 200 2
201.245.192.253 - - [17/Aug/2023:12:28:36 -0500] "POST /kwsrmcab/Wsrmcab HTTP/1.1" 200 42597
201.245.192.253 - - [17/Aug/2023:12:28:39 -0500] "POST /kwsrmcab/Wsrmcab HTTP/1.1" 200 39372
201.245.192.253 - - [17/Aug/2023:12:29:12 -0500] "POST /kwsrmcab/Wsrmcab  HTTP/1.1" 200 42119
66.249.77.10 - - [17/Aug/2023:12:29:31 -0500] "GET /BLA/resoluciones/RESOLUCIONES%202009/0064.pdf HTTP/1.1" 200 226408
201.245.192.253 - - [17/Aug/2023:12:29:33 -0500] "POST /forms/lservlet;jsessionid=ac16012b30d6f01e0f58504c416a95f18c6006acbac1.e3iSbxaKaheRe34LahmRaNuQc41ynknvrkLOlQzNp65In0 HTTP/1.1" 200 2
66.249.77.8 - - [17/Aug/2023:12:29:38 -0500] "GET /BLA/resoluciones/RESOLUCIONES%202008/0133.pdf HTTP/1.1" 200 254715
201.245.192.253 - - [17/Aug/2023:12:30:34 -0500] "POST /forms/lservlet;jsessionid=ac16012b30d63c69d1acab484d25a6a7ac94400030ae.e3iSbxaKaheRe34LahmRaNuQc41ynknvrkLOlQzNp65In0 HTTP/1.1" 200 2
191.95.49.11 - - [17/Aug/2023:12:30:57 -0500] "GET /bogota-empieza-la-consolidacion-de-la-estrategia-de-bosques-urbanos-con-el-brazo-salitre-en-barrios-unidos.html?utm_source=Meta_DIGI&utm_medium=CPV&utm_campaign=BosquesUrbanos&utm_id=Agosto_2023&fbclid=IwAR3i9G-WdtvF3Eas6oBQMm7v9mio-9LySomWgpqILvawDvgouYt5vemMSRk_aem_AS3SMle2oQ2lwcYOmRbqQOJ_vaTxlELatxUwmY7Ww2O6_H9NK58YZxzWpAM6bShg7ZgMOYhIk5AZUrKd2lc277lj HTTP/1.1" 200 892
66.249.77.9 - - [17/Aug/2023:12:31:22 -0500] "GET /BLA/resoluciones/RESOLUCIONES%202010/0128.pdf HTTP/1.1" 200 386612
201.245.192.253 - - [17/Aug/2023:12:31:33 -0500] "POST /forms/lservlet;jsessionid=ac16012b30d6f01e0f58504c416a95f18c6006acbac1.e3iSbxaKaheRe34LahmRaNuQc41ynknvrkLOlQzNp65In0 HTTP/1.1" 200 2
172.22.2.4 - - [17/Aug/2023:12:30:35 -0500] "GET /BLA/boletinlegal/ HTTP/1.1" 200 24523
172.22.2.4 - - [17/Aug/2023:12:29:56 -0500] "GET /BLA/boletinlegal/ HTTP/1.1" 200 49099
157.55.39.216 - - [17/Aug/2023:12:31:36 -0500] "GET /portaldeninos/wp-content/uploads/2021/07/Banners-p%C3%A1gina-de-ni%C3%B1os8-50x2.jpg HTTP/1.1" 404 75240
161.18.121.99 - - [17/Aug/2023:12:31:40 -0500] "GET /inscribete-y-participa-en-la-convencion-internacional-de-emergencia-climatica-bogota-2023.html HTTP/1.1" 200 895
179.19.76.230 - - [17/Aug/2023:12:31:47 -0500] "GET /bogota-empieza-la-consolidacion-de-la-estrategia-de-bosques-urbanos-con-el-brazo-salitre-en-barrios-unidos.html?utm_source=Meta_DIGI&utm_medium=CPV&utm_campaign=BosquesUrbanos&utm_id=Agosto_2023&fbclid=IwAR1n-qLgPCwFTRC3eZuu60ntkEITQPQj9yTv3nTrLY98DIvzhx7BtI-HFFQ_aem_AS2jpeMz7-1mm-scz9s3y82vOY84udGCZ95tEpq-86nEPLQa-HPjHfLiAiVBHOD7egm5ZboNd1AZ-Tr5xdnyDAbL HTTP/1.1" 200 892
172.22.2.4 - - [17/Aug/2023:12:30:21 -0500] "HEAD /BLA/boletinlegal/ HTTP/1.1" 200 -
216.245.221.92 - - [17/Aug/2023:12:32:22 -0500] "HEAD / HTTP/1.1" 200 -
66.249.77.10 - - [17/Aug/2023:12:32:30 -0500] "GET /BLA/resoluciones/RESOLUCIONES%202009/9717.pdf HTTP/1.1" 200 273631
201.245.192.253 - - [17/Aug/2023:12:32:34 -0500] "POST /forms/lservlet;jsessionid=ac16012b30d63c69d1acab484d25a6a7ac94400030ae.e3iSbxaKaheRe34LahmRaNuQc41ynknvrkLOlQzNp65In0 HTTP/1.1" 200 2
172.22.2.4 - - [17/Aug/2023:12:31:11 -0500] "GET /BLA/boletinlegal/ HTTP/1.1" 200 53013
66.249.77.10 - - [17/Aug/2023:12:33:15 -0500] "GET /BLA/resoluciones/AUTOS%202009/1322.pdf HTTP/1.1" 200 128388
3.233.229.104 - - [17/Aug/2023:12:33:29 -0500] "GET /robots.txt HTTP/1.1" 404 1018
3.233.229.104 - - [17/Aug/2023:12:33:29 -0500] "GET /galeria/nivo-slider/demo/scripts/jquery-1.7.1.min.js HTTP/1.1" 200 93868
201.245.192.253 - - [17/Aug/2023:12:33:32 -0500] "POST /forms/lservlet;jsessionid=ac16012b30d6f01e0f58504c416a95f18c6006acbac1.e3iSbxaKaheRe34LahmRaNuQc41ynknvrkLOlQzNp65In0 HTTP/1.1" 200 2
66.249.77.8 - - [17/Aug/2023:12:33:35 -0500] "GET /BLA/resoluciones/RESOLUCIONES%202009/0297.pdf HTTP/1.1" 200 465269
162.55.173.23 - - [17/Aug/2023:12:33:59 -0500] "GET / HTTP/1.1" 200 4720
162.55.173.23 - - [17/Aug/2023:12:34:00 -0500] "GET / HTTP/1.1" 200 319
201.245.192.253 - - [17/Aug/2023:12:34:11 -0500] "POST /kwsrmcab/Wsrmcab  HTTP/1.1" 200 42119
201.245.192.253 - - [17/Aug/2023:12:34:34 -0500] "POST /forms/lservlet;jsessionid=ac16012b30d63c69d1acab484d25a6a7ac94400030ae.e3iSbxaKaheRe34LahmRaNuQc41ynknvrkLOlQzNp65In0 HTTP/1.1" 200 2
201.245.192.253 - - [17/Aug/2023:12:35:33 -0500] "POST /forms/lservlet;jsessionid=ac16012b30d6f01e0f58504c416a95f18c6006acbac1.e3iSbxaKaheRe34LahmRaNuQc41ynknvrkLOlQzNp65In0 HTTP/1.1" 200 2
66.249.77.10 - - [17/Aug/2023:12:36:12 -0500] "GET /BLA/resoluciones/RESOLUCIONES%202012/0717.pdf HTTP/1.1" 200 176594
66.249.77.8 - - [17/Aug/2023:12:36:17 -0500] "GET /BLA/resoluciones/RESOLUCIONES%202012/0658.pdf HTTP/1.1" 200 283698
201.245.192.253 - - [17/Aug/2023:12:36:34 -0500] "POST /forms/lservlet;jsessionid=ac16012b30d63c69d1acab484d25a6a7ac94400030ae.e3iSbxaKaheRe34LahmRaNuQc41ynknvrkLOlQzNp65In0 HTTP/1.1" 200 2
216.245.221.92 - - [17/Aug/2023:12:37:22 -0500] "HEAD / HTTP/1.1" 200 -
66.249.77.8 - - [17/Aug/2023:12:37:32 -0500] "GET /BLA/resoluciones/RESOLUCIONES%202007/RES%202007%20401%20AL%20500/RESOLUCION%200404%20DE%202007.pdf HTTP/1.1" 200 2014454
201.245.192.253 - - [17/Aug/2023:12:37:33 -0500] "POST /forms/lservlet;jsessionid=ac16012b30d6f01e0f58504c416a95f18c6006acbac1.e3iSbxaKaheRe34LahmRaNuQc41ynknvrkLOlQzNp65In0 HTTP/1.1" 200 2
172.22.2.4 - - [17/Aug/2023:12:36:11 -0500] "HEAD /BLA/boletinlegal/ HTTP/1.1" 200 -
201.245.192.253 - - [17/Aug/2023:12:38:34 -0500] "POST /forms/lservlet;jsessionid=ac16012b30d63c69d1acab484d25a6a7ac94400030ae.e3iSbxaKaheRe34LahmRaNuQc41ynknvrkLOlQzNp65In0 HTTP/1.1" 200 2
201.245.192.253 - - [17/Aug/2023:12:38:35 -0500] "POST /kwsrmcab/Wsrmcab HTTP/1.1" 200 42597
201.245.192.253 - - [17/Aug/2023:12:38:39 -0500] "POST /kwsrmcab/Wsrmcab HTTP/1.1" 200 39372
172.22.2.4 - - [17/Aug/2023:12:37:01 -0500] "GET /BLA/boletinlegal/ HTTP/1.1" 200 55460
181.57.162.52 - - [17/Aug/2023:12:38:42 -0500] "GET /bogota-empieza-la-consolidacion-de-la-estrategia-de-bosques-urbanos-con-el-brazo-salitre-en-barrios-unidos.html?utm_source=Meta_DIGI&utm_medium=CPV&utm_campaign=BosquesUrbanos&utm_id=Agosto_2023&fbclid=IwAR2aXFqGdYH8COMtSmT_4lkAkoIlPmOlWmxYBQpglknSVcxqY9HZK9Ebd88_aem_AS2UElSY3j32yzm-NW21dx7iyiayII73yftvODphY0g0-Eh0auQ8QWwEFuTsLsBRm4U7KQpGUXPQTdzoO9VmDVGv HTTP/1.1" 200 892
66.249.77.9 - - [17/Aug/2023:12:39:06 -0500] "GET /resoluciones/RESOLUCIONES%202009/1341.pdf HTTP/1.1" 404 1018
201.245.192.253 - - [17/Aug/2023:12:39:10 -0500] "POST /kwsrmcab/Wsrmcab  HTTP/1.1" 200 42119
181.142.182.49 - - [17/Aug/2023:12:39:19 -0500] "GET /bogota-empieza-la-consolidacion-de-la-estrategia-de-bosques-urbanos-con-el-brazo-salitre-en-barrios-unidos.html?utm_source=Meta_DIGI&utm_medium=CPV&utm_campaign=BosquesUrbanos&utm_id=Agosto_2023&fbclid=IwAR0kGGvhs43ZEC6bHNQ5Uw5fTwMveHPeIvqa-WijO2MGGTa5g6rCQlIqjTU_aem_AS2utD3vudGsezakWsPrsSMUq4UcwuXCG5It1cqSCfBJi2m7aiMcn4pATVIqOQ4loMa21v5K5qPjbvGgKec6LvIX HTTP/1.1" 200 892
201.245.192.253 - - [17/Aug/2023:12:39:32 -0500] "POST /forms/lservlet;jsessionid=ac16012b30d6f01e0f58504c416a95f18c6006acbac1.e3iSbxaKaheRe34LahmRaNuQc41ynknvrkLOlQzNp65In0 HTTP/1.1" 200 2
186.102.84.142 - - [17/Aug/2023:12:39:35 -0500] "OPTIONS /kwssiamovil/sm/setfile/f? HTTP/1.1" 200 13
186.102.84.142 - - [17/Aug/2023:12:39:35 -0500] "POST /kwssiamovil/sm/setfile/f? HTTP/1.1" 200 381
201.245.192.253 - - [17/Aug/2023:12:40:34 -0500] "POST /forms/lservlet;jsessionid=ac16012b30d63c69d1acab484d25a6a7ac94400030ae.e3iSbxaKaheRe34LahmRaNuQc41ynknvrkLOlQzNp65In0 HTTP/1.1" 200 2
66.249.77.9 - - [17/Aug/2023:12:40:55 -0500] "GET /BLA/resoluciones/RESOLUCIONES%202008/4024.pdf HTTP/1.1" 200 297537
201.245.192.253 - - [17/Aug/2023:12:41:33 -0500] "POST /forms/lservlet;jsessionid=ac16012b30d6f01e0f58504c416a95f18c6006acbac1.e3iSbxaKaheRe34LahmRaNuQc41ynknvrkLOlQzNp65In0 HTTP/1.1" 200 2
216.245.221.92 - - [17/Aug/2023:12:42:22 -0500] "HEAD / HTTP/1.1" 200 -
201.245.192.253 - - [17/Aug/2023:12:42:34 -0500] "POST /forms/lservlet;jsessionid=ac16012b30d63c69d1acab484d25a6a7ac94400030ae.e3iSbxaKaheRe34LahmRaNuQc41ynknvrkLOlQzNp65In0 HTTP/1.1" 200 2
40.77.167.123 - - [17/Aug/2023:12:42:37 -0500] "GET /sipse/faces/faces/autenticacion.xhtml HTTP/1.1" 200 12493
201.245.192.253 - - [17/Aug/2023:12:43:33 -0500] "POST /forms/lservlet;jsessionid=ac16012b30d6f01e0f58504c416a95f18c6006acbac1.e3iSbxaKaheRe34LahmRaNuQc41ynknvrkLOlQzNp65In0 HTTP/1.1" 200 2
172.22.2.4 - - [17/Aug/2023:12:42:01 -0500] "HEAD /BLA/boletinlegal/ HTTP/1.1" 200 -
201.245.192.253 - - [17/Aug/2023:12:44:09 -0500] "POST /kwsrmcab/Wsrmcab  HTTP/1.1" 200 42119
172.22.2.4 - - [17/Aug/2023:12:42:51 -0500] "GET /BLA/boletinlegal/ HTTP/1.1" 200 59343
201.245.192.253 - - [17/Aug/2023:12:44:34 -0500] "POST /forms/lservlet;jsessionid=ac16012b30d63c69d1acab484d25a6a7ac94400030ae.e3iSbxaKaheRe34LahmRaNuQc41ynknvrkLOlQzNp65In0 HTTP/1.1" 200 2
172.22.2.4 - - [17/Aug/2023:12:45:23 -0500] "GET /BLA/boletinlegal/actos.php HTTP/1.1" 200 9682
172.22.2.4 - - [17/Aug/2023:12:45:23 -0500] "GET /BLA/boletinlegal/favicon.ico HTTP/1.1" 404 1326
201.245.192.253 - - [17/Aug/2023:12:45:33 -0500] "POST /forms/lservlet;jsessionid=ac16012b30d6f01e0f58504c416a95f18c6006acbac1.e3iSbxaKaheRe34LahmRaNuQc41ynknvrkLOlQzNp65In0 HTTP/1.1" 200 2
191.156.154.126 - - [17/Aug/2023:12:45:35 -0500] "GET /bogota-empieza-la-consolidacion-de-la-estrategia-de-bosques-urbanos-con-el-brazo-salitre-en-barrios-unidos.html?utm_source=Meta_DIGI&utm_medium=CPV&utm_campaign=BosquesUrbanos&utm_id=Agosto_2023&fbclid=IwAR1GR-6AHm-G2J4a6dKW0qPgCrUm3owwZc9nrf2l9aC3cXsa9bDQO1PFoBQ_aem_AS0M6Lbm6NVYt0syYXW_ghITJNi774eS9kCw1sVPu2ABfdrAD3bC14wLFalznjMIlZqo1akY_Z_WPwBGdI_pi4Pf HTTP/1.1" 200 892
200.118.60.117 - - [17/Aug/2023:12:45:47 -0500] "GET /bogota-empieza-la-consolidacion-de-la-estrategia-de-bosques-urbanos-con-el-brazo-salitre-en-barrios-unidos.html?utm_source=Meta_DIGI&utm_medium=CPV&utm_campaign=BosquesUrbanos&utm_id=Agosto_2023&fbclid=IwAR2Nc6o16NE3_pz4x6psUCB0EY7flRUK7AtOUF6iwUrBhzf1HSYwqKxRmiI_aem_AS3Z5yiY0yVfq3rd1RPXEkr5BC-xRhEGfJ0u5dDfnhU3z-FHGwaB1CJ9J4FlYxGvVZi74nWKdTMvGndepMCbFqVr HTTP/1.1" 200 892
172.22.2.4 - - [17/Aug/2023:12:45:49 -0500] "GET /BLA/boletinlegal/consulta_actos.php?tipo=resoluciones&no=0819&usuario=&sector=&fecha=2018&resuelve= HTTP/1.1" 200 1112
172.22.2.4 - - [17/Aug/2023:12:45:21 -0500] "GET /BLA/boletinlegal/ HTTP/1.1" 200 24523
66.249.77.8 - - [17/Aug/2023:12:46:26 -0500] "GET /galeria/nivo-slider/demo/scripts/jquery-1.7.1.min.js HTTP/1.1" 200 93868
201.245.192.253 - - [17/Aug/2023:12:46:34 -0500] "POST /forms/lservlet;jsessionid=ac16012b30d63c69d1acab484d25a6a7ac94400030ae.e3iSbxaKaheRe34LahmRaNuQc41ynknvrkLOlQzNp65In0 HTTP/1.1" 200 2
201.245.192.253 - - [17/Aug/2023:12:47:01 -0500] "GET /sipse/faces/javax.faces.resource/theme.css?ln=primefaces-sipse HTTP/1.1" 304 -
172.22.2.4 - - [17/Aug/2023:12:47:10 -0500] "GET /BLA/boletinlegal/consulta_actos.php?tipo=resoluciones&no=0049&usuario=&sector=&fecha=2022&resuelve= HTTP/1.1" 200 626
216.245.221.92 - - [17/Aug/2023:12:47:22 -0500] "HEAD / HTTP/1.1" 200 -
201.245.192.253 - - [17/Aug/2023:12:47:33 -0500] "POST /forms/lservlet;jsessionid=ac16012b30d6f01e0f58504c416a95f18c6006acbac1.e3iSbxaKaheRe34LahmRaNuQc41ynknvrkLOlQzNp65In0 HTTP/1.1" 200 2
186.102.35.125 - - [17/Aug/2023:12:47:33 -0500] "GET / HTTP/1.1" 200 4720
186.102.35.125 - - [17/Aug/2023:12:47:33 -0500] "GET /js/url.js HTTP/1.1" 404 1294
186.102.35.125 - - [17/Aug/2023:12:47:34 -0500] "GET /fonts/icomoon/style.css HTTP/1.1" 200 79820
186.102.35.125 - - [17/Aug/2023:12:47:34 -0500] "GET /css/bootstrap.min.css HTTP/1.1" 200 178212
186.102.35.125 - - [17/Aug/2023:12:47:34 -0500] "GET /css/style.css HTTP/1.1" 200 3473
186.102.35.125 - - [17/Aug/2023:12:47:34 -0500] "GET /favicon.ico HTTP/1.1" 404 1294
172.22.2.4 - - [17/Aug/2023:12:47:39 -0500] "GET /BLA/boletinlegal/styles2.css HTTP/1.1" 200 1838
172.22.2.4 - - [17/Aug/2023:12:47:39 -0500] "GET /BLA/boletinlegal/js/ajax_actos.js HTTP/1.1" 200 1322
172.22.2.4 - - [17/Aug/2023:12:47:39 -0500] "GET /BLA/boletinlegal/niceforms-default.css HTTP/1.1" 200 6694
172.22.2.4 - - [17/Aug/2023:12:47:39 -0500] "GET /BLA/boletinlegal/style.css HTTP/1.1" 200 9406
172.22.2.4 - - [17/Aug/2023:12:47:39 -0500] "GET /BLA/boletinlegal/niceforms.js HTTP/1.1" 200 22876
172.22.2.4 - - [17/Aug/2023:12:47:39 -0500] "GET /BLA/boletinlegal/js/lib.js HTTP/1.1" 200 6474
172.22.2.4 - - [17/Aug/2023:12:47:39 -0500] "GET /BLA/boletinlegal/js/jquery1.js HTTP/1.1" 200 29846
172.22.2.4 - - [17/Aug/2023:12:47:39 -0500] "GET /BLA/boletinlegal/js/popup.js HTTP/1.1" 200 1270
172.22.2.4 - - [17/Aug/2023:12:47:39 -0500] "GET /BLA/boletinlegal/images/subscribe-icon-big.png HTTP/1.1" 200 47702
172.22.2.4 - - [17/Aug/2023:12:47:39 -0500] "GET /BLA/boletinlegal/images/cabezote%20BLEGAL.jpg HTTP/1.1" 200 118164
172.22.2.4 - - [17/Aug/2023:12:47:39 -0500] "GET /BLA/boletinlegal/images/registro-usuarios.png HTTP/1.1" 200 8106
172.22.2.4 - - [17/Aug/2023:12:47:39 -0500] "GET /BLA/boletinlegal/images/historia.png HTTP/1.1" 200 52775
172.22.2.4 - - [17/Aug/2023:12:47:39 -0500] "GET /BLA/boletinlegal/images/green-yellow-blue-pink-th.png HTTP/1.1" 200 7394
172.22.2.4 - - [17/Aug/2023:12:47:39 -0500] "GET /BLA/boletinlegal/images/tel.png HTTP/1.1" 200 14477
172.22.2.4 - - [17/Aug/2023:12:47:39 -0500] "GET /BLA/boletinlegal/images/icono-email.png HTTP/1.1" 200 5544
172.22.2.4 - - [17/Aug/2023:12:47:39 -0500] "GET /BLA/boletinlegal/images/body_bg.jpg HTTP/1.1" 200 1601
172.22.2.4 - - [17/Aug/2023:12:47:39 -0500] "GET /BLA/boletinlegal/images/menu_rght.gif HTTP/1.1" 200 1627
172.22.2.4 - - [17/Aug/2023:12:47:39 -0500] "GET /BLA/boletinlegal/images/menu_lft.gif HTTP/1.1" 200 1713
172.22.2.4 - - [17/Aug/2023:12:47:39 -0500] "GET /BLA/boletinlegal/images/bg_top.jpg HTTP/1.1" 200 522
172.22.2.4 - - [17/Aug/2023:12:47:39 -0500] "GET /BLA/boletinlegal/images/hover.jpg HTTP/1.1" 200 640
172.22.2.4 - - [17/Aug/2023:12:47:39 -0500] "GET /BLA/boletinlegal/images/menu_bg.jpg HTTP/1.1" 200 620
172.22.2.4 - - [17/Aug/2023:12:47:39 -0500] "GET /BLA/boletinlegal/images/footer_bg.jpg HTTP/1.1" 200 586
172.22.2.4 - - [17/Aug/2023:12:47:39 -0500] "GET /BLA/boletinlegal/images/text.jpg HTTP/1.1" 200 568
172.22.2.4 - - [17/Aug/2023:12:47:39 -0500] "GET /BLA/boletinlegal/images/footer_bg_l.jpg HTTP/1.1" 200 776
172.22.2.4 - - [17/Aug/2023:12:47:39 -0500] "GET /BLA/boletinlegal/img/0.png HTTP/1.1" 200 110
172.22.2.4 - - [17/Aug/2023:12:47:39 -0500] "GET /BLA/boletinlegal/img/select-left.png HTTP/1.1" 200 263
172.22.2.4 - - [17/Aug/2023:12:47:39 -0500] "GET /BLA/boletinlegal/img/select-right.png HTTP/1.1" 200 44019
172.22.2.4 - - [17/Aug/2023:12:47:39 -0500] "GET /BLA/boletinlegal/img/button-left.png HTTP/1.1" 200 57071
172.22.2.4 - - [17/Aug/2023:12:47:39 -0500] "GET /BLA/boletinlegal/img/button-right.png HTTP/1.1" 200 57878
172.22.2.4 - - [17/Aug/2023:12:47:39 -0500] "GET /BLA/boletinlegal/img/button.png HTTP/1.1" 200 43241
172.22.2.4 - - [17/Aug/2023:12:48:04 -0500] "GET /BLA/boletinlegal/consulta_actos.php?tipo=resoluciones&no=0711&usuario=&sector=&fecha=2018&resuelve= HTTP/1.1" 200 1090
52.167.144.78 - - [17/Aug/2023:12:48:17 -0500] "GET /BLA/resoluciones/AUTOS%202023/2808.pdf HTTP/1.1" 200 435163
201.245.192.253 - - [17/Aug/2023:12:48:34 -0500] "POST /forms/lservlet;jsessionid=ac16012b30d63c69d1acab484d25a6a7ac94400030ae.e3iSbxaKaheRe34LahmRaNuQc41ynknvrkLOlQzNp65In0 HTTP/1.1" 200 2
201.245.192.253 - - [17/Aug/2023:12:49:08 -0500] "POST /kwsrmcab/Wsrmcab  HTTP/1.1" 200 42119
172.22.2.4 - - [17/Aug/2023:12:47:51 -0500] "HEAD /BLA/boletinlegal/ HTTP/1.1" 200 -
201.245.192.253 - - [17/Aug/2023:12:49:33 -0500] "POST /forms/lservlet;jsessionid=ac16012b30d6f01e0f58504c416a95f18c6006acbac1.e3iSbxaKaheRe34LahmRaNuQc41ynknvrkLOlQzNp65In0 HTTP/1.1" 200 2
172.22.2.4 - - [17/Aug/2023:12:48:41 -0500] "GET /BLA/boletinlegal/ HTTP/1.1" 200 57323
172.22.2.4 - - [17/Aug/2023:12:50:25 -0500] "GET /BLA/boletinlegal/actos.php HTTP/1.1" 200 9682
201.245.192.253 - - [17/Aug/2023:12:50:34 -0500] "POST /forms/lservlet;jsessionid=ac16012b30d63c69d1acab484d25a6a7ac94400030ae.e3iSbxaKaheRe34LahmRaNuQc41ynknvrkLOlQzNp65In0 HTTP/1.1" 200 2
172.22.2.4 - - [17/Aug/2023:12:50:37 -0500] "GET /BLA/boletinlegal/consulta_actos.php?tipo=resoluciones&no=0672&usuario=&sector=&fecha=2018&resuelve= HTTP/1.1" 200 1092
179.1.102.183 - - [17/Aug/2023:12:51:07 -0500] "GET /bogota-empieza-la-consolidacion-de-la-estrategia-de-bosques-urbanos-con-el-brazo-salitre-en-barrios-unidos.html?utm_source=Youtube_DIGI&utm_medium=CPV&utm_campaign=BosquesUrbanos&utm_id=Agosto_2023&gclid=CjwKCAjwivemBhBhEiwAJxNWN3XdhRqmXsSRCbz3WkUVW_ppxPG8b850HqUHwtQgPfi4wbez00tMrRoC6HwQAvD_BwE HTTP/1.1" 200 892
201.245.192.253 - - [17/Aug/2023:12:51:13 -0500] "POST /sipse/faces/presentacion/financiero/solicitudProceso/consultarSolicitudProceso.xhtml HTTP/1.1" 200 40200
201.245.192.253 - - [17/Aug/2023:12:51:13 -0500] "GET /sipse/css/custom_css_sg.css HTTP/1.1" 304 -
201.245.192.253 - - [17/Aug/2023:12:51:13 -0500] "GET /sipse/css/custom_css_sg_prime.css HTTP/1.1" 304 -
201.245.192.253 - - [17/Aug/2023:12:51:13 -0500] "GET /sipse/js/disable_browser_buttons.js HTTP/1.1" 304 -
201.245.192.253 - - [17/Aug/2023:12:51:13 -0500] "GET /sipse/faces/javax.faces.resource/theme.css?ln=primefaces-sipse HTTP/1.1" 304 -
201.245.192.253 - - [17/Aug/2023:12:51:13 -0500] "GET /sipse/faces/javax.faces.resource/layout/layout.css?ln=primefaces&v=4.0 HTTP/1.1" 304 -
201.245.192.253 - - [17/Aug/2023:12:51:13 -0500] "GET /sipse/faces/javax.faces.resource/primefaces.css?ln=primefaces&v=4.0 HTTP/1.1" 304 -
201.245.192.253 - - [17/Aug/2023:12:51:13 -0500] "GET /sipse/js/jquery.min.js HTTP/1.1" 304 -
201.245.192.253 - - [17/Aug/2023:12:51:13 -0500] "GET /sipse/js/funciones.js HTTP/1.1" 304 -
201.245.192.253 - - [17/Aug/2023:12:51:13 -0500] "GET /sipse/faces/javax.faces.resource/jquery/jquery.js?ln=primefaces&v=4.0 HTTP/1.1" 304 -
201.245.192.253 - - [17/Aug/2023:12:51:13 -0500] "GET /sipse/faces/javax.faces.resource/jquery/jquery-plugins.js?ln=primefaces&v=4.0 HTTP/1.1" 304 -
201.245.192.253 - - [17/Aug/2023:12:51:13 -0500] "GET /sipse/faces/javax.faces.resource/primefaces.js?ln=primefaces&v=4.0 HTTP/1.1" 304 -
201.245.192.253 - - [17/Aug/2023:12:51:13 -0500] "GET /sipse/faces/javax.faces.resource/layout/layout.js?ln=primefaces&v=4.0 HTTP/1.1" 304 -
201.245.192.253 - - [17/Aug/2023:12:51:13 -0500] "POST /sipse/faces/presentacion/financiero/solicitudProceso/listarSolicitudProceso.xhtml HTTP/1.1" 200 33595
201.245.192.253 - - [17/Aug/2023:12:51:14 -0500] "POST /sipse/faces/presentacion/financiero/solicitudProceso/listarSolicitudProceso.xhtml HTTP/1.1" 200 33595
201.245.192.253 - - [17/Aug/2023:12:51:14 -0500] "POST /sipse/faces/presentacion/financiero/solicitudProceso/listarSolicitudProceso.xhtml HTTP/1.1" 200 33595
201.245.192.253 - - [17/Aug/2023:12:51:14 -0500] "POST /sipse/faces/presentacion/financiero/solicitudProceso/listarSolicitudProceso.xhtml HTTP/1.1" 200 33595
201.245.192.253 - - [17/Aug/2023:12:51:14 -0500] "POST /sipse/faces/presentacion/financiero/solicitudProceso/listarSolicitudProceso.xhtml HTTP/1.1" 200 1436
201.245.192.253 - - [17/Aug/2023:12:51:14 -0500] "POST /sipse/faces/presentacion/financiero/solicitudProceso/listarSolicitudProceso.xhtml HTTP/1.1" 200 1436
201.245.192.253 - - [17/Aug/2023:12:51:14 -0500] "POST /sipse/faces/presentacion/financiero/solicitudProceso/listarSolicitudProceso.xhtml HTTP/1.1" 200 1440
201.245.192.253 - - [17/Aug/2023:12:51:14 -0500] "POST /sipse/faces/presentacion/financiero/solicitudProceso/listarSolicitudProceso.xhtml HTTP/1.1" 200 1436
201.245.192.253 - - [17/Aug/2023:12:51:15 -0500] "POST /sipse/faces/presentacion/financiero/solicitudProceso/listarSolicitudProceso.xhtml HTTP/1.1" 200 1440
201.245.192.253 - - [17/Aug/2023:12:51:16 -0500] "POST /sipse/faces/presentacion/financiero/solicitudProceso/listarSolicitudProceso.xhtml HTTP/1.1" 200 911
201.245.192.253 - - [17/Aug/2023:12:51:17 -0500] "GET /sipse/faces/faces/autenticacion HTTP/1.1" 302 -
201.245.192.253 - - [17/Aug/2023:12:51:17 -0500] "GET /sipse/faces/autenticacion.xhtml HTTP/1.1" 200 12171
201.245.192.253 - - [17/Aug/2023:12:51:18 -0500] "GET /sipse/css/custom_css_sg_prime_login.css HTTP/1.1" 304 -
201.245.192.253 - - [17/Aug/2023:12:51:18 -0500] "GET /sipse/faces/javax.faces.resource/primefaces.css?ln=primefaces&v=4.0 HTTP/1.1" 304 -
201.245.192.253 - - [17/Aug/2023:12:51:18 -0500] "GET /sipse/faces/javax.faces.resource/layout/layout.js?ln=primefaces&v=4.0 HTTP/1.1" 304 -
201.245.192.253 - - [17/Aug/2023:12:51:18 -0500] "GET /sipse/faces/javax.faces.resource/layout/layout.css?ln=primefaces&v=4.0 HTTP/1.1" 304 -
201.245.192.253 - - [17/Aug/2023:12:51:18 -0500] "GET /sipse/faces/javax.faces.resource/jquery/jquery.js?ln=primefaces&v=4.0 HTTP/1.1" 304 -
201.245.192.253 - - [17/Aug/2023:12:51:18 -0500] "GET /sipse/faces/javax.faces.resource/jquery/jquery-plugins.js?ln=primefaces&v=4.0 HTTP/1.1" 304 -
201.245.192.253 - - [17/Aug/2023:12:51:18 -0500] "GET /sipse/faces/javax.faces.resource/primefaces.js?ln=primefaces&v=4.0 HTTP/1.1" 304 -
201.245.192.253 - - [17/Aug/2023:12:51:18 -0500] "GET /sipse/faces/javax.faces.resource/theme.css?ln=primefaces-sipse HTTP/1.1" 304 -
201.245.192.253 - - [17/Aug/2023:12:51:18 -0500] "GET /sipse/css/imagen/logoSDG.png HTTP/1.1" 304 -
201.245.192.253 - - [17/Aug/2023:12:51:18 -0500] "GET /sipse/css/imagen/loginimg.png HTTP/1.1" 304 -
201.245.192.253 - - [17/Aug/2023:12:51:18 -0500] "GET /sipse/faces/javax.faces.resource/images/ui-icons_898989_256x240.png?ln=primefaces-aristo HTTP/1.1" 304 -
201.245.192.253 - - [17/Aug/2023:12:51:21 -0500] "POST /sipse/faces/autenticacion.xhtml HTTP/1.1" 200 16161
201.245.192.253 - - [17/Aug/2023:12:51:21 -0500] "GET /sipse/faces/javax.faces.resource/theme.css?ln=primefaces-sipse HTTP/1.1" 304 -
201.245.192.253 - - [17/Aug/2023:12:51:21 -0500] "GET /sipse/faces/javax.faces.resource/primefaces.css?ln=primefaces&v=4.0 HTTP/1.1" 304 -
201.245.192.253 - - [17/Aug/2023:12:51:21 -0500] "GET /sipse/faces/javax.faces.resource/layout/layout.css?ln=primefaces&v=4.0 HTTP/1.1" 304 -
201.245.192.253 - - [17/Aug/2023:12:51:21 -0500] "GET /sipse/faces/javax.faces.resource/jquery/jquery.js?ln=primefaces&v=4.0 HTTP/1.1" 304 -
201.245.192.253 - - [17/Aug/2023:12:51:21 -0500] "GET /sipse/faces/javax.faces.resource/jquery/jquery-plugins.js?ln=primefaces&v=4.0 HTTP/1.1" 304 -
201.245.192.253 - - [17/Aug/2023:12:51:21 -0500] "GET /sipse/faces/javax.faces.resource/primefaces.js?ln=primefaces&v=4.0 HTTP/1.1" 304 -
201.245.192.253 - - [17/Aug/2023:12:51:21 -0500] "GET /sipse/faces/javax.faces.resource/layout/layout.js?ln=primefaces&v=4.0 HTTP/1.1" 304 -
201.245.192.253 - - [17/Aug/2023:12:51:21 -0500] "GET /sipse/css/v_mergente.css HTTP/1.1" 304 -
201.245.192.253 - - [17/Aug/2023:12:51:21 -0500] "GET /sipse/imagenes/logoAplicacion.jpg HTTP/1.1" 304 -
201.245.192.253 - - [17/Aug/2023:12:51:21 -0500] "GET /sipse/imagenes/cargando.gif HTTP/1.1" 304 -
201.245.192.253 - - [17/Aug/2023:12:51:21 -0500] "GET /sipse/css/imagen/contrasena.png HTTP/1.1" 404 383
201.245.192.253 - - [17/Aug/2023:12:51:21 -0500] "GET /sipse/faces/javax.faces.resource/messages/messages.png?ln=primefaces&v=4.0 HTTP/1.1" 304 -
201.245.192.253 - - [17/Aug/2023:12:51:22 -0500] "GET /sipse/faces/javax.faces.resource/images/ui-bg_flat_0_2d5972_40x100.png?ln=primefaces-aristo HTTP/1.1" 304 -
201.245.192.253 - - [17/Aug/2023:12:51:22 -0500] "POST /sipse/faces/bienvenido.xhtml HTTP/1.1" 200 1471
201.245.192.253 - - [17/Aug/2023:12:51:23 -0500] "POST /sipse/faces/bienvenido.xhtml HTTP/1.1" 200 40200
201.245.192.253 - - [17/Aug/2023:12:51:23 -0500] "GET /sipse/faces/javax.faces.resource/primefaces.css?ln=primefaces&v=4.0 HTTP/1.1" 304 -
201.245.192.253 - - [17/Aug/2023:12:51:23 -0500] "GET /sipse/faces/javax.faces.resource/theme.css?ln=primefaces-sipse HTTP/1.1" 304 -
201.245.192.253 - - [17/Aug/2023:12:51:23 -0500] "GET /sipse/faces/javax.faces.resource/layout/layout.css?ln=primefaces&v=4.0 HTTP/1.1" 304 -
201.245.192.253 - - [17/Aug/2023:12:51:23 -0500] "GET /sipse/faces/javax.faces.resource/jquery/jquery.js?ln=primefaces&v=4.0 HTTP/1.1" 304 -
201.245.192.253 - - [17/Aug/2023:12:51:23 -0500] "GET /sipse/faces/javax.faces.resource/jquery/jquery-plugins.js?ln=primefaces&v=4.0 HTTP/1.1" 304 -
201.245.192.253 - - [17/Aug/2023:12:51:23 -0500] "GET /sipse/faces/javax.faces.resource/primefaces.js?ln=primefaces&v=4.0 HTTP/1.1" 304 -
201.245.192.253 - - [17/Aug/2023:12:51:23 -0500] "GET /sipse/faces/javax.faces.resource/layout/layout.js?ln=primefaces&v=4.0 HTTP/1.1" 304 -
201.245.192.253 - - [17/Aug/2023:12:51:23 -0500] "POST /sipse/faces/presentacion/financiero/solicitudProceso/listarSolicitudProceso.xhtml HTTP/1.1" 200 1436
201.245.192.253 - - [17/Aug/2023:12:51:25 -0500] "POST /sipse/faces/presentacion/financiero/solicitudProceso/listarSolicitudProceso.xhtml HTTP/1.1" 200 129138
201.245.192.253 - - [17/Aug/2023:12:51:27 -0500] "GET /sipse/faces/javax.faces.resource/theme.css?ln=primefaces-sipse HTTP/1.1" 304 -
201.245.192.253 - - [17/Aug/2023:12:51:27 -0500] "GET /sipse/faces/javax.faces.resource/primefaces.css?ln=primefaces&v=4.0 HTTP/1.1" 304 -
201.245.192.253 - - [17/Aug/2023:12:51:27 -0500] "GET /sipse/faces/javax.faces.resource/layout/layout.css?ln=primefaces&v=4.0 HTTP/1.1" 304 -
201.245.192.253 - - [17/Aug/2023:12:51:27 -0500] "GET /sipse/faces/javax.faces.resource/jquery/jquery.js?ln=primefaces&v=4.0 HTTP/1.1" 304 -
201.245.192.253 - - [17/Aug/2023:12:51:27 -0500] "GET /sipse/faces/javax.faces.resource/jquery/jquery-plugins.js?ln=primefaces&v=4.0 HTTP/1.1" 304 -
201.245.192.253 - - [17/Aug/2023:12:51:27 -0500] "GET /sipse/faces/javax.faces.resource/primefaces.js?ln=primefaces&v=4.0 HTTP/1.1" 304 -
201.245.192.253 - - [17/Aug/2023:12:51:27 -0500] "GET /sipse/faces/javax.faces.resource/layout/layout.js?ln=primefaces&v=4.0 HTTP/1.1" 304 -
201.245.192.253 - - [17/Aug/2023:12:51:33 -0500] "POST /forms/lservlet;jsessionid=ac16012b30d6f01e0f58504c416a95f18c6006acbac1.e3iSbxaKaheRe34LahmRaNuQc41ynknvrkLOlQzNp65In0 HTTP/1.1" 200 2
216.245.221.92 - - [17/Aug/2023:12:52:22 -0500] "HEAD / HTTP/1.1" 200 -
201.245.192.253 - - [17/Aug/2023:12:52:34 -0500] "POST /forms/lservlet;jsessionid=ac16012b30d63c69d1acab484d25a6a7ac94400030ae.e3iSbxaKaheRe34LahmRaNuQc41ynknvrkLOlQzNp65In0 HTTP/1.1" 200 2
201.245.192.253 - - [17/Aug/2023:12:53:33 -0500] "POST /forms/lservlet;jsessionid=ac16012b30d6f01e0f58504c416a95f18c6006acbac1.e3iSbxaKaheRe34LahmRaNuQc41ynknvrkLOlQzNp65In0 HTTP/1.1" 200 2
201.245.192.253 - - [17/Aug/2023:12:54:07 -0500] "POST /kwsrmcab/Wsrmcab  HTTP/1.1" 200 42119
201.245.192.253 - - [17/Aug/2023:12:54:34 -0500] "POST /forms/lservlet;jsessionid=ac16012b30d63c69d1acab484d25a6a7ac94400030ae.e3iSbxaKaheRe34LahmRaNuQc41ynknvrkLOlQzNp65In0 HTTP/1.1" 200 2
201.245.192.253 - - [17/Aug/2023:12:54:40 -0500] "POST /sipse/faces/presentacion/financiero/solicitudProceso/consultarSolicitudProceso.xhtml HTTP/1.1" 200 37673
201.245.192.253 - - [17/Aug/2023:12:54:43 -0500] "GET /sipse/faces/javax.faces.resource/theme.css?ln=primefaces-sipse HTTP/1.1" 304 -
201.245.192.253 - - [17/Aug/2023:12:54:43 -0500] "GET /sipse/faces/javax.faces.resource/primefaces.css?ln=primefaces&v=4.0 HTTP/1.1" 304 -
201.245.192.253 - - [17/Aug/2023:12:54:43 -0500] "GET /sipse/faces/javax.faces.resource/layout/layout.css?ln=primefaces&v=4.0 HTTP/1.1" 304 -
201.245.192.253 - - [17/Aug/2023:12:54:43 -0500] "GET /sipse/faces/javax.faces.resource/jquery/jquery.js?ln=primefaces&v=4.0 HTTP/1.1" 304 -
201.245.192.253 - - [17/Aug/2023:12:54:43 -0500] "GET /sipse/faces/javax.faces.resource/jquery/jquery-plugins.js?ln=primefaces&v=4.0 HTTP/1.1" 304 -
201.245.192.253 - - [17/Aug/2023:12:54:43 -0500] "GET /sipse/faces/javax.faces.resource/primefaces.js?ln=primefaces&v=4.0 HTTP/1.1" 304 -
201.245.192.253 - - [17/Aug/2023:12:54:43 -0500] "GET /sipse/faces/javax.faces.resource/layout/layout.js?ln=primefaces&v=4.0 HTTP/1.1" 304 -
201.245.192.253 - - [17/Aug/2023:12:54:43 -0500] "POST /sipse/faces/presentacion/financiero/solicitudProceso/listarSolicitudProceso.xhtml HTTP/1.1" 200 1420
201.245.192.253 - - [17/Aug/2023:12:54:46 -0500] "POST /sipse/faces/presentacion/financiero/solicitudProceso/listarSolicitudProceso.xhtml HTTP/1.1" 200 7359
201.245.192.253 - - [17/Aug/2023:12:54:46 -0500] "POST /sipse/faces/presentacion/financiero/solicitudProceso/listarSolicitudProceso.xhtml HTTP/1.1" 200 19067
191.156.159.219 - - [17/Aug/2023:12:55:05 -0500] "GET /bogota-empieza-la-consolidacion-de-la-estrategia-de-bosques-urbanos-con-el-brazo-salitre-en-barrios-unidos.html?utm_source=Meta_DIGI&utm_medium=CPV&utm_campaign=BosquesUrbanos&utm_id=Agosto_2023&fbclid=IwAR2A0mu3eCWlOEM5YnGD8FWhh8BMdzjOK2r1R-BZE0yPW7BJEVl5njf2W-o_aem_AS2IWn7RXAiIHvUMJGCMCY2DGzcsxkLOqT0jB2Tkle_ozXl1WsN9H3P6ekr4Z9tz04grph5U9FXSM561o6CZtPJ2 HTTP/1.1" 200 892
172.22.2.4 - - [17/Aug/2023:12:53:41 -0500] "HEAD /BLA/boletinlegal/ HTTP/1.1" 200 -
201.245.192.253 - - [17/Aug/2023:12:55:33 -0500] "POST /forms/lservlet;jsessionid=ac16012b30d6f01e0f58504c416a95f18c6006acbac1.e3iSbxaKaheRe34LahmRaNuQc41ynknvrkLOlQzNp65In0 HTTP/1.1" 200 2
181.237.91.145 - - [17/Aug/2023:12:55:34 -0500] "GET /bogota-empieza-la-consolidacion-de-la-estrategia-de-bosques-urbanos-con-el-brazo-salitre-en-barrios-unidos.html?utm_source=Meta_DIGI&utm_medium=CPV&utm_campaign=BosquesUrbanos&utm_id=Agosto_2023&fbclid=IwAR2Mmh75K9I4lXAv4Fp-pCBqfVGOH0rfav7eRy2ZEeyhSNeXZ7RbHRLyZFs_aem_AS13A2NeFTsi_Nboo1lnqnKmciuYZ2d5tZW9VOU2scXhbgZrVr9zNUf8OUMTdhBdH1dmkop7JNhsifdTa7tAGsFV HTTP/1.1" 200 892
172.22.2.4 - - [17/Aug/2023:12:54:31 -0500] "GET /BLA/boletinlegal/ HTTP/1.1" 200 52656
201.245.192.253 - - [17/Aug/2023:12:56:34 -0500] "POST /forms/lservlet;jsessionid=ac16012b30d63c69d1acab484d25a6a7ac94400030ae.e3iSbxaKaheRe34LahmRaNuQc41ynknvrkLOlQzNp65In0 HTTP/1.1" 200 2
177.93.50.154 - - [17/Aug/2023:12:57:04 -0500] "GET /inscribete-y-participa-en-la-convencion-internacional-de-emergencia-climatica-bogota-2023.html HTTP/1.1" 200 895
40.77.167.123 - - [17/Aug/2023:12:57:18 -0500] "GET /BLA/resoluciones/AUTOS%202013/0810.pdf HTTP/1.1" 304 -
216.245.221.92 - - [17/Aug/2023:12:57:22 -0500] "HEAD / HTTP/1.1" 200 -
201.245.192.253 - - [17/Aug/2023:12:57:33 -0500] "POST /forms/lservlet;jsessionid=ac16012b30d6f01e0f58504c416a95f18c6006acbac1.e3iSbxaKaheRe34LahmRaNuQc41ynknvrkLOlQzNp65In0 HTTP/1.1" 200 2
66.249.77.10 - - [17/Aug/2023:12:58:31 -0500] "GET /Publicaciones/2023EE164633.pdf HTTP/1.1" 404 228
201.245.192.253 - - [17/Aug/2023:12:58:34 -0500] "POST /forms/lservlet;jsessionid=ac16012b30d63c69d1acab484d25a6a7ac94400030ae.e3iSbxaKaheRe34LahmRaNuQc41ynknvrkLOlQzNp65In0 HTTP/1.1" 200 2
201.245.192.253 - - [17/Aug/2023:12:59:05 -0500] "POST /kwsrmcab/Wsrmcab  HTTP/1.1" 200 42119
201.245.192.253 - - [17/Aug/2023:12:59:33 -0500] "POST /forms/lservlet;jsessionid=ac16012b30d6f01e0f58504c416a95f18c6006acbac1.e3iSbxaKaheRe34LahmRaNuQc41ynknvrkLOlQzNp65In0 HTTP/1.1" 200 2
172.22.2.4 - - [17/Aug/2023:12:59:39 -0500] "GET /BLA/boletinlegal/actos.php HTTP/1.1" 200 9682
186.154.185.23 - - [17/Aug/2023:12:59:41 -0500] "GET /BLA/resoluciones/ HTTP/1.1" 200 13502
186.154.185.23 - - [17/Aug/2023:12:59:55 -0500] "GET /BLA/resoluciones/index.php?dir=RESOLUCIONES+2016%2F HTTP/1.1" 200 172156
201.245.192.253 - - [17/Aug/2023:13:00:34 -0500] "POST /forms/lservlet;jsessionid=ac16012b30d63c69d1acab484d25a6a7ac94400030ae.e3iSbxaKaheRe34LahmRaNuQc41ynknvrkLOlQzNp65In0 HTTP/1.1" 200 2
201.245.192.253 - - [17/Aug/2023:13:00:59 -0500] "POST /sipse/faces/presentacion/financiero/solicitudProceso/listarSolicitudProceso.xhtml HTTP/1.1" 200 7367
201.245.192.253 - - [17/Aug/2023:13:00:59 -0500] "POST /sipse/faces/presentacion/financiero/solicitudProceso/listarSolicitudProceso.xhtml HTTP/1.1" 200 19067
181.53.12.13 - - [17/Aug/2023:13:01:08 -0500] "GET /bogota-empieza-la-consolidacion-de-la-estrategia-de-bosques-urbanos-con-el-brazo-salitre-en-barrios-unidos.html?utm_source=Meta_DIGI&utm_medium=CPV&utm_campaign=BosquesUrbanos&utm_id=Agosto_2023&fbclid=IwAR2p9tCFJxkrKUkpz2-HVwosoEtbEkbsYnhkVKsW6rtSXFegOjCGUU086xo_aem_AS3GBhmIUSnze05_iNAn6YogqH1TGc2HLG5OrqltdS1bXZUX11iIwHQ6RYsjsVJ4xbiiZY4kJhLboRJeHKBA50LT HTTP/1.1" 200 892
172.22.2.4 - - [17/Aug/2023:12:59:31 -0500] "HEAD /BLA/boletinlegal/ HTTP/1.1" 200 -
201.245.192.253 - - [17/Aug/2023:13:01:33 -0500] "POST /forms/lservlet;jsessionid=ac16012b30d6f01e0f58504c416a95f18c6006acbac1.e3iSbxaKaheRe34LahmRaNuQc41ynknvrkLOlQzNp65In0 HTTP/1.1" 200 2
172.22.2.4 - - [17/Aug/2023:13:00:21 -0500] "GET /BLA/boletinlegal/ HTTP/1.1" 200 56607
216.245.221.92 - - [17/Aug/2023:13:02:22 -0500] "HEAD / HTTP/1.1" 200 -
191.156.238.121 - - [17/Aug/2023:13:02:30 -0500] "GET /inscribete-y-participa-en-la-convencion-internacional-de-emergencia-climatica-bogota-2023.html HTTP/1.1" 200 895
201.245.192.253 - - [17/Aug/2023:13:02:34 -0500] "POST /forms/lservlet;jsessionid=ac16012b30d63c69d1acab484d25a6a7ac94400030ae.e3iSbxaKaheRe34LahmRaNuQc41ynknvrkLOlQzNp65In0 HTTP/1.1" 200 2
201.245.192.253 - - [17/Aug/2023:13:03:33 -0500] "POST /forms/lservlet;jsessionid=ac16012b30d6f01e0f58504c416a95f18c6006acbac1.e3iSbxaKaheRe34LahmRaNuQc41ynknvrkLOlQzNp65In0 HTTP/1.1" 200 2
201.245.192.253 - - [17/Aug/2023:13:04:04 -0500] "POST /kwsrmcab/Wsrmcab  HTTP/1.1" 200 42119
201.245.192.253 - - [17/Aug/2023:13:04:34 -0500] "POST /forms/lservlet;jsessionid=ac16012b30d63c69d1acab484d25a6a7ac94400030ae.e3iSbxaKaheRe34LahmRaNuQc41ynknvrkLOlQzNp65In0 HTTP/1.1" 200 2
31.220.1.83 - - [17/Aug/2023:13:05:27 -0500] "GET / HTTP/1.1" 200 319
201.245.192.253 - - [17/Aug/2023:13:05:33 -0500] "POST /forms/lservlet;jsessionid=ac16012b30d6f01e0f58504c416a95f18c6006acbac1.e3iSbxaKaheRe34LahmRaNuQc41ynknvrkLOlQzNp65In0 HTTP/1.1" 200 2
201.245.192.253 - - [17/Aug/2023:13:06:34 -0500] "POST /forms/lservlet;jsessionid=ac16012b30d63c69d1acab484d25a6a7ac94400030ae.e3iSbxaKaheRe34LahmRaNuQc41ynknvrkLOlQzNp65In0 HTTP/1.1" 200 2
201.245.192.253 - - [17/Aug/2023:13:06:42 -0500] "GET /BLA/resoluciones/index.php?dir=AUTOS+2009%2F HTTP/1.1" 200 399860
172.22.2.4 - - [17/Aug/2023:13:05:21 -0500] "HEAD /BLA/boletinlegal/ HTTP/1.1" 200 -
179.19.61.7 - - [17/Aug/2023:13:07:09 -0500] "GET /bogota-empieza-la-consolidacion-de-la-estrategia-de-bosques-urbanos-con-el-brazo-salitre-en-barrios-unidos.html?utm_source=Meta_DIGI&utm_medium=CPV&utm_campaign=BosquesUrbanos&utm_id=Agosto_2023&fbclid=IwAR1Knna1kxGuOvrUJVRzX_QO6gQmT2uqwJtvCF_nxPnxDUrtNl7l2qW00RE_aem_AS2fnokd08euA__ebTtNOqtFmBKQ5q-Ku9vUQNEgN_nLrltrfzsA9p_lWjgnPHw6R1wQojKEFLugTaAj0Od0sGUO HTTP/1.1" 200 892
216.245.221.92 - - [17/Aug/2023:13:07:22 -0500] "HEAD / HTTP/1.1" 200 -
186.29.182.86 - - [17/Aug/2023:13:07:29 -0500] "POST /sipse/faces/presentacion/financiero/solicitudProceso/consultarSolicitudProceso.xhtml HTTP/1.1" 200 92067
201.245.192.253 - - [17/Aug/2023:13:07:33 -0500] "POST /forms/lservlet;jsessionid=ac16012b30d6f01e0f58504c416a95f18c6006acbac1.e3iSbxaKaheRe34LahmRaNuQc41ynknvrkLOlQzNp65In0 HTTP/1.1" 200 2
186.29.182.86 - - [17/Aug/2023:13:07:35 -0500] "POST /sipse/faces/presentacion/financiero/solicitudProceso/consultarSolicitudProceso.xhtml HTTP/1.1" 200 58404
186.29.182.86 - - [17/Aug/2023:13:07:41 -0500] "POST /sipse/faces/presentacion/financiero/solicitudProceso/consultarSolicitudProceso.xhtml HTTP/1.1" 200 40948
186.29.182.86 - - [17/Aug/2023:13:07:43 -0500] "POST /sipse/faces/presentacion/financiero/solicitudProceso/consultarSolicitudProceso.xhtml HTTP/1.1" 200 41099
186.29.182.86 - - [17/Aug/2023:13:07:45 -0500] "POST /sipse/faces/presentacion/financiero/solicitudProceso/consultarSolicitudProceso.xhtml HTTP/1.1" 200 310254
172.22.2.4 - - [17/Aug/2023:13:06:11 -0500] "GET /BLA/boletinlegal/ HTTP/1.1" 200 53013
186.29.182.86 - - [17/Aug/2023:13:07:53 -0500] "POST /sipse/faces/presentacion/financiero/solicitudProceso/consultarSolicitudProceso.xhtml HTTP/1.1" 200 262883
186.29.182.86 - - [17/Aug/2023:13:08:00 -0500] "POST /sipse/faces/presentacion/financiero/solicitudProceso/consultarSolicitudProceso.xhtml HTTP/1.1" 200 388940
201.245.192.253 - - [17/Aug/2023:13:08:35 -0500] "POST /forms/lservlet;jsessionid=ac16012b30d63c69d1acab484d25a6a7ac94400030ae.e3iSbxaKaheRe34LahmRaNuQc41ynknvrkLOlQzNp65In0 HTTP/1.1" 200 2
201.245.192.253 - - [17/Aug/2023:13:09:03 -0500] "POST /kwsrmcab/Wsrmcab  HTTP/1.1" 200 42119
17.241.219.117 - - [17/Aug/2023:13:09:24 -0500] "GET /robots.txt HTTP/1.1" 404 1034
17.241.219.117 - - [17/Aug/2023:13:09:25 -0500] "GET /images/portada-reciclaton-unisalle1.jpg HTTP/1.1" 200 63235
201.245.192.253 - - [17/Aug/2023:13:09:33 -0500] "POST /forms/lservlet;jsessionid=ac16012b30d6f01e0f58504c416a95f18c6006acbac1.e3iSbxaKaheRe34LahmRaNuQc41ynknvrkLOlQzNp65In0 HTTP/1.1" 200 2
154.209.125.125 - - [17/Aug/2023:13:10:08 -0500] "GET / HTTP/1.1" 200 319
201.245.192.253 - - [17/Aug/2023:13:10:35 -0500] "POST /forms/lservlet;jsessionid=ac16012b30d63c69d1acab484d25a6a7ac94400030ae.e3iSbxaKaheRe34LahmRaNuQc41ynknvrkLOlQzNp65In0 HTTP/1.1" 200 2
190.146.243.68 - - [17/Aug/2023:13:10:40 -0500] "GET /galeria/carrusel/Carrusel/jquery.thumbnailScroller.js HTTP/1.1" 200 8157
190.146.243.68 - - [17/Aug/2023:13:10:40 -0500] "GET /galeria/carrusel/Carrusel/jquery-ui-1.8.13.custom.min.js HTTP/1.1" 200 10800
190.146.243.68 - - [17/Aug/2023:13:10:40 -0500] "GET /galeria/carrusel/Carrusel/jquery.thumbnailScroller.css HTTP/1.1" 200 2066
190.146.243.68 - - [17/Aug/2023:13:10:41 -0500] "GET /galeria/nivo-slider/demo/banner.html HTTP/1.1" 200 5446
190.146.243.68 - - [17/Aug/2023:13:10:41 -0500] "GET /galeria/nivo-slider/themes/default/default.css HTTP/1.1" 200 1569
190.146.243.68 - - [17/Aug/2023:13:10:41 -0500] "GET /galeria/nivo-slider/themes/pascal/pascal.css HTTP/1.1" 200 2258
190.146.243.68 - - [17/Aug/2023:13:10:41 -0500] "GET /galeria/nivo-slider/themes/orman/orman.css HTTP/1.1" 200 2152
190.146.243.68 - - [17/Aug/2023:13:10:41 -0500] "GET /galeria/nivo-slider/jquery.nivo.slider.pack.js HTTP/1.1" 200 11561
190.146.243.68 - - [17/Aug/2023:13:10:41 -0500] "GET /galeria/nivo-slider/nivo-slider.css HTTP/1.1" 200 1507
190.146.243.68 - - [17/Aug/2023:13:10:41 -0500] "GET /galeria/nivo-slider/demo/scripts/jquery-1.7.1.min.js HTTP/1.1" 200 93868
190.146.243.68 - - [17/Aug/2023:13:10:41 -0500] "GET /galeria/nivo-slider/demo/style.css HTTP/1.1" 200 2222
190.146.243.68 - - [17/Aug/2023:13:10:41 -0500] "GET /galeria/nivo-slider/demo/images/bannertortuga_optimized.jpg HTTP/1.1" 200 39066
190.146.243.68 - - [17/Aug/2023:13:10:41 -0500] "GET /galeria/nivo-slider/demo/images/Bannermujeresquereverdecen.jpg HTTP/1.1" 200 46558
190.146.243.68 - - [17/Aug/2023:13:10:41 -0500] "GET /galeria/nivo-slider/demo/images/bannertrafico_optimized.jpg HTTP/1.1" 200 42578
190.146.243.68 - - [17/Aug/2023:13:10:41 -0500] "GET /galeria/nivo-slider/demo/images/Bannersedeelectronica.jpg HTTP/1.1" 200 40383
190.146.243.68 - - [17/Aug/2023:13:10:41 -0500] "GET /galeria/nivo-slider/demo/images/bannerrutaesperanza.jpg HTTP/1.1" 200 55560
190.146.243.68 - - [17/Aug/2023:13:10:41 -0500] "GET /galeria/nivo-slider/demo/images/banneraire2021.jpg HTTP/1.1" 200 265101
190.146.243.68 - - [17/Aug/2023:13:10:41 -0500] "GET /galeria/nivo-slider/demo/images/Bannerplasticosseptiembre.jpg HTTP/1.1" 200 45633
190.146.243.68 - - [17/Aug/2023:13:10:41 -0500] "GET /galeria/nivo-slider/demo/images/bannerresiduoshospitalariosagosto.jpg HTTP/1.1" 200 36499
190.146.243.68 - - [17/Aug/2023:13:10:41 -0500] "GET /galeria/nivo-slider/demo/images/banneraccionpopularcrr68.jpg HTTP/1.1" 200 51887
190.146.243.68 - - [17/Aug/2023:13:10:41 -0500] "GET /galeria/nivo-slider/demo/images/banneraccionpopular.jpeg HTTP/1.1" 200 41707
190.146.243.68 - - [17/Aug/2023:13:10:41 -0500] "GET /galeria/nivo-slider/demo/images/bannerclases2021.jpg HTTP/1.1" 200 68230
190.146.243.68 - - [17/Aug/2023:13:10:41 -0500] "GET /galeria/nivo-slider/demo/images/bannercapacitacionesbogota.jpg HTTP/1.1" 200 42416
190.146.243.68 - - [17/Aug/2023:13:10:41 -0500] "GET /galeria/nivo-slider/demo/images/Bannerenvases.jpg HTTP/1.1" 200 37316
190.146.243.68 - - [17/Aug/2023:13:10:42 -0500] "GET /galeria/nivo-slider/demo/images/Bannervirtualescanales.jpg HTTP/1.1" 200 174544
190.146.243.68 - - [17/Aug/2023:13:10:42 -0500] "GET /galeria/nivo-slider/demo/images/4Simple_Slider.png HTTP/1.1" 200 11722
190.146.243.68 - - [17/Aug/2023:13:10:42 -0500] "GET /galeria/nivo-slider/themes/default/loading.gif HTTP/1.1" 200 1737
190.146.243.68 - - [17/Aug/2023:13:10:42 -0500] "GET /galeria/nivo-slider/themes/default/bullets.png HTTP/1.1" 200 1281
190.146.243.68 - - [17/Aug/2023:13:10:42 -0500] "GET /galeria/nivo-slider/themes/default/arrows.png HTTP/1.1" 200 824
186.168.245.6 - - [17/Aug/2023:13:10:43 -0500] "GET /bogota-empieza-la-consolidacion-de-la-estrategia-de-bosques-urbanos-con-el-brazo-salitre-en-barrios-unidos.html?utm_source=Meta_DIGI&utm_medium=CPV&utm_campaign=BosquesUrbanos&utm_id=Agosto_2023&fbclid=IwAR2sSIT3-v3D2useqG_eHauTltp4GgTmYzQtXGCDkDNtcrzB3x0ULniHoIg_aem_AS0wa1MgqmD0eXTGBP5weKWJnJjGGMEPERkhAoNlFXLjLcC85evXuuUnY-GHUqCvDKeHqS3A7FX1roEDLcfD_CA2 HTTP/1.1" 200 892
52.167.144.238 - - [17/Aug/2023:13:10:44 -0500] "GET /BLA/resoluciones/AUTOS%202023/3474.pdf HTTP/1.1" 200 1940126
201.245.192.253 - - [17/Aug/2023:13:11:33 -0500] "POST /forms/lservlet;jsessionid=ac16012b30d6f01e0f58504c416a95f18c6006acbac1.e3iSbxaKaheRe34LahmRaNuQc41ynknvrkLOlQzNp65In0 HTTP/1.1" 200 2
173.252.111.9 - - [17/Aug/2023:13:11:55 -0500] "GET /images/avistamiento-aves.jpg HTTP/1.1" 200 104313
173.252.111.118 - - [17/Aug/2023:13:12:11 -0500] "GET /images/camino-guadalupe-aguanoso.jpg HTTP/1.1" 200 103489
173.252.111.10 - - [17/Aug/2023:13:12:11 -0500] "GET /images/Caminatas-ecologicas-julio.jpg HTTP/1.1" 200 480557
173.252.111.118 - - [17/Aug/2023:13:12:12 -0500] "GET /images/construccion-sostenible-.jpg HTTP/1.1" 200 82949
216.245.221.92 - - [17/Aug/2023:13:12:22 -0500] "HEAD / HTTP/1.1" 200 -
201.245.192.253 - - [17/Aug/2023:13:12:35 -0500] "POST /forms/lservlet;jsessionid=ac16012b30d63c69d1acab484d25a6a7ac94400030ae.e3iSbxaKaheRe34LahmRaNuQc41ynknvrkLOlQzNp65In0 HTTP/1.1" 200 2
172.22.2.4 - - [17/Aug/2023:13:11:11 -0500] "HEAD /BLA/boletinlegal/ HTTP/1.1" 200 -
201.245.192.253 - - [17/Aug/2023:13:13:33 -0500] "POST /forms/lservlet;jsessionid=ac16012b30d6f01e0f58504c416a95f18c6006acbac1.e3iSbxaKaheRe34LahmRaNuQc41ynknvrkLOlQzNp65In0 HTTP/1.1" 200 2
172.22.2.4 - - [17/Aug/2023:13:12:01 -0500] "GET /BLA/boletinlegal/ HTTP/1.1" 200 53013
201.245.192.253 - - [17/Aug/2023:13:14:03 -0500] "POST /kwsrmcab/Wsrmcab  HTTP/1.1" 200 42119
172.22.2.4 - - [17/Aug/2023:13:14:14 -0500] "GET /BLA/boletinlegal/consulta_actos.php?tipo=resoluciones&no=4076&usuario=&sector=&fecha=2021&resuelve= HTTP/1.1" 200 1101
191.156.49.129 - - [17/Aug/2023:13:14:16 -0500] "GET /BLA/resoluciones/RESOLUCIONES%202021/4076.pdf HTTP/1.1" 200 481020
201.245.192.253 - - [17/Aug/2023:13:14:35 -0500] "POST /forms/lservlet;jsessionid=ac16012b30d63c69d1acab484d25a6a7ac94400030ae.e3iSbxaKaheRe34LahmRaNuQc41ynknvrkLOlQzNp65In0 HTTP/1.1" 200 2
190.147.5.54 - - [17/Aug/2023:13:15:07 -0500] "GET /inscribete-y-participa-en-la-convencion-internacional-de-emergencia-climatica-bogota-2023.html HTTP/1.1" 200 895
190.147.5.54 - - [17/Aug/2023:13:15:07 -0500] "GET /favicon.ico HTTP/1.1" 404 1034
201.245.192.253 - - [17/Aug/2023:13:15:33 -0500] "POST /forms/lservlet;jsessionid=ac16012b30d6f01e0f58504c416a95f18c6006acbac1.e3iSbxaKaheRe34LahmRaNuQc41ynknvrkLOlQzNp65In0 HTTP/1.1" 200 2
51.222.253.17 - - [17/Aug/2023:13:16:34 -0500] "GET /robots.txt HTTP/1.1" 404 1018
