186.84.22.95 - - [18/Aug/2023:06:48:07 -0500] "GET /BLA/resoluciones/dlf/pdf.gif HTTP/1.1" 200 272
186.84.22.95 - - [18/Aug/2023:06:48:07 -0500] "GET /BLA/resoluciones/dlf/unknown.png HTTP/1.1" 200 266
186.84.22.95 - - [18/Aug/2023:06:48:07 -0500] "GET /BLA/resoluciones/index.php?dir=AUTOS+2021%2F HTTP/1.1" 200 398217
191.156.50.229 - - [18/Aug/2023:06:48:11 -0500] "GET /bogota-empieza-la-consolidacion-de-la-estrategia-de-bosques-urbanos-con-el-brazo-salitre-en-barrios-unidos.html?utm_source=Meta_DIGI&utm_medium=CPV&utm_campaign=BosquesUrbanos&utm_id=Agosto_2023&fbclid=IwAR04IEn8fMWlF7sN63hPv0Du_Wo1PRxdud1OTXMW5DdN5uO9YBO-We_MCLc_aem_AeeIQhj39rFVfuFHdd8uwPPifn4ZxSqPJQ3hy8Q2pW2EQP9x6JxewaSnnaxe5RKI3goXZkq0uibUxr7p4TjHp4zw HTTP/1.1" 200 892
172.22.2.4 - - [18/Aug/2023:06:46:52 -0500] "GET /BLA/boletinlegal/ HTTP/1.1" 200 52656
186.84.22.95 - - [18/Aug/2023:06:48:36 -0500] "GET /BLA/resoluciones/AUTOS%202021/3263.pdf HTTP/1.1" 200 437153
186.84.22.95 - - [18/Aug/2023:06:48:36 -0500] "GET /BLA/resoluciones/AUTOS%202021/3263.pdf HTTP/1.1" 200 437153
186.84.22.95 - - [18/Aug/2023:06:48:36 -0500] "GET /BLA/resoluciones/AUTOS%202021/3263.pdf HTTP/1.1" 206 1025
40.77.167.233 - - [18/Aug/2023:06:48:48 -0500] "GET /bogota-reverdece-219-nuevos-arboles-plantados-en-ciudad-bolivar.html HTTP/1.1" 200 849
191.95.57.50 - - [18/Aug/2023:06:49:32 -0500] "GET /inscribete-y-participa-en-la-convencion-internacional-de-emergencia-climatica-bogota-2023.html HTTP/1.1" 200 895
201.245.192.253 - - [18/Aug/2023:06:50:15 -0500] "POST /kwsrmcab/Wsrmcab  HTTP/1.1" 200 42119
216.245.221.92 - - [18/Aug/2023:06:52:29 -0500] "HEAD / HTTP/1.1" 200 -
186.28.79.62 - - [18/Aug/2023:06:53:24 -0500] "GET /bogota-empieza-la-consolidacion-de-la-estrategia-de-bosques-urbanos-con-el-brazo-salitre-en-barrios-unidos.html?utm_source=Meta_DIGI&utm_medium=CPV&utm_campaign=BosquesUrbanos&utm_id=Agosto_2023&fbclid=IwAR1jTRYPiDGtx0j8QpxI4vKVq_OuI1UpfcJ3ZpsFZfWw2shAKd-Hu27Um4k_aem_AecMMCWUv8qzNNyD6WUX6HNgHNn-16FsJdryid5I8IyBj8--S-yXa6QqNsKq79zowZ_Pa-iqGmVSpCloFTzJOJWS HTTP/1.1" 200 892
172.22.2.4 - - [18/Aug/2023:06:51:51 -0500] "HEAD /BLA/boletinlegal/ HTTP/1.1" 200 -
190.130.108.220 - - [18/Aug/2023:06:53:42 -0500] "GET /inscribete-y-participa-en-la-convencion-internacional-de-emergencia-climatica-bogota-2023.html HTTP/1.1" 200 895
186.102.41.160 - - [18/Aug/2023:06:53:57 -0500] "GET /inscribete-y-participa-en-la-convencion-internacional-de-emergencia-climatica-bogota-2023.html HTTP/1.1" 200 895
172.22.2.4 - - [18/Aug/2023:06:52:29 -0500] "GET /BLA/boletinlegal/ HTTP/1.1" 200 48235
172.22.2.4 - - [18/Aug/2023:06:52:42 -0500] "GET /BLA/boletinlegal/ HTTP/1.1" 200 49296
190.29.198.224 - - [18/Aug/2023:06:54:59 -0500] "GET /inscribete-y-participa-en-la-convencion-internacional-de-emergencia-climatica-bogota-2023.html HTTP/1.1" 200 895
201.245.192.253 - - [18/Aug/2023:06:55:14 -0500] "POST /kwsrmcab/Wsrmcab  HTTP/1.1" 200 42119
181.78.17.67 - - [18/Aug/2023:06:56:11 -0500] "GET /bogota-empieza-la-consolidacion-de-la-estrategia-de-bosques-urbanos-con-el-brazo-salitre-en-barrios-unidos.html?utm_source=Youtube_DIGI&utm_medium=CPV&utm_campaign=BosquesUrbanos&utm_id=Agosto_2023&gclid=Cj0KCQjwrfymBhCTARIsADXTablP3DQ-hkQYI1JO89RP_GNhRA0Mzt_jKNHHUHJEAE9F5YsbFQ-ltn4aAhB7EALw_wcB HTTP/1.1" 200 892
40.77.167.123 - - [18/Aug/2023:06:56:27 -0500] "GET /BLA/resoluciones/RESOLUCIONES%202021/1622.pdf HTTP/1.1" 200 564591
186.102.47.38 - - [18/Aug/2023:06:57:08 -0500] "GET /bogota-empieza-la-consolidacion-de-la-estrategia-de-bosques-urbanos-con-el-brazo-salitre-en-barrios-unidos.html?utm_source=Meta_DIGI&utm_medium=CPV&utm_campaign=BosquesUrbanos&utm_id=Agosto_2023&fbclid=IwAR0k6YUPG3tW8O8jHvWcoZefKbqErsGhqvBiVHb0CHAlN3BLtQBWFYGKdD0_aem_AecP5D9u7PrB26-vSDVQRMMHON7HsfmvV_EXKzH8Wh8WO8c-5bqpF5nfqQoqVVjBLzvVnvvrTde2EyRhWX4M_rFA HTTP/1.1" 200 892
216.245.221.92 - - [18/Aug/2023:06:57:29 -0500] "HEAD / HTTP/1.1" 200 -
191.156.181.78 - - [18/Aug/2023:06:57:41 -0500] "GET /bogota-empieza-la-consolidacion-de-la-estrategia-de-bosques-urbanos-con-el-brazo-salitre-en-barrios-unidos.html?utm_source=Meta_DIGI&utm_medium=CPV&utm_campaign=BosquesUrbanos&utm_id=Agosto_2023&fbclid=IwAR05Elt5dSollH30Xl5qv27IYDbvDD-ji3VsgcxPFJxM9ZJBWKVqyqkJ0GU_aem_Aeccepc68tQqyfaJj_P9XBcCSVfw-xIbNc8zJKpgaY5yyDACkkdH8bqwrpOTAh1v3Xa9crgEoRYoLJl3Yz5KrzHW HTTP/1.1" 200 892
190.24.190.90 - - [18/Aug/2023:06:57:42 -0500] "GET /reportes_sipse/jsp/inicio.jsp HTTP/1.1" 200 2935
190.24.190.90 - - [18/Aug/2023:06:57:42 -0500] "GET /reportes_sipse/css/estilos.css HTTP/1.1" 304 -
190.24.190.90 - - [18/Aug/2023:06:57:42 -0500] "GET /reportes_sipse/imagenes/logoAplicacion.jpg HTTP/1.1" 304 -
190.24.190.90 - - [18/Aug/2023:06:57:42 -0500] "GET /reportes_sipse/imagenes/fondo.jpg HTTP/1.1" 304 -
190.24.190.90 - - [18/Aug/2023:06:57:42 -0500] "GET /favicon.ico HTTP/1.1" 200 7782
190.24.190.90 - - [18/Aug/2023:06:57:45 -0500] "POST /reportes_sipse/sdg/ServletReporte?adquisiciones_sipse_detallado& HTTP/1.1" 200 6273
190.24.190.90 - - [18/Aug/2023:06:57:46 -0500] "GET /reportes_sipse/js/date-picker.js HTTP/1.1" 304 -
190.24.190.90 - - [18/Aug/2023:06:57:46 -0500] "GET /reportes_sipse/js/funciones.js HTTP/1.1" 304 -
190.24.190.90 - - [18/Aug/2023:06:57:46 -0500] "GET /reportes_sipse/imagenes/calendario.gif HTTP/1.1" 304 -
190.24.190.90 - - [18/Aug/2023:06:57:46 -0500] "GET /reportes_sipse/imagenes/pdf.gif HTTP/1.1" 304 -
190.24.190.90 - - [18/Aug/2023:06:57:46 -0500] "GET /reportes_sipse/imagenes/excel.gif HTTP/1.1" 304 -
66.249.70.7 - - [18/Aug/2023:06:58:19 -0500] "GET /BLA/resoluciones/RESOLUCIONES%202017/2490.pdf HTTP/1.1" 200 287821
190.24.190.90 - - [18/Aug/2023:06:58:47 -0500] "GET /reportes_sipse/imagenes/avanzaMes.gif HTTP/1.1" 304 -
190.24.190.90 - - [18/Aug/2023:06:58:47 -0500] "GET /reportes_sipse/imagenes/avanzaAgno.gif HTTP/1.1" 304 -
190.24.190.90 - - [18/Aug/2023:06:58:47 -0500] "GET /reportes_sipse/imagenes/retrocedeAgno.gif HTTP/1.1" 304 -
190.24.190.90 - - [18/Aug/2023:06:58:47 -0500] "GET /reportes_sipse/imagenes/retrocedeMes.gif HTTP/1.1" 304 -
190.24.190.90 - - [18/Aug/2023:06:58:56 -0500] "GET /reportes_sipse/jsp/inicio.jsp HTTP/1.1" 200 2935
190.24.190.90 - - [18/Aug/2023:06:59:00 -0500] "POST /reportes_sipse/sdg/ServletReporte?saldo_actividades_contratacion_columnas& HTTP/1.1" 200 5986
172.22.2.4 - - [18/Aug/2023:06:57:41 -0500] "HEAD /BLA/boletinlegal/ HTTP/1.1" 200 -
190.24.190.90 - - [18/Aug/2023:06:59:07 -0500] "POST /reportes_sipse/sdg/ServletControlador HTTP/1.1" 200 59682
139.162.248.190 - - [18/Aug/2023:06:59:56 -0500] "GET / HTTP/1.1" 200 319
139.162.248.190 - - [18/Aug/2023:06:59:57 -0500] "\x16\x03\x01" 400 226
139.162.248.190 - - [18/Aug/2023:06:59:57 -0500] "\x16\x03\x01" 400 226
139.162.248.190 - - [18/Aug/2023:06:59:58 -0500] "\x16\x03\x01" 400 226
172.22.2.4 - - [18/Aug/2023:06:58:32 -0500] "GET /BLA/boletinlegal/ HTTP/1.1" 200 60692
201.245.192.253 - - [18/Aug/2023:07:00:13 -0500] "POST /kwsrmcab/Wsrmcab  HTTP/1.1" 200 42119
186.155.13.80 - - [18/Aug/2023:07:00:37 -0500] "GET /inscribete-y-participa-en-la-convencion-internacional-de-emergencia-climatica-bogota-2023.html HTTP/1.1" 200 895
186.155.13.80 - - [18/Aug/2023:07:00:37 -0500] "GET /images/BANNER-WEB-convencion.jpg HTTP/1.1" 200 118772
190.24.190.90 - - [18/Aug/2023:06:58:52 -0500] "POST /reportes_sipse/sdg/ServletControlador HTTP/1.1" 200 628968
216.245.221.92 - - [18/Aug/2023:07:02:29 -0500] "HEAD / HTTP/1.1" 200 -
186.86.33.245 - - [18/Aug/2023:07:03:27 -0500] "GET /sipse/faces/index.xhtml HTTP/1.1" 200 677
186.86.33.245 - - [18/Aug/2023:07:03:27 -0500] "GET /sipse/faces/javax.faces.resource/theme.css?ln=primefaces-sipse HTTP/1.1" 200 50058
186.86.33.245 - - [18/Aug/2023:07:03:27 -0500] "GET /favicon.ico HTTP/1.1" 200 7782
186.86.33.245 - - [18/Aug/2023:07:03:27 -0500] "GET /sipse/faces/faces/autenticacion.xhtml HTTP/1.1" 200 12172
186.86.33.245 - - [18/Aug/2023:07:03:27 -0500] "GET /sipse/css/custom_css_sg.css HTTP/1.1" 200 9694
186.86.33.245 - - [18/Aug/2023:07:03:27 -0500] "GET /sipse/faces/javax.faces.resource/theme.css?ln=primefaces-sipse HTTP/1.1" 304 -
186.86.33.245 - - [18/Aug/2023:07:03:27 -0500] "GET /sipse/css/custom_css_sg_prime_login.css HTTP/1.1" 304 -
186.86.33.245 - - [18/Aug/2023:07:03:27 -0500] "GET /sipse/faces/javax.faces.resource/layout/layout.js?ln=primefaces&v=4.0 HTTP/1.1" 304 -
186.86.33.245 - - [18/Aug/2023:07:03:27 -0500] "GET /sipse/faces/javax.faces.resource/primefaces.js?ln=primefaces&v=4.0 HTTP/1.1" 304 -
186.86.33.245 - - [18/Aug/2023:07:03:27 -0500] "GET /sipse/faces/javax.faces.resource/jquery/jquery.js?ln=primefaces&v=4.0 HTTP/1.1" 304 -
186.86.33.245 - - [18/Aug/2023:07:03:27 -0500] "GET /sipse/faces/javax.faces.resource/jquery/jquery-plugins.js?ln=primefaces&v=4.0 HTTP/1.1" 304 -
186.86.33.245 - - [18/Aug/2023:07:03:27 -0500] "GET /sipse/faces/javax.faces.resource/primefaces.css?ln=primefaces&v=4.0 HTTP/1.1" 304 -
186.86.33.245 - - [18/Aug/2023:07:03:27 -0500] "GET /sipse/faces/javax.faces.resource/layout/layout.css?ln=primefaces&v=4.0 HTTP/1.1" 304 -
186.86.33.245 - - [18/Aug/2023:07:03:27 -0500] "GET /sipse/faces/javax.faces.resource/images/ui-icons_898989_256x240.png?ln=primefaces-aristo HTTP/1.1" 200 5355
186.86.33.245 - - [18/Aug/2023:07:03:27 -0500] "GET /sipse/css/imagen/logoSDG.png HTTP/1.1" 200 53064
186.86.33.245 - - [18/Aug/2023:07:03:27 -0500] "GET /sipse/css/imagen/loginimg.png HTTP/1.1" 200 71635
186.86.33.245 - - [18/Aug/2023:07:03:31 -0500] "POST /sipse/faces/autenticacion.xhtml HTTP/1.1" 200 16165
186.86.33.245 - - [18/Aug/2023:07:03:31 -0500] "GET /sipse/css/custom_css_sg_prime.css HTTP/1.1" 200 5201
186.86.33.245 - - [18/Aug/2023:07:03:31 -0500] "GET /sipse/faces/javax.faces.resource/jquery/jquery.js?ln=primefaces&v=4.0 HTTP/1.1" 304 -
186.86.33.245 - - [18/Aug/2023:07:03:31 -0500] "GET /sipse/faces/javax.faces.resource/jquery/jquery-plugins.js?ln=primefaces&v=4.0 HTTP/1.1" 304 -
186.86.33.245 - - [18/Aug/2023:07:03:31 -0500] "GET /sipse/faces/javax.faces.resource/primefaces.js?ln=primefaces&v=4.0 HTTP/1.1" 304 -
186.86.33.245 - - [18/Aug/2023:07:03:32 -0500] "GET /sipse/faces/javax.faces.resource/layout/layout.js?ln=primefaces&v=4.0 HTTP/1.1" 304 -
186.86.33.245 - - [18/Aug/2023:07:03:32 -0500] "GET /sipse/imagenes/cargando.gif HTTP/1.1" 304 -
186.86.33.245 - - [18/Aug/2023:07:03:32 -0500] "GET /sipse/css/v_mergente.css HTTP/1.1" 304 -
186.86.33.245 - - [18/Aug/2023:07:03:32 -0500] "GET /sipse/css/imagen/contrasena.png HTTP/1.1" 404 383
186.86.33.245 - - [18/Aug/2023:07:03:32 -0500] "GET /sipse/imagenes/logoAplicacion.jpg HTTP/1.1" 304 -
186.86.33.245 - - [18/Aug/2023:07:03:32 -0500] "GET /sipse/faces/javax.faces.resource/messages/messages.png?ln=primefaces&v=4.0 HTTP/1.1" 304 -
186.86.33.245 - - [18/Aug/2023:07:03:34 -0500] "GET /sipse/faces/javax.faces.resource/images/ui-bg_flat_0_2d5972_40x100.png?ln=primefaces-aristo HTTP/1.1" 200 183
186.86.33.245 - - [18/Aug/2023:07:03:34 -0500] "POST /sipse/faces/bienvenido.xhtml HTTP/1.1" 200 1471
186.86.33.245 - - [18/Aug/2023:07:03:35 -0500] "POST /sipse/faces/bienvenido.xhtml HTTP/1.1" 200 48995
186.86.33.245 - - [18/Aug/2023:07:03:36 -0500] "GET /sipse/faces/javax.faces.resource/jquery/jquery.js?ln=primefaces&v=4.0 HTTP/1.1" 304 -
186.86.33.245 - - [18/Aug/2023:07:03:36 -0500] "GET /sipse/faces/javax.faces.resource/jquery/jquery-plugins.js?ln=primefaces&v=4.0 HTTP/1.1" 304 -
186.86.33.245 - - [18/Aug/2023:07:03:36 -0500] "GET /sipse/faces/javax.faces.resource/primefaces.js?ln=primefaces&v=4.0 HTTP/1.1" 304 -
186.86.33.245 - - [18/Aug/2023:07:03:36 -0500] "GET /sipse/faces/javax.faces.resource/layout/layout.js?ln=primefaces&v=4.0 HTTP/1.1" 304 -
186.86.33.245 - - [18/Aug/2023:07:03:36 -0500] "POST /sipse/faces/presentacion/financiero/solicitudProceso/listarSolicitudProceso.xhtml HTTP/1.1" 200 1492
190.84.180.41 - - [18/Aug/2023:07:04:00 -0500] "GET /bogota-empieza-la-consolidacion-de-la-estrategia-de-bosques-urbanos-con-el-brazo-salitre-en-barrios-unidos.html?utm_source=Meta_DIGI&utm_medium=CPV&utm_campaign=BosquesUrbanos&utm_id=Agosto_2023&fbclid=IwAR2x0igQUsFAg6c8zJY2EXV08ya9Zr_6QabV4wmBsTLgK3dxal59GjiSvWY_aem_AedWePHB1jKFEboJlNFb8BWP6LmbRfJxdRqzcZocfqW-zNM-_Wjwk92DLNJlG8QS2d97vF5HRVgJ57sinLE-69Ga HTTP/1.1" 200 892
186.84.88.254 - - [18/Aug/2023:07:04:21 -0500] "GET /bogota-empieza-la-consolidacion-de-la-estrategia-de-bosques-urbanos-con-el-brazo-salitre-en-barrios-unidos.html?utm_source=Meta_DIGI&utm_medium=CPV&utm_campaign=BosquesUrbanos&utm_id=Agosto_2023&fbclid=IwAR0NZLMK-mgU2okm9gBB96myw-oyOQtIm5e1jl22CXZ2_NbhBZcbpMmFjb8_aem_AefgC3bfn0rXJ017cflf0x68oF_XdWXq2hNRPwUc0On6JXUYI06Z0vqZCZvsecjz9t9mK-jMmzjGFnWqoAToRjlO HTTP/1.1" 200 892
201.245.192.253 - - [18/Aug/2023:07:05:08 -0500] "POST /kwsrmcab/Wsrmcab  HTTP/1.1" 200 42119
172.22.2.4 - - [18/Aug/2023:07:03:31 -0500] "HEAD /BLA/boletinlegal/ HTTP/1.1" 200 -
186.102.89.72 - - [18/Aug/2023:07:05:19 -0500] "GET /mejora-tu-bienestar-con-las-caminatas-ecologicas-%C3%82%C2%A1conoce-la-programacion-de-agosto.html HTTP/1.1" 200 873
186.102.5.8 - - [18/Aug/2023:07:05:29 -0500] "GET /bogota-empieza-la-consolidacion-de-la-estrategia-de-bosques-urbanos-con-el-brazo-salitre-en-barrios-unidos.html?utm_source=Meta_DIGI&utm_medium=CPV&utm_campaign=BosquesUrbanos&utm_id=Agosto_2023&fbclid=IwAR3rgaZLqjZ1DfQYxtWiZ9wMRiKQe35ylIRCMGzMb-jIJunE6Fc2BD8sOcw_aem_AeeD_p91UN92kW3Brqi8PGJ95d_1gPyuxvdzTfYwG8P3vzNVPptcpk-D0YYP9w_ZajYfZfhYOlQmDYBaIl4AjmK9 HTTP/1.1" 200 892
186.102.89.72 - - [18/Aug/2023:07:05:31 -0500] "GET /inscribete-y-participa-en-la-convencion-internacional-de-emergencia-climatica-bogota-2023.html HTTP/1.1" 200 895
172.22.2.4 - - [18/Aug/2023:07:04:21 -0500] "GET /BLA/boletinlegal/ HTTP/1.1" 200 53362
216.245.221.92 - - [18/Aug/2023:07:07:29 -0500] "HEAD / HTTP/1.1" 200 -
66.249.70.5 - - [18/Aug/2023:07:07:52 -0500] "GET /Publicaciones/2023EE173833.pdf HTTP/1.1" 404 228
201.245.192.253 - - [18/Aug/2023:07:10:07 -0500] "POST /kwsrmcab/Wsrmcab  HTTP/1.1" 200 42119
66.249.70.7 - - [18/Aug/2023:07:10:29 -0500] "GET /Publicaciones/2023EE168645.pdf HTTP/1.1" 404 228
200.118.145.48 - - [18/Aug/2023:07:10:32 -0500] "GET /inscribete-y-participa-en-la-convencion-internacional-de-emergencia-climatica-bogota-2023.html HTTP/1.1" 200 895
200.118.145.48 - - [18/Aug/2023:07:10:32 -0500] "GET /favicon.ico HTTP/1.1" 404 1482
172.22.2.4 - - [18/Aug/2023:07:09:21 -0500] "HEAD /BLA/boletinlegal/ HTTP/1.1" 200 -
172.22.2.4 - - [18/Aug/2023:07:10:11 -0500] "GET /BLA/boletinlegal/ HTTP/1.1" 200 58187
66.249.66.7 - - [18/Aug/2023:07:12:23 -0500] "GET /robots.txt HTTP/1.1" 404 1035
216.245.221.92 - - [18/Aug/2023:07:12:29 -0500] "HEAD / HTTP/1.1" 200 -
201.245.192.253 - - [18/Aug/2023:07:15:06 -0500] "POST /kwsrmcab/Wsrmcab  HTTP/1.1" 200 42119
37.135.60.30 - - [18/Aug/2023:07:16:22 -0500] "GET /bogota-empieza-la-consolidacion-de-la-estrategia-de-bosques-urbanos-con-el-brazo-salitre-en-barrios-unidos.html?utm_source=Meta_DIGI&utm_medium=CPV&utm_campaign=BosquesUrbanos&utm_id=Agosto_2023&fbclid=IwAR2Z52yESsKDNY1cjp2Km6tdVD_FGyKLAmurigX38yucZFSrZ70-Ov3ApPY_aem_Aec58OqRHvTYsLaDPXttpuO_gXC0eWma8d7fgAK3tGAJCanubbWHjan_WOfdQcwivXKRZJ3h9KNfpMvAll85hm0N HTTP/1.1" 200 892
172.22.2.4 - - [18/Aug/2023:07:15:11 -0500] "HEAD /BLA/boletinlegal/ HTTP/1.1" 200 -
216.245.221.92 - - [18/Aug/2023:07:17:29 -0500] "HEAD / HTTP/1.1" 200 -
172.22.2.4 - - [18/Aug/2023:07:16:01 -0500] "GET /BLA/boletinlegal/ HTTP/1.1" 200 60692
201.245.192.253 - - [18/Aug/2023:07:18:32 -0500] "POST /kwsrmcab/Wsrmcab HTTP/1.1" 200 41868
201.245.192.253 - - [18/Aug/2023:07:18:35 -0500] "POST /kwsrmcab/Wsrmcab HTTP/1.1" 200 43048
172.22.2.4 - - [18/Aug/2023:07:17:41 -0500] "GET /BLA/boletinlegal/ HTTP/1.1" 200 62795
201.245.192.253 - - [18/Aug/2023:07:20:05 -0500] "POST /kwsrmcab/Wsrmcab  HTTP/1.1" 200 42119
181.237.48.115 - - [18/Aug/2023:07:20:29 -0500] "GET /bogota-empieza-la-consolidacion-de-la-estrategia-de-bosques-urbanos-con-el-brazo-salitre-en-barrios-unidos.html?utm_source=Meta_DIGI&utm_medium=CPV&utm_campaign=BosquesUrbanos&utm_id=Agosto_2023&fbclid=IwAR1SYJ0G5FmIXk4yb4LqRUa4xHqavFfIAJaC2lvC8eBGFelRZYVA8bO4bb8_aem_Aec_bS58q9uVUrgjPJTrppTQRYKZJQfHhTTiVCd91Odnm1a5hAeDQJxVutWKBGCWZDrSokcoLkVOv00OlF_aI9nV HTTP/1.1" 200 892
173.252.107.117 - - [18/Aug/2023:07:21:49 -0500] "GET /cumpleanos-485-de-bogota-inscribete-a-las-jornadas-de-monitoreo-a-la-biodiversidad.html HTTP/1.1" 200 847
173.252.107.9 - - [18/Aug/2023:07:21:49 -0500] "GET /cumpleanos-485-de-bogota-inscribete-a-las-jornadas-de-monitoreo-a-la-biodiversidad.html HTTP/1.1" 200 847
66.220.149.5 - - [18/Aug/2023:07:21:51 -0500] "GET /images/avistamiento-aves.jpg HTTP/1.1" 200 104313
216.245.221.92 - - [18/Aug/2023:07:22:29 -0500] "HEAD / HTTP/1.1" 200 -
172.22.2.4 - - [18/Aug/2023:07:21:01 -0500] "HEAD /BLA/boletinlegal/ HTTP/1.1" 200 -
207.46.13.215 - - [18/Aug/2023:07:23:01 -0500] "GET /serpiente-sabanera-pone-huevos-en-area-protegida-de-bogota.html HTTP/1.1" 200 670
191.156.61.89 - - [18/Aug/2023:07:23:19 -0500] "GET /inscribete-y-participa-en-la-convencion-internacional-de-emergencia-climatica-bogota-2023.html HTTP/1.1" 200 895
172.22.2.4 - - [18/Aug/2023:07:21:52 -0500] "GET /BLA/boletinlegal/ HTTP/1.1" 200 53013
191.88.167.210 - - [18/Aug/2023:07:23:55 -0500] "GET /bogota-empieza-la-consolidacion-de-la-estrategia-de-bosques-urbanos-con-el-brazo-salitre-en-barrios-unidos.html?utm_source=Meta_DIGI&utm_medium=CPV&utm_campaign=BosquesUrbanos&utm_id=Agosto_2023&fbclid=IwAR0-sTfZMH3jW2hM5EEszBRl96TQkmAdzFXNEqT25MXOA6RI4m7PxoIt6Co_aem_AVPyhavFppo0OOcrED_7sOZoO6MW6CBy-7PV8nSD8auZHCkpZp91VaRAlXyymb2n0asiVEJhiz0r9AWF_2PkzSEi HTTP/1.1" 200 892
190.24.190.90 - - [18/Aug/2023:07:24:58 -0500] "GET /sipse/faces/index.xhtml HTTP/1.1" 200 677
190.24.190.90 - - [18/Aug/2023:07:24:58 -0500] "GET /sipse/faces/javax.faces.resource/theme.css?ln=primefaces-sipse HTTP/1.1" 304 -
190.24.190.90 - - [18/Aug/2023:07:24:59 -0500] "GET /sipse/faces/faces/autenticacion.xhtml HTTP/1.1" 200 12172
190.24.190.90 - - [18/Aug/2023:07:24:59 -0500] "GET /sipse/faces/javax.faces.resource/theme.css?ln=primefaces-sipse HTTP/1.1" 304 -
190.24.190.90 - - [18/Aug/2023:07:24:59 -0500] "GET /sipse/css/custom_css_sg.css HTTP/1.1" 200 9694
190.24.190.90 - - [18/Aug/2023:07:24:59 -0500] "GET /sipse/css/custom_css_sg_prime_login.css HTTP/1.1" 200 443
190.24.190.90 - - [18/Aug/2023:07:24:59 -0500] "GET /sipse/faces/javax.faces.resource/layout/layout.css?ln=primefaces&v=4.0 HTTP/1.1" 200 542
190.24.190.90 - - [18/Aug/2023:07:24:59 -0500] "GET /sipse/faces/javax.faces.resource/primefaces.css?ln=primefaces&v=4.0 HTTP/1.1" 200 53295
190.24.190.90 - - [18/Aug/2023:07:24:59 -0500] "GET /sipse/faces/javax.faces.resource/jquery/jquery.js?ln=primefaces&v=4.0 HTTP/1.1" 304 -
190.24.190.90 - - [18/Aug/2023:07:24:59 -0500] "GET /sipse/faces/javax.faces.resource/jquery/jquery-plugins.js?ln=primefaces&v=4.0 HTTP/1.1" 304 -
190.24.190.90 - - [18/Aug/2023:07:24:59 -0500] "GET /sipse/faces/javax.faces.resource/primefaces.js?ln=primefaces&v=4.0 HTTP/1.1" 304 -
190.24.190.90 - - [18/Aug/2023:07:24:59 -0500] "GET /sipse/faces/javax.faces.resource/layout/layout.js?ln=primefaces&v=4.0 HTTP/1.1" 304 -
190.24.190.90 - - [18/Aug/2023:07:25:00 -0500] "GET /sipse/faces/javax.faces.resource/images/ui-icons_898989_256x240.png?ln=primefaces-aristo HTTP/1.1" 200 5355
190.24.190.90 - - [18/Aug/2023:07:25:00 -0500] "GET /sipse/css/imagen/logoSDG.png HTTP/1.1" 200 53064
190.24.190.90 - - [18/Aug/2023:07:25:00 -0500] "GET /sipse/css/imagen/loginimg.png HTTP/1.1" 200 71635
190.24.190.90 - - [18/Aug/2023:07:25:04 -0500] "POST /sipse/faces/autenticacion.xhtml HTTP/1.1" 200 12790
190.24.190.90 - - [18/Aug/2023:07:25:04 -0500] "GET /sipse/css/custom_css_sg_prime.css HTTP/1.1" 200 5201
190.24.190.90 - - [18/Aug/2023:07:25:04 -0500] "GET /sipse/faces/javax.faces.resource/jquery/jquery.js?ln=primefaces&v=4.0 HTTP/1.1" 304 -
190.24.190.90 - - [18/Aug/2023:07:25:04 -0500] "GET /sipse/faces/javax.faces.resource/jquery/jquery-plugins.js?ln=primefaces&v=4.0 HTTP/1.1" 304 -
190.24.190.90 - - [18/Aug/2023:07:25:04 -0500] "GET /sipse/faces/javax.faces.resource/primefaces.js?ln=primefaces&v=4.0 HTTP/1.1" 304 -
190.24.190.90 - - [18/Aug/2023:07:25:04 -0500] "GET /sipse/faces/javax.faces.resource/layout/layout.js?ln=primefaces&v=4.0 HTTP/1.1" 304 -
190.24.190.90 - - [18/Aug/2023:07:25:04 -0500] "GET /sipse/faces/javax.faces.resource/messages/messages.png?ln=primefaces&v=4.0 HTTP/1.1" 200 27209
201.245.192.253 - - [18/Aug/2023:07:25:04 -0500] "POST /kwsrmcab/Wsrmcab  HTTP/1.1" 200 42119
190.24.190.90 - - [18/Aug/2023:07:25:10 -0500] "POST /sipse/faces/presentacion/sistema/seguridad/seleccionRol.xhtml HTTP/1.1" 200 7225
190.24.190.90 - - [18/Aug/2023:07:25:11 -0500] "POST /sipse/faces/presentacion/sistema/seguridad/seleccionRol.xhtml HTTP/1.1" 200 16344
190.24.190.90 - - [18/Aug/2023:07:25:11 -0500] "GET /sipse/faces/javax.faces.resource/jquery/jquery.js?ln=primefaces&v=4.0 HTTP/1.1" 304 -
190.24.190.90 - - [18/Aug/2023:07:25:11 -0500] "GET /sipse/faces/javax.faces.resource/jquery/jquery-plugins.js?ln=primefaces&v=4.0 HTTP/1.1" 304 -
190.24.190.90 - - [18/Aug/2023:07:25:11 -0500] "GET /sipse/faces/javax.faces.resource/primefaces.js?ln=primefaces&v=4.0 HTTP/1.1" 304 -
190.24.190.90 - - [18/Aug/2023:07:25:11 -0500] "GET /sipse/faces/javax.faces.resource/layout/layout.js?ln=primefaces&v=4.0 HTTP/1.1" 304 -
190.24.190.90 - - [18/Aug/2023:07:25:11 -0500] "GET /sipse/css/v_mergente.css HTTP/1.1" 200 1505
190.24.190.90 - - [18/Aug/2023:07:25:11 -0500] "GET /sipse/imagenes/cargando.gif HTTP/1.1" 200 36959
190.24.190.90 - - [18/Aug/2023:07:25:11 -0500] "GET /sipse/css/imagen/contrasena.png HTTP/1.1" 404 383
190.24.190.90 - - [18/Aug/2023:07:25:11 -0500] "GET /sipse/imagenes/logoAplicacion.jpg HTTP/1.1" 200 155084
190.24.190.90 - - [18/Aug/2023:07:25:14 -0500] "GET /sipse/faces/javax.faces.resource/images/ui-bg_flat_0_2d5972_40x100.png?ln=primefaces-aristo HTTP/1.1" 200 183
190.24.190.90 - - [18/Aug/2023:07:25:14 -0500] "POST /sipse/faces/bienvenido.xhtml HTTP/1.1" 200 9852
190.24.190.90 - - [18/Aug/2023:07:25:15 -0500] "POST /sipse/faces/bienvenido.xhtml HTTP/1.1" 200 2073
190.24.190.90 - - [18/Aug/2023:07:25:16 -0500] "POST /sipse/faces/bienvenido.xhtml HTTP/1.1" 200 193
190.24.190.90 - - [18/Aug/2023:07:25:16 -0500] "GET /sipse/faces/presentacion/financiero/solicitudAnulacion/consultarSolicitudAnulacion.xhtml HTTP/1.1" 200 35246
190.24.190.90 - - [18/Aug/2023:07:25:16 -0500] "GET /sipse/faces/javax.faces.resource/theme.css?ln=primefaces-sipse HTTP/1.1" 304 -
190.24.190.90 - - [18/Aug/2023:07:25:16 -0500] "GET /sipse/faces/javax.faces.resource/primefaces.css?ln=primefaces&v=4.0 HTTP/1.1" 304 -
190.24.190.90 - - [18/Aug/2023:07:25:16 -0500] "GET /sipse/faces/javax.faces.resource/layout/layout.css?ln=primefaces&v=4.0 HTTP/1.1" 304 -
190.24.190.90 - - [18/Aug/2023:07:25:16 -0500] "GET /sipse/faces/javax.faces.resource/jquery/jquery.js?ln=primefaces&v=4.0 HTTP/1.1" 304 -
190.24.190.90 - - [18/Aug/2023:07:25:16 -0500] "GET /sipse/faces/javax.faces.resource/jquery/jquery-plugins.js?ln=primefaces&v=4.0 HTTP/1.1" 304 -
190.24.190.90 - - [18/Aug/2023:07:25:16 -0500] "GET /sipse/faces/javax.faces.resource/primefaces.js?ln=primefaces&v=4.0 HTTP/1.1" 304 -
190.24.190.90 - - [18/Aug/2023:07:25:16 -0500] "GET /sipse/faces/javax.faces.resource/layout/layout.js?ln=primefaces&v=4.0 HTTP/1.1" 304 -
190.24.190.90 - - [18/Aug/2023:07:25:16 -0500] "GET /sipse/faces/javax.faces.resource/images/ui-icons_898989_256x240.png?ln=primefaces-aristo HTTP/1.1" 304 -
190.24.190.90 - - [18/Aug/2023:07:25:16 -0500] "GET /sipse/faces/javax.faces.resource/images/ui-bg_flat_0_2d5972_40x100.png?ln=primefaces-aristo HTTP/1.1" 304 -
190.24.190.90 - - [18/Aug/2023:07:25:16 -0500] "POST /sipse/faces/presentacion/financiero/solicitudAnulacion/consultarSolicitudAnulacion.xhtml HTTP/1.1" 200 10616
190.24.190.90 - - [18/Aug/2023:07:25:19 -0500] "POST /sipse/faces/presentacion/financiero/solicitudAnulacion/consultarSolicitudAnulacion.xhtml HTTP/1.1" 200 14801
190.24.190.90 - - [18/Aug/2023:07:25:19 -0500] "GET /sipse/faces/javax.faces.resource/messages/messages.png?ln=primefaces&v=4.0 HTTP/1.1" 304 -
190.24.190.90 - - [18/Aug/2023:07:25:22 -0500] "POST /sipse/faces/presentacion/financiero/solicitudAnulacion/consultarSolicitudAnulacion.xhtml HTTP/1.1" 200 24439
190.24.190.90 - - [18/Aug/2023:07:25:28 -0500] "POST /sipse/faces/presentacion/financiero/solicitudAnulacion/consultarSolicitudAnulacion.xhtml HTTP/1.1" 200 52542
190.24.190.90 - - [18/Aug/2023:07:25:28 -0500] "GET /sipse/faces/javax.faces.resource/fileupload/fileupload.css?ln=primefaces&v=4.0 HTTP/1.1" 200 1330
190.24.190.90 - - [18/Aug/2023:07:25:28 -0500] "GET /sipse/faces/javax.faces.resource/jquery/jquery.js?ln=primefaces&v=4.0 HTTP/1.1" 304 -
190.24.190.90 - - [18/Aug/2023:07:25:28 -0500] "GET /sipse/faces/javax.faces.resource/jquery/jquery-plugins.js?ln=primefaces&v=4.0 HTTP/1.1" 304 -
190.24.190.90 - - [18/Aug/2023:07:25:29 -0500] "GET /sipse/faces/javax.faces.resource/primefaces.js?ln=primefaces&v=4.0 HTTP/1.1" 304 -
190.24.190.90 - - [18/Aug/2023:07:25:29 -0500] "GET /sipse/faces/javax.faces.resource/layout/layout.js?ln=primefaces&v=4.0 HTTP/1.1" 304 -
190.24.190.90 - - [18/Aug/2023:07:25:29 -0500] "GET /sipse/faces/javax.faces.resource/fileupload/fileupload.js?ln=primefaces&v=4.0 HTTP/1.1" 304 -
190.24.190.90 - - [18/Aug/2023:07:25:49 -0500] "POST /sipse/faces/presentacion/financiero/solicitudAnulacion/registrarSolicitudAnulacion.xhtml HTTP/1.1" 200 26899
190.24.190.90 - - [18/Aug/2023:07:25:50 -0500] "GET /sipse/faces/javax.faces.resource/jquery/jquery.js?ln=primefaces&v=4.0 HTTP/1.1" 304 -
190.24.190.90 - - [18/Aug/2023:07:25:50 -0500] "GET /sipse/faces/javax.faces.resource/jquery/jquery-plugins.js?ln=primefaces&v=4.0 HTTP/1.1" 304 -
190.24.190.90 - - [18/Aug/2023:07:25:50 -0500] "GET /sipse/faces/javax.faces.resource/primefaces.js?ln=primefaces&v=4.0 HTTP/1.1" 304 -
190.24.190.90 - - [18/Aug/2023:07:25:50 -0500] "GET /sipse/faces/javax.faces.resource/layout/layout.js?ln=primefaces&v=4.0 HTTP/1.1" 304 -
190.24.190.90 - - [18/Aug/2023:07:25:57 -0500] "POST /sipse/faces/presentacion/financiero/solicitudProceso/consultarHistorialSolProceso.xhtml HTTP/1.1" 200 58194
190.24.190.90 - - [18/Aug/2023:07:25:57 -0500] "GET /sipse/faces/javax.faces.resource/theme.css?ln=primefaces-sipse HTTP/1.1" 304 -
190.24.190.90 - - [18/Aug/2023:07:25:57 -0500] "GET /sipse/faces/javax.faces.resource/primefaces.css?ln=primefaces&v=4.0 HTTP/1.1" 304 -
190.24.190.90 - - [18/Aug/2023:07:25:57 -0500] "GET /sipse/faces/javax.faces.resource/primefaces.js?ln=primefaces&v=4.0 HTTP/1.1" 304 -
190.24.190.90 - - [18/Aug/2023:07:25:57 -0500] "GET /sipse/faces/javax.faces.resource/fileupload/fileupload.js?ln=primefaces&v=4.0 HTTP/1.1" 304 -
190.24.190.90 - - [18/Aug/2023:07:25:57 -0500] "GET /sipse/faces/javax.faces.resource/layout/layout.js?ln=primefaces&v=4.0 HTTP/1.1" 304 -
190.24.190.90 - - [18/Aug/2023:07:25:57 -0500] "GET /sipse/faces/javax.faces.resource/layout/layout.css?ln=primefaces&v=4.0 HTTP/1.1" 304 -
190.24.190.90 - - [18/Aug/2023:07:25:57 -0500] "GET /sipse/faces/javax.faces.resource/jquery/jquery.js?ln=primefaces&v=4.0 HTTP/1.1" 304 -
190.24.190.90 - - [18/Aug/2023:07:25:57 -0500] "GET /sipse/faces/javax.faces.resource/fileupload/fileupload.css?ln=primefaces&v=4.0 HTTP/1.1" 304 -
190.24.190.90 - - [18/Aug/2023:07:25:57 -0500] "GET /sipse/faces/javax.faces.resource/jquery/jquery-plugins.js?ln=primefaces&v=4.0 HTTP/1.1" 304 -
190.24.190.90 - - [18/Aug/2023:07:25:57 -0500] "GET /sipse/faces/javax.faces.resource/images/ui-icons_898989_256x240.png?ln=primefaces-aristo HTTP/1.1" 304 -
186.154.37.36 - - [18/Aug/2023:07:27:09 -0500] "GET /bogota-empieza-la-consolidacion-de-la-estrategia-de-bosques-urbanos-con-el-brazo-salitre-en-barrios-unidos.html?utm_source=Meta_DIGI&utm_medium=CPV&utm_campaign=BosquesUrbanos&utm_id=Agosto_2023&fbclid=IwAR296Jg1vKWjV-YJ_E6TAQTXEIqcInUlVOTiIfN-5AeIib0thsE416e3yH4_aem_AVO4KBFqJjcyOqwv2PbyF85K0GyvjiiOShgxIpA47PfF8tnB0u1g3h3DJuQH59SFzLFSxjRBnLsKdrmLoQJ9VfbD HTTP/1.1" 200 892
216.245.221.92 - - [18/Aug/2023:07:27:29 -0500] "HEAD / HTTP/1.1" 200 -
172.22.2.4 - - [18/Aug/2023:07:26:51 -0500] "HEAD /BLA/boletinlegal/ HTTP/1.1" 200 -
201.245.192.253 - - [18/Aug/2023:07:28:32 -0500] "POST /kwsrmcab/Wsrmcab HTTP/1.1" 200 41868
201.245.192.253 - - [18/Aug/2023:07:28:36 -0500] "POST /kwsrmcab/Wsrmcab HTTP/1.1" 200 43048
172.22.2.4 - - [18/Aug/2023:07:27:41 -0500] "GET /BLA/boletinlegal/ HTTP/1.1" 200 60692
52.167.144.232 - - [18/Aug/2023:07:29:40 -0500] "GET /BLA/resoluciones/AUTOS%202023/0467.pdf HTTP/1.1" 200 463220
40.77.167.59 - - [18/Aug/2023:07:29:49 -0500] "GET /portaldeninos/wp-content/uploads/2019/09/Roble-%C3%A1rboles.jpg HTTP/1.1" 200 416546
201.245.192.253 - - [18/Aug/2023:07:30:03 -0500] "POST /kwsrmcab/Wsrmcab  HTTP/1.1" 200 42119
191.156.233.193 - - [18/Aug/2023:07:30:13 -0500] "GET /bogota-empieza-la-consolidacion-de-la-estrategia-de-bosques-urbanos-con-el-brazo-salitre-en-barrios-unidos.html?utm_source=Meta_DIGI&utm_medium=CPV&utm_campaign=BosquesUrbanos&utm_id=Agosto_2023&fbclid=IwAR1kp4JLCRWqg9aMxXQACe1vniV0qdSqCx7MA8XCzqedtA_t_Kf1jszK270_aem_AVOK5hcILYwiADm_8ZkaRkqMokBTca_HbuZDJT97FuXPthUGSDNmz2lBAdNeubDQ8cXpGtid-B28JwUcX-YXqCBe HTTP/1.1" 200 892
191.156.49.221 - - [18/Aug/2023:07:30:19 -0500] "GET /bogota-empieza-la-consolidacion-de-la-estrategia-de-bosques-urbanos-con-el-brazo-salitre-en-barrios-unidos.html?utm_source=Meta_DIGI&utm_medium=CPV&utm_campaign=BosquesUrbanos&utm_id=Agosto_2023&fbclid=IwAR1a_9Hcw4yMfRFqiKzWUXNC5B6DVXv91z-SfqEOmgWaExDaCMHxd4h8Kh8_aem_AVOnqdxat5h9zU4tJ8jnEACEcDVDTwLxHU7cN7yI3zVBL6sTs5n2TCa5oNIAVQtgG-ZxWPJOeSbe9p2P81BSvpKi HTTP/1.1" 200 892
216.245.221.92 - - [18/Aug/2023:07:32:29 -0500] "HEAD / HTTP/1.1" 200 -
186.84.88.211 - - [18/Aug/2023:07:32:36 -0500] "GET /bogota-empieza-la-consolidacion-de-la-estrategia-de-bosques-urbanos-con-el-brazo-salitre-en-barrios-unidos.html?utm_source=Meta_DIGI&utm_medium=CPV&utm_campaign=BosquesUrbanos&utm_id=Agosto_2023&fbclid=IwAR0c4EK9u-WLotnDbxL0aYB5Fc3gPagHhtBFdaCUnwHsu5b1tcWfMCUNqro_aem_AVM6RwhSzidtAdG3AG0bUS7r3TcnPUL9bC-PJTEzFPAQCrNjQxN7xb603F2DdCnFk0dCnUlQFnmXYIh0dV2sTqwe HTTP/1.1" 200 892
66.249.70.7 - - [18/Aug/2023:07:32:59 -0500] "GET /Publicaciones/2023EE164643.pdf HTTP/1.1" 404 228
66.249.66.35 - - [18/Aug/2023:07:33:04 -0500] "GET /portaldeninos/ HTTP/1.1" 200 110175
66.249.66.8 - - [18/Aug/2023:07:33:28 -0500] "GET /portaldeninos/wp-content/themes/betheme/assets/ui/jquery.ui.all.css?ver=20.9.6 HTTP/1.1" 200 18765
66.249.66.33 - - [18/Aug/2023:07:33:30 -0500] "GET /portaldeninos/wp-content/plugins/gallery-videos/CSS/Total-Soft-Gallery-Video-Widget.css?ver=4.9.8 HTTP/1.1" 200 51554
66.249.66.35 - - [18/Aug/2023:07:33:31 -0500] "GET /portaldeninos/wp-includes/js/jquery/jquery-migrate.min.js?ver=1.4.1 HTTP/1.1" 200 10056
66.249.66.204 - - [18/Aug/2023:07:33:32 -0500] "GET /portaldeninos/wp-includes/js/jquery/ui/mouse.min.js?ver=1.11.4 HTTP/1.1" 200 3148
66.249.66.33 - - [18/Aug/2023:07:33:33 -0500] "GET /portaldeninos/wp-includes/js/jquery/ui/tabs.min.js?ver=1.11.4 HTTP/1.1" 200 12110
66.249.66.34 - - [18/Aug/2023:07:33:34 -0500] "GET /portaldeninos/wp-content/themes/betheme/js/menu.js?ver=20.9.6 HTTP/1.1" 200 2449
172.22.2.4 - - [18/Aug/2023:07:32:41 -0500] "HEAD /BLA/boletinlegal/ HTTP/1.1" 200 -
190.249.31.99 - - [18/Aug/2023:07:34:23 -0500] "GET /kwssiamovil/sm/ldap/au?x=U2FsdGVkX1+b1y/szvUemudERTnmBYpKfjSugz6W7NxVr24a4U0iTzkaLi/g21fe&y=U2FsdGVkX192y4U9VHQmF1G3b042WkvHU34tcLhEwjHKImTBurF8yMfTtdd/wo8l HTTP/1.1" 200 30
190.249.31.99 - - [18/Aug/2023:07:34:24 -0500] "GET /kwssiamovil/sm/acme/s?s=U2FsdGVkX1+swkYvSjSu3LerZnlpkKcFySor+Xqy4KocoNocsCs9InD5TWxrcQkcw6bKGtP9r/KXlh8YY+CMurNZKUHK07U88SQWlP+LGmA=&u=U2FsdGVkX1/bX8xKEczzaUo3VBFK1ePh6KcaV2mDNU0=&y=U2FsdGVkX192y4U9VHQmF1G3b042WkvHU34tcLhEwjHKImTBurF8yMfTtdd/wo8l HTTP/1.1" 200 97
190.249.31.99 - - [18/Aug/2023:07:34:24 -0500] "GET /kwssiamovil/sm/acme/s?s=U2FsdGVkX187OSe8mmz70tHh31OxAXMlzxMAZ3ZNAazB0AQo2AB3MjAE5mlrVY0f3yJKO2q9EIqKf4ZntV5cIMgLUOLUXb3VotqpkaV7L0WlVDHWetvvgq0W23W3eqWx2J25KQrNm2C9WhzSmBU0NMYG1pwFGdmGWNHvC5Rs5w5o8cD0WTwonLN5UPDvGa+TXqmGr2Ufu727cmU8UKJV4cvudzDBIQMs4SzlD1ehNXnlnlbu4qPRYbkKuyxGduIRpVLuq6g/Dv1si/G4fH/9y++SJh2dALDKNztctYm7b0hRehYwmQnKnyMwb2fpeV8dvQIOISAn4512aAAWiIt0qJICvS+awDXXjbbahMJidyUosXNsN7U6H4dg4kmN4oKr40WNt/f2GGsd6BxgiYJ8uXmZtpkh8ggBKf2obIGgf7fGYgSSzbr6eXsYsan/CJMY++UKS5gD3XJvx59Pe+snNb7TfYzHdfMaNbsHxOfFO+PlUp8XvMyhmPQeZs46DFKvf+w6tk8236ZlDHE9C6OiorGzVyPVa4SGdKkyZLC1izDtbdJtCJXXBchJuZsjiqefPOrr793RoDL6MzPa4hoBSUhPTzofo07Tb2oKB1VBNM0dwIQNrCYlaJ33SlJbDlshXQEaBe1VB3TW3pxuLUzAqKvpON0LbRi573eJr08OUlQn9FQ2d8VNjYT/IOiNDvx//WwtPm/qxeCmoPvCSSbr5DDbmhCkYA42/zk6dUEDK4eCrLhUvQTYABQfXCA/cKXNTZ7wudYMXq7ja8OJRDB4JImUcWx24SsIFVITFQr7/K4vMdDIDZYbho1szzzrL+J/mo7uF0R2eCVA++ipomk0HL7fcWNp75xnOzMRvw1bO6N1f1uAhxA9d7RzOketGBzT2ocwDBpGOxZAxBv0pRMXLTxvawQ/Qg5B/V9r7vDuszYSdKCvcbwUPVUZ99VuVXU1ntHBjO8p5FmZRbCI70OsgjroF+nB/fEGDW4JE8Wmx30NzXFjgJdqVwlxO9ket7zRoEUuLeQlZp+kVwLC0QMhR3eNruqVWJ2IBIUEvE/NNIK0wIumM9C782L2R5FGGg6FgLAwRGpUAou1faNwlPzrkJXLvvzHZAunJpCOZIbZh7SLayG9yfBkpJT68tRXcFS53nRB025eln8hwPOkm7Qd8eRyDxeI1s27CheHcnupVW/jhhOY9Vql9naZnroT2VwlRS4hh5mwFtvXnuZU+MJ4q+4Ri12bzULjVwt+eGaMaRZ4DbiJVZaVieiQvyC5Mfz2TKbH8XbMv7Nw2W/LJbVj4dK5HMHLzqUdnKJ4k/ZADGuKtQ72JPgYkl4AzwSNawwrn1448wVDT+K9dZRWCJfbjm557s5+bACVrNT6iU9cJRiopSTbQbdbJuFeicV/Ymn8SuNF0jKu2DGL8eILFPImceDzEvDlY8TrBggjt1E5lstlX8gvnOW79+J5a1cIAtD5fi6lrvuWGMBn7/yl4ioCLx7GanB2cAS1dWVhdGhV2zMtefw5B7V49vkcPwOnVW/xoXGqiuc87wcPS5sYhM9/CfzCnZquKhckgV0iG/Gp3JiP9mYndHH8ZhrmLHkLugX0CtviaircQ68mZCMfqMdSYFnApMcwZ6k59uvPnJbY6jI63DgkmNxDogmgX5pPygwLnB+GbJ6O89dJgqGRkIC260V5oJS4DdkjGIrEACQCB20IvrqMeMYUD9IICBhz2fXLpCLiXWtBfJQ0aSIFDtWbB5CbDs335jrGnVW+6JIq+fU=&u=U2FsdGVkX1/bX8xKEczzaUo3VBFK1ePh6KcaV2mDNU0=&y=U2FsdGVkX192y4U9VHQmF1G3b042WkvHU34tcLhEwjHKImTBurF8yMfTtdd/wo8l HTTP/1.1" 200 6264
190.249.31.99 - - [18/Aug/2023:07:34:24 -0500] "GET /kwssiamovil/sm/acme/s?s=U2FsdGVkX1/cj8XZU5bPx6j78DWyP9Mpa3FdNRc9tOwtAQ+rUcH6zo+cC6/OVz5ckZr0UQEcnYNbDZywyO7nrOQXJ1g2HXZKoFfQZcLcH44yy4C+kKkP2O8HOzbRhWgII4sVQhVFZri5Iq/+gEvGdcp4CFrtT9c9AC36b5PuKzlUXvFOMtJFcI3xakaeqDXqbWi3LLXBekRmJeRJSrm3oaViQY4Tt1te4OrR/qOCg3rcpGPfkQ4S7Nw3d+Nm/gjgk3c3Lbzz/AD7NETp9k3HfbWRTYPfhB/kibCGtyCPjblNcqACb+Yl0RbcqEu56wuIWbnUDCH7ugLFlk188jXwBrrYenqV2/my9QEHhNIy0qn7OdM1c0ClYgmZ+ByhWmcu+nxC2BLrGz+4lv7pS/qIqbg3/TDtLZXJ4UkIfhUguHB2Lqvx+6UEh+ffZZopjRSJSd/0Q9dzNWxGqi1vVCJ4TBv3b/Zf9EtnM0B/sKxwSniEZF7OKFFlpzaQGFlb/3oVZtAsXt1u2AjJkXB2X9erarZP3fJbs6Cic68Ie1ZyWvjjwv6tk5HS/3DHETQJO5HTLxZBL6AaIbXeXpP+w31x+PVcqVg/kNFTOERd+uZDr209Cfbtirg7HcbHwTZwu/6ygZjthEDdrr+wW7d2CA+gYqv8uomEkSDF6saJJspGFyRPo6AoHuFk2ra+cp2XRQLdFRwFAMmFNiwF5qCno5QJbm5qYGd9nzFfZscouOtCQmyPWHDYJ+JuDPy1k3h6h7Yg&u=U2FsdGVkX1/bX8xKEczzaUo3VBFK1ePh6KcaV2mDNU0=&y=U2FsdGVkX192y4U9VHQmF1G3b042WkvHU34tcLhEwjHKImTBurF8yMfTtdd/wo8l HTTP/1.1" 200 208
190.249.31.99 - - [18/Aug/2023:07:34:25 -0500] "GET /kwssiamovil/sm/cjson/pre?f=1&x=U2FsdGVkX1+b1y/szvUemudERTnmBYpKfjSugz6W7NxVr24a4U0iTzkaLi/g21fe HTTP/1.1" 200 31032
201.245.192.253 - - [18/Aug/2023:07:35:01 -0500] "POST /kwsrmcab/Wsrmcab  HTTP/1.1" 200 42119
172.22.2.4 - - [18/Aug/2023:07:33:31 -0500] "GET /BLA/boletinlegal/ HTTP/1.1" 200 60692
40.77.167.208 - - [18/Aug/2023:07:35:45 -0500] "GET /sipse/faces/autenticacion.xhtml HTTP/1.1" 200 12494
152.202.75.180 - - [18/Aug/2023:07:36:25 -0500] "GET /bogota-empieza-la-consolidacion-de-la-estrategia-de-bosques-urbanos-con-el-brazo-salitre-en-barrios-unidos.html?utm_source=Meta_DIGI&utm_medium=CPV&utm_campaign=BosquesUrbanos&utm_id=Agosto_2023&fbclid=IwAR0D_itoMm2oT1US5SKdp8MO2KvWTJ_63FwCXN7opq3oOQgTszYPuz530aI_aem_AVMYT_lbZIDnP28D65BIyqNPP_HAIdtZdQ7Kr13vG0K9ZrnYJmBcibbmMIjW-abKrLBms74Q_xU_03wkd5aDDbml HTTP/1.1" 200 892
186.28.81.53 - - [18/Aug/2023:07:36:57 -0500] "GET /inscribete-y-participa-en-la-convencion-internacional-de-emergencia-climatica-bogota-2023.html HTTP/1.1" 200 895
216.245.221.92 - - [18/Aug/2023:07:37:29 -0500] "HEAD / HTTP/1.1" 200 -
201.244.25.43 - - [18/Aug/2023:07:38:18 -0500] "GET /galeria/galeria/jquery.fancybox.css?v=2.1.5 HTTP/1.1" 200 4895
201.245.192.253 - - [18/Aug/2023:07:38:32 -0500] "POST /kwsrmcab/Wsrmcab HTTP/1.1" 200 41868
201.245.192.253 - - [18/Aug/2023:07:38:35 -0500] "POST /kwsrmcab/Wsrmcab HTTP/1.1" 200 43048
201.245.192.253 - - [18/Aug/2023:07:40:00 -0500] "POST /kwsrmcab/Wsrmcab  HTTP/1.1" 200 42119
172.22.2.4 - - [18/Aug/2023:07:38:31 -0500] "HEAD /BLA/boletinlegal/ HTTP/1.1" 200 -
191.156.182.226 - - [18/Aug/2023:07:40:46 -0500] "GET /galeria/galeria/jquery.fancybox.css?v=2.1.5 HTTP/1.1" 200 4895
191.156.176.51 - - [18/Aug/2023:07:40:46 -0500] "GET /galeria/galeria/jquery.fancybox.js?v=2.1.5 HTTP/1.1" 200 48706
191.156.190.15 - - [18/Aug/2023:07:40:46 -0500] "GET /BLA/boletinlegal/js/jquery.scrollShow.js HTTP/1.1" 200 4586
172.22.2.4 - - [18/Aug/2023:07:39:21 -0500] "GET /BLA/boletinlegal/ HTTP/1.1" 200 52656
172.22.2.4 - - [18/Aug/2023:07:41:48 -0500] "GET /BLA/boletinlegal/favicon.ico HTTP/1.1" 404 1018
216.245.221.92 - - [18/Aug/2023:07:42:29 -0500] "HEAD / HTTP/1.1" 200 -
40.77.167.235 - - [18/Aug/2023:07:43:21 -0500] "GET /BLA/resoluciones/AUTOS%202023/3100.pdf HTTP/1.1" 200 1886216
172.22.2.4 - - [18/Aug/2023:07:41:43 -0500] "GET /BLA/boletinlegal/ HTTP/1.1" 200 62795
181.56.171.197 - - [18/Aug/2023:07:44:51 -0500] "POST /sipse/faces/presentacion/financiero/solicitudProceso/listarSolicitudProceso.xhtml HTTP/1.1" 302 -
181.56.171.197 - - [18/Aug/2023:07:44:51 -0500] "GET /sipse/faces/autenticacion.xhtml HTTP/1.1" 200 1099
181.56.171.197 - - [18/Aug/2023:07:44:51 -0500] "POST /sipse/faces/presentacion/financiero/solicitudProceso/listarSolicitudProceso.xhtml HTTP/1.1" 302 -
181.56.171.197 - - [18/Aug/2023:07:44:51 -0500] "GET /sipse/faces/autenticacion.xhtml HTTP/1.1" 200 1099
181.56.171.197 - - [18/Aug/2023:07:44:51 -0500] "POST /sipse/faces/presentacion/financiero/solicitudProceso/listarSolicitudProceso.xhtml HTTP/1.1" 302 -
181.56.171.197 - - [18/Aug/2023:07:44:51 -0500] "GET /sipse/faces/autenticacion.xhtml HTTP/1.1" 200 1099
201.245.192.253 - - [18/Aug/2023:07:44:59 -0500] "POST /kwsrmcab/Wsrmcab  HTTP/1.1" 200 42119
181.56.171.197 - - [18/Aug/2023:07:45:21 -0500] "GET /sipse/faces/index.xhtml HTTP/1.1" 200 677
181.56.171.197 - - [18/Aug/2023:07:45:21 -0500] "GET /sipse/faces/javax.faces.resource/theme.css?ln=primefaces-sipse HTTP/1.1" 304 -
181.56.171.197 - - [18/Aug/2023:07:45:21 -0500] "GET /sipse/faces/faces/autenticacion.xhtml HTTP/1.1" 200 12172
181.56.171.197 - - [18/Aug/2023:07:45:21 -0500] "GET /sipse/css/custom_css_sg_prime_login.css HTTP/1.1" 200 443
181.56.171.197 - - [18/Aug/2023:07:45:21 -0500] "GET /sipse/faces/javax.faces.resource/primefaces.css?ln=primefaces&v=4.0 HTTP/1.1" 304 -
181.56.171.197 - - [18/Aug/2023:07:45:21 -0500] "GET /sipse/faces/javax.faces.resource/layout/layout.css?ln=primefaces&v=4.0 HTTP/1.1" 304 -
181.56.171.197 - - [18/Aug/2023:07:45:21 -0500] "GET /sipse/faces/javax.faces.resource/theme.css?ln=primefaces-sipse HTTP/1.1" 304 -
181.56.171.197 - - [18/Aug/2023:07:45:21 -0500] "GET /sipse/faces/javax.faces.resource/jquery/jquery.js?ln=primefaces&v=4.0 HTTP/1.1" 304 -
181.56.171.197 - - [18/Aug/2023:07:45:21 -0500] "GET /sipse/faces/javax.faces.resource/jquery/jquery-plugins.js?ln=primefaces&v=4.0 HTTP/1.1" 304 -
181.56.171.197 - - [18/Aug/2023:07:45:21 -0500] "GET /sipse/faces/javax.faces.resource/primefaces.js?ln=primefaces&v=4.0 HTTP/1.1" 304 -
181.56.171.197 - - [18/Aug/2023:07:45:21 -0500] "GET /sipse/faces/javax.faces.resource/layout/layout.js?ln=primefaces&v=4.0 HTTP/1.1" 304 -
181.56.171.197 - - [18/Aug/2023:07:45:21 -0500] "GET /sipse/faces/javax.faces.resource/images/ui-icons_898989_256x240.png?ln=primefaces-aristo HTTP/1.1" 200 5355
181.56.171.197 - - [18/Aug/2023:07:45:21 -0500] "GET /sipse/css/imagen/loginimg.png HTTP/1.1" 200 71635
181.56.171.197 - - [18/Aug/2023:07:45:21 -0500] "GET /sipse/css/imagen/logoSDG.png HTTP/1.1" 200 53064
40.77.167.123 - - [18/Aug/2023:07:45:22 -0500] "GET /BLA/resoluciones/RESOLUCIONES%202023/1326.pdf HTTP/1.1" 200 525974
181.56.171.197 - - [18/Aug/2023:07:45:38 -0500] "POST /sipse/faces/autenticacion.xhtml HTTP/1.1" 200 2224
181.56.171.197 - - [18/Aug/2023:07:45:38 -0500] "GET /sipse/faces/javax.faces.resource/messages/messages.png?ln=primefaces&v=4.0 HTTP/1.1" 304 -
181.56.171.197 - - [18/Aug/2023:07:45:39 -0500] "POST /sipse/faces/autenticacion.xhtml HTTP/1.1" 200 16340
181.56.171.197 - - [18/Aug/2023:07:45:40 -0500] "GET /sipse/faces/javax.faces.resource/theme.css?ln=primefaces-sipse HTTP/1.1" 304 -
181.56.171.197 - - [18/Aug/2023:07:45:40 -0500] "GET /sipse/faces/javax.faces.resource/primefaces.css?ln=primefaces&v=4.0 HTTP/1.1" 304 -
181.56.171.197 - - [18/Aug/2023:07:45:40 -0500] "GET /sipse/faces/javax.faces.resource/layout/layout.css?ln=primefaces&v=4.0 HTTP/1.1" 304 -
181.56.171.197 - - [18/Aug/2023:07:45:40 -0500] "GET /sipse/faces/javax.faces.resource/jquery/jquery.js?ln=primefaces&v=4.0 HTTP/1.1" 304 -
181.56.171.197 - - [18/Aug/2023:07:45:40 -0500] "GET /sipse/faces/javax.faces.resource/jquery/jquery-plugins.js?ln=primefaces&v=4.0 HTTP/1.1" 304 -
181.56.171.197 - - [18/Aug/2023:07:45:40 -0500] "GET /sipse/faces/javax.faces.resource/primefaces.js?ln=primefaces&v=4.0 HTTP/1.1" 304 -
181.56.171.197 - - [18/Aug/2023:07:45:40 -0500] "GET /sipse/faces/javax.faces.resource/layout/layout.js?ln=primefaces&v=4.0 HTTP/1.1" 304 -
181.56.171.197 - - [18/Aug/2023:07:45:40 -0500] "GET /sipse/css/v_mergente.css HTTP/1.1" 200 1505
181.56.171.197 - - [18/Aug/2023:07:45:40 -0500] "GET /sipse/css/imagen/contrasena.png HTTP/1.1" 404 383
181.56.171.197 - - [18/Aug/2023:07:45:40 -0500] "GET /sipse/imagenes/cargando.gif HTTP/1.1" 200 36959
181.56.171.197 - - [18/Aug/2023:07:45:40 -0500] "GET /sipse/imagenes/logoAplicacion.jpg HTTP/1.1" 200 155084
181.56.171.197 - - [18/Aug/2023:07:45:42 -0500] "GET /sipse/faces/javax.faces.resource/images/ui-bg_flat_0_2d5972_40x100.png?ln=primefaces-aristo HTTP/1.1" 200 183
181.56.171.197 - - [18/Aug/2023:07:45:42 -0500] "POST /sipse/faces/bienvenido.xhtml HTTP/1.1" 200 2658
181.56.171.197 - - [18/Aug/2023:07:45:43 -0500] "POST /sipse/faces/bienvenido.xhtml HTTP/1.1" 200 64149
181.56.171.197 - - [18/Aug/2023:07:45:44 -0500] "GET /sipse/faces/javax.faces.resource/theme.css?ln=primefaces-sipse HTTP/1.1" 304 -
181.56.171.197 - - [18/Aug/2023:07:45:44 -0500] "GET /sipse/faces/javax.faces.resource/primefaces.css?ln=primefaces&v=4.0 HTTP/1.1" 304 -
181.56.171.197 - - [18/Aug/2023:07:45:44 -0500] "GET /sipse/faces/javax.faces.resource/layout/layout.css?ln=primefaces&v=4.0 HTTP/1.1" 304 -
181.56.171.197 - - [18/Aug/2023:07:45:44 -0500] "GET /sipse/faces/javax.faces.resource/jquery/jquery.js?ln=primefaces&v=4.0 HTTP/1.1" 304 -
181.56.171.197 - - [18/Aug/2023:07:45:44 -0500] "GET /sipse/faces/javax.faces.resource/jquery/jquery-plugins.js?ln=primefaces&v=4.0 HTTP/1.1" 304 -
181.56.171.197 - - [18/Aug/2023:07:45:44 -0500] "GET /sipse/faces/javax.faces.resource/primefaces.js?ln=primefaces&v=4.0 HTTP/1.1" 304 -
181.56.171.197 - - [18/Aug/2023:07:45:44 -0500] "GET /sipse/faces/javax.faces.resource/layout/layout.js?ln=primefaces&v=4.0 HTTP/1.1" 304 -
181.56.171.197 - - [18/Aug/2023:07:45:44 -0500] "POST /sipse/faces/presentacion/financiero/solicitudProceso/listarSolicitudProceso.xhtml HTTP/1.1" 200 1556
181.56.171.197 - - [18/Aug/2023:07:45:47 -0500] "POST /sipse/faces/presentacion/financiero/solicitudProceso/listarSolicitudProceso.xhtml HTTP/1.1" 200 19513
172.22.2.4 - - [18/Aug/2023:07:44:21 -0500] "HEAD /BLA/boletinlegal/ HTTP/1.1" 200 -
181.56.171.197 - - [18/Aug/2023:07:46:04 -0500] "POST /sipse/faces/presentacion/financiero/solicitudProceso/listarSolicitudProceso.xhtml HTTP/1.1" 200 57535
181.56.171.197 - - [18/Aug/2023:07:46:04 -0500] "POST /sipse/faces/presentacion/financiero/solicitudProceso/listarSolicitudProceso.xhtml HTTP/1.1" 200 57535
181.56.171.197 - - [18/Aug/2023:07:46:05 -0500] "POST /sipse/faces/presentacion/financiero/solicitudProceso/listarSolicitudProceso.xhtml HTTP/1.1" 200 1556
181.56.171.197 - - [18/Aug/2023:07:46:05 -0500] "POST /sipse/faces/presentacion/financiero/solicitudProceso/listarSolicitudProceso.xhtml HTTP/1.1" 200 1560
181.56.171.197 - - [18/Aug/2023:07:46:11 -0500] "POST /sipse/faces/presentacion/financiero/solicitudProceso/listarSolicitudProceso.xhtml HTTP/1.1" 200 17200
181.56.171.197 - - [18/Aug/2023:07:46:12 -0500] "POST /sipse/faces/presentacion/financiero/solicitudProceso/listarSolicitudProceso.xhtml HTTP/1.1" 200 8304
181.56.171.197 - - [18/Aug/2023:07:46:14 -0500] "POST /sipse/faces/presentacion/financiero/solicitudProceso/listarSolicitudProceso.xhtml HTTP/1.1" 200 2677
172.22.2.4 - - [18/Aug/2023:07:46:14 -0500] "GET /BLA/boletinlegal/js/jquery.js HTTP/1.1" 200 57254
172.22.2.4 - - [18/Aug/2023:07:46:14 -0500] "GET /BLA/boletinlegal/js/jquery.scrollTo-min.js HTTP/1.1" 200 1150
172.22.2.4 - - [18/Aug/2023:07:46:14 -0500] "GET /BLA/boletinlegal/js/jquery.scrollShow.js HTTP/1.1" 200 4586
172.22.2.4 - - [18/Aug/2023:07:46:14 -0500] "GET /BLA/boletinlegal/images/arr_l.jpg HTTP/1.1" 200 1979
172.22.2.4 - - [18/Aug/2023:07:46:14 -0500] "GET /BLA/boletinlegal/images/screen_1.png HTTP/1.1" 200 202547
172.22.2.4 - - [18/Aug/2023:07:46:14 -0500] "GET /BLA/boletinlegal/images/launch.jpg HTTP/1.1" 200 14577
172.22.2.4 - - [18/Aug/2023:07:46:16 -0500] "GET /BLA/boletinlegal/actos.php HTTP/1.1" 200 9682
172.22.2.4 - - [18/Aug/2023:07:46:17 -0500] "GET /BLA/boletinlegal/favicon.ico HTTP/1.1" 404 1326
181.56.171.197 - - [18/Aug/2023:07:46:17 -0500] "POST /sipse/faces/presentacion/financiero/solicitudProceso/listarSolicitudProceso.xhtml HTTP/1.1" 200 3733
181.56.171.197 - - [18/Aug/2023:07:46:19 -0500] "POST /sipse/faces/presentacion/financiero/solicitudProceso/listarSolicitudProceso.xhtml HTTP/1.1" 200 40725
181.56.171.197 - - [18/Aug/2023:07:46:19 -0500] "GET /sipse/faces/javax.faces.resource/theme.css?ln=primefaces-sipse HTTP/1.1" 304 -
181.56.171.197 - - [18/Aug/2023:07:46:19 -0500] "GET /sipse/faces/javax.faces.resource/jquery/jquery.js?ln=primefaces&v=4.0 HTTP/1.1" 304 -
181.56.171.197 - - [18/Aug/2023:07:46:19 -0500] "GET /sipse/faces/javax.faces.resource/layout/layout.css?ln=primefaces&v=4.0 HTTP/1.1" 304 -
181.56.171.197 - - [18/Aug/2023:07:46:19 -0500] "GET /sipse/faces/javax.faces.resource/primefaces.css?ln=primefaces&v=4.0 HTTP/1.1" 304 -
181.56.171.197 - - [18/Aug/2023:07:46:19 -0500] "GET /sipse/faces/javax.faces.resource/jquery/jquery-plugins.js?ln=primefaces&v=4.0 HTTP/1.1" 304 -
181.56.171.197 - - [18/Aug/2023:07:46:19 -0500] "GET /sipse/faces/javax.faces.resource/primefaces.js?ln=primefaces&v=4.0 HTTP/1.1" 304 -
181.56.171.197 - - [18/Aug/2023:07:46:19 -0500] "GET /sipse/faces/javax.faces.resource/layout/layout.js?ln=primefaces&v=4.0 HTTP/1.1" 304 -
181.56.171.197 - - [18/Aug/2023:07:46:19 -0500] "POST /sipse/faces/presentacion/financiero/solicitudProceso/consultar.xhtml HTTP/1.1" 200 34137
172.22.2.4 - - [18/Aug/2023:07:46:22 -0500] "GET /BLA/boletinlegal/images/screen_2.png HTTP/1.1" 200 362502
172.22.2.4 - - [18/Aug/2023:07:46:22 -0500] "GET /BLA/boletinlegal/images/screen_3.png HTTP/1.1" 200 210620
172.22.2.4 - - [18/Aug/2023:07:46:22 -0500] "GET /BLA/boletinlegal/images/arr_r.jpg HTTP/1.1" 200 1998
172.22.2.4 - - [18/Aug/2023:07:46:22 -0500] "GET /BLA/boletinlegal/images/screen_5.png HTTP/1.1" 200 368876
181.56.171.197 - - [18/Aug/2023:07:46:24 -0500] "POST /sipse/faces/presentacion/financiero/solicitudProceso/consultar.xhtml HTTP/1.1" 200 12806
172.22.2.4 - - [18/Aug/2023:07:45:11 -0500] "GET /BLA/boletinlegal/ HTTP/1.1" 200 52068
190.24.190.90 - - [18/Aug/2023:07:47:07 -0500] "GET /sipse/faces/javax.faces.resource/images/ui-bg_flat_0_2d5972_40x100.png?ln=primefaces-aristo HTTP/1.1" 304 -
190.24.190.90 - - [18/Aug/2023:07:47:07 -0500] "POST /sipse/faces/presentacion/financiero/solicitudAnulacion/registrarSolicitudAnulacion.xhtml HTTP/1.1" 200 193
190.24.190.90 - - [18/Aug/2023:07:47:07 -0500] "GET /sipse/faces/presentacion/financiero/solicitudAnulacion/consultarSolicitudAnulacion.xhtml HTTP/1.1" 200 45400
190.24.190.90 - - [18/Aug/2023:07:47:07 -0500] "GET /sipse/faces/javax.faces.resource/theme.css?ln=primefaces-sipse HTTP/1.1" 304 -
190.24.190.90 - - [18/Aug/2023:07:47:07 -0500] "GET /sipse/faces/javax.faces.resource/primefaces.css?ln=primefaces&v=4.0 HTTP/1.1" 304 -
190.24.190.90 - - [18/Aug/2023:07:47:07 -0500] "GET /sipse/faces/javax.faces.resource/jquery/jquery.js?ln=primefaces&v=4.0 HTTP/1.1" 304 -
190.24.190.90 - - [18/Aug/2023:07:47:07 -0500] "GET /sipse/faces/javax.faces.resource/layout/layout.css?ln=primefaces&v=4.0 HTTP/1.1" 304 -
190.24.190.90 - - [18/Aug/2023:07:47:07 -0500] "GET /sipse/faces/javax.faces.resource/layout/layout.js?ln=primefaces&v=4.0 HTTP/1.1" 304 -
190.24.190.90 - - [18/Aug/2023:07:47:07 -0500] "GET /sipse/faces/javax.faces.resource/primefaces.js?ln=primefaces&v=4.0 HTTP/1.1" 304 -
190.24.190.90 - - [18/Aug/2023:07:47:07 -0500] "GET /sipse/faces/javax.faces.resource/jquery/jquery-plugins.js?ln=primefaces&v=4.0 HTTP/1.1" 304 -
190.24.190.90 - - [18/Aug/2023:07:47:07 -0500] "GET /sipse/faces/javax.faces.resource/images/ui-icons_898989_256x240.png?ln=primefaces-aristo HTTP/1.1" 304 -
190.24.190.90 - - [18/Aug/2023:07:47:07 -0500] "GET /sipse/faces/javax.faces.resource/images/ui-bg_flat_0_2d5972_40x100.png?ln=primefaces-aristo HTTP/1.1" 304 -
190.24.190.90 - - [18/Aug/2023:07:47:07 -0500] "POST /sipse/faces/presentacion/financiero/solicitudAnulacion/consultarSolicitudAnulacion.xhtml HTTP/1.1" 200 10644
190.24.190.90 - - [18/Aug/2023:07:47:10 -0500] "POST /sipse/faces/presentacion/financiero/solicitudAnulacion/consultarSolicitudAnulacion.xhtml HTTP/1.1" 200 17006
190.24.190.90 - - [18/Aug/2023:07:47:12 -0500] "POST /sipse/faces/presentacion/financiero/solicitudAnulacion/consultarSolicitudAnulacion.xhtml HTTP/1.1" 200 40999
190.24.190.90 - - [18/Aug/2023:07:47:13 -0500] "GET /sipse/faces/javax.faces.resource/fileupload/fileupload.css?ln=primefaces&v=4.0 HTTP/1.1" 304 -
